2026-09-12 05:09:19.401 9 INFO neutron.wsgi [None req-47a10d0a-661a-45c3-9d22-cfe996ea3a79 6d7a6c0f332e49568f995b49d66aaa1b 82ed8b0e619b40d1b675607182c9cd58 - - default default] 10.0.0.203 "GET /v2.0/subnetpools HTTP/1.1" status: 200 len: 193 time: 0.0102611
2026-09-12 05:09:19.450 9 INFO neutron.wsgi [None req-80065fac-b5b1-493e-91e8-7b1756dfb956 6d7a6c0f332e49568f995b49d66aaa1b 82ed8b0e619b40d1b675607182c9cd58 - - default default] 10.0.0.203 "GET /v2.0/networks HTTP/1.1" status: 200 len: 2349 time: 0.0487280
2026-09-12 05:09:19.514 9 INFO neutron.wsgi [None req-73616a00-c336-4946-93b7-47ec8facdb84 6d7a6c0f332e49568f995b49d66aaa1b 82ed8b0e619b40d1b675607182c9cd58 - - default default] 10.0.0.203 "GET /v2.0/security-groups HTTP/1.1" status: 200 len: 16799 time: 0.0610828
2026-09-12 05:09:19.562 9 INFO neutron.wsgi [None req-91aad35a-32fe-43ac-b38a-3f669a8101cf 6d7a6c0f332e49568f995b49d66aaa1b 82ed8b0e619b40d1b675607182c9cd58 - - default default] 10.0.0.203 "GET /v2.0/subnets HTTP/1.1" status: 200 len: 1437 time: 0.0412810
2026-09-12 05:09:19.592 9 INFO neutron.wsgi [None req-4d92b841-853e-4ce2-baa5-82a086711b4d 6d7a6c0f332e49568f995b49d66aaa1b 82ed8b0e619b40d1b675607182c9cd58 - - default default] 10.0.0.203 "GET /v2.0/ports HTTP/1.1" status: 200 len: 5251 time: 0.0283251
2026-09-12 05:09:23.090 10 INFO neutron.wsgi [-] 10.0.0.141 "GET / HTTP/1.1" status: 200 len: 247 time: 0.0025194
2026-09-12 05:09:23.093 9 INFO neutron.wsgi [-] 10.0.0.141 "GET / HTTP/1.1" status: 200 len: 247 time: 0.0053120
2026-09-12 05:09:24.844 9 INFO neutron.wsgi [None req-99dc4d73-467c-4fb4-b6ce-ae4ec1f49dfc 6d7a6c0f332e49568f995b49d66aaa1b 82ed8b0e619b40d1b675607182c9cd58 - - default default] 162.253.55.43,10.0.0.141 "GET /v2.0/networks HTTP/1.1" status: 200 len: 2349 time: 0.1125014
2026-09-12 05:09:25.980 10 INFO neutron.wsgi [None req-e80e800a-ec1e-4510-aab6-d5d05d5bf8ff 6d7a6c0f332e49568f995b49d66aaa1b 82ed8b0e619b40d1b675607182c9cd58 - - default default] 162.253.55.43,10.0.0.141 "GET /v2.0/subnets HTTP/1.1" status: 200 len: 1437 time: 0.1299825
2026-09-12 05:09:26.084 10 INFO neutron.wsgi [None req-b8985e01-19ec-440b-adf1-5745b99c0d94 6d7a6c0f332e49568f995b49d66aaa1b 82ed8b0e619b40d1b675607182c9cd58 - - default default] 162.253.55.43,10.0.0.141 "GET /v2.0/networks HTTP/1.1" status: 200 len: 2349 time: 0.0952671
2026-09-12 05:09:38.091 10 INFO neutron.wsgi [-] 10.0.0.141 "GET / HTTP/1.1" status: 200 len: 247 time: 0.0023248
2026-09-12 05:09:38.091 9 INFO neutron.wsgi [-] 10.0.0.141 "GET / HTTP/1.1" status: 200 len: 247 time: 0.0026145
2026-09-12 05:09:53.090 9 INFO neutron.wsgi [-] 10.0.0.141 "GET / HTTP/1.1" status: 200 len: 247 time: 0.0024612
2026-09-12 05:09:53.090 10 INFO neutron.wsgi [-] 10.0.0.141 "GET / HTTP/1.1" status: 200 len: 247 time: 0.0024641
2026-09-12 05:10:08.091 10 INFO neutron.wsgi [-] 10.0.0.141 "GET / HTTP/1.1" status: 200 len: 247 time: 0.0029175
2026-09-12 05:10:08.094 9 INFO neutron.wsgi [-] 10.0.0.141 "GET / HTTP/1.1" status: 200 len: 247 time: 0.0023813
2026-09-12 05:10:08.649 10 INFO neutron.wsgi [None req-1d3ef423-1638-4e78-ab0c-57724bd81cfe 6d7a6c0f332e49568f995b49d66aaa1b 82ed8b0e619b40d1b675607182c9cd58 - - default default] 162.253.55.43,10.0.0.141 "GET /v2.0/networks HTTP/1.1" status: 200 len: 2349 time: 0.1328752
2026-09-12 05:10:09.569 10 INFO neutron.wsgi [None req-8d5ca521-dbda-4214-adb3-afca9b3b7253 6d7a6c0f332e49568f995b49d66aaa1b 82ed8b0e619b40d1b675607182c9cd58 - - default default] 162.253.55.43,10.0.0.141 "GET /v2.0/subnets HTTP/1.1" status: 200 len: 1437 time: 0.0829654
2026-09-12 05:10:09.647 10 INFO neutron.wsgi [None req-216dda3e-add9-44ec-a0ff-cc04341ea1d1 6d7a6c0f332e49568f995b49d66aaa1b 82ed8b0e619b40d1b675607182c9cd58 - - default default] 162.253.55.43,10.0.0.141 "GET /v2.0/networks HTTP/1.1" status: 200 len: 2349 time: 0.0713403
2026-09-12 05:10:10.826 9 INFO neutron.wsgi [None req-bb21a9f3-2d43-472e-a29d-74a4b08a3a18 6d7a6c0f332e49568f995b49d66aaa1b 82ed8b0e619b40d1b675607182c9cd58 - - default default] 162.253.55.43,10.0.0.141 "GET /v2.0/security-groups?tenant_id=82ed8b0e619b40d1b675607182c9cd58 HTTP/1.1" status: 200 len: 10157 time: 0.1025517
2026-09-12 05:10:12.080 10 INFO neutron.wsgi [None req-08106b39-f3e2-465f-8735-eff08b48761d 6d7a6c0f332e49568f995b49d66aaa1b 82ed8b0e619b40d1b675607182c9cd58 - - default default] 162.253.55.43,10.0.0.141 "GET /v2.0/security-groups?tenant_id=82ed8b0e619b40d1b675607182c9cd58 HTTP/1.1" status: 200 len: 10157 time: 0.1017919
2026-09-12 05:10:13.085 10 INFO neutron.wsgi [None req-ed55051b-3e94-4bd2-ba30-16abb384999b 6d7a6c0f332e49568f995b49d66aaa1b 82ed8b0e619b40d1b675607182c9cd58 - - default default] 162.253.55.43,10.0.0.141 "GET /v2.0/security-groups?tenant_id=82ed8b0e619b40d1b675607182c9cd58 HTTP/1.1" status: 200 len: 10157 time: 0.1546805
2026-09-12 05:10:13.975 9 INFO neutron.wsgi [None req-c49b86e1-5336-46d0-b346-cbab52bba8f0 6d7a6c0f332e49568f995b49d66aaa1b 82ed8b0e619b40d1b675607182c9cd58 - - default default] 162.253.55.43,10.0.0.141 "GET /v2.0/security-groups?tenant_id=82ed8b0e619b40d1b675607182c9cd58 HTTP/1.1" status: 200 len: 10157 time: 0.1038907
2026-09-12 05:10:14.777 10 INFO neutron.wsgi [None req-9fa43e7c-ecb6-43db-b2c3-a78ea0b0749e 6d7a6c0f332e49568f995b49d66aaa1b 82ed8b0e619b40d1b675607182c9cd58 - - default default] 162.253.55.43,10.0.0.141 "GET /v2.0/security-groups?tenant_id=82ed8b0e619b40d1b675607182c9cd58 HTTP/1.1" status: 200 len: 10157 time: 0.0929234
2026-09-12 05:10:15.691 10 INFO neutron.wsgi [None req-72bd52cb-d1db-43b6-b0e1-aeba08fc7f92 6d7a6c0f332e49568f995b49d66aaa1b 82ed8b0e619b40d1b675607182c9cd58 - - default default] 162.253.55.43,10.0.0.141 "GET /v2.0/security-groups?tenant_id=82ed8b0e619b40d1b675607182c9cd58 HTTP/1.1" status: 200 len: 10157 time: 0.1001115
2026-09-12 05:10:16.975 9 INFO neutron.wsgi [None req-54c42a07-3c1c-40a8-beb7-1e0fe4906bf0 6d7a6c0f332e49568f995b49d66aaa1b 82ed8b0e619b40d1b675607182c9cd58 - - default default] 162.253.55.43,10.0.0.141 "GET /v2.0/security-groups HTTP/1.1" status: 200 len: 16799 time: 0.1357524
2026-09-12 05:10:17.026 9 INFO neutron.wsgi [None req-9c336d3b-470b-4005-8bbd-60096b367be4 6d7a6c0f332e49568f995b49d66aaa1b 82ed8b0e619b40d1b675607182c9cd58 - - default default] 162.253.55.43,10.0.0.141 "GET /v2.0/ports HTTP/1.1" status: 200 len: 5251 time: 0.0381658
2026-09-12 05:10:19.294 9 INFO neutron.wsgi [None req-3675bbb1-b294-41d4-b718-b8b0ad4b0483 6d7a6c0f332e49568f995b49d66aaa1b 82ed8b0e619b40d1b675607182c9cd58 - - default default] 10.0.0.203 "GET /v2.0/agents HTTP/1.1" status: 200 len: 997 time: 0.0819387
2026-09-12 05:10:19.329 9 INFO neutron.wsgi [None req-960a4a3d-5ad5-4769-b1bc-15ac0c5ae9c5 6d7a6c0f332e49568f995b49d66aaa1b 82ed8b0e619b40d1b675607182c9cd58 - - default default] 10.0.0.203 "GET /v2.0/subnets HTTP/1.1" status: 200 len: 1437 time: 0.0329409
2026-09-12 05:10:19.341 9 INFO neutron.wsgi [None req-8ec9dc76-10af-4110-b0bf-3be0b9d678a8 6d7a6c0f332e49568f995b49d66aaa1b 82ed8b0e619b40d1b675607182c9cd58 - - default default] 10.0.0.203 "GET /v2.0/subnetpools HTTP/1.1" status: 200 len: 193 time: 0.0112691
2026-09-12 05:10:19.364 9 INFO neutron.wsgi [None req-2b907706-793b-44de-8bf5-dd8c7f3f1ec7 6d7a6c0f332e49568f995b49d66aaa1b 82ed8b0e619b40d1b675607182c9cd58 - - default default] 10.0.0.203 "GET /v2.0/routers HTTP/1.1" status: 200 len: 189 time: 0.0216920
2026-09-12 05:10:19.373 9 INFO neutron.wsgi [None req-21c60663-ce16-40a1-af9f-1c3531aa496b 6d7a6c0f332e49568f995b49d66aaa1b 82ed8b0e619b40d1b675607182c9cd58 - - default default] 10.0.0.203 "GET /v2.0/agents?binary=ovn-controller HTTP/1.1" status: 200 len: 591 time: 0.0087283
2026-09-12 05:10:19.382 9 INFO neutron.wsgi [None req-31a4fc21-ad20-49f9-aeb1-191e8cc6cbc2 6d7a6c0f332e49568f995b49d66aaa1b 82ed8b0e619b40d1b675607182c9cd58 - - default default] 10.0.0.203 "GET /v2.0/network-ip-availabilities HTTP/1.1" status: 200 len: 1280 time: 0.0078485
2026-09-12 05:10:19.412 9 INFO neutron.wsgi [None req-6ff47b6e-eb58-4bfb-b9ba-ad8d3d2010ea 6d7a6c0f332e49568f995b49d66aaa1b 82ed8b0e619b40d1b675607182c9cd58 - - default default] 10.0.0.203 "GET /v2.0/ports HTTP/1.1" status: 200 len: 5251 time: 0.0301976
2026-09-12 05:10:19.440 9 INFO neutron.wsgi [None req-5fd0620d-35e8-4d17-8bcb-8bd630ac4d8f 6d7a6c0f332e49568f995b49d66aaa1b 82ed8b0e619b40d1b675607182c9cd58 - - default default] 10.0.0.203 "GET /v2.0/subnets HTTP/1.1" status: 200 len: 1437 time: 0.0238106
2026-09-12 05:10:19.475 9 INFO neutron.wsgi [None req-db65ca2c-d5ba-4fe0-9958-a3f4a670684f 6d7a6c0f332e49568f995b49d66aaa1b 82ed8b0e619b40d1b675607182c9cd58 - - default default] 10.0.0.203 "GET /v2.0/floatingips HTTP/1.1" status: 200 len: 193 time: 0.0330591
2026-09-12 05:10:19.544 9 INFO neutron.wsgi [None req-8ef6722d-b2fb-46ad-99c5-738e23f3cffd 6d7a6c0f332e49568f995b49d66aaa1b 82ed8b0e619b40d1b675607182c9cd58 - - default default] 10.0.0.203 "GET /v2.0/networks HTTP/1.1" status: 200 len: 2349 time: 0.0679584
2026-09-12 05:10:19.598 9 INFO neutron.wsgi [None req-f6a8e26d-7508-427f-96b8-f3846af761f2 6d7a6c0f332e49568f995b49d66aaa1b 82ed8b0e619b40d1b675607182c9cd58 - - default default] 10.0.0.203 "GET /v2.0/security-groups HTTP/1.1" status: 200 len: 16799 time: 0.0525978
2026-09-12 05:10:23.091 9 INFO neutron.wsgi [-] 10.0.0.141 "GET / HTTP/1.1" status: 200 len: 247 time: 0.0030785
2026-09-12 05:10:23.095 10 INFO neutron.wsgi [-] 10.0.0.141 "GET / HTTP/1.1" status: 200 len: 247 time: 0.0072052
2026-09-12 05:10:23.774 9 INFO neutron.pecan_wsgi.hooks.translation [None req-86df978e-aeff-4721-837c-13b6af83efe1 6d7a6c0f332e49568f995b49d66aaa1b 82ed8b0e619b40d1b675607182c9cd58 - - default default] GET failed (client error): The resource could not be found.
2026-09-12 05:10:23.776 9 INFO neutron.wsgi [None req-86df978e-aeff-4721-837c-13b6af83efe1 6d7a6c0f332e49568f995b49d66aaa1b 82ed8b0e619b40d1b675607182c9cd58 - - default default] 162.253.55.43,10.0.0.141 "GET /v2.0/ports/octavia-health-manager-port-instance HTTP/1.1" status: 404 len: 314 time: 0.0833046
2026-09-12 05:10:23.818 9 INFO neutron.wsgi [None req-13173004-c9ba-4488-8fd9-a5c0b10e1a0f 6d7a6c0f332e49568f995b49d66aaa1b 82ed8b0e619b40d1b675607182c9cd58 - - default default] 162.253.55.43,10.0.0.141 "GET /v2.0/ports?name=octavia-health-manager-port-instance HTTP/1.1" status: 200 len: 1347 time: 0.0363350
2026-09-12 05:10:25.202 9 INFO neutron.wsgi [None req-85858c0b-d2b9-4425-96a3-e9ff5c8e387d 6d7a6c0f332e49568f995b49d66aaa1b 82ed8b0e619b40d1b675607182c9cd58 - - default default] 162.253.55.43,10.0.0.141 "GET /v2.0/ports HTTP/1.1" status: 200 len: 5251 time: 0.1050260
2026-09-12 05:10:26.356 10 INFO neutron.wsgi [None req-bf3f3cef-609f-447e-bf4c-ca5b5a5bda0d 6d7a6c0f332e49568f995b49d66aaa1b 82ed8b0e619b40d1b675607182c9cd58 - - default default] 162.253.55.43,10.0.0.141 "GET /v2.0/security-groups?tenant_id=82ed8b0e619b40d1b675607182c9cd58 HTTP/1.1" status: 200 len: 10157 time: 0.0967965
2026-09-12 05:10:27.373 9 INFO neutron.wsgi [None req-094942dd-dda6-4ae8-847a-88a8dd924164 6d7a6c0f332e49568f995b49d66aaa1b 82ed8b0e619b40d1b675607182c9cd58 - - default default] 162.253.55.43,10.0.0.141 "GET /v2.0/security-groups?tenant_id=82ed8b0e619b40d1b675607182c9cd58 HTTP/1.1" status: 200 len: 10157 time: 0.0770004
2026-09-12 05:10:28.389 9 INFO neutron.wsgi [None req-f823d9ac-c731-4561-816f-6700d741b1df 6d7a6c0f332e49568f995b49d66aaa1b 82ed8b0e619b40d1b675607182c9cd58 - - default default] 162.253.55.43,10.0.0.141 "GET /v2.0/security-groups?tenant_id=82ed8b0e619b40d1b675607182c9cd58 HTTP/1.1" status: 200 len: 10157 time: 0.1537523
2026-09-12 05:10:38.091 10 INFO neutron.wsgi [-] 10.0.0.141 "GET / HTTP/1.1" status: 200 len: 247 time: 0.0026824
2026-09-12 05:10:38.091 9 INFO neutron.wsgi [-] 10.0.0.141 "GET / HTTP/1.1" status: 200 len: 247 time: 0.0030048
2026-09-12 05:10:40.262 9 INFO neutron.wsgi [None req-fcfecf9e-3c07-4018-9e2f-9a781dd200af 6d7a6c0f332e49568f995b49d66aaa1b 82ed8b0e619b40d1b675607182c9cd58 - - default default] 162.253.55.43,10.0.0.141 "GET /v2.0/quotas/82ed8b0e619b40d1b675607182c9cd58 HTTP/1.1" status: 200 len: 361 time: 0.0153062
2026-09-12 05:10:53.090 9 INFO neutron.wsgi [-] 10.0.0.141 "GET / HTTP/1.1" status: 200 len: 247 time: 0.0026629
2026-09-12 05:10:53.090 10 INFO neutron.wsgi [-] 10.0.0.141 "GET / HTTP/1.1" status: 200 len: 247 time: 0.0026994
2026-09-12 05:11:08.088 9 INFO neutron.wsgi [-] 10.0.0.141 "GET / HTTP/1.1" status: 200 len: 247 time: 0.0012224
2026-09-12 05:11:08.090 9 INFO neutron.wsgi [-] 10.0.0.141 "GET / HTTP/1.1" status: 200 len: 247 time: 0.0011492
2026-09-12 05:11:19.271 9 INFO neutron.wsgi [None req-4f2d9e6e-e913-4f53-85bb-f263cef39d1e 6d7a6c0f332e49568f995b49d66aaa1b 82ed8b0e619b40d1b675607182c9cd58 - - default default] 10.0.0.203 "GET /v2.0/subnets HTTP/1.1" status: 200 len: 1437 time: 0.0762053
2026-09-12 05:11:19.369 9 INFO neutron.wsgi [None req-ebe0836b-8994-4848-9821-cd6daf6fc90e 6d7a6c0f332e49568f995b49d66aaa1b 82ed8b0e619b40d1b675607182c9cd58 - - default default] 10.0.0.203 "GET /v2.0/routers HTTP/1.1" status: 200 len: 189 time: 0.0976698
2026-09-12 05:11:19.395 9 INFO neutron.wsgi [None req-fd7fb3d8-2065-40e3-be58-5adbe36394ea 6d7a6c0f332e49568f995b49d66aaa1b 82ed8b0e619b40d1b675607182c9cd58 - - default default] 10.0.0.203 "GET /v2.0/agents?binary=ovn-controller HTTP/1.1" status: 200 len: 591 time: 0.0251927
2026-09-12 05:11:19.408 9 INFO neutron.wsgi [None req-2d998cce-83c9-4558-b665-4040a2ff32e6 6d7a6c0f332e49568f995b49d66aaa1b 82ed8b0e619b40d1b675607182c9cd58 - - default default] 10.0.0.203 "GET /v2.0/agents HTTP/1.1" status: 200 len: 997 time: 0.0107019
2026-09-12 05:11:19.434 9 INFO neutron.wsgi [None req-c443b9fe-2225-4203-9bad-77188593c4ad 6d7a6c0f332e49568f995b49d66aaa1b 82ed8b0e619b40d1b675607182c9cd58 - - default default] 10.0.0.203 "GET /v2.0/subnets HTTP/1.1" status: 200 len: 1437 time: 0.0256476
2026-09-12 05:11:19.445 9 INFO neutron.wsgi [None req-16050bfe-cbfc-439b-a61c-2f7c9c7f39ba 6d7a6c0f332e49568f995b49d66aaa1b 82ed8b0e619b40d1b675607182c9cd58 - - default default] 10.0.0.203 "GET /v2.0/subnetpools HTTP/1.1" status: 200 len: 193 time: 0.0098922
2026-09-12 05:11:19.462 9 INFO neutron.wsgi [None req-24a6aa27-9cb3-47c8-8ee9-cd3c50d3ec01 6d7a6c0f332e49568f995b49d66aaa1b 82ed8b0e619b40d1b675607182c9cd58 - - default default] 10.0.0.203 "GET /v2.0/floatingips HTTP/1.1" status: 200 len: 193 time: 0.0164680
2026-09-12 05:11:19.497 9 INFO neutron.wsgi [None req-b56e74c4-b612-4263-abcc-aea350aa6cff 6d7a6c0f332e49568f995b49d66aaa1b 82ed8b0e619b40d1b675607182c9cd58 - - default default] 10.0.0.203 "GET /v2.0/ports HTTP/1.1" status: 200 len: 5251 time: 0.0334849
2026-09-12 05:11:19.514 9 INFO neutron.wsgi [None req-ab44ca4b-da5c-40cd-bd11-3f928683116e 6d7a6c0f332e49568f995b49d66aaa1b 82ed8b0e619b40d1b675607182c9cd58 - - default default] 10.0.0.203 "GET /v2.0/network-ip-availabilities HTTP/1.1" status: 200 len: 1280 time: 0.0154963
2026-09-12 05:11:19.560 9 INFO neutron.wsgi [None req-2751d1b1-0789-4c57-b9bb-4bbb7ee59b57 6d7a6c0f332e49568f995b49d66aaa1b 82ed8b0e619b40d1b675607182c9cd58 - - default default] 10.0.0.203 "GET /v2.0/networks HTTP/1.1" status: 200 len: 2349 time: 0.0444405
2026-09-12 05:11:19.637 9 INFO neutron.wsgi [None req-6400191d-56bc-40a3-bd34-0704414ff6f0 6d7a6c0f332e49568f995b49d66aaa1b 82ed8b0e619b40d1b675607182c9cd58 - - default default] 10.0.0.203 "GET /v2.0/security-groups HTTP/1.1" status: 200 len: 16799 time: 0.0748782
2026-09-12 05:11:23.090 10 INFO neutron.wsgi [-] 10.0.0.141 "GET / HTTP/1.1" status: 200 len: 247 time: 0.0025635
2026-09-12 05:11:23.094 10 INFO neutron.wsgi [-] 10.0.0.141 "GET / HTTP/1.1" status: 200 len: 247 time: 0.0030413
2026-09-12 05:11:36.816 9 INFO neutron.wsgi [None req-2a36a699-0bdb-43b8-aa59-9f188084f71c 6d7a6c0f332e49568f995b49d66aaa1b 82ed8b0e619b40d1b675607182c9cd58 - - default default] 162.253.55.43,10.0.0.141 "GET /v2.0/security-groups?tenant_id=a0ebd6d97c234365a41f5993b017964b HTTP/1.1" status: 200 len: 6838 time: 0.0980663
2026-09-12 05:11:37.761 9 INFO neutron.wsgi [None req-323d7b16-348d-42a8-8824-c98ebc64e720 6d7a6c0f332e49568f995b49d66aaa1b 82ed8b0e619b40d1b675607182c9cd58 - - default default] 162.253.55.43,10.0.0.141 "GET /v2.0/security-groups?tenant_id=a0ebd6d97c234365a41f5993b017964b HTTP/1.1" status: 200 len: 6838 time: 0.0615022
2026-09-12 05:11:38.091 10 INFO neutron.wsgi [-] 10.0.0.141 "GET / HTTP/1.1" status: 200 len: 247 time: 0.0038013
2026-09-12 05:11:38.095 10 INFO neutron.wsgi [-] 10.0.0.141 "GET / HTTP/1.1" status: 200 len: 247 time: 0.0020819
2026-09-12 05:11:38.731 9 INFO neutron.wsgi [None req-c5cf0d5f-658b-4918-b8eb-69e9f1e1b0b8 6d7a6c0f332e49568f995b49d66aaa1b 82ed8b0e619b40d1b675607182c9cd58 - - default default] 162.253.55.43,10.0.0.141 "GET /v2.0/security-groups?tenant_id=a0ebd6d97c234365a41f5993b017964b HTTP/1.1" status: 200 len: 6838 time: 0.0941591
2026-09-12 05:11:39.700 9 INFO neutron.wsgi [None req-1818ef17-d1bf-4f54-8655-cbe84d8b1d31 6d7a6c0f332e49568f995b49d66aaa1b 82ed8b0e619b40d1b675607182c9cd58 - - default default] 162.253.55.43,10.0.0.141 "GET /v2.0/security-groups?tenant_id=a0ebd6d97c234365a41f5993b017964b HTTP/1.1" status: 200 len: 6838 time: 0.0866127
2026-09-12 05:11:40.721 9 INFO neutron.wsgi [None req-6c3c7d6d-1723-4f17-8367-5b3e35b12398 6d7a6c0f332e49568f995b49d66aaa1b 82ed8b0e619b40d1b675607182c9cd58 - - default default] 162.253.55.43,10.0.0.141 "GET /v2.0/security-groups?tenant_id=a0ebd6d97c234365a41f5993b017964b HTTP/1.1" status: 200 len: 6838 time: 0.1043699
2026-09-12 05:11:48.431 9 INFO neutron.wsgi [None req-8939d5ce-609a-4994-853d-15067a5a4aca 6d7a6c0f332e49568f995b49d66aaa1b 82ed8b0e619b40d1b675607182c9cd58 - - default default] 162.253.55.43,10.0.0.141 "GET /v2.0/quotas/a0ebd6d97c234365a41f5993b017964b HTTP/1.1" status: 200 len: 361 time: 0.0294051
2026-09-12 05:11:53.089 9 INFO neutron.wsgi [-] 10.0.0.141 "GET / HTTP/1.1" status: 200 len: 247 time: 0.0018566
2026-09-12 05:11:53.090 10 INFO neutron.wsgi [-] 10.0.0.141 "GET / HTTP/1.1" status: 200 len: 247 time: 0.0018585
2026-09-12 05:12:08.091 10 INFO neutron.wsgi [-] 10.0.0.141 "GET / HTTP/1.1" status: 200 len: 247 time: 0.0032816
2026-09-12 05:12:08.091 9 INFO neutron.wsgi [-] 10.0.0.141 "GET / HTTP/1.1" status: 200 len: 247 time: 0.0034521
2026-09-12 05:12:19.319 9 INFO neutron.wsgi [None req-65413afa-4c04-438d-8a9c-3090afcd97e3 6d7a6c0f332e49568f995b49d66aaa1b 82ed8b0e619b40d1b675607182c9cd58 - - default default] 10.0.0.203 "GET /v2.0/floatingips HTTP/1.1" status: 200 len: 193 time: 0.0953295
2026-09-12 05:12:19.368 9 INFO neutron.wsgi [None req-0d4e1622-3215-4037-9030-0b5e0b5b974d 6d7a6c0f332e49568f995b49d66aaa1b 82ed8b0e619b40d1b675607182c9cd58 - - default default] 10.0.0.203 "GET /v2.0/networks HTTP/1.1" status: 200 len: 2349 time: 0.0483599
2026-09-12 05:12:19.404 9 INFO neutron.wsgi [None req-7e8dda70-e9c0-4750-84a0-d0a30b1174de 6d7a6c0f332e49568f995b49d66aaa1b 82ed8b0e619b40d1b675607182c9cd58 - - default default] 10.0.0.203 "GET /v2.0/agents HTTP/1.1" status: 200 len: 997 time: 0.0351496
2026-09-12 05:12:19.459 9 INFO neutron.wsgi [None req-0f3b2ff8-a02d-4a82-b254-1e57d25b13c8 6d7a6c0f332e49568f995b49d66aaa1b 82ed8b0e619b40d1b675607182c9cd58 - - default default] 10.0.0.203 "GET /v2.0/security-groups HTTP/1.1" status: 200 len: 16799 time: 0.0533304
2026-09-12 05:12:19.488 9 INFO neutron.wsgi [None req-d45d0541-b776-40c9-acd4-2a0850b65567 6d7a6c0f332e49568f995b49d66aaa1b 82ed8b0e619b40d1b675607182c9cd58 - - default default] 10.0.0.203 "GET /v2.0/subnets HTTP/1.1" status: 200 len: 1437 time: 0.0236137
2026-09-12 05:12:19.511 9 INFO neutron.wsgi [None req-8132fec6-c817-4c21-89a0-7b61a8e73776 6d7a6c0f332e49568f995b49d66aaa1b 82ed8b0e619b40d1b675607182c9cd58 - - default default] 10.0.0.203 "GET /v2.0/routers HTTP/1.1" status: 200 len: 189 time: 0.0206790
2026-09-12 05:12:19.519 9 INFO neutron.wsgi [None req-c2aa24d5-2186-49d4-816c-36a16d8cd0cd 6d7a6c0f332e49568f995b49d66aaa1b 82ed8b0e619b40d1b675607182c9cd58 - - default default] 10.0.0.203 "GET /v2.0/agents?binary=ovn-controller HTTP/1.1" status: 200 len: 591 time: 0.0081019
2026-09-12 05:12:19.530 9 INFO neutron.wsgi [None req-33ab3d68-7470-41cf-aada-e9cf2957ac75 6d7a6c0f332e49568f995b49d66aaa1b 82ed8b0e619b40d1b675607182c9cd58 - - default default] 10.0.0.203 "GET /v2.0/network-ip-availabilities HTTP/1.1" status: 200 len: 1280 time: 0.0084391
2026-09-12 05:12:19.559 9 INFO neutron.wsgi [None req-dc355043-f316-42a1-85bf-9e9eb158d5cc 6d7a6c0f332e49568f995b49d66aaa1b 82ed8b0e619b40d1b675607182c9cd58 - - default default] 10.0.0.203 "GET /v2.0/ports HTTP/1.1" status: 200 len: 5251 time: 0.0286140
2026-09-12 05:12:19.590 9 INFO neutron.wsgi [None req-bd8af8e2-69e8-49d0-9d17-a866866561a6 6d7a6c0f332e49568f995b49d66aaa1b 82ed8b0e619b40d1b675607182c9cd58 - - default default] 10.0.0.203 "GET /v2.0/subnets HTTP/1.1" status: 200 len: 1437 time: 0.0266986
2026-09-12 05:12:19.599 9 INFO neutron.wsgi [None req-61e01b79-bb18-4591-9f3f-3f7f027d461d 6d7a6c0f332e49568f995b49d66aaa1b 82ed8b0e619b40d1b675607182c9cd58 - - default default] 10.0.0.203 "GET /v2.0/subnetpools HTTP/1.1" status: 200 len: 193 time: 0.0085649
2026-09-12 05:12:23.089 10 INFO neutron.wsgi [-] 10.0.0.141 "GET / HTTP/1.1" status: 200 len: 247 time: 0.0018008
2026-09-12 05:12:23.091 9 INFO neutron.wsgi [-] 10.0.0.141 "GET / HTTP/1.1" status: 200 len: 247 time: 0.0032883
2026-09-12 05:12:38.093 10 INFO neutron.wsgi [-] 10.0.0.141 "GET / HTTP/1.1" status: 200 len: 247 time: 0.0054367
2026-09-12 05:12:38.096 10 INFO neutron.wsgi [-] 10.0.0.141 "GET / HTTP/1.1" status: 200 len: 247 time: 0.0017374
2026-09-12 05:12:45.803 10 INFO neutron.wsgi [None req-164fa93a-8d79-4284-8d12-83a5bed9b34a 6d7a6c0f332e49568f995b49d66aaa1b 82ed8b0e619b40d1b675607182c9cd58 - - default default] 162.253.55.43,10.0.0.141 "GET /v2.0/networks HTTP/1.1" status: 200 len: 2349 time: 0.1419926
2026-09-12 05:12:53.089 10 INFO neutron.wsgi [-] 10.0.0.141 "GET / HTTP/1.1" status: 200 len: 247 time: 0.0016489
2026-09-12 05:12:53.089 9 INFO neutron.wsgi [-] 10.0.0.141 "GET / HTTP/1.1" status: 200 len: 247 time: 0.0015378
2026-09-12 05:13:08.090 10 INFO neutron.wsgi [-] 10.0.0.141 "GET / HTTP/1.1" status: 200 len: 247 time: 0.0026193
2026-09-12 05:13:08.095 10 INFO neutron.wsgi [-] 10.0.0.141 "GET / HTTP/1.1" status: 200 len: 247 time: 0.0032840
2026-09-12 05:13:19.370 9 INFO neutron.wsgi [None req-5df78c00-9b37-4238-811e-bea4e588fef3 6d7a6c0f332e49568f995b49d66aaa1b 82ed8b0e619b40d1b675607182c9cd58 - - default default] 10.0.0.203 "GET /v2.0/floatingips HTTP/1.1" status: 200 len: 193 time: 0.1626325
2026-09-12 05:13:19.392 9 INFO neutron.wsgi [None req-e13bc30c-e817-47b0-aa16-cf8ad9bcbcb4 6d7a6c0f332e49568f995b49d66aaa1b 82ed8b0e619b40d1b675607182c9cd58 - - default default] 10.0.0.203 "GET /v2.0/subnets HTTP/1.1" status: 200 len: 1437 time: 0.0216336
2026-09-12 05:13:19.437 9 INFO neutron.wsgi [None req-f72a826a-6d03-4604-9b02-763c60fd999d 6d7a6c0f332e49568f995b49d66aaa1b 82ed8b0e619b40d1b675607182c9cd58 - - default default] 10.0.0.203 "GET /v2.0/agents HTTP/1.1" status: 200 len: 997 time: 0.0444124
2026-09-12 05:13:19.476 9 INFO neutron.wsgi [None req-bd70f3e5-b2b5-42db-8ea7-f01145a5d68c 6d7a6c0f332e49568f995b49d66aaa1b 82ed8b0e619b40d1b675607182c9cd58 - - default default] 10.0.0.203 "GET /v2.0/routers HTTP/1.1" status: 200 len: 189 time: 0.0379210
2026-09-12 05:13:19.489 9 INFO neutron.wsgi [None req-b1802dcb-8c6e-4691-ac7c-fd2affa97fee 6d7a6c0f332e49568f995b49d66aaa1b 82ed8b0e619b40d1b675607182c9cd58 - - default default] 10.0.0.203 "GET /v2.0/agents?binary=ovn-controller HTTP/1.1" status: 200 len: 591 time: 0.0119486
2026-09-12 05:13:19.500 9 INFO neutron.wsgi [None req-669c8bf8-f6b9-487d-bb4e-3c67e4e3bf2c 6d7a6c0f332e49568f995b49d66aaa1b 82ed8b0e619b40d1b675607182c9cd58 - - default default] 10.0.0.203 "GET /v2.0/network-ip-availabilities HTTP/1.1" status: 200 len: 1280 time: 0.0102196
2026-09-12 05:13:19.553 9 INFO neutron.wsgi [None req-b333961e-301e-4a03-9a34-437024ba4e67 6d7a6c0f332e49568f995b49d66aaa1b 82ed8b0e619b40d1b675607182c9cd58 - - default default] 10.0.0.203 "GET /v2.0/networks HTTP/1.1" status: 200 len: 2349 time: 0.0515239
2026-09-12 05:13:19.579 9 INFO neutron.wsgi [None req-0bd61774-8420-4924-999c-e8188a6fd331 6d7a6c0f332e49568f995b49d66aaa1b 82ed8b0e619b40d1b675607182c9cd58 - - default default] 10.0.0.203 "GET /v2.0/ports HTTP/1.1" status: 200 len: 5251 time: 0.0240502
2026-09-12 05:13:19.631 9 INFO neutron.wsgi [None req-d758b391-8fe4-4cb3-b2a2-a77260a22d76 6d7a6c0f332e49568f995b49d66aaa1b 82ed8b0e619b40d1b675607182c9cd58 - - default default] 10.0.0.203 "GET /v2.0/security-groups HTTP/1.1" status: 200 len: 16799 time: 0.0463800
2026-09-12 05:13:19.658 9 INFO neutron.wsgi [None req-354ee237-5635-483e-bbcb-6bf591f83153 6d7a6c0f332e49568f995b49d66aaa1b 82ed8b0e619b40d1b675607182c9cd58 - - default default] 10.0.0.203 "GET /v2.0/subnets HTTP/1.1" status: 200 len: 1437 time: 0.0203457
2026-09-12 05:13:19.667 9 INFO neutron.wsgi [None req-30d0ca75-a410-4306-83eb-ceaa555651fe 6d7a6c0f332e49568f995b49d66aaa1b 82ed8b0e619b40d1b675607182c9cd58 - - default default] 10.0.0.203 "GET /v2.0/subnetpools HTTP/1.1" status: 200 len: 193 time: 0.0084224
2026-09-12 05:13:23.093 9 INFO neutron.wsgi [-] 10.0.0.141 "GET / HTTP/1.1" status: 200 len: 247 time: 0.0047047
2026-09-12 05:13:23.094 10 INFO neutron.wsgi [-] 10.0.0.141 "GET / HTTP/1.1" status: 200 len: 247 time: 0.0056670
2026-09-12 05:13:27.275 10 INFO neutron.wsgi [None req-b2c60d06-e908-4e1c-9b74-ff59a0e2a9eb 6d7a6c0f332e49568f995b49d66aaa1b 82ed8b0e619b40d1b675607182c9cd58 - - default default] 10.0.0.140 "GET /v2.0/networks HTTP/1.1" status: 200 len: 2368 time: 0.0974460
2026-09-12 05:13:28.545 9 INFO neutron.wsgi [None req-604ec218-bb69-4060-b75c-5f7a05a28959 6d7a6c0f332e49568f995b49d66aaa1b 82ed8b0e619b40d1b675607182c9cd58 - - default default] 10.0.0.140 "GET /v2.0/floatingips HTTP/1.1" status: 200 len: 212 time: 0.0373528
2026-09-12 05:13:28.588 9 INFO neutron.wsgi [None req-7b6fc892-fde5-49e6-bda3-e2203cfe7665 6d7a6c0f332e49568f995b49d66aaa1b 82ed8b0e619b40d1b675607182c9cd58 - - default default] 10.0.0.140 "GET /v2.0/routers HTTP/1.1" status: 200 len: 208 time: 0.0340941
2026-09-12 05:13:28.624 9 INFO neutron.wsgi [None req-71709383-ed6b-4cb5-951d-005721d33e98 6d7a6c0f332e49568f995b49d66aaa1b 82ed8b0e619b40d1b675607182c9cd58 - - default default] 10.0.0.140 "GET /v2.0/ports HTTP/1.1" status: 200 len: 5270 time: 0.0310729
2026-09-12 05:13:28.667 9 INFO neutron.wsgi [None req-0d3bd247-f55e-4f90-8e88-ad271c74cd4f 6d7a6c0f332e49568f995b49d66aaa1b 82ed8b0e619b40d1b675607182c9cd58 - - default default] 10.0.0.140 "GET /v2.0/subnets HTTP/1.1" status: 200 len: 1456 time: 0.0355639
2026-09-12 05:13:28.736 9 INFO neutron.wsgi [None req-77db797f-6b77-46b6-a5e8-81c87355e20f 6d7a6c0f332e49568f995b49d66aaa1b 82ed8b0e619b40d1b675607182c9cd58 - - default default] 10.0.0.140 "GET /v2.0/networks HTTP/1.1" status: 200 len: 2368 time: 0.0628049
2026-09-12 05:13:28.795 9 INFO neutron.wsgi [None req-46b3f28f-b15c-48ca-b0e1-44c16744c9cd 6d7a6c0f332e49568f995b49d66aaa1b 82ed8b0e619b40d1b675607182c9cd58 - - default default] 10.0.0.140 "GET /v2.0/security-groups HTTP/1.1" status: 200 len: 16818 time: 0.0528753
2026-09-12 05:13:28.810 9 INFO neutron.wsgi [None req-25b5c9d3-75d7-4e1a-bea5-07eb3742ec39 6d7a6c0f332e49568f995b49d66aaa1b 82ed8b0e619b40d1b675607182c9cd58 - - default default] 10.0.0.140 "GET /v2.0/subnetpools HTTP/1.1" status: 200 len: 212 time: 0.0100045
2026-09-12 05:13:38.089 10 INFO neutron.wsgi [-] 10.0.0.141 "GET / HTTP/1.1" status: 200 len: 247 time: 0.0018103
2026-09-12 05:13:38.093 10 INFO neutron.wsgi [-] 10.0.0.141 "GET / HTTP/1.1" status: 200 len: 247 time: 0.0028474
2026-09-12 05:13:39.785 10 INFO neutron.db.ovn_revision_numbers_db [None req-0b720fdf-e251-4100-8bc8-94d0d88eddbf 6d7a6c0f332e49568f995b49d66aaa1b 82ed8b0e619b40d1b675607182c9cd58 - - - -] Successfully bumped revision number for resource 0af3bdc6-edfe-4e5e-a1b3-370953035d82 (type: security_groups) to 1
2026-09-12 05:13:39.816 10 INFO neutron.db.ovn_revision_numbers_db [None req-fe4abc42-8da9-493c-912e-d5cd7387c584 6d7a6c0f332e49568f995b49d66aaa1b 82ed8b0e619b40d1b675607182c9cd58 - - - -] Successfully bumped revision number for resource 927ce37b-6973-40ad-93f0-2ee7bea45a60 (type: security_groups) to 1
2026-09-12 05:13:39.854 10 INFO neutron.db.segments_db [None req-0b720fdf-e251-4100-8bc8-94d0d88eddbf 6d7a6c0f332e49568f995b49d66aaa1b 82ed8b0e619b40d1b675607182c9cd58 - - - -] Added segment a9a7f365-7299-4a34-9af5-be51b71fe67d of type geneve for network 49a5ab10-0a90-4d89-9633-d9c11e118a4b
2026-09-12 05:13:39.881 10 INFO neutron.db.segments_db [None req-fe4abc42-8da9-493c-912e-d5cd7387c584 6d7a6c0f332e49568f995b49d66aaa1b 82ed8b0e619b40d1b675607182c9cd58 - - - -] Added segment 6bb87799-8eeb-416c-a1ad-d1fe8075a1c4 of type geneve for network 7f8cdc74-909a-40b6-8537-50dc7b425e0f
2026-09-12 05:13:40.009 10 INFO neutron.db.ovn_revision_numbers_db [None req-0b720fdf-e251-4100-8bc8-94d0d88eddbf 6d7a6c0f332e49568f995b49d66aaa1b 82ed8b0e619b40d1b675607182c9cd58 - - - -] Successfully bumped revision number for resource 49a5ab10-0a90-4d89-9633-d9c11e118a4b (type: networks) to 1
2026-09-12 05:13:40.058 10 INFO neutron.db.ovn_revision_numbers_db [None req-fe4abc42-8da9-493c-912e-d5cd7387c584 6d7a6c0f332e49568f995b49d66aaa1b 82ed8b0e619b40d1b675607182c9cd58 - - - -] Successfully bumped revision number for resource 7f8cdc74-909a-40b6-8537-50dc7b425e0f (type: networks) to 1
2026-09-12 05:13:40.271 10 WARNING neutron.scheduler.dhcp_agent_scheduler [None req-0b720fdf-e251-4100-8bc8-94d0d88eddbf 6d7a6c0f332e49568f995b49d66aaa1b 82ed8b0e619b40d1b675607182c9cd58 - - - -] No more DHCP agents
2026-09-12 05:13:40.272 10 WARNING neutron.api.rpc.agentnotifiers.dhcp_rpc_agent_api [None req-0b720fdf-e251-4100-8bc8-94d0d88eddbf 6d7a6c0f332e49568f995b49d66aaa1b 82ed8b0e619b40d1b675607182c9cd58 - - - -] Unable to schedule network 49a5ab10-0a90-4d89-9633-d9c11e118a4b: no agents available; will retry on subsequent port and subnet creation events.
2026-09-12 05:13:40.273 10 WARNING neutron.scheduler.dhcp_agent_scheduler [None req-fe4abc42-8da9-493c-912e-d5cd7387c584 6d7a6c0f332e49568f995b49d66aaa1b 82ed8b0e619b40d1b675607182c9cd58 - - - -] No more DHCP agents
2026-09-12 05:13:40.287 10 WARNING neutron.api.rpc.agentnotifiers.dhcp_rpc_agent_api [None req-fe4abc42-8da9-493c-912e-d5cd7387c584 6d7a6c0f332e49568f995b49d66aaa1b 82ed8b0e619b40d1b675607182c9cd58 - - - -] Unable to schedule network 7f8cdc74-909a-40b6-8537-50dc7b425e0f: no agents available; will retry on subsequent port and subnet creation events.
2026-09-12 05:13:40.381 10 INFO neutron.db.ovn_revision_numbers_db [None req-0b720fdf-e251-4100-8bc8-94d0d88eddbf 6d7a6c0f332e49568f995b49d66aaa1b 82ed8b0e619b40d1b675607182c9cd58 - - - -] Successfully bumped revision number for resource b8c9287d-8663-4ce3-b503-21abdc19e117 (type: ports) to 1
2026-09-12 05:13:40.383 10 INFO neutron.db.ovn_revision_numbers_db [None req-fe4abc42-8da9-493c-912e-d5cd7387c584 6d7a6c0f332e49568f995b49d66aaa1b 82ed8b0e619b40d1b675607182c9cd58 - - - -] Successfully bumped revision number for resource 51abe8ed-7e49-460f-a06d-2d7245915383 (type: ports) to 1
2026-09-12 05:13:40.400 10 INFO neutron.wsgi [None req-0b720fdf-e251-4100-8bc8-94d0d88eddbf 6d7a6c0f332e49568f995b49d66aaa1b 82ed8b0e619b40d1b675607182c9cd58 - - - -] 10.0.0.140 "POST /v2.0/networks HTTP/1.1" status: 201 len: 939 time: 0.9159863
2026-09-12 05:13:40.406 10 INFO neutron.wsgi [None req-fe4abc42-8da9-493c-912e-d5cd7387c584 6d7a6c0f332e49568f995b49d66aaa1b 82ed8b0e619b40d1b675607182c9cd58 - - - -] 10.0.0.140 "POST /v2.0/networks HTTP/1.1" status: 201 len: 951 time: 0.8358710
2026-09-12 05:13:40.587 10 WARNING neutron.scheduler.dhcp_agent_scheduler [None req-cce58049-90de-47fd-801e-e192a9df4758 6d7a6c0f332e49568f995b49d66aaa1b 82ed8b0e619b40d1b675607182c9cd58 - - - -] No more DHCP agents
2026-09-12 05:13:40.589 9 WARNING neutron.scheduler.dhcp_agent_scheduler [None req-d6d360ed-d931-469e-8558-14580bf8457a 6d7a6c0f332e49568f995b49d66aaa1b 82ed8b0e619b40d1b675607182c9cd58 - - - -] No more DHCP agents
2026-09-12 05:13:40.589 10 WARNING neutron.api.rpc.agentnotifiers.dhcp_rpc_agent_api [None req-cce58049-90de-47fd-801e-e192a9df4758 6d7a6c0f332e49568f995b49d66aaa1b 82ed8b0e619b40d1b675607182c9cd58 - - - -] Unable to schedule network 7f8cdc74-909a-40b6-8537-50dc7b425e0f: no agents available; will retry on subsequent port and subnet creation events.
2026-09-12 05:13:40.592 9 WARNING neutron.api.rpc.agentnotifiers.dhcp_rpc_agent_api [None req-d6d360ed-d931-469e-8558-14580bf8457a 6d7a6c0f332e49568f995b49d66aaa1b 82ed8b0e619b40d1b675607182c9cd58 - - - -] Unable to schedule network 49a5ab10-0a90-4d89-9633-d9c11e118a4b: no agents available; will retry on subsequent port and subnet creation events.
2026-09-12 05:13:40.764 9 INFO neutron.db.ovn_revision_numbers_db [None req-1cf9105e-7515-46fc-b596-912d478de6f0 6d7a6c0f332e49568f995b49d66aaa1b 82ed8b0e619b40d1b675607182c9cd58 - - default default] Successfully bumped revision number for resource f151752c-e396-4ab9-8af4-b3f9fc004964 (type: security_groups) to 1
2026-09-12 05:13:40.801 9 INFO neutron.wsgi [None req-1cf9105e-7515-46fc-b596-912d478de6f0 6d7a6c0f332e49568f995b49d66aaa1b 82ed8b0e619b40d1b675607182c9cd58 - - default default] 10.0.0.140 "GET /v2.0/security-groups?tenant_id=7c4e8c9b595c4c108a9c374830f7a3b2&name=default HTTP/1.1" status: 200 len: 2992 time: 0.3216014
2026-09-12 05:13:41.182 10 INFO neutron.db.ovn_revision_numbers_db [None req-cce58049-90de-47fd-801e-e192a9df4758 6d7a6c0f332e49568f995b49d66aaa1b 82ed8b0e619b40d1b675607182c9cd58 - - - -] Successfully bumped revision number for resource 51abe8ed-7e49-460f-a06d-2d7245915383 (type: ports) to 2
2026-09-12 05:13:41.194 10 INFO neutron.db.ovn_revision_numbers_db [None req-cce58049-90de-47fd-801e-e192a9df4758 6d7a6c0f332e49568f995b49d66aaa1b 82ed8b0e619b40d1b675607182c9cd58 - - - -] Successfully bumped revision number for resource 01f511ea-6ff1-4683-bef3-789fd8cceb44 (type: subnets) to 0
2026-09-12 05:13:41.207 10 INFO neutron.wsgi [None req-cce58049-90de-47fd-801e-e192a9df4758 6d7a6c0f332e49568f995b49d66aaa1b 82ed8b0e619b40d1b675607182c9cd58 - - - -] 10.0.0.140 "POST /v2.0/subnets HTTP/1.1" status: 201 len: 871 time: 0.7967558
2026-09-12 05:13:41.247 9 INFO neutron.db.ovn_revision_numbers_db [None req-d6d360ed-d931-469e-8558-14580bf8457a 6d7a6c0f332e49568f995b49d66aaa1b 82ed8b0e619b40d1b675607182c9cd58 - - - -] Successfully bumped revision number for resource b8c9287d-8663-4ce3-b503-21abdc19e117 (type: ports) to 2
2026-09-12 05:13:41.260 9 INFO neutron.db.ovn_revision_numbers_db [None req-d6d360ed-d931-469e-8558-14580bf8457a 6d7a6c0f332e49568f995b49d66aaa1b 82ed8b0e619b40d1b675607182c9cd58 - - - -] Successfully bumped revision number for resource 85213418-4d30-4f85-bbbd-8844f8ffe106 (type: subnets) to 0
2026-09-12 05:13:41.274 9 INFO neutron.wsgi [None req-d6d360ed-d931-469e-8558-14580bf8457a 6d7a6c0f332e49568f995b49d66aaa1b 82ed8b0e619b40d1b675607182c9cd58 - - - -] 10.0.0.140 "POST /v2.0/subnets HTTP/1.1" status: 201 len: 859 time: 0.8681147
2026-09-12 05:13:41.293 9 INFO neutron.wsgi [None req-083af405-1a30-49cc-91cd-da1241f79e22 6d7a6c0f332e49568f995b49d66aaa1b 82ed8b0e619b40d1b675607182c9cd58 - - - -] 10.0.0.140 "DELETE /v2.0/security-groups/f151752c-e396-4ab9-8af4-b3f9fc004964 HTTP/1.1" status: 204 len: 168 time: 0.4859996
2026-09-12 05:13:41.763 9 WARNING neutron.scheduler.dhcp_agent_scheduler [None req-d136b64b-d152-4ff0-8db1-c817b46d338b 6d7a6c0f332e49568f995b49d66aaa1b 82ed8b0e619b40d1b675607182c9cd58 - - - -] No more DHCP agents
2026-09-12 05:13:41.766 9 WARNING neutron.api.rpc.agentnotifiers.dhcp_rpc_agent_api [None req-d136b64b-d152-4ff0-8db1-c817b46d338b 6d7a6c0f332e49568f995b49d66aaa1b 82ed8b0e619b40d1b675607182c9cd58 - - - -] Unable to schedule network f4c1c2ff-ed9f-4bf4-9a30-87877b7ba6f7: no agents available; will retry on subsequent port and subnet creation events.
2026-09-12 05:13:41.857 9 INFO neutron.db.ovn_revision_numbers_db [None req-d136b64b-d152-4ff0-8db1-c817b46d338b 6d7a6c0f332e49568f995b49d66aaa1b 82ed8b0e619b40d1b675607182c9cd58 - - - -] Successfully bumped revision number for resource 5530d3a8-f3db-470b-842d-0f7150cafe0b (type: ports) to 1
2026-09-12 05:13:41.923 10 WARNING neutron.scheduler.dhcp_agent_scheduler [None req-31cfcb94-5b68-4ff4-8e1b-e24635ef4e51 6d7a6c0f332e49568f995b49d66aaa1b 82ed8b0e619b40d1b675607182c9cd58 - - - -] No more DHCP agents
2026-09-12 05:13:41.925 10 WARNING neutron.api.rpc.agentnotifiers.dhcp_rpc_agent_api [None req-31cfcb94-5b68-4ff4-8e1b-e24635ef4e51 6d7a6c0f332e49568f995b49d66aaa1b 82ed8b0e619b40d1b675607182c9cd58 - - - -] Unable to schedule network f4c1c2ff-ed9f-4bf4-9a30-87877b7ba6f7: no agents available; will retry on subsequent port and subnet creation events.
2026-09-12 05:13:42.025 10 INFO neutron.db.ovn_revision_numbers_db [None req-31cfcb94-5b68-4ff4-8e1b-e24635ef4e51 6d7a6c0f332e49568f995b49d66aaa1b 82ed8b0e619b40d1b675607182c9cd58 - - - -] Successfully bumped revision number for resource 4ec62d23-52c2-4a86-b60f-e0cfae9b9886 (type: ports) to 1
2026-09-12 05:13:42.311 10 INFO neutron.plugins.ml2.drivers.ovn.mech_driver.ovsdb.extensions.qos [None req-31cfcb94-5b68-4ff4-8e1b-e24635ef4e51 6d7a6c0f332e49568f995b49d66aaa1b 82ed8b0e619b40d1b675607182c9cd58 - - - -] Starting OVNClientQosExtension
2026-09-12 05:13:42.320 9 INFO neutron.plugins.ml2.drivers.ovn.mech_driver.ovsdb.extensions.qos [None req-d136b64b-d152-4ff0-8db1-c817b46d338b 6d7a6c0f332e49568f995b49d66aaa1b 82ed8b0e619b40d1b675607182c9cd58 - - - -] Starting OVNClientQosExtension
2026-09-12 05:13:42.592 9 INFO neutron.plugins.ml2.drivers.ovn.mech_driver.mech_driver [None req-aa7ef198-caa7-48af-8bdd-15a59311dcc8 - - - - - -] OVN reports status up for port: 4ec62d23-52c2-4a86-b60f-e0cfae9b9886
2026-09-12 05:13:42.611 10 INFO neutron.db.ovn_revision_numbers_db [None req-31cfcb94-5b68-4ff4-8e1b-e24635ef4e51 6d7a6c0f332e49568f995b49d66aaa1b 82ed8b0e619b40d1b675607182c9cd58 - - - -] Successfully bumped revision number for resource 4ec62d23-52c2-4a86-b60f-e0cfae9b9886 (type: router_ports) to 1
2026-09-12 05:13:42.626 9 INFO neutron.plugins.ml2.drivers.ovn.mech_driver.ovsdb.ovsdb_monitor [-] Router 59b321de-5050-4827-ae89-fd33ed21abbe is bound to host instance
2026-09-12 05:13:42.675 9 INFO neutron.plugins.ml2.plugin [None req-aa7ef198-caa7-48af-8bdd-15a59311dcc8 - - - - - -] Attempt 1 to provision port 4ec62d23-52c2-4a86-b60f-e0cfae9b9886
2026-09-12 05:13:42.702 10 INFO neutron.db.ovn_revision_numbers_db [None req-31cfcb94-5b68-4ff4-8e1b-e24635ef4e51 6d7a6c0f332e49568f995b49d66aaa1b 82ed8b0e619b40d1b675607182c9cd58 - - - -] Successfully bumped revision number for resource 59b321de-5050-4827-ae89-fd33ed21abbe (type: routers) to 3
2026-09-12 05:13:42.711 9 INFO neutron.db.ovn_revision_numbers_db [None req-d136b64b-d152-4ff0-8db1-c817b46d338b 6d7a6c0f332e49568f995b49d66aaa1b 82ed8b0e619b40d1b675607182c9cd58 - - - -] Successfully bumped revision number for resource 5530d3a8-f3db-470b-842d-0f7150cafe0b (type: router_ports) to 1
2026-09-12 05:13:42.716 10 INFO neutron.wsgi [None req-31cfcb94-5b68-4ff4-8e1b-e24635ef4e51 6d7a6c0f332e49568f995b49d66aaa1b 82ed8b0e619b40d1b675607182c9cd58 - - - -] 10.0.0.140 "POST /v2.0/routers HTTP/1.1" status: 201 len: 882 time: 1.5063872
2026-09-12 05:13:42.773 10 INFO neutron.db.ovn_revision_numbers_db [None req-e363a58d-b65d-4ee9-afb4-ef075cbf7fc2 6d7a6c0f332e49568f995b49d66aaa1b 82ed8b0e619b40d1b675607182c9cd58 - - default default] Successfully bumped revision number for resource 022ebe69-f36b-4bcc-bc36-6a5222f67255 (type: security_groups) to 1
2026-09-12 05:13:42.803 10 INFO neutron.wsgi [None req-e363a58d-b65d-4ee9-afb4-ef075cbf7fc2 6d7a6c0f332e49568f995b49d66aaa1b 82ed8b0e619b40d1b675607182c9cd58 - - default default] 10.0.0.140 "GET /v2.0/security-groups?tenant_id=b78bbfea6c3547099047ecf60136010c&name=default HTTP/1.1" status: 200 len: 2992 time: 0.3809111
2026-09-12 05:13:42.831 9 INFO neutron.db.ovn_revision_numbers_db [None req-d136b64b-d152-4ff0-8db1-c817b46d338b 6d7a6c0f332e49568f995b49d66aaa1b 82ed8b0e619b40d1b675607182c9cd58 - - - -] Successfully bumped revision number for resource ef5b5bdc-490a-4934-8435-5ee289831522 (type: routers) to 3
2026-09-12 05:13:42.851 9 INFO neutron.wsgi [None req-d136b64b-d152-4ff0-8db1-c817b46d338b 6d7a6c0f332e49568f995b49d66aaa1b 82ed8b0e619b40d1b675607182c9cd58 - - - -] 10.0.0.140 "POST /v2.0/routers HTTP/1.1" status: 201 len: 870 time: 1.5699813
2026-09-12 05:13:43.171 10 INFO neutron.wsgi [None req-7f4bcc78-dc28-448a-bfa4-97941641db0b 6d7a6c0f332e49568f995b49d66aaa1b 82ed8b0e619b40d1b675607182c9cd58 - - - -] 10.0.0.140 "DELETE /v2.0/security-groups/022ebe69-f36b-4bcc-bc36-6a5222f67255 HTTP/1.1" status: 204 len: 168 time: 0.3620980
2026-09-12 05:13:43.294 10 WARNING neutron.scheduler.dhcp_agent_scheduler [None req-3451708e-3fb2-4e96-bddb-6f499727fd83 6d7a6c0f332e49568f995b49d66aaa1b 82ed8b0e619b40d1b675607182c9cd58 - - default default] No more DHCP agents
2026-09-12 05:13:43.298 10 WARNING neutron.api.rpc.agentnotifiers.dhcp_rpc_agent_api [None req-3451708e-3fb2-4e96-bddb-6f499727fd83 6d7a6c0f332e49568f995b49d66aaa1b 82ed8b0e619b40d1b675607182c9cd58 - - default default] Unable to schedule network 7f8cdc74-909a-40b6-8537-50dc7b425e0f: no agents available; will retry on subsequent port and subnet creation events.
2026-09-12 05:13:43.415 10 INFO neutron.db.ovn_revision_numbers_db [None req-3451708e-3fb2-4e96-bddb-6f499727fd83 6d7a6c0f332e49568f995b49d66aaa1b 82ed8b0e619b40d1b675607182c9cd58 - - default default] Successfully bumped revision number for resource d10b8aa2-5833-4a1f-8378-d03180dffaff (type: ports) to 1
2026-09-12 05:13:43.471 9 INFO neutron.db.ovn_revision_numbers_db [None req-ddc56512-f03b-4bcf-87b1-196224ff5f95 - - - - - -] Successfully bumped revision number for resource 4ec62d23-52c2-4a86-b60f-e0cfae9b9886 (type: ports) to 1
2026-09-12 05:13:43.577 10 INFO neutron.db.ovn_revision_numbers_db [None req-d5ff138e-a8bf-4a97-a034-e390980d2bc5 6d7a6c0f332e49568f995b49d66aaa1b 82ed8b0e619b40d1b675607182c9cd58 - - default default] Successfully bumped revision number for resource 876797ae-78d1-40e7-98b1-11ddad0f8111 (type: security_groups) to 1
2026-09-12 05:13:43.598 9 WARNING neutron.scheduler.dhcp_agent_scheduler [None req-2e9c9b32-f5a6-4600-85ea-c0d6333f933f 6d7a6c0f332e49568f995b49d66aaa1b 82ed8b0e619b40d1b675607182c9cd58 - - default default] No more DHCP agents
2026-09-12 05:13:43.609 9 WARNING neutron.api.rpc.agentnotifiers.dhcp_rpc_agent_api [None req-2e9c9b32-f5a6-4600-85ea-c0d6333f933f 6d7a6c0f332e49568f995b49d66aaa1b 82ed8b0e619b40d1b675607182c9cd58 - - default default] Unable to schedule network 49a5ab10-0a90-4d89-9633-d9c11e118a4b: no agents available; will retry on subsequent port and subnet creation events.
2026-09-12 05:13:43.615 10 INFO neutron.wsgi [None req-d5ff138e-a8bf-4a97-a034-e390980d2bc5 6d7a6c0f332e49568f995b49d66aaa1b 82ed8b0e619b40d1b675607182c9cd58 - - default default] 10.0.0.140 "GET /v2.0/security-groups?tenant_id=c02d7cd18fb346069a2049e4ac66cd09&name=default HTTP/1.1" status: 200 len: 2992 time: 0.2172251
2026-09-12 05:13:43.674 9 INFO neutron.db.ovn_revision_numbers_db [None req-67e506d0-02e6-4a46-917e-6ee517d5847e 6d7a6c0f332e49568f995b49d66aaa1b 82ed8b0e619b40d1b675607182c9cd58 - - - -] Successfully bumped revision number for resource 7d192b8f-fdea-4347-b66e-66b45eb58b8c (type: security_groups) to 1
2026-09-12 05:13:43.769 9 INFO neutron.db.segments_db [None req-67e506d0-02e6-4a46-917e-6ee517d5847e 6d7a6c0f332e49568f995b49d66aaa1b 82ed8b0e619b40d1b675607182c9cd58 - - - -] Added segment 977d2dbb-39cd-4d92-aaee-6d6642cbf971 of type geneve for network 00c6ca4c-c0a1-4274-9e67-6cd967319799
2026-09-12 05:13:43.854 9 INFO neutron.db.ovn_revision_numbers_db [None req-2e9c9b32-f5a6-4600-85ea-c0d6333f933f 6d7a6c0f332e49568f995b49d66aaa1b 82ed8b0e619b40d1b675607182c9cd58 - - default default] Successfully bumped revision number for resource f4288f77-d965-4b91-911a-b0d60231501b (type: ports) to 1
2026-09-12 05:13:44.078 10 INFO neutron.wsgi [None req-b47c09c8-0f41-449b-92b4-250dbad9a808 6d7a6c0f332e49568f995b49d66aaa1b 82ed8b0e619b40d1b675607182c9cd58 - - - -] 10.0.0.140 "DELETE /v2.0/security-groups/876797ae-78d1-40e7-98b1-11ddad0f8111 HTTP/1.1" status: 204 len: 168 time: 0.4577668
2026-09-12 05:13:44.100 10 INFO neutron.plugins.ml2.drivers.ovn.mech_driver.mech_driver [None req-f4010fcd-c45b-4954-aa5b-f18dc71b67ee - - - - - -] OVN reports status up for port: d10b8aa2-5833-4a1f-8378-d03180dffaff
2026-09-12 05:13:44.111 10 INFO neutron.plugins.ml2.plugin [None req-f4010fcd-c45b-4954-aa5b-f18dc71b67ee - - - - - -] Attempt 1 to provision port d10b8aa2-5833-4a1f-8378-d03180dffaff
2026-09-12 05:13:44.135 10 INFO neutron.db.ovn_revision_numbers_db [None req-3451708e-3fb2-4e96-bddb-6f499727fd83 6d7a6c0f332e49568f995b49d66aaa1b 82ed8b0e619b40d1b675607182c9cd58 - - default default] Successfully bumped revision number for resource d10b8aa2-5833-4a1f-8378-d03180dffaff (type: router_ports) to 2
2026-09-12 05:13:44.161 9 INFO neutron.db.ovn_revision_numbers_db [None req-67e506d0-02e6-4a46-917e-6ee517d5847e 6d7a6c0f332e49568f995b49d66aaa1b 82ed8b0e619b40d1b675607182c9cd58 - - - -] Successfully bumped revision number for resource 00c6ca4c-c0a1-4274-9e67-6cd967319799 (type: networks) to 1
2026-09-12 05:13:44.250 9 INFO neutron.db.ovn_revision_numbers_db [None req-ddc56512-f03b-4bcf-87b1-196224ff5f95 - - - - - -] Successfully bumped revision number for resource 4ec62d23-52c2-4a86-b60f-e0cfae9b9886 (type: router_ports) to 3
2026-09-12 05:13:44.304 10 INFO neutron.db.ovn_revision_numbers_db [None req-3451708e-3fb2-4e96-bddb-6f499727fd83 6d7a6c0f332e49568f995b49d66aaa1b 82ed8b0e619b40d1b675607182c9cd58 - - default default] Successfully bumped revision number for resource d10b8aa2-5833-4a1f-8378-d03180dffaff (type: ports) to 2
2026-09-12 05:13:44.439 10 WARNING neutron.scheduler.dhcp_agent_scheduler [None req-3451708e-3fb2-4e96-bddb-6f499727fd83 6d7a6c0f332e49568f995b49d66aaa1b 82ed8b0e619b40d1b675607182c9cd58 - - default default] No more DHCP agents
2026-09-12 05:13:44.441 10 WARNING neutron.api.rpc.agentnotifiers.dhcp_rpc_agent_api [None req-3451708e-3fb2-4e96-bddb-6f499727fd83 6d7a6c0f332e49568f995b49d66aaa1b 82ed8b0e619b40d1b675607182c9cd58 - - default default] Unable to schedule network 7f8cdc74-909a-40b6-8537-50dc7b425e0f: no agents available; will retry on subsequent port and subnet creation events.
2026-09-12 05:13:44.464 9 WARNING neutron.scheduler.dhcp_agent_scheduler [None req-67e506d0-02e6-4a46-917e-6ee517d5847e 6d7a6c0f332e49568f995b49d66aaa1b 82ed8b0e619b40d1b675607182c9cd58 - - - -] No more DHCP agents
2026-09-12 05:13:44.470 9 WARNING neutron.api.rpc.agentnotifiers.dhcp_rpc_agent_api [None req-67e506d0-02e6-4a46-917e-6ee517d5847e 6d7a6c0f332e49568f995b49d66aaa1b 82ed8b0e619b40d1b675607182c9cd58 - - - -] Unable to schedule network 00c6ca4c-c0a1-4274-9e67-6cd967319799: no agents available; will retry on subsequent port and subnet creation events.
2026-09-12 05:13:44.480 10 INFO neutron.db.ovn_revision_numbers_db [None req-f4010fcd-c45b-4954-aa5b-f18dc71b67ee - - - - - -] Successfully bumped revision number for resource d10b8aa2-5833-4a1f-8378-d03180dffaff (type: ports) to 3
2026-09-12 05:13:44.522 9 INFO neutron.db.ovn_revision_numbers_db [None req-ddc56512-f03b-4bcf-87b1-196224ff5f95 - - - - - -] Successfully bumped revision number for resource 4ec62d23-52c2-4a86-b60f-e0cfae9b9886 (type: ports) to 2
2026-09-12 05:13:44.589 9 INFO neutron.db.ovn_revision_numbers_db [None req-67e506d0-02e6-4a46-917e-6ee517d5847e 6d7a6c0f332e49568f995b49d66aaa1b 82ed8b0e619b40d1b675607182c9cd58 - - - -] Successfully bumped revision number for resource f0a18ba3-0c02-4d71-8aea-fe4adc81d1ad (type: ports) to 1
2026-09-12 05:13:44.666 10 INFO neutron.db.ovn_revision_numbers_db [None req-f4010fcd-c45b-4954-aa5b-f18dc71b67ee - - - - - -] Successfully bumped revision number for resource d10b8aa2-5833-4a1f-8378-d03180dffaff (type: router_ports) to 3
2026-09-12 05:13:44.679 9 INFO neutron.wsgi [None req-67e506d0-02e6-4a46-917e-6ee517d5847e 6d7a6c0f332e49568f995b49d66aaa1b 82ed8b0e619b40d1b675607182c9cd58 - - - -] 10.0.0.140 "POST /v2.0/networks HTTP/1.1" status: 201 len: 954 time: 1.4416518
2026-09-12 05:13:44.795 9 INFO neutron.db.ovn_revision_numbers_db [None req-2e9c9b32-f5a6-4600-85ea-c0d6333f933f 6d7a6c0f332e49568f995b49d66aaa1b 82ed8b0e619b40d1b675607182c9cd58 - - default default] Successfully bumped revision number for resource f4288f77-d965-4b91-911a-b0d60231501b (type: router_ports) to 2
2026-09-12 05:13:44.857 9 INFO neutron.db.ovn_revision_numbers_db [None req-ddc56512-f03b-4bcf-87b1-196224ff5f95 - - - - - -] Successfully bumped revision number for resource 4ec62d23-52c2-4a86-b60f-e0cfae9b9886 (type: ports) to 4
2026-09-12 05:13:45.063 9 INFO neutron.db.ovn_revision_numbers_db [None req-2e9c9b32-f5a6-4600-85ea-c0d6333f933f 6d7a6c0f332e49568f995b49d66aaa1b 82ed8b0e619b40d1b675607182c9cd58 - - default default] Successfully bumped revision number for resource f4288f77-d965-4b91-911a-b0d60231501b (type: ports) to 2
2026-09-12 05:13:45.100 9 INFO neutron.plugins.ml2.drivers.ovn.mech_driver.mech_driver [None req-aa7ef198-caa7-48af-8bdd-15a59311dcc8 - - - - - -] OVN reports status up for port: 5530d3a8-f3db-470b-842d-0f7150cafe0b
2026-09-12 05:13:45.102 10 WARNING neutron.scheduler.dhcp_agent_scheduler [None req-256b3317-83ec-4ca9-872a-a08ca61f033e 6d7a6c0f332e49568f995b49d66aaa1b 82ed8b0e619b40d1b675607182c9cd58 - - - -] No more DHCP agents
2026-09-12 05:13:45.108 10 WARNING neutron.api.rpc.agentnotifiers.dhcp_rpc_agent_api [None req-256b3317-83ec-4ca9-872a-a08ca61f033e 6d7a6c0f332e49568f995b49d66aaa1b 82ed8b0e619b40d1b675607182c9cd58 - - - -] Unable to schedule network 00c6ca4c-c0a1-4274-9e67-6cd967319799: no agents available; will retry on subsequent port and subnet creation events.
