2026-09-12 05:16:08.392 9 INFO neutron.db.ovn_revision_numbers_db [None req-49eecc83-491c-418b-9733-126de8a8480d d81d0fbe5ba84ec2bd0f35f73f8573ac 31773b6218ec4de882833115f3e032e2 - - - -] Successfully bumped revision number for resource 36aa2c1f-3204-4917-aa5d-06014e0e5ed5 (type: security_groups) to 2
2026-09-12 05:16:08.394 9 INFO neutron.wsgi [None req-49eecc83-491c-418b-9733-126de8a8480d d81d0fbe5ba84ec2bd0f35f73f8573ac 31773b6218ec4de882833115f3e032e2 - - - -] 10.0.0.140 "PUT /v2.0/security-groups/36aa2c1f-3204-4917-aa5d-06014e0e5ed5 HTTP/1.1" status: 200 len: 1794 time: 0.0722430 /var/lib/openstack/lib/python3.10/site-packages/pycadf/identifier.py:71: UserWarning: Invalid uuid: neutron. To ensure interoperability, identifiers should be a valid uuid. warnings.warn(('Invalid uuid: %s. To ensure interoperability, '
2026-09-12 05:16:08.425 9 INFO neutron.wsgi [None req-12dea7b3-bb92-467c-8116-08cdab652cba d81d0fbe5ba84ec2bd0f35f73f8573ac 31773b6218ec4de882833115f3e032e2 - - default default] 10.0.0.140 "GET /v2.0/security-groups/36aa2c1f-3204-4917-aa5d-06014e0e5ed5 HTTP/1.1" status: 200 len: 1794 time: 0.0265710
2026-09-12 05:16:08.451 10 INFO neutron.wsgi [req-26b59fe3-36bf-4115-888e-c72391bb04a5 req-a0291e99-f4eb-421e-93d6-d2a0e177fced d44f0406c1b4444ba4659d5ba44e4043 269920ddf0054bd3b6ed5aee11b69930 - - default default] 10.0.0.239 "GET /v2.0/ports?device_id=aca82f19-ecc2-404d-8153-0645c9a87081 HTTP/1.1" status: 200 len: 1170 time: 0.0491250
2026-09-12 05:16:08.530 10 INFO neutron.wsgi [req-26b59fe3-36bf-4115-888e-c72391bb04a5 req-432ceeb0-7401-405f-a1d6-9af029acf9ad d44f0406c1b4444ba4659d5ba44e4043 269920ddf0054bd3b6ed5aee11b69930 - - default default] 10.0.0.239 "GET /v2.0/security-groups?id=0bead9bc-60b4-45a9-94db-6007cccc9a0c&fields=id&fields=name HTTP/1.1" status: 200 len: 312 time: 0.0701101
2026-09-12 05:16:08.534 9 INFO neutron.wsgi [None req-3d5f5248-d15a-485d-a070-25b9ac0026d4 d81d0fbe5ba84ec2bd0f35f73f8573ac 31773b6218ec4de882833115f3e032e2 - - - -] 10.0.0.140 "DELETE /v2.0/security-groups/36aa2c1f-3204-4917-aa5d-06014e0e5ed5 HTTP/1.1" status: 204 len: 168 time: 0.1038797
2026-09-12 05:16:08.564 9 INFO neutron.wsgi [None req-33b1d4d7-314f-45e8-ad18-518943dc63ed d81d0fbe5ba84ec2bd0f35f73f8573ac 31773b6218ec4de882833115f3e032e2 - - default default] 10.0.0.140 "GET /v2.0/security-groups HTTP/1.1" status: 200 len: 2996 time: 0.0267129
2026-09-12 05:16:08.580 9 INFO neutron.api.v2.resource [None req-e510f39e-20ab-4275-aafe-01f8b416bb6b d81d0fbe5ba84ec2bd0f35f73f8573ac 31773b6218ec4de882833115f3e032e2 - - - -] delete failed (client error): The resource could not be found.
2026-09-12 05:16:08.581 9 INFO neutron.wsgi [None req-e510f39e-20ab-4275-aafe-01f8b416bb6b d81d0fbe5ba84ec2bd0f35f73f8573ac 31773b6218ec4de882833115f3e032e2 - - - -] 10.0.0.140 "DELETE /v2.0/security-groups/36aa2c1f-3204-4917-aa5d-06014e0e5ed5 HTTP/1.1" status: 404 len: 347 time: 0.0120049
2026-09-12 05:16:08.688 9 INFO neutron.db.ovn_revision_numbers_db [None req-d77786e4-0e70-4698-905d-6151c77943d5 d81d0fbe5ba84ec2bd0f35f73f8573ac 31773b6218ec4de882833115f3e032e2 - - - -] Successfully bumped revision number for resource 91720b89-c8f1-4d27-a139-a4568dff009a (type: security_groups) to 1
2026-09-12 05:16:08.705 9 INFO neutron.wsgi [None req-d77786e4-0e70-4698-905d-6151c77943d5 d81d0fbe5ba84ec2bd0f35f73f8573ac 31773b6218ec4de882833115f3e032e2 - - - -] 10.0.0.140 "POST /v2.0/security-groups HTTP/1.1" status: 201 len: 1761 time: 0.1187091
2026-09-12 05:16:08.831 9 INFO neutron.db.ovn_revision_numbers_db [None req-268088c2-057e-41e7-bbbf-35d3a72fffe4 d81d0fbe5ba84ec2bd0f35f73f8573ac 31773b6218ec4de882833115f3e032e2 - - - -] Successfully bumped revision number for resource ffc83030-17a9-4ef8-893b-95a7693d59cf (type: security_group_rules) to 0
2026-09-12 05:16:08.860 9 INFO neutron.wsgi [None req-268088c2-057e-41e7-bbbf-35d3a72fffe4 d81d0fbe5ba84ec2bd0f35f73f8573ac 31773b6218ec4de882833115f3e032e2 - - - -] 10.0.0.140 "POST /v2.0/security-group-rules HTTP/1.1" status: 201 len: 768 time: 0.1502855
2026-09-12 05:16:08.880 9 INFO neutron.wsgi [None req-3e8859e0-a632-48d0-859d-b37acd8b35ef d81d0fbe5ba84ec2bd0f35f73f8573ac 31773b6218ec4de882833115f3e032e2 - - default default] 10.0.0.140 "GET /v2.0/security-group-rules/ffc83030-17a9-4ef8-893b-95a7693d59cf HTTP/1.1" status: 200 len: 763 time: 0.0166342
2026-09-12 05:16:08.935 10 INFO neutron.wsgi [None req-489ca8d6-b6f3-43fe-be18-4ec64dd483c6 d81d0fbe5ba84ec2bd0f35f73f8573ac 31773b6218ec4de882833115f3e032e2 - - default default] 10.0.0.140 "GET /v2.0/security-group-rules HTTP/1.1" status: 200 len: 4113 time: 0.0517693
2026-09-12 05:16:09.077 10 INFO neutron.wsgi [None req-92b27bb1-f017-42c3-b97a-9132d9da1ec0 d81d0fbe5ba84ec2bd0f35f73f8573ac 31773b6218ec4de882833115f3e032e2 - - - -] 10.0.0.140 "DELETE /v2.0/security-group-rules/ffc83030-17a9-4ef8-893b-95a7693d59cf HTTP/1.1" status: 204 len: 168 time: 0.1369274
2026-09-12 05:16:09.122 10 INFO neutron.wsgi [None req-c9f6ec48-1b99-45c0-9d04-d58c373dbb7e d81d0fbe5ba84ec2bd0f35f73f8573ac 31773b6218ec4de882833115f3e032e2 - - default default] 10.0.0.140 "GET /v2.0/security-group-rules HTTP/1.1" status: 200 len: 3567 time: 0.0416660
2026-09-12 05:16:09.128 10 INFO neutron.notifiers.nova [-] Nova event matching ['req-822d24dc-04fc-4ff5-975a-c82dfb0dfc26'] response: {'server_uuid': 'aca82f19-ecc2-404d-8153-0645c9a87081', 'name': 'network-vif-plugged', 'status': 'completed', 'tag': 'b103aa8b-527c-466d-98c3-b6d34dda1816', 'code': 200}
2026-09-12 05:16:09.128 10 INFO neutron.notifiers.nova [-] Nova event matching ['req-822d24dc-04fc-4ff5-975a-c82dfb0dfc26'] response: {'server_uuid': 'aca82f19-ecc2-404d-8153-0645c9a87081', 'name': 'network-vif-plugged', 'status': 'completed', 'tag': 'b103aa8b-527c-466d-98c3-b6d34dda1816', 'code': 200}
2026-09-12 05:16:09.299 10 INFO neutron.db.ovn_revision_numbers_db [None req-eec5f79d-dcbc-41bf-9ac4-c07dd34f359d d81d0fbe5ba84ec2bd0f35f73f8573ac 31773b6218ec4de882833115f3e032e2 - - - -] Successfully bumped revision number for resource 3c7384e3-1ec2-450f-b3ea-732380d24b66 (type: security_group_rules) to 0
2026-09-12 05:16:09.325 10 INFO neutron.wsgi [None req-eec5f79d-dcbc-41bf-9ac4-c07dd34f359d d81d0fbe5ba84ec2bd0f35f73f8573ac 31773b6218ec4de882833115f3e032e2 - - - -] 10.0.0.140 "POST /v2.0/security-group-rules HTTP/1.1" status: 201 len: 768 time: 0.1991730
2026-09-12 05:16:09.346 10 INFO neutron.wsgi [None req-17605a0d-8f72-499d-96f1-a3173a781388 d81d0fbe5ba84ec2bd0f35f73f8573ac 31773b6218ec4de882833115f3e032e2 - - default default] 10.0.0.140 "GET /v2.0/security-group-rules/3c7384e3-1ec2-450f-b3ea-732380d24b66 HTTP/1.1" status: 200 len: 763 time: 0.0143464
2026-09-12 05:16:09.383 10 INFO neutron.wsgi [None req-0ab1cd6f-92b5-4bbf-b522-82c491e6d02b d81d0fbe5ba84ec2bd0f35f73f8573ac 31773b6218ec4de882833115f3e032e2 - - default default] 10.0.0.140 "GET /v2.0/security-group-rules HTTP/1.1" status: 200 len: 4113 time: 0.0320864
2026-09-12 05:16:09.483 10 INFO neutron.wsgi [None req-d3c6e549-dad2-41d9-8190-4996f18a0679 d81d0fbe5ba84ec2bd0f35f73f8573ac 31773b6218ec4de882833115f3e032e2 - - - -] 10.0.0.140 "DELETE /v2.0/security-group-rules/3c7384e3-1ec2-450f-b3ea-732380d24b66 HTTP/1.1" status: 204 len: 168 time: 0.0958924
2026-09-12 05:16:09.515 10 INFO neutron.wsgi [None req-e07d21fa-07b8-4dac-bf98-6ef931c8ec78 d81d0fbe5ba84ec2bd0f35f73f8573ac 31773b6218ec4de882833115f3e032e2 - - default default] 10.0.0.140 "GET /v2.0/security-group-rules HTTP/1.1" status: 200 len: 3567 time: 0.0270963
2026-09-12 05:16:09.668 10 INFO neutron.db.ovn_revision_numbers_db [None req-ecc17a75-6fb3-4568-8a1b-ea4e341d3afd d81d0fbe5ba84ec2bd0f35f73f8573ac 31773b6218ec4de882833115f3e032e2 - - - -] Successfully bumped revision number for resource 35a75655-db8b-40f8-951d-e78d0485d458 (type: security_group_rules) to 0
2026-09-12 05:16:09.680 10 INFO neutron.wsgi [req-5179c196-a6f7-49c7-8c75-a6530bdaf4b5 req-76f98df5-36df-4b52-9219-04ff5adbdbf3 d44f0406c1b4444ba4659d5ba44e4043 269920ddf0054bd3b6ed5aee11b69930 - - default default] 10.0.0.239 "GET /v2.0/ports?device_id=aca82f19-ecc2-404d-8153-0645c9a87081 HTTP/1.1" status: 200 len: 1170 time: 0.0934174
2026-09-12 05:16:09.707 10 INFO neutron.wsgi [None req-ecc17a75-6fb3-4568-8a1b-ea4e341d3afd d81d0fbe5ba84ec2bd0f35f73f8573ac 31773b6218ec4de882833115f3e032e2 - - - -] 10.0.0.140 "POST /v2.0/security-group-rules HTTP/1.1" status: 201 len: 769 time: 0.1850629
2026-09-12 05:16:09.728 10 INFO neutron.wsgi [req-5179c196-a6f7-49c7-8c75-a6530bdaf4b5 req-6e6570d7-a751-474c-b8a5-3a5ed86ffc1b d44f0406c1b4444ba4659d5ba44e4043 269920ddf0054bd3b6ed5aee11b69930 - - default default] 10.0.0.239 "GET /v2.0/security-groups?id=0bead9bc-60b4-45a9-94db-6007cccc9a0c&fields=id&fields=name HTTP/1.1" status: 200 len: 312 time: 0.0401831
2026-09-12 05:16:09.740 9 INFO neutron.wsgi [None req-e141d792-a74a-4376-8aca-f152183dfd2b d81d0fbe5ba84ec2bd0f35f73f8573ac 31773b6218ec4de882833115f3e032e2 - - default default] 10.0.0.140 "GET /v2.0/security-group-rules/35a75655-db8b-40f8-951d-e78d0485d458 HTTP/1.1" status: 200 len: 764 time: 0.0267706
2026-09-12 05:16:09.776 10 INFO neutron.wsgi [None req-caa2a34f-6546-482f-aca8-3d823a479761 d81d0fbe5ba84ec2bd0f35f73f8573ac 31773b6218ec4de882833115f3e032e2 - - default default] 10.0.0.140 "GET /v2.0/security-group-rules HTTP/1.1" status: 200 len: 4114 time: 0.0304003
2026-09-12 05:16:09.831 10 INFO neutron.wsgi [req-d513a2d7-9f42-4275-81e8-69745677fdbd req-dcbdb2c9-4326-45bb-b239-4534e5573865 d44f0406c1b4444ba4659d5ba44e4043 269920ddf0054bd3b6ed5aee11b69930 - - default default] 10.0.0.239 "GET /v2.0/ports?device_id=aca82f19-ecc2-404d-8153-0645c9a87081 HTTP/1.1" status: 200 len: 1170 time: 0.0301957
2026-09-12 05:16:09.879 10 INFO neutron.wsgi [req-d513a2d7-9f42-4275-81e8-69745677fdbd req-bf02b622-951c-4a31-8e3f-960ca0f0a087 d44f0406c1b4444ba4659d5ba44e4043 269920ddf0054bd3b6ed5aee11b69930 - - default default] 10.0.0.239 "GET /v2.0/security-groups?id=0bead9bc-60b4-45a9-94db-6007cccc9a0c&fields=id&fields=name HTTP/1.1" status: 200 len: 312 time: 0.0418715
2026-09-12 05:16:09.925 9 INFO neutron.wsgi [None req-124de11e-c7f0-4f7d-bd0d-83f1a8e1b226 d81d0fbe5ba84ec2bd0f35f73f8573ac 31773b6218ec4de882833115f3e032e2 - - - -] 10.0.0.140 "DELETE /v2.0/security-group-rules/35a75655-db8b-40f8-951d-e78d0485d458 HTTP/1.1" status: 204 len: 168 time: 0.1454880
2026-09-12 05:16:09.956 9 INFO neutron.wsgi [None req-130679ee-ce3e-4ef9-afa8-d880c368cac3 d81d0fbe5ba84ec2bd0f35f73f8573ac 31773b6218ec4de882833115f3e032e2 - - default default] 10.0.0.140 "GET /v2.0/security-group-rules HTTP/1.1" status: 200 len: 3567 time: 0.0274920
2026-09-12 05:16:09.957 10 INFO neutron.wsgi [None req-c009f520-b154-46a0-97ad-53868cb2815c f8eb1a76d6c74b00ac8c280745abf0c1 6c0b9d4b29814c97aaf217ab81930c8c - - default default] 10.0.0.140 "GET /v2.0/ports?device_id=aca82f19-ecc2-404d-8153-0645c9a87081 HTTP/1.1" status: 200 len: 1356 time: 0.0461066
2026-09-12 05:16:10.084 9 INFO neutron.wsgi [None req-1f66e795-0746-4efe-80d2-0fccf59f9a87 d81d0fbe5ba84ec2bd0f35f73f8573ac 31773b6218ec4de882833115f3e032e2 - - - -] 10.0.0.140 "DELETE /v2.0/security-groups/91720b89-c8f1-4d27-a139-a4568dff009a HTTP/1.1" status: 204 len: 168 time: 0.1243410
2026-09-12 05:16:10.134 9 INFO neutron.wsgi [None req-da35e2a7-d432-47fe-8df2-27fb200f9286 d81d0fbe5ba84ec2bd0f35f73f8573ac 31773b6218ec4de882833115f3e032e2 - - default default] 10.0.0.140 "GET /v2.0/security-groups HTTP/1.1" status: 200 len: 2996 time: 0.0432181
2026-09-12 05:16:10.190 9 INFO neutron.wsgi [None req-d922b9e9-bffd-4142-a998-4989f9666be4 d81d0fbe5ba84ec2bd0f35f73f8573ac 31773b6218ec4de882833115f3e032e2 - - default default] 10.0.0.140 "GET /v2.0/security-groups HTTP/1.1" status: 200 len: 2996 time: 0.0400939
2026-09-12 05:16:10.546 10 INFO neutron.db.l3_db [None req-362dfb60-a7ca-405a-8ea6-92ae6c511938 d44f0406c1b4444ba4659d5ba44e4043 269920ddf0054bd3b6ed5aee11b69930 - - - -] Floating IP 76b7956f-d08f-4d87-bd1d-15c7ea4d8c12 associated. External IP: 10.96.250.213, port: b103aa8b-527c-466d-98c3-b6d34dda1816.
2026-09-12 05:16:10.771 10 INFO neutron.db.ovn_revision_numbers_db [None req-362dfb60-a7ca-405a-8ea6-92ae6c511938 d44f0406c1b4444ba4659d5ba44e4043 269920ddf0054bd3b6ed5aee11b69930 - - - -] Successfully bumped revision number for resource 76b7956f-d08f-4d87-bd1d-15c7ea4d8c12 (type: floatingips) to 4
2026-09-12 05:16:10.871 10 INFO neutron.db.ovn_revision_numbers_db [None req-362dfb60-a7ca-405a-8ea6-92ae6c511938 d44f0406c1b4444ba4659d5ba44e4043 269920ddf0054bd3b6ed5aee11b69930 - - - -] Successfully bumped revision number for resource 76b7956f-d08f-4d87-bd1d-15c7ea4d8c12 (type: floatingips) to 5
2026-09-12 05:16:10.895 10 INFO neutron.wsgi [None req-362dfb60-a7ca-405a-8ea6-92ae6c511938 d44f0406c1b4444ba4659d5ba44e4043 269920ddf0054bd3b6ed5aee11b69930 - - - -] 10.0.0.140 "PUT /v2.0/floatingips/76b7956f-d08f-4d87-bd1d-15c7ea4d8c12 HTTP/1.1" status: 200 len: 1049 time: 0.9330552 /var/lib/openstack/lib/python3.10/site-packages/pycadf/identifier.py:71: UserWarning: Invalid uuid: neutron. To ensure interoperability, identifiers should be a valid uuid. warnings.warn(('Invalid uuid: %s. To ensure interoperability, '
2026-09-12 05:16:10.950 10 INFO neutron.wsgi [None req-c9b1f82c-bd2f-4294-bffc-e3f2f4c258f8 d44f0406c1b4444ba4659d5ba44e4043 269920ddf0054bd3b6ed5aee11b69930 - - default default] 10.0.0.140 "GET /v2.0/floatingips/76b7956f-d08f-4d87-bd1d-15c7ea4d8c12 HTTP/1.1" status: 200 len: 1051 time: 0.0480850
2026-09-12 05:16:10.969 10 INFO neutron.wsgi [None req-42b15c9b-1ebc-461a-9f13-059bc93d13bb 6d7a6c0f332e49568f995b49d66aaa1b 82ed8b0e619b40d1b675607182c9cd58 - - default default] 10.0.0.140 "GET /v2.0/security-groups?tenant_id=31773b6218ec4de882833115f3e032e2&name=default HTTP/1.1" status: 200 len: 2996 time: 0.1738641
2026-09-12 05:16:11.169 10 INFO neutron.notifiers.nova [-] Nova event matching ['req-59746a20-8f89-41c2-872c-fd305d19c898'] response: {'name': 'network-changed', 'server_uuid': 'aca82f19-ecc2-404d-8153-0645c9a87081', 'tag': 'b103aa8b-527c-466d-98c3-b6d34dda1816', 'status': 'completed', 'code': 200}
2026-09-12 05:16:11.180 10 INFO neutron.wsgi [None req-386b5843-9436-477b-bd7a-046a6388897b 6d7a6c0f332e49568f995b49d66aaa1b 82ed8b0e619b40d1b675607182c9cd58 - - - -] 10.0.0.140 "DELETE /v2.0/security-groups/f9376a0c-1429-4017-a84a-617e6185819e HTTP/1.1" status: 204 len: 168 time: 0.2062297
2026-09-12 05:16:11.215 10 INFO neutron.wsgi [req-121f3771-c458-447b-81ef-1327cdfd5886 req-7a75f94c-57db-4d0c-ac94-44904c1a7efb ccc55c2b1b564a7bb0eaef7101c137cb a0ebd6d97c234365a41f5993b017964b - - 8c30287ce7d244c789d6d1b30f1e19f4 8c30287ce7d244c789d6d1b30f1e19f4] 162.253.55.43 "GET /v2.0/ports?tenant_id=269920ddf0054bd3b6ed5aee11b69930&device_id=aca82f19-ecc2-404d-8153-0645c9a87081 HTTP/1.1" status: 200 len: 1361 time: 0.0302708
2026-09-12 05:16:11.275 10 INFO neutron.wsgi [req-121f3771-c458-447b-81ef-1327cdfd5886 req-449dfc90-3852-484a-b602-2fd4fb9f5a92 ccc55c2b1b564a7bb0eaef7101c137cb a0ebd6d97c234365a41f5993b017964b - - 8c30287ce7d244c789d6d1b30f1e19f4 8c30287ce7d244c789d6d1b30f1e19f4] 162.253.55.43 "GET /v2.0/networks?id=306e7c87-dd2c-49fc-9a8e-f3b59455f447 HTTP/1.1" status: 200 len: 958 time: 0.0544500
2026-09-12 05:16:11.318 10 INFO neutron.wsgi [req-121f3771-c458-447b-81ef-1327cdfd5886 req-a3a1a0c6-f9b5-4dd3-b769-247ac6c9843c ccc55c2b1b564a7bb0eaef7101c137cb a0ebd6d97c234365a41f5993b017964b - - 8c30287ce7d244c789d6d1b30f1e19f4 8c30287ce7d244c789d6d1b30f1e19f4] 162.253.55.43 "GET /v2.0/floatingips?fixed_ip_address=10.100.0.3&port_id=b103aa8b-527c-466d-98c3-b6d34dda1816 HTTP/1.1" status: 200 len: 1059 time: 0.0351520
2026-09-12 05:16:11.349 10 INFO neutron.wsgi [req-121f3771-c458-447b-81ef-1327cdfd5886 req-2c750e51-6f5a-40e1-9923-9475241a5a66 ccc55c2b1b564a7bb0eaef7101c137cb a0ebd6d97c234365a41f5993b017964b - - 8c30287ce7d244c789d6d1b30f1e19f4 8c30287ce7d244c789d6d1b30f1e19f4] 162.253.55.43 "GET /v2.0/subnets?id=ed63dd31-dee8-4c26-855c-093422c13757 HTTP/1.1" status: 200 len: 853 time: 0.0275645
2026-09-12 05:16:11.371 10 INFO neutron.wsgi [req-121f3771-c458-447b-81ef-1327cdfd5886 req-fe2235fd-2110-4fdc-b037-e9c824a0248c ccc55c2b1b564a7bb0eaef7101c137cb a0ebd6d97c234365a41f5993b017964b - - 8c30287ce7d244c789d6d1b30f1e19f4 8c30287ce7d244c789d6d1b30f1e19f4] 162.253.55.43 "GET /v2.0/ports?network_id=306e7c87-dd2c-49fc-9a8e-f3b59455f447&device_owner=network%3Adhcp HTTP/1.1" status: 200 len: 210 time: 0.0165892
2026-09-12 05:16:11.442 10 INFO neutron.wsgi [req-121f3771-c458-447b-81ef-1327cdfd5886 req-2d916c7b-4d1b-415c-b21f-dc1d7c26ce5e ccc55c2b1b564a7bb0eaef7101c137cb a0ebd6d97c234365a41f5993b017964b - - 8c30287ce7d244c789d6d1b30f1e19f4 8c30287ce7d244c789d6d1b30f1e19f4] 162.253.55.43 "GET /v2.0/networks/306e7c87-dd2c-49fc-9a8e-f3b59455f447?fields=segments HTTP/1.1" status: 200 len: 212 time: 0.0664496
2026-09-12 05:16:11.505 10 INFO neutron.wsgi [req-121f3771-c458-447b-81ef-1327cdfd5886 req-418dca8b-f234-4225-87fb-d7c5e90da9ba ccc55c2b1b564a7bb0eaef7101c137cb a0ebd6d97c234365a41f5993b017964b - - 8c30287ce7d244c789d6d1b30f1e19f4 8c30287ce7d244c789d6d1b30f1e19f4] 162.253.55.43 "GET /v2.0/networks/306e7c87-dd2c-49fc-9a8e-f3b59455f447?fields=provider%3Aphysical_network&fields=provider%3Anetwork_type HTTP/1.1" status: 200 len: 277 time: 0.0572531
2026-09-12 05:16:11.577 10 INFO neutron.db.ovn_revision_numbers_db [None req-20037bbb-8dd3-4350-8953-6ed7337bb1f1 6d7a6c0f332e49568f995b49d66aaa1b 82ed8b0e619b40d1b675607182c9cd58 - - default default] Successfully bumped revision number for resource 95fa3232-d9b2-47cf-902e-db2f9dbee058 (type: security_groups) to 1
2026-09-12 05:16:11.598 10 INFO neutron.wsgi [None req-20037bbb-8dd3-4350-8953-6ed7337bb1f1 6d7a6c0f332e49568f995b49d66aaa1b 82ed8b0e619b40d1b675607182c9cd58 - - default default] 10.0.0.140 "GET /v2.0/security-groups?tenant_id=cd368d94605a47789aab0ad399fc6ee4&name=default HTTP/1.1" status: 200 len: 2996 time: 0.3699229
2026-09-12 05:16:11.768 10 INFO neutron.wsgi [None req-e60bd649-3457-4853-9e6b-20f30630ebf4 6d7a6c0f332e49568f995b49d66aaa1b 82ed8b0e619b40d1b675607182c9cd58 - - - -] 10.0.0.140 "DELETE /v2.0/security-groups/95fa3232-d9b2-47cf-902e-db2f9dbee058 HTTP/1.1" status: 204 len: 168 time: 0.1640656
2026-09-12 05:16:12.016 10 INFO neutron.wsgi [req-05d0b3bf-95f1-4827-950c-844049a3a2df req-a5f6ae45-3ef3-48af-9d5b-6d30d272bc89 ccc55c2b1b564a7bb0eaef7101c137cb a0ebd6d97c234365a41f5993b017964b - - 8c30287ce7d244c789d6d1b30f1e19f4 8c30287ce7d244c789d6d1b30f1e19f4] 162.253.55.43 "GET /v2.0/ports?device_id=ef6e3ae5-0637-491e-8efc-d56f98aeddc6&fields=binding%3Ahost_id&fields=binding%3Avif_type HTTP/1.1" status: 200 len: 265 time: 0.0499659
2026-09-12 05:16:12.102 10 INFO neutron.wsgi [req-05d0b3bf-95f1-4827-950c-844049a3a2df req-9720eac8-b604-47bf-9042-775b9a9028c1 ccc55c2b1b564a7bb0eaef7101c137cb a0ebd6d97c234365a41f5993b017964b - - 8c30287ce7d244c789d6d1b30f1e19f4 8c30287ce7d244c789d6d1b30f1e19f4] 162.253.55.43 "GET /v2.0/ports?tenant_id=269920ddf0054bd3b6ed5aee11b69930&device_id=ef6e3ae5-0637-491e-8efc-d56f98aeddc6 HTTP/1.1" status: 200 len: 1361 time: 0.0464799
2026-09-12 05:16:12.179 10 INFO neutron.wsgi [req-05d0b3bf-95f1-4827-950c-844049a3a2df req-92cef4dd-89d5-432a-b8f7-b27d866f2da3 ccc55c2b1b564a7bb0eaef7101c137cb a0ebd6d97c234365a41f5993b017964b - - 8c30287ce7d244c789d6d1b30f1e19f4 8c30287ce7d244c789d6d1b30f1e19f4] 162.253.55.43 "GET /v2.0/networks?id=306e7c87-dd2c-49fc-9a8e-f3b59455f447 HTTP/1.1" status: 200 len: 958 time: 0.0585394
2026-09-12 05:16:12.207 10 INFO neutron.wsgi [req-05d0b3bf-95f1-4827-950c-844049a3a2df req-b3fe0710-e172-40ba-852d-a33b49422275 ccc55c2b1b564a7bb0eaef7101c137cb a0ebd6d97c234365a41f5993b017964b - - 8c30287ce7d244c789d6d1b30f1e19f4 8c30287ce7d244c789d6d1b30f1e19f4] 162.253.55.43 "GET /v2.0/floatingips?fixed_ip_address=10.100.0.5&port_id=408cb33e-340a-44ce-922a-fcc92eb2af29 HTTP/1.1" status: 200 len: 217 time: 0.0192060
2026-09-12 05:16:12.240 10 INFO neutron.wsgi [req-05d0b3bf-95f1-4827-950c-844049a3a2df req-e1bf51ed-e56f-477e-a42d-6a07ea12db5a ccc55c2b1b564a7bb0eaef7101c137cb a0ebd6d97c234365a41f5993b017964b - - 8c30287ce7d244c789d6d1b30f1e19f4 8c30287ce7d244c789d6d1b30f1e19f4] 162.253.55.43 "GET /v2.0/subnets?id=ed63dd31-dee8-4c26-855c-093422c13757 HTTP/1.1" status: 200 len: 853 time: 0.0285115
2026-09-12 05:16:12.270 10 INFO neutron.wsgi [req-05d0b3bf-95f1-4827-950c-844049a3a2df req-afc12751-aa3d-4383-99a3-99e4cbd0fd97 ccc55c2b1b564a7bb0eaef7101c137cb a0ebd6d97c234365a41f5993b017964b - - 8c30287ce7d244c789d6d1b30f1e19f4 8c30287ce7d244c789d6d1b30f1e19f4] 162.253.55.43 "GET /v2.0/ports?network_id=306e7c87-dd2c-49fc-9a8e-f3b59455f447&device_owner=network%3Adhcp HTTP/1.1" status: 200 len: 210 time: 0.0234499
2026-09-12 05:16:12.326 10 INFO neutron.wsgi [req-05d0b3bf-95f1-4827-950c-844049a3a2df req-ccaa3d35-da68-4653-aeeb-176eb9172999 ccc55c2b1b564a7bb0eaef7101c137cb a0ebd6d97c234365a41f5993b017964b - - 8c30287ce7d244c789d6d1b30f1e19f4 8c30287ce7d244c789d6d1b30f1e19f4] 162.253.55.43 "GET /v2.0/networks/306e7c87-dd2c-49fc-9a8e-f3b59455f447?fields=segments HTTP/1.1" status: 200 len: 212 time: 0.0487673
2026-09-12 05:16:12.379 10 INFO neutron.wsgi [req-05d0b3bf-95f1-4827-950c-844049a3a2df req-f24d38a4-8667-402f-aade-8066839a6809 ccc55c2b1b564a7bb0eaef7101c137cb a0ebd6d97c234365a41f5993b017964b - - 8c30287ce7d244c789d6d1b30f1e19f4 8c30287ce7d244c789d6d1b30f1e19f4] 162.253.55.43 "GET /v2.0/networks/306e7c87-dd2c-49fc-9a8e-f3b59455f447?fields=provider%3Aphysical_network&fields=provider%3Anetwork_type HTTP/1.1" status: 200 len: 277 time: 0.0468383
2026-09-12 05:16:13.234 10 INFO neutron.wsgi [None req-c2add228-a130-4c59-a0b8-bcdb5489c216 1739c1cc163f4cfc9d0d2a58d8bf8615 994e2a643b844872a973b071c3aed66d - - - -] 10.0.0.140 "POST /v2.0/subnetpools HTTP/1.1" status: 201 len: 748 time: 0.2356639
2026-09-12 05:16:13.276 9 INFO neutron.wsgi [None req-2a4f8f8f-27ba-40f4-bfdd-6462e25d69cd 1739c1cc163f4cfc9d0d2a58d8bf8615 994e2a643b844872a973b071c3aed66d - - default default] 10.0.0.140 "GET /v2.0/subnetpools/716baf0f-cf2a-4348-97cc-732a595bcdae HTTP/1.1" status: 200 len: 743 time: 0.0370052
2026-09-12 05:16:13.368 9 INFO neutron.wsgi [None req-1092ba88-712b-4d6c-93ff-314abba0b342 1739c1cc163f4cfc9d0d2a58d8bf8615 994e2a643b844872a973b071c3aed66d - - - -] 10.0.0.140 "PUT /v2.0/subnetpools/716baf0f-cf2a-4348-97cc-732a595bcdae HTTP/1.1" status: 200 len: 695 time: 0.0843358
2026-09-12 05:16:13.430 9 INFO neutron.wsgi [None req-1feb5330-0e54-47c4-b3f2-e29eb89f8679 1739c1cc163f4cfc9d0d2a58d8bf8615 994e2a643b844872a973b071c3aed66d - - - -] 10.0.0.140 "DELETE /v2.0/subnetpools/716baf0f-cf2a-4348-97cc-732a595bcdae HTTP/1.1" status: 204 len: 168 time: 0.0566287
2026-09-12 05:16:13.449 9 INFO neutron.api.v2.resource [None req-abe6cd39-b410-4338-a79c-eb0ffd47fc8c 1739c1cc163f4cfc9d0d2a58d8bf8615 994e2a643b844872a973b071c3aed66d - - default default] show failed (client error): The resource could not be found.
2026-09-12 05:16:13.450 9 INFO neutron.wsgi [None req-abe6cd39-b410-4338-a79c-eb0ffd47fc8c 1739c1cc163f4cfc9d0d2a58d8bf8615 994e2a643b844872a973b071c3aed66d - - default default] 10.0.0.140 "GET /v2.0/subnetpools/716baf0f-cf2a-4348-97cc-732a595bcdae HTTP/1.1" status: 404 len: 346 time: 0.0150502
2026-09-12 05:16:13.470 9 INFO neutron.api.v2.resource [None req-91c3162d-2eeb-461a-9c8a-43687cd1a097 1739c1cc163f4cfc9d0d2a58d8bf8615 994e2a643b844872a973b071c3aed66d - - - -] delete failed (client error): The resource could not be found.
2026-09-12 05:16:13.472 9 INFO neutron.wsgi [None req-91c3162d-2eeb-461a-9c8a-43687cd1a097 1739c1cc163f4cfc9d0d2a58d8bf8615 994e2a643b844872a973b071c3aed66d - - - -] 10.0.0.140 "DELETE /v2.0/subnetpools/716baf0f-cf2a-4348-97cc-732a595bcdae HTTP/1.1" status: 404 len: 346 time: 0.0161343
2026-09-12 05:16:14.088 9 INFO neutron.db.ovn_revision_numbers_db [None req-713b9189-0dc5-4464-890d-1043522726f5 4d8d455d369f40ec95a0176dde643f59 b3b32864faa546b296939620867862e3 - - - -] Successfully bumped revision number for resource 4bc85d72-b4b7-4823-945e-9680cfe078fa (type: security_groups) to 1
2026-09-12 05:16:14.143 9 INFO neutron.db.segments_db [None req-713b9189-0dc5-4464-890d-1043522726f5 4d8d455d369f40ec95a0176dde643f59 b3b32864faa546b296939620867862e3 - - - -] Added segment e6417fbe-f4e9-4bf2-97e1-856e7559664a of type geneve for network 86b06987-2769-48f7-b3b1-6fddce839f48
2026-09-12 05:16:14.214 10 INFO neutron.db.ovn_revision_numbers_db [None req-e875143c-92ef-42d7-9d3c-f506deee48aa 6d7a6c0f332e49568f995b49d66aaa1b 82ed8b0e619b40d1b675607182c9cd58 - - default default] Successfully bumped revision number for resource 2b5519f4-2be4-450f-8f6d-909506bf040c (type: security_groups) to 1
2026-09-12 05:16:14.231 10 INFO neutron.wsgi [None req-e875143c-92ef-42d7-9d3c-f506deee48aa 6d7a6c0f332e49568f995b49d66aaa1b 82ed8b0e619b40d1b675607182c9cd58 - - default default] 10.0.0.140 "GET /v2.0/security-groups?tenant_id=994e2a643b844872a973b071c3aed66d&name=default HTTP/1.1" status: 200 len: 2996 time: 0.1430466
2026-09-12 05:16:14.264 9 INFO neutron.db.ovn_revision_numbers_db [None req-713b9189-0dc5-4464-890d-1043522726f5 4d8d455d369f40ec95a0176dde643f59 b3b32864faa546b296939620867862e3 - - - -] Successfully bumped revision number for resource 86b06987-2769-48f7-b3b1-6fddce839f48 (type: networks) to 1
2026-09-12 05:16:14.396 10 INFO neutron.wsgi [None req-d4f4aa01-0189-4736-b22e-35441d16ae8f 6d7a6c0f332e49568f995b49d66aaa1b 82ed8b0e619b40d1b675607182c9cd58 - - - -] 10.0.0.140 "DELETE /v2.0/security-groups/2b5519f4-2be4-450f-8f6d-909506bf040c HTTP/1.1" status: 204 len: 168 time: 0.1591668
2026-09-12 05:16:14.425 9 WARNING neutron.scheduler.dhcp_agent_scheduler [None req-713b9189-0dc5-4464-890d-1043522726f5 4d8d455d369f40ec95a0176dde643f59 b3b32864faa546b296939620867862e3 - - - -] No more DHCP agents
2026-09-12 05:16:14.426 9 WARNING neutron.api.rpc.agentnotifiers.dhcp_rpc_agent_api [None req-713b9189-0dc5-4464-890d-1043522726f5 4d8d455d369f40ec95a0176dde643f59 b3b32864faa546b296939620867862e3 - - - -] Unable to schedule network 86b06987-2769-48f7-b3b1-6fddce839f48: no agents available; will retry on subsequent port and subnet creation events.
2026-09-12 05:16:14.481 9 INFO neutron.db.ovn_revision_numbers_db [None req-713b9189-0dc5-4464-890d-1043522726f5 4d8d455d369f40ec95a0176dde643f59 b3b32864faa546b296939620867862e3 - - - -] Successfully bumped revision number for resource 85a463c0-73e4-4eb5-91d1-3e9c952ff985 (type: ports) to 1
2026-09-12 05:16:14.501 9 INFO neutron.wsgi [None req-713b9189-0dc5-4464-890d-1043522726f5 4d8d455d369f40ec95a0176dde643f59 b3b32864faa546b296939620867862e3 - - - -] 10.0.0.140 "POST /v2.0/networks HTTP/1.1" status: 201 len: 844 time: 0.8156826
2026-09-12 05:16:14.719 9 WARNING neutron.scheduler.dhcp_agent_scheduler [None req-e4a72e99-a683-47b4-aacd-5d80c7d290f4 4d8d455d369f40ec95a0176dde643f59 b3b32864faa546b296939620867862e3 - - - -] No more DHCP agents
2026-09-12 05:16:14.721 9 WARNING neutron.api.rpc.agentnotifiers.dhcp_rpc_agent_api [None req-e4a72e99-a683-47b4-aacd-5d80c7d290f4 4d8d455d369f40ec95a0176dde643f59 b3b32864faa546b296939620867862e3 - - - -] Unable to schedule network 86b06987-2769-48f7-b3b1-6fddce839f48: no agents available; will retry on subsequent port and subnet creation events.
2026-09-12 05:16:14.785 9 INFO neutron.db.ovn_revision_numbers_db [None req-e4a72e99-a683-47b4-aacd-5d80c7d290f4 4d8d455d369f40ec95a0176dde643f59 b3b32864faa546b296939620867862e3 - - - -] Successfully bumped revision number for resource 6e458107-4723-4fed-99f4-a94a60c8818f (type: ports) to 1
2026-09-12 05:16:14.806 9 INFO neutron.wsgi [None req-e4a72e99-a683-47b4-aacd-5d80c7d290f4 4d8d455d369f40ec95a0176dde643f59 b3b32864faa546b296939620867862e3 - - - -] 10.0.0.140 "POST /v2.0/ports HTTP/1.1" status: 201 len: 974 time: 0.3012149 /var/lib/openstack/lib/python3.10/site-packages/pycadf/identifier.py:71: UserWarning: Invalid uuid: neutron. To ensure interoperability, identifiers should be a valid uuid. warnings.warn(('Invalid uuid: %s. To ensure interoperability, '
2026-09-12 05:16:14.896 9 INFO neutron.db.segments_db [None req-c6555de6-435c-499f-8909-d95570a646e7 4d8d455d369f40ec95a0176dde643f59 b3b32864faa546b296939620867862e3 - - - -] Added segment bea1d0a1-fb92-404c-8c5f-81dbaf68ea17 of type geneve for network 6021638f-0e20-471c-be07-77e3dfd2d6dc
2026-09-12 05:16:15.056 9 INFO neutron.db.ovn_revision_numbers_db [None req-c6555de6-435c-499f-8909-d95570a646e7 4d8d455d369f40ec95a0176dde643f59 b3b32864faa546b296939620867862e3 - - - -] Successfully bumped revision number for resource 6021638f-0e20-471c-be07-77e3dfd2d6dc (type: networks) to 1
2026-09-12 05:16:15.232 9 WARNING neutron.scheduler.dhcp_agent_scheduler [None req-c6555de6-435c-499f-8909-d95570a646e7 4d8d455d369f40ec95a0176dde643f59 b3b32864faa546b296939620867862e3 - - - -] No more DHCP agents
2026-09-12 05:16:15.234 9 WARNING neutron.api.rpc.agentnotifiers.dhcp_rpc_agent_api [None req-c6555de6-435c-499f-8909-d95570a646e7 4d8d455d369f40ec95a0176dde643f59 b3b32864faa546b296939620867862e3 - - - -] Unable to schedule network 6021638f-0e20-471c-be07-77e3dfd2d6dc: no agents available; will retry on subsequent port and subnet creation events.
2026-09-12 05:16:15.303 9 INFO neutron.db.ovn_revision_numbers_db [None req-c6555de6-435c-499f-8909-d95570a646e7 4d8d455d369f40ec95a0176dde643f59 b3b32864faa546b296939620867862e3 - - - -] Successfully bumped revision number for resource 62671dea-3aa4-4ee2-b12f-2200703fdb7d (type: ports) to 1
2026-09-12 05:16:15.335 9 INFO neutron.wsgi [None req-c6555de6-435c-499f-8909-d95570a646e7 4d8d455d369f40ec95a0176dde643f59 b3b32864faa546b296939620867862e3 - - - -] 10.0.0.140 "POST /v2.0/networks HTTP/1.1" status: 201 len: 830 time: 0.5234673
2026-09-12 05:16:15.578 9 WARNING neutron.scheduler.dhcp_agent_scheduler [None req-87affe7f-01d8-4503-b4b2-21686c3cf195 4d8d455d369f40ec95a0176dde643f59 b3b32864faa546b296939620867862e3 - - - -] No more DHCP agents
2026-09-12 05:16:15.580 9 WARNING neutron.api.rpc.agentnotifiers.dhcp_rpc_agent_api [None req-87affe7f-01d8-4503-b4b2-21686c3cf195 4d8d455d369f40ec95a0176dde643f59 b3b32864faa546b296939620867862e3 - - - -] Unable to schedule network 6021638f-0e20-471c-be07-77e3dfd2d6dc: no agents available; will retry on subsequent port and subnet creation events.
2026-09-12 05:16:15.976 9 INFO neutron.db.ovn_revision_numbers_db [None req-87affe7f-01d8-4503-b4b2-21686c3cf195 4d8d455d369f40ec95a0176dde643f59 b3b32864faa546b296939620867862e3 - - - -] Successfully bumped revision number for resource 62671dea-3aa4-4ee2-b12f-2200703fdb7d (type: ports) to 2
2026-09-12 05:16:15.990 9 INFO neutron.db.ovn_revision_numbers_db [None req-87affe7f-01d8-4503-b4b2-21686c3cf195 4d8d455d369f40ec95a0176dde643f59 b3b32864faa546b296939620867862e3 - - - -] Successfully bumped revision number for resource f53a571d-cac0-40c2-84a4-c64b29eb08d3 (type: subnets) to 0
2026-09-12 05:16:16.011 9 INFO neutron.wsgi [None req-87affe7f-01d8-4503-b4b2-21686c3cf195 4d8d455d369f40ec95a0176dde643f59 b3b32864faa546b296939620867862e3 - - - -] 10.0.0.140 "POST /v2.0/subnets HTTP/1.1" status: 201 len: 801 time: 0.6720591
2026-09-12 05:16:16.363 9 WARNING neutron.scheduler.dhcp_agent_scheduler [None req-ba59b265-2fac-4c0e-8441-ac71645ec5e1 4d8d455d369f40ec95a0176dde643f59 b3b32864faa546b296939620867862e3 - - - -] No more DHCP agents
2026-09-12 05:16:16.366 9 WARNING neutron.api.rpc.agentnotifiers.dhcp_rpc_agent_api [None req-ba59b265-2fac-4c0e-8441-ac71645ec5e1 4d8d455d369f40ec95a0176dde643f59 b3b32864faa546b296939620867862e3 - - - -] Unable to schedule network 6021638f-0e20-471c-be07-77e3dfd2d6dc: no agents available; will retry on subsequent port and subnet creation events.
2026-09-12 05:16:16.518 9 INFO neutron.db.ovn_revision_numbers_db [None req-ba59b265-2fac-4c0e-8441-ac71645ec5e1 4d8d455d369f40ec95a0176dde643f59 b3b32864faa546b296939620867862e3 - - - -] Successfully bumped revision number for resource 33173ead-2da5-4698-98c2-1484d3d79910 (type: ports) to 1
2026-09-12 05:16:16.549 9 INFO neutron.wsgi [None req-ba59b265-2fac-4c0e-8441-ac71645ec5e1 4d8d455d369f40ec95a0176dde643f59 b3b32864faa546b296939620867862e3 - - - -] 10.0.0.140 "POST /v2.0/ports HTTP/1.1" status: 201 len: 1148 time: 0.5322435 /var/lib/openstack/lib/python3.10/site-packages/pycadf/identifier.py:71: UserWarning: Invalid uuid: neutron. To ensure interoperability, identifiers should be a valid uuid. warnings.warn(('Invalid uuid: %s. To ensure interoperability, '
2026-09-12 05:16:16.971 9 INFO neutron.wsgi [None req-9ea0865d-3ed0-47af-bd94-2fb6790a1646 4d8d455d369f40ec95a0176dde643f59 b3b32864faa546b296939620867862e3 - - - -] 10.0.0.140 "DELETE /v2.0/ports/33173ead-2da5-4698-98c2-1484d3d79910 HTTP/1.1" status: 204 len: 168 time: 0.4179552
2026-09-12 05:16:16.998 10 INFO neutron.pecan_wsgi.hooks.translation [None req-ce695636-eec3-44d0-a659-42d992c8c129 4d8d455d369f40ec95a0176dde643f59 b3b32864faa546b296939620867862e3 - - - -] DELETE failed (client error): The resource could not be found.
2026-09-12 05:16:17.001 10 INFO neutron.wsgi [None req-ce695636-eec3-44d0-a659-42d992c8c129 4d8d455d369f40ec95a0176dde643f59 b3b32864faa546b296939620867862e3 - - - -] 10.0.0.140 "DELETE /v2.0/ports/33173ead-2da5-4698-98c2-1484d3d79910 HTTP/1.1" status: 404 len: 333 time: 0.0233903
2026-09-12 05:16:17.047 10 INFO neutron.pecan_wsgi.hooks.translation [None req-08aef4cb-3f41-488b-b5b9-8435eb43bd20 4d8d455d369f40ec95a0176dde643f59 b3b32864faa546b296939620867862e3 - - default default] GET failed (client error): The resource could not be found.
2026-09-12 05:16:17.050 10 INFO neutron.wsgi [None req-08aef4cb-3f41-488b-b5b9-8435eb43bd20 4d8d455d369f40ec95a0176dde643f59 b3b32864faa546b296939620867862e3 - - default default] 10.0.0.140 "GET /v2.0/ports/33173ead-2da5-4698-98c2-1484d3d79910 HTTP/1.1" status: 404 len: 333 time: 0.0437436
2026-09-12 05:16:17.325 9 INFO neutron.wsgi [None req-e37c133d-72ab-4029-b466-5a6bffb3d09c 4d8d455d369f40ec95a0176dde643f59 b3b32864faa546b296939620867862e3 - - - -] 10.0.0.140 "DELETE /v2.0/subnets/f53a571d-cac0-40c2-84a4-c64b29eb08d3 HTTP/1.1" status: 204 len: 168 time: 0.2646353
2026-09-12 05:16:17.836 9 INFO neutron.services.segments.plugin [-] Segment bea1d0a1-fb92-404c-8c5f-81dbaf68ea17 resource provider aggregate not found
2026-09-12 05:16:17.858 9 INFO neutron.services.segments.plugin [-] Segment bea1d0a1-fb92-404c-8c5f-81dbaf68ea17 resource provider aggregate not found
2026-09-12 05:16:17.886 9 INFO neutron.services.segments.plugin [-] Segment bea1d0a1-fb92-404c-8c5f-81dbaf68ea17 resource provider not found; error: Placement Client Error (4xx): {"errors": [{"status": 404, "title": "Not Found", "detail": "The resource could not be found.\n\n No resource provider with uuid bea1d0a1-fb92-404c-8c5f-81dbaf68ea17 found for delete ", "request_id": "req-8759acee-f6b3-4413-9e59-fcce56322a41"}]}
2026-09-12 05:16:17.900 9 INFO neutron.services.segments.plugin [-] Segment bea1d0a1-fb92-404c-8c5f-81dbaf68ea17 resource provider not found; error: Placement Client Error (4xx): {"errors": [{"status": 404, "title": "Not Found", "detail": "The resource could not be found.\n\n No resource provider with uuid bea1d0a1-fb92-404c-8c5f-81dbaf68ea17 found for delete ", "request_id": "req-129b15cd-de59-4ed1-96c2-cef004a849b8"}]}
2026-09-12 05:16:17.931 9 INFO neutron.wsgi [None req-d77bb122-63aa-432d-bf09-5a3adc3085a7 4d8d455d369f40ec95a0176dde643f59 b3b32864faa546b296939620867862e3 - - - -] 10.0.0.140 "DELETE /v2.0/networks/6021638f-0e20-471c-be07-77e3dfd2d6dc HTTP/1.1" status: 204 len: 168 time: 0.5998211
2026-09-12 05:16:18.086 10 INFO neutron.db.segments_db [None req-9bf9046b-a598-45cc-82aa-b48c3c81e0a2 4d8d455d369f40ec95a0176dde643f59 b3b32864faa546b296939620867862e3 - - - -] Added segment 25d08998-d02f-4b19-9dea-df2c7f4ea3eb of type geneve for network 83d0277b-9df2-4b0e-8e1b-568fec849f8f
2026-09-12 05:16:18.256 10 INFO neutron.db.ovn_revision_numbers_db [None req-9bf9046b-a598-45cc-82aa-b48c3c81e0a2 4d8d455d369f40ec95a0176dde643f59 b3b32864faa546b296939620867862e3 - - - -] Successfully bumped revision number for resource 83d0277b-9df2-4b0e-8e1b-568fec849f8f (type: networks) to 1
2026-09-12 05:16:18.428 10 WARNING neutron.scheduler.dhcp_agent_scheduler [None req-9bf9046b-a598-45cc-82aa-b48c3c81e0a2 4d8d455d369f40ec95a0176dde643f59 b3b32864faa546b296939620867862e3 - - - -] No more DHCP agents
2026-09-12 05:16:18.430 10 WARNING neutron.api.rpc.agentnotifiers.dhcp_rpc_agent_api [None req-9bf9046b-a598-45cc-82aa-b48c3c81e0a2 4d8d455d369f40ec95a0176dde643f59 b3b32864faa546b296939620867862e3 - - - -] Unable to schedule network 83d0277b-9df2-4b0e-8e1b-568fec849f8f: no agents available; will retry on subsequent port and subnet creation events.
2026-09-12 05:16:18.471 9 INFO neutron.db.ovn_revision_numbers_db [None req-8df97c83-e6f0-4198-8d27-05bea11ef780 6d7a6c0f332e49568f995b49d66aaa1b 82ed8b0e619b40d1b675607182c9cd58 - - default default] Successfully bumped revision number for resource 6719a2e5-fd30-453a-aac7-3d77c655ad32 (type: security_groups) to 1
2026-09-12 05:16:18.486 10 INFO neutron.db.ovn_revision_numbers_db [None req-9bf9046b-a598-45cc-82aa-b48c3c81e0a2 4d8d455d369f40ec95a0176dde643f59 b3b32864faa546b296939620867862e3 - - - -] Successfully bumped revision number for resource 4efbf329-4946-4396-b9e1-daf1168e2d78 (type: ports) to 1
2026-09-12 05:16:18.497 9 INFO neutron.wsgi [None req-8df97c83-e6f0-4198-8d27-05bea11ef780 6d7a6c0f332e49568f995b49d66aaa1b 82ed8b0e619b40d1b675607182c9cd58 - - default default] 10.0.0.140 "GET /v2.0/security-groups?tenant_id=a217c6b73e204aa4ac52987333acd67a&name=default HTTP/1.1" status: 200 len: 2996 time: 0.3383491
2026-09-12 05:16:18.505 10 INFO neutron.wsgi [None req-9bf9046b-a598-45cc-82aa-b48c3c81e0a2 4d8d455d369f40ec95a0176dde643f59 b3b32864faa546b296939620867862e3 - - - -] 10.0.0.140 "POST /v2.0/networks HTTP/1.1" status: 201 len: 830 time: 0.5671408
2026-09-12 05:16:19.014 9 INFO neutron.wsgi [None req-d5ddbe2b-6f02-4e7d-8099-32a48bcf0cb9 6d7a6c0f332e49568f995b49d66aaa1b 82ed8b0e619b40d1b675607182c9cd58 - - - -] 10.0.0.140 "DELETE /v2.0/security-groups/6719a2e5-fd30-453a-aac7-3d77c655ad32 HTTP/1.1" status: 204 len: 168 time: 0.5102050
2026-09-12 05:16:19.045 9 WARNING neutron.scheduler.dhcp_agent_scheduler [None req-31d340dc-c362-47f3-bf4a-9de60785f3bc 4d8d455d369f40ec95a0176dde643f59 b3b32864faa546b296939620867862e3 - - - -] No more DHCP agents
2026-09-12 05:16:19.048 9 WARNING neutron.api.rpc.agentnotifiers.dhcp_rpc_agent_api [None req-31d340dc-c362-47f3-bf4a-9de60785f3bc 4d8d455d369f40ec95a0176dde643f59 b3b32864faa546b296939620867862e3 - - - -] Unable to schedule network 83d0277b-9df2-4b0e-8e1b-568fec849f8f: no agents available; will retry on subsequent port and subnet creation events.
2026-09-12 05:16:19.478 9 INFO neutron.db.ovn_revision_numbers_db [None req-31d340dc-c362-47f3-bf4a-9de60785f3bc 4d8d455d369f40ec95a0176dde643f59 b3b32864faa546b296939620867862e3 - - - -] Successfully bumped revision number for resource 4efbf329-4946-4396-b9e1-daf1168e2d78 (type: ports) to 2
2026-09-12 05:16:19.559 9 INFO neutron.db.ovn_revision_numbers_db [None req-31d340dc-c362-47f3-bf4a-9de60785f3bc 4d8d455d369f40ec95a0176dde643f59 b3b32864faa546b296939620867862e3 - - - -] Successfully bumped revision number for resource d931de8c-9548-4506-adea-aa080a6817f0 (type: subnets) to 0
2026-09-12 05:16:19.589 9 INFO neutron.wsgi [None req-31d340dc-c362-47f3-bf4a-9de60785f3bc 4d8d455d369f40ec95a0176dde643f59 b3b32864faa546b296939620867862e3 - - - -] 10.0.0.140 "POST /v2.0/subnets HTTP/1.1" status: 201 len: 801 time: 1.0784042
2026-09-12 05:16:19.609 9 INFO neutron.wsgi [None req-a2948022-5759-43fd-a7fe-43970fe4bc68 6d7a6c0f332e49568f995b49d66aaa1b 82ed8b0e619b40d1b675607182c9cd58 - - default default] 10.0.0.203 "GET /v2.0/routers HTTP/1.1" status: 200 len: 860 time: 0.2315016
2026-09-12 05:16:19.629 9 INFO neutron.wsgi [None req-8289eb33-6aa4-4951-87bb-031f8020d5d5 6d7a6c0f332e49568f995b49d66aaa1b 82ed8b0e619b40d1b675607182c9cd58 - - default default] 10.0.0.203 "GET /v2.0/agents?binary=ovn-controller HTTP/1.1" status: 200 len: 591 time: 0.0199070
2026-09-12 05:16:19.650 9 INFO neutron.wsgi [None req-9f430665-b972-47bd-a428-0d6a628d7b91 6d7a6c0f332e49568f995b49d66aaa1b 82ed8b0e619b40d1b675607182c9cd58 - - default default] 10.0.0.203 "GET /v2.0/agents HTTP/1.1" status: 200 len: 997 time: 0.0186191
2026-09-12 05:16:19.729 9 INFO neutron.wsgi [None req-26ebd7be-7f6e-48ce-8721-442295e675ac 6d7a6c0f332e49568f995b49d66aaa1b 82ed8b0e619b40d1b675607182c9cd58 - - default default] 10.0.0.203 "GET /v2.0/floatingips HTTP/1.1" status: 200 len: 1035 time: 0.0774369
2026-09-12 05:16:19.786 9 INFO neutron.wsgi [None req-057cf10f-ae90-4526-96df-ad16b94eaad1 6d7a6c0f332e49568f995b49d66aaa1b 82ed8b0e619b40d1b675607182c9cd58 - - default default] 10.0.0.203 "GET /v2.0/ports HTTP/1.1" status: 200 len: 14537 time: 0.0556543
2026-09-12 05:16:19.848 9 INFO neutron.wsgi [None req-d4d5d211-4c38-40bd-95dc-b1e8a6a5e1fe 6d7a6c0f332e49568f995b49d66aaa1b 82ed8b0e619b40d1b675607182c9cd58 - - default default] 10.0.0.203 "GET /v2.0/subnets HTTP/1.1" status: 200 len: 2688 time: 0.0509174
2026-09-12 05:16:19.859 9 INFO neutron.wsgi [None req-c2437fe8-de74-47b2-8ba9-9e3044cc02e6 6d7a6c0f332e49568f995b49d66aaa1b 82ed8b0e619b40d1b675607182c9cd58 - - default default] 10.0.0.203 "GET /v2.0/subnetpools HTTP/1.1" status: 200 len: 193 time: 0.0102453
2026-09-12 05:16:19.933 9 INFO neutron.wsgi [None req-df38516c-3234-4782-bbf2-2a7724949c8a 6d7a6c0f332e49568f995b49d66aaa1b 82ed8b0e619b40d1b675607182c9cd58 - - default default] 10.0.0.203 "GET /v2.0/networks HTTP/1.1" status: 200 len: 4558 time: 0.0725827
2026-09-12 05:16:19.963 9 INFO neutron.wsgi [None req-a8bd7e84-f280-4690-afd1-8addea29ade2 6d7a6c0f332e49568f995b49d66aaa1b 82ed8b0e619b40d1b675607182c9cd58 - - default default] 10.0.0.203 "GET /v2.0/subnets HTTP/1.1" status: 200 len: 2688 time: 0.0278783
2026-09-12 05:16:19.974 10 WARNING neutron.scheduler.dhcp_agent_scheduler [None req-3a6eb7d6-2e67-46dc-945e-a0cbd4c9ceb2 4d8d455d369f40ec95a0176dde643f59 b3b32864faa546b296939620867862e3 - - - -] No more DHCP agents
2026-09-12 05:16:19.976 10 WARNING neutron.api.rpc.agentnotifiers.dhcp_rpc_agent_api [None req-3a6eb7d6-2e67-46dc-945e-a0cbd4c9ceb2 4d8d455d369f40ec95a0176dde643f59 b3b32864faa546b296939620867862e3 - - - -] Unable to schedule network 83d0277b-9df2-4b0e-8e1b-568fec849f8f: no agents available; will retry on subsequent port and subnet creation events.
2026-09-12 05:16:20.118 10 INFO neutron.db.ovn_revision_numbers_db [None req-3a6eb7d6-2e67-46dc-945e-a0cbd4c9ceb2 4d8d455d369f40ec95a0176dde643f59 b3b32864faa546b296939620867862e3 - - - -] Successfully bumped revision number for resource b5a7a114-cc5d-4b11-89ac-670d9c64c09d (type: ports) to 1
2026-09-12 05:16:20.122 9 INFO neutron.wsgi [None req-77f1c898-1d16-498b-912c-933f892c35d0 6d7a6c0f332e49568f995b49d66aaa1b 82ed8b0e619b40d1b675607182c9cd58 - - default default] 10.0.0.203 "GET /v2.0/security-groups HTTP/1.1" status: 200 len: 32545 time: 0.1576810
2026-09-12 05:16:20.142 10 INFO neutron.wsgi [None req-3a6eb7d6-2e67-46dc-945e-a0cbd4c9ceb2 4d8d455d369f40ec95a0176dde643f59 b3b32864faa546b296939620867862e3 - - - -] 10.0.0.140 "POST /v2.0/ports HTTP/1.1" status: 201 len: 1111 time: 0.5490956
2026-09-12 05:16:20.150 9 INFO neutron.wsgi [None req-5f573bce-5594-4ec9-9ced-5d032924974c 6d7a6c0f332e49568f995b49d66aaa1b 82ed8b0e619b40d1b675607182c9cd58 - - default default] 10.0.0.203 "GET /v2.0/network-ip-availabilities HTTP/1.1" status: 200 len: 2421 time: 0.0155742
2026-09-12 05:16:20.318 9 INFO neutron.wsgi [req-9914da77-f627-4666-9830-82dbf263ef14 req-1308e441-54ef-45ab-83f3-6fead5f9fc35 ccc55c2b1b564a7bb0eaef7101c137cb a0ebd6d97c234365a41f5993b017964b - - 8c30287ce7d244c789d6d1b30f1e19f4 8c30287ce7d244c789d6d1b30f1e19f4] 10.0.0.45 "GET /v2.0/ports?device_id=aca82f19-ecc2-404d-8153-0645c9a87081 HTTP/1.1" status: 200 len: 1361 time: 0.0368397
2026-09-12 05:16:20.376 9 INFO neutron.wsgi [req-9914da77-f627-4666-9830-82dbf263ef14 req-a193b415-34af-4ef2-9034-35019828af2d ccc55c2b1b564a7bb0eaef7101c137cb a0ebd6d97c234365a41f5993b017964b - - 8c30287ce7d244c789d6d1b30f1e19f4 8c30287ce7d244c789d6d1b30f1e19f4] 10.0.0.45 "GET /v2.0/security-groups?id=0bead9bc-60b4-45a9-94db-6007cccc9a0c&fields=id&fields=name HTTP/1.1" status: 200 len: 312 time: 0.0373001
2026-09-12 05:16:20.523 9 INFO neutron.wsgi [None req-1768b402-6d5f-44e4-8259-82107cbba438 4d8d455d369f40ec95a0176dde643f59 b3b32864faa546b296939620867862e3 - - - -] 10.0.0.140 "DELETE /v2.0/ports/b5a7a114-cc5d-4b11-89ac-670d9c64c09d HTTP/1.1" status: 204 len: 168 time: 0.3720162
2026-09-12 05:16:20.543 9 INFO neutron.pecan_wsgi.hooks.translation [None req-27697c47-62d5-4da7-aab7-9a23e607ddc4 4d8d455d369f40ec95a0176dde643f59 b3b32864faa546b296939620867862e3 - - default default] GET failed (client error): The resource could not be found.
2026-09-12 05:16:20.545 9 INFO neutron.wsgi [None req-27697c47-62d5-4da7-aab7-9a23e607ddc4 4d8d455d369f40ec95a0176dde643f59 b3b32864faa546b296939620867862e3 - - default default] 10.0.0.140 "GET /v2.0/ports/b5a7a114-cc5d-4b11-89ac-670d9c64c09d HTTP/1.1" status: 404 len: 333 time: 0.0172193
2026-09-12 05:16:20.745 9 INFO neutron.wsgi [None req-29213745-6d0b-4bea-a324-a9e0fd958b40 4d8d455d369f40ec95a0176dde643f59 b3b32864faa546b296939620867862e3 - - - -] 10.0.0.140 "DELETE /v2.0/subnets/d931de8c-9548-4506-adea-aa080a6817f0 HTTP/1.1" status: 204 len: 168 time: 0.1958864
2026-09-12 05:16:21.337 9 INFO neutron.services.segments.plugin [-] Segment 25d08998-d02f-4b19-9dea-df2c7f4ea3eb resource provider aggregate not found
2026-09-12 05:16:21.353 9 INFO neutron.services.segments.plugin [-] Segment 25d08998-d02f-4b19-9dea-df2c7f4ea3eb resource provider aggregate not found
2026-09-12 05:16:21.376 9 INFO neutron.services.segments.plugin [-] Segment 25d08998-d02f-4b19-9dea-df2c7f4ea3eb resource provider not found; error: Placement Client Error (4xx): {"errors": [{"status": 404, "title": "Not Found", "detail": "The resource could not be found.\n\n No resource provider with uuid 25d08998-d02f-4b19-9dea-df2c7f4ea3eb found for delete ", "request_id": "req-73475ce9-bb09-4c78-97c0-ec96f6bfa0dd"}]}
2026-09-12 05:16:21.379 9 INFO neutron.services.segments.plugin [-] Segment 25d08998-d02f-4b19-9dea-df2c7f4ea3eb resource provider not found; error: Placement Client Error (4xx): {"errors": [{"status": 404, "title": "Not Found", "detail": "The resource could not be found.\n\n No resource provider with uuid 25d08998-d02f-4b19-9dea-df2c7f4ea3eb found for delete ", "request_id": "req-138f331a-d980-4631-addf-b37aecf6e1e0"}]}
2026-09-12 05:16:21.403 9 INFO neutron.wsgi [None req-e0d16de4-09af-4436-9853-4bb211ae4e3a 4d8d455d369f40ec95a0176dde643f59 b3b32864faa546b296939620867862e3 - - - -] 10.0.0.140 "DELETE /v2.0/networks/83d0277b-9df2-4b0e-8e1b-568fec849f8f HTTP/1.1" status: 204 len: 168 time: 0.6508594
2026-09-12 05:16:21.429 10 INFO neutron.plugins.ml2.drivers.ovn.mech_driver.mech_driver [None req-f4010fcd-c45b-4954-aa5b-f18dc71b67ee - - - - - -] OVN reports status down for port: b103aa8b-527c-466d-98c3-b6d34dda1816
2026-09-12 05:16:21.495 10 INFO neutron.wsgi [req-3264dd6a-669f-4834-9f18-3532258943fd req-91aa6548-f371-4c2b-abc5-3973dfe2ed8c d44f0406c1b4444ba4659d5ba44e4043 269920ddf0054bd3b6ed5aee11b69930 - - default default] 10.0.0.239 "GET /v2.0/ports?device_id=aca82f19-ecc2-404d-8153-0645c9a87081 HTTP/1.1" status: 200 len: 1170 time: 0.1392879
2026-09-12 05:16:21.545 10 INFO neutron.wsgi [req-3264dd6a-669f-4834-9f18-3532258943fd req-468aaa03-15c9-4756-a0fa-9a82e0ed4577 d44f0406c1b4444ba4659d5ba44e4043 269920ddf0054bd3b6ed5aee11b69930 - - default default] 10.0.0.239 "GET /v2.0/security-groups?id=0bead9bc-60b4-45a9-94db-6007cccc9a0c&fields=id&fields=name HTTP/1.1" status: 200 len: 312 time: 0.0449979
2026-09-12 05:16:21.621 10 INFO neutron.notifiers.nova [-] Nova event matching ['req-59923470-d669-4004-8ebb-39d3ac376ba7'] response: {'server_uuid': 'aca82f19-ecc2-404d-8153-0645c9a87081', 'name': 'network-vif-unplugged', 'status': 'completed', 'tag': 'b103aa8b-527c-466d-98c3-b6d34dda1816', 'code': 200}
2026-09-12 05:16:21.647 9 WARNING neutron.scheduler.dhcp_agent_scheduler [None req-ae06d094-8001-44e9-bdfe-e225388a7ddb 4d8d455d369f40ec95a0176dde643f59 b3b32864faa546b296939620867862e3 - - - -] No more DHCP agents
2026-09-12 05:16:21.649 9 WARNING neutron.api.rpc.agentnotifiers.dhcp_rpc_agent_api [None req-ae06d094-8001-44e9-bdfe-e225388a7ddb 4d8d455d369f40ec95a0176dde643f59 b3b32864faa546b296939620867862e3 - - - -] Unable to schedule network 86b06987-2769-48f7-b3b1-6fddce839f48: no agents available; will retry on subsequent port and subnet creation events.
2026-09-12 05:16:21.680 10 INFO neutron.wsgi [req-935b348c-0e7b-4dc6-889c-65ee3290c6cb req-f4148e48-f87c-44f9-a021-8f69a25f7748 d44f0406c1b4444ba4659d5ba44e4043 269920ddf0054bd3b6ed5aee11b69930 - - default default] 162.253.55.43 "GET /v2.0/ports?device_id=aca82f19-ecc2-404d-8153-0645c9a87081 HTTP/1.1" status: 200 len: 1168 time: 0.0399456
2026-09-12 05:16:21.710 9 INFO neutron.db.ovn_revision_numbers_db [None req-ae06d094-8001-44e9-bdfe-e225388a7ddb 4d8d455d369f40ec95a0176dde643f59 b3b32864faa546b296939620867862e3 - - - -] Successfully bumped revision number for resource 4e1df0c1-fcce-48fa-94dd-8cb2bc66a989 (type: ports) to 1
2026-09-12 05:16:21.727 9 INFO neutron.wsgi [None req-ae06d094-8001-44e9-bdfe-e225388a7ddb 4d8d455d369f40ec95a0176dde643f59 b3b32864faa546b296939620867862e3 - - - -] 10.0.0.140 "POST /v2.0/ports HTTP/1.1" status: 201 len: 974 time: 0.3140914 /var/lib/openstack/lib/python3.10/site-packages/pycadf/identifier.py:71: UserWarning: Invalid uuid: neutron. To ensure interoperability, identifiers should be a valid uuid. warnings.warn(('Invalid uuid: %s. To ensure interoperability, '
