2026-09-12 05:18:00.213 10 INFO neutron.wsgi [None req-bcd2ffa1-fb92-4c24-ad06-9ea495c3992a 63a333fc10f94c65b09b684c5c38a49c 28a459865e9c48a68deabc445c2b67d1 - - - -] 10.0.0.140 "POST /v2.0/floatingips HTTP/1.1" status: 201 len: 751 time: 1.0293164
2026-09-12 05:18:00.559 10 WARNING neutron.scheduler.dhcp_agent_scheduler [None req-4492a66f-1b19-4b8f-a2c4-e205f11d5bdc 63a333fc10f94c65b09b684c5c38a49c 28a459865e9c48a68deabc445c2b67d1 - - - -] No more DHCP agents
2026-09-12 05:18:00.561 10 WARNING neutron.api.rpc.agentnotifiers.dhcp_rpc_agent_api [None req-4492a66f-1b19-4b8f-a2c4-e205f11d5bdc 63a333fc10f94c65b09b684c5c38a49c 28a459865e9c48a68deabc445c2b67d1 - - - -] Unable to schedule network f4c1c2ff-ed9f-4bf4-9a30-87877b7ba6f7: no agents available; will retry on subsequent port and subnet creation events.
2026-09-12 05:18:00.851 10 INFO neutron.db.ovn_revision_numbers_db [None req-4492a66f-1b19-4b8f-a2c4-e205f11d5bdc 63a333fc10f94c65b09b684c5c38a49c 28a459865e9c48a68deabc445c2b67d1 - - - -] Successfully bumped revision number for resource fa204c47-9628-446a-a992-01e39acda891 (type: floatingips) to 0
2026-09-12 05:18:00.866 10 INFO neutron.wsgi [None req-4492a66f-1b19-4b8f-a2c4-e205f11d5bdc 63a333fc10f94c65b09b684c5c38a49c 28a459865e9c48a68deabc445c2b67d1 - - - -] 10.0.0.140 "POST /v2.0/floatingips HTTP/1.1" status: 201 len: 751 time: 0.6419153
2026-09-12 05:18:01.122 10 WARNING neutron.scheduler.dhcp_agent_scheduler [None req-f63ea67c-0b1f-427e-a1ab-81c240d39d71 63a333fc10f94c65b09b684c5c38a49c 28a459865e9c48a68deabc445c2b67d1 - - - -] No more DHCP agents
2026-09-12 05:18:01.125 10 WARNING neutron.api.rpc.agentnotifiers.dhcp_rpc_agent_api [None req-f63ea67c-0b1f-427e-a1ab-81c240d39d71 63a333fc10f94c65b09b684c5c38a49c 28a459865e9c48a68deabc445c2b67d1 - - - -] Unable to schedule network f4c1c2ff-ed9f-4bf4-9a30-87877b7ba6f7: no agents available; will retry on subsequent port and subnet creation events.
2026-09-12 05:18:01.404 10 INFO neutron.db.ovn_revision_numbers_db [None req-f63ea67c-0b1f-427e-a1ab-81c240d39d71 63a333fc10f94c65b09b684c5c38a49c 28a459865e9c48a68deabc445c2b67d1 - - - -] Successfully bumped revision number for resource adc3946c-9886-49d0-8e79-bb8089affa2c (type: floatingips) to 0
2026-09-12 05:18:01.417 10 INFO neutron.wsgi [None req-f63ea67c-0b1f-427e-a1ab-81c240d39d71 63a333fc10f94c65b09b684c5c38a49c 28a459865e9c48a68deabc445c2b67d1 - - - -] 10.0.0.140 "POST /v2.0/floatingips HTTP/1.1" status: 201 len: 751 time: 0.5462117
2026-09-12 05:18:01.652 10 WARNING neutron.scheduler.dhcp_agent_scheduler [None req-39c9b829-6759-4cb8-bd35-000e398bcb36 63a333fc10f94c65b09b684c5c38a49c 28a459865e9c48a68deabc445c2b67d1 - - - -] No more DHCP agents
2026-09-12 05:18:01.654 10 WARNING neutron.api.rpc.agentnotifiers.dhcp_rpc_agent_api [None req-39c9b829-6759-4cb8-bd35-000e398bcb36 63a333fc10f94c65b09b684c5c38a49c 28a459865e9c48a68deabc445c2b67d1 - - - -] Unable to schedule network f4c1c2ff-ed9f-4bf4-9a30-87877b7ba6f7: no agents available; will retry on subsequent port and subnet creation events.
2026-09-12 05:18:01.905 10 INFO neutron.db.ovn_revision_numbers_db [None req-39c9b829-6759-4cb8-bd35-000e398bcb36 63a333fc10f94c65b09b684c5c38a49c 28a459865e9c48a68deabc445c2b67d1 - - - -] Successfully bumped revision number for resource c1a8f43e-76e3-4662-b433-42dd8d1ecb2a (type: floatingips) to 0
2026-09-12 05:18:01.921 10 INFO neutron.wsgi [None req-39c9b829-6759-4cb8-bd35-000e398bcb36 63a333fc10f94c65b09b684c5c38a49c 28a459865e9c48a68deabc445c2b67d1 - - - -] 10.0.0.140 "POST /v2.0/floatingips HTTP/1.1" status: 201 len: 751 time: 0.4979300
2026-09-12 05:18:02.172 10 WARNING neutron.scheduler.dhcp_agent_scheduler [None req-bd93bc72-22c6-40ee-8a9a-e1e460053e67 63a333fc10f94c65b09b684c5c38a49c 28a459865e9c48a68deabc445c2b67d1 - - - -] No more DHCP agents
2026-09-12 05:18:02.175 10 WARNING neutron.api.rpc.agentnotifiers.dhcp_rpc_agent_api [None req-bd93bc72-22c6-40ee-8a9a-e1e460053e67 63a333fc10f94c65b09b684c5c38a49c 28a459865e9c48a68deabc445c2b67d1 - - - -] Unable to schedule network f4c1c2ff-ed9f-4bf4-9a30-87877b7ba6f7: no agents available; will retry on subsequent port and subnet creation events.
2026-09-12 05:18:02.423 10 INFO neutron.db.ovn_revision_numbers_db [None req-bd93bc72-22c6-40ee-8a9a-e1e460053e67 63a333fc10f94c65b09b684c5c38a49c 28a459865e9c48a68deabc445c2b67d1 - - - -] Successfully bumped revision number for resource 8e1d809b-b389-4cbb-aa03-5dd75a255d5e (type: floatingips) to 0
2026-09-12 05:18:02.435 10 INFO neutron.wsgi [None req-bd93bc72-22c6-40ee-8a9a-e1e460053e67 63a333fc10f94c65b09b684c5c38a49c 28a459865e9c48a68deabc445c2b67d1 - - - -] 10.0.0.140 "POST /v2.0/floatingips HTTP/1.1" status: 201 len: 751 time: 0.5096636
2026-09-12 05:18:02.474 10 INFO neutron.wsgi [None req-da56c6b5-9c7d-4a12-b2f0-5a5a3f584ade 63a333fc10f94c65b09b684c5c38a49c 28a459865e9c48a68deabc445c2b67d1 - - - -] 10.0.0.140 "PUT /v2.0/floatingips/dc5278b9-33a0-48c0-b80b-0abfed1bd83b/tags HTTP/1.1" status: 200 len: 210 time: 0.0335653
2026-09-12 05:18:02.508 10 INFO neutron.wsgi [None req-613bb305-faec-4209-a4f1-6ddf62bd39d1 63a333fc10f94c65b09b684c5c38a49c 28a459865e9c48a68deabc445c2b67d1 - - - -] 10.0.0.140 "PUT /v2.0/floatingips/fa204c47-9628-446a-a992-01e39acda891/tags HTTP/1.1" status: 200 len: 218 time: 0.0293882
2026-09-12 05:18:02.552 10 INFO neutron.wsgi [None req-cf8675c5-5d8a-4111-9f98-232d6f441c24 63a333fc10f94c65b09b684c5c38a49c 28a459865e9c48a68deabc445c2b67d1 - - - -] 10.0.0.140 "PUT /v2.0/floatingips/adc3946c-9886-49d0-8e79-bb8089affa2c/tags HTTP/1.1" status: 200 len: 227 time: 0.0368657
2026-09-12 05:18:02.588 10 INFO neutron.wsgi [None req-a6623fe0-32ba-433c-b9c9-ea23154186a0 63a333fc10f94c65b09b684c5c38a49c 28a459865e9c48a68deabc445c2b67d1 - - - -] 10.0.0.140 "PUT /v2.0/floatingips/c1a8f43e-76e3-4662-b433-42dd8d1ecb2a/tags HTTP/1.1" status: 200 len: 212 time: 0.0307915
2026-09-12 05:18:02.633 10 INFO neutron.wsgi [None req-4005c7fd-1d78-4689-9a57-ce15bea976fe 63a333fc10f94c65b09b684c5c38a49c 28a459865e9c48a68deabc445c2b67d1 - - default default] 10.0.0.140 "GET /v2.0/floatingips?tags=red HTTP/1.1" status: 200 len: 1866 time: 0.0387876
2026-09-12 05:18:02.676 10 INFO neutron.wsgi [None req-97b249f4-9457-40e5-a6be-53168091e675 63a333fc10f94c65b09b684c5c38a49c 28a459865e9c48a68deabc445c2b67d1 - - default default] 10.0.0.140 "GET /v2.0/floatingips?tags=red%2Cblue HTTP/1.1" status: 200 len: 1323 time: 0.0372674
2026-09-12 05:18:02.717 10 INFO neutron.wsgi [None req-a810269b-9bf0-4d85-8ac8-a59effb9c3c5 63a333fc10f94c65b09b684c5c38a49c 28a459865e9c48a68deabc445c2b67d1 - - default default] 10.0.0.140 "GET /v2.0/floatingips?tags-any=blue HTTP/1.1" status: 200 len: 1323 time: 0.0356636
2026-09-12 05:18:02.751 10 INFO neutron.wsgi [None req-d958cf52-a38e-42ab-a949-bb3e2af9c386 63a333fc10f94c65b09b684c5c38a49c 28a459865e9c48a68deabc445c2b67d1 - - default default] 10.0.0.140 "GET /v2.0/floatingips?tags-any=red%2Cblue HTTP/1.1" status: 200 len: 1866 time: 0.0292871
2026-09-12 05:18:02.792 10 INFO neutron.wsgi [None req-a97038f3-7e8b-4349-86d0-658a67064281 63a333fc10f94c65b09b684c5c38a49c 28a459865e9c48a68deabc445c2b67d1 - - default default] 10.0.0.140 "GET /v2.0/floatingips?not-tags=red HTTP/1.1" status: 200 len: 1295 time: 0.0366507
2026-09-12 05:18:02.883 10 INFO neutron.wsgi [None req-9e9602d7-60f9-45d3-8572-0fc77e72067b 63a333fc10f94c65b09b684c5c38a49c 28a459865e9c48a68deabc445c2b67d1 - - default default] 10.0.0.140 "GET /v2.0/floatingips?not-tags=red%2Cblue HTTP/1.1" status: 200 len: 1838 time: 0.0859928
2026-09-12 05:18:02.955 9 INFO neutron.wsgi [None req-7cf6e07f-e504-44b2-9c0a-43eea83a3491 63a333fc10f94c65b09b684c5c38a49c 28a459865e9c48a68deabc445c2b67d1 - - default default] 10.0.0.140 "GET /v2.0/floatingips?not-tags-any=blue HTTP/1.1" status: 200 len: 1838 time: 0.0665684
2026-09-12 05:18:03.010 9 INFO neutron.wsgi [None req-988fb584-18d4-4324-828d-1fe628df6c17 63a333fc10f94c65b09b684c5c38a49c 28a459865e9c48a68deabc445c2b67d1 - - default default] 10.0.0.140 "GET /v2.0/floatingips?not-tags-any=red%2Cblue HTTP/1.1" status: 200 len: 1295 time: 0.0489089
2026-09-12 05:18:03.401 9 INFO neutron.wsgi [None req-2e87a5d9-ffd0-48ba-8282-9bb5bcb89718 63a333fc10f94c65b09b684c5c38a49c 28a459865e9c48a68deabc445c2b67d1 - - - -] 10.0.0.140 "DELETE /v2.0/floatingips/dc5278b9-33a0-48c0-b80b-0abfed1bd83b HTTP/1.1" status: 204 len: 168 time: 0.3847845
2026-09-12 05:18:03.689 9 INFO neutron.wsgi [None req-968e3509-d5f7-4207-bbb9-5c70ccb52b73 63a333fc10f94c65b09b684c5c38a49c 28a459865e9c48a68deabc445c2b67d1 - - - -] 10.0.0.140 "DELETE /v2.0/floatingips/fa204c47-9628-446a-a992-01e39acda891 HTTP/1.1" status: 204 len: 168 time: 0.2828219
2026-09-12 05:18:04.047 9 INFO neutron.wsgi [None req-9cebdf82-1313-4c97-930a-75642c99746f 63a333fc10f94c65b09b684c5c38a49c 28a459865e9c48a68deabc445c2b67d1 - - - -] 10.0.0.140 "DELETE /v2.0/floatingips/adc3946c-9886-49d0-8e79-bb8089affa2c HTTP/1.1" status: 204 len: 168 time: 0.3522401
2026-09-12 05:18:04.371 9 INFO neutron.wsgi [None req-7b46a2b1-0f90-454d-a189-d46ac5e29e37 63a333fc10f94c65b09b684c5c38a49c 28a459865e9c48a68deabc445c2b67d1 - - - -] 10.0.0.140 "DELETE /v2.0/floatingips/c1a8f43e-76e3-4662-b433-42dd8d1ecb2a HTTP/1.1" status: 204 len: 168 time: 0.3159995
2026-09-12 05:18:04.681 9 INFO neutron.wsgi [None req-7829c024-8c86-4c57-8de4-e7879f01fc17 63a333fc10f94c65b09b684c5c38a49c 28a459865e9c48a68deabc445c2b67d1 - - - -] 10.0.0.140 "DELETE /v2.0/floatingips/8e1d809b-b389-4cbb-aa03-5dd75a255d5e HTTP/1.1" status: 204 len: 168 time: 0.3045692
2026-09-12 05:18:04.910 10 INFO neutron.db.ovn_revision_numbers_db [None req-8ef5dfc0-5b05-4fd5-ad7a-588f328b117b 36fde27f883a4d2cbe4df3fa7cd57921 63283a216e1548f98ae08a97c929d119 - - - -] Successfully bumped revision number for resource 94c7ebbf-6193-4902-8bda-f6a3598befb5 (type: routers) to 1
2026-09-12 05:18:04.931 10 INFO neutron.wsgi [None req-8ef5dfc0-5b05-4fd5-ad7a-588f328b117b 36fde27f883a4d2cbe4df3fa7cd57921 63283a216e1548f98ae08a97c929d119 - - - -] 10.0.0.140 "POST /v2.0/routers HTTP/1.1" status: 201 len: 654 time: 0.6564806
2026-09-12 05:18:05.181 10 INFO neutron.db.ovn_revision_numbers_db [None req-e6cda9bf-7024-4433-8815-65c6130f029e 36fde27f883a4d2cbe4df3fa7cd57921 63283a216e1548f98ae08a97c929d119 - - - -] Successfully bumped revision number for resource 18379107-b03e-4df1-be43-dc4492be861c (type: routers) to 1
2026-09-12 05:18:05.195 10 INFO neutron.wsgi [None req-e6cda9bf-7024-4433-8815-65c6130f029e 36fde27f883a4d2cbe4df3fa7cd57921 63283a216e1548f98ae08a97c929d119 - - - -] 10.0.0.140 "POST /v2.0/routers HTTP/1.1" status: 201 len: 654 time: 0.2591326
2026-09-12 05:18:05.355 10 INFO neutron.db.ovn_revision_numbers_db [None req-cb5971ed-0b0c-457f-82bb-e51aee1d0405 36fde27f883a4d2cbe4df3fa7cd57921 63283a216e1548f98ae08a97c929d119 - - - -] Successfully bumped revision number for resource bc9999bc-62ef-4048-a379-56b46c5381ba (type: routers) to 1
2026-09-12 05:18:05.375 10 INFO neutron.wsgi [None req-cb5971ed-0b0c-457f-82bb-e51aee1d0405 36fde27f883a4d2cbe4df3fa7cd57921 63283a216e1548f98ae08a97c929d119 - - - -] 10.0.0.140 "POST /v2.0/routers HTTP/1.1" status: 201 len: 654 time: 0.1732194
2026-09-12 05:18:05.542 10 INFO neutron.db.ovn_revision_numbers_db [None req-488df4c6-7b12-4b85-9bc2-f99b73af68bd 36fde27f883a4d2cbe4df3fa7cd57921 63283a216e1548f98ae08a97c929d119 - - - -] Successfully bumped revision number for resource 27da454e-0f50-4f99-b2f9-6e89f39b253e (type: routers) to 1
2026-09-12 05:18:05.554 10 INFO neutron.wsgi [None req-488df4c6-7b12-4b85-9bc2-f99b73af68bd 36fde27f883a4d2cbe4df3fa7cd57921 63283a216e1548f98ae08a97c929d119 - - - -] 10.0.0.140 "POST /v2.0/routers HTTP/1.1" status: 201 len: 654 time: 0.1640780
2026-09-12 05:18:05.697 10 INFO neutron.db.ovn_revision_numbers_db [None req-bab86392-e395-4a9f-88ca-ee594018b13e 36fde27f883a4d2cbe4df3fa7cd57921 63283a216e1548f98ae08a97c929d119 - - - -] Successfully bumped revision number for resource 1bddbb09-3d4b-497c-82c4-f84db2892e05 (type: routers) to 1
2026-09-12 05:18:05.710 10 INFO neutron.wsgi [None req-bab86392-e395-4a9f-88ca-ee594018b13e 36fde27f883a4d2cbe4df3fa7cd57921 63283a216e1548f98ae08a97c929d119 - - - -] 10.0.0.140 "POST /v2.0/routers HTTP/1.1" status: 201 len: 654 time: 0.1509352
2026-09-12 05:18:05.761 10 INFO neutron.wsgi [None req-d1672dda-fe53-4864-9b5c-617cc6572dda 36fde27f883a4d2cbe4df3fa7cd57921 63283a216e1548f98ae08a97c929d119 - - - -] 10.0.0.140 "PUT /v2.0/routers/94c7ebbf-6193-4902-8bda-f6a3598befb5/tags HTTP/1.1" status: 200 len: 210 time: 0.0467489
2026-09-12 05:18:05.861 9 INFO neutron.wsgi [None req-3f077f9b-7c6a-434a-a0dc-533e08b6ec74 36fde27f883a4d2cbe4df3fa7cd57921 63283a216e1548f98ae08a97c929d119 - - - -] 10.0.0.140 "PUT /v2.0/routers/18379107-b03e-4df1-be43-dc4492be861c/tags HTTP/1.1" status: 200 len: 218 time: 0.0966055
2026-09-12 05:18:05.922 9 INFO neutron.db.ovn_revision_numbers_db [None req-b91b4ef4-5872-4bdf-9d35-1d8cb202cf38 6d7a6c0f332e49568f995b49d66aaa1b 82ed8b0e619b40d1b675607182c9cd58 - - default default] Successfully bumped revision number for resource a7db99c9-3f61-4bee-82bc-336c5f388c9a (type: security_groups) to 1
2026-09-12 05:18:05.925 10 INFO neutron.wsgi [None req-d293a740-ba7f-46f6-ab53-112d1a699da3 36fde27f883a4d2cbe4df3fa7cd57921 63283a216e1548f98ae08a97c929d119 - - - -] 10.0.0.140 "PUT /v2.0/routers/bc9999bc-62ef-4048-a379-56b46c5381ba/tags HTTP/1.1" status: 200 len: 227 time: 0.0598056
2026-09-12 05:18:05.940 9 INFO neutron.wsgi [None req-b91b4ef4-5872-4bdf-9d35-1d8cb202cf38 6d7a6c0f332e49568f995b49d66aaa1b 82ed8b0e619b40d1b675607182c9cd58 - - default default] 10.0.0.140 "GET /v2.0/security-groups?tenant_id=28a459865e9c48a68deabc445c2b67d1&name=default HTTP/1.1" status: 200 len: 3000 time: 0.3295755
2026-09-12 05:18:05.974 10 INFO neutron.wsgi [None req-1ed33f21-991f-4bad-a666-1d30b7fb6368 36fde27f883a4d2cbe4df3fa7cd57921 63283a216e1548f98ae08a97c929d119 - - - -] 10.0.0.140 "PUT /v2.0/routers/27da454e-0f50-4f99-b2f9-6e89f39b253e/tags HTTP/1.1" status: 200 len: 212 time: 0.0440931
2026-09-12 05:18:06.102 10 INFO neutron.wsgi [None req-e4f846f2-023c-4b86-841c-2da6034bb884 36fde27f883a4d2cbe4df3fa7cd57921 63283a216e1548f98ae08a97c929d119 - - default default] 10.0.0.140 "GET /v2.0/routers?tags=red HTTP/1.1" status: 200 len: 1601 time: 0.1224120
2026-09-12 05:18:06.180 9 INFO neutron.wsgi [None req-f8dfcf25-8f67-484b-b84b-db092377a7fa 36fde27f883a4d2cbe4df3fa7cd57921 63283a216e1548f98ae08a97c929d119 - - default default] 10.0.0.140 "GET /v2.0/routers?tags=red%2Cblue HTTP/1.1" status: 200 len: 1144 time: 0.0690033
2026-09-12 05:18:06.222 9 INFO neutron.wsgi [None req-91cf15ec-aadd-48d5-aad6-c089d58dfdd2 6d7a6c0f332e49568f995b49d66aaa1b 82ed8b0e619b40d1b675607182c9cd58 - - - -] 10.0.0.140 "DELETE /v2.0/security-groups/a7db99c9-3f61-4bee-82bc-336c5f388c9a HTTP/1.1" status: 204 len: 168 time: 0.2765951
2026-09-12 05:18:06.271 9 INFO neutron.wsgi [None req-5345e79e-e53a-4d6e-97bd-a9737f3a36af 36fde27f883a4d2cbe4df3fa7cd57921 63283a216e1548f98ae08a97c929d119 - - default default] 10.0.0.140 "GET /v2.0/routers?tags-any=blue HTTP/1.1" status: 200 len: 1144 time: 0.0850034
2026-09-12 05:18:06.339 9 INFO neutron.wsgi [None req-127e430c-1754-46d5-a808-d8920a8efde1 36fde27f883a4d2cbe4df3fa7cd57921 63283a216e1548f98ae08a97c929d119 - - default default] 10.0.0.140 "GET /v2.0/routers?tags-any=red%2Cblue HTTP/1.1" status: 200 len: 1601 time: 0.0618343
2026-09-12 05:18:06.424 9 INFO neutron.db.ovn_revision_numbers_db [None req-b5f4a0df-2136-4a55-bb87-da25c6673258 6d7a6c0f332e49568f995b49d66aaa1b 82ed8b0e619b40d1b675607182c9cd58 - - default default] Successfully bumped revision number for resource c334439e-5fff-48c1-b2f3-ac18d034980c (type: security_groups) to 1
2026-09-12 05:18:06.442 9 INFO neutron.wsgi [None req-b5f4a0df-2136-4a55-bb87-da25c6673258 6d7a6c0f332e49568f995b49d66aaa1b 82ed8b0e619b40d1b675607182c9cd58 - - default default] 10.0.0.140 "GET /v2.0/security-groups?tenant_id=5593f0715dd14ed6a8653779f18ff8ce&name=default HTTP/1.1" status: 200 len: 3000 time: 0.1004155
2026-09-12 05:18:06.454 10 INFO neutron.wsgi [None req-c83047a8-dee6-4289-a44b-465f264d32cf 36fde27f883a4d2cbe4df3fa7cd57921 63283a216e1548f98ae08a97c929d119 - - default default] 10.0.0.140 "GET /v2.0/routers?not-tags=red HTTP/1.1" status: 200 len: 1116 time: 0.1095722
2026-09-12 05:18:06.531 9 INFO neutron.wsgi [None req-81697ea4-0067-45b1-b09b-99c2ecd7a446 36fde27f883a4d2cbe4df3fa7cd57921 63283a216e1548f98ae08a97c929d119 - - default default] 10.0.0.140 "GET /v2.0/routers?not-tags=red%2Cblue HTTP/1.1" status: 200 len: 1573 time: 0.0721099
2026-09-12 05:18:06.842 9 INFO neutron.wsgi [None req-710c7cf4-e2b8-44e8-b715-4e975014faab 36fde27f883a4d2cbe4df3fa7cd57921 63283a216e1548f98ae08a97c929d119 - - default default] 10.0.0.140 "GET /v2.0/routers?not-tags-any=blue HTTP/1.1" status: 200 len: 1573 time: 0.3026397
2026-09-12 05:18:06.898 9 INFO neutron.wsgi [None req-d5aa91bb-9389-4c4f-acc8-e66e2f01e1c5 36fde27f883a4d2cbe4df3fa7cd57921 63283a216e1548f98ae08a97c929d119 - - default default] 10.0.0.140 "GET /v2.0/routers?not-tags-any=red%2Cblue HTTP/1.1" status: 200 len: 1116 time: 0.0496569
2026-09-12 05:18:06.978 9 INFO neutron.wsgi [None req-3afe2dfe-1bdf-47b7-b648-f1d1c8084106 6d7a6c0f332e49568f995b49d66aaa1b 82ed8b0e619b40d1b675607182c9cd58 - - - -] 10.0.0.140 "DELETE /v2.0/security-groups/c334439e-5fff-48c1-b2f3-ac18d034980c HTTP/1.1" status: 204 len: 168 time: 0.5303802
2026-09-12 05:18:07.239 10 INFO neutron.wsgi [None req-e670dc20-c3ee-48a4-891a-2e5355c3d5f5 36fde27f883a4d2cbe4df3fa7cd57921 63283a216e1548f98ae08a97c929d119 - - default default] 10.0.0.140 "GET /v2.0/routers/94c7ebbf-6193-4902-8bda-f6a3598befb5 HTTP/1.1" status: 200 len: 660 time: 0.3330071
2026-09-12 05:18:07.290 9 INFO neutron.db.ovn_revision_numbers_db [None req-fb01500d-d8b6-427c-ab51-2d2c887773f8 6d7a6c0f332e49568f995b49d66aaa1b 82ed8b0e619b40d1b675607182c9cd58 - - default default] Successfully bumped revision number for resource ef2ba28d-285f-41de-a956-373e2d8fc758 (type: security_groups) to 1
2026-09-12 05:18:07.308 9 INFO neutron.wsgi [None req-fb01500d-d8b6-427c-ab51-2d2c887773f8 6d7a6c0f332e49568f995b49d66aaa1b 82ed8b0e619b40d1b675607182c9cd58 - - default default] 10.0.0.140 "GET /v2.0/security-groups?tenant_id=2b0b3f7d0f2046d6bc989b842cfc527e&name=default HTTP/1.1" status: 200 len: 3000 time: 0.1270945
2026-09-12 05:18:07.489 9 INFO neutron.wsgi [None req-953bb52a-d5af-48b1-aa2a-5871b3643708 6d7a6c0f332e49568f995b49d66aaa1b 82ed8b0e619b40d1b675607182c9cd58 - - - -] 10.0.0.140 "DELETE /v2.0/security-groups/ef2ba28d-285f-41de-a956-373e2d8fc758 HTTP/1.1" status: 204 len: 168 time: 0.1758423
2026-09-12 05:18:07.757 10 INFO neutron.db.ovn_revision_numbers_db [None req-e744bb9d-b560-4e0e-aa42-97c195e45daa 36fde27f883a4d2cbe4df3fa7cd57921 63283a216e1548f98ae08a97c929d119 - - - -] Successfully bumped revision number for resource 94c7ebbf-6193-4902-8bda-f6a3598befb5 (type: routers) to 4
2026-09-12 05:18:07.760 10 INFO neutron.wsgi [None req-e744bb9d-b560-4e0e-aa42-97c195e45daa 36fde27f883a4d2cbe4df3fa7cd57921 63283a216e1548f98ae08a97c929d119 - - - -] 10.0.0.140 "PUT /v2.0/routers/94c7ebbf-6193-4902-8bda-f6a3598befb5 HTTP/1.1" status: 200 len: 660 time: 0.5145972
2026-09-12 05:18:07.784 10 INFO neutron.wsgi [None req-db3e6b6b-a704-4901-b1b9-21d6b2685432 36fde27f883a4d2cbe4df3fa7cd57921 63283a216e1548f98ae08a97c929d119 - - default default] 10.0.0.140 "GET /v2.0/ports?device_id=94c7ebbf-6193-4902-8bda-f6a3598befb5 HTTP/1.1" status: 200 len: 205 time: 0.0183232
2026-09-12 05:18:08.054 10 INFO neutron.wsgi [None req-c6029ef5-ab96-4876-aa9f-adbc7a9086b9 36fde27f883a4d2cbe4df3fa7cd57921 63283a216e1548f98ae08a97c929d119 - - - -] 10.0.0.140 "DELETE /v2.0/routers/94c7ebbf-6193-4902-8bda-f6a3598befb5 HTTP/1.1" status: 204 len: 168 time: 0.2656102
2026-09-12 05:18:08.088 10 INFO neutron.wsgi [-] 10.0.0.141 "GET / HTTP/1.1" status: 200 len: 247 time: 0.0012314
2026-09-12 05:18:08.093 9 INFO neutron.wsgi [-] 10.0.0.141 "GET / HTTP/1.1" status: 200 len: 247 time: 0.0045950
2026-09-12 05:18:08.107 10 INFO neutron.wsgi [None req-e9ea2f37-9709-4425-8cfe-d80ca2378a2d 36fde27f883a4d2cbe4df3fa7cd57921 63283a216e1548f98ae08a97c929d119 - - default default] 10.0.0.140 "GET /v2.0/routers/18379107-b03e-4df1-be43-dc4492be861c HTTP/1.1" status: 200 len: 668 time: 0.0465467
2026-09-12 05:18:08.589 10 INFO neutron.db.ovn_revision_numbers_db [None req-74224b61-88e6-4e83-83f7-d2988ca651dd 36fde27f883a4d2cbe4df3fa7cd57921 63283a216e1548f98ae08a97c929d119 - - - -] Successfully bumped revision number for resource 18379107-b03e-4df1-be43-dc4492be861c (type: routers) to 4
2026-09-12 05:18:08.592 10 INFO neutron.wsgi [None req-74224b61-88e6-4e83-83f7-d2988ca651dd 36fde27f883a4d2cbe4df3fa7cd57921 63283a216e1548f98ae08a97c929d119 - - - -] 10.0.0.140 "PUT /v2.0/routers/18379107-b03e-4df1-be43-dc4492be861c HTTP/1.1" status: 200 len: 668 time: 0.4789684
2026-09-12 05:18:08.615 10 INFO neutron.wsgi [None req-95a7d6a2-7dd1-44c3-a497-af9eb3ae6cc8 36fde27f883a4d2cbe4df3fa7cd57921 63283a216e1548f98ae08a97c929d119 - - default default] 10.0.0.140 "GET /v2.0/ports?device_id=18379107-b03e-4df1-be43-dc4492be861c HTTP/1.1" status: 200 len: 205 time: 0.0168765
2026-09-12 05:18:09.109 10 INFO neutron.wsgi [None req-2ca454a5-216b-4d7c-b70b-4b2d3e568ec0 36fde27f883a4d2cbe4df3fa7cd57921 63283a216e1548f98ae08a97c929d119 - - - -] 10.0.0.140 "DELETE /v2.0/routers/18379107-b03e-4df1-be43-dc4492be861c HTTP/1.1" status: 204 len: 168 time: 0.4891379
2026-09-12 05:18:09.160 10 INFO neutron.wsgi [None req-64439683-52a4-40c7-a69c-a4ee6d222760 36fde27f883a4d2cbe4df3fa7cd57921 63283a216e1548f98ae08a97c929d119 - - default default] 10.0.0.140 "GET /v2.0/routers/bc9999bc-62ef-4048-a379-56b46c5381ba HTTP/1.1" status: 200 len: 677 time: 0.0454309
2026-09-12 05:18:09.556 10 INFO neutron.db.ovn_revision_numbers_db [None req-07211031-4736-459c-be91-6d348782323d 36fde27f883a4d2cbe4df3fa7cd57921 63283a216e1548f98ae08a97c929d119 - - - -] Successfully bumped revision number for resource bc9999bc-62ef-4048-a379-56b46c5381ba (type: routers) to 4
2026-09-12 05:18:09.559 10 INFO neutron.wsgi [None req-07211031-4736-459c-be91-6d348782323d 36fde27f883a4d2cbe4df3fa7cd57921 63283a216e1548f98ae08a97c929d119 - - - -] 10.0.0.140 "PUT /v2.0/routers/bc9999bc-62ef-4048-a379-56b46c5381ba HTTP/1.1" status: 200 len: 677 time: 0.3954275
2026-09-12 05:18:09.582 10 INFO neutron.wsgi [None req-86668662-a3c1-4f86-be07-63eeb59c0329 36fde27f883a4d2cbe4df3fa7cd57921 63283a216e1548f98ae08a97c929d119 - - default default] 10.0.0.140 "GET /v2.0/ports?device_id=bc9999bc-62ef-4048-a379-56b46c5381ba HTTP/1.1" status: 200 len: 205 time: 0.0175641
2026-09-12 05:18:09.795 10 INFO neutron.wsgi [None req-2a126d5f-6aca-4b2d-89d8-c0a38571024c 36fde27f883a4d2cbe4df3fa7cd57921 63283a216e1548f98ae08a97c929d119 - - - -] 10.0.0.140 "DELETE /v2.0/routers/bc9999bc-62ef-4048-a379-56b46c5381ba HTTP/1.1" status: 204 len: 168 time: 0.2076945
2026-09-12 05:18:09.894 9 INFO neutron.wsgi [None req-8ecad381-75e9-46fc-98dd-aaacbe9f760e 36fde27f883a4d2cbe4df3fa7cd57921 63283a216e1548f98ae08a97c929d119 - - default default] 10.0.0.140 "GET /v2.0/routers/27da454e-0f50-4f99-b2f9-6e89f39b253e HTTP/1.1" status: 200 len: 662 time: 0.0929163
2026-09-12 05:18:10.440 9 INFO neutron.db.ovn_revision_numbers_db [None req-cea4f400-e015-450b-9700-4cc03c303d1a 36fde27f883a4d2cbe4df3fa7cd57921 63283a216e1548f98ae08a97c929d119 - - - -] Successfully bumped revision number for resource 27da454e-0f50-4f99-b2f9-6e89f39b253e (type: routers) to 4
2026-09-12 05:18:10.443 9 INFO neutron.wsgi [None req-cea4f400-e015-450b-9700-4cc03c303d1a 36fde27f883a4d2cbe4df3fa7cd57921 63283a216e1548f98ae08a97c929d119 - - - -] 10.0.0.140 "PUT /v2.0/routers/27da454e-0f50-4f99-b2f9-6e89f39b253e HTTP/1.1" status: 200 len: 662 time: 0.5437984
2026-09-12 05:18:10.471 9 INFO neutron.wsgi [None req-9ecfa951-f729-4c1d-bac9-515f0a779db4 36fde27f883a4d2cbe4df3fa7cd57921 63283a216e1548f98ae08a97c929d119 - - default default] 10.0.0.140 "GET /v2.0/ports?device_id=27da454e-0f50-4f99-b2f9-6e89f39b253e HTTP/1.1" status: 200 len: 205 time: 0.0211692
2026-09-12 05:18:10.711 9 INFO neutron.wsgi [None req-2fa1192b-c505-4452-a7f2-4a48bc42d478 36fde27f883a4d2cbe4df3fa7cd57921 63283a216e1548f98ae08a97c929d119 - - - -] 10.0.0.140 "DELETE /v2.0/routers/27da454e-0f50-4f99-b2f9-6e89f39b253e HTTP/1.1" status: 204 len: 168 time: 0.2350531
2026-09-12 05:18:10.752 9 INFO neutron.wsgi [None req-452ae745-8cc1-4763-b22e-ec14050ef846 36fde27f883a4d2cbe4df3fa7cd57921 63283a216e1548f98ae08a97c929d119 - - default default] 10.0.0.140 "GET /v2.0/routers/1bddbb09-3d4b-497c-82c4-f84db2892e05 HTTP/1.1" status: 200 len: 655 time: 0.0372286
2026-09-12 05:18:11.439 9 INFO neutron.db.ovn_revision_numbers_db [None req-5527039b-5f0f-4d1a-8a67-ae1f5710cf0f 36fde27f883a4d2cbe4df3fa7cd57921 63283a216e1548f98ae08a97c929d119 - - - -] Successfully bumped revision number for resource 1bddbb09-3d4b-497c-82c4-f84db2892e05 (type: routers) to 3
2026-09-12 05:18:11.441 9 INFO neutron.wsgi [None req-5527039b-5f0f-4d1a-8a67-ae1f5710cf0f 36fde27f883a4d2cbe4df3fa7cd57921 63283a216e1548f98ae08a97c929d119 - - - -] 10.0.0.140 "PUT /v2.0/routers/1bddbb09-3d4b-497c-82c4-f84db2892e05 HTTP/1.1" status: 200 len: 655 time: 0.6855373
2026-09-12 05:18:11.476 9 INFO neutron.wsgi [None req-9d61a0c5-e977-4e70-9b62-9c76e5daf2ca 36fde27f883a4d2cbe4df3fa7cd57921 63283a216e1548f98ae08a97c929d119 - - default default] 10.0.0.140 "GET /v2.0/ports?device_id=1bddbb09-3d4b-497c-82c4-f84db2892e05 HTTP/1.1" status: 200 len: 205 time: 0.0161569
2026-09-12 05:18:11.671 9 INFO neutron.wsgi [None req-bd8fdc1a-50d4-4f63-a215-7d1d2cd04738 36fde27f883a4d2cbe4df3fa7cd57921 63283a216e1548f98ae08a97c929d119 - - - -] 10.0.0.140 "DELETE /v2.0/routers/1bddbb09-3d4b-497c-82c4-f84db2892e05 HTTP/1.1" status: 204 len: 168 time: 0.1916783
2026-09-12 05:18:12.312 9 INFO neutron.db.ovn_revision_numbers_db [None req-6b196dbb-3fc6-4f49-8056-d743d54e3ee9 407b555ca4ec4fcfb773904ee6273f6a 077ee3707c4847a09e1d0fa3c6a0d7ab - - - -] Successfully bumped revision number for resource e600a735-b0ec-4abd-9012-210aaf43d91f (type: security_groups) to 1
2026-09-12 05:18:12.377 9 INFO neutron.db.segments_db [None req-6b196dbb-3fc6-4f49-8056-d743d54e3ee9 407b555ca4ec4fcfb773904ee6273f6a 077ee3707c4847a09e1d0fa3c6a0d7ab - - - -] Added segment 87681390-84d3-4317-85b4-6d64eda45b22 of type geneve for network 4aa02d7b-4f4e-407b-ac1e-e582d6ea1f02
2026-09-12 05:18:12.525 9 INFO neutron.db.ovn_revision_numbers_db [None req-6b196dbb-3fc6-4f49-8056-d743d54e3ee9 407b555ca4ec4fcfb773904ee6273f6a 077ee3707c4847a09e1d0fa3c6a0d7ab - - - -] Successfully bumped revision number for resource 4aa02d7b-4f4e-407b-ac1e-e582d6ea1f02 (type: networks) to 1
2026-09-12 05:18:12.721 9 WARNING neutron.scheduler.dhcp_agent_scheduler [None req-6b196dbb-3fc6-4f49-8056-d743d54e3ee9 407b555ca4ec4fcfb773904ee6273f6a 077ee3707c4847a09e1d0fa3c6a0d7ab - - - -] No more DHCP agents
2026-09-12 05:18:12.723 9 WARNING neutron.api.rpc.agentnotifiers.dhcp_rpc_agent_api [None req-6b196dbb-3fc6-4f49-8056-d743d54e3ee9 407b555ca4ec4fcfb773904ee6273f6a 077ee3707c4847a09e1d0fa3c6a0d7ab - - - -] Unable to schedule network 4aa02d7b-4f4e-407b-ac1e-e582d6ea1f02: no agents available; will retry on subsequent port and subnet creation events.
2026-09-12 05:18:12.798 10 INFO neutron.db.ovn_revision_numbers_db [None req-92bb8713-cc87-4068-9dfa-7d03f45333d3 6d7a6c0f332e49568f995b49d66aaa1b 82ed8b0e619b40d1b675607182c9cd58 - - default default] Successfully bumped revision number for resource 4ae0ee3c-7852-4a46-82e8-3fd5274188f4 (type: security_groups) to 1
2026-09-12 05:18:12.801 9 INFO neutron.db.ovn_revision_numbers_db [None req-6b196dbb-3fc6-4f49-8056-d743d54e3ee9 407b555ca4ec4fcfb773904ee6273f6a 077ee3707c4847a09e1d0fa3c6a0d7ab - - - -] Successfully bumped revision number for resource e7ae6c92-5e48-474b-a29a-66366254592d (type: ports) to 1
2026-09-12 05:18:12.820 10 INFO neutron.wsgi [None req-92bb8713-cc87-4068-9dfa-7d03f45333d3 6d7a6c0f332e49568f995b49d66aaa1b 82ed8b0e619b40d1b675607182c9cd58 - - default default] 10.0.0.140 "GET /v2.0/security-groups?tenant_id=015afe21794148809d2c3d7e0ea78b3d&name=default HTTP/1.1" status: 200 len: 3000 time: 0.2728438
2026-09-12 05:18:12.836 9 INFO neutron.wsgi [None req-6b196dbb-3fc6-4f49-8056-d743d54e3ee9 407b555ca4ec4fcfb773904ee6273f6a 077ee3707c4847a09e1d0fa3c6a0d7ab - - - -] 10.0.0.140 "POST /v2.0/networks HTTP/1.1" status: 201 len: 830 time: 0.8772559
2026-09-12 05:18:12.975 9 INFO neutron.db.segments_db [None req-0b434b15-a108-44ee-a056-7ff44724c553 407b555ca4ec4fcfb773904ee6273f6a 077ee3707c4847a09e1d0fa3c6a0d7ab - - - -] Added segment 04109ff1-2efb-4192-a78a-7c08ceace248 of type geneve for network e67cbe70-e7ef-4e1c-8403-619959efa3a5
2026-09-12 05:18:13.059 10 INFO neutron.wsgi [None req-7ef86334-867a-4012-8793-a831c84b29ff 6d7a6c0f332e49568f995b49d66aaa1b 82ed8b0e619b40d1b675607182c9cd58 - - - -] 10.0.0.140 "DELETE /v2.0/security-groups/4ae0ee3c-7852-4a46-82e8-3fd5274188f4 HTTP/1.1" status: 204 len: 168 time: 0.2336087
2026-09-12 05:18:13.168 9 INFO neutron.db.ovn_revision_numbers_db [None req-0b434b15-a108-44ee-a056-7ff44724c553 407b555ca4ec4fcfb773904ee6273f6a 077ee3707c4847a09e1d0fa3c6a0d7ab - - - -] Successfully bumped revision number for resource e67cbe70-e7ef-4e1c-8403-619959efa3a5 (type: networks) to 1
2026-09-12 05:18:13.267 10 INFO neutron.db.ovn_revision_numbers_db [None req-24da8089-0e65-4300-a28f-47449a51e55e 6d7a6c0f332e49568f995b49d66aaa1b 82ed8b0e619b40d1b675607182c9cd58 - - default default] Successfully bumped revision number for resource a1c36334-01b3-4be5-8ba9-4deca736d3c9 (type: security_groups) to 1
2026-09-12 05:18:13.287 10 INFO neutron.wsgi [None req-24da8089-0e65-4300-a28f-47449a51e55e 6d7a6c0f332e49568f995b49d66aaa1b 82ed8b0e619b40d1b675607182c9cd58 - - default default] 10.0.0.140 "GET /v2.0/security-groups?tenant_id=e6a8d23684224969b115ec94905af76d&name=default HTTP/1.1" status: 200 len: 3000 time: 0.1085763
2026-09-12 05:18:13.345 9 WARNING neutron.scheduler.dhcp_agent_scheduler [None req-0b434b15-a108-44ee-a056-7ff44724c553 407b555ca4ec4fcfb773904ee6273f6a 077ee3707c4847a09e1d0fa3c6a0d7ab - - - -] No more DHCP agents
2026-09-12 05:18:13.346 9 WARNING neutron.api.rpc.agentnotifiers.dhcp_rpc_agent_api [None req-0b434b15-a108-44ee-a056-7ff44724c553 407b555ca4ec4fcfb773904ee6273f6a 077ee3707c4847a09e1d0fa3c6a0d7ab - - - -] Unable to schedule network e67cbe70-e7ef-4e1c-8403-619959efa3a5: no agents available; will retry on subsequent port and subnet creation events.
2026-09-12 05:18:13.406 9 INFO neutron.db.ovn_revision_numbers_db [None req-0b434b15-a108-44ee-a056-7ff44724c553 407b555ca4ec4fcfb773904ee6273f6a 077ee3707c4847a09e1d0fa3c6a0d7ab - - - -] Successfully bumped revision number for resource 68454168-dc4c-4cc4-96c0-2d62189359dd (type: ports) to 1
2026-09-12 05:18:13.425 9 INFO neutron.wsgi [None req-0b434b15-a108-44ee-a056-7ff44724c553 407b555ca4ec4fcfb773904ee6273f6a 077ee3707c4847a09e1d0fa3c6a0d7ab - - - -] 10.0.0.140 "POST /v2.0/networks HTTP/1.1" status: 201 len: 830 time: 0.5830152
2026-09-12 05:18:13.485 10 INFO neutron.wsgi [None req-9d0717b1-ae06-4d69-bff7-d9a6a23f6ba5 6d7a6c0f332e49568f995b49d66aaa1b 82ed8b0e619b40d1b675607182c9cd58 - - - -] 10.0.0.140 "DELETE /v2.0/security-groups/a1c36334-01b3-4be5-8ba9-4deca736d3c9 HTTP/1.1" status: 204 len: 168 time: 0.1924231
2026-09-12 05:18:13.564 10 INFO neutron.db.segments_db [None req-52539c8d-87f2-4db4-af18-e457362dc2dc 407b555ca4ec4fcfb773904ee6273f6a 077ee3707c4847a09e1d0fa3c6a0d7ab - - - -] Added segment 5296141c-9e5a-4199-8460-62017ff820f3 of type geneve for network 09503d2e-2d72-4afa-bfc3-b8458495718c
2026-09-12 05:18:13.788 10 INFO neutron.db.ovn_revision_numbers_db [None req-52539c8d-87f2-4db4-af18-e457362dc2dc 407b555ca4ec4fcfb773904ee6273f6a 077ee3707c4847a09e1d0fa3c6a0d7ab - - - -] Successfully bumped revision number for resource 09503d2e-2d72-4afa-bfc3-b8458495718c (type: networks) to 1
2026-09-12 05:18:13.878 10 INFO neutron.db.ovn_revision_numbers_db [None req-7d20ef92-a3d4-4d5e-af88-12a4511d2315 6d7a6c0f332e49568f995b49d66aaa1b 82ed8b0e619b40d1b675607182c9cd58 - - default default] Successfully bumped revision number for resource 7afe3b17-57dd-46f9-b121-6c1ee4fe753d (type: security_groups) to 1
2026-09-12 05:18:13.921 10 INFO neutron.wsgi [None req-7d20ef92-a3d4-4d5e-af88-12a4511d2315 6d7a6c0f332e49568f995b49d66aaa1b 82ed8b0e619b40d1b675607182c9cd58 - - default default] 10.0.0.140 "GET /v2.0/security-groups?tenant_id=63283a216e1548f98ae08a97c929d119&name=default HTTP/1.1" status: 200 len: 3000 time: 0.2501483
2026-09-12 05:18:14.037 10 WARNING neutron.scheduler.dhcp_agent_scheduler [None req-52539c8d-87f2-4db4-af18-e457362dc2dc 407b555ca4ec4fcfb773904ee6273f6a 077ee3707c4847a09e1d0fa3c6a0d7ab - - - -] No more DHCP agents
2026-09-12 05:18:14.043 10 WARNING neutron.api.rpc.agentnotifiers.dhcp_rpc_agent_api [None req-52539c8d-87f2-4db4-af18-e457362dc2dc 407b555ca4ec4fcfb773904ee6273f6a 077ee3707c4847a09e1d0fa3c6a0d7ab - - - -] Unable to schedule network 09503d2e-2d72-4afa-bfc3-b8458495718c: no agents available; will retry on subsequent port and subnet creation events.
2026-09-12 05:18:14.112 10 INFO neutron.db.ovn_revision_numbers_db [None req-52539c8d-87f2-4db4-af18-e457362dc2dc 407b555ca4ec4fcfb773904ee6273f6a 077ee3707c4847a09e1d0fa3c6a0d7ab - - - -] Successfully bumped revision number for resource 58a23bf4-5b47-40bd-a3b6-374d115fa476 (type: ports) to 1
2026-09-12 05:18:14.136 10 INFO neutron.wsgi [None req-52539c8d-87f2-4db4-af18-e457362dc2dc 407b555ca4ec4fcfb773904ee6273f6a 077ee3707c4847a09e1d0fa3c6a0d7ab - - - -] 10.0.0.140 "POST /v2.0/networks HTTP/1.1" status: 201 len: 831 time: 0.7050657
2026-09-12 05:18:14.177 9 INFO neutron.wsgi [None req-1925f3f3-b7dd-47b5-9759-474a1315edf2 6d7a6c0f332e49568f995b49d66aaa1b 82ed8b0e619b40d1b675607182c9cd58 - - - -] 10.0.0.140 "DELETE /v2.0/security-groups/7afe3b17-57dd-46f9-b121-6c1ee4fe753d HTTP/1.1" status: 204 len: 168 time: 0.2474124
2026-09-12 05:18:14.213 10 INFO neutron.db.segments_db [None req-e73e561e-301b-4774-baee-184eaac8dbd0 407b555ca4ec4fcfb773904ee6273f6a 077ee3707c4847a09e1d0fa3c6a0d7ab - - - -] Added segment 496e9c5b-3ed6-4007-b367-a20acd734069 of type geneve for network 0f7314ba-a2be-43bd-b6ba-09a792d377f7
2026-09-12 05:18:14.323 10 INFO neutron.db.ovn_revision_numbers_db [None req-e73e561e-301b-4774-baee-184eaac8dbd0 407b555ca4ec4fcfb773904ee6273f6a 077ee3707c4847a09e1d0fa3c6a0d7ab - - - -] Successfully bumped revision number for resource 0f7314ba-a2be-43bd-b6ba-09a792d377f7 (type: networks) to 1
2026-09-12 05:18:14.471 10 WARNING neutron.scheduler.dhcp_agent_scheduler [None req-e73e561e-301b-4774-baee-184eaac8dbd0 407b555ca4ec4fcfb773904ee6273f6a 077ee3707c4847a09e1d0fa3c6a0d7ab - - - -] No more DHCP agents
2026-09-12 05:18:14.472 10 WARNING neutron.api.rpc.agentnotifiers.dhcp_rpc_agent_api [None req-e73e561e-301b-4774-baee-184eaac8dbd0 407b555ca4ec4fcfb773904ee6273f6a 077ee3707c4847a09e1d0fa3c6a0d7ab - - - -] Unable to schedule network 0f7314ba-a2be-43bd-b6ba-09a792d377f7: no agents available; will retry on subsequent port and subnet creation events.
2026-09-12 05:18:14.522 10 INFO neutron.db.ovn_revision_numbers_db [None req-e73e561e-301b-4774-baee-184eaac8dbd0 407b555ca4ec4fcfb773904ee6273f6a 077ee3707c4847a09e1d0fa3c6a0d7ab - - - -] Successfully bumped revision number for resource f1b97f6b-7dce-4e51-ae4e-14434d4bbd1c (type: ports) to 1
2026-09-12 05:18:14.541 10 INFO neutron.wsgi [None req-e73e561e-301b-4774-baee-184eaac8dbd0 407b555ca4ec4fcfb773904ee6273f6a 077ee3707c4847a09e1d0fa3c6a0d7ab - - - -] 10.0.0.140 "POST /v2.0/networks HTTP/1.1" status: 201 len: 830 time: 0.3988400
2026-09-12 05:18:14.629 10 INFO neutron.db.segments_db [None req-921dcdec-7207-4609-bed2-4a74ad9d9349 407b555ca4ec4fcfb773904ee6273f6a 077ee3707c4847a09e1d0fa3c6a0d7ab - - - -] Added segment 1ec44d70-d06e-49eb-a08a-36da8c7efa3b of type geneve for network 82a95268-d184-4554-a4bc-f4e392f52104
2026-09-12 05:18:15.098 10 INFO neutron.db.ovn_revision_numbers_db [None req-921dcdec-7207-4609-bed2-4a74ad9d9349 407b555ca4ec4fcfb773904ee6273f6a 077ee3707c4847a09e1d0fa3c6a0d7ab - - - -] Successfully bumped revision number for resource 82a95268-d184-4554-a4bc-f4e392f52104 (type: networks) to 1
2026-09-12 05:18:15.255 10 WARNING neutron.scheduler.dhcp_agent_scheduler [None req-921dcdec-7207-4609-bed2-4a74ad9d9349 407b555ca4ec4fcfb773904ee6273f6a 077ee3707c4847a09e1d0fa3c6a0d7ab - - - -] No more DHCP agents
2026-09-12 05:18:15.257 10 WARNING neutron.api.rpc.agentnotifiers.dhcp_rpc_agent_api [None req-921dcdec-7207-4609-bed2-4a74ad9d9349 407b555ca4ec4fcfb773904ee6273f6a 077ee3707c4847a09e1d0fa3c6a0d7ab - - - -] Unable to schedule network 82a95268-d184-4554-a4bc-f4e392f52104: no agents available; will retry on subsequent port and subnet creation events.
2026-09-12 05:18:15.325 10 INFO neutron.db.ovn_revision_numbers_db [None req-921dcdec-7207-4609-bed2-4a74ad9d9349 407b555ca4ec4fcfb773904ee6273f6a 077ee3707c4847a09e1d0fa3c6a0d7ab - - - -] Successfully bumped revision number for resource 5cdfc75d-1bb6-4864-9ae2-78c3c75797a0 (type: ports) to 1
2026-09-12 05:18:15.344 10 INFO neutron.wsgi [None req-921dcdec-7207-4609-bed2-4a74ad9d9349 407b555ca4ec4fcfb773904ee6273f6a 077ee3707c4847a09e1d0fa3c6a0d7ab - - - -] 10.0.0.140 "POST /v2.0/networks HTTP/1.1" status: 201 len: 830 time: 0.7977219
2026-09-12 05:18:15.400 10 INFO neutron.wsgi [None req-8c8f8b54-b36b-4572-8eee-a750beac9a87 407b555ca4ec4fcfb773904ee6273f6a 077ee3707c4847a09e1d0fa3c6a0d7ab - - - -] 10.0.0.140 "PUT /v2.0/networks/4aa02d7b-4f4e-407b-ac1e-e582d6ea1f02/tags HTTP/1.1" status: 200 len: 210 time: 0.0517671
2026-09-12 05:18:15.450 10 INFO neutron.wsgi [None req-d5c79c96-b4ea-4269-8c92-0c6e912bb81c 407b555ca4ec4fcfb773904ee6273f6a 077ee3707c4847a09e1d0fa3c6a0d7ab - - - -] 10.0.0.140 "PUT /v2.0/networks/e67cbe70-e7ef-4e1c-8403-619959efa3a5/tags HTTP/1.1" status: 200 len: 218 time: 0.0450683
2026-09-12 05:18:15.514 10 INFO neutron.wsgi [None req-1d7feb30-57cc-48d5-a8d8-bd1bdd5db948 407b555ca4ec4fcfb773904ee6273f6a 077ee3707c4847a09e1d0fa3c6a0d7ab - - - -] 10.0.0.140 "PUT /v2.0/networks/09503d2e-2d72-4afa-bfc3-b8458495718c/tags HTTP/1.1" status: 200 len: 227 time: 0.0581238
2026-09-12 05:18:15.580 10 INFO neutron.wsgi [None req-14d91bea-9233-4e9b-96c4-143c6a8e4888 407b555ca4ec4fcfb773904ee6273f6a 077ee3707c4847a09e1d0fa3c6a0d7ab - - - -] 10.0.0.140 "PUT /v2.0/networks/0f7314ba-a2be-43bd-b6ba-09a792d377f7/tags HTTP/1.1" status: 200 len: 212 time: 0.0600896
2026-09-12 05:18:15.690 10 INFO neutron.wsgi [None req-deec1c38-377e-4282-9673-2ee057aa7c0d 407b555ca4ec4fcfb773904ee6273f6a 077ee3707c4847a09e1d0fa3c6a0d7ab - - default default] 10.0.0.140 "GET /v2.0/networks?tags=red HTTP/1.1" status: 200 len: 2068 time: 0.1035666
2026-09-12 05:18:15.780 10 INFO neutron.wsgi [None req-b4e0c644-77ea-44f2-85cb-56d01dc0bf0d 407b555ca4ec4fcfb773904ee6273f6a 077ee3707c4847a09e1d0fa3c6a0d7ab - - default default] 10.0.0.140 "GET /v2.0/networks?tags=red%2Cblue HTTP/1.1" status: 200 len: 1456 time: 0.0845764
2026-09-12 05:18:15.847 10 INFO neutron.wsgi [None req-2461e359-6c46-46d5-87e9-48a2b44fef4d 407b555ca4ec4fcfb773904ee6273f6a 077ee3707c4847a09e1d0fa3c6a0d7ab - - default default] 10.0.0.140 "GET /v2.0/networks?tags-any=blue HTTP/1.1" status: 200 len: 1456 time: 0.0616214
2026-09-12 05:18:15.903 10 INFO neutron.wsgi [None req-9b188463-6b1f-45ea-9655-9b10de65f92f 407b555ca4ec4fcfb773904ee6273f6a 077ee3707c4847a09e1d0fa3c6a0d7ab - - default default] 10.0.0.140 "GET /v2.0/networks?tags-any=red%2Cblue HTTP/1.1" status: 200 len: 2068 time: 0.0515051
2026-09-12 05:18:16.005 10 INFO neutron.wsgi [None req-c11d1f5f-b0fa-4a16-b267-639dafd4f634 407b555ca4ec4fcfb773904ee6273f6a 077ee3707c4847a09e1d0fa3c6a0d7ab - - default default] 10.0.0.140 "GET /v2.0/networks?not-tags=red HTTP/1.1" status: 200 len: 2067 time: 0.0973690
2026-09-12 05:18:16.180 10 INFO neutron.wsgi [None req-e4684caa-05a4-4757-8be7-dd622721ac04 407b555ca4ec4fcfb773904ee6273f6a 077ee3707c4847a09e1d0fa3c6a0d7ab - - default default] 10.0.0.140 "GET /v2.0/networks?not-tags=red%2Cblue HTTP/1.1" status: 200 len: 2679 time: 0.1684380
2026-09-12 05:18:16.288 9 INFO neutron.wsgi [None req-138c25bb-ab92-4566-b620-99fc62241cbc 407b555ca4ec4fcfb773904ee6273f6a 077ee3707c4847a09e1d0fa3c6a0d7ab - - default default] 10.0.0.140 "GET /v2.0/networks?not-tags-any=blue HTTP/1.1" status: 200 len: 2679 time: 0.1021338
2026-09-12 05:18:16.353 9 INFO neutron.wsgi [None req-4feccbe4-c1c7-4526-a29b-3dc9dafde627 407b555ca4ec4fcfb773904ee6273f6a 077ee3707c4847a09e1d0fa3c6a0d7ab - - default default] 10.0.0.140 "GET /v2.0/networks?not-tags-any=red%2Cblue HTTP/1.1" status: 200 len: 2067 time: 0.0598104
2026-09-12 05:18:16.680 9 INFO neutron.services.segments.plugin [-] Segment 87681390-84d3-4317-85b4-6d64eda45b22 resource provider aggregate not found
2026-09-12 05:18:16.687 9 INFO neutron.services.segments.plugin [-] Segment 87681390-84d3-4317-85b4-6d64eda45b22 resource provider aggregate not found
2026-09-12 05:18:16.709 9 INFO neutron.services.segments.plugin [-] Segment 87681390-84d3-4317-85b4-6d64eda45b22 resource provider not found; error: Placement Client Error (4xx): {"errors": [{"status": 404, "title": "Not Found", "detail": "The resource could not be found.\n\n No resource provider with uuid 87681390-84d3-4317-85b4-6d64eda45b22 found for delete ", "request_id": "req-2f526b2c-fdd2-4251-8fc6-4212e7854d4f"}]}
2026-09-12 05:18:16.709 9 INFO neutron.services.segments.plugin [-] Segment 87681390-84d3-4317-85b4-6d64eda45b22 resource provider not found; error: Placement Client Error (4xx): {"errors": [{"status": 404, "title": "Not Found", "detail": "The resource could not be found.\n\n No resource provider with uuid 87681390-84d3-4317-85b4-6d64eda45b22 found for delete ", "request_id": "req-11461304-333c-463c-803f-11d3180ccfbd"}]}
2026-09-12 05:18:16.720 9 INFO neutron.wsgi [None req-b8aa6eb5-628c-45ba-bb6a-42db4267aac6 407b555ca4ec4fcfb773904ee6273f6a 077ee3707c4847a09e1d0fa3c6a0d7ab - - - -] 10.0.0.140 "DELETE /v2.0/networks/4aa02d7b-4f4e-407b-ac1e-e582d6ea1f02 HTTP/1.1" status: 204 len: 168 time: 0.3566329
2026-09-12 05:18:17.095 10 INFO neutron.services.segments.plugin [-] Segment 04109ff1-2efb-4192-a78a-7c08ceace248 resource provider aggregate not found
2026-09-12 05:18:17.101 10 INFO neutron.services.segments.plugin [-] Segment 04109ff1-2efb-4192-a78a-7c08ceace248 resource provider aggregate not found
2026-09-12 05:18:17.126 10 INFO neutron.services.segments.plugin [-] Segment 04109ff1-2efb-4192-a78a-7c08ceace248 resource provider not found; error: Placement Client Error (4xx): {"errors": [{"status": 404, "title": "Not Found", "detail": "The resource could not be found.\n\n No resource provider with uuid 04109ff1-2efb-4192-a78a-7c08ceace248 found for delete ", "request_id": "req-44fdc4d2-fb82-439e-8e8f-d5c2b21cfd45"}]}
2026-09-12 05:18:17.127 10 INFO neutron.services.segments.plugin [-] Segment 04109ff1-2efb-4192-a78a-7c08ceace248 resource provider not found; error: Placement Client Error (4xx): {"errors": [{"status": 404, "title": "Not Found", "detail": "The resource could not be found.\n\n No resource provider with uuid 04109ff1-2efb-4192-a78a-7c08ceace248 found for delete ", "request_id": "req-c32c2bf7-7a3a-4249-806c-8492e4faeae0"}]}
2026-09-12 05:18:17.137 10 INFO neutron.wsgi [None req-9e62773b-1861-46bb-bfa6-374ba873182d 407b555ca4ec4fcfb773904ee6273f6a 077ee3707c4847a09e1d0fa3c6a0d7ab - - - -] 10.0.0.140 "DELETE /v2.0/networks/e67cbe70-e7ef-4e1c-8403-619959efa3a5 HTTP/1.1" status: 204 len: 168 time: 0.4125075
2026-09-12 05:18:17.465 10 INFO neutron.wsgi [None req-038287c2-acb1-4595-aea0-2586868ccc2e 407b555ca4ec4fcfb773904ee6273f6a 077ee3707c4847a09e1d0fa3c6a0d7ab - - - -] 10.0.0.140 "DELETE /v2.0/networks/09503d2e-2d72-4afa-bfc3-b8458495718c HTTP/1.1" status: 204 len: 168 time: 0.3213689
2026-09-12 05:18:17.756 10 INFO neutron.wsgi [None req-835e5a75-4c19-47ff-abf7-409a0b621e3d b655f8f1a9ec42849a6032697556343c 830d261bfcde4f68bbcf51117079afc1 - - - -] 10.0.0.140 "POST /v2.0/subnetpools HTTP/1.1" status: 201 len: 715 time: 0.2342927
2026-09-12 05:18:17.802 9 INFO neutron.wsgi [None req-d121041f-c7c4-4475-abb0-84ce00187056 b655f8f1a9ec42849a6032697556343c 830d261bfcde4f68bbcf51117079afc1 - - - -] 10.0.0.140 "PUT /v2.0/subnetpools/c63e96f7-cbce-477d-980d-674b261fc268/tags HTTP/1.1" status: 200 len: 218 time: 0.0402708
2026-09-12 05:18:17.846 10 INFO neutron.wsgi [None req-c2808160-7bed-40d7-9887-0d722a43cae8 b655f8f1a9ec42849a6032697556343c 830d261bfcde4f68bbcf51117079afc1 - - default default] 10.0.0.140 "GET /v2.0/subnetpools/c63e96f7-cbce-477d-980d-674b261fc268/tags HTTP/1.1" status: 200 len: 218 time: 0.0382876
2026-09-12 05:18:17.869 9 INFO neutron.wsgi [None req-26590190-59c5-436b-aace-4c016bf1b6b6 407b555ca4ec4fcfb773904ee6273f6a 077ee3707c4847a09e1d0fa3c6a0d7ab - - - -] 10.0.0.140 "DELETE /v2.0/networks/0f7314ba-a2be-43bd-b6ba-09a792d377f7 HTTP/1.1" status: 204 len: 168 time: 0.3969548
2026-09-12 05:18:17.884 9 INFO neutron.wsgi [None req-06d6ca23-6986-4cb9-ab61-ab5bea184f34 b655f8f1a9ec42849a6032697556343c 830d261bfcde4f68bbcf51117079afc1 - - - -] 10.0.0.140 "PUT /v2.0/subnetpools/c63e96f7-cbce-477d-980d-674b261fc268/tags/green HTTP/1.1" status: 201 len: 201 time: 0.0319049
2026-09-12 05:18:17.902 9 INFO neutron.wsgi [None req-d3f7ead6-0c65-4cf4-b38e-49b06ac0f710 b655f8f1a9ec42849a6032697556343c 830d261bfcde4f68bbcf51117079afc1 - - default default] 10.0.0.140 "GET /v2.0/subnetpools/c63e96f7-cbce-477d-980d-674b261fc268/tags HTTP/1.1" status: 200 len: 227 time: 0.0138197
2026-09-12 05:18:17.919 9 INFO neutron.wsgi [None req-df9c4564-d95c-44d6-88af-a142921654f2 b655f8f1a9ec42849a6032697556343c 830d261bfcde4f68bbcf51117079afc1 - - - -] 10.0.0.140 "PUT /v2.0/subnetpools/c63e96f7-cbce-477d-980d-674b261fc268/tags/red HTTP/1.1" status: 201 len: 201 time: 0.0125759
2026-09-12 05:18:17.946 9 INFO neutron.wsgi [None req-e6571961-d0c0-4bb1-946f-649e8661a8f3 b655f8f1a9ec42849a6032697556343c 830d261bfcde4f68bbcf51117079afc1 - - default default] 10.0.0.140 "GET /v2.0/subnetpools/c63e96f7-cbce-477d-980d-674b261fc268/tags HTTP/1.1" status: 200 len: 227 time: 0.0231183
2026-09-12 05:18:17.989 10 INFO neutron.wsgi [None req-c7d9b54a-dd39-4626-b946-06730215c8d3 b655f8f1a9ec42849a6032697556343c 830d261bfcde4f68bbcf51117079afc1 - - - -] 10.0.0.140 "PUT /v2.0/subnetpools/c63e96f7-cbce-477d-980d-674b261fc268/tags/black.or.white HTTP/1.1" status: 201 len: 201 time: 0.0378778
2026-09-12 05:18:18.017 9 INFO neutron.wsgi [None req-56903d50-dee1-4d99-bb56-5b3cc316365f b655f8f1a9ec42849a6032697556343c 830d261bfcde4f68bbcf51117079afc1 - - default default] 10.0.0.140 "GET /v2.0/subnetpools/c63e96f7-cbce-477d-980d-674b261fc268/tags HTTP/1.1" status: 200 len: 245 time: 0.0216038
2026-09-12 05:18:18.056 9 INFO neutron.wsgi [None req-75d7b9b1-5b08-4009-bc6e-26b4966644a6 b655f8f1a9ec42849a6032697556343c 830d261bfcde4f68bbcf51117079afc1 - - - -] 10.0.0.140 "PUT /v2.0/subnetpools/c63e96f7-cbce-477d-980d-674b261fc268/tags HTTP/1.1" status: 200 len: 230 time: 0.0352957
2026-09-12 05:18:18.074 9 INFO neutron.wsgi [None req-d220e56f-f68d-43e9-bca9-e8ca292896fb b655f8f1a9ec42849a6032697556343c 830d261bfcde4f68bbcf51117079afc1 - - default default] 10.0.0.140 "GET /v2.0/subnetpools/c63e96f7-cbce-477d-980d-674b261fc268/tags HTTP/1.1" status: 200 len: 230 time: 0.0143268
2026-09-12 05:18:18.094 9 INFO neutron.wsgi [None req-3d63dcbf-5c3f-4af0-8d22-a8647b68cd9f b655f8f1a9ec42849a6032697556343c 830d261bfcde4f68bbcf51117079afc1 - - default default] 10.0.0.140 "GET /v2.0/subnetpools/c63e96f7-cbce-477d-980d-674b261fc268/tags/red HTTP/1.1" status: 204 len: 168 time: 0.0158041
2026-09-12 05:18:18.122 9 INFO neutron.api.v2.resource [None req-184f6ad2-2262-414d-b3e4-c24f41459960 b655f8f1a9ec42849a6032697556343c 830d261bfcde4f68bbcf51117079afc1 - - default default] show failed (client error): The resource could not be found.
2026-09-12 05:18:18.123 9 INFO neutron.wsgi [None req-184f6ad2-2262-414d-b3e4-c24f41459960 b655f8f1a9ec42849a6032697556343c 830d261bfcde4f68bbcf51117079afc1 - - default default] 10.0.0.140 "GET /v2.0/subnetpools/c63e96f7-cbce-477d-980d-674b261fc268/tags/green HTTP/1.1" status: 404 len: 299 time: 0.0154154
2026-09-12 05:18:18.168 9 INFO neutron.wsgi [None req-1aac683e-2212-4747-9f18-9c3a3fb4f739 b655f8f1a9ec42849a6032697556343c 830d261bfcde4f68bbcf51117079afc1 - - - -] 10.0.0.140 "DELETE /v2.0/subnetpools/c63e96f7-cbce-477d-980d-674b261fc268/tags/red HTTP/1.1" status: 204 len: 168 time: 0.0398684
2026-09-12 05:18:18.189 9 INFO neutron.wsgi [None req-fcb2e6ae-2d2a-4b4c-96a6-b935f8768ccb b655f8f1a9ec42849a6032697556343c 830d261bfcde4f68bbcf51117079afc1 - - default default] 10.0.0.140 "GET /v2.0/subnetpools/c63e96f7-cbce-477d-980d-674b261fc268/tags HTTP/1.1" status: 200 len: 223 time: 0.0138917
2026-09-12 05:18:18.218 10 INFO neutron.api.v2.resource [None req-069ab9ce-de8d-42c9-add2-4987b3876b84 b655f8f1a9ec42849a6032697556343c 830d261bfcde4f68bbcf51117079afc1 - - - -] delete failed (client error): The resource could not be found.
2026-09-12 05:18:18.219 10 INFO neutron.wsgi [None req-069ab9ce-de8d-42c9-add2-4987b3876b84 b655f8f1a9ec42849a6032697556343c 830d261bfcde4f68bbcf51117079afc1 - - - -] 10.0.0.140 "DELETE /v2.0/subnetpools/c63e96f7-cbce-477d-980d-674b261fc268/tags/green HTTP/1.1" status: 404 len: 299 time: 0.0257580
2026-09-12 05:18:18.256 9 INFO neutron.wsgi [None req-47a73443-edc5-41e4-8bce-36f076d3a0ab b655f8f1a9ec42849a6032697556343c 830d261bfcde4f68bbcf51117079afc1 - - - -] 10.0.0.140 "DELETE /v2.0/subnetpools/c63e96f7-cbce-477d-980d-674b261fc268/tags HTTP/1.1" status: 204 len: 168 time: 0.0318923
2026-09-12 05:18:18.277 9 INFO neutron.wsgi [None req-bceed029-188b-4654-9e84-5307d3c14a94 b655f8f1a9ec42849a6032697556343c 830d261bfcde4f68bbcf51117079afc1 - - default default] 10.0.0.140 "GET /v2.0/subnetpools/c63e96f7-cbce-477d-980d-674b261fc268/tags HTTP/1.1" status: 200 len: 205 time: 0.0167294
