2026-09-12 05:16:57.163 10 INFO neutron.services.segments.plugin [-] Segment 164014c0-9432-457c-9954-309d7a7cdecc resource provider aggregate not found
2026-09-12 05:16:57.186 10 INFO neutron.services.segments.plugin [-] Segment 164014c0-9432-457c-9954-309d7a7cdecc resource provider aggregate not found
2026-09-12 05:16:57.198 10 INFO neutron.services.segments.plugin [-] Segment 164014c0-9432-457c-9954-309d7a7cdecc resource provider not found; error: Placement Client Error (4xx): {"errors": [{"status": 404, "title": "Not Found", "detail": "The resource could not be found.\n\n No resource provider with uuid 164014c0-9432-457c-9954-309d7a7cdecc found for delete ", "request_id": "req-8f0e72f5-ab98-46bf-9984-91d9028ff5ae"}]}
2026-09-12 05:16:57.201 10 INFO neutron.services.segments.plugin [-] Segment 164014c0-9432-457c-9954-309d7a7cdecc resource provider not found; error: Placement Client Error (4xx): {"errors": [{"status": 404, "title": "Not Found", "detail": "The resource could not be found.\n\n No resource provider with uuid 164014c0-9432-457c-9954-309d7a7cdecc found for delete ", "request_id": "req-5330545c-e422-49a3-acd9-82f80983644f"}]}
2026-09-12 05:16:57.457 10 INFO neutron.wsgi [req-a927ae73-39d0-483f-b763-f826a92f63ae req-e4cb06ec-6010-4d35-aa85-e10df22982da 0ef6c351ee37402995da47bc44f41f64 e3426f95f4364a0f87ef637f3e549333 - - default default] 10.0.0.239 "GET /v2.0/ports?device_id=c9ab32d2-61e8-432d-829b-6718aaff6209 HTTP/1.1" status: 200 len: 1212 time: 0.0554171
2026-09-12 05:16:57.498 10 INFO neutron.wsgi [req-a927ae73-39d0-483f-b763-f826a92f63ae req-9245910e-cab6-4576-aef4-2cda789d9322 0ef6c351ee37402995da47bc44f41f64 e3426f95f4364a0f87ef637f3e549333 - - default default] 10.0.0.239 "GET /v2.0/security-groups?id=a6081fb2-5a26-41ee-bdc9-563971253f81&id=e76393d6-0b60-4e77-bc81-ce6985569a56&fields=id&fields=name HTTP/1.1" status: 200 len: 404 time: 0.0345800
2026-09-12 05:16:57.540 10 INFO neutron.wsgi [None req-e7f5c1b5-831b-4344-8b9f-99f84f92a1c0 48e9d3a122cc4703be33aa2a8e973f41 75cdfd5dff0a47b8929ab32afda3e42c - - - -] 10.0.0.140 "DELETE /v2.0/networks/26688bb5-38d6-46ae-8c58-3ef79c9940bf HTTP/1.1" status: 204 len: 168 time: 1.5188036
2026-09-12 05:16:57.596 9 INFO neutron.wsgi [None req-1dbb560d-ce0f-469d-840b-654c3fa9971e c3abc5d694b94f25a94494c0c62f9f03 eb9832541e124b389d7f2a31ba8090e1 - - - -] 10.0.0.140 "DELETE /v2.0/subnets/acb2c4a4-b841-4a1d-8e80-4719a7ffa92a HTTP/1.1" status: 204 len: 168 time: 0.5790672
2026-09-12 05:16:58.543 9 INFO neutron.wsgi [None req-f22395e5-5794-4ff6-95a1-1ef885aa3738 c3abc5d694b94f25a94494c0c62f9f03 eb9832541e124b389d7f2a31ba8090e1 - - - -] 10.0.0.140 "DELETE /v2.0/networks/a9134992-1107-4873-9ee5-a39b503152bc HTTP/1.1" status: 204 len: 168 time: 0.9378040
2026-09-12 05:16:58.646 10 INFO neutron.wsgi [None req-704b9291-d02c-4eb3-b592-3ef6096ad6f9 48e9d3a122cc4703be33aa2a8e973f41 75cdfd5dff0a47b8929ab32afda3e42c - - - -] 10.0.0.140 "DELETE /v2.0/networks/821521e1-06db-482b-a7cd-0603356b6a15 HTTP/1.1" status: 204 len: 168 time: 1.1010571
2026-09-12 05:16:58.653 10 INFO neutron.wsgi [req-5622e0b1-9b0e-44b3-b461-da112d924646 req-e1f73827-6d81-4556-ae7c-6c5dbef32df4 0ef6c351ee37402995da47bc44f41f64 e3426f95f4364a0f87ef637f3e549333 - - default default] 10.0.0.239 "GET /v2.0/ports?device_id=c9ab32d2-61e8-432d-829b-6718aaff6209 HTTP/1.1" status: 200 len: 1212 time: 0.0584495
2026-09-12 05:16:58.732 10 INFO neutron.wsgi [req-5622e0b1-9b0e-44b3-b461-da112d924646 req-f6cfb045-b6fa-4bc1-b02b-3856eb9934ef 0ef6c351ee37402995da47bc44f41f64 e3426f95f4364a0f87ef637f3e549333 - - default default] 10.0.0.239 "GET /v2.0/security-groups?id=a6081fb2-5a26-41ee-bdc9-563971253f81&id=e76393d6-0b60-4e77-bc81-ce6985569a56&fields=id&fields=name HTTP/1.1" status: 200 len: 404 time: 0.0712600
2026-09-12 05:16:58.836 9 INFO neutron.services.segments.plugin [-] Segment dd4cc793-8917-4667-b102-c780c903d1bb resource provider aggregate not found
2026-09-12 05:16:58.842 9 INFO neutron.services.segments.plugin [-] Segment dd4cc793-8917-4667-b102-c780c903d1bb resource provider aggregate not found
2026-09-12 05:16:58.855 9 INFO neutron.services.segments.plugin [-] Segment dd4cc793-8917-4667-b102-c780c903d1bb resource provider not found; error: Placement Client Error (4xx): {"errors": [{"status": 404, "title": "Not Found", "detail": "The resource could not be found.\n\n No resource provider with uuid dd4cc793-8917-4667-b102-c780c903d1bb found for delete ", "request_id": "req-e5c8c51b-a52f-45b8-a7bb-dc566ce8914e"}]}
2026-09-12 05:16:58.875 9 INFO neutron.services.segments.plugin [-] Segment dd4cc793-8917-4667-b102-c780c903d1bb resource provider not found; error: Placement Client Error (4xx): {"errors": [{"status": 404, "title": "Not Found", "detail": "The resource could not be found.\n\n No resource provider with uuid dd4cc793-8917-4667-b102-c780c903d1bb found for delete ", "request_id": "req-f01500b6-61cc-4b03-a509-3b4b69df208f"}]}
2026-09-12 05:16:59.237 10 INFO neutron.services.segments.plugin [-] Segment 0c17f9e7-1fcc-48c9-a2bc-cabf657745de resource provider aggregate not found
2026-09-12 05:16:59.242 10 INFO neutron.services.segments.plugin [-] Segment 0c17f9e7-1fcc-48c9-a2bc-cabf657745de resource provider aggregate not found
2026-09-12 05:16:59.260 10 INFO neutron.services.segments.plugin [-] Segment 0c17f9e7-1fcc-48c9-a2bc-cabf657745de resource provider not found; error: Placement Client Error (4xx): {"errors": [{"status": 404, "title": "Not Found", "detail": "The resource could not be found.\n\n No resource provider with uuid 0c17f9e7-1fcc-48c9-a2bc-cabf657745de found for delete ", "request_id": "req-4ec03afd-ff22-4cd8-aa45-17e540ac43b0"}]}
2026-09-12 05:16:59.261 10 INFO neutron.services.segments.plugin [-] Segment 0c17f9e7-1fcc-48c9-a2bc-cabf657745de resource provider not found; error: Placement Client Error (4xx): {"errors": [{"status": 404, "title": "Not Found", "detail": "The resource could not be found.\n\n No resource provider with uuid 0c17f9e7-1fcc-48c9-a2bc-cabf657745de found for delete ", "request_id": "req-63ba179b-49ea-4dd9-8764-c3c11b15c254"}]}
2026-09-12 05:16:59.657 10 WARNING neutron.scheduler.dhcp_agent_scheduler [None req-96f85a97-8d02-40fb-a836-dbbb2ed10744 c3abc5d694b94f25a94494c0c62f9f03 eb9832541e124b389d7f2a31ba8090e1 - - - -] No more DHCP agents
2026-09-12 05:16:59.663 10 WARNING neutron.api.rpc.agentnotifiers.dhcp_rpc_agent_api [None req-96f85a97-8d02-40fb-a836-dbbb2ed10744 c3abc5d694b94f25a94494c0c62f9f03 eb9832541e124b389d7f2a31ba8090e1 - - - -] Unable to schedule network f4c1c2ff-ed9f-4bf4-9a30-87877b7ba6f7: no agents available; will retry on subsequent port and subnet creation events.
2026-09-12 05:16:59.670 9 INFO neutron.wsgi [None req-beee525c-7f03-4050-8f45-545eb8149f0f 48e9d3a122cc4703be33aa2a8e973f41 75cdfd5dff0a47b8929ab32afda3e42c - - - -] 10.0.0.140 "DELETE /v2.0/networks/b7a463a6-696f-460e-b67b-867db352184f HTTP/1.1" status: 204 len: 168 time: 1.0171032
2026-09-12 05:16:59.831 9 WARNING neutron.plugins.ml2.drivers.ovn.mech_driver.ovsdb.ovn_client [None req-aa7ef198-caa7-48af-8bdd-15a59311dcc8 - - - - - -] No port found with ID d0440dcf-ad3e-4986-8da6-a7eb22b5a525: RuntimeError: No port found with ID d0440dcf-ad3e-4986-8da6-a7eb22b5a525
2026-09-12 05:16:59.831 9 INFO neutron.plugins.ml2.drivers.ovn.mech_driver.mech_driver [None req-aa7ef198-caa7-48af-8bdd-15a59311dcc8 - - - - - -] OVN reports status up for port: 9d90cb3f-5b80-4ce6-bdcc-c13b74d5ff5e
2026-09-12 05:16:59.840 10 INFO neutron.wsgi [req-49be1f3a-b94b-4b63-a083-b79dea8773eb req-6f78f026-e4fb-49f4-942d-ff21cc51c38c 0ef6c351ee37402995da47bc44f41f64 e3426f95f4364a0f87ef637f3e549333 - - default default] 10.0.0.239 "GET /v2.0/ports?device_id=c9ab32d2-61e8-432d-829b-6718aaff6209 HTTP/1.1" status: 200 len: 1212 time: 0.0276947
2026-09-12 05:16:59.879 10 INFO neutron.wsgi [req-49be1f3a-b94b-4b63-a083-b79dea8773eb req-13f72987-207a-4031-bbee-f6c71723d3f2 0ef6c351ee37402995da47bc44f41f64 e3426f95f4364a0f87ef637f3e549333 - - default default] 10.0.0.239 "GET /v2.0/security-groups?id=a6081fb2-5a26-41ee-bdc9-563971253f81&id=e76393d6-0b60-4e77-bc81-ce6985569a56&fields=id&fields=name HTTP/1.1" status: 200 len: 404 time: 0.0328639
2026-09-12 05:16:59.942 10 INFO neutron.db.ovn_revision_numbers_db [None req-96f85a97-8d02-40fb-a836-dbbb2ed10744 c3abc5d694b94f25a94494c0c62f9f03 eb9832541e124b389d7f2a31ba8090e1 - - - -] Successfully bumped revision number for resource 4f4928f1-ddd8-4bb2-bb36-6335b277f435 (type: ports) to 1
2026-09-12 05:16:59.942 9 INFO neutron.plugins.ml2.plugin [None req-aa7ef198-caa7-48af-8bdd-15a59311dcc8 - - - - - -] Attempt 1 to provision port 9d90cb3f-5b80-4ce6-bdcc-c13b74d5ff5e
2026-09-12 05:17:00.108 9 INFO neutron.notifiers.nova [-] Nova event matching ['req-adb9bb4a-ec79-4282-8a02-fed9d7454e8b'] response: {'server_uuid': 'c9ab32d2-61e8-432d-829b-6718aaff6209', 'name': 'network-vif-plugged', 'status': 'completed', 'tag': '9d90cb3f-5b80-4ce6-bdcc-c13b74d5ff5e', 'code': 200}
2026-09-12 05:17:00.627 9 INFO neutron.db.ovn_revision_numbers_db [None req-aa7ef198-caa7-48af-8bdd-15a59311dcc8 - - - - - -] Successfully bumped revision number for resource 9d90cb3f-5b80-4ce6-bdcc-c13b74d5ff5e (type: ports) to 4
2026-09-12 05:17:00.698 10 INFO neutron.db.ovn_revision_numbers_db [None req-96f85a97-8d02-40fb-a836-dbbb2ed10744 c3abc5d694b94f25a94494c0c62f9f03 eb9832541e124b389d7f2a31ba8090e1 - - - -] Successfully bumped revision number for resource 4f4928f1-ddd8-4bb2-bb36-6335b277f435 (type: router_ports) to 1
2026-09-12 05:17:00.988 9 INFO neutron.services.segments.plugin [-] Segment a692fc7f-0463-4618-b816-e7bf6ecebb71 resource provider aggregate not found
2026-09-12 05:17:00.993 9 INFO neutron.services.segments.plugin [-] Segment a692fc7f-0463-4618-b816-e7bf6ecebb71 resource provider aggregate not found
2026-09-12 05:17:01.014 9 INFO neutron.services.segments.plugin [-] Segment a692fc7f-0463-4618-b816-e7bf6ecebb71 resource provider not found; error: Placement Client Error (4xx): {"errors": [{"status": 404, "title": "Not Found", "detail": "The resource could not be found.\n\n No resource provider with uuid a692fc7f-0463-4618-b816-e7bf6ecebb71 found for delete ", "request_id": "req-8031694e-0d86-4301-88b3-872cb7c6e8f8"}]}
2026-09-12 05:17:01.019 9 INFO neutron.services.segments.plugin [-] Segment a692fc7f-0463-4618-b816-e7bf6ecebb71 resource provider not found; error: Placement Client Error (4xx): {"errors": [{"status": 404, "title": "Not Found", "detail": "The resource could not be found.\n\n No resource provider with uuid a692fc7f-0463-4618-b816-e7bf6ecebb71 found for delete ", "request_id": "req-7f6d2b91-77c3-49e0-a668-018a7780e1f1"}]}
2026-09-12 05:17:01.022 9 INFO neutron.plugins.ml2.drivers.ovn.mech_driver.mech_driver [None req-aa7ef198-caa7-48af-8bdd-15a59311dcc8 - - - - - -] OVN reports status up for port: 4f4928f1-ddd8-4bb2-bb36-6335b277f435
2026-09-12 05:17:01.031 9 INFO neutron.plugins.ml2.plugin [None req-aa7ef198-caa7-48af-8bdd-15a59311dcc8 - - - - - -] Attempt 1 to provision port 4f4928f1-ddd8-4bb2-bb36-6335b277f435
2026-09-12 05:17:01.126 10 INFO neutron.wsgi [req-4fc95f7f-3b12-46e0-8238-17b7efa8bbb3 req-640fc3b2-2e80-47ec-90b7-afb1f77400a3 0ef6c351ee37402995da47bc44f41f64 e3426f95f4364a0f87ef637f3e549333 - - default default] 10.0.0.239 "GET /v2.0/ports?device_id=c9ab32d2-61e8-432d-829b-6718aaff6209 HTTP/1.1" status: 200 len: 1214 time: 0.1133735
2026-09-12 05:17:01.174 10 INFO neutron.wsgi [req-4fc95f7f-3b12-46e0-8238-17b7efa8bbb3 req-a5a69169-376a-4cad-8e1f-6b956a7a20d9 0ef6c351ee37402995da47bc44f41f64 e3426f95f4364a0f87ef637f3e549333 - - default default] 10.0.0.239 "GET /v2.0/security-groups?id=a6081fb2-5a26-41ee-bdc9-563971253f81&id=e76393d6-0b60-4e77-bc81-ce6985569a56&fields=id&fields=name HTTP/1.1" status: 200 len: 404 time: 0.0429280
2026-09-12 05:17:01.295 10 INFO neutron.db.ovn_revision_numbers_db [None req-96f85a97-8d02-40fb-a836-dbbb2ed10744 c3abc5d694b94f25a94494c0c62f9f03 eb9832541e124b389d7f2a31ba8090e1 - - - -] Successfully bumped revision number for resource 3d60c71f-b1e3-48c4-a2d9-bf08cee03fbe (type: routers) to 3
2026-09-12 05:17:01.313 10 INFO neutron.wsgi [req-d7403a5c-25e7-4b9c-a9ca-de176b3de495 req-9b876abe-63fc-4267-9d3c-3c0bf14a6849 0ef6c351ee37402995da47bc44f41f64 e3426f95f4364a0f87ef637f3e549333 - - default default] 10.0.0.239 "GET /v2.0/ports?device_id=c9ab32d2-61e8-432d-829b-6718aaff6209 HTTP/1.1" status: 200 len: 1214 time: 0.0571444
2026-09-12 05:17:01.445 10 INFO neutron.wsgi [None req-96f85a97-8d02-40fb-a836-dbbb2ed10744 c3abc5d694b94f25a94494c0c62f9f03 eb9832541e124b389d7f2a31ba8090e1 - - - -] 10.0.0.140 "POST /v2.0/routers HTTP/1.1" status: 201 len: 868 time: 2.8906796 /var/lib/openstack/lib/python3.10/site-packages/pycadf/identifier.py:71: UserWarning: Invalid uuid: neutron. To ensure interoperability, identifiers should be a valid uuid. warnings.warn(('Invalid uuid: %s. To ensure interoperability, '
2026-09-12 05:17:01.530 9 INFO neutron.wsgi [None req-f9f30aee-e099-4874-ae05-de6b4708d3ec c3abc5d694b94f25a94494c0c62f9f03 eb9832541e124b389d7f2a31ba8090e1 - - default default] 10.0.0.140 "GET /v2.0/routers/3d60c71f-b1e3-48c4-a2d9-bf08cee03fbe HTTP/1.1" status: 200 len: 869 time: 0.0771797
2026-09-12 05:17:01.651 10 INFO neutron.wsgi [None req-f6daea21-9697-4fb5-b27a-8ee12a8cd4d7 c3abc5d694b94f25a94494c0c62f9f03 eb9832541e124b389d7f2a31ba8090e1 - - default default] 10.0.0.140 "GET /v2.0/routers HTTP/1.1" status: 200 len: 872 time: 0.1156273
2026-09-12 05:17:01.854 10 INFO neutron.db.l3_db [None req-d545cd67-c03b-4f87-8fcd-8e6c0d929b8d 0ef6c351ee37402995da47bc44f41f64 e3426f95f4364a0f87ef637f3e549333 - - - -] Floating IP 1512cb7b-c22f-4396-9396-a925995c6205 associated. External IP: 10.96.250.212, port: 9d90cb3f-5b80-4ce6-bdcc-c13b74d5ff5e.
2026-09-12 05:17:02.156 9 INFO neutron.notifiers.nova [-] Nova event matching ['req-d7762e61-3055-4bf6-ba1d-266ccd07e1cf'] response: {'server_uuid': 'c9ab32d2-61e8-432d-829b-6718aaff6209', 'name': 'network-vif-plugged', 'status': 'completed', 'tag': '9d90cb3f-5b80-4ce6-bdcc-c13b74d5ff5e', 'code': 200}
2026-09-12 05:17:02.158 10 INFO neutron.db.ovn_revision_numbers_db [None req-d545cd67-c03b-4f87-8fcd-8e6c0d929b8d 0ef6c351ee37402995da47bc44f41f64 e3426f95f4364a0f87ef637f3e549333 - - - -] Successfully bumped revision number for resource 1512cb7b-c22f-4396-9396-a925995c6205 (type: floatingips) to 1
2026-09-12 05:17:02.317 9 INFO neutron.db.ovn_revision_numbers_db [None req-372bc1c7-08d3-4bad-b9de-15adbc915a08 6d7a6c0f332e49568f995b49d66aaa1b 82ed8b0e619b40d1b675607182c9cd58 - - default default] Successfully bumped revision number for resource f087f0f4-e221-446e-a72a-dc7135e1af6c (type: security_groups) to 1
2026-09-12 05:17:02.344 9 INFO neutron.wsgi [None req-372bc1c7-08d3-4bad-b9de-15adbc915a08 6d7a6c0f332e49568f995b49d66aaa1b 82ed8b0e619b40d1b675607182c9cd58 - - default default] 10.0.0.140 "GET /v2.0/security-groups?tenant_id=25848be03a03492b91132195db63f677&name=default HTTP/1.1" status: 200 len: 2996 time: 0.4654770
2026-09-12 05:17:02.374 10 INFO neutron.db.ovn_revision_numbers_db [None req-d545cd67-c03b-4f87-8fcd-8e6c0d929b8d 0ef6c351ee37402995da47bc44f41f64 e3426f95f4364a0f87ef637f3e549333 - - - -] Successfully bumped revision number for resource 1512cb7b-c22f-4396-9396-a925995c6205 (type: floatingips) to 2
2026-09-12 05:17:02.395 10 INFO neutron.wsgi [None req-d545cd67-c03b-4f87-8fcd-8e6c0d929b8d 0ef6c351ee37402995da47bc44f41f64 e3426f95f4364a0f87ef637f3e549333 - - - -] 10.0.0.140 "PUT /v2.0/floatingips/1512cb7b-c22f-4396-9396-a925995c6205 HTTP/1.1" status: 200 len: 1050 time: 1.0635219
2026-09-12 05:17:02.417 10 INFO neutron.db.ovn_revision_numbers_db [None req-64d34208-c09b-4dfe-bc73-30a38b199093 c3abc5d694b94f25a94494c0c62f9f03 eb9832541e124b389d7f2a31ba8090e1 - - - -] Successfully bumped revision number for resource 3d60c71f-b1e3-48c4-a2d9-bf08cee03fbe (type: routers) to 4
2026-09-12 05:17:02.420 10 INFO neutron.wsgi [None req-64d34208-c09b-4dfe-bc73-30a38b199093 c3abc5d694b94f25a94494c0c62f9f03 eb9832541e124b389d7f2a31ba8090e1 - - - -] 10.0.0.140 "PUT /v2.0/routers/3d60c71f-b1e3-48c4-a2d9-bf08cee03fbe HTTP/1.1" status: 200 len: 876 time: 0.7638762 /var/lib/openstack/lib/python3.10/site-packages/pycadf/identifier.py:71: UserWarning: Invalid uuid: neutron. To ensure interoperability, identifiers should be a valid uuid. warnings.warn(('Invalid uuid: %s. To ensure interoperability, '
2026-09-12 05:17:02.457 10 INFO neutron.notifiers.nova [-] Nova event matching ['req-3dd8e33a-ad61-44d6-a3de-4100803c9c43'] response: {'name': 'network-changed', 'server_uuid': 'c9ab32d2-61e8-432d-829b-6718aaff6209', 'tag': '9d90cb3f-5b80-4ce6-bdcc-c13b74d5ff5e', 'status': 'completed', 'code': 200}
2026-09-12 05:17:02.516 10 INFO neutron.wsgi [None req-10f38eb2-b53e-42d3-9d9b-77b417aeb751 c3abc5d694b94f25a94494c0c62f9f03 eb9832541e124b389d7f2a31ba8090e1 - - default default] 10.0.0.140 "GET /v2.0/routers/3d60c71f-b1e3-48c4-a2d9-bf08cee03fbe HTTP/1.1" status: 200 len: 876 time: 0.0915544
2026-09-12 05:17:02.529 10 INFO neutron.wsgi [req-5fb44cb3-f867-4ca6-ad92-b97c0cc70b66 req-35286a94-2fe4-4c81-9ce4-516ae1b1297e ccc55c2b1b564a7bb0eaef7101c137cb a0ebd6d97c234365a41f5993b017964b - - 8c30287ce7d244c789d6d1b30f1e19f4 8c30287ce7d244c789d6d1b30f1e19f4] 162.253.55.43 "GET /v2.0/ports?tenant_id=e3426f95f4364a0f87ef637f3e549333&device_id=c9ab32d2-61e8-432d-829b-6718aaff6209 HTTP/1.1" status: 200 len: 1404 time: 0.0468326
2026-09-12 05:17:02.545 9 INFO neutron.wsgi [None req-bee213ea-af2e-4132-b524-461e00b62e5f c3abc5d694b94f25a94494c0c62f9f03 eb9832541e124b389d7f2a31ba8090e1 - - default default] 10.0.0.140 "GET /v2.0/ports?device_id=3d60c71f-b1e3-48c4-a2d9-bf08cee03fbe HTTP/1.1" status: 200 len: 205 time: 0.0221057
2026-09-12 05:17:02.623 10 INFO neutron.wsgi [req-5fb44cb3-f867-4ca6-ad92-b97c0cc70b66 req-3a9d67ce-afa8-4aca-978b-d812ab5e8227 ccc55c2b1b564a7bb0eaef7101c137cb a0ebd6d97c234365a41f5993b017964b - - 8c30287ce7d244c789d6d1b30f1e19f4 8c30287ce7d244c789d6d1b30f1e19f4] 162.253.55.43 "GET /v2.0/networks?id=0e2ca89d-a2da-4c18-8282-9fd971e5ee0d HTTP/1.1" status: 200 len: 971 time: 0.0888152
2026-09-12 05:17:02.698 10 INFO neutron.wsgi [req-5fb44cb3-f867-4ca6-ad92-b97c0cc70b66 req-f47c79fa-6fe1-40ff-8e24-692373de001b ccc55c2b1b564a7bb0eaef7101c137cb a0ebd6d97c234365a41f5993b017964b - - 8c30287ce7d244c789d6d1b30f1e19f4 8c30287ce7d244c789d6d1b30f1e19f4] 162.253.55.43 "GET /v2.0/floatingips?fixed_ip_address=10.100.0.14&port_id=9d90cb3f-5b80-4ce6-bdcc-c13b74d5ff5e HTTP/1.1" status: 200 len: 1060 time: 0.0666370
2026-09-12 05:17:02.733 10 INFO neutron.wsgi [req-5fb44cb3-f867-4ca6-ad92-b97c0cc70b66 req-6e248f3c-4d5e-4447-87a3-3f5b7446c1d7 ccc55c2b1b564a7bb0eaef7101c137cb a0ebd6d97c234365a41f5993b017964b - - 8c30287ce7d244c789d6d1b30f1e19f4 8c30287ce7d244c789d6d1b30f1e19f4] 162.253.55.43 "GET /v2.0/subnets?id=73a82ba6-6797-45a6-ae06-5f884fad2946 HTTP/1.1" status: 200 len: 866 time: 0.0293674
2026-09-12 05:17:02.734 9 INFO neutron.wsgi [None req-7ee831b9-47cf-4c35-9b44-e46892d2b68f 6d7a6c0f332e49568f995b49d66aaa1b 82ed8b0e619b40d1b675607182c9cd58 - - - -] 10.0.0.140 "DELETE /v2.0/security-groups/f087f0f4-e221-446e-a72a-dc7135e1af6c HTTP/1.1" status: 204 len: 168 time: 0.3848894
2026-09-12 05:17:02.759 10 INFO neutron.wsgi [req-5fb44cb3-f867-4ca6-ad92-b97c0cc70b66 req-baea0077-432a-4338-bcbd-1256801fb1a7 ccc55c2b1b564a7bb0eaef7101c137cb a0ebd6d97c234365a41f5993b017964b - - 8c30287ce7d244c789d6d1b30f1e19f4 8c30287ce7d244c789d6d1b30f1e19f4] 162.253.55.43 "GET /v2.0/ports?network_id=0e2ca89d-a2da-4c18-8282-9fd971e5ee0d&device_owner=network%3Adhcp HTTP/1.1" status: 200 len: 210 time: 0.0184948
2026-09-12 05:17:02.815 10 INFO neutron.wsgi [req-5fb44cb3-f867-4ca6-ad92-b97c0cc70b66 req-cce8f6a1-0c24-4c41-b22e-89a2f5dfbd06 ccc55c2b1b564a7bb0eaef7101c137cb a0ebd6d97c234365a41f5993b017964b - - 8c30287ce7d244c789d6d1b30f1e19f4 8c30287ce7d244c789d6d1b30f1e19f4] 162.253.55.43 "GET /v2.0/networks/0e2ca89d-a2da-4c18-8282-9fd971e5ee0d?fields=segments HTTP/1.1" status: 200 len: 212 time: 0.0495532
2026-09-12 05:17:02.868 10 INFO neutron.wsgi [req-5fb44cb3-f867-4ca6-ad92-b97c0cc70b66 req-45d705b7-f9d1-4fe5-a477-ab2fe1088993 ccc55c2b1b564a7bb0eaef7101c137cb a0ebd6d97c234365a41f5993b017964b - - 8c30287ce7d244c789d6d1b30f1e19f4 8c30287ce7d244c789d6d1b30f1e19f4] 162.253.55.43 "GET /v2.0/networks/0e2ca89d-a2da-4c18-8282-9fd971e5ee0d?fields=provider%3Aphysical_network&fields=provider%3Anetwork_type HTTP/1.1" status: 200 len: 277 time: 0.0463376
2026-09-12 05:17:03.024 9 INFO neutron.wsgi [None req-deec7fcf-af5f-425a-b6d2-3a93e59f68dd 6d7a6c0f332e49568f995b49d66aaa1b 82ed8b0e619b40d1b675607182c9cd58 - - default default] 10.0.0.140 "GET /v2.0/security-groups?tenant_id=75cdfd5dff0a47b8929ab32afda3e42c&name=default HTTP/1.1" status: 200 len: 2996 time: 0.0448022
2026-09-12 05:17:03.347 10 INFO neutron.wsgi [None req-62cb1d04-2da3-45d6-b595-5ddc719a2911 6d7a6c0f332e49568f995b49d66aaa1b 82ed8b0e619b40d1b675607182c9cd58 - - - -] 10.0.0.140 "DELETE /v2.0/security-groups/41dcaa33-1954-4820-9b0a-262342c02ed6 HTTP/1.1" status: 204 len: 168 time: 0.3144059
2026-09-12 05:17:03.397 9 INFO neutron.wsgi [None req-904a8ce9-8e0f-475b-9841-dadbc91d01b3 c3abc5d694b94f25a94494c0c62f9f03 eb9832541e124b389d7f2a31ba8090e1 - - - -] 10.0.0.140 "DELETE /v2.0/routers/3d60c71f-b1e3-48c4-a2d9-bf08cee03fbe HTTP/1.1" status: 204 len: 168 time: 0.8470531
2026-09-12 05:17:03.431 9 INFO neutron.wsgi [None req-473bd425-b17a-4f1d-85c5-111cc63aad98 c3abc5d694b94f25a94494c0c62f9f03 eb9832541e124b389d7f2a31ba8090e1 - - default default] 10.0.0.140 "GET /v2.0/ports?device_id=3d60c71f-b1e3-48c4-a2d9-bf08cee03fbe HTTP/1.1" status: 200 len: 205 time: 0.0258918
2026-09-12 05:17:03.465 9 INFO neutron.api.v2.resource [None req-515a80f6-a71a-4144-aa68-7a75aba04a15 c3abc5d694b94f25a94494c0c62f9f03 eb9832541e124b389d7f2a31ba8090e1 - - - -] delete failed (client error): The resource could not be found.
2026-09-12 05:17:03.466 9 INFO neutron.wsgi [None req-515a80f6-a71a-4144-aa68-7a75aba04a15 c3abc5d694b94f25a94494c0c62f9f03 eb9832541e124b389d7f2a31ba8090e1 - - - -] 10.0.0.140 "DELETE /v2.0/routers/3d60c71f-b1e3-48c4-a2d9-bf08cee03fbe HTTP/1.1" status: 404 len: 336 time: 0.0291855
2026-09-12 05:17:03.495 9 INFO neutron.wsgi [None req-3ce4fe30-2436-4bb4-9e90-f1bd50e44ef3 c3abc5d694b94f25a94494c0c62f9f03 eb9832541e124b389d7f2a31ba8090e1 - - default default] 10.0.0.140 "GET /v2.0/ports?device_id=14c8f898-e797-4608-9c60-4aa66a6f99d4 HTTP/1.1" status: 200 len: 205 time: 0.0233877
2026-09-12 05:17:03.522 9 INFO neutron.api.v2.resource [None req-3c94fc2e-8457-46fc-9b4b-10e82f806875 c3abc5d694b94f25a94494c0c62f9f03 eb9832541e124b389d7f2a31ba8090e1 - - - -] delete failed (client error): The resource could not be found.
2026-09-12 05:17:03.523 9 INFO neutron.wsgi [None req-3c94fc2e-8457-46fc-9b4b-10e82f806875 c3abc5d694b94f25a94494c0c62f9f03 eb9832541e124b389d7f2a31ba8090e1 - - - -] 10.0.0.140 "DELETE /v2.0/routers/14c8f898-e797-4608-9c60-4aa66a6f99d4 HTTP/1.1" status: 404 len: 336 time: 0.0225096
2026-09-12 05:17:03.552 10 INFO neutron.pecan_wsgi.hooks.translation [None req-d3659a41-990b-4ba8-b9c8-ea4fed12e923 c3abc5d694b94f25a94494c0c62f9f03 eb9832541e124b389d7f2a31ba8090e1 - - - -] DELETE failed (client error): The resource could not be found.
2026-09-12 05:17:03.554 10 INFO neutron.wsgi [None req-d3659a41-990b-4ba8-b9c8-ea4fed12e923 c3abc5d694b94f25a94494c0c62f9f03 eb9832541e124b389d7f2a31ba8090e1 - - - -] 10.0.0.140 "DELETE /v2.0/subnets/acb2c4a4-b841-4a1d-8e80-4719a7ffa92a HTTP/1.1" status: 404 len: 337 time: 0.0238988
2026-09-12 05:17:03.580 10 INFO neutron.wsgi [None req-13e99c7e-4295-4a4c-bff4-8b6c24953d11 c3abc5d694b94f25a94494c0c62f9f03 eb9832541e124b389d7f2a31ba8090e1 - - default default] 10.0.0.140 "GET /v2.0/ports?device_id=0a7f1abd-bef2-46ae-bf04-831e055472b5 HTTP/1.1" status: 200 len: 205 time: 0.0184178
2026-09-12 05:17:03.605 10 INFO neutron.api.v2.resource [None req-86bd6e9c-ca28-4a0a-b2b0-b395eddc1134 c3abc5d694b94f25a94494c0c62f9f03 eb9832541e124b389d7f2a31ba8090e1 - - - -] delete failed (client error): The resource could not be found.
2026-09-12 05:17:03.606 10 INFO neutron.wsgi [None req-86bd6e9c-ca28-4a0a-b2b0-b395eddc1134 c3abc5d694b94f25a94494c0c62f9f03 eb9832541e124b389d7f2a31ba8090e1 - - - -] 10.0.0.140 "DELETE /v2.0/routers/0a7f1abd-bef2-46ae-bf04-831e055472b5 HTTP/1.1" status: 404 len: 336 time: 0.0210900
2026-09-12 05:17:03.629 9 INFO neutron.pecan_wsgi.hooks.translation [None req-0e3824bc-a1e0-4be5-9a85-061b59167bd7 c3abc5d694b94f25a94494c0c62f9f03 eb9832541e124b389d7f2a31ba8090e1 - - - -] DELETE failed (client error): The resource could not be found.
2026-09-12 05:17:03.631 9 INFO neutron.wsgi [None req-0e3824bc-a1e0-4be5-9a85-061b59167bd7 c3abc5d694b94f25a94494c0c62f9f03 eb9832541e124b389d7f2a31ba8090e1 - - - -] 10.0.0.140 "DELETE /v2.0/subnets/f427824d-be5f-4149-8245-1b43d8cfe9a5 HTTP/1.1" status: 404 len: 337 time: 0.0205081
2026-09-12 05:17:03.657 10 INFO neutron.wsgi [None req-8b1cea84-a18a-4280-8f7a-4efbbbbce8db c3abc5d694b94f25a94494c0c62f9f03 eb9832541e124b389d7f2a31ba8090e1 - - default default] 10.0.0.140 "GET /v2.0/ports?device_id=687261ab-0b36-4b46-9e9f-4081494f87ed HTTP/1.1" status: 200 len: 205 time: 0.0210583
2026-09-12 05:17:03.685 9 INFO neutron.api.v2.resource [None req-b5d600b1-2613-4746-b371-0cdcc26202b8 c3abc5d694b94f25a94494c0c62f9f03 eb9832541e124b389d7f2a31ba8090e1 - - - -] delete failed (client error): The resource could not be found.
2026-09-12 05:17:03.686 9 INFO neutron.wsgi [None req-b5d600b1-2613-4746-b371-0cdcc26202b8 c3abc5d694b94f25a94494c0c62f9f03 eb9832541e124b389d7f2a31ba8090e1 - - - -] 10.0.0.140 "DELETE /v2.0/routers/687261ab-0b36-4b46-9e9f-4081494f87ed HTTP/1.1" status: 404 len: 336 time: 0.0232458
2026-09-12 05:17:03.708 9 INFO neutron.pecan_wsgi.hooks.translation [None req-c6cdb3ae-ddda-4101-b59e-a27753131012 c3abc5d694b94f25a94494c0c62f9f03 eb9832541e124b389d7f2a31ba8090e1 - - - -] DELETE failed (client error): The resource could not be found.
2026-09-12 05:17:03.710 9 INFO neutron.wsgi [None req-c6cdb3ae-ddda-4101-b59e-a27753131012 c3abc5d694b94f25a94494c0c62f9f03 eb9832541e124b389d7f2a31ba8090e1 - - - -] 10.0.0.140 "DELETE /v2.0/subnets/79b070df-12d4-4061-991d-2311f2e52e16 HTTP/1.1" status: 404 len: 337 time: 0.0193799
2026-09-12 05:17:03.729 9 INFO neutron.pecan_wsgi.hooks.translation [None req-73d0248e-2e9b-4555-a784-51b2b1d5fa67 c3abc5d694b94f25a94494c0c62f9f03 eb9832541e124b389d7f2a31ba8090e1 - - - -] DELETE failed (client error): The resource could not be found.
2026-09-12 05:17:03.731 9 INFO neutron.wsgi [None req-73d0248e-2e9b-4555-a784-51b2b1d5fa67 c3abc5d694b94f25a94494c0c62f9f03 eb9832541e124b389d7f2a31ba8090e1 - - - -] 10.0.0.140 "DELETE /v2.0/subnets/07b8d8f7-f710-41f6-8072-2273c275df07 HTTP/1.1" status: 404 len: 337 time: 0.0158503
2026-09-12 05:17:03.748 9 INFO neutron.db.ovn_revision_numbers_db [None req-555a3cb8-2756-4dc0-927d-c1efd6948edf 6d7a6c0f332e49568f995b49d66aaa1b 82ed8b0e619b40d1b675607182c9cd58 - - default default] Successfully bumped revision number for resource d88a11dd-cbad-4ee8-9267-ec1ddd3ee0da (type: security_groups) to 1
2026-09-12 05:17:03.765 9 INFO neutron.wsgi [None req-555a3cb8-2756-4dc0-927d-c1efd6948edf 6d7a6c0f332e49568f995b49d66aaa1b 82ed8b0e619b40d1b675607182c9cd58 - - default default] 10.0.0.140 "GET /v2.0/security-groups?tenant_id=8496e54dbde547748d6e8d84f5615eab&name=default HTTP/1.1" status: 200 len: 2996 time: 0.2058153
2026-09-12 05:17:04.087 9 INFO neutron.wsgi [None req-e2b3832e-1689-4d23-b452-72e386daf247 6d7a6c0f332e49568f995b49d66aaa1b 82ed8b0e619b40d1b675607182c9cd58 - - - -] 10.0.0.140 "DELETE /v2.0/security-groups/d88a11dd-cbad-4ee8-9267-ec1ddd3ee0da HTTP/1.1" status: 204 len: 168 time: 0.3171072
2026-09-12 05:17:04.716 10 INFO neutron.wsgi [None req-762e0b97-e14e-4b7d-91ad-020bc508a22c 6d7a6c0f332e49568f995b49d66aaa1b 82ed8b0e619b40d1b675607182c9cd58 - - default default] 10.0.0.140 "GET /v2.0/security-groups?tenant_id=eb9832541e124b389d7f2a31ba8090e1&name=default HTTP/1.1" status: 200 len: 2996 time: 0.2412086
2026-09-12 05:17:04.913 10 INFO neutron.wsgi [None req-e0d05654-91e9-442d-b2dc-450c3015004b 6d7a6c0f332e49568f995b49d66aaa1b 82ed8b0e619b40d1b675607182c9cd58 - - - -] 10.0.0.140 "DELETE /v2.0/security-groups/81f537f4-c838-4696-997e-30492e4f5d25 HTTP/1.1" status: 204 len: 168 time: 0.1927335
2026-09-12 05:17:07.026 9 WARNING neutron.plugins.ml2.drivers.ovn.mech_driver.ovsdb.ovn_client [None req-aa7ef198-caa7-48af-8bdd-15a59311dcc8 - - - - - -] No port found with ID 4f4928f1-ddd8-4bb2-bb36-6335b277f435: RuntimeError: No port found with ID 4f4928f1-ddd8-4bb2-bb36-6335b277f435
2026-09-12 05:17:08.090 9 INFO neutron.wsgi [-] 10.0.0.141 "GET / HTTP/1.1" status: 200 len: 247 time: 0.0028369
2026-09-12 05:17:08.097 9 INFO neutron.wsgi [-] 10.0.0.141 "GET / HTTP/1.1" status: 200 len: 247 time: 0.0050349
2026-09-12 05:17:09.258 10 INFO neutron.db.ovn_revision_numbers_db [None req-55bf2066-54a3-4d18-8978-6150a1688672 808f35723bd749ad9f2fea19f235e76f 89ccd0d439b74b8dad88c50e487b8c98 - - - -] Successfully bumped revision number for resource e5af1a77-7846-408e-96cc-53af4dfde983 (type: security_groups) to 1
2026-09-12 05:17:09.321 10 INFO neutron.db.segments_db [None req-55bf2066-54a3-4d18-8978-6150a1688672 808f35723bd749ad9f2fea19f235e76f 89ccd0d439b74b8dad88c50e487b8c98 - - - -] Added segment d7bb0b5f-6965-47e1-bca0-cbb5a016203f of type geneve for network 238c1b89-42cc-4e81-a50a-b288a5fdaccc
2026-09-12 05:17:09.836 10 INFO neutron.db.ovn_revision_numbers_db [None req-55bf2066-54a3-4d18-8978-6150a1688672 808f35723bd749ad9f2fea19f235e76f 89ccd0d439b74b8dad88c50e487b8c98 - - - -] Successfully bumped revision number for resource 238c1b89-42cc-4e81-a50a-b288a5fdaccc (type: networks) to 1
2026-09-12 05:17:10.047 10 WARNING neutron.scheduler.dhcp_agent_scheduler [None req-55bf2066-54a3-4d18-8978-6150a1688672 808f35723bd749ad9f2fea19f235e76f 89ccd0d439b74b8dad88c50e487b8c98 - - - -] No more DHCP agents
2026-09-12 05:17:10.050 10 WARNING neutron.api.rpc.agentnotifiers.dhcp_rpc_agent_api [None req-55bf2066-54a3-4d18-8978-6150a1688672 808f35723bd749ad9f2fea19f235e76f 89ccd0d439b74b8dad88c50e487b8c98 - - - -] Unable to schedule network 238c1b89-42cc-4e81-a50a-b288a5fdaccc: no agents available; will retry on subsequent port and subnet creation events.
2026-09-12 05:17:10.120 10 INFO neutron.db.ovn_revision_numbers_db [None req-55bf2066-54a3-4d18-8978-6150a1688672 808f35723bd749ad9f2fea19f235e76f 89ccd0d439b74b8dad88c50e487b8c98 - - - -] Successfully bumped revision number for resource 9ff94e7c-65d3-4506-a75b-cb61d0155f01 (type: ports) to 1
2026-09-12 05:17:10.148 10 INFO neutron.wsgi [None req-55bf2066-54a3-4d18-8978-6150a1688672 808f35723bd749ad9f2fea19f235e76f 89ccd0d439b74b8dad88c50e487b8c98 - - - -] 10.0.0.140 "POST /v2.0/networks HTTP/1.1" status: 201 len: 831 time: 1.1826465
2026-09-12 05:17:10.408 10 WARNING neutron.scheduler.dhcp_agent_scheduler [None req-19c66290-6852-4dec-a508-c91b32bb572b 808f35723bd749ad9f2fea19f235e76f 89ccd0d439b74b8dad88c50e487b8c98 - - - -] No more DHCP agents
2026-09-12 05:17:10.410 10 WARNING neutron.api.rpc.agentnotifiers.dhcp_rpc_agent_api [None req-19c66290-6852-4dec-a508-c91b32bb572b 808f35723bd749ad9f2fea19f235e76f 89ccd0d439b74b8dad88c50e487b8c98 - - - -] Unable to schedule network 238c1b89-42cc-4e81-a50a-b288a5fdaccc: no agents available; will retry on subsequent port and subnet creation events.
2026-09-12 05:17:10.485 10 INFO neutron.db.ovn_revision_numbers_db [None req-19c66290-6852-4dec-a508-c91b32bb572b 808f35723bd749ad9f2fea19f235e76f 89ccd0d439b74b8dad88c50e487b8c98 - - - -] Successfully bumped revision number for resource 68f9e65e-1002-43ee-9b55-4194f35e55e2 (type: ports) to 1
2026-09-12 05:17:10.535 10 INFO neutron.wsgi [None req-19c66290-6852-4dec-a508-c91b32bb572b 808f35723bd749ad9f2fea19f235e76f 89ccd0d439b74b8dad88c50e487b8c98 - - - -] 10.0.0.140 "POST /v2.0/ports HTTP/1.1" status: 201 len: 942 time: 0.3818078 /var/lib/openstack/lib/python3.10/site-packages/pycadf/identifier.py:71: UserWarning: Invalid uuid: neutron. To ensure interoperability, identifiers should be a valid uuid. warnings.warn(('Invalid uuid: %s. To ensure interoperability, '
2026-09-12 05:17:10.568 9 INFO neutron.db.ovn_revision_numbers_db [None req-2c210a2a-3b79-4732-b4f6-45e5d0b51507 6d7a6c0f332e49568f995b49d66aaa1b 82ed8b0e619b40d1b675607182c9cd58 - - default default] Successfully bumped revision number for resource 2347dcb9-f0d7-4623-af59-100ef362e71f (type: security_groups) to 1
2026-09-12 05:17:10.597 9 INFO neutron.wsgi [None req-2c210a2a-3b79-4732-b4f6-45e5d0b51507 6d7a6c0f332e49568f995b49d66aaa1b 82ed8b0e619b40d1b675607182c9cd58 - - default default] 10.0.0.140 "GET /v2.0/security-groups?tenant_id=ecb3a4ade44e4043bf3f1feef6312ef7&name=default HTTP/1.1" status: 200 len: 2996 time: 0.3934023
2026-09-12 05:17:10.797 9 INFO neutron.wsgi [None req-c9ab5e9c-19a9-4709-a026-14ca6bda14ef 6d7a6c0f332e49568f995b49d66aaa1b 82ed8b0e619b40d1b675607182c9cd58 - - - -] 10.0.0.140 "DELETE /v2.0/security-groups/2347dcb9-f0d7-4623-af59-100ef362e71f HTTP/1.1" status: 204 len: 168 time: 0.1935773
2026-09-12 05:17:10.847 10 INFO neutron.wsgi [None req-ae1453ec-b353-41ab-9f17-4ca236e18bff 808f35723bd749ad9f2fea19f235e76f 89ccd0d439b74b8dad88c50e487b8c98 - - - -] 10.0.0.140 "POST /v2.0/trunks HTTP/1.1" status: 201 len: 608 time: 0.3074458
2026-09-12 05:17:10.961 10 INFO neutron.db.segments_db [None req-e5c58d28-7163-45ab-882d-eee14c0ee95c 808f35723bd749ad9f2fea19f235e76f 89ccd0d439b74b8dad88c50e487b8c98 - - - -] Added segment df545db9-ce06-49ec-a4a1-5443d83c36b8 of type geneve for network bcf13f45-baa1-47c4-99fa-ad8a28c7c4e4
2026-09-12 05:17:11.086 9 INFO neutron.db.ovn_revision_numbers_db [None req-35645e8d-424e-4210-874b-8905e79d0e19 6d7a6c0f332e49568f995b49d66aaa1b 82ed8b0e619b40d1b675607182c9cd58 - - default default] Successfully bumped revision number for resource be05d51b-8353-46ba-975b-74a169f63de0 (type: security_groups) to 1
2026-09-12 05:17:11.112 9 INFO neutron.wsgi [None req-35645e8d-424e-4210-874b-8905e79d0e19 6d7a6c0f332e49568f995b49d66aaa1b 82ed8b0e619b40d1b675607182c9cd58 - - default default] 10.0.0.140 "GET /v2.0/security-groups?tenant_id=4f5dbd4561524de794f32de89c3f536f&name=default HTTP/1.1" status: 200 len: 2996 time: 0.1505132
2026-09-12 05:17:11.125 10 INFO neutron.db.ovn_revision_numbers_db [None req-e5c58d28-7163-45ab-882d-eee14c0ee95c 808f35723bd749ad9f2fea19f235e76f 89ccd0d439b74b8dad88c50e487b8c98 - - - -] Successfully bumped revision number for resource bcf13f45-baa1-47c4-99fa-ad8a28c7c4e4 (type: networks) to 1
2026-09-12 05:17:11.249 9 INFO neutron.wsgi [None req-49ebb238-4547-4d66-8fc1-2bee4114fd23 6d7a6c0f332e49568f995b49d66aaa1b 82ed8b0e619b40d1b675607182c9cd58 - - - -] 10.0.0.140 "DELETE /v2.0/security-groups/be05d51b-8353-46ba-975b-74a169f63de0 HTTP/1.1" status: 204 len: 168 time: 0.1318517
2026-09-12 05:17:11.315 10 WARNING neutron.scheduler.dhcp_agent_scheduler [None req-e5c58d28-7163-45ab-882d-eee14c0ee95c 808f35723bd749ad9f2fea19f235e76f 89ccd0d439b74b8dad88c50e487b8c98 - - - -] No more DHCP agents
2026-09-12 05:17:11.317 10 WARNING neutron.api.rpc.agentnotifiers.dhcp_rpc_agent_api [None req-e5c58d28-7163-45ab-882d-eee14c0ee95c 808f35723bd749ad9f2fea19f235e76f 89ccd0d439b74b8dad88c50e487b8c98 - - - -] Unable to schedule network bcf13f45-baa1-47c4-99fa-ad8a28c7c4e4: no agents available; will retry on subsequent port and subnet creation events.
2026-09-12 05:17:11.382 10 INFO neutron.db.ovn_revision_numbers_db [None req-e5c58d28-7163-45ab-882d-eee14c0ee95c 808f35723bd749ad9f2fea19f235e76f 89ccd0d439b74b8dad88c50e487b8c98 - - - -] Successfully bumped revision number for resource bfafa7b8-9167-4e36-8000-19b47d5d7cde (type: ports) to 1
2026-09-12 05:17:11.413 10 INFO neutron.wsgi [None req-e5c58d28-7163-45ab-882d-eee14c0ee95c 808f35723bd749ad9f2fea19f235e76f 89ccd0d439b74b8dad88c50e487b8c98 - - - -] 10.0.0.140 "POST /v2.0/networks HTTP/1.1" status: 201 len: 831 time: 0.5596755
2026-09-12 05:17:11.686 10 WARNING neutron.scheduler.dhcp_agent_scheduler [None req-0fc992fe-2fb3-4e02-a804-4a75942407a4 808f35723bd749ad9f2fea19f235e76f 89ccd0d439b74b8dad88c50e487b8c98 - - - -] No more DHCP agents
2026-09-12 05:17:11.690 10 WARNING neutron.api.rpc.agentnotifiers.dhcp_rpc_agent_api [None req-0fc992fe-2fb3-4e02-a804-4a75942407a4 808f35723bd749ad9f2fea19f235e76f 89ccd0d439b74b8dad88c50e487b8c98 - - - -] Unable to schedule network bcf13f45-baa1-47c4-99fa-ad8a28c7c4e4: no agents available; will retry on subsequent port and subnet creation events.
2026-09-12 05:17:11.795 10 INFO neutron.db.ovn_revision_numbers_db [None req-0fc992fe-2fb3-4e02-a804-4a75942407a4 808f35723bd749ad9f2fea19f235e76f 89ccd0d439b74b8dad88c50e487b8c98 - - - -] Successfully bumped revision number for resource 852e0173-109b-4aa2-9df1-a3f2537e1518 (type: ports) to 1
2026-09-12 05:17:11.836 10 INFO neutron.wsgi [None req-0fc992fe-2fb3-4e02-a804-4a75942407a4 808f35723bd749ad9f2fea19f235e76f 89ccd0d439b74b8dad88c50e487b8c98 - - - -] 10.0.0.140 "POST /v2.0/ports HTTP/1.1" status: 201 len: 942 time: 0.4175205 /var/lib/openstack/lib/python3.10/site-packages/pycadf/identifier.py:71: UserWarning: Invalid uuid: neutron. To ensure interoperability, identifiers should be a valid uuid. warnings.warn(('Invalid uuid: %s. To ensure interoperability, '
2026-09-12 05:17:12.084 10 INFO neutron.wsgi [None req-6d0ff4e8-12ff-4d6c-85d7-f8331e98a049 808f35723bd749ad9f2fea19f235e76f 89ccd0d439b74b8dad88c50e487b8c98 - - - -] 10.0.0.140 "POST /v2.0/trunks HTTP/1.1" status: 201 len: 608 time: 0.2435534
2026-09-12 05:17:12.167 10 INFO neutron.db.segments_db [None req-44348163-f6ca-4c39-95f8-dcc818ca8380 808f35723bd749ad9f2fea19f235e76f 89ccd0d439b74b8dad88c50e487b8c98 - - - -] Added segment f8375900-f6d3-4a86-8656-95a8a70bae01 of type geneve for network d522e908-ba1c-4e0c-9b1f-6999b52dbe93
2026-09-12 05:17:12.274 10 INFO neutron.db.ovn_revision_numbers_db [None req-44348163-f6ca-4c39-95f8-dcc818ca8380 808f35723bd749ad9f2fea19f235e76f 89ccd0d439b74b8dad88c50e487b8c98 - - - -] Successfully bumped revision number for resource d522e908-ba1c-4e0c-9b1f-6999b52dbe93 (type: networks) to 1
2026-09-12 05:17:12.429 10 WARNING neutron.scheduler.dhcp_agent_scheduler [None req-44348163-f6ca-4c39-95f8-dcc818ca8380 808f35723bd749ad9f2fea19f235e76f 89ccd0d439b74b8dad88c50e487b8c98 - - - -] No more DHCP agents
2026-09-12 05:17:12.431 10 WARNING neutron.api.rpc.agentnotifiers.dhcp_rpc_agent_api [None req-44348163-f6ca-4c39-95f8-dcc818ca8380 808f35723bd749ad9f2fea19f235e76f 89ccd0d439b74b8dad88c50e487b8c98 - - - -] Unable to schedule network d522e908-ba1c-4e0c-9b1f-6999b52dbe93: no agents available; will retry on subsequent port and subnet creation events.
2026-09-12 05:17:12.499 10 INFO neutron.db.ovn_revision_numbers_db [None req-44348163-f6ca-4c39-95f8-dcc818ca8380 808f35723bd749ad9f2fea19f235e76f 89ccd0d439b74b8dad88c50e487b8c98 - - - -] Successfully bumped revision number for resource a5ef34e9-e245-4052-a506-c2e5c02e158a (type: ports) to 1
2026-09-12 05:17:12.518 10 INFO neutron.wsgi [None req-44348163-f6ca-4c39-95f8-dcc818ca8380 808f35723bd749ad9f2fea19f235e76f 89ccd0d439b74b8dad88c50e487b8c98 - - - -] 10.0.0.140 "POST /v2.0/networks HTTP/1.1" status: 201 len: 831 time: 0.4298060
2026-09-12 05:17:12.788 9 WARNING neutron.scheduler.dhcp_agent_scheduler [None req-76d5f0b3-8786-42cf-abf7-bd3a9a96f9e2 808f35723bd749ad9f2fea19f235e76f 89ccd0d439b74b8dad88c50e487b8c98 - - - -] No more DHCP agents
2026-09-12 05:17:12.791 9 WARNING neutron.api.rpc.agentnotifiers.dhcp_rpc_agent_api [None req-76d5f0b3-8786-42cf-abf7-bd3a9a96f9e2 808f35723bd749ad9f2fea19f235e76f 89ccd0d439b74b8dad88c50e487b8c98 - - - -] Unable to schedule network d522e908-ba1c-4e0c-9b1f-6999b52dbe93: no agents available; will retry on subsequent port and subnet creation events.
2026-09-12 05:17:12.916 9 INFO neutron.db.ovn_revision_numbers_db [None req-76d5f0b3-8786-42cf-abf7-bd3a9a96f9e2 808f35723bd749ad9f2fea19f235e76f 89ccd0d439b74b8dad88c50e487b8c98 - - - -] Successfully bumped revision number for resource 5729f51e-7dbd-4392-95dd-13413103ed1e (type: ports) to 1
2026-09-12 05:17:12.948 9 INFO neutron.wsgi [None req-76d5f0b3-8786-42cf-abf7-bd3a9a96f9e2 808f35723bd749ad9f2fea19f235e76f 89ccd0d439b74b8dad88c50e487b8c98 - - - -] 10.0.0.140 "POST /v2.0/ports HTTP/1.1" status: 201 len: 942 time: 0.4242179 /var/lib/openstack/lib/python3.10/site-packages/pycadf/identifier.py:71: UserWarning: Invalid uuid: neutron. To ensure interoperability, identifiers should be a valid uuid. warnings.warn(('Invalid uuid: %s. To ensure interoperability, '
2026-09-12 05:17:13.306 9 INFO neutron.wsgi [None req-94af4d5c-9822-41d5-91b2-520371dd294b 808f35723bd749ad9f2fea19f235e76f 89ccd0d439b74b8dad88c50e487b8c98 - - - -] 10.0.0.140 "POST /v2.0/trunks HTTP/1.1" status: 201 len: 608 time: 0.3535769
2026-09-12 05:17:13.406 9 INFO neutron.db.segments_db [None req-d5bcb32f-dea3-4604-9927-f4710b043d65 808f35723bd749ad9f2fea19f235e76f 89ccd0d439b74b8dad88c50e487b8c98 - - - -] Added segment 4e8cadae-3d28-498c-a1a7-a6d58ff3e8ee of type geneve for network af18b436-73bd-4df1-b783-4def1d97ebe0
2026-09-12 05:17:13.543 9 INFO neutron.db.ovn_revision_numbers_db [None req-d5bcb32f-dea3-4604-9927-f4710b043d65 808f35723bd749ad9f2fea19f235e76f 89ccd0d439b74b8dad88c50e487b8c98 - - - -] Successfully bumped revision number for resource af18b436-73bd-4df1-b783-4def1d97ebe0 (type: networks) to 1
2026-09-12 05:17:13.708 9 WARNING neutron.scheduler.dhcp_agent_scheduler [None req-d5bcb32f-dea3-4604-9927-f4710b043d65 808f35723bd749ad9f2fea19f235e76f 89ccd0d439b74b8dad88c50e487b8c98 - - - -] No more DHCP agents
2026-09-12 05:17:13.710 9 WARNING neutron.api.rpc.agentnotifiers.dhcp_rpc_agent_api [None req-d5bcb32f-dea3-4604-9927-f4710b043d65 808f35723bd749ad9f2fea19f235e76f 89ccd0d439b74b8dad88c50e487b8c98 - - - -] Unable to schedule network af18b436-73bd-4df1-b783-4def1d97ebe0: no agents available; will retry on subsequent port and subnet creation events.
2026-09-12 05:17:13.788 9 INFO neutron.db.ovn_revision_numbers_db [None req-d5bcb32f-dea3-4604-9927-f4710b043d65 808f35723bd749ad9f2fea19f235e76f 89ccd0d439b74b8dad88c50e487b8c98 - - - -] Successfully bumped revision number for resource e2f17607-3bd9-4384-8894-8437c0a7e7db (type: ports) to 1
2026-09-12 05:17:13.822 9 INFO neutron.wsgi [None req-d5bcb32f-dea3-4604-9927-f4710b043d65 808f35723bd749ad9f2fea19f235e76f 89ccd0d439b74b8dad88c50e487b8c98 - - - -] 10.0.0.140 "POST /v2.0/networks HTTP/1.1" status: 201 len: 830 time: 0.5111578
2026-09-12 05:17:14.173 9 WARNING neutron.scheduler.dhcp_agent_scheduler [None req-280ce8df-ae81-41e7-b215-c6bc60a8f4bc 808f35723bd749ad9f2fea19f235e76f 89ccd0d439b74b8dad88c50e487b8c98 - - - -] No more DHCP agents
2026-09-12 05:17:14.175 9 WARNING neutron.api.rpc.agentnotifiers.dhcp_rpc_agent_api [None req-280ce8df-ae81-41e7-b215-c6bc60a8f4bc 808f35723bd749ad9f2fea19f235e76f 89ccd0d439b74b8dad88c50e487b8c98 - - - -] Unable to schedule network af18b436-73bd-4df1-b783-4def1d97ebe0: no agents available; will retry on subsequent port and subnet creation events.
2026-09-12 05:17:14.235 9 INFO neutron.db.ovn_revision_numbers_db [None req-280ce8df-ae81-41e7-b215-c6bc60a8f4bc 808f35723bd749ad9f2fea19f235e76f 89ccd0d439b74b8dad88c50e487b8c98 - - - -] Successfully bumped revision number for resource 9589fc07-91f1-401d-9138-050e771ce43f (type: ports) to 1
2026-09-12 05:17:14.256 9 INFO neutron.wsgi [None req-280ce8df-ae81-41e7-b215-c6bc60a8f4bc 808f35723bd749ad9f2fea19f235e76f 89ccd0d439b74b8dad88c50e487b8c98 - - - -] 10.0.0.140 "POST /v2.0/ports HTTP/1.1" status: 201 len: 942 time: 0.4289839 /var/lib/openstack/lib/python3.10/site-packages/pycadf/identifier.py:71: UserWarning: Invalid uuid: neutron. To ensure interoperability, identifiers should be a valid uuid. warnings.warn(('Invalid uuid: %s. To ensure interoperability, '
2026-09-12 05:17:14.432 9 INFO neutron.wsgi [None req-04e35b80-7efb-4370-afd8-944ef47a511e 808f35723bd749ad9f2fea19f235e76f 89ccd0d439b74b8dad88c50e487b8c98 - - - -] 10.0.0.140 "POST /v2.0/trunks HTTP/1.1" status: 201 len: 608 time: 0.1703796
2026-09-12 05:17:14.549 10 INFO neutron.db.segments_db [None req-82e3959e-1d81-4b04-b5b2-e94431de3e4a 808f35723bd749ad9f2fea19f235e76f 89ccd0d439b74b8dad88c50e487b8c98 - - - -] Added segment d74e204b-011c-4735-b5b0-0c5ae15617b1 of type geneve for network 17bf63f7-db50-411f-9297-7dc41a351838
2026-09-12 05:17:14.713 10 INFO neutron.db.ovn_revision_numbers_db [None req-82e3959e-1d81-4b04-b5b2-e94431de3e4a 808f35723bd749ad9f2fea19f235e76f 89ccd0d439b74b8dad88c50e487b8c98 - - - -] Successfully bumped revision number for resource 17bf63f7-db50-411f-9297-7dc41a351838 (type: networks) to 1
2026-09-12 05:17:14.869 10 WARNING neutron.scheduler.dhcp_agent_scheduler [None req-82e3959e-1d81-4b04-b5b2-e94431de3e4a 808f35723bd749ad9f2fea19f235e76f 89ccd0d439b74b8dad88c50e487b8c98 - - - -] No more DHCP agents
2026-09-12 05:17:14.871 10 WARNING neutron.api.rpc.agentnotifiers.dhcp_rpc_agent_api [None req-82e3959e-1d81-4b04-b5b2-e94431de3e4a 808f35723bd749ad9f2fea19f235e76f 89ccd0d439b74b8dad88c50e487b8c98 - - - -] Unable to schedule network 17bf63f7-db50-411f-9297-7dc41a351838: no agents available; will retry on subsequent port and subnet creation events.
2026-09-12 05:17:14.933 10 INFO neutron.db.ovn_revision_numbers_db [None req-82e3959e-1d81-4b04-b5b2-e94431de3e4a 808f35723bd749ad9f2fea19f235e76f 89ccd0d439b74b8dad88c50e487b8c98 - - - -] Successfully bumped revision number for resource 269e080f-3818-460c-bc9b-57aa7cc75123 (type: ports) to 1
2026-09-12 05:17:14.953 10 INFO neutron.wsgi [None req-82e3959e-1d81-4b04-b5b2-e94431de3e4a 808f35723bd749ad9f2fea19f235e76f 89ccd0d439b74b8dad88c50e487b8c98 - - - -] 10.0.0.140 "POST /v2.0/networks HTTP/1.1" status: 201 len: 830 time: 0.5158539
2026-09-12 05:17:15.169 10 WARNING neutron.scheduler.dhcp_agent_scheduler [None req-de1697a5-5f7b-4028-8c3a-5cb20fabf8e6 808f35723bd749ad9f2fea19f235e76f 89ccd0d439b74b8dad88c50e487b8c98 - - - -] No more DHCP agents
2026-09-12 05:17:15.171 10 WARNING neutron.api.rpc.agentnotifiers.dhcp_rpc_agent_api [None req-de1697a5-5f7b-4028-8c3a-5cb20fabf8e6 808f35723bd749ad9f2fea19f235e76f 89ccd0d439b74b8dad88c50e487b8c98 - - - -] Unable to schedule network 17bf63f7-db50-411f-9297-7dc41a351838: no agents available; will retry on subsequent port and subnet creation events.
2026-09-12 05:17:15.189 9 INFO neutron.db.ovn_revision_numbers_db [None req-1841a8bd-3f99-4a1b-8fd1-3b9fa65772e0 6d7a6c0f332e49568f995b49d66aaa1b 82ed8b0e619b40d1b675607182c9cd58 - - default default] Successfully bumped revision number for resource 40fd13dd-1830-4dce-afa9-424e5f29289a (type: security_groups) to 1
2026-09-12 05:17:15.210 9 INFO neutron.wsgi [None req-1841a8bd-3f99-4a1b-8fd1-3b9fa65772e0 6d7a6c0f332e49568f995b49d66aaa1b 82ed8b0e619b40d1b675607182c9cd58 - - default default] 10.0.0.140 "GET /v2.0/security-groups?tenant_id=2792d02850ef4039b26444d6e27b231b&name=default HTTP/1.1" status: 200 len: 2996 time: 0.3885744
2026-09-12 05:17:15.233 10 INFO neutron.db.ovn_revision_numbers_db [None req-de1697a5-5f7b-4028-8c3a-5cb20fabf8e6 808f35723bd749ad9f2fea19f235e76f 89ccd0d439b74b8dad88c50e487b8c98 - - - -] Successfully bumped revision number for resource dd0f7271-bc98-497c-be0b-6053eb35fd5c (type: ports) to 1
2026-09-12 05:17:15.252 10 INFO neutron.wsgi [None req-de1697a5-5f7b-4028-8c3a-5cb20fabf8e6 808f35723bd749ad9f2fea19f235e76f 89ccd0d439b74b8dad88c50e487b8c98 - - - -] 10.0.0.140 "POST /v2.0/ports HTTP/1.1" status: 201 len: 942 time: 0.2929022
2026-09-12 05:17:15.426 9 INFO neutron.wsgi [None req-5995c54f-466a-4cc4-95a3-3b31ce8a2d6c 6d7a6c0f332e49568f995b49d66aaa1b 82ed8b0e619b40d1b675607182c9cd58 - - - -] 10.0.0.140 "DELETE /v2.0/security-groups/40fd13dd-1830-4dce-afa9-424e5f29289a HTTP/1.1" status: 204 len: 168 time: 0.2101130
2026-09-12 05:17:15.477 9 INFO neutron.wsgi [None req-2c6b388d-6d0d-4fbc-84f1-cb8739c3c5d8 808f35723bd749ad9f2fea19f235e76f 89ccd0d439b74b8dad88c50e487b8c98 - - - -] 10.0.0.140 "POST /v2.0/trunks HTTP/1.1" status: 201 len: 608 time: 0.2185295 /var/lib/openstack/lib/python3.10/site-packages/pycadf/identifier.py:71: UserWarning: Invalid uuid: neutron. To ensure interoperability, identifiers should be a valid uuid. warnings.warn(('Invalid uuid: %s. To ensure interoperability, '
2026-09-12 05:17:15.518 10 INFO neutron.wsgi [None req-e88345c8-5ad9-4037-ba0c-880a2d18ac6f 808f35723bd749ad9f2fea19f235e76f 89ccd0d439b74b8dad88c50e487b8c98 - - - -] 10.0.0.140 "PUT /v2.0/trunks/fbdd0690-4318-4af4-b5aa-0b3dce90d028/tags HTTP/1.1" status: 200 len: 210 time: 0.0361700
2026-09-12 05:17:15.554 10 INFO neutron.wsgi [None req-2939d516-5b1a-4647-94d1-f0d7cfaac79f 808f35723bd749ad9f2fea19f235e76f 89ccd0d439b74b8dad88c50e487b8c98 - - - -] 10.0.0.140 "PUT /v2.0/trunks/2b4660d9-8be4-4d36-b986-7d27cef5b31d/tags HTTP/1.1" status: 200 len: 218 time: 0.0302880
2026-09-12 05:17:15.585 10 INFO neutron.wsgi [None req-75baef3b-294a-4af6-89b5-f36fb43ef1b4 808f35723bd749ad9f2fea19f235e76f 89ccd0d439b74b8dad88c50e487b8c98 - - - -] 10.0.0.140 "PUT /v2.0/trunks/ec9768f8-5598-4e6d-8d61-fb8133a4e8f6/tags HTTP/1.1" status: 200 len: 227 time: 0.0248740
2026-09-12 05:17:15.614 10 INFO neutron.wsgi [None req-20ab5944-68ca-41c5-a82a-9d762fb1e0b3 808f35723bd749ad9f2fea19f235e76f 89ccd0d439b74b8dad88c50e487b8c98 - - - -] 10.0.0.140 "PUT /v2.0/trunks/08ff5e39-416b-4dab-9cfd-986e38d76e93/tags HTTP/1.1" status: 200 len: 212 time: 0.0241759
2026-09-12 05:17:15.640 10 INFO neutron.wsgi [None req-d2d31ba2-d1e4-41b2-8bee-c266070b3756 808f35723bd749ad9f2fea19f235e76f 89ccd0d439b74b8dad88c50e487b8c98 - - default default] 10.0.0.140 "GET /v2.0/trunks?tags=red HTTP/1.1" status: 200 len: 1447 time: 0.0209019
