2026-09-12 05:21:34.095 9 INFO neutron.wsgi [None req-ba940472-78dc-4e0f-b087-af1a29ecb0e9 1c07cd83baf64eee99e1a9e8fef20673 fafc2da4927f48c180abf9e205817e0b - - - -] 10.0.0.140 "DELETE /v2.0/floatingips/d7a8ea24-f6f5-4c22-9800-6514e8cab3de HTTP/1.1" status: 204 len: 168 time: 0.5327120 /var/lib/openstack/lib/python3.10/site-packages/pycadf/identifier.py:71: UserWarning: Invalid uuid: neutron. To ensure interoperability, identifiers should be a valid uuid. warnings.warn(('Invalid uuid: %s. To ensure interoperability, '
2026-09-12 05:21:34.151 10 INFO neutron.api.v2.resource [None req-29687c70-ca6a-45c8-80fd-31d7b45079e5 1c07cd83baf64eee99e1a9e8fef20673 fafc2da4927f48c180abf9e205817e0b - - default default] show failed (client error): The resource could not be found.
2026-09-12 05:21:34.153 10 INFO neutron.wsgi [None req-29687c70-ca6a-45c8-80fd-31d7b45079e5 1c07cd83baf64eee99e1a9e8fef20673 fafc2da4927f48c180abf9e205817e0b - - default default] 10.0.0.140 "GET /v2.0/floatingips/d7a8ea24-f6f5-4c22-9800-6514e8cab3de HTTP/1.1" status: 404 len: 345 time: 0.0475368
2026-09-12 05:21:34.156 9 INFO neutron.notifiers.nova [-] Nova event matching ['req-e29fed5f-93c4-42d2-bed8-cd331c9ca058'] response: {'name': 'network-changed', 'server_uuid': 'e3900df9-6725-4e44-9e4f-f7af3e9b6b40', 'tag': 'ab803564-e53b-4bb0-b0eb-65955a69d604', 'status': 'completed', 'code': 200}
2026-09-12 05:21:34.229 10 INFO neutron.wsgi [req-c3dac4cf-a967-4113-af1c-ae75da183fec req-fa8df01d-4ecf-4964-ac2d-e6cb622b7133 ccc55c2b1b564a7bb0eaef7101c137cb a0ebd6d97c234365a41f5993b017964b - - 8c30287ce7d244c789d6d1b30f1e19f4 8c30287ce7d244c789d6d1b30f1e19f4] 162.253.55.43 "GET /v2.0/ports?tenant_id=fafc2da4927f48c180abf9e205817e0b&device_id=e3900df9-6725-4e44-9e4f-f7af3e9b6b40 HTTP/1.1" status: 200 len: 1590 time: 0.0469196
2026-09-12 05:21:34.302 10 INFO neutron.wsgi [req-c3dac4cf-a967-4113-af1c-ae75da183fec req-f4d1f8ff-c6ce-4df8-ae4a-2b70a0e63bde ccc55c2b1b564a7bb0eaef7101c137cb a0ebd6d97c234365a41f5993b017964b - - 8c30287ce7d244c789d6d1b30f1e19f4 8c30287ce7d244c789d6d1b30f1e19f4] 162.253.55.43 "GET /v2.0/networks?id=7b6dcd49-0438-4a49-949c-ae586ffb5953 HTTP/1.1" status: 200 len: 1002 time: 0.0652683
2026-09-12 05:21:34.339 10 INFO neutron.wsgi [req-c3dac4cf-a967-4113-af1c-ae75da183fec req-b57b4248-01fa-461f-9f76-a70b99fc957a ccc55c2b1b564a7bb0eaef7101c137cb a0ebd6d97c234365a41f5993b017964b - - 8c30287ce7d244c789d6d1b30f1e19f4 8c30287ce7d244c789d6d1b30f1e19f4] 162.253.55.43 "GET /v2.0/floatingips?fixed_ip_address=10.2.2.190&port_id=ab803564-e53b-4bb0-b0eb-65955a69d604 HTTP/1.1" status: 200 len: 217 time: 0.0281787
2026-09-12 05:21:34.377 10 INFO neutron.wsgi [req-c3dac4cf-a967-4113-af1c-ae75da183fec req-434d3a16-9426-424e-a929-26b6f5760013 ccc55c2b1b564a7bb0eaef7101c137cb a0ebd6d97c234365a41f5993b017964b - - 8c30287ce7d244c789d6d1b30f1e19f4 8c30287ce7d244c789d6d1b30f1e19f4] 162.253.55.43 "GET /v2.0/floatingips?fixed_ip_address=fd77%3A1457%3A4cf0%3A26a8%3A%3A25&port_id=ab803564-e53b-4bb0-b0eb-65955a69d604 HTTP/1.1" status: 200 len: 217 time: 0.0322452
2026-09-12 05:21:34.398 10 INFO neutron.notifiers.nova [-] Nova event matching ['req-1a1f9119-da02-4584-9efa-b7cd0def8830'] response: {'server_uuid': '6b549c5e-e586-4605-8a3f-7a256f54b161', 'name': 'network-vif-plugged', 'status': 'completed', 'tag': '39108f56-13fa-4346-ae7d-a09c177a346e', 'code': 200}
2026-09-12 05:21:34.399 10 INFO neutron.notifiers.nova [-] Nova event matching ['req-1a1f9119-da02-4584-9efa-b7cd0def8830'] response: {'server_uuid': '6b549c5e-e586-4605-8a3f-7a256f54b161', 'name': 'network-vif-deleted', 'tag': '39108f56-13fa-4346-ae7d-a09c177a346e', 'status': 'completed', 'code': 200}
2026-09-12 05:21:34.407 9 INFO neutron.plugins.ml2.drivers.ovn.mech_driver.mech_driver [None req-aa7ef198-caa7-48af-8bdd-15a59311dcc8 - - - - - -] OVN reports status down for port: ab803564-e53b-4bb0-b0eb-65955a69d604
2026-09-12 05:21:34.436 10 INFO neutron.wsgi [req-c3dac4cf-a967-4113-af1c-ae75da183fec req-60c291f3-4fc6-4786-a3e5-515de4d0b2e4 ccc55c2b1b564a7bb0eaef7101c137cb a0ebd6d97c234365a41f5993b017964b - - 8c30287ce7d244c789d6d1b30f1e19f4 8c30287ce7d244c789d6d1b30f1e19f4] 162.253.55.43 "GET /v2.0/subnets?id=f1330f26-799b-4df3-90e5-d81c606fa0f2&id=9fa2f13b-cde7-4915-8368-c6deddf27418 HTTP/1.1" status: 200 len: 1567 time: 0.0532038
2026-09-12 05:21:34.473 10 INFO neutron.wsgi [req-c3dac4cf-a967-4113-af1c-ae75da183fec req-1980e4d9-3185-4738-ac62-4e5c616fe032 ccc55c2b1b564a7bb0eaef7101c137cb a0ebd6d97c234365a41f5993b017964b - - 8c30287ce7d244c789d6d1b30f1e19f4 8c30287ce7d244c789d6d1b30f1e19f4] 162.253.55.43 "GET /v2.0/ports?network_id=7b6dcd49-0438-4a49-949c-ae586ffb5953&device_owner=network%3Adhcp HTTP/1.1" status: 200 len: 210 time: 0.0275841
2026-09-12 05:21:34.522 10 INFO neutron.wsgi [req-c3dac4cf-a967-4113-af1c-ae75da183fec req-20dda2a1-8382-4d59-bfdb-6bd6f2e460b0 ccc55c2b1b564a7bb0eaef7101c137cb a0ebd6d97c234365a41f5993b017964b - - 8c30287ce7d244c789d6d1b30f1e19f4 8c30287ce7d244c789d6d1b30f1e19f4] 162.253.55.43 "GET /v2.0/ports?network_id=7b6dcd49-0438-4a49-949c-ae586ffb5953&device_owner=network%3Adhcp HTTP/1.1" status: 200 len: 210 time: 0.0335536
2026-09-12 05:21:34.530 10 INFO neutron.wsgi [req-4d770a93-e76b-4314-9dc7-9f788f648d15 req-c3d5e571-b586-4a5b-ac03-032e83a70ca3 1c07cd83baf64eee99e1a9e8fef20673 fafc2da4927f48c180abf9e205817e0b - - default default] 10.0.0.239 "GET /v2.0/ports?device_id=e3900df9-6725-4e44-9e4f-f7af3e9b6b40 HTTP/1.1" status: 200 len: 1400 time: 0.1406310
2026-09-12 05:21:34.602 10 INFO neutron.wsgi [req-4d770a93-e76b-4314-9dc7-9f788f648d15 req-89431434-21d5-427b-b87d-f32b82c6f7fa 1c07cd83baf64eee99e1a9e8fef20673 fafc2da4927f48c180abf9e205817e0b - - default default] 10.0.0.239 "GET /v2.0/security-groups?id=3f74e7e0-3787-432d-8c4a-2cef78532b30&fields=id&fields=name HTTP/1.1" status: 200 len: 310 time: 0.0603778
2026-09-12 05:21:34.611 10 INFO neutron.wsgi [req-c3dac4cf-a967-4113-af1c-ae75da183fec req-7690ab38-ccac-48b6-880f-04a43a6fc7bc ccc55c2b1b564a7bb0eaef7101c137cb a0ebd6d97c234365a41f5993b017964b - - 8c30287ce7d244c789d6d1b30f1e19f4 8c30287ce7d244c789d6d1b30f1e19f4] 162.253.55.43 "GET /v2.0/networks/7b6dcd49-0438-4a49-949c-ae586ffb5953?fields=segments HTTP/1.1" status: 200 len: 212 time: 0.0789371
2026-09-12 05:21:34.668 10 INFO neutron.wsgi [req-c3dac4cf-a967-4113-af1c-ae75da183fec req-ebe02129-ab86-471e-aba6-4a2e0cbc016e ccc55c2b1b564a7bb0eaef7101c137cb a0ebd6d97c234365a41f5993b017964b - - 8c30287ce7d244c789d6d1b30f1e19f4 8c30287ce7d244c789d6d1b30f1e19f4] 162.253.55.43 "GET /v2.0/networks/7b6dcd49-0438-4a49-949c-ae586ffb5953?fields=provider%3Aphysical_network&fields=provider%3Anetwork_type HTTP/1.1" status: 200 len: 277 time: 0.0514739
2026-09-12 05:21:34.747 9 INFO neutron.db.ovn_revision_numbers_db [None req-aa7ef198-caa7-48af-8bdd-15a59311dcc8 - - - - - -] Successfully bumped revision number for resource ab803564-e53b-4bb0-b0eb-65955a69d604 (type: ports) to 5
2026-09-12 05:21:34.759 10 INFO neutron.wsgi [req-ff0357e7-b7aa-4cb8-a6fa-db6a0029bc6d req-6b2d6bfc-615c-4af7-83ed-1fda98d8bb27 1c07cd83baf64eee99e1a9e8fef20673 fafc2da4927f48c180abf9e205817e0b - - default default] 162.253.55.43 "GET /v2.0/ports?device_id=e3900df9-6725-4e44-9e4f-f7af3e9b6b40 HTTP/1.1" status: 200 len: 1398 time: 0.0434330
2026-09-12 05:21:35.223 10 INFO neutron.wsgi [None req-9a1dc4df-904d-43fd-85de-2b67db590b2f 1c07cd83baf64eee99e1a9e8fef20673 fafc2da4927f48c180abf9e205817e0b - - - -] 162.253.55.43 "DELETE /v2.0/ports/ab803564-e53b-4bb0-b0eb-65955a69d604 HTTP/1.1" status: 204 len: 173 time: 0.4584117
2026-09-12 05:21:36.211 9 INFO neutron.notifiers.nova [-] Nova event matching ['req-e3a69e7f-de6d-4c8a-87ae-113b1bc91b4e'] response: {'server_uuid': 'e3900df9-6725-4e44-9e4f-f7af3e9b6b40', 'name': 'network-vif-unplugged', 'status': 'completed', 'tag': 'ab803564-e53b-4bb0-b0eb-65955a69d604', 'code': 200}
2026-09-12 05:21:36.211 9 INFO neutron.notifiers.nova [-] Nova event matching ['req-e3a69e7f-de6d-4c8a-87ae-113b1bc91b4e'] response: {'server_uuid': 'e3900df9-6725-4e44-9e4f-f7af3e9b6b40', 'name': 'network-vif-plugged', 'status': 'completed', 'tag': 'ab803564-e53b-4bb0-b0eb-65955a69d604', 'code': 200}
2026-09-12 05:21:36.456 10 INFO neutron.notifiers.nova [-] Nova event matching ['req-dc788c96-3d0b-45aa-b91c-82bbe04a71c8'] response: {'server_uuid': 'e3900df9-6725-4e44-9e4f-f7af3e9b6b40', 'name': 'network-vif-deleted', 'tag': 'ab803564-e53b-4bb0-b0eb-65955a69d604', 'status': 'completed', 'code': 200}
2026-09-12 05:21:38.090 10 INFO neutron.wsgi [-] 10.0.0.141 "GET / HTTP/1.1" status: 200 len: 247 time: 0.0024159
2026-09-12 05:21:38.093 10 INFO neutron.wsgi [-] 10.0.0.141 "GET / HTTP/1.1" status: 200 len: 247 time: 0.0019250
2026-09-12 05:21:40.175 10 INFO neutron.db.l3_db [None req-be2fa97e-9b5f-444c-ad03-c6f67142af84 1c07cd83baf64eee99e1a9e8fef20673 fafc2da4927f48c180abf9e205817e0b - - - -] Floating IP 4b351c98-c921-48ce-9f4a-209d021cab45 disassociated (deleted). External IP: 10.96.250.208, port: ad6f8118-8b54-4517-99f3-9732a194f2a4.
2026-09-12 05:21:40.211 10 INFO neutron.wsgi [None req-be2fa97e-9b5f-444c-ad03-c6f67142af84 1c07cd83baf64eee99e1a9e8fef20673 fafc2da4927f48c180abf9e205817e0b - - - -] 10.0.0.140 "DELETE /v2.0/floatingips/4b351c98-c921-48ce-9f4a-209d021cab45 HTTP/1.1" status: 204 len: 168 time: 0.5407679
2026-09-12 05:21:40.236 10 INFO neutron.api.v2.resource [None req-dc4ae661-eb2b-412e-a9b2-401789265c9e 1c07cd83baf64eee99e1a9e8fef20673 fafc2da4927f48c180abf9e205817e0b - - default default] show failed (client error): The resource could not be found.
2026-09-12 05:21:40.237 10 INFO neutron.wsgi [None req-dc4ae661-eb2b-412e-a9b2-401789265c9e 1c07cd83baf64eee99e1a9e8fef20673 fafc2da4927f48c180abf9e205817e0b - - default default] 10.0.0.140 "GET /v2.0/floatingips/4b351c98-c921-48ce-9f4a-209d021cab45 HTTP/1.1" status: 404 len: 345 time: 0.0188890
2026-09-12 05:21:40.250 10 INFO neutron.notifiers.nova [-] Nova event matching ['req-38e49871-5302-427a-895b-d355e0b964da'] response: {'name': 'network-changed', 'server_uuid': '1274c9f8-4485-446b-98ee-a28605bfd14b', 'tag': 'ad6f8118-8b54-4517-99f3-9732a194f2a4', 'status': 'completed', 'code': 200}
2026-09-12 05:21:40.314 10 INFO neutron.wsgi [req-1f029632-5247-4f65-9239-2ee4d987f060 req-62ac51bd-e82d-4ced-b699-cb285632bd5e ccc55c2b1b564a7bb0eaef7101c137cb a0ebd6d97c234365a41f5993b017964b - - 8c30287ce7d244c789d6d1b30f1e19f4 8c30287ce7d244c789d6d1b30f1e19f4] 162.253.55.43 "GET /v2.0/ports?tenant_id=fafc2da4927f48c180abf9e205817e0b&device_id=1274c9f8-4485-446b-98ee-a28605bfd14b HTTP/1.1" status: 200 len: 1586 time: 0.0480387
2026-09-12 05:21:40.410 10 INFO neutron.wsgi [req-1f029632-5247-4f65-9239-2ee4d987f060 req-82acd2da-b963-4cf9-9402-a6c3647179f7 ccc55c2b1b564a7bb0eaef7101c137cb a0ebd6d97c234365a41f5993b017964b - - 8c30287ce7d244c789d6d1b30f1e19f4 8c30287ce7d244c789d6d1b30f1e19f4] 162.253.55.43 "GET /v2.0/networks?id=47367fb1-4269-4af5-8e2e-7a3bc8a1b131 HTTP/1.1" status: 200 len: 1003 time: 0.0827470
2026-09-12 05:21:40.452 10 INFO neutron.wsgi [req-1f029632-5247-4f65-9239-2ee4d987f060 req-b9fcda66-b108-480c-9147-399500eb8d7e ccc55c2b1b564a7bb0eaef7101c137cb a0ebd6d97c234365a41f5993b017964b - - 8c30287ce7d244c789d6d1b30f1e19f4 8c30287ce7d244c789d6d1b30f1e19f4] 162.253.55.43 "GET /v2.0/floatingips?fixed_ip_address=10.2.1.33&port_id=ad6f8118-8b54-4517-99f3-9732a194f2a4 HTTP/1.1" status: 200 len: 217 time: 0.0333021
2026-09-12 05:21:40.454 10 INFO neutron.plugins.ml2.drivers.ovn.mech_driver.mech_driver [None req-f4010fcd-c45b-4954-aa5b-f18dc71b67ee - - - - - -] OVN reports status down for port: ad6f8118-8b54-4517-99f3-9732a194f2a4
2026-09-12 05:21:40.488 10 INFO neutron.wsgi [req-1f029632-5247-4f65-9239-2ee4d987f060 req-73003e09-21f2-4228-9c43-a556860b6e27 ccc55c2b1b564a7bb0eaef7101c137cb a0ebd6d97c234365a41f5993b017964b - - 8c30287ce7d244c789d6d1b30f1e19f4 8c30287ce7d244c789d6d1b30f1e19f4] 162.253.55.43 "GET /v2.0/floatingips?fixed_ip_address=fd7b%3Af9f7%3Afff%3A4eca%3A%3A3bc&port_id=ad6f8118-8b54-4517-99f3-9732a194f2a4 HTTP/1.1" status: 200 len: 217 time: 0.0325084
2026-09-12 05:21:40.503 10 INFO neutron.wsgi [req-ec0ad358-d60e-414a-aa5b-ef877e1ee99e req-616b3962-7421-499a-8f8d-11f8475bbd42 1c07cd83baf64eee99e1a9e8fef20673 fafc2da4927f48c180abf9e205817e0b - - default default] 10.0.0.239 "GET /v2.0/ports?device_id=1274c9f8-4485-446b-98ee-a28605bfd14b HTTP/1.1" status: 200 len: 1396 time: 0.1263595
2026-09-12 05:21:40.541 10 INFO neutron.wsgi [req-1f029632-5247-4f65-9239-2ee4d987f060 req-783bcdf0-d553-45ac-abb1-69f5534f2c6b ccc55c2b1b564a7bb0eaef7101c137cb a0ebd6d97c234365a41f5993b017964b - - 8c30287ce7d244c789d6d1b30f1e19f4 8c30287ce7d244c789d6d1b30f1e19f4] 162.253.55.43 "GET /v2.0/subnets?id=7edd57ac-b0b3-4319-a0d2-8707013c1e80&id=8035fa3c-1bb7-4a6f-87b0-d10fabf26de9 HTTP/1.1" status: 200 len: 1563 time: 0.0472207
2026-09-12 05:21:40.563 10 INFO neutron.wsgi [req-ec0ad358-d60e-414a-aa5b-ef877e1ee99e req-ecabcaf0-044a-462e-a8c9-6675da30d49b 1c07cd83baf64eee99e1a9e8fef20673 fafc2da4927f48c180abf9e205817e0b - - default default] 10.0.0.239 "GET /v2.0/security-groups?id=3f74e7e0-3787-432d-8c4a-2cef78532b30&fields=id&fields=name HTTP/1.1" status: 200 len: 310 time: 0.0518830
2026-09-12 05:21:40.582 10 INFO neutron.wsgi [req-1f029632-5247-4f65-9239-2ee4d987f060 req-5d3ead7c-9a8d-44dc-bec4-c7f5fb0b4cbd ccc55c2b1b564a7bb0eaef7101c137cb a0ebd6d97c234365a41f5993b017964b - - 8c30287ce7d244c789d6d1b30f1e19f4 8c30287ce7d244c789d6d1b30f1e19f4] 162.253.55.43 "GET /v2.0/ports?network_id=47367fb1-4269-4af5-8e2e-7a3bc8a1b131&device_owner=network%3Adhcp HTTP/1.1" status: 200 len: 210 time: 0.0326636
2026-09-12 05:21:40.609 10 INFO neutron.wsgi [req-1f029632-5247-4f65-9239-2ee4d987f060 req-bef29a05-db7b-44d3-b86a-2b8a5262c964 ccc55c2b1b564a7bb0eaef7101c137cb a0ebd6d97c234365a41f5993b017964b - - 8c30287ce7d244c789d6d1b30f1e19f4 8c30287ce7d244c789d6d1b30f1e19f4] 162.253.55.43 "GET /v2.0/ports?network_id=47367fb1-4269-4af5-8e2e-7a3bc8a1b131&device_owner=network%3Adhcp HTTP/1.1" status: 200 len: 210 time: 0.0216608
2026-09-12 05:21:40.691 10 INFO neutron.wsgi [req-1f029632-5247-4f65-9239-2ee4d987f060 req-f7a1fc2f-080a-4d66-a8e6-f02ef2421cab ccc55c2b1b564a7bb0eaef7101c137cb a0ebd6d97c234365a41f5993b017964b - - 8c30287ce7d244c789d6d1b30f1e19f4 8c30287ce7d244c789d6d1b30f1e19f4] 162.253.55.43 "GET /v2.0/networks/47367fb1-4269-4af5-8e2e-7a3bc8a1b131?fields=segments HTTP/1.1" status: 200 len: 212 time: 0.0767109 /var/lib/openstack/lib/python3.10/site-packages/pycadf/identifier.py:71: UserWarning: Invalid uuid: neutron. To ensure interoperability, identifiers should be a valid uuid. warnings.warn(('Invalid uuid: %s. To ensure interoperability, '
2026-09-12 05:21:40.765 10 INFO neutron.wsgi [req-1f029632-5247-4f65-9239-2ee4d987f060 req-51a91c51-818f-47d1-9fb8-c2e2c87ed9d1 ccc55c2b1b564a7bb0eaef7101c137cb a0ebd6d97c234365a41f5993b017964b - - 8c30287ce7d244c789d6d1b30f1e19f4 8c30287ce7d244c789d6d1b30f1e19f4] 162.253.55.43 "GET /v2.0/networks/47367fb1-4269-4af5-8e2e-7a3bc8a1b131?fields=provider%3Aphysical_network&fields=provider%3Anetwork_type HTTP/1.1" status: 200 len: 277 time: 0.0650868
2026-09-12 05:21:40.789 10 INFO neutron.db.ovn_revision_numbers_db [None req-f4010fcd-c45b-4954-aa5b-f18dc71b67ee - - - - - -] Successfully bumped revision number for resource ad6f8118-8b54-4517-99f3-9732a194f2a4 (type: ports) to 5
2026-09-12 05:21:40.826 9 INFO neutron.wsgi [req-9fa61479-3dac-4c5a-b6eb-993536caca6a req-591922d6-ed02-4d4b-90c3-5f894d795274 1c07cd83baf64eee99e1a9e8fef20673 fafc2da4927f48c180abf9e205817e0b - - default default] 162.253.55.43 "GET /v2.0/ports?device_id=1274c9f8-4485-446b-98ee-a28605bfd14b HTTP/1.1" status: 200 len: 1394 time: 0.1266358
2026-09-12 05:21:41.154 9 INFO neutron.wsgi [None req-f4a7bf0e-178b-4f16-83fa-75405f336acf 1c07cd83baf64eee99e1a9e8fef20673 fafc2da4927f48c180abf9e205817e0b - - - -] 162.253.55.43 "DELETE /v2.0/ports/ad6f8118-8b54-4517-99f3-9732a194f2a4 HTTP/1.1" status: 204 len: 173 time: 0.3244092
2026-09-12 05:21:41.200 9 INFO neutron.notifiers.nova [-] Nova event matching ['req-1306aacf-95ab-4fb8-9562-abe21d098675'] response: {'server_uuid': '1274c9f8-4485-446b-98ee-a28605bfd14b', 'name': 'network-vif-deleted', 'tag': 'ad6f8118-8b54-4517-99f3-9732a194f2a4', 'status': 'completed', 'code': 200}
2026-09-12 05:21:42.302 10 INFO neutron.notifiers.nova [-] Nova event matching ['req-6b77005b-9e73-4f17-84da-a74c3205902c'] response: {'server_uuid': '1274c9f8-4485-446b-98ee-a28605bfd14b', 'name': 'network-vif-unplugged', 'status': 'completed', 'tag': 'ad6f8118-8b54-4517-99f3-9732a194f2a4', 'code': 200}
2026-09-12 05:21:42.302 10 INFO neutron.notifiers.nova [-] Nova event matching ['req-6b77005b-9e73-4f17-84da-a74c3205902c'] response: {'server_uuid': '1274c9f8-4485-446b-98ee-a28605bfd14b', 'name': 'network-vif-plugged', 'status': 'completed', 'tag': 'ad6f8118-8b54-4517-99f3-9732a194f2a4', 'code': 200} /var/lib/openstack/lib/python3.10/site-packages/pycadf/identifier.py:71: UserWarning: Invalid uuid: neutron. To ensure interoperability, identifiers should be a valid uuid. warnings.warn(('Invalid uuid: %s. To ensure interoperability, '
2026-09-12 05:21:45.800 10 INFO neutron.wsgi [None req-30147b88-fc81-43c8-8b24-8913e53f00fa 1c07cd83baf64eee99e1a9e8fef20673 fafc2da4927f48c180abf9e205817e0b - - - -] 10.0.0.140 "DELETE /v2.0/security-group-rules/3579bdbd-d8cb-4e40-b3da-42a752291ee1 HTTP/1.1" status: 204 len: 168 time: 0.1626198
2026-09-12 05:21:45.818 10 INFO neutron.api.v2.resource [None req-86cf82f4-3e31-494f-9601-74553c77e47b 1c07cd83baf64eee99e1a9e8fef20673 fafc2da4927f48c180abf9e205817e0b - - default default] show failed (client error): The resource could not be found.
2026-09-12 05:21:45.819 10 INFO neutron.wsgi [None req-86cf82f4-3e31-494f-9601-74553c77e47b 1c07cd83baf64eee99e1a9e8fef20673 fafc2da4927f48c180abf9e205817e0b - - default default] 10.0.0.140 "GET /v2.0/security-group-rules/3579bdbd-d8cb-4e40-b3da-42a752291ee1 HTTP/1.1" status: 404 len: 356 time: 0.0134225
2026-09-12 05:21:45.954 10 INFO neutron.wsgi [None req-5b6e55c6-dd8b-48cb-ae3b-f867f42e253a 1c07cd83baf64eee99e1a9e8fef20673 fafc2da4927f48c180abf9e205817e0b - - - -] 10.0.0.140 "DELETE /v2.0/security-group-rules/833ded07-b438-4951-af21-fa28e5b40def HTTP/1.1" status: 204 len: 168 time: 0.1294844
2026-09-12 05:21:45.982 10 INFO neutron.api.v2.resource [None req-2abb0718-0e05-43ff-bf3a-fcbf41ead80d 1c07cd83baf64eee99e1a9e8fef20673 fafc2da4927f48c180abf9e205817e0b - - default default] show failed (client error): The resource could not be found.
2026-09-12 05:21:45.985 10 INFO neutron.wsgi [None req-2abb0718-0e05-43ff-bf3a-fcbf41ead80d 1c07cd83baf64eee99e1a9e8fef20673 fafc2da4927f48c180abf9e205817e0b - - default default] 10.0.0.140 "GET /v2.0/security-group-rules/833ded07-b438-4951-af21-fa28e5b40def HTTP/1.1" status: 404 len: 356 time: 0.0206518
2026-09-12 05:21:46.118 10 INFO neutron.wsgi [None req-90985107-933d-4a76-a381-559bfb14dc8d 1c07cd83baf64eee99e1a9e8fef20673 fafc2da4927f48c180abf9e205817e0b - - - -] 10.0.0.140 "DELETE /v2.0/security-group-rules/eee28d6c-a735-405b-9d8b-c2cfcf20745b HTTP/1.1" status: 204 len: 168 time: 0.1264789
2026-09-12 05:21:46.133 10 INFO neutron.api.v2.resource [None req-177856f2-380f-4f55-af08-f394706aeb4f 1c07cd83baf64eee99e1a9e8fef20673 fafc2da4927f48c180abf9e205817e0b - - default default] show failed (client error): The resource could not be found.
2026-09-12 05:21:46.134 10 INFO neutron.wsgi [None req-177856f2-380f-4f55-af08-f394706aeb4f 1c07cd83baf64eee99e1a9e8fef20673 fafc2da4927f48c180abf9e205817e0b - - default default] 10.0.0.140 "GET /v2.0/security-group-rules/eee28d6c-a735-405b-9d8b-c2cfcf20745b HTTP/1.1" status: 404 len: 356 time: 0.0102310
2026-09-12 05:21:46.222 10 INFO neutron.wsgi [None req-ddce184c-0297-4632-8703-c4f7eb6f526c 1c07cd83baf64eee99e1a9e8fef20673 fafc2da4927f48c180abf9e205817e0b - - - -] 10.0.0.140 "DELETE /v2.0/security-group-rules/3cc93af0-a4d0-499c-950d-2dd9a664700f HTTP/1.1" status: 204 len: 168 time: 0.0847170
2026-09-12 05:21:46.235 10 INFO neutron.api.v2.resource [None req-ba2dda1a-304e-478c-acd0-df4b68e6965b 1c07cd83baf64eee99e1a9e8fef20673 fafc2da4927f48c180abf9e205817e0b - - default default] show failed (client error): The resource could not be found.
2026-09-12 05:21:46.236 10 INFO neutron.wsgi [None req-ba2dda1a-304e-478c-acd0-df4b68e6965b 1c07cd83baf64eee99e1a9e8fef20673 fafc2da4927f48c180abf9e205817e0b - - default default] 10.0.0.140 "GET /v2.0/security-group-rules/3cc93af0-a4d0-499c-950d-2dd9a664700f HTTP/1.1" status: 404 len: 356 time: 0.0086761
2026-09-12 05:21:46.346 10 INFO neutron.wsgi [None req-2a529df9-288f-485f-b17b-a30437cf55c2 1c07cd83baf64eee99e1a9e8fef20673 fafc2da4927f48c180abf9e205817e0b - - - -] 10.0.0.140 "DELETE /v2.0/security-group-rules/c00c0c4b-f9db-4cf0-b832-841d25511a7f HTTP/1.1" status: 204 len: 168 time: 0.1062119
2026-09-12 05:21:46.361 10 INFO neutron.api.v2.resource [None req-0d99ed8f-f2ae-4375-ba32-a4b20b0cfedd 1c07cd83baf64eee99e1a9e8fef20673 fafc2da4927f48c180abf9e205817e0b - - default default] show failed (client error): The resource could not be found.
2026-09-12 05:21:46.362 10 INFO neutron.wsgi [None req-0d99ed8f-f2ae-4375-ba32-a4b20b0cfedd 1c07cd83baf64eee99e1a9e8fef20673 fafc2da4927f48c180abf9e205817e0b - - default default] 10.0.0.140 "GET /v2.0/security-group-rules/c00c0c4b-f9db-4cf0-b832-841d25511a7f HTTP/1.1" status: 404 len: 356 time: 0.0106571
2026-09-12 05:21:46.456 10 INFO neutron.wsgi [None req-6f1e9233-9a59-40a7-8c79-996616d4c2c6 1c07cd83baf64eee99e1a9e8fef20673 fafc2da4927f48c180abf9e205817e0b - - - -] 10.0.0.140 "DELETE /v2.0/security-group-rules/ecdec94c-1a34-4554-9230-a535ac01dfc1 HTTP/1.1" status: 204 len: 168 time: 0.0897813
2026-09-12 05:21:46.472 10 INFO neutron.api.v2.resource [None req-8d6c760b-174e-45ec-854c-9acae7ea3bc5 1c07cd83baf64eee99e1a9e8fef20673 fafc2da4927f48c180abf9e205817e0b - - default default] show failed (client error): The resource could not be found.
2026-09-12 05:21:46.474 10 INFO neutron.wsgi [None req-8d6c760b-174e-45ec-854c-9acae7ea3bc5 1c07cd83baf64eee99e1a9e8fef20673 fafc2da4927f48c180abf9e205817e0b - - default default] 10.0.0.140 "GET /v2.0/security-group-rules/ecdec94c-1a34-4554-9230-a535ac01dfc1 HTTP/1.1" status: 404 len: 356 time: 0.0134327
2026-09-12 05:21:46.661 10 INFO neutron.wsgi [None req-e6b3ca40-3be8-4d1c-b0e5-5952b77c4d4e 1c07cd83baf64eee99e1a9e8fef20673 fafc2da4927f48c180abf9e205817e0b - - - -] 10.0.0.140 "DELETE /v2.0/security-group-rules/2f71bd56-4dcc-4f31-95f5-aa0fa75cfb1e HTTP/1.1" status: 204 len: 168 time: 0.1822355
2026-09-12 05:21:46.678 10 INFO neutron.api.v2.resource [None req-759272c6-e129-479f-9503-f1b4f8fbaf86 1c07cd83baf64eee99e1a9e8fef20673 fafc2da4927f48c180abf9e205817e0b - - default default] show failed (client error): The resource could not be found.
2026-09-12 05:21:46.679 10 INFO neutron.wsgi [None req-759272c6-e129-479f-9503-f1b4f8fbaf86 1c07cd83baf64eee99e1a9e8fef20673 fafc2da4927f48c180abf9e205817e0b - - default default] 10.0.0.140 "GET /v2.0/security-group-rules/2f71bd56-4dcc-4f31-95f5-aa0fa75cfb1e HTTP/1.1" status: 404 len: 356 time: 0.0127585
2026-09-12 05:21:46.786 10 INFO neutron.wsgi [None req-ccee3eb9-ed1a-47cb-afe7-51812c29fb72 1c07cd83baf64eee99e1a9e8fef20673 fafc2da4927f48c180abf9e205817e0b - - - -] 10.0.0.140 "DELETE /v2.0/security-group-rules/98c4d534-9024-464c-9de9-47aadd88e1b1 HTTP/1.1" status: 204 len: 168 time: 0.1020083
2026-09-12 05:21:46.803 10 INFO neutron.api.v2.resource [None req-5e3a3eac-6c1d-48b0-825c-b8e1cd1df4fb 1c07cd83baf64eee99e1a9e8fef20673 fafc2da4927f48c180abf9e205817e0b - - default default] show failed (client error): The resource could not be found.
2026-09-12 05:21:46.804 10 INFO neutron.wsgi [None req-5e3a3eac-6c1d-48b0-825c-b8e1cd1df4fb 1c07cd83baf64eee99e1a9e8fef20673 fafc2da4927f48c180abf9e205817e0b - - default default] 10.0.0.140 "GET /v2.0/security-group-rules/98c4d534-9024-464c-9de9-47aadd88e1b1 HTTP/1.1" status: 404 len: 356 time: 0.0126278
2026-09-12 05:21:46.906 10 INFO neutron.wsgi [None req-dd0927ee-274a-4683-a027-ffbb742acc9e 1c07cd83baf64eee99e1a9e8fef20673 fafc2da4927f48c180abf9e205817e0b - - - -] 10.0.0.140 "DELETE /v2.0/security-group-rules/aecafe4e-7c47-49fc-a94c-88f8e980677e HTTP/1.1" status: 204 len: 168 time: 0.0976634
2026-09-12 05:21:46.918 10 INFO neutron.api.v2.resource [None req-a943f754-4af0-4aad-9406-cdaa8dfdcd82 1c07cd83baf64eee99e1a9e8fef20673 fafc2da4927f48c180abf9e205817e0b - - default default] show failed (client error): The resource could not be found.
2026-09-12 05:21:46.919 10 INFO neutron.wsgi [None req-a943f754-4af0-4aad-9406-cdaa8dfdcd82 1c07cd83baf64eee99e1a9e8fef20673 fafc2da4927f48c180abf9e205817e0b - - default default] 10.0.0.140 "GET /v2.0/security-group-rules/aecafe4e-7c47-49fc-a94c-88f8e980677e HTTP/1.1" status: 404 len: 356 time: 0.0090206
2026-09-12 05:21:47.046 10 INFO neutron.wsgi [None req-c10413d8-eb64-4551-85df-4ffa85e7d012 1c07cd83baf64eee99e1a9e8fef20673 fafc2da4927f48c180abf9e205817e0b - - - -] 10.0.0.140 "DELETE /v2.0/security-group-rules/79b6f6fc-b901-4b27-bc2f-e970915ea9f7 HTTP/1.1" status: 204 len: 168 time: 0.1233435
2026-09-12 05:21:47.062 10 INFO neutron.api.v2.resource [None req-f5f2a78e-3083-4001-afad-2ba416cf2d80 1c07cd83baf64eee99e1a9e8fef20673 fafc2da4927f48c180abf9e205817e0b - - default default] show failed (client error): The resource could not be found.
2026-09-12 05:21:47.064 10 INFO neutron.wsgi [None req-f5f2a78e-3083-4001-afad-2ba416cf2d80 1c07cd83baf64eee99e1a9e8fef20673 fafc2da4927f48c180abf9e205817e0b - - default default] 10.0.0.140 "GET /v2.0/security-group-rules/79b6f6fc-b901-4b27-bc2f-e970915ea9f7 HTTP/1.1" status: 404 len: 356 time: 0.0124774
2026-09-12 05:21:47.164 10 INFO neutron.wsgi [None req-5f5fa71a-ac01-41bf-8f4e-49c8af7d3821 1c07cd83baf64eee99e1a9e8fef20673 fafc2da4927f48c180abf9e205817e0b - - - -] 10.0.0.140 "DELETE /v2.0/security-group-rules/461cf704-74c1-4966-b04c-975df7bae0b8 HTTP/1.1" status: 204 len: 168 time: 0.0934415
2026-09-12 05:21:47.177 10 INFO neutron.api.v2.resource [None req-8799048c-549e-459f-b78b-0d898ab1a95e 1c07cd83baf64eee99e1a9e8fef20673 fafc2da4927f48c180abf9e205817e0b - - default default] show failed (client error): The resource could not be found.
2026-09-12 05:21:47.178 10 INFO neutron.wsgi [None req-8799048c-549e-459f-b78b-0d898ab1a95e 1c07cd83baf64eee99e1a9e8fef20673 fafc2da4927f48c180abf9e205817e0b - - default default] 10.0.0.140 "GET /v2.0/security-group-rules/461cf704-74c1-4966-b04c-975df7bae0b8 HTTP/1.1" status: 404 len: 356 time: 0.0095084
2026-09-12 05:21:47.297 10 INFO neutron.wsgi [None req-5e2e9248-c0d7-46ae-92a6-6593cce44e42 1c07cd83baf64eee99e1a9e8fef20673 fafc2da4927f48c180abf9e205817e0b - - - -] 10.0.0.140 "DELETE /v2.0/security-groups/3f74e7e0-3787-432d-8c4a-2cef78532b30 HTTP/1.1" status: 204 len: 168 time: 0.1139679
2026-09-12 05:21:47.313 10 INFO neutron.api.v2.resource [None req-f3a2f1d6-c97c-44a2-b45b-f77e5cbb493a 1c07cd83baf64eee99e1a9e8fef20673 fafc2da4927f48c180abf9e205817e0b - - default default] show failed (client error): The resource could not be found.
2026-09-12 05:21:47.315 10 INFO neutron.wsgi [None req-f3a2f1d6-c97c-44a2-b45b-f77e5cbb493a 1c07cd83baf64eee99e1a9e8fef20673 fafc2da4927f48c180abf9e205817e0b - - default default] 10.0.0.140 "GET /v2.0/security-groups/3f74e7e0-3787-432d-8c4a-2cef78532b30 HTTP/1.1" status: 404 len: 347 time: 0.0116754
2026-09-12 05:21:48.499 9 INFO neutron.wsgi [None req-965a45d7-127c-4f93-bc8d-d3f98beb632d 1c07cd83baf64eee99e1a9e8fef20673 fafc2da4927f48c180abf9e205817e0b - - - -] 10.0.0.140 "PUT /v2.0/routers/aa92136e-de20-4d64-8f45-e1624a32d8d4/remove_router_interface HTTP/1.1" status: 200 len: 503 time: 1.1067669
2026-09-12 05:21:48.685 10 INFO neutron.api.v2.resource [None req-9de8dff0-3b5a-414d-a501-e0fbecca793d 1c07cd83baf64eee99e1a9e8fef20673 fafc2da4927f48c180abf9e205817e0b - - default default] remove_router_interface failed (client error): The resource could not be found.
2026-09-12 05:21:48.686 10 INFO neutron.wsgi [None req-9de8dff0-3b5a-414d-a501-e0fbecca793d 1c07cd83baf64eee99e1a9e8fef20673 fafc2da4927f48c180abf9e205817e0b - - default default] 10.0.0.140 "PUT /v2.0/routers/aa92136e-de20-4d64-8f45-e1624a32d8d4/remove_router_interface HTTP/1.1" status: 404 len: 399 time: 0.1812730
2026-09-12 05:21:50.036 10 INFO neutron.wsgi [None req-a6200b0e-1741-44e5-9bc8-d501e8caea31 1c07cd83baf64eee99e1a9e8fef20673 fafc2da4927f48c180abf9e205817e0b - - - -] 10.0.0.140 "PUT /v2.0/routers/aa92136e-de20-4d64-8f45-e1624a32d8d4/remove_router_interface HTTP/1.1" status: 200 len: 503 time: 1.3450885 /var/lib/openstack/lib/python3.10/site-packages/pycadf/identifier.py:71: UserWarning: Invalid uuid: neutron. To ensure interoperability, identifiers should be a valid uuid. warnings.warn(('Invalid uuid: %s. To ensure interoperability, '
2026-09-12 05:21:50.188 10 INFO neutron.api.v2.resource [None req-a9497534-e49b-436f-b046-1f842640f284 1c07cd83baf64eee99e1a9e8fef20673 fafc2da4927f48c180abf9e205817e0b - - default default] remove_router_interface failed (client error): The resource could not be found.
2026-09-12 05:21:50.190 10 INFO neutron.wsgi [None req-a9497534-e49b-436f-b046-1f842640f284 1c07cd83baf64eee99e1a9e8fef20673 fafc2da4927f48c180abf9e205817e0b - - default default] 10.0.0.140 "PUT /v2.0/routers/aa92136e-de20-4d64-8f45-e1624a32d8d4/remove_router_interface HTTP/1.1" status: 404 len: 399 time: 0.1472273
2026-09-12 05:21:51.182 10 INFO neutron.wsgi [None req-adc62f8a-24d8-4229-98ac-78be3e0f6a6b 1c07cd83baf64eee99e1a9e8fef20673 fafc2da4927f48c180abf9e205817e0b - - - -] 10.0.0.140 "PUT /v2.0/routers/aa92136e-de20-4d64-8f45-e1624a32d8d4/remove_router_interface HTTP/1.1" status: 200 len: 503 time: 0.9867404 /var/lib/openstack/lib/python3.10/site-packages/pycadf/identifier.py:71: UserWarning: Invalid uuid: neutron. To ensure interoperability, identifiers should be a valid uuid. warnings.warn(('Invalid uuid: %s. To ensure interoperability, '
2026-09-12 05:21:51.362 9 INFO neutron.api.v2.resource [None req-7dd9840f-e8ca-4b14-8023-61a9965a9dec 1c07cd83baf64eee99e1a9e8fef20673 fafc2da4927f48c180abf9e205817e0b - - default default] remove_router_interface failed (client error): The resource could not be found.
2026-09-12 05:21:51.364 9 INFO neutron.wsgi [None req-7dd9840f-e8ca-4b14-8023-61a9965a9dec 1c07cd83baf64eee99e1a9e8fef20673 fafc2da4927f48c180abf9e205817e0b - - default default] 10.0.0.140 "PUT /v2.0/routers/aa92136e-de20-4d64-8f45-e1624a32d8d4/remove_router_interface HTTP/1.1" status: 404 len: 399 time: 0.1757760
2026-09-12 05:21:52.218 9 INFO neutron.wsgi [None req-353a2857-249b-409f-a108-02a2384a6a9b 1c07cd83baf64eee99e1a9e8fef20673 fafc2da4927f48c180abf9e205817e0b - - - -] 10.0.0.140 "DELETE /v2.0/routers/aa92136e-de20-4d64-8f45-e1624a32d8d4 HTTP/1.1" status: 204 len: 168 time: 0.8485403
2026-09-12 05:21:52.244 9 INFO neutron.api.v2.resource [None req-a41325ac-ae85-46f6-abe9-d12287ce9146 1c07cd83baf64eee99e1a9e8fef20673 fafc2da4927f48c180abf9e205817e0b - - default default] show failed (client error): The resource could not be found.
2026-09-12 05:21:52.245 9 INFO neutron.wsgi [None req-a41325ac-ae85-46f6-abe9-d12287ce9146 1c07cd83baf64eee99e1a9e8fef20673 fafc2da4927f48c180abf9e205817e0b - - default default] 10.0.0.140 "GET /v2.0/routers/aa92136e-de20-4d64-8f45-e1624a32d8d4 HTTP/1.1" status: 404 len: 336 time: 0.0213146
2026-09-12 05:21:52.404 9 INFO neutron.wsgi [None req-a23c8da2-34e2-4b4c-bfdc-c634cdd0dc90 1c07cd83baf64eee99e1a9e8fef20673 fafc2da4927f48c180abf9e205817e0b - - - -] 10.0.0.140 "DELETE /v2.0/subnets/9fa2f13b-cde7-4915-8368-c6deddf27418 HTTP/1.1" status: 204 len: 168 time: 0.1524930
2026-09-12 05:21:52.423 9 INFO neutron.pecan_wsgi.hooks.translation [None req-2199bc17-8f1b-4f70-99c2-fd2cf309c432 1c07cd83baf64eee99e1a9e8fef20673 fafc2da4927f48c180abf9e205817e0b - - default default] GET failed (client error): The resource could not be found.
2026-09-12 05:21:52.424 9 INFO neutron.wsgi [None req-2199bc17-8f1b-4f70-99c2-fd2cf309c432 1c07cd83baf64eee99e1a9e8fef20673 fafc2da4927f48c180abf9e205817e0b - - default default] 10.0.0.140 "GET /v2.0/subnets/9fa2f13b-cde7-4915-8368-c6deddf27418 HTTP/1.1" status: 404 len: 337 time: 0.0150013
2026-09-12 05:21:52.638 9 INFO neutron.wsgi [None req-c4e8e001-ada9-48d4-96c9-1b084b80e153 1c07cd83baf64eee99e1a9e8fef20673 fafc2da4927f48c180abf9e205817e0b - - - -] 10.0.0.140 "DELETE /v2.0/subnets/f1330f26-799b-4df3-90e5-d81c606fa0f2 HTTP/1.1" status: 204 len: 168 time: 0.2093401
2026-09-12 05:21:52.668 9 INFO neutron.pecan_wsgi.hooks.translation [None req-212eb124-4569-4dec-aed2-c6e1c5077feb 1c07cd83baf64eee99e1a9e8fef20673 fafc2da4927f48c180abf9e205817e0b - - default default] GET failed (client error): The resource could not be found.
2026-09-12 05:21:52.670 9 INFO neutron.wsgi [None req-212eb124-4569-4dec-aed2-c6e1c5077feb 1c07cd83baf64eee99e1a9e8fef20673 fafc2da4927f48c180abf9e205817e0b - - default default] 10.0.0.140 "GET /v2.0/subnets/f1330f26-799b-4df3-90e5-d81c606fa0f2 HTTP/1.1" status: 404 len: 337 time: 0.0259957
2026-09-12 05:21:52.707 15 INFO neutron.db.ovn_revision_numbers_db [None req-b4144c60-58b3-4394-a4f5-639146f733af - - - - - -] Successfully bumped revision number for resource 8d3b8fba-0017-49d9-913a-65a76f33756b (type: networks) to 3
2026-09-12 05:21:52.805 15 INFO neutron.db.ovn_revision_numbers_db [None req-b4144c60-58b3-4394-a4f5-639146f733af - - - - - -] Successfully bumped revision number for resource 47367fb1-4269-4af5-8e2e-7a3bc8a1b131 (type: networks) to 3
2026-09-12 05:21:52.867 15 INFO neutron.db.ovn_revision_numbers_db [None req-b4144c60-58b3-4394-a4f5-639146f733af - - - - - -] Successfully bumped revision number for resource 7b6dcd49-0438-4a49-949c-ae586ffb5953 (type: networks) to 5
2026-09-12 05:21:53.004 15 ERROR neutron.plugins.ml2.drivers.ovn.mech_driver.ovsdb.maintenance [None req-b4144c60-58b3-4394-a4f5-639146f733af - - - - - -] Maintenance task: Failed to fix resource f37f3021-c2ea-432a-ba57-ab578d56d9d8 (type: ports): ovsdbapp.backend.ovs_idl.idlutils.RowNotFound: Cannot find Logical_Switch_Port with name=f37f3021-c2ea-432a-ba57-ab578d56d9d8
2026-09-12 05:21:53.004 15 ERROR neutron.plugins.ml2.drivers.ovn.mech_driver.ovsdb.maintenance
Traceback (most recent call last):
2026-09-12 05:21:53.004 15 ERROR neutron.plugins.ml2.drivers.ovn.mech_driver.ovsdb.maintenance
File "/var/lib/openstack/lib/python3.10/site-packages/neutron/plugins/ml2/drivers/ovn/mech_driver/ovsdb/maintenance.py", line 397, in check_for_inconsistencies
2026-09-12 05:21:53.004 15 ERROR neutron.plugins.ml2.drivers.ovn.mech_driver.ovsdb.maintenance self._fix_create_update(admin_context, row)
2026-09-12 05:21:53.004 15 ERROR neutron.plugins.ml2.drivers.ovn.mech_driver.ovsdb.maintenance
File "/var/lib/openstack/lib/python3.10/site-packages/neutron/plugins/ml2/drivers/ovn/mech_driver/ovsdb/maintenance.py", line 255, in _fix_create_update
2026-09-12 05:21:53.004 15 ERROR neutron.plugins.ml2.drivers.ovn.mech_driver.ovsdb.maintenance res_map['ovn_update'](context, n_obj)
2026-09-12 05:21:53.004 15 ERROR neutron.plugins.ml2.drivers.ovn.mech_driver.ovsdb.maintenance
File "/var/lib/openstack/lib/python3.10/site-packages/neutron/plugins/ml2/drivers/ovn/mech_driver/ovsdb/ovn_client.py", line 813, in update_port
2026-09-12 05:21:53.004 15 ERROR neutron.plugins.ml2.drivers.ovn.mech_driver.ovsdb.maintenance ovn_port = self._nb_idl.lookup('Logical_Switch_Port', port['id'])
2026-09-12 05:21:53.004 15 ERROR neutron.plugins.ml2.drivers.ovn.mech_driver.ovsdb.maintenance
File "/var/lib/openstack/lib/python3.10/site-packages/ovsdbapp/backend/ovs_idl/__init__.py", line 181, in lookup
2026-09-12 05:21:53.004 15 ERROR neutron.plugins.ml2.drivers.ovn.mech_driver.ovsdb.maintenance return self._lookup(table, record)
2026-09-12 05:21:53.004 15 ERROR neutron.plugins.ml2.drivers.ovn.mech_driver.ovsdb.maintenance
File "/var/lib/openstack/lib/python3.10/site-packages/ovsdbapp/backend/ovs_idl/__init__.py", line 228, in _lookup
2026-09-12 05:21:53.004 15 ERROR neutron.plugins.ml2.drivers.ovn.mech_driver.ovsdb.maintenance row = idlutils.row_by_value(self, rl.table, rl.column, record)
2026-09-12 05:21:53.004 15 ERROR neutron.plugins.ml2.drivers.ovn.mech_driver.ovsdb.maintenance
File "/var/lib/openstack/lib/python3.10/site-packages/ovsdbapp/backend/ovs_idl/idlutils.py", line 114, in row_by_value
2026-09-12 05:21:53.004 15 ERROR neutron.plugins.ml2.drivers.ovn.mech_driver.ovsdb.maintenance raise RowNotFound(table=table, col=column, match=match)
2026-09-12 05:21:53.004 15 ERROR neutron.plugins.ml2.drivers.ovn.mech_driver.ovsdb.maintenance ovsdbapp.backend.ovs_idl.idlutils.RowNotFound: Cannot find Logical_Switch_Port with name=f37f3021-c2ea-432a-ba57-ab578d56d9d8
2026-09-12 05:21:53.004 15 ERROR neutron.plugins.ml2.drivers.ovn.mech_driver.ovsdb.maintenance 
2026-09-12 05:21:53.091 10 INFO neutron.wsgi [-] 10.0.0.141 "GET / HTTP/1.1" status: 200 len: 247 time: 0.0033052
2026-09-12 05:21:53.095 10 INFO neutron.wsgi [-] 10.0.0.141 "GET / HTTP/1.1" status: 200 len: 247 time: 0.0027890
2026-09-12 05:21:53.155 15 INFO neutron.plugins.ml2.drivers.ovn.mech_driver.ovsdb.maintenance [None req-b4144c60-58b3-4394-a4f5-639146f733af - - - - - -] Maintenance task: Synchronization finished (took 0.54 seconds)
2026-09-12 05:21:53.222 9 INFO neutron.services.segments.plugin [-] Segment ba801eee-a2bd-4d69-8699-55ecf68d0b7e resource provider aggregate not found
2026-09-12 05:21:53.239 9 INFO neutron.wsgi [None req-e46fa770-7173-4f9c-a911-731b8f598d4e 1c07cd83baf64eee99e1a9e8fef20673 fafc2da4927f48c180abf9e205817e0b - - - -] 10.0.0.140 "DELETE /v2.0/networks/7b6dcd49-0438-4a49-949c-ae586ffb5953 HTTP/1.1" status: 204 len: 168 time: 0.5658059
2026-09-12 05:21:53.240 9 INFO neutron.services.segments.plugin [-] Segment ba801eee-a2bd-4d69-8699-55ecf68d0b7e resource provider not found; error: Placement Client Error (4xx): {"errors": [{"status": 404, "title": "Not Found", "detail": "The resource could not be found.\n\n No resource provider with uuid ba801eee-a2bd-4d69-8699-55ecf68d0b7e found for delete ", "request_id": "req-9bfe5695-90cd-488b-aa80-fbd283b83bb6"}]}
2026-09-12 05:21:53.242 9 INFO neutron.services.segments.plugin [-] Segment ba801eee-a2bd-4d69-8699-55ecf68d0b7e resource provider aggregate not found /var/lib/openstack/lib/python3.10/site-packages/pycadf/identifier.py:71: UserWarning: Invalid uuid: neutron. To ensure interoperability, identifiers should be a valid uuid. warnings.warn(('Invalid uuid: %s. To ensure interoperability, '
2026-09-12 05:21:53.263 9 INFO neutron.services.segments.plugin [-] Segment ba801eee-a2bd-4d69-8699-55ecf68d0b7e resource provider not found; error: Placement Client Error (4xx): {"errors": [{"status": 404, "title": "Not Found", "detail": "The resource could not be found.\n\n No resource provider with uuid ba801eee-a2bd-4d69-8699-55ecf68d0b7e found for delete ", "request_id": "req-478b19de-35cb-4a3f-bce6-9d3e4971e3ef"}]}
2026-09-12 05:21:53.270 10 INFO neutron.pecan_wsgi.hooks.translation [None req-fdc92abc-9663-433a-a367-41877390f9e6 1c07cd83baf64eee99e1a9e8fef20673 fafc2da4927f48c180abf9e205817e0b - - default default] GET failed (client error): The resource could not be found.
2026-09-12 05:21:53.273 10 INFO neutron.wsgi [None req-fdc92abc-9663-433a-a367-41877390f9e6 1c07cd83baf64eee99e1a9e8fef20673 fafc2da4927f48c180abf9e205817e0b - - default default] 10.0.0.140 "GET /v2.0/networks/7b6dcd49-0438-4a49-949c-ae586ffb5953 HTTP/1.1" status: 404 len: 339 time: 0.0282240
2026-09-12 05:21:53.445 9 INFO neutron.wsgi [None req-d9901602-6326-4d24-a370-f29773257bcc 1c07cd83baf64eee99e1a9e8fef20673 fafc2da4927f48c180abf9e205817e0b - - - -] 10.0.0.140 "DELETE /v2.0/subnets/8035fa3c-1bb7-4a6f-87b0-d10fabf26de9 HTTP/1.1" status: 204 len: 168 time: 0.1677134
2026-09-12 05:21:53.468 9 INFO neutron.pecan_wsgi.hooks.translation [None req-78351fe8-f36d-44f2-9eb4-32a15e083b60 1c07cd83baf64eee99e1a9e8fef20673 fafc2da4927f48c180abf9e205817e0b - - default default] GET failed (client error): The resource could not be found.
2026-09-12 05:21:53.469 9 INFO neutron.wsgi [None req-78351fe8-f36d-44f2-9eb4-32a15e083b60 1c07cd83baf64eee99e1a9e8fef20673 fafc2da4927f48c180abf9e205817e0b - - default default] 10.0.0.140 "GET /v2.0/subnets/8035fa3c-1bb7-4a6f-87b0-d10fabf26de9 HTTP/1.1" status: 404 len: 337 time: 0.0189235
2026-09-12 05:21:53.673 9 INFO neutron.wsgi [None req-615fc58e-63cc-4f10-b0e5-265ed59ba3ac 1c07cd83baf64eee99e1a9e8fef20673 fafc2da4927f48c180abf9e205817e0b - - - -] 10.0.0.140 "DELETE /v2.0/subnets/7edd57ac-b0b3-4319-a0d2-8707013c1e80 HTTP/1.1" status: 204 len: 168 time: 0.1994007
2026-09-12 05:21:53.707 10 INFO neutron.pecan_wsgi.hooks.translation [None req-a876697f-28d7-47e2-9d99-db3aed8cf543 1c07cd83baf64eee99e1a9e8fef20673 fafc2da4927f48c180abf9e205817e0b - - default default] GET failed (client error): The resource could not be found.
2026-09-12 05:21:53.709 10 INFO neutron.wsgi [None req-a876697f-28d7-47e2-9d99-db3aed8cf543 1c07cd83baf64eee99e1a9e8fef20673 fafc2da4927f48c180abf9e205817e0b - - default default] 10.0.0.140 "GET /v2.0/subnets/7edd57ac-b0b3-4319-a0d2-8707013c1e80 HTTP/1.1" status: 404 len: 337 time: 0.0292263
2026-09-12 05:21:54.179 10 INFO neutron.services.segments.plugin [-] Segment 51144efa-b0f8-49ba-9a84-f47e4668ba23 resource provider aggregate not found
2026-09-12 05:21:54.186 10 INFO neutron.services.segments.plugin [-] Segment 51144efa-b0f8-49ba-9a84-f47e4668ba23 resource provider aggregate not found
2026-09-12 05:21:54.198 10 INFO neutron.wsgi [None req-51486744-4ea3-4f4a-9788-c814baa165c4 1c07cd83baf64eee99e1a9e8fef20673 fafc2da4927f48c180abf9e205817e0b - - - -] 10.0.0.140 "DELETE /v2.0/networks/47367fb1-4269-4af5-8e2e-7a3bc8a1b131 HTTP/1.1" status: 204 len: 168 time: 0.4834492
2026-09-12 05:21:54.207 10 INFO neutron.services.segments.plugin [-] Segment 51144efa-b0f8-49ba-9a84-f47e4668ba23 resource provider not found; error: Placement Client Error (4xx): {"errors": [{"status": 404, "title": "Not Found", "detail": "The resource could not be found.\n\n No resource provider with uuid 51144efa-b0f8-49ba-9a84-f47e4668ba23 found for delete ", "request_id": "req-66db268a-c0f5-4820-a2b8-142cfdc05467"}]}
2026-09-12 05:21:54.214 10 INFO neutron.services.segments.plugin [-] Segment 51144efa-b0f8-49ba-9a84-f47e4668ba23 resource provider not found; error: Placement Client Error (4xx): {"errors": [{"status": 404, "title": "Not Found", "detail": "The resource could not be found.\n\n No resource provider with uuid 51144efa-b0f8-49ba-9a84-f47e4668ba23 found for delete ", "request_id": "req-d79d04e4-0e60-4a13-8080-fb1a5dd8faa1"}]}
2026-09-12 05:21:54.232 9 INFO neutron.pecan_wsgi.hooks.translation [None req-0ea0aed2-53dc-476a-a085-cb329af8c135 1c07cd83baf64eee99e1a9e8fef20673 fafc2da4927f48c180abf9e205817e0b - - default default] GET failed (client error): The resource could not be found.
2026-09-12 05:21:54.235 9 INFO neutron.wsgi [None req-0ea0aed2-53dc-476a-a085-cb329af8c135 1c07cd83baf64eee99e1a9e8fef20673 fafc2da4927f48c180abf9e205817e0b - - default default] 10.0.0.140 "GET /v2.0/networks/47367fb1-4269-4af5-8e2e-7a3bc8a1b131 HTTP/1.1" status: 404 len: 339 time: 0.0293345
2026-09-12 05:21:54.647 10 INFO neutron.wsgi [None req-a845dde7-84ef-483c-b177-65292ecc2d5f 1c07cd83baf64eee99e1a9e8fef20673 fafc2da4927f48c180abf9e205817e0b - - - -] 10.0.0.140 "DELETE /v2.0/subnets/45ccd842-11bf-4f80-a708-244f97c5aa9f HTTP/1.1" status: 204 len: 168 time: 0.4063303
2026-09-12 05:21:54.683 9 INFO neutron.pecan_wsgi.hooks.translation [None req-5ac592c4-a069-44e3-8e74-741eeebaf991 1c07cd83baf64eee99e1a9e8fef20673 fafc2da4927f48c180abf9e205817e0b - - default default] GET failed (client error): The resource could not be found.
2026-09-12 05:21:54.685 9 INFO neutron.wsgi [None req-5ac592c4-a069-44e3-8e74-741eeebaf991 1c07cd83baf64eee99e1a9e8fef20673 fafc2da4927f48c180abf9e205817e0b - - default default] 10.0.0.140 "GET /v2.0/subnets/45ccd842-11bf-4f80-a708-244f97c5aa9f HTTP/1.1" status: 404 len: 337 time: 0.0211694
2026-09-12 05:21:54.949 9 INFO neutron.wsgi [None req-48a31884-d068-4741-8eeb-193296dd1d32 1c07cd83baf64eee99e1a9e8fef20673 fafc2da4927f48c180abf9e205817e0b - - - -] 10.0.0.140 "DELETE /v2.0/subnets/dfa40a77-f9f3-44fe-80d4-7851a126da00 HTTP/1.1" status: 204 len: 168 time: 0.2593288
2026-09-12 05:21:54.982 9 INFO neutron.pecan_wsgi.hooks.translation [None req-850cb9dd-a837-43e5-9395-77902a24b541 1c07cd83baf64eee99e1a9e8fef20673 fafc2da4927f48c180abf9e205817e0b - - default default] GET failed (client error): The resource could not be found.
2026-09-12 05:21:54.984 9 INFO neutron.wsgi [None req-850cb9dd-a837-43e5-9395-77902a24b541 1c07cd83baf64eee99e1a9e8fef20673 fafc2da4927f48c180abf9e205817e0b - - default default] 10.0.0.140 "GET /v2.0/subnets/dfa40a77-f9f3-44fe-80d4-7851a126da00 HTTP/1.1" status: 404 len: 337 time: 0.0285199
2026-09-12 05:21:55.487 9 INFO neutron.services.segments.plugin [-] Segment c18a4666-9d0a-422a-8f37-3edc2d50d780 resource provider aggregate not found
2026-09-12 05:21:55.491 9 INFO neutron.services.segments.plugin [-] Segment c18a4666-9d0a-422a-8f37-3edc2d50d780 resource provider aggregate not found
2026-09-12 05:21:55.509 9 INFO neutron.services.segments.plugin [-] Segment c18a4666-9d0a-422a-8f37-3edc2d50d780 resource provider not found; error: Placement Client Error (4xx): {"errors": [{"status": 404, "title": "Not Found", "detail": "The resource could not be found.\n\n No resource provider with uuid c18a4666-9d0a-422a-8f37-3edc2d50d780 found for delete ", "request_id": "req-84a1c913-2b61-4679-b790-665e6f972195"}]}
2026-09-12 05:21:55.516 9 INFO neutron.services.segments.plugin [-] Segment c18a4666-9d0a-422a-8f37-3edc2d50d780 resource provider not found; error: Placement Client Error (4xx): {"errors": [{"status": 404, "title": "Not Found", "detail": "The resource could not be found.\n\n No resource provider with uuid c18a4666-9d0a-422a-8f37-3edc2d50d780 found for delete ", "request_id": "req-7c4053de-d2ee-45ce-b3c8-fe574485f3b0"}]}
2026-09-12 05:21:55.536 9 INFO neutron.wsgi [None req-2c7182b6-99d6-4622-9b5f-5fa547a9ac7b 1c07cd83baf64eee99e1a9e8fef20673 fafc2da4927f48c180abf9e205817e0b - - - -] 10.0.0.140 "DELETE /v2.0/networks/8d3b8fba-0017-49d9-913a-65a76f33756b HTTP/1.1" status: 204 len: 168 time: 0.5452819
2026-09-12 05:21:55.567 10 INFO neutron.pecan_wsgi.hooks.translation [None req-975b16e3-ff20-4438-a5f3-ad5e23a050fa 1c07cd83baf64eee99e1a9e8fef20673 fafc2da4927f48c180abf9e205817e0b - - default default] GET failed (client error): The resource could not be found.
2026-09-12 05:21:55.569 10 INFO neutron.wsgi [None req-975b16e3-ff20-4438-a5f3-ad5e23a050fa 1c07cd83baf64eee99e1a9e8fef20673 fafc2da4927f48c180abf9e205817e0b - - default default] 10.0.0.140 "GET /v2.0/networks/8d3b8fba-0017-49d9-913a-65a76f33756b HTTP/1.1" status: 404 len: 339 time: 0.0275934
2026-09-12 05:21:58.210 9 INFO neutron.db.ovn_revision_numbers_db [None req-6d531da4-605a-48f8-add7-1148df6cf5b1 6d7a6c0f332e49568f995b49d66aaa1b 82ed8b0e619b40d1b675607182c9cd58 - - default default] Successfully bumped revision number for resource 7113e5a3-a075-40d0-a95c-b6a085d6d174 (type: security_groups) to 1
2026-09-12 05:21:58.230 9 INFO neutron.wsgi [None req-6d531da4-605a-48f8-add7-1148df6cf5b1 6d7a6c0f332e49568f995b49d66aaa1b 82ed8b0e619b40d1b675607182c9cd58 - - default default] 10.0.0.140 "GET /v2.0/security-groups?tenant_id=f9897f6f6cee4f49a09ba3065741a7c4&name=default HTTP/1.1" status: 200 len: 3000 time: 0.3947926
2026-09-12 05:21:58.443 10 INFO neutron.wsgi [None req-96c32de4-af0e-4cee-a386-087548baee7f 6d7a6c0f332e49568f995b49d66aaa1b 82ed8b0e619b40d1b675607182c9cd58 - - - -] 10.0.0.140 "DELETE /v2.0/security-groups/7113e5a3-a075-40d0-a95c-b6a085d6d174 HTTP/1.1" status: 204 len: 168 time: 0.2079110
2026-09-12 05:21:58.631 10 INFO neutron.db.ovn_revision_numbers_db [None req-ed243d9d-e47f-4067-aa08-929a9aff04f7 6d7a6c0f332e49568f995b49d66aaa1b 82ed8b0e619b40d1b675607182c9cd58 - - default default] Successfully bumped revision number for resource 819c4639-db01-4ac9-ae40-a3818dcd7acb (type: security_groups) to 1
2026-09-12 05:21:58.652 10 INFO neutron.wsgi [None req-ed243d9d-e47f-4067-aa08-929a9aff04f7 6d7a6c0f332e49568f995b49d66aaa1b 82ed8b0e619b40d1b675607182c9cd58 - - default default] 10.0.0.140 "GET /v2.0/security-groups?tenant_id=7ae238eda5414a8086da22f53507a212&name=default HTTP/1.1" status: 200 len: 3000 time: 0.1184802
2026-09-12 05:21:58.794 10 INFO neutron.wsgi [None req-a04f0b2a-d649-43ec-a8df-357f41b6c2e1 6d7a6c0f332e49568f995b49d66aaa1b 82ed8b0e619b40d1b675607182c9cd58 - - - -] 10.0.0.140 "DELETE /v2.0/security-groups/819c4639-db01-4ac9-ae40-a3818dcd7acb HTTP/1.1" status: 204 len: 168 time: 0.1371748
2026-09-12 05:21:59.138 9 INFO neutron.db.ovn_revision_numbers_db [None req-359884a8-3ce3-42bd-ad2d-61f849e9a2e0 6d7a6c0f332e49568f995b49d66aaa1b 82ed8b0e619b40d1b675607182c9cd58 - - default default] Successfully bumped revision number for resource f8ba6be4-9be9-473d-9b19-ecea431b2031 (type: security_groups) to 1
2026-09-12 05:21:59.176 9 INFO neutron.wsgi [None req-359884a8-3ce3-42bd-ad2d-61f849e9a2e0 6d7a6c0f332e49568f995b49d66aaa1b 82ed8b0e619b40d1b675607182c9cd58 - - default default] 10.0.0.140 "GET /v2.0/security-groups?tenant_id=f43946e6de514471bb18d4d1c5f9b5e2&name=default HTTP/1.1" status: 200 len: 3000 time: 0.1605804
2026-09-12 05:21:59.371 9 INFO neutron.wsgi [None req-21b5e184-2481-46c3-976d-85b50bf97f77 6d7a6c0f332e49568f995b49d66aaa1b 82ed8b0e619b40d1b675607182c9cd58 - - - -] 10.0.0.140 "DELETE /v2.0/security-groups/f8ba6be4-9be9-473d-9b19-ecea431b2031 HTTP/1.1" status: 204 len: 168 time: 0.1894524
2026-09-12 05:21:59.554 9 INFO neutron.wsgi [None req-d5c8df64-15c8-4fc2-b4b3-c2706ebcd758 6d7a6c0f332e49568f995b49d66aaa1b 82ed8b0e619b40d1b675607182c9cd58 - - default default] 10.0.0.140 "GET /v2.0/security-groups?tenant_id=fafc2da4927f48c180abf9e205817e0b&name=default HTTP/1.1" status: 200 len: 3000 time: 0.0369377
