2026-09-12 05:20:45.160 10 INFO neutron.wsgi [req-8461c3cf-34c4-4b9e-8d2f-c53e3d539b99 req-3561601d-3508-489e-ab3e-c8764da09d53 ccc55c2b1b564a7bb0eaef7101c137cb a0ebd6d97c234365a41f5993b017964b - - 8c30287ce7d244c789d6d1b30f1e19f4 8c30287ce7d244c789d6d1b30f1e19f4] 162.253.55.43 "GET /v2.0/ports?network_id=47367fb1-4269-4af5-8e2e-7a3bc8a1b131&device_owner=network%3Adhcp HTTP/1.1" status: 200 len: 210 time: 0.0234005
2026-09-12 05:20:45.221 10 INFO neutron.wsgi [req-8461c3cf-34c4-4b9e-8d2f-c53e3d539b99 req-ced8a68e-6b9f-4c36-94f0-c4992fdc12fc ccc55c2b1b564a7bb0eaef7101c137cb a0ebd6d97c234365a41f5993b017964b - - 8c30287ce7d244c789d6d1b30f1e19f4 8c30287ce7d244c789d6d1b30f1e19f4] 162.253.55.43 "GET /v2.0/networks/47367fb1-4269-4af5-8e2e-7a3bc8a1b131?fields=segments HTTP/1.1" status: 200 len: 212 time: 0.0560896
2026-09-12 05:20:45.269 10 INFO neutron.wsgi [req-8461c3cf-34c4-4b9e-8d2f-c53e3d539b99 req-087cf34d-a3c8-456f-bbb2-de3694773ee5 ccc55c2b1b564a7bb0eaef7101c137cb a0ebd6d97c234365a41f5993b017964b - - 8c30287ce7d244c789d6d1b30f1e19f4 8c30287ce7d244c789d6d1b30f1e19f4] 162.253.55.43 "GET /v2.0/networks/47367fb1-4269-4af5-8e2e-7a3bc8a1b131?fields=provider%3Aphysical_network&fields=provider%3Anetwork_type HTTP/1.1" status: 200 len: 277 time: 0.0429983
2026-09-12 05:20:45.548 9 INFO neutron.notifiers.nova [-] Nova event matching ['req-cfe1e6c7-0bd6-4905-9e12-1b8b65d9f76a'] response: {'server_uuid': '6b549c5e-e586-4605-8a3f-7a256f54b161', 'name': 'network-vif-plugged', 'status': 'completed', 'tag': 'b43375bb-a82d-4384-b73c-149607856aaa', 'code': 200} /var/lib/openstack/lib/python3.10/site-packages/pycadf/identifier.py:71: UserWarning: Invalid uuid: neutron. To ensure interoperability, identifiers should be a valid uuid. warnings.warn(('Invalid uuid: %s. To ensure interoperability, '
2026-09-12 05:20:50.892 9 INFO neutron.wsgi [None req-d7e5e247-1e98-49b0-8c30-bae6aa2362aa 6d7a6c0f332e49568f995b49d66aaa1b 82ed8b0e619b40d1b675607182c9cd58 - - default default] 10.0.0.200 "GET /v2.0/extensions/security-group HTTP/1.1" status: 200 len: 369 time: 0.0674984
2026-09-12 05:20:50.910 9 INFO neutron.wsgi [None req-79551b25-3f59-4388-a60e-8ee94a4bccb7 6d7a6c0f332e49568f995b49d66aaa1b 82ed8b0e619b40d1b675607182c9cd58 - - default default] 10.0.0.200 "GET /v2.0/extensions/dns-integration HTTP/1.1" status: 200 len: 371 time: 0.0083408
2026-09-12 05:20:50.939 9 INFO neutron.wsgi [None req-3889b650-18aa-4122-8d4a-c43e0404513c 6d7a6c0f332e49568f995b49d66aaa1b 82ed8b0e619b40d1b675607182c9cd58 - - default default] 10.0.0.200 "GET /v2.0/extensions/qos HTTP/1.1" status: 200 len: 365 time: 0.0197041
2026-09-12 05:20:51.001 9 INFO neutron.wsgi [None req-43b633ca-a461-4aff-993a-1930f30efd3b 6d7a6c0f332e49568f995b49d66aaa1b 82ed8b0e619b40d1b675607182c9cd58 - - default default] 10.0.0.200 "GET /v2.0/extensions/allowed-address-pairs HTTP/1.1" status: 200 len: 383 time: 0.0510058
2026-09-12 05:20:51.574 10 INFO neutron.wsgi [-] 10.0.0.200 "GET / HTTP/1.1" status: 200 len: 284 time: 0.0019968
2026-09-12 05:20:51.630 10 INFO neutron.wsgi [None req-f76a14c6-4f52-4b35-afa4-1faa0aec0fde 1c07cd83baf64eee99e1a9e8fef20673 fafc2da4927f48c180abf9e205817e0b - - default default] 10.0.0.200 "GET /v2.0/subnets/f1330f26-799b-4df3-90e5-d81c606fa0f2 HTTP/1.1" status: 200 len: 831 time: 0.0488870
2026-09-12 05:20:52.125 9 INFO neutron.wsgi [None req-c3a5ba92-1060-46cf-8d88-c670da09aebc 6d7a6c0f332e49568f995b49d66aaa1b 82ed8b0e619b40d1b675607182c9cd58 - - default default] 162.253.55.43 "GET /v2.0/extensions/security-group HTTP/1.1" status: 200 len: 369 time: 0.0082884
2026-09-12 05:20:52.138 9 INFO neutron.wsgi [None req-4a69bc2d-dc9b-4701-99e9-3e3d63b9222d 6d7a6c0f332e49568f995b49d66aaa1b 82ed8b0e619b40d1b675607182c9cd58 - - default default] 162.253.55.43 "GET /v2.0/extensions/dns-integration HTTP/1.1" status: 200 len: 371 time: 0.0073872
2026-09-12 05:20:52.155 9 INFO neutron.wsgi [None req-b31404de-8115-4ab9-ba04-e6053f472ef9 6d7a6c0f332e49568f995b49d66aaa1b 82ed8b0e619b40d1b675607182c9cd58 - - default default] 162.253.55.43 "GET /v2.0/extensions/qos HTTP/1.1" status: 200 len: 365 time: 0.0123959
2026-09-12 05:20:52.169 9 INFO neutron.wsgi [None req-114dc4bc-c860-4716-82c4-49c6ebcf382a 6d7a6c0f332e49568f995b49d66aaa1b 82ed8b0e619b40d1b675607182c9cd58 - - default default] 162.253.55.43 "GET /v2.0/extensions/allowed-address-pairs HTTP/1.1" status: 200 len: 383 time: 0.0073550
2026-09-12 05:20:52.229 9 INFO neutron.wsgi [None req-01ab8e5c-22da-4b3a-8995-1908e3d751be 6d7a6c0f332e49568f995b49d66aaa1b 82ed8b0e619b40d1b675607182c9cd58 - - default default] 162.253.55.43 "GET /v2.0/subnets/7edd57ac-b0b3-4319-a0d2-8707013c1e80 HTTP/1.1" status: 200 len: 849 time: 0.0508764
2026-09-12 05:20:52.272 9 INFO neutron.wsgi [None req-362640f1-c0b3-4216-adc3-2e8137bc15d2 6d7a6c0f332e49568f995b49d66aaa1b 82ed8b0e619b40d1b675607182c9cd58 - - default default] 162.253.55.43 "GET /v2.0/subnets/f1330f26-799b-4df3-90e5-d81c606fa0f2 HTTP/1.1" status: 200 len: 849 time: 0.0379879
2026-09-12 05:20:52.310 9 INFO neutron.wsgi [None req-325a23b8-37ee-4160-9d31-8d081f2abce0 6d7a6c0f332e49568f995b49d66aaa1b 82ed8b0e619b40d1b675607182c9cd58 - - default default] 162.253.55.43 "GET /v2.0/ports?device_id=6b549c5e-e586-4605-8a3f-7a256f54b161 HTTP/1.1" status: 200 len: 3782 time: 0.0321298
2026-09-12 05:20:52.448 9 INFO neutron.wsgi [None req-6b17085a-8116-4f4f-919e-0b4315236e34 6d7a6c0f332e49568f995b49d66aaa1b 82ed8b0e619b40d1b675607182c9cd58 - - default default] 162.253.55.43 "GET /v2.0/extensions/security-group HTTP/1.1" status: 200 len: 369 time: 0.0076575
2026-09-12 05:20:52.458 9 INFO neutron.wsgi [None req-72a988db-c635-4987-89a0-b87d22c0b70f 6d7a6c0f332e49568f995b49d66aaa1b 82ed8b0e619b40d1b675607182c9cd58 - - default default] 162.253.55.43 "GET /v2.0/extensions/dns-integration HTTP/1.1" status: 200 len: 371 time: 0.0065019
2026-09-12 05:20:52.470 9 INFO neutron.wsgi [None req-f3bda029-de8b-44ce-9849-1db8736b87fb 6d7a6c0f332e49568f995b49d66aaa1b 82ed8b0e619b40d1b675607182c9cd58 - - default default] 162.253.55.43 "GET /v2.0/extensions/qos HTTP/1.1" status: 200 len: 365 time: 0.0065391
2026-09-12 05:20:52.484 9 INFO neutron.wsgi [None req-9b01e182-1f53-49e6-af95-9c3d361e5be2 6d7a6c0f332e49568f995b49d66aaa1b 82ed8b0e619b40d1b675607182c9cd58 - - default default] 162.253.55.43 "GET /v2.0/extensions/allowed-address-pairs HTTP/1.1" status: 200 len: 383 time: 0.0068321
2026-09-12 05:20:52.683 10 INFO neutron.wsgi [req-ab5c7cfd-7219-44d4-b0fe-28c92da0fe6f req-72ec73d0-802b-48d1-9c87-45829bb8060c ccc55c2b1b564a7bb0eaef7101c137cb a0ebd6d97c234365a41f5993b017964b - - 8c30287ce7d244c789d6d1b30f1e19f4 8c30287ce7d244c789d6d1b30f1e19f4] 162.253.55.43 "GET /v2.0/networks/7b6dcd49-0438-4a49-949c-ae586ffb5953?fields=segments HTTP/1.1" status: 200 len: 212 time: 0.0702581
2026-09-12 05:20:52.756 10 INFO neutron.wsgi [req-ab5c7cfd-7219-44d4-b0fe-28c92da0fe6f req-1e1d878f-5e4b-457d-9b67-d8add66b2a87 ccc55c2b1b564a7bb0eaef7101c137cb a0ebd6d97c234365a41f5993b017964b - - 8c30287ce7d244c789d6d1b30f1e19f4 8c30287ce7d244c789d6d1b30f1e19f4] 162.253.55.43 "GET /v2.0/networks/7b6dcd49-0438-4a49-949c-ae586ffb5953?fields=provider%3Aphysical_network&fields=provider%3Anetwork_type HTTP/1.1" status: 200 len: 277 time: 0.0664926
2026-09-12 05:20:52.822 10 INFO neutron.wsgi [req-ab5c7cfd-7219-44d4-b0fe-28c92da0fe6f req-6e1ed947-0fee-41fc-a791-95db661c5a26 6d7a6c0f332e49568f995b49d66aaa1b 82ed8b0e619b40d1b675607182c9cd58 - - default default] 162.253.55.43 "GET /v2.0/networks?id=7b6dcd49-0438-4a49-949c-ae586ffb5953 HTTP/1.1" status: 200 len: 1002 time: 0.0469630
2026-09-12 05:20:53.089 10 INFO neutron.wsgi [-] 10.0.0.141 "GET / HTTP/1.1" status: 200 len: 247 time: 0.0024045
2026-09-12 05:20:53.091 9 INFO neutron.wsgi [-] 10.0.0.141 "GET / HTTP/1.1" status: 200 len: 247 time: 0.0035141
2026-09-12 05:20:53.174 10 WARNING neutron.scheduler.dhcp_agent_scheduler [None req-94240d59-a787-4e87-b12a-ea67d92a3f10 6d7a6c0f332e49568f995b49d66aaa1b 82ed8b0e619b40d1b675607182c9cd58 - - - -] No more DHCP agents
2026-09-12 05:20:53.179 10 WARNING neutron.api.rpc.agentnotifiers.dhcp_rpc_agent_api [None req-94240d59-a787-4e87-b12a-ea67d92a3f10 6d7a6c0f332e49568f995b49d66aaa1b 82ed8b0e619b40d1b675607182c9cd58 - - - -] Unable to schedule network 7b6dcd49-0438-4a49-949c-ae586ffb5953: no agents available; will retry on subsequent port and subnet creation events.
2026-09-12 05:20:53.396 10 INFO neutron.db.ovn_revision_numbers_db [None req-94240d59-a787-4e87-b12a-ea67d92a3f10 6d7a6c0f332e49568f995b49d66aaa1b 82ed8b0e619b40d1b675607182c9cd58 - - - -] Successfully bumped revision number for resource aab01781-92e1-435f-8db1-f5550edc06f6 (type: ports) to 1
2026-09-12 05:20:53.424 10 INFO neutron.wsgi [None req-94240d59-a787-4e87-b12a-ea67d92a3f10 6d7a6c0f332e49568f995b49d66aaa1b 82ed8b0e619b40d1b675607182c9cd58 - - - -] 162.253.55.43 "POST /v2.0/ports HTTP/1.1" status: 201 len: 1512 time: 0.5960422 /var/lib/openstack/lib/python3.10/site-packages/pycadf/identifier.py:71: UserWarning: Invalid uuid: neutron. To ensure interoperability, identifiers should be a valid uuid. warnings.warn(('Invalid uuid: %s. To ensure interoperability, '
2026-09-12 05:20:53.797 10 INFO neutron.db.ovn_revision_numbers_db [None req-1ea9889c-4a1d-428a-a6dd-3f80137983f1 ccc55c2b1b564a7bb0eaef7101c137cb a0ebd6d97c234365a41f5993b017964b - - - -] Successfully bumped revision number for resource aab01781-92e1-435f-8db1-f5550edc06f6 (type: ports) to 2
2026-09-12 05:20:53.939 10 INFO neutron.db.ovn_revision_numbers_db [None req-1ea9889c-4a1d-428a-a6dd-3f80137983f1 ccc55c2b1b564a7bb0eaef7101c137cb a0ebd6d97c234365a41f5993b017964b - - - -] Successfully bumped revision number for resource aab01781-92e1-435f-8db1-f5550edc06f6 (type: ports) to 2
2026-09-12 05:20:53.955 10 INFO neutron.wsgi [None req-1ea9889c-4a1d-428a-a6dd-3f80137983f1 ccc55c2b1b564a7bb0eaef7101c137cb a0ebd6d97c234365a41f5993b017964b - - - -] 162.253.55.43 "PUT /v2.0/ports/aab01781-92e1-435f-8db1-f5550edc06f6 HTTP/1.1" status: 200 len: 1561 time: 0.5245659 /var/lib/openstack/lib/python3.10/site-packages/pycadf/identifier.py:71: UserWarning: Invalid uuid: neutron. To ensure interoperability, identifiers should be a valid uuid. warnings.warn(('Invalid uuid: %s. To ensure interoperability, '
2026-09-12 05:20:54.006 10 INFO neutron.notifiers.nova [-] Nova event matching ['req-aa2351cf-38c6-429d-825c-c3fe1a1c9002'] response: {'name': 'network-changed', 'server_uuid': '6b549c5e-e586-4605-8a3f-7a256f54b161', 'tag': 'aab01781-92e1-435f-8db1-f5550edc06f6', 'status': 'completed', 'code': 200}
2026-09-12 05:20:54.040 10 INFO neutron.wsgi [req-ab5c7cfd-7219-44d4-b0fe-28c92da0fe6f req-609e897b-d30a-4836-95e4-bcae680639a9 ccc55c2b1b564a7bb0eaef7101c137cb a0ebd6d97c234365a41f5993b017964b - - 8c30287ce7d244c789d6d1b30f1e19f4 8c30287ce7d244c789d6d1b30f1e19f4] 162.253.55.43 "GET /v2.0/ports?tenant_id=82ed8b0e619b40d1b675607182c9cd58&device_id=6b549c5e-e586-4605-8a3f-7a256f54b161 HTTP/1.1" status: 200 len: 5163 time: 0.0458548
2026-09-12 05:20:54.082 10 INFO neutron.wsgi [req-ab5c7cfd-7219-44d4-b0fe-28c92da0fe6f req-d1cb418e-e633-4d9b-9408-0df8a954b1a7 ccc55c2b1b564a7bb0eaef7101c137cb a0ebd6d97c234365a41f5993b017964b - - 8c30287ce7d244c789d6d1b30f1e19f4 8c30287ce7d244c789d6d1b30f1e19f4] 162.253.55.43 "GET /v2.0/floatingips?fixed_ip_address=172.24.1.125&port_id=39108f56-13fa-4346-ae7d-a09c177a346e HTTP/1.1" status: 200 len: 217 time: 0.0316024
2026-09-12 05:20:54.143 10 INFO neutron.wsgi [req-ab5c7cfd-7219-44d4-b0fe-28c92da0fe6f req-12e2156f-a818-44f4-b50c-2ab08492bb01 ccc55c2b1b564a7bb0eaef7101c137cb a0ebd6d97c234365a41f5993b017964b - - 8c30287ce7d244c789d6d1b30f1e19f4 8c30287ce7d244c789d6d1b30f1e19f4] 162.253.55.43 "GET /v2.0/subnets?id=e9685735-0cd5-4c55-bf9e-300f563bd633 HTTP/1.1" status: 200 len: 829 time: 0.0515168
2026-09-12 05:20:54.174 10 INFO neutron.wsgi [req-ab5c7cfd-7219-44d4-b0fe-28c92da0fe6f req-295a72b1-3fc5-4f99-93fa-4ac5e7a92f5b ccc55c2b1b564a7bb0eaef7101c137cb a0ebd6d97c234365a41f5993b017964b - - 8c30287ce7d244c789d6d1b30f1e19f4 8c30287ce7d244c789d6d1b30f1e19f4] 162.253.55.43 "GET /v2.0/ports?network_id=5d798624-889b-4180-b7eb-c3496cd63b7f&device_owner=network%3Adhcp HTTP/1.1" status: 200 len: 210 time: 0.0233147
2026-09-12 05:20:54.273 10 INFO neutron.wsgi [req-ab5c7cfd-7219-44d4-b0fe-28c92da0fe6f req-e0b50165-c950-4663-9f26-a598ffbbf2c8 ccc55c2b1b564a7bb0eaef7101c137cb a0ebd6d97c234365a41f5993b017964b - - 8c30287ce7d244c789d6d1b30f1e19f4 8c30287ce7d244c789d6d1b30f1e19f4] 162.253.55.43 "GET /v2.0/networks/5d798624-889b-4180-b7eb-c3496cd63b7f?fields=segments HTTP/1.1" status: 200 len: 212 time: 0.0888999
2026-09-12 05:20:54.358 10 INFO neutron.wsgi [req-ab5c7cfd-7219-44d4-b0fe-28c92da0fe6f req-1c8b9c28-a254-4d69-a3c7-a8e7b71216a5 ccc55c2b1b564a7bb0eaef7101c137cb a0ebd6d97c234365a41f5993b017964b - - 8c30287ce7d244c789d6d1b30f1e19f4 8c30287ce7d244c789d6d1b30f1e19f4] 162.253.55.43 "GET /v2.0/networks/5d798624-889b-4180-b7eb-c3496cd63b7f?fields=provider%3Aphysical_network&fields=provider%3Anetwork_type HTTP/1.1" status: 200 len: 277 time: 0.0761139
2026-09-12 05:20:54.394 10 INFO neutron.wsgi [req-ab5c7cfd-7219-44d4-b0fe-28c92da0fe6f req-c7aa05a3-8d76-41a4-9638-fe1c66a036f2 ccc55c2b1b564a7bb0eaef7101c137cb a0ebd6d97c234365a41f5993b017964b - - 8c30287ce7d244c789d6d1b30f1e19f4 8c30287ce7d244c789d6d1b30f1e19f4] 162.253.55.43 "GET /v2.0/floatingips?fixed_ip_address=10.1.1.177&port_id=b92a6f03-5201-4e50-b106-c521b179d60c HTTP/1.1" status: 200 len: 217 time: 0.0274148
2026-09-12 05:20:54.434 10 INFO neutron.wsgi [req-ab5c7cfd-7219-44d4-b0fe-28c92da0fe6f req-2b87d7af-734c-484f-b38b-f5bbf715d918 ccc55c2b1b564a7bb0eaef7101c137cb a0ebd6d97c234365a41f5993b017964b - - 8c30287ce7d244c789d6d1b30f1e19f4 8c30287ce7d244c789d6d1b30f1e19f4] 162.253.55.43 "GET /v2.0/subnets?id=dfa40a77-f9f3-44fe-80d4-7851a126da00 HTTP/1.1" status: 200 len: 853 time: 0.0317535
2026-09-12 05:20:54.462 10 INFO neutron.wsgi [req-ab5c7cfd-7219-44d4-b0fe-28c92da0fe6f req-984bbc15-3754-44cb-81a4-57d9848fdb15 ccc55c2b1b564a7bb0eaef7101c137cb a0ebd6d97c234365a41f5993b017964b - - 8c30287ce7d244c789d6d1b30f1e19f4 8c30287ce7d244c789d6d1b30f1e19f4] 162.253.55.43 "GET /v2.0/ports?network_id=8d3b8fba-0017-49d9-913a-65a76f33756b&device_owner=network%3Adhcp HTTP/1.1" status: 200 len: 210 time: 0.0202725
2026-09-12 05:20:54.527 10 INFO neutron.wsgi [req-ab5c7cfd-7219-44d4-b0fe-28c92da0fe6f req-ccbf548b-9e41-49b9-a63d-64b6e459c260 ccc55c2b1b564a7bb0eaef7101c137cb a0ebd6d97c234365a41f5993b017964b - - 8c30287ce7d244c789d6d1b30f1e19f4 8c30287ce7d244c789d6d1b30f1e19f4] 162.253.55.43 "GET /v2.0/networks/8d3b8fba-0017-49d9-913a-65a76f33756b?fields=segments HTTP/1.1" status: 200 len: 212 time: 0.0585737
2026-09-12 05:20:54.601 10 INFO neutron.wsgi [req-ab5c7cfd-7219-44d4-b0fe-28c92da0fe6f req-ecabd5f2-d540-474f-9e2d-b033d66ddb8e ccc55c2b1b564a7bb0eaef7101c137cb a0ebd6d97c234365a41f5993b017964b - - 8c30287ce7d244c789d6d1b30f1e19f4 8c30287ce7d244c789d6d1b30f1e19f4] 162.253.55.43 "GET /v2.0/networks/8d3b8fba-0017-49d9-913a-65a76f33756b?fields=provider%3Aphysical_network&fields=provider%3Anetwork_type HTTP/1.1" status: 200 len: 277 time: 0.0678990
2026-09-12 05:20:54.625 10 INFO neutron.wsgi [req-ab5c7cfd-7219-44d4-b0fe-28c92da0fe6f req-dd0eabc6-8273-4b91-a423-34392bf42b11 ccc55c2b1b564a7bb0eaef7101c137cb a0ebd6d97c234365a41f5993b017964b - - 8c30287ce7d244c789d6d1b30f1e19f4 8c30287ce7d244c789d6d1b30f1e19f4] 162.253.55.43 "GET /v2.0/floatingips?fixed_ip_address=10.2.1.246&port_id=b43375bb-a82d-4384-b73c-149607856aaa HTTP/1.1" status: 200 len: 217 time: 0.0195451
2026-09-12 05:20:54.656 10 INFO neutron.wsgi [req-ab5c7cfd-7219-44d4-b0fe-28c92da0fe6f req-9a3aa8a7-c29a-4b6f-ad57-7ff87c328269 ccc55c2b1b564a7bb0eaef7101c137cb a0ebd6d97c234365a41f5993b017964b - - 8c30287ce7d244c789d6d1b30f1e19f4 8c30287ce7d244c789d6d1b30f1e19f4] 162.253.55.43 "GET /v2.0/subnets?id=7edd57ac-b0b3-4319-a0d2-8707013c1e80 HTTP/1.1" status: 200 len: 852 time: 0.0264938
2026-09-12 05:20:54.678 10 INFO neutron.wsgi [req-ab5c7cfd-7219-44d4-b0fe-28c92da0fe6f req-4b46c1f2-85ef-47a8-a873-63839206183e ccc55c2b1b564a7bb0eaef7101c137cb a0ebd6d97c234365a41f5993b017964b - - 8c30287ce7d244c789d6d1b30f1e19f4 8c30287ce7d244c789d6d1b30f1e19f4] 162.253.55.43 "GET /v2.0/ports?network_id=47367fb1-4269-4af5-8e2e-7a3bc8a1b131&device_owner=network%3Adhcp HTTP/1.1" status: 200 len: 210 time: 0.0174344
2026-09-12 05:20:54.729 10 INFO neutron.wsgi [req-ab5c7cfd-7219-44d4-b0fe-28c92da0fe6f req-bab6d10d-9109-44a8-98b8-37bf3b4616d6 ccc55c2b1b564a7bb0eaef7101c137cb a0ebd6d97c234365a41f5993b017964b - - 8c30287ce7d244c789d6d1b30f1e19f4 8c30287ce7d244c789d6d1b30f1e19f4] 162.253.55.43 "GET /v2.0/networks/47367fb1-4269-4af5-8e2e-7a3bc8a1b131?fields=segments HTTP/1.1" status: 200 len: 212 time: 0.0454144
2026-09-12 05:20:54.785 10 INFO neutron.wsgi [req-ab5c7cfd-7219-44d4-b0fe-28c92da0fe6f req-8f122eaf-5843-4c7e-a87e-59ff21ac9d10 ccc55c2b1b564a7bb0eaef7101c137cb a0ebd6d97c234365a41f5993b017964b - - 8c30287ce7d244c789d6d1b30f1e19f4 8c30287ce7d244c789d6d1b30f1e19f4] 162.253.55.43 "GET /v2.0/networks/47367fb1-4269-4af5-8e2e-7a3bc8a1b131?fields=provider%3Aphysical_network&fields=provider%3Anetwork_type HTTP/1.1" status: 200 len: 277 time: 0.0518250
2026-09-12 05:20:54.820 10 INFO neutron.wsgi [req-ab5c7cfd-7219-44d4-b0fe-28c92da0fe6f req-0c9088e9-1135-4320-82cd-7411454897eb ccc55c2b1b564a7bb0eaef7101c137cb a0ebd6d97c234365a41f5993b017964b - - 8c30287ce7d244c789d6d1b30f1e19f4 8c30287ce7d244c789d6d1b30f1e19f4] 162.253.55.43 "GET /v2.0/floatingips?fixed_ip_address=10.2.2.171&port_id=aab01781-92e1-435f-8db1-f5550edc06f6 HTTP/1.1" status: 200 len: 217 time: 0.0266318
2026-09-12 05:20:54.849 10 INFO neutron.wsgi [req-ab5c7cfd-7219-44d4-b0fe-28c92da0fe6f req-eeb226f5-efce-4261-8cad-c4095b6eb930 ccc55c2b1b564a7bb0eaef7101c137cb a0ebd6d97c234365a41f5993b017964b - - 8c30287ce7d244c789d6d1b30f1e19f4 8c30287ce7d244c789d6d1b30f1e19f4] 162.253.55.43 "GET /v2.0/floatingips?fixed_ip_address=fd77%3A1457%3A4cf0%3A26a8%3A%3A1ba&port_id=aab01781-92e1-435f-8db1-f5550edc06f6 HTTP/1.1" status: 200 len: 217 time: 0.0228176
2026-09-12 05:20:54.908 10 INFO neutron.wsgi [req-ab5c7cfd-7219-44d4-b0fe-28c92da0fe6f req-ca6d635c-bdfe-4715-b29f-7a08d2581bfa ccc55c2b1b564a7bb0eaef7101c137cb a0ebd6d97c234365a41f5993b017964b - - 8c30287ce7d244c789d6d1b30f1e19f4 8c30287ce7d244c789d6d1b30f1e19f4] 162.253.55.43 "GET /v2.0/subnets?id=f1330f26-799b-4df3-90e5-d81c606fa0f2&id=9fa2f13b-cde7-4915-8368-c6deddf27418 HTTP/1.1" status: 200 len: 1567 time: 0.0497494
2026-09-12 05:20:54.976 10 INFO neutron.wsgi [req-ab5c7cfd-7219-44d4-b0fe-28c92da0fe6f req-cac9d928-e541-4ae3-a648-a192d5bfbf5b ccc55c2b1b564a7bb0eaef7101c137cb a0ebd6d97c234365a41f5993b017964b - - 8c30287ce7d244c789d6d1b30f1e19f4 8c30287ce7d244c789d6d1b30f1e19f4] 162.253.55.43 "GET /v2.0/ports?network_id=7b6dcd49-0438-4a49-949c-ae586ffb5953&device_owner=network%3Adhcp HTTP/1.1" status: 200 len: 210 time: 0.0495822
2026-09-12 05:20:55.041 10 INFO neutron.wsgi [req-ab5c7cfd-7219-44d4-b0fe-28c92da0fe6f req-a0ccf74d-8628-4a20-98c5-9f6c873c8dee ccc55c2b1b564a7bb0eaef7101c137cb a0ebd6d97c234365a41f5993b017964b - - 8c30287ce7d244c789d6d1b30f1e19f4 8c30287ce7d244c789d6d1b30f1e19f4] 162.253.55.43 "GET /v2.0/ports?network_id=7b6dcd49-0438-4a49-949c-ae586ffb5953&device_owner=network%3Adhcp HTTP/1.1" status: 200 len: 210 time: 0.0481365
2026-09-12 05:20:55.097 10 INFO neutron.wsgi [req-ab5c7cfd-7219-44d4-b0fe-28c92da0fe6f req-c3008bf0-82a3-4d2d-9864-9e0c20b473ab ccc55c2b1b564a7bb0eaef7101c137cb a0ebd6d97c234365a41f5993b017964b - - 8c30287ce7d244c789d6d1b30f1e19f4 8c30287ce7d244c789d6d1b30f1e19f4] 162.253.55.43 "GET /v2.0/networks/7b6dcd49-0438-4a49-949c-ae586ffb5953?fields=segments HTTP/1.1" status: 200 len: 212 time: 0.0495608
2026-09-12 05:20:55.152 10 INFO neutron.wsgi [req-ab5c7cfd-7219-44d4-b0fe-28c92da0fe6f req-1987e689-7be8-42c6-9c96-22009795daad ccc55c2b1b564a7bb0eaef7101c137cb a0ebd6d97c234365a41f5993b017964b - - 8c30287ce7d244c789d6d1b30f1e19f4 8c30287ce7d244c789d6d1b30f1e19f4] 162.253.55.43 "GET /v2.0/networks/7b6dcd49-0438-4a49-949c-ae586ffb5953?fields=provider%3Aphysical_network&fields=provider%3Anetwork_type HTTP/1.1" status: 200 len: 277 time: 0.0503945
2026-09-12 05:20:55.247 10 INFO neutron.wsgi [req-ae11513a-29d2-4c68-bafb-abb1982a1d3e req-17b749f1-78f7-4888-8398-a219afd2ed02 ccc55c2b1b564a7bb0eaef7101c137cb a0ebd6d97c234365a41f5993b017964b - - 8c30287ce7d244c789d6d1b30f1e19f4 8c30287ce7d244c789d6d1b30f1e19f4] 162.253.55.43 "GET /v2.0/ports?tenant_id=82ed8b0e619b40d1b675607182c9cd58&device_id=6b549c5e-e586-4605-8a3f-7a256f54b161 HTTP/1.1" status: 200 len: 5163 time: 0.0519278
2026-09-12 05:20:55.277 10 INFO neutron.plugins.ml2.drivers.ovn.mech_driver.mech_driver [None req-f4010fcd-c45b-4954-aa5b-f18dc71b67ee - - - - - -] OVN reports status up for port: aab01781-92e1-435f-8db1-f5550edc06f6
2026-09-12 05:20:55.314 10 INFO neutron.plugins.ml2.plugin [None req-f4010fcd-c45b-4954-aa5b-f18dc71b67ee - - - - - -] Attempt 1 to provision port aab01781-92e1-435f-8db1-f5550edc06f6
2026-09-12 05:20:55.346 10 INFO neutron.wsgi [req-ae11513a-29d2-4c68-bafb-abb1982a1d3e req-020f09ae-44af-4278-8cd2-ad0e05ad81a8 ccc55c2b1b564a7bb0eaef7101c137cb a0ebd6d97c234365a41f5993b017964b - - 8c30287ce7d244c789d6d1b30f1e19f4 8c30287ce7d244c789d6d1b30f1e19f4] 162.253.55.43 "GET /v2.0/networks?id=7b6dcd49-0438-4a49-949c-ae586ffb5953 HTTP/1.1" status: 200 len: 1002 time: 0.0921993
2026-09-12 05:20:55.373 10 INFO neutron.wsgi [req-ae11513a-29d2-4c68-bafb-abb1982a1d3e req-1a80d466-79cf-4b4b-9fdb-5a149162310f ccc55c2b1b564a7bb0eaef7101c137cb a0ebd6d97c234365a41f5993b017964b - - 8c30287ce7d244c789d6d1b30f1e19f4 8c30287ce7d244c789d6d1b30f1e19f4] 162.253.55.43 "GET /v2.0/floatingips?fixed_ip_address=10.2.2.171&port_id=aab01781-92e1-435f-8db1-f5550edc06f6 HTTP/1.1" status: 200 len: 217 time: 0.0220118
2026-09-12 05:20:55.424 10 INFO neutron.wsgi [req-ae11513a-29d2-4c68-bafb-abb1982a1d3e req-eb96c43a-5d7c-4db9-98c0-a3f20d195dbb ccc55c2b1b564a7bb0eaef7101c137cb a0ebd6d97c234365a41f5993b017964b - - 8c30287ce7d244c789d6d1b30f1e19f4 8c30287ce7d244c789d6d1b30f1e19f4] 162.253.55.43 "GET /v2.0/floatingips?fixed_ip_address=fd77%3A1457%3A4cf0%3A26a8%3A%3A1ba&port_id=aab01781-92e1-435f-8db1-f5550edc06f6 HTTP/1.1" status: 200 len: 217 time: 0.0356271
2026-09-12 05:20:55.480 10 INFO neutron.wsgi [req-ab5c7cfd-7219-44d4-b0fe-28c92da0fe6f req-72b7b799-be5a-4744-a31c-fe69a12d394b 6d7a6c0f332e49568f995b49d66aaa1b 82ed8b0e619b40d1b675607182c9cd58 - - default default] 10.0.0.239 "GET /v2.0/ports/aab01781-92e1-435f-8db1-f5550edc06f6 HTTP/1.1" status: 200 len: 1589 time: 0.0440342
2026-09-12 05:20:55.483 10 INFO neutron.wsgi [req-ae11513a-29d2-4c68-bafb-abb1982a1d3e req-f013b966-9425-442a-a4a7-0288db0054d3 ccc55c2b1b564a7bb0eaef7101c137cb a0ebd6d97c234365a41f5993b017964b - - 8c30287ce7d244c789d6d1b30f1e19f4 8c30287ce7d244c789d6d1b30f1e19f4] 162.253.55.43 "GET /v2.0/subnets?id=f1330f26-799b-4df3-90e5-d81c606fa0f2&id=9fa2f13b-cde7-4915-8368-c6deddf27418 HTTP/1.1" status: 200 len: 1567 time: 0.0528142
2026-09-12 05:20:55.532 10 INFO neutron.wsgi [req-ae11513a-29d2-4c68-bafb-abb1982a1d3e req-61bc46ad-b4ae-492d-9625-8284cd6aae02 ccc55c2b1b564a7bb0eaef7101c137cb a0ebd6d97c234365a41f5993b017964b - - 8c30287ce7d244c789d6d1b30f1e19f4 8c30287ce7d244c789d6d1b30f1e19f4] 162.253.55.43 "GET /v2.0/ports?network_id=7b6dcd49-0438-4a49-949c-ae586ffb5953&device_owner=network%3Adhcp HTTP/1.1" status: 200 len: 210 time: 0.0357220
2026-09-12 05:20:55.538 9 INFO neutron.wsgi [None req-eb479649-46db-43fa-b490-50f21b324da0 6d7a6c0f332e49568f995b49d66aaa1b 82ed8b0e619b40d1b675607182c9cd58 - - default default] 162.253.55.43 "GET /v2.0/ports/aab01781-92e1-435f-8db1-f5550edc06f6 HTTP/1.1" status: 200 len: 1591 time: 0.0440133
2026-09-12 05:20:55.555 10 INFO neutron.wsgi [req-ae11513a-29d2-4c68-bafb-abb1982a1d3e req-964407a5-e4dd-47ec-9301-4a1f17e1e858 ccc55c2b1b564a7bb0eaef7101c137cb a0ebd6d97c234365a41f5993b017964b - - 8c30287ce7d244c789d6d1b30f1e19f4 8c30287ce7d244c789d6d1b30f1e19f4] 162.253.55.43 "GET /v2.0/ports?network_id=7b6dcd49-0438-4a49-949c-ae586ffb5953&device_owner=network%3Adhcp HTTP/1.1" status: 200 len: 210 time: 0.0186658
2026-09-12 05:20:55.579 9 INFO neutron.wsgi [None req-fa7b3f97-2b8c-4413-8615-69177d1289c4 6d7a6c0f332e49568f995b49d66aaa1b 82ed8b0e619b40d1b675607182c9cd58 - - default default] 162.253.55.43 "GET /v2.0/ports/aab01781-92e1-435f-8db1-f5550edc06f6 HTTP/1.1" status: 200 len: 1591 time: 0.0301819
2026-09-12 05:20:55.641 10 INFO neutron.wsgi [req-ae11513a-29d2-4c68-bafb-abb1982a1d3e req-4acef2b9-05e4-45a2-9e2b-0cee21a2ab7e ccc55c2b1b564a7bb0eaef7101c137cb a0ebd6d97c234365a41f5993b017964b - - 8c30287ce7d244c789d6d1b30f1e19f4 8c30287ce7d244c789d6d1b30f1e19f4] 162.253.55.43 "GET /v2.0/networks/7b6dcd49-0438-4a49-949c-ae586ffb5953?fields=segments HTTP/1.1" status: 200 len: 212 time: 0.0732586
2026-09-12 05:20:55.669 10 INFO neutron.db.ovn_revision_numbers_db [None req-f4010fcd-c45b-4954-aa5b-f18dc71b67ee - - - - - -] Successfully bumped revision number for resource aab01781-92e1-435f-8db1-f5550edc06f6 (type: ports) to 4
2026-09-12 05:20:55.724 10 INFO neutron.wsgi [req-ae11513a-29d2-4c68-bafb-abb1982a1d3e req-3ad54058-8176-4712-a7db-c76ec03d0c34 ccc55c2b1b564a7bb0eaef7101c137cb a0ebd6d97c234365a41f5993b017964b - - 8c30287ce7d244c789d6d1b30f1e19f4 8c30287ce7d244c789d6d1b30f1e19f4] 162.253.55.43 "GET /v2.0/networks/7b6dcd49-0438-4a49-949c-ae586ffb5953?fields=provider%3Aphysical_network&fields=provider%3Anetwork_type HTTP/1.1" status: 200 len: 277 time: 0.0737457
2026-09-12 05:20:56.076 10 INFO neutron.notifiers.nova [-] Nova event matching ['req-90eb1111-4c1c-4068-943a-fb4624e35dd7'] response: {'server_uuid': '6b549c5e-e586-4605-8a3f-7a256f54b161', 'name': 'network-vif-plugged', 'status': 'completed', 'tag': 'aab01781-92e1-435f-8db1-f5550edc06f6', 'code': 200}
2026-09-12 05:20:56.077 10 INFO neutron.notifiers.nova [-] Nova event matching ['req-90eb1111-4c1c-4068-943a-fb4624e35dd7'] response: {'server_uuid': '6b549c5e-e586-4605-8a3f-7a256f54b161', 'name': 'network-vif-plugged', 'status': 'completed', 'tag': 'aab01781-92e1-435f-8db1-f5550edc06f6', 'code': 200}
2026-09-12 05:20:56.293 9 INFO neutron.db.ovn_revision_numbers_db [None req-826c6714-2d47-4146-acda-d5dc7642f5f1 6d7a6c0f332e49568f995b49d66aaa1b 82ed8b0e619b40d1b675607182c9cd58 - - - -] Successfully bumped revision number for resource aab01781-92e1-435f-8db1-f5550edc06f6 (type: ports) to 5
2026-09-12 05:20:56.301 9 INFO neutron.wsgi [None req-826c6714-2d47-4146-acda-d5dc7642f5f1 6d7a6c0f332e49568f995b49d66aaa1b 82ed8b0e619b40d1b675607182c9cd58 - - - -] 162.253.55.43 "PUT /v2.0/ports/aab01781-92e1-435f-8db1-f5550edc06f6 HTTP/1.1" status: 200 len: 1330 time: 0.7175417 /var/lib/openstack/lib/python3.10/site-packages/pycadf/identifier.py:71: UserWarning: Invalid uuid: neutron. To ensure interoperability, identifiers should be a valid uuid. warnings.warn(('Invalid uuid: %s. To ensure interoperability, '
2026-09-12 05:20:56.349 9 INFO neutron.notifiers.nova [-] Nova event matching ['req-e72dbadc-6e96-420e-ba60-02ec40fbddfd'] response: {'name': 'network-changed', 'server_uuid': '6b549c5e-e586-4605-8a3f-7a256f54b161', 'tag': 'aab01781-92e1-435f-8db1-f5550edc06f6', 'status': 'completed', 'code': 200}
2026-09-12 05:20:56.353 9 INFO neutron.wsgi [None req-e43cec58-a120-413b-937f-393f57ae4c59 6d7a6c0f332e49568f995b49d66aaa1b 82ed8b0e619b40d1b675607182c9cd58 - - default default] 162.253.55.43 "GET /v2.0/networks/7b6dcd49-0438-4a49-949c-ae586ffb5953 HTTP/1.1" status: 200 len: 999 time: 0.0466282 /var/lib/openstack/lib/python3.10/site-packages/pycadf/identifier.py:71: UserWarning: Invalid uuid: neutron. To ensure interoperability, identifiers should be a valid uuid. warnings.warn(('Invalid uuid: %s. To ensure interoperability, '
2026-09-12 05:20:56.384 9 INFO neutron.wsgi [None req-a1c0cefc-25a2-49bd-b3f9-2480b5f1ef84 6d7a6c0f332e49568f995b49d66aaa1b 82ed8b0e619b40d1b675607182c9cd58 - - default default] 162.253.55.43 "GET /v2.0/subnets/f1330f26-799b-4df3-90e5-d81c606fa0f2 HTTP/1.1" status: 200 len: 849 time: 0.0240238
2026-09-12 05:20:56.426 10 INFO neutron.wsgi [req-c750254d-9738-4a5d-9e4e-99bf3cd561d5 req-6b83f437-c552-4e20-9e79-a8600d10f233 ccc55c2b1b564a7bb0eaef7101c137cb a0ebd6d97c234365a41f5993b017964b - - 8c30287ce7d244c789d6d1b30f1e19f4 8c30287ce7d244c789d6d1b30f1e19f4] 162.253.55.43 "GET /v2.0/ports?tenant_id=82ed8b0e619b40d1b675607182c9cd58&device_id=6b549c5e-e586-4605-8a3f-7a256f54b161 HTTP/1.1" status: 200 len: 4932 time: 0.0504775
2026-09-12 05:20:56.496 9 INFO neutron.wsgi [None req-3bd65398-5598-4e23-ac5c-046173aeb744 6d7a6c0f332e49568f995b49d66aaa1b 82ed8b0e619b40d1b675607182c9cd58 - - default default] 162.253.55.43 "GET /v2.0/extensions/security-group HTTP/1.1" status: 200 len: 369 time: 0.0081515
2026-09-12 05:20:56.509 9 INFO neutron.wsgi [None req-266bf9bf-633b-4c3c-832b-70cfaf2409ce 6d7a6c0f332e49568f995b49d66aaa1b 82ed8b0e619b40d1b675607182c9cd58 - - default default] 162.253.55.43 "GET /v2.0/extensions/dns-integration HTTP/1.1" status: 200 len: 371 time: 0.0080605
2026-09-12 05:20:56.522 9 INFO neutron.wsgi [None req-a32c9621-fc5c-4fe5-96c5-ec4e788da8ad 6d7a6c0f332e49568f995b49d66aaa1b 82ed8b0e619b40d1b675607182c9cd58 - - default default] 162.253.55.43 "GET /v2.0/extensions/qos HTTP/1.1" status: 200 len: 365 time: 0.0073791
2026-09-12 05:20:56.525 10 INFO neutron.wsgi [req-c750254d-9738-4a5d-9e4e-99bf3cd561d5 req-697dc624-a975-4713-968c-4b109da671c4 ccc55c2b1b564a7bb0eaef7101c137cb a0ebd6d97c234365a41f5993b017964b - - 8c30287ce7d244c789d6d1b30f1e19f4 8c30287ce7d244c789d6d1b30f1e19f4] 162.253.55.43 "GET /v2.0/networks?id=7b6dcd49-0438-4a49-949c-ae586ffb5953 HTTP/1.1" status: 200 len: 1002 time: 0.0926771
2026-09-12 05:20:56.540 9 INFO neutron.wsgi [None req-0372f4e3-759f-4a44-b869-7beb39dc314e 6d7a6c0f332e49568f995b49d66aaa1b 82ed8b0e619b40d1b675607182c9cd58 - - default default] 162.253.55.43 "GET /v2.0/extensions/allowed-address-pairs HTTP/1.1" status: 200 len: 383 time: 0.0092461
2026-09-12 05:20:56.561 10 INFO neutron.wsgi [req-c750254d-9738-4a5d-9e4e-99bf3cd561d5 req-d95011af-b761-4471-90ee-dcb2390823e2 ccc55c2b1b564a7bb0eaef7101c137cb a0ebd6d97c234365a41f5993b017964b - - 8c30287ce7d244c789d6d1b30f1e19f4 8c30287ce7d244c789d6d1b30f1e19f4] 162.253.55.43 "GET /v2.0/floatingips?fixed_ip_address=10.2.2.171&port_id=aab01781-92e1-435f-8db1-f5550edc06f6 HTTP/1.1" status: 200 len: 217 time: 0.0299859
2026-09-12 05:20:56.584 9 INFO neutron.wsgi [None req-966cb16c-fccc-4ec0-926e-dda170e5fe0e 6d7a6c0f332e49568f995b49d66aaa1b 82ed8b0e619b40d1b675607182c9cd58 - - default default] 162.253.55.43 "GET /v2.0/subnets/dfa40a77-f9f3-44fe-80d4-7851a126da00 HTTP/1.1" status: 200 len: 850 time: 0.0332785
2026-09-12 05:20:56.598 10 INFO neutron.wsgi [req-c750254d-9738-4a5d-9e4e-99bf3cd561d5 req-46bdacc3-d817-4f4b-b302-ef0e8b86c197 ccc55c2b1b564a7bb0eaef7101c137cb a0ebd6d97c234365a41f5993b017964b - - 8c30287ce7d244c789d6d1b30f1e19f4 8c30287ce7d244c789d6d1b30f1e19f4] 162.253.55.43 "GET /v2.0/subnets?id=f1330f26-799b-4df3-90e5-d81c606fa0f2 HTTP/1.1" status: 200 len: 852 time: 0.0306959
2026-09-12 05:20:56.629 10 INFO neutron.wsgi [req-c750254d-9738-4a5d-9e4e-99bf3cd561d5 req-b0bea0e4-2a99-43b6-a05e-e885806d8b17 ccc55c2b1b564a7bb0eaef7101c137cb a0ebd6d97c234365a41f5993b017964b - - 8c30287ce7d244c789d6d1b30f1e19f4 8c30287ce7d244c789d6d1b30f1e19f4] 162.253.55.43 "GET /v2.0/ports?network_id=7b6dcd49-0438-4a49-949c-ae586ffb5953&device_owner=network%3Adhcp HTTP/1.1" status: 200 len: 210 time: 0.0238571
2026-09-12 05:20:56.641 9 INFO neutron.wsgi [None req-22067bb6-24d7-45b2-b075-0ae8ba35ac04 6d7a6c0f332e49568f995b49d66aaa1b 82ed8b0e619b40d1b675607182c9cd58 - - default default] 162.253.55.43 "GET /v2.0/ports/848bc49d-7824-4a08-a27a-b8855fdb058e HTTP/1.1" status: 200 len: 1340 time: 0.0515416
2026-09-12 05:20:56.692 9 INFO neutron.wsgi [None req-b5960ad3-045b-47b1-afbf-21e19a3cdf54 6d7a6c0f332e49568f995b49d66aaa1b 82ed8b0e619b40d1b675607182c9cd58 - - default default] 162.253.55.43 "GET /v2.0/ports/b92a6f03-5201-4e50-b106-c521b179d60c HTTP/1.1" status: 200 len: 1471 time: 0.0446925
2026-09-12 05:20:56.695 10 INFO neutron.wsgi [req-c750254d-9738-4a5d-9e4e-99bf3cd561d5 req-30922e2d-800d-4946-b786-b451c42e981c ccc55c2b1b564a7bb0eaef7101c137cb a0ebd6d97c234365a41f5993b017964b - - 8c30287ce7d244c789d6d1b30f1e19f4 8c30287ce7d244c789d6d1b30f1e19f4] 162.253.55.43 "GET /v2.0/networks/7b6dcd49-0438-4a49-949c-ae586ffb5953?fields=segments HTTP/1.1" status: 200 len: 212 time: 0.0558984
2026-09-12 05:20:56.736 9 INFO neutron.wsgi [None req-376888a9-457d-42eb-a04a-c58cdeb13d8c 6d7a6c0f332e49568f995b49d66aaa1b 82ed8b0e619b40d1b675607182c9cd58 - - default default] 162.253.55.43 "GET /v2.0/subnets/dfa40a77-f9f3-44fe-80d4-7851a126da00 HTTP/1.1" status: 200 len: 850 time: 0.0369153
2026-09-12 05:20:56.754 10 INFO neutron.wsgi [req-c750254d-9738-4a5d-9e4e-99bf3cd561d5 req-2ada71b5-bfc0-43f0-842e-7034035a9c95 ccc55c2b1b564a7bb0eaef7101c137cb a0ebd6d97c234365a41f5993b017964b - - 8c30287ce7d244c789d6d1b30f1e19f4 8c30287ce7d244c789d6d1b30f1e19f4] 162.253.55.43 "GET /v2.0/networks/7b6dcd49-0438-4a49-949c-ae586ffb5953?fields=provider%3Aphysical_network&fields=provider%3Anetwork_type HTTP/1.1" status: 200 len: 277 time: 0.0516610
2026-09-12 05:20:56.800 9 INFO neutron.wsgi [None req-ddb33272-22fb-4ea2-8ca4-3644d847d391 6d7a6c0f332e49568f995b49d66aaa1b 82ed8b0e619b40d1b675607182c9cd58 - - default default] 162.253.55.43 "GET /v2.0/networks/8d3b8fba-0017-49d9-913a-65a76f33756b HTTP/1.1" status: 200 len: 1002 time: 0.0575776
2026-09-12 05:20:56.831 9 INFO neutron.wsgi [None req-a421b0a1-c1bc-4d90-af13-06a446b8cbae 6d7a6c0f332e49568f995b49d66aaa1b 82ed8b0e619b40d1b675607182c9cd58 - - default default] 162.253.55.43 "GET /v2.0/ports/848bc49d-7824-4a08-a27a-b8855fdb058e HTTP/1.1" status: 200 len: 1340 time: 0.0233498
2026-09-12 05:20:56.870 9 INFO neutron.wsgi [None req-a2d5212f-d73f-40be-b0d1-19661ec7dd18 6d7a6c0f332e49568f995b49d66aaa1b 82ed8b0e619b40d1b675607182c9cd58 - - default default] 162.253.55.43 "GET /v2.0/subnets/dfa40a77-f9f3-44fe-80d4-7851a126da00 HTTP/1.1" status: 200 len: 850 time: 0.0328259
2026-09-12 05:21:06.000 10 INFO neutron.wsgi [None req-1bf54698-96aa-4d7c-ac9e-3c1203b59ba7 6d7a6c0f332e49568f995b49d66aaa1b 82ed8b0e619b40d1b675607182c9cd58 - - default default] 162.253.55.43 "GET /v2.0/extensions/security-group HTTP/1.1" status: 200 len: 369 time: 0.0104165
2026-09-12 05:21:06.012 10 INFO neutron.wsgi [None req-f267679a-5694-40d7-b270-4e7f696db26d 6d7a6c0f332e49568f995b49d66aaa1b 82ed8b0e619b40d1b675607182c9cd58 - - default default] 162.253.55.43 "GET /v2.0/extensions/dns-integration HTTP/1.1" status: 200 len: 371 time: 0.0075696
2026-09-12 05:21:06.023 10 INFO neutron.wsgi [None req-a42eff91-1ab8-43ad-80d9-b218bdcf7ee3 6d7a6c0f332e49568f995b49d66aaa1b 82ed8b0e619b40d1b675607182c9cd58 - - default default] 162.253.55.43 "GET /v2.0/extensions/qos HTTP/1.1" status: 200 len: 365 time: 0.0069385
2026-09-12 05:21:06.037 10 INFO neutron.wsgi [None req-4ebad992-a8e7-4683-ae4f-07452450aebc 6d7a6c0f332e49568f995b49d66aaa1b 82ed8b0e619b40d1b675607182c9cd58 - - default default] 162.253.55.43 "GET /v2.0/extensions/allowed-address-pairs HTTP/1.1" status: 200 len: 383 time: 0.0089254
2026-09-12 05:21:06.091 10 INFO neutron.wsgi [None req-0ba2bfbf-d691-4d8b-ae24-44001a392515 6d7a6c0f332e49568f995b49d66aaa1b 82ed8b0e619b40d1b675607182c9cd58 - - default default] 162.253.55.43 "GET /v2.0/subnets/7edd57ac-b0b3-4319-a0d2-8707013c1e80 HTTP/1.1" status: 200 len: 849 time: 0.0465505
2026-09-12 05:21:06.136 10 INFO neutron.wsgi [None req-4a11c5f0-eeb6-4831-8a29-e66a550a9986 6d7a6c0f332e49568f995b49d66aaa1b 82ed8b0e619b40d1b675607182c9cd58 - - default default] 162.253.55.43 "GET /v2.0/ports?device_id=6b549c5e-e586-4605-8a3f-7a256f54b161 HTTP/1.1" status: 200 len: 4932 time: 0.0385303
2026-09-12 05:21:06.263 10 INFO neutron.wsgi [None req-d791678f-4435-4dd8-887d-19411f5c5fb2 6d7a6c0f332e49568f995b49d66aaa1b 82ed8b0e619b40d1b675607182c9cd58 - - default default] 162.253.55.43 "GET /v2.0/extensions/security-group HTTP/1.1" status: 200 len: 369 time: 0.0069528
2026-09-12 05:21:06.273 10 INFO neutron.wsgi [None req-c957c0cc-0330-4f94-a8d7-88f518ce0436 6d7a6c0f332e49568f995b49d66aaa1b 82ed8b0e619b40d1b675607182c9cd58 - - default default] 162.253.55.43 "GET /v2.0/extensions/dns-integration HTTP/1.1" status: 200 len: 371 time: 0.0060887
2026-09-12 05:21:06.282 10 INFO neutron.wsgi [None req-1a6c8419-e68b-4812-b200-d29889b4f232 6d7a6c0f332e49568f995b49d66aaa1b 82ed8b0e619b40d1b675607182c9cd58 - - default default] 162.253.55.43 "GET /v2.0/extensions/qos HTTP/1.1" status: 200 len: 365 time: 0.0056360
2026-09-12 05:21:06.293 10 INFO neutron.wsgi [None req-8ceb7086-8a5c-4387-aada-5cd96a6895b5 6d7a6c0f332e49568f995b49d66aaa1b 82ed8b0e619b40d1b675607182c9cd58 - - default default] 162.253.55.43 "GET /v2.0/extensions/allowed-address-pairs HTTP/1.1" status: 200 len: 383 time: 0.0069833
2026-09-12 05:21:06.339 10 INFO neutron.wsgi [None req-37a738c4-f8b7-43f0-8542-6dcb779b1c63 6d7a6c0f332e49568f995b49d66aaa1b 82ed8b0e619b40d1b675607182c9cd58 - - default default] 162.253.55.43 "GET /v2.0/ports/aab01781-92e1-435f-8db1-f5550edc06f6 HTTP/1.1" status: 200 len: 1358 time: 0.0410235
2026-09-12 05:21:06.663 10 INFO neutron.db.ovn_revision_numbers_db [None req-2d23d78f-858c-4038-a1e5-9ef03d75259f 6d7a6c0f332e49568f995b49d66aaa1b 82ed8b0e619b40d1b675607182c9cd58 - - - -] Successfully bumped revision number for resource aab01781-92e1-435f-8db1-f5550edc06f6 (type: ports) to 6
2026-09-12 05:21:06.677 10 INFO neutron.wsgi [None req-2d23d78f-858c-4038-a1e5-9ef03d75259f 6d7a6c0f332e49568f995b49d66aaa1b 82ed8b0e619b40d1b675607182c9cd58 - - - -] 162.253.55.43 "PUT /v2.0/ports/aab01781-92e1-435f-8db1-f5550edc06f6 HTTP/1.1" status: 200 len: 1154 time: 0.3321612 /var/lib/openstack/lib/python3.10/site-packages/pycadf/identifier.py:71: UserWarning: Invalid uuid: neutron. To ensure interoperability, identifiers should be a valid uuid. warnings.warn(('Invalid uuid: %s. To ensure interoperability, '
2026-09-12 05:21:06.730 10 INFO neutron.notifiers.nova [-] Nova event matching ['req-86eaf0f6-9b48-4b81-ac48-a5107d18a609'] response: {'name': 'network-changed', 'server_uuid': '6b549c5e-e586-4605-8a3f-7a256f54b161', 'tag': 'aab01781-92e1-435f-8db1-f5550edc06f6', 'status': 'completed', 'code': 200}
2026-09-12 05:21:06.752 10 INFO neutron.wsgi [None req-22ffc293-780a-4330-bd17-a730a7bf5a1b 6d7a6c0f332e49568f995b49d66aaa1b 82ed8b0e619b40d1b675607182c9cd58 - - default default] 162.253.55.43 "GET /v2.0/networks/7b6dcd49-0438-4a49-949c-ae586ffb5953 HTTP/1.1" status: 200 len: 999 time: 0.0657485
2026-09-12 05:21:06.793 10 INFO neutron.wsgi [req-614eb2bd-a918-4084-8973-312e7dc2817f req-98dc5e9b-086e-47fa-8dee-cc674cf57c16 ccc55c2b1b564a7bb0eaef7101c137cb a0ebd6d97c234365a41f5993b017964b - - 8c30287ce7d244c789d6d1b30f1e19f4 8c30287ce7d244c789d6d1b30f1e19f4] 162.253.55.43 "GET /v2.0/ports?tenant_id=82ed8b0e619b40d1b675607182c9cd58&device_id=6b549c5e-e586-4605-8a3f-7a256f54b161 HTTP/1.1" status: 200 len: 4757 time: 0.0399301
2026-09-12 05:21:06.799 10 INFO neutron.wsgi [None req-fea58001-d1d1-45b5-ac94-e1bb81f59b38 6d7a6c0f332e49568f995b49d66aaa1b 82ed8b0e619b40d1b675607182c9cd58 - - default default] 162.253.55.43 "GET /v2.0/ports?device_id=6b549c5e-e586-4605-8a3f-7a256f54b161 HTTP/1.1" status: 200 len: 4757 time: 0.0389524
2026-09-12 05:21:06.851 10 INFO neutron.wsgi [req-614eb2bd-a918-4084-8973-312e7dc2817f req-e8adce3e-255e-40ce-afe1-5e7c533f3082 ccc55c2b1b564a7bb0eaef7101c137cb a0ebd6d97c234365a41f5993b017964b - - 8c30287ce7d244c789d6d1b30f1e19f4 8c30287ce7d244c789d6d1b30f1e19f4] 162.253.55.43 "GET /v2.0/networks?id=7b6dcd49-0438-4a49-949c-ae586ffb5953 HTTP/1.1" status: 200 len: 1002 time: 0.0509529
2026-09-12 05:21:06.934 10 INFO neutron.wsgi [req-614eb2bd-a918-4084-8973-312e7dc2817f req-f6c07def-c9a5-4e16-ae77-246f221ccbb4 ccc55c2b1b564a7bb0eaef7101c137cb a0ebd6d97c234365a41f5993b017964b - - 8c30287ce7d244c789d6d1b30f1e19f4 8c30287ce7d244c789d6d1b30f1e19f4] 162.253.55.43 "GET /v2.0/networks/7b6dcd49-0438-4a49-949c-ae586ffb5953?fields=segments HTTP/1.1" status: 200 len: 212 time: 0.0763760
2026-09-12 05:21:06.996 10 INFO neutron.wsgi [None req-30e29dcf-87a0-4b80-aea6-bf9d7dba3f4a 6d7a6c0f332e49568f995b49d66aaa1b 82ed8b0e619b40d1b675607182c9cd58 - - default default] 162.253.55.43 "GET /v2.0/ports?device_id=6b549c5e-e586-4605-8a3f-7a256f54b161 HTTP/1.1" status: 200 len: 4757 time: 0.0728853
2026-09-12 05:21:07.050 10 INFO neutron.wsgi [req-614eb2bd-a918-4084-8973-312e7dc2817f req-c1570fd0-a5a6-4de9-b2e0-07cc54836b51 ccc55c2b1b564a7bb0eaef7101c137cb a0ebd6d97c234365a41f5993b017964b - - 8c30287ce7d244c789d6d1b30f1e19f4 8c30287ce7d244c789d6d1b30f1e19f4] 162.253.55.43 "GET /v2.0/networks/7b6dcd49-0438-4a49-949c-ae586ffb5953?fields=provider%3Aphysical_network&fields=provider%3Anetwork_type HTTP/1.1" status: 200 len: 277 time: 0.1051643
2026-09-12 05:21:07.313 10 INFO neutron.plugins.ml2.drivers.ovn.mech_driver.mech_driver [None req-f4010fcd-c45b-4954-aa5b-f18dc71b67ee - - - - - -] OVN reports status down for port: aab01781-92e1-435f-8db1-f5550edc06f6
2026-09-12 05:21:07.394 10 INFO neutron.wsgi [req-63e58762-6dac-4be3-b8d3-5ee56d2bb79b req-6d39823e-3e12-4092-801c-4d4effbf738e ccc55c2b1b564a7bb0eaef7101c137cb a0ebd6d97c234365a41f5993b017964b - - 8c30287ce7d244c789d6d1b30f1e19f4 8c30287ce7d244c789d6d1b30f1e19f4] 162.253.55.43 "GET /v2.0/ports/aab01781-92e1-435f-8db1-f5550edc06f6 HTTP/1.1" status: 200 len: 1182 time: 0.0466843
2026-09-12 05:21:08.024 10 INFO neutron.db.ovn_revision_numbers_db [None req-f4010fcd-c45b-4954-aa5b-f18dc71b67ee - - - - - -] Successfully bumped revision number for resource aab01781-92e1-435f-8db1-f5550edc06f6 (type: ports) to 7
2026-09-12 05:21:08.091 9 INFO neutron.wsgi [-] 10.0.0.141 "GET / HTTP/1.1" status: 200 len: 247 time: 0.0034580
2026-09-12 05:21:08.093 10 INFO neutron.wsgi [None req-b8030a3b-78f2-4d4e-8fbb-b2bf9b220312 6d7a6c0f332e49568f995b49d66aaa1b 82ed8b0e619b40d1b675607182c9cd58 - - default default] 162.253.55.43 "GET /v2.0/ports?device_id=6b549c5e-e586-4605-8a3f-7a256f54b161 HTTP/1.1" status: 200 len: 3782 time: 0.0906174
2026-09-12 05:21:08.098 9 INFO neutron.wsgi [-] 10.0.0.141 "GET / HTTP/1.1" status: 200 len: 247 time: 0.0046637
2026-09-12 05:21:08.118 10 INFO neutron.pecan_wsgi.hooks.translation [None req-cd61c834-2f92-40cd-9b8a-3cd1d1d82735 6d7a6c0f332e49568f995b49d66aaa1b 82ed8b0e619b40d1b675607182c9cd58 - - - -] DELETE failed (client error): The resource could not be found.
2026-09-12 05:21:08.121 10 INFO neutron.wsgi [None req-cd61c834-2f92-40cd-9b8a-3cd1d1d82735 6d7a6c0f332e49568f995b49d66aaa1b 82ed8b0e619b40d1b675607182c9cd58 - - - -] 162.253.55.43 "DELETE /v2.0/ports/aab01781-92e1-435f-8db1-f5550edc06f6 HTTP/1.1" status: 404 len: 338 time: 0.0217099
2026-09-12 05:21:08.123 10 INFO neutron.wsgi [None req-ae1488e7-8950-4699-bc89-e17245b5a50f 6d7a6c0f332e49568f995b49d66aaa1b 82ed8b0e619b40d1b675607182c9cd58 - - - -] 162.253.55.43 "DELETE /v2.0/ports/aab01781-92e1-435f-8db1-f5550edc06f6 HTTP/1.1" status: 204 len: 173 time: 0.7246549
2026-09-12 05:21:08.208 10 INFO neutron.wsgi [None req-86a98830-fab5-4582-b432-f26eaea2a3bd 6d7a6c0f332e49568f995b49d66aaa1b 82ed8b0e619b40d1b675607182c9cd58 - - default default] 162.253.55.43 "GET /v2.0/extensions/security-group HTTP/1.1" status: 200 len: 369 time: 0.0076075
2026-09-12 05:21:08.216 10 INFO neutron.wsgi [None req-6db319e8-4dae-42df-b7cf-8ee1604e1bbd 6d7a6c0f332e49568f995b49d66aaa1b 82ed8b0e619b40d1b675607182c9cd58 - - default default] 162.253.55.43 "GET /v2.0/extensions/dns-integration HTTP/1.1" status: 200 len: 371 time: 0.0040345
2026-09-12 05:21:08.220 10 INFO neutron.wsgi [req-63e58762-6dac-4be3-b8d3-5ee56d2bb79b req-14f250e3-b8ce-421e-bb2f-5c28a0550ad1 ccc55c2b1b564a7bb0eaef7101c137cb a0ebd6d97c234365a41f5993b017964b - - 8c30287ce7d244c789d6d1b30f1e19f4 8c30287ce7d244c789d6d1b30f1e19f4] 162.253.55.43 "GET /v2.0/ports?tenant_id=82ed8b0e619b40d1b675607182c9cd58&device_id=6b549c5e-e586-4605-8a3f-7a256f54b161 HTTP/1.1" status: 200 len: 3782 time: 0.0387726
2026-09-12 05:21:08.223 10 INFO neutron.wsgi [None req-c30820db-1d83-4bf9-b64e-33a4e9b83772 6d7a6c0f332e49568f995b49d66aaa1b 82ed8b0e619b40d1b675607182c9cd58 - - default default] 162.253.55.43 "GET /v2.0/extensions/qos HTTP/1.1" status: 200 len: 365 time: 0.0032048
2026-09-12 05:21:08.233 10 INFO neutron.wsgi [None req-7d644aa2-2aff-436c-8a00-9fd4a966b972 6d7a6c0f332e49568f995b49d66aaa1b 82ed8b0e619b40d1b675607182c9cd58 - - default default] 162.253.55.43 "GET /v2.0/extensions/allowed-address-pairs HTTP/1.1" status: 200 len: 383 time: 0.0036955
2026-09-12 05:21:08.275 10 INFO neutron.wsgi [None req-e5e48aef-9eac-4621-94f4-39979a5c976d 6d7a6c0f332e49568f995b49d66aaa1b 82ed8b0e619b40d1b675607182c9cd58 - - default default] 162.253.55.43 "GET /v2.0/subnets/dfa40a77-f9f3-44fe-80d4-7851a126da00 HTTP/1.1" status: 200 len: 850 time: 0.0375268
2026-09-12 05:21:08.298 10 INFO neutron.wsgi [req-63e58762-6dac-4be3-b8d3-5ee56d2bb79b req-8397d0af-a68b-48b0-ad97-bf3de188e24a ccc55c2b1b564a7bb0eaef7101c137cb a0ebd6d97c234365a41f5993b017964b - - 8c30287ce7d244c789d6d1b30f1e19f4 8c30287ce7d244c789d6d1b30f1e19f4] 162.253.55.43 "GET /v2.0/networks?id=5d798624-889b-4180-b7eb-c3496cd63b7f&id=8d3b8fba-0017-49d9-913a-65a76f33756b&id=47367fb1-4269-4af5-8e2e-7a3bc8a1b131&id=7b6dcd49-0438-4a49-949c-ae586ffb5953 HTTP/1.1" status: 200 len: 3308 time: 0.0737340
2026-09-12 05:21:08.319 10 INFO neutron.wsgi [None req-017e22de-d03c-45cf-b1f2-f16c82b0d9e8 6d7a6c0f332e49568f995b49d66aaa1b 82ed8b0e619b40d1b675607182c9cd58 - - default default] 162.253.55.43 "GET /v2.0/ports/848bc49d-7824-4a08-a27a-b8855fdb058e HTTP/1.1" status: 200 len: 1340 time: 0.0353785
2026-09-12 05:21:08.336 10 INFO neutron.wsgi [req-63e58762-6dac-4be3-b8d3-5ee56d2bb79b req-b0376aca-8da2-4c00-8f27-ff47e9d641b6 ccc55c2b1b564a7bb0eaef7101c137cb a0ebd6d97c234365a41f5993b017964b - - 8c30287ce7d244c789d6d1b30f1e19f4 8c30287ce7d244c789d6d1b30f1e19f4] 162.253.55.43 "GET /v2.0/floatingips?fixed_ip_address=172.24.1.125&port_id=39108f56-13fa-4346-ae7d-a09c177a346e HTTP/1.1" status: 200 len: 217 time: 0.0300715
2026-09-12 05:21:08.373 10 INFO neutron.wsgi [None req-2272187b-33b0-4ae5-91a5-81b72652e3c2 6d7a6c0f332e49568f995b49d66aaa1b 82ed8b0e619b40d1b675607182c9cd58 - - default default] 162.253.55.43 "GET /v2.0/ports/b92a6f03-5201-4e50-b106-c521b179d60c HTTP/1.1" status: 200 len: 1471 time: 0.0428796
2026-09-12 05:21:08.382 10 INFO neutron.wsgi [req-63e58762-6dac-4be3-b8d3-5ee56d2bb79b req-0dd05f01-9d7a-4d40-91bd-b72fcce94294 ccc55c2b1b564a7bb0eaef7101c137cb a0ebd6d97c234365a41f5993b017964b - - 8c30287ce7d244c789d6d1b30f1e19f4 8c30287ce7d244c789d6d1b30f1e19f4] 162.253.55.43 "GET /v2.0/subnets?id=e9685735-0cd5-4c55-bf9e-300f563bd633 HTTP/1.1" status: 200 len: 829 time: 0.0352600
2026-09-12 05:21:08.414 10 INFO neutron.wsgi [req-63e58762-6dac-4be3-b8d3-5ee56d2bb79b req-b48c9e25-be4f-464a-adb9-b8f5f3e6b1de ccc55c2b1b564a7bb0eaef7101c137cb a0ebd6d97c234365a41f5993b017964b - - 8c30287ce7d244c789d6d1b30f1e19f4 8c30287ce7d244c789d6d1b30f1e19f4] 162.253.55.43 "GET /v2.0/ports?network_id=5d798624-889b-4180-b7eb-c3496cd63b7f&device_owner=network%3Adhcp HTTP/1.1" status: 200 len: 210 time: 0.0251663
2026-09-12 05:21:08.419 10 INFO neutron.wsgi [None req-8e8d4384-13c7-4a2e-a59f-dfbff8e11567 6d7a6c0f332e49568f995b49d66aaa1b 82ed8b0e619b40d1b675607182c9cd58 - - default default] 162.253.55.43 "GET /v2.0/subnets/dfa40a77-f9f3-44fe-80d4-7851a126da00 HTTP/1.1" status: 200 len: 850 time: 0.0383718
2026-09-12 05:21:08.513 10 INFO neutron.wsgi [req-63e58762-6dac-4be3-b8d3-5ee56d2bb79b req-66a3656f-9e8f-4acf-a0de-97b684741e6a ccc55c2b1b564a7bb0eaef7101c137cb a0ebd6d97c234365a41f5993b017964b - - 8c30287ce7d244c789d6d1b30f1e19f4 8c30287ce7d244c789d6d1b30f1e19f4] 162.253.55.43 "GET /v2.0/networks/5d798624-889b-4180-b7eb-c3496cd63b7f?fields=segments HTTP/1.1" status: 200 len: 212 time: 0.0916908
2026-09-12 05:21:08.524 10 INFO neutron.wsgi [None req-ed199804-a9b4-4002-9669-5068fbb864aa 6d7a6c0f332e49568f995b49d66aaa1b 82ed8b0e619b40d1b675607182c9cd58 - - default default] 162.253.55.43 "GET /v2.0/networks/8d3b8fba-0017-49d9-913a-65a76f33756b HTTP/1.1" status: 200 len: 1002 time: 0.0971465
2026-09-12 05:21:08.582 10 INFO neutron.wsgi [None req-afd3749a-1a9f-4432-8d5c-373768984d0f 6d7a6c0f332e49568f995b49d66aaa1b 82ed8b0e619b40d1b675607182c9cd58 - - default default] 162.253.55.43 "GET /v2.0/ports/848bc49d-7824-4a08-a27a-b8855fdb058e HTTP/1.1" status: 200 len: 1340 time: 0.0478547
2026-09-12 05:21:08.612 10 INFO neutron.wsgi [req-63e58762-6dac-4be3-b8d3-5ee56d2bb79b req-4ebb32cb-8393-4386-9291-13581a7df77f ccc55c2b1b564a7bb0eaef7101c137cb a0ebd6d97c234365a41f5993b017964b - - 8c30287ce7d244c789d6d1b30f1e19f4 8c30287ce7d244c789d6d1b30f1e19f4] 162.253.55.43 "GET /v2.0/networks/5d798624-889b-4180-b7eb-c3496cd63b7f?fields=provider%3Aphysical_network&fields=provider%3Anetwork_type HTTP/1.1" status: 200 len: 277 time: 0.0871897
2026-09-12 05:21:08.619 10 INFO neutron.wsgi [None req-73603018-d149-4911-8e71-b82c1d14b28d 6d7a6c0f332e49568f995b49d66aaa1b 82ed8b0e619b40d1b675607182c9cd58 - - default default] 162.253.55.43 "GET /v2.0/subnets/dfa40a77-f9f3-44fe-80d4-7851a126da00 HTTP/1.1" status: 200 len: 850 time: 0.0295799
2026-09-12 05:21:08.649 10 INFO neutron.wsgi [req-63e58762-6dac-4be3-b8d3-5ee56d2bb79b req-cd66f619-db04-44f5-a67e-8975bca5cf71 ccc55c2b1b564a7bb0eaef7101c137cb a0ebd6d97c234365a41f5993b017964b - - 8c30287ce7d244c789d6d1b30f1e19f4 8c30287ce7d244c789d6d1b30f1e19f4] 162.253.55.43 "GET /v2.0/floatingips?fixed_ip_address=10.1.1.177&port_id=b92a6f03-5201-4e50-b106-c521b179d60c HTTP/1.1" status: 200 len: 217 time: 0.0292459
