2026-09-12 05:16:33.261 10 INFO neutron.db.ovn_revision_numbers_db [None req-8e8646f6-5158-4fea-9c0c-06b6f1dd0282 c3abc5d694b94f25a94494c0c62f9f03 eb9832541e124b389d7f2a31ba8090e1 - - - -] Successfully bumped revision number for resource d84f4f6c-74ae-4c3d-a5d2-9a2f900a0be2 (type: router_ports) to 2
2026-09-12 05:16:33.263 10 INFO neutron.wsgi [None req-8e8646f6-5158-4fea-9c0c-06b6f1dd0282 c3abc5d694b94f25a94494c0c62f9f03 eb9832541e124b389d7f2a31ba8090e1 - - - -] 10.0.0.140 "PUT /v2.0/routers/687261ab-0b36-4b46-9e9f-4081494f87ed/add_router_interface HTTP/1.1" status: 200 len: 503 time: 1.4565187
2026-09-12 05:16:33.340 10 INFO neutron.wsgi [None req-0fa9f041-bca0-4b94-a9c9-2dfd80cdb825 c3abc5d694b94f25a94494c0c62f9f03 eb9832541e124b389d7f2a31ba8090e1 - - default default] 10.0.0.140 "GET /v2.0/ports/d84f4f6c-74ae-4c3d-a5d2-9a2f900a0be2 HTTP/1.1" status: 200 len: 1135 time: 0.0738330
2026-09-12 05:16:33.378 10 INFO neutron.wsgi [None req-b7a073be-f385-467e-9ff4-f95a784d2bb1 c3abc5d694b94f25a94494c0c62f9f03 eb9832541e124b389d7f2a31ba8090e1 - - default default] 10.0.0.140 "GET /v2.0/ports/d84f4f6c-74ae-4c3d-a5d2-9a2f900a0be2 HTTP/1.1" status: 200 len: 1135 time: 0.0311739
2026-09-12 05:16:33.398 9 INFO neutron.db.ovn_revision_numbers_db [None req-9d6b2554-f508-43ea-8da1-529c387a8df3 6d7a6c0f332e49568f995b49d66aaa1b 82ed8b0e619b40d1b675607182c9cd58 - - - -] Successfully bumped revision number for resource 0e2ca89d-a2da-4c18-8282-9fd971e5ee0d (type: networks) to 1
2026-09-12 05:16:33.451 10 INFO neutron.db.ovn_revision_numbers_db [None req-0786fc18-c18b-4573-8f02-991739c2c0d0 6d7a6c0f332e49568f995b49d66aaa1b 82ed8b0e619b40d1b675607182c9cd58 - - default default] Successfully bumped revision number for resource 9383d438-5963-4aa6-8367-6ae46a37ce1c (type: security_groups) to 1
2026-09-12 05:16:33.470 10 INFO neutron.wsgi [None req-0786fc18-c18b-4573-8f02-991739c2c0d0 6d7a6c0f332e49568f995b49d66aaa1b 82ed8b0e619b40d1b675607182c9cd58 - - default default] 10.0.0.140 "GET /v2.0/security-groups?tenant_id=349ef2d3dd324069a86b6f8e0a3d2b9a&name=default HTTP/1.1" status: 200 len: 2996 time: 0.2163210
2026-09-12 05:16:33.566 9 WARNING neutron.scheduler.dhcp_agent_scheduler [None req-9d6b2554-f508-43ea-8da1-529c387a8df3 6d7a6c0f332e49568f995b49d66aaa1b 82ed8b0e619b40d1b675607182c9cd58 - - - -] No more DHCP agents
2026-09-12 05:16:33.568 9 WARNING neutron.api.rpc.agentnotifiers.dhcp_rpc_agent_api [None req-9d6b2554-f508-43ea-8da1-529c387a8df3 6d7a6c0f332e49568f995b49d66aaa1b 82ed8b0e619b40d1b675607182c9cd58 - - - -] Unable to schedule network 0e2ca89d-a2da-4c18-8282-9fd971e5ee0d: no agents available; will retry on subsequent port and subnet creation events.
2026-09-12 05:16:33.627 9 INFO neutron.db.ovn_revision_numbers_db [None req-9d6b2554-f508-43ea-8da1-529c387a8df3 6d7a6c0f332e49568f995b49d66aaa1b 82ed8b0e619b40d1b675607182c9cd58 - - - -] Successfully bumped revision number for resource 6e3fe106-73df-45ae-9d80-6a43b67e9ea6 (type: ports) to 1
2026-09-12 05:16:33.642 9 INFO neutron.wsgi [None req-9d6b2554-f508-43ea-8da1-529c387a8df3 6d7a6c0f332e49568f995b49d66aaa1b 82ed8b0e619b40d1b675607182c9cd58 - - - -] 10.0.0.140 "POST /v2.0/networks HTTP/1.1" status: 201 len: 943 time: 0.8066185
2026-09-12 05:16:33.674 10 INFO neutron.wsgi [None req-0ab30b0c-d033-41f5-85e6-5f92dc5a1563 6d7a6c0f332e49568f995b49d66aaa1b 82ed8b0e619b40d1b675607182c9cd58 - - - -] 10.0.0.140 "DELETE /v2.0/security-groups/9383d438-5963-4aa6-8367-6ae46a37ce1c HTTP/1.1" status: 204 len: 168 time: 0.1983960
2026-09-12 05:16:33.771 9 WARNING neutron.scheduler.dhcp_agent_scheduler [None req-ea4f8f8b-553e-46f8-8be0-87dfb77c0d43 6d7a6c0f332e49568f995b49d66aaa1b 82ed8b0e619b40d1b675607182c9cd58 - - - -] No more DHCP agents
2026-09-12 05:16:33.773 9 WARNING neutron.api.rpc.agentnotifiers.dhcp_rpc_agent_api [None req-ea4f8f8b-553e-46f8-8be0-87dfb77c0d43 6d7a6c0f332e49568f995b49d66aaa1b 82ed8b0e619b40d1b675607182c9cd58 - - - -] Unable to schedule network 0e2ca89d-a2da-4c18-8282-9fd971e5ee0d: no agents available; will retry on subsequent port and subnet creation events.
2026-09-12 05:16:33.899 10 INFO neutron.db.ovn_revision_numbers_db [None req-42512962-13ea-4078-8d50-25e3868709c6 6d7a6c0f332e49568f995b49d66aaa1b 82ed8b0e619b40d1b675607182c9cd58 - - default default] Successfully bumped revision number for resource 48668b0e-92b9-4fb2-b61e-3e2cadb3b6bc (type: security_groups) to 1
2026-09-12 05:16:33.929 10 INFO neutron.wsgi [None req-42512962-13ea-4078-8d50-25e3868709c6 6d7a6c0f332e49568f995b49d66aaa1b 82ed8b0e619b40d1b675607182c9cd58 - - default default] 10.0.0.140 "GET /v2.0/security-groups?tenant_id=ba44311c915943989616e5897769e5c5&name=default HTTP/1.1" status: 200 len: 2996 time: 0.1440587
2026-09-12 05:16:34.151 9 INFO neutron.db.ovn_revision_numbers_db [None req-ea4f8f8b-553e-46f8-8be0-87dfb77c0d43 6d7a6c0f332e49568f995b49d66aaa1b 82ed8b0e619b40d1b675607182c9cd58 - - - -] Successfully bumped revision number for resource 6e3fe106-73df-45ae-9d80-6a43b67e9ea6 (type: ports) to 2
2026-09-12 05:16:34.156 10 INFO neutron.wsgi [None req-7f868b8a-0157-4a4e-9e53-2e050c3f6ac7 6d7a6c0f332e49568f995b49d66aaa1b 82ed8b0e619b40d1b675607182c9cd58 - - - -] 10.0.0.140 "DELETE /v2.0/security-groups/48668b0e-92b9-4fb2-b61e-3e2cadb3b6bc HTTP/1.1" status: 204 len: 168 time: 0.2210383
2026-09-12 05:16:34.162 9 INFO neutron.db.ovn_revision_numbers_db [None req-ea4f8f8b-553e-46f8-8be0-87dfb77c0d43 6d7a6c0f332e49568f995b49d66aaa1b 82ed8b0e619b40d1b675607182c9cd58 - - - -] Successfully bumped revision number for resource 73a82ba6-6797-45a6-ae06-5f884fad2946 (type: subnets) to 0
2026-09-12 05:16:34.175 9 INFO neutron.wsgi [None req-ea4f8f8b-553e-46f8-8be0-87dfb77c0d43 6d7a6c0f332e49568f995b49d66aaa1b 82ed8b0e619b40d1b675607182c9cd58 - - - -] 10.0.0.140 "POST /v2.0/subnets HTTP/1.1" status: 201 len: 863 time: 0.5273304
2026-09-12 05:16:34.316 10 INFO neutron.wsgi [None req-7c68fbad-59d2-47f5-84f6-b9a70303c7cd 6d7a6c0f332e49568f995b49d66aaa1b 82ed8b0e619b40d1b675607182c9cd58 - - default default] 10.0.0.140 "GET /v2.0/security-groups?tenant_id=330bdd58e9c94093981c3638be630878&name=default HTTP/1.1" status: 200 len: 2996 time: 0.0248587
2026-09-12 05:16:34.509 9 INFO neutron.wsgi [None req-2b0c26ab-cfe8-4413-922f-69e896c139b2 c3abc5d694b94f25a94494c0c62f9f03 eb9832541e124b389d7f2a31ba8090e1 - - default default] 10.0.0.140 "GET /v2.0/ports/d84f4f6c-74ae-4c3d-a5d2-9a2f900a0be2 HTTP/1.1" status: 200 len: 1135 time: 0.1267395
2026-09-12 05:16:34.699 9 INFO neutron.wsgi [None req-8a2217ba-877c-4581-a078-b6b3e95a0f69 6d7a6c0f332e49568f995b49d66aaa1b 82ed8b0e619b40d1b675607182c9cd58 - - - -] 10.0.0.140 "DELETE /v2.0/security-groups/447e11cb-9a96-40cf-b16f-6db96736a9e6 HTTP/1.1" status: 204 len: 168 time: 0.3762891
2026-09-12 05:16:34.767 9 WARNING neutron.scheduler.dhcp_agent_scheduler [None req-f5c8fe6e-53db-4c2e-a574-5608145045b5 6d7a6c0f332e49568f995b49d66aaa1b 82ed8b0e619b40d1b675607182c9cd58 - - - -] No more DHCP agents
2026-09-12 05:16:34.771 9 WARNING neutron.api.rpc.agentnotifiers.dhcp_rpc_agent_api [None req-f5c8fe6e-53db-4c2e-a574-5608145045b5 6d7a6c0f332e49568f995b49d66aaa1b 82ed8b0e619b40d1b675607182c9cd58 - - - -] Unable to schedule network f4c1c2ff-ed9f-4bf4-9a30-87877b7ba6f7: no agents available; will retry on subsequent port and subnet creation events.
2026-09-12 05:16:34.900 9 INFO neutron.db.ovn_revision_numbers_db [None req-f5c8fe6e-53db-4c2e-a574-5608145045b5 6d7a6c0f332e49568f995b49d66aaa1b 82ed8b0e619b40d1b675607182c9cd58 - - - -] Successfully bumped revision number for resource 578f43da-ad87-4fbb-9c76-278fcccaa022 (type: ports) to 1
2026-09-12 05:16:35.576 9 INFO neutron.wsgi [None req-911e3e62-f690-4037-ad31-ffdecd36237f c3abc5d694b94f25a94494c0c62f9f03 eb9832541e124b389d7f2a31ba8090e1 - - default default] 10.0.0.140 "GET /v2.0/ports/d84f4f6c-74ae-4c3d-a5d2-9a2f900a0be2 HTTP/1.1" status: 200 len: 1135 time: 0.0557671
2026-09-12 05:16:35.825 10 INFO neutron.plugins.ml2.drivers.ovn.mech_driver.ovsdb.ovsdb_monitor [None req-ba0c0dae-2333-41c3-9517-6bab67fe5832 - - - - - -] Router 2695686f-1582-414c-8374-4731977a0d5b is bound to host instance
2026-09-12 05:16:35.827 9 INFO neutron.db.ovn_revision_numbers_db [None req-f5c8fe6e-53db-4c2e-a574-5608145045b5 6d7a6c0f332e49568f995b49d66aaa1b 82ed8b0e619b40d1b675607182c9cd58 - - - -] Successfully bumped revision number for resource 578f43da-ad87-4fbb-9c76-278fcccaa022 (type: router_ports) to 1
2026-09-12 05:16:35.885 9 INFO neutron.db.ovn_revision_numbers_db [None req-f5c8fe6e-53db-4c2e-a574-5608145045b5 6d7a6c0f332e49568f995b49d66aaa1b 82ed8b0e619b40d1b675607182c9cd58 - - - -] Successfully bumped revision number for resource 2695686f-1582-414c-8374-4731977a0d5b (type: routers) to 3
2026-09-12 05:16:35.897 9 INFO neutron.wsgi [None req-f5c8fe6e-53db-4c2e-a574-5608145045b5 6d7a6c0f332e49568f995b49d66aaa1b 82ed8b0e619b40d1b675607182c9cd58 - - - -] 10.0.0.140 "POST /v2.0/routers HTTP/1.1" status: 201 len: 874 time: 1.7166190
2026-09-12 05:16:36.271 9 WARNING neutron.scheduler.dhcp_agent_scheduler [None req-793f780e-92cf-4544-b12b-eb0755575aa4 6d7a6c0f332e49568f995b49d66aaa1b 82ed8b0e619b40d1b675607182c9cd58 - - default default] No more DHCP agents
2026-09-12 05:16:36.273 9 WARNING neutron.api.rpc.agentnotifiers.dhcp_rpc_agent_api [None req-793f780e-92cf-4544-b12b-eb0755575aa4 6d7a6c0f332e49568f995b49d66aaa1b 82ed8b0e619b40d1b675607182c9cd58 - - default default] Unable to schedule network 0e2ca89d-a2da-4c18-8282-9fd971e5ee0d: no agents available; will retry on subsequent port and subnet creation events.
2026-09-12 05:16:36.401 9 INFO neutron.db.ovn_revision_numbers_db [None req-793f780e-92cf-4544-b12b-eb0755575aa4 6d7a6c0f332e49568f995b49d66aaa1b 82ed8b0e619b40d1b675607182c9cd58 - - default default] Successfully bumped revision number for resource 9d339100-3078-42d6-a9b9-d1fda4942367 (type: ports) to 1
2026-09-12 05:16:36.611 10 INFO neutron.db.ovn_revision_numbers_db [None req-ba0c0dae-2333-41c3-9517-6bab67fe5832 - - - - - -] Successfully bumped revision number for resource 578f43da-ad87-4fbb-9c76-278fcccaa022 (type: ports) to 1
2026-09-12 05:16:36.632 10 INFO neutron.wsgi [None req-6c5d3395-7ace-4f52-a6fc-96896aa74c77 c3abc5d694b94f25a94494c0c62f9f03 eb9832541e124b389d7f2a31ba8090e1 - - default default] 10.0.0.140 "GET /v2.0/ports/d84f4f6c-74ae-4c3d-a5d2-9a2f900a0be2 HTTP/1.1" status: 200 len: 1135 time: 0.0465734
2026-09-12 05:16:36.741 10 WARNING neutron.plugins.ml2.drivers.ovn.mech_driver.ovsdb.ovn_client [None req-f4010fcd-c45b-4954-aa5b-f18dc71b67ee - - - - - -] No hosting information found for port 630d169a-e1c2-4c91-ba08-d815fc14bb0a: RuntimeError: No hosting information found for port 630d169a-e1c2-4c91-ba08-d815fc14bb0a
2026-09-12 05:16:36.742 10 INFO neutron.plugins.ml2.drivers.ovn.mech_driver.mech_driver [None req-f4010fcd-c45b-4954-aa5b-f18dc71b67ee - - - - - -] OVN reports status up for port: d84f4f6c-74ae-4c3d-a5d2-9a2f900a0be2
2026-09-12 05:16:36.753 9 INFO neutron.plugins.ml2.drivers.ovn.mech_driver.mech_driver [None req-aa7ef198-caa7-48af-8bdd-15a59311dcc8 - - - - - -] OVN reports status up for port: 9d339100-3078-42d6-a9b9-d1fda4942367
2026-09-12 05:16:36.760 9 INFO neutron.plugins.ml2.plugin [None req-aa7ef198-caa7-48af-8bdd-15a59311dcc8 - - - - - -] Attempt 1 to provision port 9d339100-3078-42d6-a9b9-d1fda4942367
2026-09-12 05:16:36.762 9 INFO neutron.db.ovn_revision_numbers_db [None req-793f780e-92cf-4544-b12b-eb0755575aa4 6d7a6c0f332e49568f995b49d66aaa1b 82ed8b0e619b40d1b675607182c9cd58 - - default default] Successfully bumped revision number for resource 9d339100-3078-42d6-a9b9-d1fda4942367 (type: router_ports) to 2
2026-09-12 05:16:36.764 10 INFO neutron.plugins.ml2.plugin [None req-f4010fcd-c45b-4954-aa5b-f18dc71b67ee - - - - - -] Attempt 1 to provision port d84f4f6c-74ae-4c3d-a5d2-9a2f900a0be2
2026-09-12 05:16:36.935 9 INFO neutron.db.ovn_revision_numbers_db [None req-793f780e-92cf-4544-b12b-eb0755575aa4 6d7a6c0f332e49568f995b49d66aaa1b 82ed8b0e619b40d1b675607182c9cd58 - - default default] Successfully bumped revision number for resource 9d339100-3078-42d6-a9b9-d1fda4942367 (type: ports) to 2
2026-09-12 05:16:36.942 10 INFO neutron.db.ovn_revision_numbers_db [None req-ba0c0dae-2333-41c3-9517-6bab67fe5832 - - - - - -] Successfully bumped revision number for resource 578f43da-ad87-4fbb-9c76-278fcccaa022 (type: router_ports) to 3
2026-09-12 05:16:37.041 9 WARNING neutron.scheduler.dhcp_agent_scheduler [None req-793f780e-92cf-4544-b12b-eb0755575aa4 6d7a6c0f332e49568f995b49d66aaa1b 82ed8b0e619b40d1b675607182c9cd58 - - default default] No more DHCP agents
2026-09-12 05:16:37.047 9 WARNING neutron.api.rpc.agentnotifiers.dhcp_rpc_agent_api [None req-793f780e-92cf-4544-b12b-eb0755575aa4 6d7a6c0f332e49568f995b49d66aaa1b 82ed8b0e619b40d1b675607182c9cd58 - - default default] Unable to schedule network 0e2ca89d-a2da-4c18-8282-9fd971e5ee0d: no agents available; will retry on subsequent port and subnet creation events.
2026-09-12 05:16:37.089 9 INFO neutron.db.ovn_revision_numbers_db [None req-aa7ef198-caa7-48af-8bdd-15a59311dcc8 - - - - - -] Successfully bumped revision number for resource 9d339100-3078-42d6-a9b9-d1fda4942367 (type: ports) to 3
2026-09-12 05:16:37.098 10 INFO neutron.db.ovn_revision_numbers_db [None req-f4010fcd-c45b-4954-aa5b-f18dc71b67ee - - - - - -] Successfully bumped revision number for resource d84f4f6c-74ae-4c3d-a5d2-9a2f900a0be2 (type: ports) to 3
2026-09-12 05:16:37.153 10 INFO neutron.db.ovn_revision_numbers_db [None req-ba0c0dae-2333-41c3-9517-6bab67fe5832 - - - - - -] Successfully bumped revision number for resource 578f43da-ad87-4fbb-9c76-278fcccaa022 (type: ports) to 2
2026-09-12 05:16:37.230 9 INFO neutron.db.ovn_revision_numbers_db [None req-aa7ef198-caa7-48af-8bdd-15a59311dcc8 - - - - - -] Successfully bumped revision number for resource 9d339100-3078-42d6-a9b9-d1fda4942367 (type: router_ports) to 3
2026-09-12 05:16:37.236 10 INFO neutron.db.ovn_revision_numbers_db [None req-f4010fcd-c45b-4954-aa5b-f18dc71b67ee - - - - - -] Successfully bumped revision number for resource d84f4f6c-74ae-4c3d-a5d2-9a2f900a0be2 (type: router_ports) to 3
2026-09-12 05:16:37.385 10 INFO neutron.db.ovn_revision_numbers_db [None req-ba0c0dae-2333-41c3-9517-6bab67fe5832 - - - - - -] Successfully bumped revision number for resource 578f43da-ad87-4fbb-9c76-278fcccaa022 (type: ports) to 4
2026-09-12 05:16:37.597 10 INFO neutron.db.ovn_revision_numbers_db [None req-ba0c0dae-2333-41c3-9517-6bab67fe5832 - - - - - -] Successfully bumped revision number for resource 578f43da-ad87-4fbb-9c76-278fcccaa022 (type: router_ports) to 4
2026-09-12 05:16:37.672 10 INFO neutron.wsgi [None req-0531957d-f284-460b-a92e-9d0e4077e888 c3abc5d694b94f25a94494c0c62f9f03 eb9832541e124b389d7f2a31ba8090e1 - - default default] 10.0.0.140 "GET /v2.0/ports/d84f4f6c-74ae-4c3d-a5d2-9a2f900a0be2 HTTP/1.1" status: 200 len: 1137 time: 0.0317392
2026-09-12 05:16:37.780 9 INFO neutron.db.ovn_revision_numbers_db [None req-793f780e-92cf-4544-b12b-eb0755575aa4 6d7a6c0f332e49568f995b49d66aaa1b 82ed8b0e619b40d1b675607182c9cd58 - - - -] Successfully bumped revision number for resource 9d339100-3078-42d6-a9b9-d1fda4942367 (type: router_ports) to 3
2026-09-12 05:16:37.782 9 INFO neutron.wsgi [None req-793f780e-92cf-4544-b12b-eb0755575aa4 6d7a6c0f332e49568f995b49d66aaa1b 82ed8b0e619b40d1b675607182c9cd58 - - - -] 10.0.0.140 "PUT /v2.0/routers/2695686f-1582-414c-8374-4731977a0d5b/add_router_interface HTTP/1.1" status: 200 len: 503 time: 1.8806808
2026-09-12 05:16:38.091 9 INFO neutron.wsgi [-] 10.0.0.141 "GET / HTTP/1.1" status: 200 len: 247 time: 0.0029447
2026-09-12 05:16:38.095 9 INFO neutron.wsgi [-] 10.0.0.141 "GET / HTTP/1.1" status: 200 len: 247 time: 0.0023990
2026-09-12 05:16:38.374 10 INFO neutron.wsgi [None req-83899a78-4ac3-4fb5-b722-6643620cb863 c3abc5d694b94f25a94494c0c62f9f03 eb9832541e124b389d7f2a31ba8090e1 - - - -] 10.0.0.140 "PUT /v2.0/routers/687261ab-0b36-4b46-9e9f-4081494f87ed/remove_router_interface HTTP/1.1" status: 200 len: 503 time: 0.6963294 /var/lib/openstack/lib/python3.10/site-packages/pycadf/identifier.py:71: UserWarning: Invalid uuid: neutron. To ensure interoperability, identifiers should be a valid uuid. warnings.warn(('Invalid uuid: %s. To ensure interoperability, '
2026-09-12 05:16:38.448 10 INFO neutron.wsgi [None req-c54773d0-6438-45c2-ae52-e243be66aa3c c3abc5d694b94f25a94494c0c62f9f03 eb9832541e124b389d7f2a31ba8090e1 - - default default] 10.0.0.140 "GET /v2.0/ports/630d169a-e1c2-4c91-ba08-d815fc14bb0a HTTP/1.1" status: 200 len: 1137 time: 0.0688734
2026-09-12 05:16:39.275 9 INFO neutron.db.ovn_revision_numbers_db [None req-d6ece2f5-402e-4635-bae9-d5bf0e3dc5c1 6d7a6c0f332e49568f995b49d66aaa1b 82ed8b0e619b40d1b675607182c9cd58 - - - -] Successfully bumped revision number for resource fbba28eb-ceb1-473f-996a-f84c06c7c063 (type: security_groups) to 1
2026-09-12 05:16:39.316 9 INFO neutron.db.segments_db [None req-d6ece2f5-402e-4635-bae9-d5bf0e3dc5c1 6d7a6c0f332e49568f995b49d66aaa1b 82ed8b0e619b40d1b675607182c9cd58 - - - -] Added segment 896e9890-95b2-456b-9cfa-06361b84b316 of type geneve for network d906c584-0ce7-4ccf-a5db-95850d24f92f
2026-09-12 05:16:39.340 10 INFO neutron.wsgi [None req-82af66dd-cb40-4ef9-b8b8-42d93ad39003 c3abc5d694b94f25a94494c0c62f9f03 eb9832541e124b389d7f2a31ba8090e1 - - - -] 10.0.0.140 "PUT /v2.0/routers/687261ab-0b36-4b46-9e9f-4081494f87ed/remove_router_interface HTTP/1.1" status: 200 len: 503 time: 0.8853178 /var/lib/openstack/lib/python3.10/site-packages/pycadf/identifier.py:71: UserWarning: Invalid uuid: neutron. To ensure interoperability, identifiers should be a valid uuid. warnings.warn(('Invalid uuid: %s. To ensure interoperability, '
2026-09-12 05:16:39.368 10 INFO neutron.wsgi [None req-cfc4b720-6f25-4340-b2bc-f41680702dd4 c3abc5d694b94f25a94494c0c62f9f03 eb9832541e124b389d7f2a31ba8090e1 - - default default] 10.0.0.140 "GET /v2.0/ports?device_id=687261ab-0b36-4b46-9e9f-4081494f87ed HTTP/1.1" status: 200 len: 205 time: 0.0228603
2026-09-12 05:16:39.482 9 INFO neutron.db.ovn_revision_numbers_db [None req-d6ece2f5-402e-4635-bae9-d5bf0e3dc5c1 6d7a6c0f332e49568f995b49d66aaa1b 82ed8b0e619b40d1b675607182c9cd58 - - - -] Successfully bumped revision number for resource d906c584-0ce7-4ccf-a5db-95850d24f92f (type: networks) to 1
2026-09-12 05:16:39.631 10 INFO neutron.wsgi [None req-25e44bde-580f-4eda-93be-ab3bca2729ba c3abc5d694b94f25a94494c0c62f9f03 eb9832541e124b389d7f2a31ba8090e1 - - - -] 10.0.0.140 "DELETE /v2.0/routers/687261ab-0b36-4b46-9e9f-4081494f87ed HTTP/1.1" status: 204 len: 168 time: 0.2584531
2026-09-12 05:16:39.657 10 INFO neutron.db.ovn_revision_numbers_db [None req-00e48019-52cb-4f83-86df-496062be70e6 48e9d3a122cc4703be33aa2a8e973f41 75cdfd5dff0a47b8929ab32afda3e42c - - - -] Successfully bumped revision number for resource 41dcaa33-1954-4820-9b0a-262342c02ed6 (type: security_groups) to 1
2026-09-12 05:16:39.691 9 WARNING neutron.scheduler.dhcp_agent_scheduler [None req-d6ece2f5-402e-4635-bae9-d5bf0e3dc5c1 6d7a6c0f332e49568f995b49d66aaa1b 82ed8b0e619b40d1b675607182c9cd58 - - - -] No more DHCP agents
2026-09-12 05:16:39.692 9 WARNING neutron.api.rpc.agentnotifiers.dhcp_rpc_agent_api [None req-d6ece2f5-402e-4635-bae9-d5bf0e3dc5c1 6d7a6c0f332e49568f995b49d66aaa1b 82ed8b0e619b40d1b675607182c9cd58 - - - -] Unable to schedule network d906c584-0ce7-4ccf-a5db-95850d24f92f: no agents available; will retry on subsequent port and subnet creation events.
2026-09-12 05:16:39.727 10 INFO neutron.db.segments_db [None req-00e48019-52cb-4f83-86df-496062be70e6 48e9d3a122cc4703be33aa2a8e973f41 75cdfd5dff0a47b8929ab32afda3e42c - - - -] Added segment fd93d242-215f-4b6e-b2c3-3943f93bf55c of type geneve for network 734cc0c8-13bc-4dcc-a151-8d047f0c7cc1
2026-09-12 05:16:39.766 9 INFO neutron.db.ovn_revision_numbers_db [None req-d6ece2f5-402e-4635-bae9-d5bf0e3dc5c1 6d7a6c0f332e49568f995b49d66aaa1b 82ed8b0e619b40d1b675607182c9cd58 - - - -] Successfully bumped revision number for resource 22be48d2-e143-4b53-8769-c178d888d024 (type: ports) to 1
2026-09-12 05:16:39.788 9 INFO neutron.wsgi [None req-d6ece2f5-402e-4635-bae9-d5bf0e3dc5c1 6d7a6c0f332e49568f995b49d66aaa1b 82ed8b0e619b40d1b675607182c9cd58 - - - -] 10.0.0.140 "POST /v2.0/networks HTTP/1.1" status: 201 len: 943 time: 0.6513989
2026-09-12 05:16:39.874 10 INFO neutron.db.ovn_revision_numbers_db [None req-00e48019-52cb-4f83-86df-496062be70e6 48e9d3a122cc4703be33aa2a8e973f41 75cdfd5dff0a47b8929ab32afda3e42c - - - -] Successfully bumped revision number for resource 734cc0c8-13bc-4dcc-a151-8d047f0c7cc1 (type: networks) to 1
2026-09-12 05:16:39.917 10 INFO neutron.wsgi [None req-d6b14588-b88f-4f4d-bd62-6074caf90cc4 c3abc5d694b94f25a94494c0c62f9f03 eb9832541e124b389d7f2a31ba8090e1 - - - -] 10.0.0.140 "DELETE /v2.0/subnets/79b070df-12d4-4061-991d-2311f2e52e16 HTTP/1.1" status: 204 len: 168 time: 0.2762339
2026-09-12 05:16:39.937 9 WARNING neutron.scheduler.dhcp_agent_scheduler [None req-1457b4c6-290d-4f03-b93b-9f7e3395b097 6d7a6c0f332e49568f995b49d66aaa1b 82ed8b0e619b40d1b675607182c9cd58 - - - -] No more DHCP agents
2026-09-12 05:16:39.939 9 WARNING neutron.api.rpc.agentnotifiers.dhcp_rpc_agent_api [None req-1457b4c6-290d-4f03-b93b-9f7e3395b097 6d7a6c0f332e49568f995b49d66aaa1b 82ed8b0e619b40d1b675607182c9cd58 - - - -] Unable to schedule network d906c584-0ce7-4ccf-a5db-95850d24f92f: no agents available; will retry on subsequent port and subnet creation events.
2026-09-12 05:16:40.146 10 WARNING neutron.scheduler.dhcp_agent_scheduler [None req-00e48019-52cb-4f83-86df-496062be70e6 48e9d3a122cc4703be33aa2a8e973f41 75cdfd5dff0a47b8929ab32afda3e42c - - - -] No more DHCP agents
2026-09-12 05:16:40.157 10 WARNING neutron.api.rpc.agentnotifiers.dhcp_rpc_agent_api [None req-00e48019-52cb-4f83-86df-496062be70e6 48e9d3a122cc4703be33aa2a8e973f41 75cdfd5dff0a47b8929ab32afda3e42c - - - -] Unable to schedule network 734cc0c8-13bc-4dcc-a151-8d047f0c7cc1: no agents available; will retry on subsequent port and subnet creation events.
2026-09-12 05:16:40.220 10 INFO neutron.db.ovn_revision_numbers_db [None req-00e48019-52cb-4f83-86df-496062be70e6 48e9d3a122cc4703be33aa2a8e973f41 75cdfd5dff0a47b8929ab32afda3e42c - - - -] Successfully bumped revision number for resource 736895b6-c4ab-4dcc-bbd9-7c41a20d8090 (type: ports) to 1
2026-09-12 05:16:40.248 10 INFO neutron.wsgi [None req-eb6e65a3-0fce-4a70-bc6d-23a6be2e03dd c3abc5d694b94f25a94494c0c62f9f03 eb9832541e124b389d7f2a31ba8090e1 - - - -] 10.0.0.140 "DELETE /v2.0/subnets/07b8d8f7-f710-41f6-8072-2273c275df07 HTTP/1.1" status: 204 len: 168 time: 0.3255701
2026-09-12 05:16:40.278 10 INFO neutron.wsgi [None req-00e48019-52cb-4f83-86df-496062be70e6 48e9d3a122cc4703be33aa2a8e973f41 75cdfd5dff0a47b8929ab32afda3e42c - - - -] 10.0.0.140 "POST /v2.0/networks HTTP/1.1" status: 201 len: 830 time: 1.0866833
2026-09-12 05:16:40.530 9 INFO neutron.db.ovn_revision_numbers_db [None req-1457b4c6-290d-4f03-b93b-9f7e3395b097 6d7a6c0f332e49568f995b49d66aaa1b 82ed8b0e619b40d1b675607182c9cd58 - - - -] Successfully bumped revision number for resource 22be48d2-e143-4b53-8769-c178d888d024 (type: ports) to 2
2026-09-12 05:16:40.571 9 INFO neutron.db.ovn_revision_numbers_db [None req-1457b4c6-290d-4f03-b93b-9f7e3395b097 6d7a6c0f332e49568f995b49d66aaa1b 82ed8b0e619b40d1b675607182c9cd58 - - - -] Successfully bumped revision number for resource d110efe1-4cf0-49c1-b4d1-79be4b02c3ce (type: subnets) to 0
2026-09-12 05:16:40.601 10 INFO neutron.services.segments.plugin [-] Segment 96524f75-5a24-4759-b8bb-807f8e6c4bcd resource provider aggregate not found
2026-09-12 05:16:40.605 9 INFO neutron.wsgi [None req-1457b4c6-290d-4f03-b93b-9f7e3395b097 6d7a6c0f332e49568f995b49d66aaa1b 82ed8b0e619b40d1b675607182c9cd58 - - - -] 10.0.0.140 "POST /v2.0/subnets HTTP/1.1" status: 201 len: 863 time: 0.8112142
2026-09-12 05:16:40.607 10 INFO neutron.services.segments.plugin [-] Segment 96524f75-5a24-4759-b8bb-807f8e6c4bcd resource provider aggregate not found
2026-09-12 05:16:40.625 10 INFO neutron.services.segments.plugin [-] Segment 96524f75-5a24-4759-b8bb-807f8e6c4bcd resource provider not found; error: Placement Client Error (4xx): {"errors": [{"status": 404, "title": "Not Found", "detail": "The resource could not be found.\n\n No resource provider with uuid 96524f75-5a24-4759-b8bb-807f8e6c4bcd found for delete ", "request_id": "req-28f47793-9c55-4949-8919-c07a3f4a085e"}]}
2026-09-12 05:16:40.638 10 INFO neutron.services.segments.plugin [-] Segment 96524f75-5a24-4759-b8bb-807f8e6c4bcd resource provider not found; error: Placement Client Error (4xx): {"errors": [{"status": 404, "title": "Not Found", "detail": "The resource could not be found.\n\n No resource provider with uuid 96524f75-5a24-4759-b8bb-807f8e6c4bcd found for delete ", "request_id": "req-04d63021-ba8d-48c1-9a38-b8d9a7bc83d8"}]}
2026-09-12 05:16:40.651 9 WARNING neutron.scheduler.dhcp_agent_scheduler [None req-77cb5470-3c5d-4286-b00d-821f66244957 48e9d3a122cc4703be33aa2a8e973f41 75cdfd5dff0a47b8929ab32afda3e42c - - - -] No more DHCP agents
2026-09-12 05:16:40.652 9 WARNING neutron.api.rpc.agentnotifiers.dhcp_rpc_agent_api [None req-77cb5470-3c5d-4286-b00d-821f66244957 48e9d3a122cc4703be33aa2a8e973f41 75cdfd5dff0a47b8929ab32afda3e42c - - - -] Unable to schedule network 734cc0c8-13bc-4dcc-a151-8d047f0c7cc1: no agents available; will retry on subsequent port and subnet creation events.
2026-09-12 05:16:40.655 10 INFO neutron.wsgi [None req-a878ced9-f26b-43ee-ade2-edf8efe82c98 c3abc5d694b94f25a94494c0c62f9f03 eb9832541e124b389d7f2a31ba8090e1 - - - -] 10.0.0.140 "DELETE /v2.0/networks/63e4fc5e-efa6-4f72-a2db-2d7194b37755 HTTP/1.1" status: 204 len: 168 time: 0.3960552
2026-09-12 05:16:41.042 10 INFO neutron.wsgi [None req-9075ad84-3dd5-43d0-a160-e209c7b401bb c3abc5d694b94f25a94494c0c62f9f03 eb9832541e124b389d7f2a31ba8090e1 - - - -] 10.0.0.140 "DELETE /v2.0/networks/51fdffd3-e735-42f4-b8e0-f08d818f859b HTTP/1.1" status: 204 len: 168 time: 0.3744946
2026-09-12 05:16:41.134 10 INFO neutron.db.segments_db [None req-ae0ad971-bc8a-4852-9b3f-0aff8b25f55a c3abc5d694b94f25a94494c0c62f9f03 eb9832541e124b389d7f2a31ba8090e1 - - - -] Added segment 4d43d33b-2244-4dab-92b5-1cb7f5556e32 of type geneve for network 64ec7131-6e7d-4618-bf5e-2a514fecc07c
2026-09-12 05:16:41.246 10 INFO neutron.db.ovn_revision_numbers_db [None req-ae0ad971-bc8a-4852-9b3f-0aff8b25f55a c3abc5d694b94f25a94494c0c62f9f03 eb9832541e124b389d7f2a31ba8090e1 - - - -] Successfully bumped revision number for resource 64ec7131-6e7d-4618-bf5e-2a514fecc07c (type: networks) to 1
2026-09-12 05:16:41.293 9 WARNING neutron.scheduler.dhcp_agent_scheduler [None req-16acdd5d-9c8d-4f6d-be4b-bc292ffc54a5 6d7a6c0f332e49568f995b49d66aaa1b 82ed8b0e619b40d1b675607182c9cd58 - - - -] No more DHCP agents
2026-09-12 05:16:41.298 9 WARNING neutron.api.rpc.agentnotifiers.dhcp_rpc_agent_api [None req-16acdd5d-9c8d-4f6d-be4b-bc292ffc54a5 6d7a6c0f332e49568f995b49d66aaa1b 82ed8b0e619b40d1b675607182c9cd58 - - - -] Unable to schedule network f4c1c2ff-ed9f-4bf4-9a30-87877b7ba6f7: no agents available; will retry on subsequent port and subnet creation events.
2026-09-12 05:16:41.382 9 INFO neutron.db.ovn_revision_numbers_db [None req-77cb5470-3c5d-4286-b00d-821f66244957 48e9d3a122cc4703be33aa2a8e973f41 75cdfd5dff0a47b8929ab32afda3e42c - - - -] Successfully bumped revision number for resource 736895b6-c4ab-4dcc-bbd9-7c41a20d8090 (type: ports) to 2
2026-09-12 05:16:41.402 9 INFO neutron.db.ovn_revision_numbers_db [None req-77cb5470-3c5d-4286-b00d-821f66244957 48e9d3a122cc4703be33aa2a8e973f41 75cdfd5dff0a47b8929ab32afda3e42c - - - -] Successfully bumped revision number for resource 34ba5d56-165d-4850-b02f-fd28bb25cef6 (type: subnets) to 0
2026-09-12 05:16:41.409 10 WARNING neutron.scheduler.dhcp_agent_scheduler [None req-ae0ad971-bc8a-4852-9b3f-0aff8b25f55a c3abc5d694b94f25a94494c0c62f9f03 eb9832541e124b389d7f2a31ba8090e1 - - - -] No more DHCP agents
2026-09-12 05:16:41.411 10 WARNING neutron.api.rpc.agentnotifiers.dhcp_rpc_agent_api [None req-ae0ad971-bc8a-4852-9b3f-0aff8b25f55a c3abc5d694b94f25a94494c0c62f9f03 eb9832541e124b389d7f2a31ba8090e1 - - - -] Unable to schedule network 64ec7131-6e7d-4618-bf5e-2a514fecc07c: no agents available; will retry on subsequent port and subnet creation events.
2026-09-12 05:16:41.428 9 INFO neutron.wsgi [None req-77cb5470-3c5d-4286-b00d-821f66244957 48e9d3a122cc4703be33aa2a8e973f41 75cdfd5dff0a47b8929ab32afda3e42c - - - -] 10.0.0.140 "POST /v2.0/subnets HTTP/1.1" status: 201 len: 801 time: 1.1444938
2026-09-12 05:16:41.460 9 INFO neutron.db.ovn_revision_numbers_db [None req-16acdd5d-9c8d-4f6d-be4b-bc292ffc54a5 6d7a6c0f332e49568f995b49d66aaa1b 82ed8b0e619b40d1b675607182c9cd58 - - - -] Successfully bumped revision number for resource 9483168a-2b27-4018-b74f-9cd03bc5f000 (type: ports) to 1
2026-09-12 05:16:41.479 10 INFO neutron.db.ovn_revision_numbers_db [None req-ae0ad971-bc8a-4852-9b3f-0aff8b25f55a c3abc5d694b94f25a94494c0c62f9f03 eb9832541e124b389d7f2a31ba8090e1 - - - -] Successfully bumped revision number for resource 74f72756-03c1-4b65-b243-7c405e9c1549 (type: ports) to 1
2026-09-12 05:16:41.503 10 INFO neutron.wsgi [None req-ae0ad971-bc8a-4852-9b3f-0aff8b25f55a c3abc5d694b94f25a94494c0c62f9f03 eb9832541e124b389d7f2a31ba8090e1 - - - -] 10.0.0.140 "POST /v2.0/networks HTTP/1.1" status: 201 len: 828 time: 0.4520402
2026-09-12 05:16:41.532 10 INFO neutron.db.segments_db [None req-ff9e4e86-43ce-43f7-b6a8-a028f8fad9c6 48e9d3a122cc4703be33aa2a8e973f41 75cdfd5dff0a47b8929ab32afda3e42c - - - -] Added segment 9ae28743-c070-44e2-845b-4b83491c483c of type geneve for network 16e51bcf-ac85-4d5d-86bb-2eb5bcba71a5
2026-09-12 05:16:41.687 10 INFO neutron.db.ovn_revision_numbers_db [None req-ff9e4e86-43ce-43f7-b6a8-a028f8fad9c6 48e9d3a122cc4703be33aa2a8e973f41 75cdfd5dff0a47b8929ab32afda3e42c - - - -] Successfully bumped revision number for resource 16e51bcf-ac85-4d5d-86bb-2eb5bcba71a5 (type: networks) to 1
2026-09-12 05:16:41.866 10 WARNING neutron.scheduler.dhcp_agent_scheduler [None req-6939158e-5f94-4732-a54d-502c07f142ca c3abc5d694b94f25a94494c0c62f9f03 eb9832541e124b389d7f2a31ba8090e1 - - - -] No more DHCP agents
2026-09-12 05:16:41.868 10 WARNING neutron.api.rpc.agentnotifiers.dhcp_rpc_agent_api [None req-6939158e-5f94-4732-a54d-502c07f142ca c3abc5d694b94f25a94494c0c62f9f03 eb9832541e124b389d7f2a31ba8090e1 - - - -] Unable to schedule network 64ec7131-6e7d-4618-bf5e-2a514fecc07c: no agents available; will retry on subsequent port and subnet creation events.
2026-09-12 05:16:41.916 10 WARNING neutron.plugins.ml2.drivers.ovn.mech_driver.ovsdb.ovn_client [None req-f4010fcd-c45b-4954-aa5b-f18dc71b67ee - - - - - -] No port found with ID d84f4f6c-74ae-4c3d-a5d2-9a2f900a0be2: RuntimeError: No port found with ID d84f4f6c-74ae-4c3d-a5d2-9a2f900a0be2
2026-09-12 05:16:41.916 10 INFO neutron.plugins.ml2.drivers.ovn.mech_driver.mech_driver [None req-f4010fcd-c45b-4954-aa5b-f18dc71b67ee - - - - - -] OVN reports status up for port: 578f43da-ad87-4fbb-9c76-278fcccaa022
2026-09-12 05:16:41.929 10 WARNING neutron.scheduler.dhcp_agent_scheduler [None req-ff9e4e86-43ce-43f7-b6a8-a028f8fad9c6 48e9d3a122cc4703be33aa2a8e973f41 75cdfd5dff0a47b8929ab32afda3e42c - - - -] No more DHCP agents
2026-09-12 05:16:41.938 10 WARNING neutron.api.rpc.agentnotifiers.dhcp_rpc_agent_api [None req-ff9e4e86-43ce-43f7-b6a8-a028f8fad9c6 48e9d3a122cc4703be33aa2a8e973f41 75cdfd5dff0a47b8929ab32afda3e42c - - - -] Unable to schedule network 16e51bcf-ac85-4d5d-86bb-2eb5bcba71a5: no agents available; will retry on subsequent port and subnet creation events.
2026-09-12 05:16:41.940 10 INFO neutron.plugins.ml2.plugin [None req-f4010fcd-c45b-4954-aa5b-f18dc71b67ee - - - - - -] Attempt 1 to provision port 578f43da-ad87-4fbb-9c76-278fcccaa022
2026-09-12 05:16:42.344 9 WARNING neutron.plugins.ml2.drivers.ovn.mech_driver.ovsdb.ovn_client [None req-aa7ef198-caa7-48af-8bdd-15a59311dcc8 - - - - - -] No hosting information found for port 9d339100-3078-42d6-a9b9-d1fda4942367: RuntimeError: No hosting information found for port 9d339100-3078-42d6-a9b9-d1fda4942367
2026-09-12 05:16:42.352 10 INFO neutron.plugins.ml2.drivers.ovn.mech_driver.ovsdb.ovsdb_monitor [None req-ba0c0dae-2333-41c3-9517-6bab67fe5832 - - - - - -] Router c4dc0018-61bc-4031-89ed-c0ae74540bc2 is bound to host instance
2026-09-12 05:16:42.368 10 INFO neutron.db.ovn_revision_numbers_db [None req-ff9e4e86-43ce-43f7-b6a8-a028f8fad9c6 48e9d3a122cc4703be33aa2a8e973f41 75cdfd5dff0a47b8929ab32afda3e42c - - - -] Successfully bumped revision number for resource d0240af2-1467-4a80-b08f-ff317377f9ec (type: ports) to 1
2026-09-12 05:16:42.381 9 INFO neutron.db.ovn_revision_numbers_db [None req-16acdd5d-9c8d-4f6d-be4b-bc292ffc54a5 6d7a6c0f332e49568f995b49d66aaa1b 82ed8b0e619b40d1b675607182c9cd58 - - - -] Successfully bumped revision number for resource 9483168a-2b27-4018-b74f-9cd03bc5f000 (type: router_ports) to 1
2026-09-12 05:16:42.417 10 INFO neutron.wsgi [None req-ff9e4e86-43ce-43f7-b6a8-a028f8fad9c6 48e9d3a122cc4703be33aa2a8e973f41 75cdfd5dff0a47b8929ab32afda3e42c - - - -] 10.0.0.140 "POST /v2.0/networks HTTP/1.1" status: 201 len: 831 time: 0.9837601
2026-09-12 05:16:42.425 10 INFO neutron.plugins.ml2.drivers.ovn.mech_driver.mech_driver [None req-f4010fcd-c45b-4954-aa5b-f18dc71b67ee - - - - - -] OVN reports status up for port: 9483168a-2b27-4018-b74f-9cd03bc5f000
2026-09-12 05:16:42.446 10 INFO neutron.plugins.ml2.plugin [None req-f4010fcd-c45b-4954-aa5b-f18dc71b67ee - - - - - -] Attempt 1 to provision port 9483168a-2b27-4018-b74f-9cd03bc5f000
2026-09-12 05:16:42.480 9 INFO neutron.db.ovn_revision_numbers_db [None req-16acdd5d-9c8d-4f6d-be4b-bc292ffc54a5 6d7a6c0f332e49568f995b49d66aaa1b 82ed8b0e619b40d1b675607182c9cd58 - - - -] Successfully bumped revision number for resource c4dc0018-61bc-4031-89ed-c0ae74540bc2 (type: routers) to 3
2026-09-12 05:16:42.506 9 INFO neutron.wsgi [None req-16acdd5d-9c8d-4f6d-be4b-bc292ffc54a5 6d7a6c0f332e49568f995b49d66aaa1b 82ed8b0e619b40d1b675607182c9cd58 - - - -] 10.0.0.140 "POST /v2.0/routers HTTP/1.1" status: 201 len: 874 time: 1.8948421
2026-09-12 05:16:42.646 10 INFO neutron.services.segments.plugin [-] Segment eb16afbb-7b2d-43b3-85bc-55903bc314f1 resource provider aggregate not found
2026-09-12 05:16:42.676 10 INFO neutron.services.segments.plugin [-] Segment eb16afbb-7b2d-43b3-85bc-55903bc314f1 resource provider aggregate not found
2026-09-12 05:16:42.680 10 INFO neutron.services.segments.plugin [-] Segment eb16afbb-7b2d-43b3-85bc-55903bc314f1 resource provider not found; error: Placement Client Error (4xx): {"errors": [{"status": 404, "title": "Not Found", "detail": "The resource could not be found.\n\n No resource provider with uuid eb16afbb-7b2d-43b3-85bc-55903bc314f1 found for delete ", "request_id": "req-9b5e72a0-b1a5-456e-a2bf-a1e136ae53fe"}]}
2026-09-12 05:16:42.702 10 INFO neutron.services.segments.plugin [-] Segment eb16afbb-7b2d-43b3-85bc-55903bc314f1 resource provider not found; error: Placement Client Error (4xx): {"errors": [{"status": 404, "title": "Not Found", "detail": "The resource could not be found.\n\n No resource provider with uuid eb16afbb-7b2d-43b3-85bc-55903bc314f1 found for delete ", "request_id": "req-f34f2455-2588-49e0-864b-86069f0339ae"}]}
2026-09-12 05:16:42.792 9 WARNING neutron.scheduler.dhcp_agent_scheduler [None req-0856eb2d-1173-461d-9674-ac1a688b67e1 48e9d3a122cc4703be33aa2a8e973f41 75cdfd5dff0a47b8929ab32afda3e42c - - - -] No more DHCP agents
2026-09-12 05:16:42.794 9 WARNING neutron.api.rpc.agentnotifiers.dhcp_rpc_agent_api [None req-0856eb2d-1173-461d-9674-ac1a688b67e1 48e9d3a122cc4703be33aa2a8e973f41 75cdfd5dff0a47b8929ab32afda3e42c - - - -] Unable to schedule network 16e51bcf-ac85-4d5d-86bb-2eb5bcba71a5: no agents available; will retry on subsequent port and subnet creation events.
2026-09-12 05:16:43.012 10 INFO neutron.db.ovn_revision_numbers_db [None req-6939158e-5f94-4732-a54d-502c07f142ca c3abc5d694b94f25a94494c0c62f9f03 eb9832541e124b389d7f2a31ba8090e1 - - - -] Successfully bumped revision number for resource 74f72756-03c1-4b65-b243-7c405e9c1549 (type: ports) to 2
2026-09-12 05:16:43.036 10 INFO neutron.db.ovn_revision_numbers_db [None req-6939158e-5f94-4732-a54d-502c07f142ca c3abc5d694b94f25a94494c0c62f9f03 eb9832541e124b389d7f2a31ba8090e1 - - - -] Successfully bumped revision number for resource f427824d-be5f-4149-8245-1b43d8cfe9a5 (type: subnets) to 0
2026-09-12 05:16:43.064 10 INFO neutron.wsgi [None req-6939158e-5f94-4732-a54d-502c07f142ca c3abc5d694b94f25a94494c0c62f9f03 eb9832541e124b389d7f2a31ba8090e1 - - - -] 10.0.0.140 "POST /v2.0/subnets HTTP/1.1" status: 201 len: 801 time: 1.5540831
2026-09-12 05:16:43.153 9 WARNING neutron.scheduler.dhcp_agent_scheduler [None req-36adac9b-7226-4ec0-908b-8e4be87c66a9 6d7a6c0f332e49568f995b49d66aaa1b 82ed8b0e619b40d1b675607182c9cd58 - - default default] No more DHCP agents
2026-09-12 05:16:43.157 9 WARNING neutron.api.rpc.agentnotifiers.dhcp_rpc_agent_api [None req-36adac9b-7226-4ec0-908b-8e4be87c66a9 6d7a6c0f332e49568f995b49d66aaa1b 82ed8b0e619b40d1b675607182c9cd58 - - default default] Unable to schedule network d906c584-0ce7-4ccf-a5db-95850d24f92f: no agents available; will retry on subsequent port and subnet creation events.
2026-09-12 05:16:43.187 10 INFO neutron.db.ovn_revision_numbers_db [None req-ba0c0dae-2333-41c3-9517-6bab67fe5832 - - - - - -] Successfully bumped revision number for resource 9483168a-2b27-4018-b74f-9cd03bc5f000 (type: ports) to 1
2026-09-12 05:16:43.331 10 INFO neutron.db.ovn_revision_numbers_db [None req-f5baa294-2fd2-4711-87cd-70ca2e5256b2 c3abc5d694b94f25a94494c0c62f9f03 eb9832541e124b389d7f2a31ba8090e1 - - - -] Successfully bumped revision number for resource 0a7f1abd-bef2-46ae-bf04-831e055472b5 (type: routers) to 1
2026-09-12 05:16:43.352 9 INFO neutron.db.ovn_revision_numbers_db [None req-36adac9b-7226-4ec0-908b-8e4be87c66a9 6d7a6c0f332e49568f995b49d66aaa1b 82ed8b0e619b40d1b675607182c9cd58 - - default default] Successfully bumped revision number for resource 98f95b32-c625-458c-b473-ad89394a04b7 (type: ports) to 1
2026-09-12 05:16:43.365 10 INFO neutron.wsgi [None req-f5baa294-2fd2-4711-87cd-70ca2e5256b2 c3abc5d694b94f25a94494c0c62f9f03 eb9832541e124b389d7f2a31ba8090e1 - - - -] 10.0.0.140 "POST /v2.0/routers HTTP/1.1" status: 201 len: 687 time: 0.2943685
2026-09-12 05:16:43.442 9 INFO neutron.db.ovn_revision_numbers_db [None req-0856eb2d-1173-461d-9674-ac1a688b67e1 48e9d3a122cc4703be33aa2a8e973f41 75cdfd5dff0a47b8929ab32afda3e42c - - - -] Successfully bumped revision number for resource d0240af2-1467-4a80-b08f-ff317377f9ec (type: ports) to 2
2026-09-12 05:16:43.466 9 INFO neutron.db.ovn_revision_numbers_db [None req-0856eb2d-1173-461d-9674-ac1a688b67e1 48e9d3a122cc4703be33aa2a8e973f41 75cdfd5dff0a47b8929ab32afda3e42c - - - -] Successfully bumped revision number for resource bd2125f9-81c2-4010-a382-8f4174d8405e (type: subnets) to 0
2026-09-12 05:16:43.491 9 INFO neutron.wsgi [None req-0856eb2d-1173-461d-9674-ac1a688b67e1 48e9d3a122cc4703be33aa2a8e973f41 75cdfd5dff0a47b8929ab32afda3e42c - - - -] 10.0.0.140 "POST /v2.0/subnets HTTP/1.1" status: 201 len: 804 time: 1.0667353
2026-09-12 05:16:43.609 9 INFO neutron.db.segments_db [None req-d06518c5-a531-4250-b45a-050ca2579d75 48e9d3a122cc4703be33aa2a8e973f41 75cdfd5dff0a47b8929ab32afda3e42c - - - -] Added segment 164014c0-9432-457c-9954-309d7a7cdecc of type geneve for network 26688bb5-38d6-46ae-8c58-3ef79c9940bf
2026-09-12 05:16:43.663 10 INFO neutron.db.ovn_revision_numbers_db [None req-ba0c0dae-2333-41c3-9517-6bab67fe5832 - - - - - -] Successfully bumped revision number for resource 9483168a-2b27-4018-b74f-9cd03bc5f000 (type: router_ports) to 3
2026-09-12 05:16:43.806 9 INFO neutron.db.ovn_revision_numbers_db [None req-d06518c5-a531-4250-b45a-050ca2579d75 48e9d3a122cc4703be33aa2a8e973f41 75cdfd5dff0a47b8929ab32afda3e42c - - - -] Successfully bumped revision number for resource 26688bb5-38d6-46ae-8c58-3ef79c9940bf (type: networks) to 1
2026-09-12 05:16:43.810 10 WARNING neutron.scheduler.dhcp_agent_scheduler [None req-d6c881a2-cfaf-40ea-affc-ae4e1d8419a3 c3abc5d694b94f25a94494c0c62f9f03 eb9832541e124b389d7f2a31ba8090e1 - - - -] No more DHCP agents
2026-09-12 05:16:43.814 10 WARNING neutron.api.rpc.agentnotifiers.dhcp_rpc_agent_api [None req-d6c881a2-cfaf-40ea-affc-ae4e1d8419a3 c3abc5d694b94f25a94494c0c62f9f03 eb9832541e124b389d7f2a31ba8090e1 - - - -] Unable to schedule network 64ec7131-6e7d-4618-bf5e-2a514fecc07c: no agents available; will retry on subsequent port and subnet creation events.
2026-09-12 05:16:43.859 10 INFO neutron.db.ovn_revision_numbers_db [None req-ba0c0dae-2333-41c3-9517-6bab67fe5832 - - - - - -] Successfully bumped revision number for resource 9483168a-2b27-4018-b74f-9cd03bc5f000 (type: ports) to 2
2026-09-12 05:16:44.004 9 INFO neutron.db.ovn_revision_numbers_db [None req-36adac9b-7226-4ec0-908b-8e4be87c66a9 6d7a6c0f332e49568f995b49d66aaa1b 82ed8b0e619b40d1b675607182c9cd58 - - default default] Successfully bumped revision number for resource 98f95b32-c625-458c-b473-ad89394a04b7 (type: router_ports) to 2
2026-09-12 05:16:44.093 9 WARNING neutron.scheduler.dhcp_agent_scheduler [None req-d06518c5-a531-4250-b45a-050ca2579d75 48e9d3a122cc4703be33aa2a8e973f41 75cdfd5dff0a47b8929ab32afda3e42c - - - -] No more DHCP agents
2026-09-12 05:16:44.096 9 WARNING neutron.api.rpc.agentnotifiers.dhcp_rpc_agent_api [None req-d06518c5-a531-4250-b45a-050ca2579d75 48e9d3a122cc4703be33aa2a8e973f41 75cdfd5dff0a47b8929ab32afda3e42c - - - -] Unable to schedule network 26688bb5-38d6-46ae-8c58-3ef79c9940bf: no agents available; will retry on subsequent port and subnet creation events.
2026-09-12 05:16:44.097 10 INFO neutron.db.ovn_revision_numbers_db [None req-d6c881a2-cfaf-40ea-affc-ae4e1d8419a3 c3abc5d694b94f25a94494c0c62f9f03 eb9832541e124b389d7f2a31ba8090e1 - - - -] Successfully bumped revision number for resource 94840d78-1574-4fc9-87e1-18219264ffda (type: ports) to 1
2026-09-12 05:16:44.130 10 INFO neutron.wsgi [None req-d6c881a2-cfaf-40ea-affc-ae4e1d8419a3 c3abc5d694b94f25a94494c0c62f9f03 eb9832541e124b389d7f2a31ba8090e1 - - - -] 10.0.0.140 "POST /v2.0/ports HTTP/1.1" status: 201 len: 1151 time: 0.7593868 /var/lib/openstack/lib/python3.10/site-packages/pycadf/identifier.py:71: UserWarning: Invalid uuid: neutron. To ensure interoperability, identifiers should be a valid uuid. warnings.warn(('Invalid uuid: %s. To ensure interoperability, '
2026-09-12 05:16:44.192 9 INFO neutron.db.ovn_revision_numbers_db [None req-d06518c5-a531-4250-b45a-050ca2579d75 48e9d3a122cc4703be33aa2a8e973f41 75cdfd5dff0a47b8929ab32afda3e42c - - - -] Successfully bumped revision number for resource b35b9661-20f3-4f84-ad0e-7bde8cce542c (type: ports) to 1
2026-09-12 05:16:44.220 9 INFO neutron.wsgi [None req-d06518c5-a531-4250-b45a-050ca2579d75 48e9d3a122cc4703be33aa2a8e973f41 75cdfd5dff0a47b8929ab32afda3e42c - - - -] 10.0.0.140 "POST /v2.0/networks HTTP/1.1" status: 201 len: 831 time: 0.7214558
2026-09-12 05:16:44.226 9 INFO neutron.db.ovn_revision_numbers_db [None req-36adac9b-7226-4ec0-908b-8e4be87c66a9 6d7a6c0f332e49568f995b49d66aaa1b 82ed8b0e619b40d1b675607182c9cd58 - - default default] Successfully bumped revision number for resource 98f95b32-c625-458c-b473-ad89394a04b7 (type: ports) to 2
2026-09-12 05:16:44.342 9 WARNING neutron.scheduler.dhcp_agent_scheduler [None req-36adac9b-7226-4ec0-908b-8e4be87c66a9 6d7a6c0f332e49568f995b49d66aaa1b 82ed8b0e619b40d1b675607182c9cd58 - - default default] No more DHCP agents
2026-09-12 05:16:44.344 9 WARNING neutron.api.rpc.agentnotifiers.dhcp_rpc_agent_api [None req-36adac9b-7226-4ec0-908b-8e4be87c66a9 6d7a6c0f332e49568f995b49d66aaa1b 82ed8b0e619b40d1b675607182c9cd58 - - default default] Unable to schedule network d906c584-0ce7-4ccf-a5db-95850d24f92f: no agents available; will retry on subsequent port and subnet creation events.
2026-09-12 05:16:44.481 10 INFO neutron.db.ovn_revision_numbers_db [None req-ba0c0dae-2333-41c3-9517-6bab67fe5832 - - - - - -] Successfully bumped revision number for resource 9483168a-2b27-4018-b74f-9cd03bc5f000 (type: ports) to 4
2026-09-12 05:16:44.899 9 WARNING neutron.scheduler.dhcp_agent_scheduler [None req-556a9f20-76e7-48e0-9b11-70228f77f855 48e9d3a122cc4703be33aa2a8e973f41 75cdfd5dff0a47b8929ab32afda3e42c - - - -] No more DHCP agents
2026-09-12 05:16:44.903 9 WARNING neutron.api.rpc.agentnotifiers.dhcp_rpc_agent_api [None req-556a9f20-76e7-48e0-9b11-70228f77f855 48e9d3a122cc4703be33aa2a8e973f41 75cdfd5dff0a47b8929ab32afda3e42c - - - -] Unable to schedule network 26688bb5-38d6-46ae-8c58-3ef79c9940bf: no agents available; will retry on subsequent port and subnet creation events.
2026-09-12 05:16:44.916 10 INFO neutron.db.ovn_revision_numbers_db [None req-ba0c0dae-2333-41c3-9517-6bab67fe5832 - - - - - -] Successfully bumped revision number for resource 9483168a-2b27-4018-b74f-9cd03bc5f000 (type: router_ports) to 4
2026-09-12 05:16:45.016 10 INFO neutron.db.ovn_revision_numbers_db [None req-e39cd70a-8136-4195-83ba-eff1b8ac6f4e c3abc5d694b94f25a94494c0c62f9f03 eb9832541e124b389d7f2a31ba8090e1 - - default default] Successfully bumped revision number for resource 94840d78-1574-4fc9-87e1-18219264ffda (type: router_ports) to 2
2026-09-12 05:16:45.035 9 INFO neutron.plugins.ml2.drivers.ovn.mech_driver.mech_driver [None req-aa7ef198-caa7-48af-8bdd-15a59311dcc8 - - - - - -] OVN reports status up for port: 94840d78-1574-4fc9-87e1-18219264ffda
2026-09-12 05:16:45.049 9 INFO neutron.plugins.ml2.plugin [None req-aa7ef198-caa7-48af-8bdd-15a59311dcc8 - - - - - -] Attempt 1 to provision port 94840d78-1574-4fc9-87e1-18219264ffda
2026-09-12 05:16:45.158 10 INFO neutron.plugins.ml2.drivers.ovn.mech_driver.mech_driver [None req-f4010fcd-c45b-4954-aa5b-f18dc71b67ee - - - - - -] OVN reports status up for port: 98f95b32-c625-458c-b473-ad89394a04b7
2026-09-12 05:16:45.168 10 INFO neutron.plugins.ml2.plugin [None req-f4010fcd-c45b-4954-aa5b-f18dc71b67ee - - - - - -] Attempt 1 to provision port 98f95b32-c625-458c-b473-ad89394a04b7
2026-09-12 05:16:45.235 10 INFO neutron.db.ovn_revision_numbers_db [None req-e39cd70a-8136-4195-83ba-eff1b8ac6f4e c3abc5d694b94f25a94494c0c62f9f03 eb9832541e124b389d7f2a31ba8090e1 - - default default] Successfully bumped revision number for resource 94840d78-1574-4fc9-87e1-18219264ffda (type: ports) to 2
2026-09-12 05:16:45.516 9 INFO neutron.db.ovn_revision_numbers_db [None req-36adac9b-7226-4ec0-908b-8e4be87c66a9 6d7a6c0f332e49568f995b49d66aaa1b 82ed8b0e619b40d1b675607182c9cd58 - - - -] Successfully bumped revision number for resource 98f95b32-c625-458c-b473-ad89394a04b7 (type: router_ports) to 2
2026-09-12 05:16:45.518 9 INFO neutron.wsgi [None req-36adac9b-7226-4ec0-908b-8e4be87c66a9 6d7a6c0f332e49568f995b49d66aaa1b 82ed8b0e619b40d1b675607182c9cd58 - - - -] 10.0.0.140 "PUT /v2.0/routers/c4dc0018-61bc-4031-89ed-c0ae74540bc2/add_router_interface HTTP/1.1" status: 200 len: 503 time: 3.0043213
2026-09-12 05:16:45.550 9 INFO neutron.db.ovn_revision_numbers_db [None req-aa7ef198-caa7-48af-8bdd-15a59311dcc8 - - - - - -] Successfully bumped revision number for resource 94840d78-1574-4fc9-87e1-18219264ffda (type: ports) to 3
2026-09-12 05:16:45.581 10 INFO neutron.db.ovn_revision_numbers_db [None req-f4010fcd-c45b-4954-aa5b-f18dc71b67ee - - - - - -] Successfully bumped revision number for resource 98f95b32-c625-458c-b473-ad89394a04b7 (type: ports) to 3
2026-09-12 05:16:45.673 9 INFO neutron.db.ovn_revision_numbers_db [None req-556a9f20-76e7-48e0-9b11-70228f77f855 48e9d3a122cc4703be33aa2a8e973f41 75cdfd5dff0a47b8929ab32afda3e42c - - - -] Successfully bumped revision number for resource b35b9661-20f3-4f84-ad0e-7bde8cce542c (type: ports) to 2
2026-09-12 05:16:45.684 9 INFO neutron.db.ovn_revision_numbers_db [None req-aa7ef198-caa7-48af-8bdd-15a59311dcc8 - - - - - -] Successfully bumped revision number for resource 94840d78-1574-4fc9-87e1-18219264ffda (type: router_ports) to 3
2026-09-12 05:16:45.695 9 INFO neutron.db.ovn_revision_numbers_db [None req-556a9f20-76e7-48e0-9b11-70228f77f855 48e9d3a122cc4703be33aa2a8e973f41 75cdfd5dff0a47b8929ab32afda3e42c - - - -] Successfully bumped revision number for resource 3d2059f1-34f4-46b2-9629-c22e6894c87a (type: subnets) to 0
2026-09-12 05:16:45.709 10 INFO neutron.db.ovn_revision_numbers_db [None req-f4010fcd-c45b-4954-aa5b-f18dc71b67ee - - - - - -] Successfully bumped revision number for resource 98f95b32-c625-458c-b473-ad89394a04b7 (type: router_ports) to 3
2026-09-12 05:16:45.713 9 INFO neutron.wsgi [None req-556a9f20-76e7-48e0-9b11-70228f77f855 48e9d3a122cc4703be33aa2a8e973f41 75cdfd5dff0a47b8929ab32afda3e42c - - - -] 10.0.0.140 "POST /v2.0/subnets HTTP/1.1" status: 201 len: 804 time: 1.4885075 /var/lib/openstack/lib/python3.10/site-packages/pycadf/identifier.py:71: UserWarning: Invalid uuid: neutron. To ensure interoperability, identifiers should be a valid uuid. warnings.warn(('Invalid uuid: %s. To ensure interoperability, '
2026-09-12 05:16:45.865 10 INFO neutron.db.segments_db [None req-2a521709-dd21-49ce-9067-edcd31bd1808 48e9d3a122cc4703be33aa2a8e973f41 75cdfd5dff0a47b8929ab32afda3e42c - - - -] Added segment 0c17f9e7-1fcc-48c9-a2bc-cabf657745de of type geneve for network 821521e1-06db-482b-a7cd-0603356b6a15
2026-09-12 05:16:45.962 10 INFO neutron.db.ovn_revision_numbers_db [None req-e39cd70a-8136-4195-83ba-eff1b8ac6f4e c3abc5d694b94f25a94494c0c62f9f03 eb9832541e124b389d7f2a31ba8090e1 - - default default] Successfully bumped revision number for resource 94840d78-1574-4fc9-87e1-18219264ffda (type: ports) to 4
2026-09-12 05:16:46.001 10 INFO neutron.db.ovn_revision_numbers_db [None req-2a521709-dd21-49ce-9067-edcd31bd1808 48e9d3a122cc4703be33aa2a8e973f41 75cdfd5dff0a47b8929ab32afda3e42c - - - -] Successfully bumped revision number for resource 821521e1-06db-482b-a7cd-0603356b6a15 (type: networks) to 1
2026-09-12 05:16:46.124 10 WARNING neutron.scheduler.dhcp_agent_scheduler [None req-e39cd70a-8136-4195-83ba-eff1b8ac6f4e c3abc5d694b94f25a94494c0c62f9f03 eb9832541e124b389d7f2a31ba8090e1 - - default default] No more DHCP agents
