2026-09-12 05:13:45.125 9 INFO neutron.plugins.ml2.plugin [None req-aa7ef198-caa7-48af-8bdd-15a59311dcc8 - - - - - -] Attempt 1 to provision port 5530d3a8-f3db-470b-842d-0f7150cafe0b
2026-09-12 05:13:45.192 9 WARNING neutron.scheduler.dhcp_agent_scheduler [None req-2e9c9b32-f5a6-4600-85ea-c0d6333f933f 6d7a6c0f332e49568f995b49d66aaa1b 82ed8b0e619b40d1b675607182c9cd58 - - default default] No more DHCP agents
2026-09-12 05:13:45.198 9 WARNING neutron.api.rpc.agentnotifiers.dhcp_rpc_agent_api [None req-2e9c9b32-f5a6-4600-85ea-c0d6333f933f 6d7a6c0f332e49568f995b49d66aaa1b 82ed8b0e619b40d1b675607182c9cd58 - - default default] Unable to schedule network 49a5ab10-0a90-4d89-9633-d9c11e118a4b: no agents available; will retry on subsequent port and subnet creation events.
2026-09-12 05:13:45.289 9 INFO neutron.db.ovn_revision_numbers_db [None req-ddc56512-f03b-4bcf-87b1-196224ff5f95 - - - - - -] Successfully bumped revision number for resource 4ec62d23-52c2-4a86-b60f-e0cfae9b9886 (type: router_ports) to 4
2026-09-12 05:13:45.312 10 INFO neutron.db.ovn_revision_numbers_db [None req-3451708e-3fb2-4e96-bddb-6f499727fd83 6d7a6c0f332e49568f995b49d66aaa1b 82ed8b0e619b40d1b675607182c9cd58 - - - -] Successfully bumped revision number for resource d10b8aa2-5833-4a1f-8378-d03180dffaff (type: router_ports) to 3
2026-09-12 05:13:45.314 10 INFO neutron.wsgi [None req-3451708e-3fb2-4e96-bddb-6f499727fd83 6d7a6c0f332e49568f995b49d66aaa1b 82ed8b0e619b40d1b675607182c9cd58 - - - -] 10.0.0.140 "PUT /v2.0/routers/59b321de-5050-4827-ae89-fd33ed21abbe/add_router_interface HTTP/1.1" status: 200 len: 503 time: 2.5922184
2026-09-12 05:13:45.322 9 INFO neutron.plugins.ml2.drivers.ovn.mech_driver.ovsdb.ovsdb_monitor [None req-ddc56512-f03b-4bcf-87b1-196224ff5f95 - - - - - -] Router ef5b5bdc-490a-4934-8435-5ee289831522 is bound to host instance
2026-09-12 05:13:45.558 10 INFO neutron.db.ovn_revision_numbers_db [None req-256b3317-83ec-4ca9-872a-a08ca61f033e 6d7a6c0f332e49568f995b49d66aaa1b 82ed8b0e619b40d1b675607182c9cd58 - - - -] Successfully bumped revision number for resource f0a18ba3-0c02-4d71-8aea-fe4adc81d1ad (type: ports) to 2
2026-09-12 05:13:45.575 10 INFO neutron.db.ovn_revision_numbers_db [None req-256b3317-83ec-4ca9-872a-a08ca61f033e 6d7a6c0f332e49568f995b49d66aaa1b 82ed8b0e619b40d1b675607182c9cd58 - - - -] Successfully bumped revision number for resource bfab15a1-2229-490a-87c7-6db2addb335e (type: subnets) to 0
2026-09-12 05:13:45.590 10 INFO neutron.wsgi [None req-256b3317-83ec-4ca9-872a-a08ca61f033e 6d7a6c0f332e49568f995b49d66aaa1b 82ed8b0e619b40d1b675607182c9cd58 - - - -] 10.0.0.140 "POST /v2.0/subnets HTTP/1.1" status: 201 len: 874 time: 0.8964937
2026-09-12 05:13:45.995 9 INFO neutron.db.ovn_revision_numbers_db [None req-2e9c9b32-f5a6-4600-85ea-c0d6333f933f 6d7a6c0f332e49568f995b49d66aaa1b 82ed8b0e619b40d1b675607182c9cd58 - - - -] Successfully bumped revision number for resource f4288f77-d965-4b91-911a-b0d60231501b (type: router_ports) to 2
2026-09-12 05:13:45.998 9 INFO neutron.wsgi [None req-2e9c9b32-f5a6-4600-85ea-c0d6333f933f 6d7a6c0f332e49568f995b49d66aaa1b 82ed8b0e619b40d1b675607182c9cd58 - - - -] 10.0.0.140 "PUT /v2.0/routers/ef5b5bdc-490a-4934-8435-5ee289831522/add_router_interface HTTP/1.1" status: 200 len: 503 time: 3.1349905
2026-09-12 05:13:46.071 9 INFO neutron.db.ovn_revision_numbers_db [None req-ddc56512-f03b-4bcf-87b1-196224ff5f95 - - - - - -] Successfully bumped revision number for resource 5530d3a8-f3db-470b-842d-0f7150cafe0b (type: ports) to 1
2026-09-12 05:13:46.146 10 WARNING neutron.scheduler.dhcp_agent_scheduler [None req-f9e9c90e-f860-43b5-b715-0e44a578a4d1 6d7a6c0f332e49568f995b49d66aaa1b 82ed8b0e619b40d1b675607182c9cd58 - - - -] No more DHCP agents
2026-09-12 05:13:46.148 10 WARNING neutron.api.rpc.agentnotifiers.dhcp_rpc_agent_api [None req-f9e9c90e-f860-43b5-b715-0e44a578a4d1 6d7a6c0f332e49568f995b49d66aaa1b 82ed8b0e619b40d1b675607182c9cd58 - - - -] Unable to schedule network f4c1c2ff-ed9f-4bf4-9a30-87877b7ba6f7: no agents available; will retry on subsequent port and subnet creation events.
2026-09-12 05:13:46.236 10 INFO neutron.db.ovn_revision_numbers_db [None req-f9e9c90e-f860-43b5-b715-0e44a578a4d1 6d7a6c0f332e49568f995b49d66aaa1b 82ed8b0e619b40d1b675607182c9cd58 - - - -] Successfully bumped revision number for resource 4aed4526-4d91-43b5-a739-b3eb46457fd8 (type: ports) to 1
2026-09-12 05:13:46.325 9 INFO neutron.db.ovn_revision_numbers_db [None req-ddc56512-f03b-4bcf-87b1-196224ff5f95 - - - - - -] Successfully bumped revision number for resource 5530d3a8-f3db-470b-842d-0f7150cafe0b (type: router_ports) to 3
2026-09-12 05:13:46.426 9 INFO neutron.db.ovn_revision_numbers_db [None req-ddc56512-f03b-4bcf-87b1-196224ff5f95 - - - - - -] Successfully bumped revision number for resource 5530d3a8-f3db-470b-842d-0f7150cafe0b (type: ports) to 2
2026-09-12 05:13:46.581 10 INFO neutron.db.ovn_revision_numbers_db [None req-1b4cc8f9-92ff-42a6-8c8d-6ef1d75fb8e6 a30db46f7b5b4aad88afac560155b8a6 31c7ef7d96c64b098b0883407f4bc0c0 - - - -] Successfully bumped revision number for resource 60eee9c7-0860-43c7-88d6-30a14a08ad7f (type: security_groups) to 1
2026-09-12 05:13:46.610 10 INFO neutron.wsgi [None req-1b4cc8f9-92ff-42a6-8c8d-6ef1d75fb8e6 a30db46f7b5b4aad88afac560155b8a6 31c7ef7d96c64b098b0883407f4bc0c0 - - - -] 10.0.0.239 "POST /v2.0/security-groups HTTP/1.1" status: 201 len: 1824 time: 0.2650137
2026-09-12 05:13:46.620 9 INFO neutron.db.ovn_revision_numbers_db [None req-ddc56512-f03b-4bcf-87b1-196224ff5f95 - - - - - -] Successfully bumped revision number for resource 5530d3a8-f3db-470b-842d-0f7150cafe0b (type: ports) to 4
2026-09-12 05:13:46.659 10 INFO neutron.db.ovn_revision_numbers_db [None req-aba4e6d7-8793-45e0-b564-70db6e5a513c 406d2128c0c94a5baf856b1938ee9630 1d2f90680c7e43568c53542d9b1688b4 - - - -] Successfully bumped revision number for resource 1f29c44f-b575-476f-8de5-4da3076c7da5 (type: security_groups) to 1
2026-09-12 05:13:46.688 10 INFO neutron.wsgi [None req-aba4e6d7-8793-45e0-b564-70db6e5a513c 406d2128c0c94a5baf856b1938ee9630 1d2f90680c7e43568c53542d9b1688b4 - - - -] 10.0.0.140 "POST /v2.0/security-groups HTTP/1.1" status: 201 len: 1794 time: 0.1711626
2026-09-12 05:13:46.887 10 INFO neutron.db.ovn_revision_numbers_db [None req-f9e9c90e-f860-43b5-b715-0e44a578a4d1 6d7a6c0f332e49568f995b49d66aaa1b 82ed8b0e619b40d1b675607182c9cd58 - - - -] Successfully bumped revision number for resource 4aed4526-4d91-43b5-a739-b3eb46457fd8 (type: router_ports) to 1
2026-09-12 05:13:46.898 9 INFO neutron.db.ovn_revision_numbers_db [None req-ddc56512-f03b-4bcf-87b1-196224ff5f95 - - - - - -] Successfully bumped revision number for resource 5530d3a8-f3db-470b-842d-0f7150cafe0b (type: router_ports) to 4
2026-09-12 05:13:46.915 10 INFO neutron.db.ovn_revision_numbers_db [None req-9a766dbf-d6e7-4385-bdaf-2f82f55b0194 406d2128c0c94a5baf856b1938ee9630 1d2f90680c7e43568c53542d9b1688b4 - - - -] Successfully bumped revision number for resource c24b2f33-5def-4ba2-be64-378a12cd3036 (type: security_group_rules) to 0
2026-09-12 05:13:46.930 9 INFO neutron.plugins.ml2.drivers.ovn.mech_driver.ovsdb.ovsdb_monitor [None req-ddc56512-f03b-4bcf-87b1-196224ff5f95 - - - - - -] Router f5e4429b-8122-4fa6-b98c-c9c65e389976 is bound to host instance
2026-09-12 05:13:47.106 10 INFO neutron.wsgi [None req-9a766dbf-d6e7-4385-bdaf-2f82f55b0194 406d2128c0c94a5baf856b1938ee9630 1d2f90680c7e43568c53542d9b1688b4 - - - -] 10.0.0.140 "POST /v2.0/security-group-rules HTTP/1.1" status: 201 len: 764 time: 0.4098868
2026-09-12 05:13:47.138 10 INFO neutron.db.ovn_revision_numbers_db [None req-f9e9c90e-f860-43b5-b715-0e44a578a4d1 6d7a6c0f332e49568f995b49d66aaa1b 82ed8b0e619b40d1b675607182c9cd58 - - - -] Successfully bumped revision number for resource f5e4429b-8122-4fa6-b98c-c9c65e389976 (type: routers) to 3
2026-09-12 05:13:47.170 10 INFO neutron.wsgi [None req-f9e9c90e-f860-43b5-b715-0e44a578a4d1 6d7a6c0f332e49568f995b49d66aaa1b 82ed8b0e619b40d1b675607182c9cd58 - - - -] 10.0.0.140 "POST /v2.0/routers HTTP/1.1" status: 201 len: 885 time: 1.5720110
2026-09-12 05:13:47.303 10 INFO neutron.db.ovn_revision_numbers_db [None req-10c8a32f-9d92-49dd-9039-7bbd117d67d2 406d2128c0c94a5baf856b1938ee9630 1d2f90680c7e43568c53542d9b1688b4 - - - -] Successfully bumped revision number for resource 3f285e9e-6a02-4ed7-92d4-bd0feae9414d (type: security_group_rules) to 0
2026-09-12 05:13:47.313 10 INFO neutron.wsgi [req-a950226b-f130-4585-9652-dd625d7168fc req-6c4c3596-fd07-4cab-aabc-604fc5ad0af8 a30db46f7b5b4aad88afac560155b8a6 31c7ef7d96c64b098b0883407f4bc0c0 - - default default] 10.0.0.239 "GET /v2.0/security-groups/60eee9c7-0860-43c7-88d6-30a14a08ad7f HTTP/1.1" status: 200 len: 1819 time: 0.2004290
2026-09-12 05:13:47.346 10 INFO neutron.wsgi [None req-10c8a32f-9d92-49dd-9039-7bbd117d67d2 406d2128c0c94a5baf856b1938ee9630 1d2f90680c7e43568c53542d9b1688b4 - - - -] 10.0.0.140 "POST /v2.0/security-group-rules HTTP/1.1" status: 201 len: 769 time: 0.2267463
2026-09-12 05:13:47.546 9 INFO neutron.db.ovn_revision_numbers_db [None req-ddc56512-f03b-4bcf-87b1-196224ff5f95 - - - - - -] Successfully bumped revision number for resource 4aed4526-4d91-43b5-a739-b3eb46457fd8 (type: ports) to 1
2026-09-12 05:13:47.577 10 INFO neutron.db.ovn_revision_numbers_db [None req-a791f65d-8dff-4061-9811-556289ffc311 a30db46f7b5b4aad88afac560155b8a6 31c7ef7d96c64b098b0883407f4bc0c0 - - - -] Successfully bumped revision number for resource 88b3d140-f547-4e7d-8975-c6e6c8b54c15 (type: security_group_rules) to 0
2026-09-12 05:13:47.618 10 INFO neutron.wsgi [None req-a791f65d-8dff-4061-9811-556289ffc311 a30db46f7b5b4aad88afac560155b8a6 31c7ef7d96c64b098b0883407f4bc0c0 - - - -] 10.0.0.239 "POST /v2.0/security-group-rules HTTP/1.1" status: 201 len: 786 time: 0.2887909
2026-09-12 05:13:47.757 10 WARNING neutron.scheduler.dhcp_agent_scheduler [None req-789b5bad-e4ab-4051-a599-4fb9ced40a1d 406d2128c0c94a5baf856b1938ee9630 1d2f90680c7e43568c53542d9b1688b4 - - - -] No more DHCP agents
2026-09-12 05:13:47.758 9 INFO neutron.db.ovn_revision_numbers_db [None req-ddc56512-f03b-4bcf-87b1-196224ff5f95 - - - - - -] Successfully bumped revision number for resource 4aed4526-4d91-43b5-a739-b3eb46457fd8 (type: router_ports) to 3
2026-09-12 05:13:47.762 10 WARNING neutron.api.rpc.agentnotifiers.dhcp_rpc_agent_api [None req-789b5bad-e4ab-4051-a599-4fb9ced40a1d 406d2128c0c94a5baf856b1938ee9630 1d2f90680c7e43568c53542d9b1688b4 - - - -] Unable to schedule network f4c1c2ff-ed9f-4bf4-9a30-87877b7ba6f7: no agents available; will retry on subsequent port and subnet creation events.
2026-09-12 05:13:47.780 10 WARNING neutron.scheduler.dhcp_agent_scheduler [None req-51a68358-a7a6-4b9a-a280-b35298bc0461 6d7a6c0f332e49568f995b49d66aaa1b 82ed8b0e619b40d1b675607182c9cd58 - - default default] No more DHCP agents
2026-09-12 05:13:47.790 10 WARNING neutron.api.rpc.agentnotifiers.dhcp_rpc_agent_api [None req-51a68358-a7a6-4b9a-a280-b35298bc0461 6d7a6c0f332e49568f995b49d66aaa1b 82ed8b0e619b40d1b675607182c9cd58 - - default default] Unable to schedule network 00c6ca4c-c0a1-4274-9e67-6cd967319799: no agents available; will retry on subsequent port and subnet creation events.
2026-09-12 05:13:47.816 10 INFO neutron.db.ovn_revision_numbers_db [None req-e4300256-5f9f-4d01-8373-b4af1b48da96 a30db46f7b5b4aad88afac560155b8a6 31c7ef7d96c64b098b0883407f4bc0c0 - - - -] Successfully bumped revision number for resource e4e74444-c3f7-4840-b160-07ba9d664a12 (type: security_groups) to 1
2026-09-12 05:13:47.847 9 INFO neutron.db.ovn_revision_numbers_db [None req-ddc56512-f03b-4bcf-87b1-196224ff5f95 - - - - - -] Successfully bumped revision number for resource 4aed4526-4d91-43b5-a739-b3eb46457fd8 (type: ports) to 2
2026-09-12 05:13:47.850 10 INFO neutron.wsgi [None req-e4300256-5f9f-4d01-8373-b4af1b48da96 a30db46f7b5b4aad88afac560155b8a6 31c7ef7d96c64b098b0883407f4bc0c0 - - - -] 10.0.0.239 "POST /v2.0/security-groups HTTP/1.1" status: 201 len: 1825 time: 0.1917689
2026-09-12 05:13:48.065 9 INFO neutron.db.ovn_revision_numbers_db [None req-ddc56512-f03b-4bcf-87b1-196224ff5f95 - - - - - -] Successfully bumped revision number for resource 4aed4526-4d91-43b5-a739-b3eb46457fd8 (type: ports) to 4
2026-09-12 05:13:48.067 10 INFO neutron.wsgi [req-fe03ecb3-169e-466e-95d6-4f0169c641f1 req-5e7e522b-87ff-4e20-8688-20ce63eede34 a30db46f7b5b4aad88afac560155b8a6 31c7ef7d96c64b098b0883407f4bc0c0 - - default default] 10.0.0.239 "GET /v2.0/security-groups/e4e74444-c3f7-4840-b160-07ba9d664a12 HTTP/1.1" status: 200 len: 1820 time: 0.1844289
2026-09-12 05:13:48.117 10 INFO neutron.db.ovn_revision_numbers_db [None req-51a68358-a7a6-4b9a-a280-b35298bc0461 6d7a6c0f332e49568f995b49d66aaa1b 82ed8b0e619b40d1b675607182c9cd58 - - default default] Successfully bumped revision number for resource bf42e75d-6d6c-432b-94df-8ae93119968f (type: ports) to 1
2026-09-12 05:13:48.280 9 INFO neutron.db.ovn_revision_numbers_db [None req-ddc56512-f03b-4bcf-87b1-196224ff5f95 - - - - - -] Successfully bumped revision number for resource 4aed4526-4d91-43b5-a739-b3eb46457fd8 (type: router_ports) to 4
2026-09-12 05:13:48.341 10 INFO neutron.db.ovn_revision_numbers_db [None req-c8022a9e-4922-4d3d-8ce7-e330516d933b a30db46f7b5b4aad88afac560155b8a6 31c7ef7d96c64b098b0883407f4bc0c0 - - - -] Successfully bumped revision number for resource 99af6a20-1795-43e4-a501-c5f7741d603e (type: security_group_rules) to 0
2026-09-12 05:13:48.349 10 INFO neutron.db.ovn_revision_numbers_db [None req-789b5bad-e4ab-4051-a599-4fb9ced40a1d 406d2128c0c94a5baf856b1938ee9630 1d2f90680c7e43568c53542d9b1688b4 - - - -] Successfully bumped revision number for resource cfa0692b-0188-479c-8a32-5e355851e862 (type: floatingips) to 0
2026-09-12 05:13:48.379 10 INFO neutron.wsgi [None req-789b5bad-e4ab-4051-a599-4fb9ced40a1d 406d2128c0c94a5baf856b1938ee9630 1d2f90680c7e43568c53542d9b1688b4 - - - -] 10.0.0.140 "POST /v2.0/floatingips HTTP/1.1" status: 201 len: 751 time: 1.0268259
2026-09-12 05:13:48.388 10 INFO neutron.wsgi [None req-c8022a9e-4922-4d3d-8ce7-e330516d933b a30db46f7b5b4aad88afac560155b8a6 31c7ef7d96c64b098b0883407f4bc0c0 - - - -] 10.0.0.239 "POST /v2.0/security-group-rules HTTP/1.1" status: 201 len: 786 time: 0.2895439
2026-09-12 05:13:48.454 10 INFO neutron.wsgi [req-8d5a6bd6-f017-49b3-9c2d-381767227c94 req-4ad4334a-3153-47c5-be1a-c7dfbeeee9e9 a30db46f7b5b4aad88afac560155b8a6 31c7ef7d96c64b098b0883407f4bc0c0 - - default default] 10.0.0.239 "GET /v2.0/security-groups/e4e74444-c3f7-4840-b160-07ba9d664a12 HTTP/1.1" status: 200 len: 2413 time: 0.0413644
2026-09-12 05:13:48.617 10 INFO neutron.db.ovn_revision_numbers_db [None req-8bab1a25-b3a3-4f9f-8ee5-c2a4bac18782 a30db46f7b5b4aad88afac560155b8a6 31c7ef7d96c64b098b0883407f4bc0c0 - - - -] Successfully bumped revision number for resource c88cab41-1523-49a5-9da0-28ae86822a23 (type: security_group_rules) to 0
2026-09-12 05:13:48.632 9 INFO neutron.plugins.ml2.drivers.ovn.mech_driver.mech_driver [None req-aa7ef198-caa7-48af-8bdd-15a59311dcc8 - - - - - -] OVN reports status up for port: bf42e75d-6d6c-432b-94df-8ae93119968f
2026-09-12 05:13:48.644 10 INFO neutron.wsgi [None req-8bab1a25-b3a3-4f9f-8ee5-c2a4bac18782 a30db46f7b5b4aad88afac560155b8a6 31c7ef7d96c64b098b0883407f4bc0c0 - - - -] 10.0.0.239 "POST /v2.0/security-group-rules HTTP/1.1" status: 201 len: 791 time: 0.1817491
2026-09-12 05:13:48.645 10 INFO neutron.db.ovn_revision_numbers_db [None req-51a68358-a7a6-4b9a-a280-b35298bc0461 6d7a6c0f332e49568f995b49d66aaa1b 82ed8b0e619b40d1b675607182c9cd58 - - default default] Successfully bumped revision number for resource bf42e75d-6d6c-432b-94df-8ae93119968f (type: router_ports) to 2
2026-09-12 05:13:48.647 9 INFO neutron.plugins.ml2.plugin [None req-aa7ef198-caa7-48af-8bdd-15a59311dcc8 - - - - - -] Attempt 1 to provision port bf42e75d-6d6c-432b-94df-8ae93119968f
2026-09-12 05:13:48.699 10 INFO neutron.wsgi [req-600a2f14-2a3b-445e-8b6d-fd6999048121 req-e3502b8d-bc46-4197-90ce-8b2d7ce91921 a30db46f7b5b4aad88afac560155b8a6 31c7ef7d96c64b098b0883407f4bc0c0 - - default default] 10.0.0.239 "GET /v2.0/security-groups/e4e74444-c3f7-4840-b160-07ba9d664a12 HTTP/1.1" status: 200 len: 3011 time: 0.0336781
2026-09-12 05:13:48.738 10 INFO neutron.wsgi [req-b1c251e9-5b39-4548-b513-1eb5d2f10586 req-300ad60e-32a4-4217-a1a3-4823fbeeffd2 a30db46f7b5b4aad88afac560155b8a6 31c7ef7d96c64b098b0883407f4bc0c0 - - default default] 10.0.0.239 "GET /v2.0/security-group-rules/c88cab41-1523-49a5-9da0-28ae86822a23 HTTP/1.1" status: 200 len: 783 time: 0.0164053
2026-09-12 05:13:48.764 10 INFO neutron.db.ovn_revision_numbers_db [None req-51a68358-a7a6-4b9a-a280-b35298bc0461 6d7a6c0f332e49568f995b49d66aaa1b 82ed8b0e619b40d1b675607182c9cd58 - - default default] Successfully bumped revision number for resource bf42e75d-6d6c-432b-94df-8ae93119968f (type: ports) to 2
2026-09-12 05:13:48.780 10 INFO neutron.wsgi [req-b1c251e9-5b39-4548-b513-1eb5d2f10586 req-14cf3df4-6a59-4ab3-8c57-bd0898d2a5ee a30db46f7b5b4aad88afac560155b8a6 31c7ef7d96c64b098b0883407f4bc0c0 - - default default] 10.0.0.239 "GET /v2.0/security-groups/e4e74444-c3f7-4840-b160-07ba9d664a12 HTTP/1.1" status: 200 len: 3011 time: 0.0314887
2026-09-12 05:13:48.838 10 WARNING neutron.scheduler.dhcp_agent_scheduler [None req-51a68358-a7a6-4b9a-a280-b35298bc0461 6d7a6c0f332e49568f995b49d66aaa1b 82ed8b0e619b40d1b675607182c9cd58 - - default default] No more DHCP agents
2026-09-12 05:13:48.842 10 WARNING neutron.api.rpc.agentnotifiers.dhcp_rpc_agent_api [None req-51a68358-a7a6-4b9a-a280-b35298bc0461 6d7a6c0f332e49568f995b49d66aaa1b 82ed8b0e619b40d1b675607182c9cd58 - - default default] Unable to schedule network 00c6ca4c-c0a1-4274-9e67-6cd967319799: no agents available; will retry on subsequent port and subnet creation events.
2026-09-12 05:13:48.908 10 INFO neutron.wsgi [req-b1cc1ab1-ade0-4eef-b684-967ea07b1836 req-163da877-feb0-4fe4-8e09-e7c4a7cb4fb8 406d2128c0c94a5baf856b1938ee9630 1d2f90680c7e43568c53542d9b1688b4 - - default default] 10.0.0.239 "GET /v2.0/security-groups?name=tempest-securitygroup--642074582&fields=id&tenant_id=1d2f90680c7e43568c53542d9b1688b4 HTTP/1.1" status: 200 len: 267 time: 0.0686154
2026-09-12 05:13:48.909 9 INFO neutron.db.ovn_revision_numbers_db [None req-aa7ef198-caa7-48af-8bdd-15a59311dcc8 - - - - - -] Successfully bumped revision number for resource bf42e75d-6d6c-432b-94df-8ae93119968f (type: ports) to 3
2026-09-12 05:13:49.047 9 INFO neutron.db.ovn_revision_numbers_db [None req-aa7ef198-caa7-48af-8bdd-15a59311dcc8 - - - - - -] Successfully bumped revision number for resource bf42e75d-6d6c-432b-94df-8ae93119968f (type: router_ports) to 3
2026-09-12 05:13:49.161 10 INFO neutron.wsgi [req-b1cc1ab1-ade0-4eef-b684-967ea07b1836 req-ea80bf63-65d4-421a-92bf-543177610b65 406d2128c0c94a5baf856b1938ee9630 1d2f90680c7e43568c53542d9b1688b4 - - default default] 10.0.0.239 "GET /v2.0/networks?id=49a5ab10-0a90-4d89-9633-d9c11e118a4b HTTP/1.1" status: 200 len: 868 time: 0.2379956
2026-09-12 05:13:49.167 10 INFO neutron.wsgi [None req-ad17321e-026f-4141-93f4-5e85bc257d26 a30db46f7b5b4aad88afac560155b8a6 31c7ef7d96c64b098b0883407f4bc0c0 - - - -] 10.0.0.239 "DELETE /v2.0/security-group-rules/c88cab41-1523-49a5-9da0-28ae86822a23 HTTP/1.1" status: 204 len: 173 time: 0.3813782
2026-09-12 05:13:49.184 10 INFO neutron.wsgi [req-b1cc1ab1-ade0-4eef-b684-967ea07b1836 req-2ee20a1c-f00b-46a2-8d32-8f7a320988b5 406d2128c0c94a5baf856b1938ee9630 1d2f90680c7e43568c53542d9b1688b4 - - default default] 10.0.0.239 "GET /v2.0/quotas/1d2f90680c7e43568c53542d9b1688b4 HTTP/1.1" status: 200 len: 386 time: 0.0163047
2026-09-12 05:13:49.285 10 INFO neutron.wsgi [req-49eb6f8d-15b6-4e39-bbf4-65cdb948b2bd req-6a8ba8ca-91c0-4d6b-a682-6e1d1c52f5f0 a30db46f7b5b4aad88afac560155b8a6 31c7ef7d96c64b098b0883407f4bc0c0 - - default default] 10.0.0.239 "GET /v2.0/security-groups/e4e74444-c3f7-4840-b160-07ba9d664a12 HTTP/1.1" status: 200 len: 2413 time: 0.0909638
2026-09-12 05:13:49.383 10 INFO neutron.wsgi [req-b1cc1ab1-ade0-4eef-b684-967ea07b1836 req-01cf1bd6-8c4e-49c9-ab64-2e7bab5eb961 406d2128c0c94a5baf856b1938ee9630 1d2f90680c7e43568c53542d9b1688b4 - - default default] 10.0.0.239 "GET /v2.0/ports?tenant_id=1d2f90680c7e43568c53542d9b1688b4&fields=id HTTP/1.1" status: 200 len: 302 time: 0.1886640
2026-09-12 05:13:49.553 10 INFO neutron.wsgi [None req-33de1847-8359-46bc-85b4-0b2d8a12fd32 a30db46f7b5b4aad88afac560155b8a6 31c7ef7d96c64b098b0883407f4bc0c0 - - - -] 10.0.0.239 "DELETE /v2.0/security-groups/e4e74444-c3f7-4840-b160-07ba9d664a12 HTTP/1.1" status: 204 len: 173 time: 0.2628312
2026-09-12 05:13:49.635 10 INFO neutron.wsgi [req-8e334864-9a70-4abb-89a1-f872f15ec084 req-d2631a61-2cf2-4765-95f9-1743e5596aee a30db46f7b5b4aad88afac560155b8a6 31c7ef7d96c64b098b0883407f4bc0c0 - - default default] 10.0.0.239 "GET /v2.0/security-groups/60eee9c7-0860-43c7-88d6-30a14a08ad7f HTTP/1.1" status: 200 len: 2412 time: 0.0542035
2026-09-12 05:13:49.720 10 WARNING neutron.plugins.ml2.drivers.ovn.mech_driver.ovsdb.ovn_client [None req-f4010fcd-c45b-4954-aa5b-f18dc71b67ee - - - - - -] No hosting information found for port d10b8aa2-5833-4a1f-8378-d03180dffaff: RuntimeError: No hosting information found for port d10b8aa2-5833-4a1f-8378-d03180dffaff
2026-09-12 05:13:49.720 10 INFO neutron.plugins.ml2.drivers.ovn.mech_driver.mech_driver [None req-f4010fcd-c45b-4954-aa5b-f18dc71b67ee - - - - - -] OVN reports status up for port: f4288f77-d965-4b91-911a-b0d60231501b
2026-09-12 05:13:49.759 10 INFO neutron.plugins.ml2.plugin [None req-f4010fcd-c45b-4954-aa5b-f18dc71b67ee - - - - - -] Attempt 1 to provision port f4288f77-d965-4b91-911a-b0d60231501b
2026-09-12 05:13:50.133 10 INFO neutron.wsgi [None req-f8fdbdc9-fe3d-462b-b85c-ede0a68321cb a30db46f7b5b4aad88afac560155b8a6 31c7ef7d96c64b098b0883407f4bc0c0 - - - -] 10.0.0.239 "DELETE /v2.0/security-groups/60eee9c7-0860-43c7-88d6-30a14a08ad7f HTTP/1.1" status: 204 len: 173 time: 0.4932313
2026-09-12 05:13:50.139 10 INFO neutron.wsgi [req-b1cc1ab1-ade0-4eef-b684-967ea07b1836 req-d1e2e3e1-13ad-428c-a1ea-8662701963ab ccc55c2b1b564a7bb0eaef7101c137cb a0ebd6d97c234365a41f5993b017964b - - 8c30287ce7d244c789d6d1b30f1e19f4 8c30287ce7d244c789d6d1b30f1e19f4] 10.0.0.239 "GET /v2.0/extensions HTTP/1.1" status: 200 len: 16525 time: 0.2136946
2026-09-12 05:13:50.158 10 INFO neutron.db.ovn_revision_numbers_db [None req-51a68358-a7a6-4b9a-a280-b35298bc0461 6d7a6c0f332e49568f995b49d66aaa1b 82ed8b0e619b40d1b675607182c9cd58 - - - -] Successfully bumped revision number for resource bf42e75d-6d6c-432b-94df-8ae93119968f (type: router_ports) to 3
2026-09-12 05:13:50.161 10 INFO neutron.wsgi [None req-51a68358-a7a6-4b9a-a280-b35298bc0461 6d7a6c0f332e49568f995b49d66aaa1b 82ed8b0e619b40d1b675607182c9cd58 - - - -] 10.0.0.140 "PUT /v2.0/routers/f5e4429b-8122-4fa6-b98c-c9c65e389976/add_router_interface HTTP/1.1" status: 200 len: 503 time: 2.9825835
2026-09-12 05:13:50.246 10 INFO neutron.wsgi [req-b1cc1ab1-ade0-4eef-b684-967ea07b1836 req-e9a702f5-ad87-4f5a-a0f0-034863759036 ccc55c2b1b564a7bb0eaef7101c137cb a0ebd6d97c234365a41f5993b017964b - - 8c30287ce7d244c789d6d1b30f1e19f4 8c30287ce7d244c789d6d1b30f1e19f4] 10.0.0.239 "GET /v2.0/networks/49a5ab10-0a90-4d89-9633-d9c11e118a4b?fields=segments HTTP/1.1" status: 200 len: 212 time: 0.1011384
2026-09-12 05:13:50.332 10 INFO neutron.wsgi [req-b1cc1ab1-ade0-4eef-b684-967ea07b1836 req-000500d1-8f9e-4cd1-bcf1-c34df90c1b4a ccc55c2b1b564a7bb0eaef7101c137cb a0ebd6d97c234365a41f5993b017964b - - 8c30287ce7d244c789d6d1b30f1e19f4 8c30287ce7d244c789d6d1b30f1e19f4] 10.0.0.239 "GET /v2.0/networks/49a5ab10-0a90-4d89-9633-d9c11e118a4b?fields=provider%3Aphysical_network&fields=provider%3Anetwork_type HTTP/1.1" status: 200 len: 277 time: 0.0750937
2026-09-12 05:13:50.341 10 INFO neutron.db.ovn_revision_numbers_db [None req-f4010fcd-c45b-4954-aa5b-f18dc71b67ee - - - - - -] Successfully bumped revision number for resource f4288f77-d965-4b91-911a-b0d60231501b (type: ports) to 3
2026-09-12 05:13:50.428 10 INFO neutron.db.ovn_revision_numbers_db [None req-f4010fcd-c45b-4954-aa5b-f18dc71b67ee - - - - - -] Successfully bumped revision number for resource f4288f77-d965-4b91-911a-b0d60231501b (type: router_ports) to 3
2026-09-12 05:13:50.558 10 INFO neutron.wsgi [req-452eba4e-28a0-4269-b024-8c1520315049 req-cd625cef-f044-4b06-8dd6-be79cf59001a 406d2128c0c94a5baf856b1938ee9630 1d2f90680c7e43568c53542d9b1688b4 - - default default] 10.0.0.239 "GET /v2.0/ports?device_id=d4d65a09-0ff1-4b2d-94d3-d8507dced923 HTTP/1.1" status: 200 len: 210 time: 0.0333462
2026-09-12 05:13:50.958 10 INFO neutron.db.ovn_revision_numbers_db [None req-d5a1befa-e0a6-4514-9029-5ade4c69737b f5e16158181d4f77903a4dcc01974ca8 50f97f05e06b41bf892258c910d69d99 - - - -] Successfully bumped revision number for resource 13c88661-bf76-4677-a24d-93d5f73fa8cc (type: security_groups) to 1
2026-09-12 05:13:50.989 10 INFO neutron.wsgi [None req-d5a1befa-e0a6-4514-9029-5ade4c69737b f5e16158181d4f77903a4dcc01974ca8 50f97f05e06b41bf892258c910d69d99 - - - -] 10.0.0.140 "POST /v2.0/security-groups HTTP/1.1" status: 201 len: 1796 time: 0.1841326
2026-09-12 05:13:51.009 10 INFO neutron.db.ovn_revision_numbers_db [None req-e22d71ef-8418-42e2-a452-0ca92f3003d1 6d7a6c0f332e49568f995b49d66aaa1b 82ed8b0e619b40d1b675607182c9cd58 - - default default] Successfully bumped revision number for resource f1a46324-85e0-44d2-968c-b8bbaabf8417 (type: security_groups) to 1
2026-09-12 05:13:51.039 10 INFO neutron.wsgi [None req-e22d71ef-8418-42e2-a452-0ca92f3003d1 6d7a6c0f332e49568f995b49d66aaa1b 82ed8b0e619b40d1b675607182c9cd58 - - default default] 10.0.0.140 "GET /v2.0/security-groups?tenant_id=b827f1e92d3f4c48af325af0acbf83a7&name=default HTTP/1.1" status: 200 len: 2996 time: 0.3034546
2026-09-12 05:13:51.151 10 INFO neutron.db.ovn_revision_numbers_db [None req-5a65c9f6-9bbd-4f07-b01f-a6b9f7bbbfec f5e16158181d4f77903a4dcc01974ca8 50f97f05e06b41bf892258c910d69d99 - - - -] Successfully bumped revision number for resource 314dc828-2118-4aca-8d9a-a82bc7821ee3 (type: security_group_rules) to 0
2026-09-12 05:13:51.188 10 INFO neutron.wsgi [None req-5a65c9f6-9bbd-4f07-b01f-a6b9f7bbbfec f5e16158181d4f77903a4dcc01974ca8 50f97f05e06b41bf892258c910d69d99 - - - -] 10.0.0.140 "POST /v2.0/security-group-rules HTTP/1.1" status: 201 len: 764 time: 0.1881514
2026-09-12 05:13:51.263 10 INFO neutron.wsgi [None req-f4fc9524-e93b-46e9-ba06-7750b098d601 6d7a6c0f332e49568f995b49d66aaa1b 82ed8b0e619b40d1b675607182c9cd58 - - - -] 10.0.0.140 "DELETE /v2.0/security-groups/f1a46324-85e0-44d2-968c-b8bbaabf8417 HTTP/1.1" status: 204 len: 168 time: 0.2178261
2026-09-12 05:13:51.301 10 INFO neutron.db.ovn_revision_numbers_db [None req-19f1d1c3-60bc-4dff-83d3-9223100ff22f f5e16158181d4f77903a4dcc01974ca8 50f97f05e06b41bf892258c910d69d99 - - - -] Successfully bumped revision number for resource bedbe17f-55f7-4b65-adb6-b98ca980e4d2 (type: security_group_rules) to 0
2026-09-12 05:13:51.319 10 INFO neutron.wsgi [None req-19f1d1c3-60bc-4dff-83d3-9223100ff22f f5e16158181d4f77903a4dcc01974ca8 50f97f05e06b41bf892258c910d69d99 - - - -] 10.0.0.140 "POST /v2.0/security-group-rules HTTP/1.1" status: 201 len: 769 time: 0.1268439
2026-09-12 05:13:51.508 10 INFO neutron.db.ovn_revision_numbers_db [None req-c7ad6bce-1df7-4d30-8e7f-2ef8069008ea 6d7a6c0f332e49568f995b49d66aaa1b 82ed8b0e619b40d1b675607182c9cd58 - - default default] Successfully bumped revision number for resource bb89366d-7a44-43ec-8f44-0f3fb5ab63ae (type: security_groups) to 1
2026-09-12 05:13:51.562 10 INFO neutron.wsgi [None req-c7ad6bce-1df7-4d30-8e7f-2ef8069008ea 6d7a6c0f332e49568f995b49d66aaa1b 82ed8b0e619b40d1b675607182c9cd58 - - default default] 10.0.0.140 "GET /v2.0/security-groups?tenant_id=e6551a1d563446039d6b95227fe6d202&name=default HTTP/1.1" status: 200 len: 2996 time: 0.1844487
2026-09-12 05:13:51.606 10 WARNING neutron.scheduler.dhcp_agent_scheduler [None req-32139378-2ac8-4bed-a584-8fc5b11ccb71 f5e16158181d4f77903a4dcc01974ca8 50f97f05e06b41bf892258c910d69d99 - - - -] No more DHCP agents
2026-09-12 05:13:51.608 10 WARNING neutron.api.rpc.agentnotifiers.dhcp_rpc_agent_api [None req-32139378-2ac8-4bed-a584-8fc5b11ccb71 f5e16158181d4f77903a4dcc01974ca8 50f97f05e06b41bf892258c910d69d99 - - - -] Unable to schedule network f4c1c2ff-ed9f-4bf4-9a30-87877b7ba6f7: no agents available; will retry on subsequent port and subnet creation events.
2026-09-12 05:13:51.646 9 INFO neutron.wsgi [None req-14df8b8f-0143-483b-b2a2-b71f427a3f5b 6d7a6c0f332e49568f995b49d66aaa1b 82ed8b0e619b40d1b675607182c9cd58 - - - -] 10.0.0.140 "PUT /v2.0/routers/59b321de-5050-4827-ae89-fd33ed21abbe/remove_router_interface HTTP/1.1" status: 200 len: 503 time: 1.5022566
2026-09-12 05:13:51.727 10 INFO neutron.wsgi [req-ab672453-c201-421b-bd6b-44180f466baf req-ec6039fc-db63-4199-921f-e1afec906145 406d2128c0c94a5baf856b1938ee9630 1d2f90680c7e43568c53542d9b1688b4 - - default default] 10.0.0.239 "GET /v2.0/ports?device_id=d4d65a09-0ff1-4b2d-94d3-d8507dced923 HTTP/1.1" status: 200 len: 210 time: 0.0368724
2026-09-12 05:13:52.073 10 INFO neutron.wsgi [None req-c8a176d7-7d2c-47c6-b995-d3293463143b 6d7a6c0f332e49568f995b49d66aaa1b 82ed8b0e619b40d1b675607182c9cd58 - - - -] 10.0.0.140 "DELETE /v2.0/security-groups/bb89366d-7a44-43ec-8f44-0f3fb5ab63ae HTTP/1.1" status: 204 len: 168 time: 0.5071039
2026-09-12 05:13:52.151 10 INFO neutron.db.ovn_revision_numbers_db [None req-32139378-2ac8-4bed-a584-8fc5b11ccb71 f5e16158181d4f77903a4dcc01974ca8 50f97f05e06b41bf892258c910d69d99 - - - -] Successfully bumped revision number for resource 6d323378-00f3-4245-afac-17f96039b585 (type: floatingips) to 0
2026-09-12 05:13:52.174 10 INFO neutron.wsgi [None req-32139378-2ac8-4bed-a584-8fc5b11ccb71 f5e16158181d4f77903a4dcc01974ca8 50f97f05e06b41bf892258c910d69d99 - - - -] 10.0.0.140 "POST /v2.0/floatingips HTTP/1.1" status: 201 len: 751 time: 0.8512049 /var/lib/openstack/lib/python3.10/site-packages/pycadf/identifier.py:71: UserWarning: Invalid uuid: neutron. To ensure interoperability, identifiers should be a valid uuid. warnings.warn(('Invalid uuid: %s. To ensure interoperability, '
2026-09-12 05:13:52.481 10 INFO neutron.wsgi [None req-41531ff6-7e57-47fe-960e-4cd9f57e88f8 6d7a6c0f332e49568f995b49d66aaa1b 82ed8b0e619b40d1b675607182c9cd58 - - - -] 10.0.0.140 "DELETE /v2.0/routers/59b321de-5050-4827-ae89-fd33ed21abbe HTTP/1.1" status: 204 len: 168 time: 0.8291001
2026-09-12 05:13:52.639 9 INFO neutron.wsgi [req-b1cc1ab1-ade0-4eef-b684-967ea07b1836 req-5e925445-aa3f-4fc7-9647-66c2a429d7be 406d2128c0c94a5baf856b1938ee9630 1d2f90680c7e43568c53542d9b1688b4 - - default default] 162.253.55.43 "GET /v2.0/networks?id=49a5ab10-0a90-4d89-9633-d9c11e118a4b HTTP/1.1" status: 200 len: 868 time: 0.4789679
2026-09-12 05:13:52.649 10 INFO neutron.wsgi [req-0bf8384e-5e72-418f-9494-fb1417509611 req-67c78d8e-0abf-4c66-b027-022f4bc32065 f5e16158181d4f77903a4dcc01974ca8 50f97f05e06b41bf892258c910d69d99 - - default default] 10.0.0.239 "GET /v2.0/security-groups?name=tempest-securitygroup--1055684508&fields=id&tenant_id=50f97f05e06b41bf892258c910d69d99 HTTP/1.1" status: 200 len: 267 time: 0.0257189
2026-09-12 05:13:52.687 10 INFO neutron.wsgi [None req-d9a21d2e-2d5d-4e2b-8ddf-0cba2f94734b 6d7a6c0f332e49568f995b49d66aaa1b 82ed8b0e619b40d1b675607182c9cd58 - - - -] 10.0.0.140 "DELETE /v2.0/subnets/01f511ea-6ff1-4683-bef3-789fd8cceb44 HTTP/1.1" status: 204 len: 168 time: 0.2017262
2026-09-12 05:13:52.731 9 INFO neutron.wsgi [req-b1cc1ab1-ade0-4eef-b684-967ea07b1836 req-32a6ad11-4a3a-49f7-bcaf-c60907c0a5ce 406d2128c0c94a5baf856b1938ee9630 1d2f90680c7e43568c53542d9b1688b4 - - default default] 162.253.55.43 "GET /v2.0/security-groups?fields=id&fields=name&tenant_id=1d2f90680c7e43568c53542d9b1688b4 HTTP/1.1" status: 200 len: 379 time: 0.0716307
2026-09-12 05:13:52.751 10 INFO neutron.wsgi [req-0bf8384e-5e72-418f-9494-fb1417509611 req-5de57a61-0e1a-4476-b422-f9501c9c29c7 f5e16158181d4f77903a4dcc01974ca8 50f97f05e06b41bf892258c910d69d99 - - default default] 10.0.0.239 "GET /v2.0/networks?id=00c6ca4c-c0a1-4274-9e67-6cd967319799 HTTP/1.1" status: 200 len: 883 time: 0.0930269
2026-09-12 05:13:52.767 10 INFO neutron.wsgi [req-0bf8384e-5e72-418f-9494-fb1417509611 req-9cad27c8-2d24-43c3-885b-6dd2e912aff0 f5e16158181d4f77903a4dcc01974ca8 50f97f05e06b41bf892258c910d69d99 - - default default] 10.0.0.239 "GET /v2.0/quotas/50f97f05e06b41bf892258c910d69d99 HTTP/1.1" status: 200 len: 386 time: 0.0096424
2026-09-12 05:13:52.834 10 INFO neutron.wsgi [req-40e2ab1e-b240-4089-a00c-50394faaddd3 req-6e6b6ae8-f7ae-46f7-8de1-41f33588988e 406d2128c0c94a5baf856b1938ee9630 1d2f90680c7e43568c53542d9b1688b4 - - default default] 10.0.0.239 "GET /v2.0/ports?device_id=d4d65a09-0ff1-4b2d-94d3-d8507dced923 HTTP/1.1" status: 200 len: 210 time: 0.0281980
2026-09-12 05:13:52.885 10 INFO neutron.wsgi [req-0bf8384e-5e72-418f-9494-fb1417509611 req-c6b36f1f-1b8e-4c88-9da4-fe80e9bc3e6e f5e16158181d4f77903a4dcc01974ca8 50f97f05e06b41bf892258c910d69d99 - - default default] 10.0.0.239 "GET /v2.0/ports?tenant_id=50f97f05e06b41bf892258c910d69d99&fields=id HTTP/1.1" status: 200 len: 302 time: 0.1089990
2026-09-12 05:13:52.967 10 INFO neutron.wsgi [req-0bf8384e-5e72-418f-9494-fb1417509611 req-6be741fa-3e41-44c6-af99-03cd0e611243 ccc55c2b1b564a7bb0eaef7101c137cb a0ebd6d97c234365a41f5993b017964b - - 8c30287ce7d244c789d6d1b30f1e19f4 8c30287ce7d244c789d6d1b30f1e19f4] 10.0.0.239 "GET /v2.0/networks/00c6ca4c-c0a1-4274-9e67-6cd967319799?fields=segments HTTP/1.1" status: 200 len: 212 time: 0.0617080
2026-09-12 05:13:53.089 9 INFO neutron.wsgi [-] 10.0.0.141 "GET / HTTP/1.1" status: 200 len: 247 time: 0.0014815
2026-09-12 05:13:53.091 9 INFO neutron.wsgi [-] 10.0.0.141 "GET / HTTP/1.1" status: 200 len: 247 time: 0.0009639
2026-09-12 05:13:53.175 10 INFO neutron.wsgi [req-0bf8384e-5e72-418f-9494-fb1417509611 req-d990a442-8767-45f1-b5e2-7ca65e274a30 ccc55c2b1b564a7bb0eaef7101c137cb a0ebd6d97c234365a41f5993b017964b - - 8c30287ce7d244c789d6d1b30f1e19f4 8c30287ce7d244c789d6d1b30f1e19f4] 10.0.0.239 "GET /v2.0/networks/00c6ca4c-c0a1-4274-9e67-6cd967319799?fields=provider%3Aphysical_network&fields=provider%3Anetwork_type HTTP/1.1" status: 200 len: 277 time: 0.1985486
2026-09-12 05:13:53.178 9 WARNING neutron.scheduler.dhcp_agent_scheduler [None req-3a8ac640-1a1a-4231-8ce7-a235a49186e0 406d2128c0c94a5baf856b1938ee9630 1d2f90680c7e43568c53542d9b1688b4 - - - -] No more DHCP agents
2026-09-12 05:13:53.180 9 WARNING neutron.api.rpc.agentnotifiers.dhcp_rpc_agent_api [None req-3a8ac640-1a1a-4231-8ce7-a235a49186e0 406d2128c0c94a5baf856b1938ee9630 1d2f90680c7e43568c53542d9b1688b4 - - - -] Unable to schedule network 49a5ab10-0a90-4d89-9633-d9c11e118a4b: no agents available; will retry on subsequent port and subnet creation events.
2026-09-12 05:13:53.287 9 INFO neutron.db.ovn_revision_numbers_db [None req-3a8ac640-1a1a-4231-8ce7-a235a49186e0 406d2128c0c94a5baf856b1938ee9630 1d2f90680c7e43568c53542d9b1688b4 - - - -] Successfully bumped revision number for resource 48f46aa9-562d-4b2d-a213-731181904624 (type: ports) to 1
2026-09-12 05:13:53.356 10 INFO neutron.wsgi [req-cb377bba-19ab-4448-950a-053290a2dbf1 req-a72698ec-c3c8-438f-9b01-f069898cde82 f5e16158181d4f77903a4dcc01974ca8 50f97f05e06b41bf892258c910d69d99 - - default default] 10.0.0.239 "GET /v2.0/ports?device_id=5abf7bc9-d2ed-4826-acd6-128dc03e860e HTTP/1.1" status: 200 len: 210 time: 0.0403683
2026-09-12 05:13:53.356 9 INFO neutron.wsgi [None req-3a8ac640-1a1a-4231-8ce7-a235a49186e0 406d2128c0c94a5baf856b1938ee9630 1d2f90680c7e43568c53542d9b1688b4 - - - -] 162.253.55.43 "POST /v2.0/ports HTTP/1.1" status: 201 len: 1158 time: 0.6173627
2026-09-12 05:13:53.374 10 INFO neutron.wsgi [None req-2df01bf5-8a17-4a93-a4c6-9eebad63303f 6d7a6c0f332e49568f995b49d66aaa1b 82ed8b0e619b40d1b675607182c9cd58 - - - -] 10.0.0.140 "DELETE /v2.0/networks/7f8cdc74-909a-40b6-8537-50dc7b425e0f HTTP/1.1" status: 204 len: 168 time: 0.6782317 /var/lib/openstack/lib/python3.10/site-packages/pycadf/identifier.py:71: UserWarning: Invalid uuid: neutron. To ensure interoperability, identifiers should be a valid uuid. warnings.warn(('Invalid uuid: %s. To ensure interoperability, '
2026-09-12 05:13:53.381 9 INFO neutron.wsgi [req-b1cc1ab1-ade0-4eef-b684-967ea07b1836 req-a12a23bd-8839-4ba9-b466-5223ca1561b2 406d2128c0c94a5baf856b1938ee9630 1d2f90680c7e43568c53542d9b1688b4 - - default default] 162.253.55.43 "GET /v2.0/extensions HTTP/1.1" status: 200 len: 16525 time: 0.0158832
2026-09-12 05:13:53.608 10 INFO neutron.wsgi [None req-4261e91c-063a-4224-9ef1-e8c5d412ec9d 6d7a6c0f332e49568f995b49d66aaa1b 82ed8b0e619b40d1b675607182c9cd58 - - default default] 10.0.0.140 "GET /v2.0/security-groups?tenant_id=31c7ef7d96c64b098b0883407f4bc0c0&name=default HTTP/1.1" status: 200 len: 2992 time: 0.0328569
2026-09-12 05:13:53.794 10 INFO neutron.wsgi [None req-cdf957ae-2043-4e5f-be01-02898b2387e9 6d7a6c0f332e49568f995b49d66aaa1b 82ed8b0e619b40d1b675607182c9cd58 - - - -] 10.0.0.140 "DELETE /v2.0/security-groups/927ce37b-6973-40ad-93f0-2ee7bea45a60 HTTP/1.1" status: 204 len: 168 time: 0.1816711
2026-09-12 05:13:53.841 10 INFO neutron.services.segments.plugin [-] Segment 6bb87799-8eeb-416c-a1ad-d1fe8075a1c4 resource provider aggregate not found
2026-09-12 05:13:53.857 10 INFO neutron.services.segments.plugin [-] Segment 6bb87799-8eeb-416c-a1ad-d1fe8075a1c4 resource provider aggregate not found
2026-09-12 05:13:53.866 10 INFO neutron.services.segments.plugin [-] Segment 6bb87799-8eeb-416c-a1ad-d1fe8075a1c4 resource provider not found; error: Placement Client Error (4xx): {"errors": [{"status": 404, "title": "Not Found", "detail": "The resource could not be found.\n\n No resource provider with uuid 6bb87799-8eeb-416c-a1ad-d1fe8075a1c4 found for delete ", "request_id": "req-af8b91b3-4bfd-4d3b-b79d-ce72de3966c4"}]}
2026-09-12 05:13:53.874 10 INFO neutron.services.segments.plugin [-] Segment 6bb87799-8eeb-416c-a1ad-d1fe8075a1c4 resource provider not found; error: Placement Client Error (4xx): {"errors": [{"status": 404, "title": "Not Found", "detail": "The resource could not be found.\n\n No resource provider with uuid 6bb87799-8eeb-416c-a1ad-d1fe8075a1c4 found for delete ", "request_id": "req-7a098cb4-7fc2-4ed4-ab4e-6d4e09e572be"}]}
2026-09-12 05:13:54.018 9 WARNING neutron.plugins.ml2.drivers.ovn.mech_driver.ovsdb.ovn_client [None req-aa7ef198-caa7-48af-8bdd-15a59311dcc8 - - - - - -] No hosting information found for port bf42e75d-6d6c-432b-94df-8ae93119968f: RuntimeError: No hosting information found for port bf42e75d-6d6c-432b-94df-8ae93119968f
2026-09-12 05:13:54.050 10 INFO neutron.wsgi [req-55e0a675-9c09-487a-bedf-47d2ae6101fd req-27ca1893-fb78-43e8-ab7c-d2fcb9b0d696 406d2128c0c94a5baf856b1938ee9630 1d2f90680c7e43568c53542d9b1688b4 - - default default] 10.0.0.239 "GET /v2.0/ports?device_id=d4d65a09-0ff1-4b2d-94d3-d8507dced923 HTTP/1.1" status: 200 len: 1156 time: 0.0762875
2026-09-12 05:13:54.106 10 INFO neutron.wsgi [req-55e0a675-9c09-487a-bedf-47d2ae6101fd req-f11afabb-004d-4feb-b81b-cc94ffa2c7d8 406d2128c0c94a5baf856b1938ee9630 1d2f90680c7e43568c53542d9b1688b4 - - default default] 10.0.0.239 "GET /v2.0/security-groups?id=1f29c44f-b575-476f-8de5-4da3076c7da5&fields=id&fields=name HTTP/1.1" status: 200 len: 312 time: 0.0427816
2026-09-12 05:13:54.249 9 INFO neutron.wsgi [req-0bf8384e-5e72-418f-9494-fb1417509611 req-9c340517-09c9-4bd2-b402-bc4a3eb41332 f5e16158181d4f77903a4dcc01974ca8 50f97f05e06b41bf892258c910d69d99 - - default default] 162.253.55.43 "GET /v2.0/networks?id=00c6ca4c-c0a1-4274-9e67-6cd967319799 HTTP/1.1" status: 200 len: 883 time: 0.0759149 /var/lib/openstack/lib/python3.10/site-packages/pycadf/identifier.py:71: UserWarning: Invalid uuid: neutron. To ensure interoperability, identifiers should be a valid uuid. warnings.warn(('Invalid uuid: %s. To ensure interoperability, '
2026-09-12 05:13:54.303 9 INFO neutron.wsgi [req-0bf8384e-5e72-418f-9494-fb1417509611 req-91781e7c-2bd3-4ec2-9722-c4a3479f66c8 f5e16158181d4f77903a4dcc01974ca8 50f97f05e06b41bf892258c910d69d99 - - default default] 162.253.55.43 "GET /v2.0/security-groups?fields=id&fields=name&tenant_id=50f97f05e06b41bf892258c910d69d99 HTTP/1.1" status: 200 len: 380 time: 0.0439537
2026-09-12 05:13:54.305 9 INFO neutron.db.ovn_revision_numbers_db [None req-99a066ab-6ba8-4f19-8d94-69c7fc76ffce ccc55c2b1b564a7bb0eaef7101c137cb a0ebd6d97c234365a41f5993b017964b - - - -] Successfully bumped revision number for resource 48f46aa9-562d-4b2d-a213-731181904624 (type: ports) to 2
2026-09-12 05:13:54.462 10 INFO neutron.wsgi [req-4f8f58db-feaf-4079-b8be-e846d8060cde req-2a1416ad-cba8-413f-b79e-c58089afc584 f5e16158181d4f77903a4dcc01974ca8 50f97f05e06b41bf892258c910d69d99 - - default default] 10.0.0.239 "GET /v2.0/ports?device_id=5abf7bc9-d2ed-4826-acd6-128dc03e860e HTTP/1.1" status: 200 len: 210 time: 0.0276134
2026-09-12 05:13:54.699 9 INFO neutron.db.ovn_revision_numbers_db [None req-99a066ab-6ba8-4f19-8d94-69c7fc76ffce ccc55c2b1b564a7bb0eaef7101c137cb a0ebd6d97c234365a41f5993b017964b - - - -] Successfully bumped revision number for resource 48f46aa9-562d-4b2d-a213-731181904624 (type: ports) to 2
2026-09-12 05:13:54.734 9 INFO neutron.wsgi [None req-99a066ab-6ba8-4f19-8d94-69c7fc76ffce ccc55c2b1b564a7bb0eaef7101c137cb a0ebd6d97c234365a41f5993b017964b - - - -] 162.253.55.43 "PUT /v2.0/ports/48f46aa9-562d-4b2d-a213-731181904624 HTTP/1.1" status: 200 len: 1328 time: 0.9341629 /var/lib/openstack/lib/python3.10/site-packages/pycadf/identifier.py:71: UserWarning: Invalid uuid: neutron. To ensure interoperability, identifiers should be a valid uuid. warnings.warn(('Invalid uuid: %s. To ensure interoperability, '
2026-09-12 05:13:54.834 9 INFO neutron.wsgi [req-b1cc1ab1-ade0-4eef-b684-967ea07b1836 req-74e5ccd3-5c93-4385-8305-99de42e3e476 ccc55c2b1b564a7bb0eaef7101c137cb a0ebd6d97c234365a41f5993b017964b - - 8c30287ce7d244c789d6d1b30f1e19f4 8c30287ce7d244c789d6d1b30f1e19f4] 162.253.55.43 "GET /v2.0/ports?tenant_id=1d2f90680c7e43568c53542d9b1688b4&device_id=d4d65a09-0ff1-4b2d-94d3-d8507dced923 HTTP/1.1" status: 200 len: 1359 time: 0.0556796 /var/lib/openstack/lib/python3.10/site-packages/pycadf/identifier.py:71: UserWarning: Invalid uuid: neutron. To ensure interoperability, identifiers should be a valid uuid. warnings.warn(('Invalid uuid: %s. To ensure interoperability, '
2026-09-12 05:13:54.893 9 INFO neutron.wsgi [req-b1cc1ab1-ade0-4eef-b684-967ea07b1836 req-3612a1e5-d4e3-484d-ae2f-41b50dda0085 ccc55c2b1b564a7bb0eaef7101c137cb a0ebd6d97c234365a41f5993b017964b - - 8c30287ce7d244c789d6d1b30f1e19f4 8c30287ce7d244c789d6d1b30f1e19f4] 162.253.55.43 "GET /v2.0/floatingips?fixed_ip_address=10.100.0.6&port_id=48f46aa9-562d-4b2d-a213-731181904624 HTTP/1.1" status: 200 len: 217 time: 0.0534563
2026-09-12 05:13:54.932 9 WARNING neutron.scheduler.dhcp_agent_scheduler [None req-7ed80793-6ed5-4dc4-bc47-9a5aa5389058 f5e16158181d4f77903a4dcc01974ca8 50f97f05e06b41bf892258c910d69d99 - - - -] No more DHCP agents
2026-09-12 05:13:54.939 9 WARNING neutron.api.rpc.agentnotifiers.dhcp_rpc_agent_api [None req-7ed80793-6ed5-4dc4-bc47-9a5aa5389058 f5e16158181d4f77903a4dcc01974ca8 50f97f05e06b41bf892258c910d69d99 - - - -] Unable to schedule network 00c6ca4c-c0a1-4274-9e67-6cd967319799: no agents available; will retry on subsequent port and subnet creation events.
2026-09-12 05:13:54.956 9 INFO neutron.wsgi [req-b1cc1ab1-ade0-4eef-b684-967ea07b1836 req-270cfdde-8d2b-4846-8ad6-e1f2244d09b8 ccc55c2b1b564a7bb0eaef7101c137cb a0ebd6d97c234365a41f5993b017964b - - 8c30287ce7d244c789d6d1b30f1e19f4 8c30287ce7d244c789d6d1b30f1e19f4] 162.253.55.43 "GET /v2.0/subnets?id=85213418-4d30-4f85-bbbd-8844f8ffe106 HTTP/1.1" status: 200 len: 862 time: 0.0570118 /var/lib/openstack/lib/python3.10/site-packages/pycadf/identifier.py:71: UserWarning: Invalid uuid: neutron. To ensure interoperability, identifiers should be a valid uuid. warnings.warn(('Invalid uuid: %s. To ensure interoperability, '
2026-09-12 05:13:55.010 9 INFO neutron.wsgi [req-b1cc1ab1-ade0-4eef-b684-967ea07b1836 req-3858e7ab-cb0d-45d7-a0a8-60c1ff67cd91 ccc55c2b1b564a7bb0eaef7101c137cb a0ebd6d97c234365a41f5993b017964b - - 8c30287ce7d244c789d6d1b30f1e19f4 8c30287ce7d244c789d6d1b30f1e19f4] 162.253.55.43 "GET /v2.0/ports?network_id=49a5ab10-0a90-4d89-9633-d9c11e118a4b&device_owner=network%3Adhcp HTTP/1.1" status: 200 len: 210 time: 0.0479629
2026-09-12 05:13:55.098 9 INFO neutron.wsgi [req-b1cc1ab1-ade0-4eef-b684-967ea07b1836 req-444f6afe-5e9e-47bc-ae6a-8e5cceb27702 ccc55c2b1b564a7bb0eaef7101c137cb a0ebd6d97c234365a41f5993b017964b - - 8c30287ce7d244c789d6d1b30f1e19f4 8c30287ce7d244c789d6d1b30f1e19f4] 162.253.55.43 "GET /v2.0/networks/49a5ab10-0a90-4d89-9633-d9c11e118a4b?fields=segments HTTP/1.1" status: 200 len: 212 time: 0.0789959
2026-09-12 05:13:55.130 9 INFO neutron.db.ovn_revision_numbers_db [None req-7ed80793-6ed5-4dc4-bc47-9a5aa5389058 f5e16158181d4f77903a4dcc01974ca8 50f97f05e06b41bf892258c910d69d99 - - - -] Successfully bumped revision number for resource 0d64a4ad-a2ab-48f7-b6f2-e8a2d93f9b22 (type: ports) to 1
2026-09-12 05:13:55.169 9 INFO neutron.wsgi [None req-7ed80793-6ed5-4dc4-bc47-9a5aa5389058 f5e16158181d4f77903a4dcc01974ca8 50f97f05e06b41bf892258c910d69d99 - - - -] 162.253.55.43 "POST /v2.0/ports HTTP/1.1" status: 201 len: 1158 time: 0.8596439
2026-09-12 05:13:55.189 9 INFO neutron.wsgi [req-b1cc1ab1-ade0-4eef-b684-967ea07b1836 req-357500f2-bbc5-40d2-869a-18984bb4f139 ccc55c2b1b564a7bb0eaef7101c137cb a0ebd6d97c234365a41f5993b017964b - - 8c30287ce7d244c789d6d1b30f1e19f4 8c30287ce7d244c789d6d1b30f1e19f4] 162.253.55.43 "GET /v2.0/networks/49a5ab10-0a90-4d89-9633-d9c11e118a4b?fields=provider%3Aphysical_network&fields=provider%3Anetwork_type HTTP/1.1" status: 200 len: 277 time: 0.0809162
2026-09-12 05:13:55.284 9 INFO neutron.notifiers.nova [-] Nova event matching ['req-d3958b63-4ba4-4a3c-bc5b-72d803fa773d'] response: {'name': 'network-changed', 'server_uuid': 'd4d65a09-0ff1-4b2d-94d3-d8507dced923', 'tag': '48f46aa9-562d-4b2d-a213-731181904624', 'status': 'completed', 'code': 200}
2026-09-12 05:13:55.332 9 INFO neutron.wsgi [req-5496f76c-d2bd-4197-a3df-ca889b94ea82 req-6d5b46d8-f9f8-445f-a19f-12e439cd9319 ccc55c2b1b564a7bb0eaef7101c137cb a0ebd6d97c234365a41f5993b017964b - - 8c30287ce7d244c789d6d1b30f1e19f4 8c30287ce7d244c789d6d1b30f1e19f4] 162.253.55.43 "GET /v2.0/ports?tenant_id=1d2f90680c7e43568c53542d9b1688b4&device_id=d4d65a09-0ff1-4b2d-94d3-d8507dced923 HTTP/1.1" status: 200 len: 1359 time: 0.0366516
2026-09-12 05:13:55.338 10 INFO neutron.wsgi [req-b8753519-a95a-4863-8374-648808e22219 req-7da2b6e6-f9ea-4107-a097-8c3338d5f2b8 406d2128c0c94a5baf856b1938ee9630 1d2f90680c7e43568c53542d9b1688b4 - - default default] 10.0.0.239 "GET /v2.0/ports?device_id=d4d65a09-0ff1-4b2d-94d3-d8507dced923 HTTP/1.1" status: 200 len: 1168 time: 0.1350787
2026-09-12 05:13:55.388 10 INFO neutron.wsgi [req-b8753519-a95a-4863-8374-648808e22219 req-20bd8dcf-2f93-4836-8c06-0a54813f5e58 406d2128c0c94a5baf856b1938ee9630 1d2f90680c7e43568c53542d9b1688b4 - - default default] 10.0.0.239 "GET /v2.0/security-groups?id=1f29c44f-b575-476f-8de5-4da3076c7da5&fields=id&fields=name HTTP/1.1" status: 200 len: 312 time: 0.0434318
2026-09-12 05:13:55.421 9 INFO neutron.wsgi [req-5496f76c-d2bd-4197-a3df-ca889b94ea82 req-3e3b1a31-ce1f-4c23-8572-d6c701087f7f ccc55c2b1b564a7bb0eaef7101c137cb a0ebd6d97c234365a41f5993b017964b - - 8c30287ce7d244c789d6d1b30f1e19f4 8c30287ce7d244c789d6d1b30f1e19f4] 162.253.55.43 "GET /v2.0/networks?id=49a5ab10-0a90-4d89-9633-d9c11e118a4b HTTP/1.1" status: 200 len: 967 time: 0.0776842
2026-09-12 05:13:55.450 9 INFO neutron.wsgi [req-5496f76c-d2bd-4197-a3df-ca889b94ea82 req-6704a63e-802d-4797-9a7e-a63fb0414837 ccc55c2b1b564a7bb0eaef7101c137cb a0ebd6d97c234365a41f5993b017964b - - 8c30287ce7d244c789d6d1b30f1e19f4 8c30287ce7d244c789d6d1b30f1e19f4] 162.253.55.43 "GET /v2.0/floatingips?fixed_ip_address=10.100.0.6&port_id=48f46aa9-562d-4b2d-a213-731181904624 HTTP/1.1" status: 200 len: 217 time: 0.0230024
2026-09-12 05:13:55.507 9 INFO neutron.wsgi [req-5496f76c-d2bd-4197-a3df-ca889b94ea82 req-8b237aa8-a48d-4082-bd20-96e6505032ea ccc55c2b1b564a7bb0eaef7101c137cb a0ebd6d97c234365a41f5993b017964b - - 8c30287ce7d244c789d6d1b30f1e19f4 8c30287ce7d244c789d6d1b30f1e19f4] 162.253.55.43 "GET /v2.0/subnets?id=85213418-4d30-4f85-bbbd-8844f8ffe106 HTTP/1.1" status: 200 len: 862 time: 0.0491493 /var/lib/openstack/lib/python3.10/site-packages/pycadf/identifier.py:71: UserWarning: Invalid uuid: neutron. To ensure interoperability, identifiers should be a valid uuid. warnings.warn(('Invalid uuid: %s. To ensure interoperability, '
2026-09-12 05:13:55.545 9 INFO neutron.wsgi [req-5496f76c-d2bd-4197-a3df-ca889b94ea82 req-0bb6d5a8-c905-4f1c-9953-071e75292384 ccc55c2b1b564a7bb0eaef7101c137cb a0ebd6d97c234365a41f5993b017964b - - 8c30287ce7d244c789d6d1b30f1e19f4 8c30287ce7d244c789d6d1b30f1e19f4] 162.253.55.43 "GET /v2.0/ports?network_id=49a5ab10-0a90-4d89-9633-d9c11e118a4b&device_owner=network%3Adhcp HTTP/1.1" status: 200 len: 210 time: 0.0202518
2026-09-12 05:13:55.620 10 INFO neutron.wsgi [req-503d26aa-243f-48f2-8a54-bf0089acf841 req-97977217-e83b-48d1-a25f-569a2b9ac121 f5e16158181d4f77903a4dcc01974ca8 50f97f05e06b41bf892258c910d69d99 - - default default] 10.0.0.239 "GET /v2.0/ports?device_id=5abf7bc9-d2ed-4826-acd6-128dc03e860e HTTP/1.1" status: 200 len: 1168 time: 0.0611999
2026-09-12 05:13:55.623 9 INFO neutron.db.ovn_revision_numbers_db [None req-2016eeb2-1f4d-49af-847a-b7da54c073d4 ccc55c2b1b564a7bb0eaef7101c137cb a0ebd6d97c234365a41f5993b017964b - - - -] Successfully bumped revision number for resource 0d64a4ad-a2ab-48f7-b6f2-e8a2d93f9b22 (type: ports) to 2
2026-09-12 05:13:55.632 9 INFO neutron.wsgi [req-5496f76c-d2bd-4197-a3df-ca889b94ea82 req-86e430f5-c00f-4423-81a6-8221b49900a8 ccc55c2b1b564a7bb0eaef7101c137cb a0ebd6d97c234365a41f5993b017964b - - 8c30287ce7d244c789d6d1b30f1e19f4 8c30287ce7d244c789d6d1b30f1e19f4] 162.253.55.43 "GET /v2.0/networks/49a5ab10-0a90-4d89-9633-d9c11e118a4b?fields=segments HTTP/1.1" status: 200 len: 212 time: 0.0518348
