2026-09-12 05:14:55.348 9 INFO neutron.db.l3_db [None req-ddb8ac3e-6ed0-4be3-8fd9-5d6a808f2f39 fc547529bf5b485f897bf56986ce773e fef618eb389a45bfb02e6eddce1cece7 - - - -] Floating IP 52b94958-57c3-4c27-b3a4-1467fb55d0c1 disassociated. External IP: 10.96.250.205, port: 6b1d9fee-99b2-4985-95e5-352dd230bbce.
2026-09-12 05:14:55.564 9 INFO neutron.wsgi [None req-ddb8ac3e-6ed0-4be3-8fd9-5d6a808f2f39 fc547529bf5b485f897bf56986ce773e fef618eb389a45bfb02e6eddce1cece7 - - - -] 162.253.55.43 "DELETE /v2.0/ports/6b1d9fee-99b2-4985-95e5-352dd230bbce HTTP/1.1" status: 204 len: 173 time: 0.5885460
2026-09-12 05:14:55.605 10 INFO neutron.wsgi [req-20b9bcfb-05c4-40ec-b260-5e6dbae51cc4 req-5e157a82-3787-4ff5-859e-03aabbe9e650 fc547529bf5b485f897bf56986ce773e fef618eb389a45bfb02e6eddce1cece7 - - default default] 10.0.0.239 "GET /v2.0/ports?device_id=47568118-0fc8-485e-9d7d-fecba2eef082 HTTP/1.1" status: 200 len: 210 time: 0.0189898
2026-09-12 05:14:55.811 10 INFO neutron.wsgi [req-5f1f536b-70de-4afd-b303-0e5450bdb9b6 req-ba743dd9-a2a4-40b4-bbe6-590c50c13c3a ccc55c2b1b564a7bb0eaef7101c137cb a0ebd6d97c234365a41f5993b017964b - - 8c30287ce7d244c789d6d1b30f1e19f4 8c30287ce7d244c789d6d1b30f1e19f4] 10.0.0.45 "GET /v2.0/ports?device_id=3b7b92a4-0e02-4090-af9a-22507391aa24 HTTP/1.1" status: 200 len: 1361 time: 0.0435815
2026-09-12 05:14:55.888 10 INFO neutron.wsgi [req-5f1f536b-70de-4afd-b303-0e5450bdb9b6 req-9f862388-ff08-40f5-87b0-3607da7a6d66 ccc55c2b1b564a7bb0eaef7101c137cb a0ebd6d97c234365a41f5993b017964b - - 8c30287ce7d244c789d6d1b30f1e19f4 8c30287ce7d244c789d6d1b30f1e19f4] 10.0.0.45 "GET /v2.0/security-groups?id=d2a8e51e-f45a-4ac5-9fb9-93531e05cbfc&fields=id&fields=name HTTP/1.1" status: 200 len: 313 time: 0.0640526
2026-09-12 05:14:56.107 9 INFO neutron.notifiers.nova [-] Nova event matching ['req-f5a20cbe-3953-4499-ac1a-c575e47bcbba'] response: {'server_uuid': '47568118-0fc8-485e-9d7d-fecba2eef082', 'name': 'network-vif-unplugged', 'status': 'completed', 'tag': '6b1d9fee-99b2-4985-95e5-352dd230bbce', 'code': 200}
2026-09-12 05:14:56.108 9 INFO neutron.notifiers.nova [-] Nova event matching ['req-f5a20cbe-3953-4499-ac1a-c575e47bcbba'] response: {'server_uuid': '47568118-0fc8-485e-9d7d-fecba2eef082', 'name': 'network-vif-plugged', 'status': 'completed', 'tag': '6b1d9fee-99b2-4985-95e5-352dd230bbce', 'code': 200}
2026-09-12 05:14:56.108 9 INFO neutron.notifiers.nova [-] Nova event matching ['req-f5a20cbe-3953-4499-ac1a-c575e47bcbba'] response: {'server_uuid': '47568118-0fc8-485e-9d7d-fecba2eef082', 'name': 'network-vif-deleted', 'tag': '6b1d9fee-99b2-4985-95e5-352dd230bbce', 'status': 'completed', 'code': 200}
2026-09-12 05:14:56.815 10 INFO neutron.wsgi [None req-b1718a75-83e2-4420-8676-216b189aa906 fc547529bf5b485f897bf56986ce773e fef618eb389a45bfb02e6eddce1cece7 - - - -] 10.0.0.140 "DELETE /v2.0/security-groups/4a2499af-fe7c-4982-8b53-a0bac2afd055 HTTP/1.1" status: 204 len: 168 time: 0.1368780
2026-09-12 05:14:56.826 10 INFO neutron.db.ovn_revision_numbers_db [None req-66cf5c22-3190-4b95-bb33-2c5f236f03ed 6af1419730d54e01a3896677732b6f56 3fadd7f911e94980868fb37bf0b37f54 - - - -] Successfully bumped revision number for resource 760364a8-e26c-4a49-9e79-37e59c97a552 (type: security_groups) to 1
2026-09-12 05:14:56.832 10 INFO neutron.api.v2.resource [None req-c758a244-efc0-4350-be37-b559825714b2 fc547529bf5b485f897bf56986ce773e fef618eb389a45bfb02e6eddce1cece7 - - default default] show failed (client error): The resource could not be found.
2026-09-12 05:14:56.833 10 INFO neutron.wsgi [None req-c758a244-efc0-4350-be37-b559825714b2 fc547529bf5b485f897bf56986ce773e fef618eb389a45bfb02e6eddce1cece7 - - default default] 10.0.0.140 "GET /v2.0/security-groups/4a2499af-fe7c-4982-8b53-a0bac2afd055 HTTP/1.1" status: 404 len: 347 time: 0.0121083 /var/lib/openstack/lib/python3.10/site-packages/pycadf/identifier.py:71: UserWarning: Invalid uuid: neutron. To ensure interoperability, identifiers should be a valid uuid. warnings.warn(('Invalid uuid: %s. To ensure interoperability, '
2026-09-12 05:14:56.871 10 INFO neutron.db.segments_db [None req-66cf5c22-3190-4b95-bb33-2c5f236f03ed 6af1419730d54e01a3896677732b6f56 3fadd7f911e94980868fb37bf0b37f54 - - - -] Added segment f934a653-71cd-4604-8bdb-d3f45d97a3b9 of type geneve for network 7e5f4ac3-8685-4fa0-8e99-119a9db05c0b
2026-09-12 05:14:56.978 10 INFO neutron.db.ovn_revision_numbers_db [None req-66cf5c22-3190-4b95-bb33-2c5f236f03ed 6af1419730d54e01a3896677732b6f56 3fadd7f911e94980868fb37bf0b37f54 - - - -] Successfully bumped revision number for resource 7e5f4ac3-8685-4fa0-8e99-119a9db05c0b (type: networks) to 1
2026-09-12 05:14:57.224 10 WARNING neutron.scheduler.dhcp_agent_scheduler [None req-66cf5c22-3190-4b95-bb33-2c5f236f03ed 6af1419730d54e01a3896677732b6f56 3fadd7f911e94980868fb37bf0b37f54 - - - -] No more DHCP agents
2026-09-12 05:14:57.226 10 WARNING neutron.api.rpc.agentnotifiers.dhcp_rpc_agent_api [None req-66cf5c22-3190-4b95-bb33-2c5f236f03ed 6af1419730d54e01a3896677732b6f56 3fadd7f911e94980868fb37bf0b37f54 - - - -] Unable to schedule network 7e5f4ac3-8685-4fa0-8e99-119a9db05c0b: no agents available; will retry on subsequent port and subnet creation events.
2026-09-12 05:14:57.287 10 INFO neutron.db.ovn_revision_numbers_db [None req-66cf5c22-3190-4b95-bb33-2c5f236f03ed 6af1419730d54e01a3896677732b6f56 3fadd7f911e94980868fb37bf0b37f54 - - - -] Successfully bumped revision number for resource 2bbec027-4491-472c-9699-530f86dc23f0 (type: ports) to 1
2026-09-12 05:14:57.300 9 INFO neutron.wsgi [None req-fa38f01e-2ad4-460a-99e6-bccd567d8631 fc547529bf5b485f897bf56986ce773e fef618eb389a45bfb02e6eddce1cece7 - - - -] 10.0.0.140 "DELETE /v2.0/floatingips/52b94958-57c3-4c27-b3a4-1467fb55d0c1 HTTP/1.1" status: 204 len: 168 time: 0.4605687
2026-09-12 05:14:57.305 10 INFO neutron.wsgi [None req-66cf5c22-3190-4b95-bb33-2c5f236f03ed 6af1419730d54e01a3896677732b6f56 3fadd7f911e94980868fb37bf0b37f54 - - - -] 10.0.0.140 "POST /v2.0/networks HTTP/1.1" status: 201 len: 848 time: 0.7867055
2026-09-12 05:14:57.585 10 WARNING neutron.scheduler.dhcp_agent_scheduler [None req-5b3bef77-fb50-418d-83b7-d58527741763 6af1419730d54e01a3896677732b6f56 3fadd7f911e94980868fb37bf0b37f54 - - - -] No more DHCP agents
2026-09-12 05:14:57.588 10 WARNING neutron.api.rpc.agentnotifiers.dhcp_rpc_agent_api [None req-5b3bef77-fb50-418d-83b7-d58527741763 6af1419730d54e01a3896677732b6f56 3fadd7f911e94980868fb37bf0b37f54 - - - -] Unable to schedule network 7e5f4ac3-8685-4fa0-8e99-119a9db05c0b: no agents available; will retry on subsequent port and subnet creation events.
2026-09-12 05:14:57.651 10 INFO neutron.db.ovn_revision_numbers_db [None req-5b3bef77-fb50-418d-83b7-d58527741763 6af1419730d54e01a3896677732b6f56 3fadd7f911e94980868fb37bf0b37f54 - - - -] Successfully bumped revision number for resource b72cb1bc-1260-4334-b212-0f32b4d691e5 (type: ports) to 1
2026-09-12 05:14:57.670 10 INFO neutron.wsgi [None req-5b3bef77-fb50-418d-83b7-d58527741763 6af1419730d54e01a3896677732b6f56 3fadd7f911e94980868fb37bf0b37f54 - - - -] 10.0.0.140 "POST /v2.0/ports HTTP/1.1" status: 201 len: 977 time: 0.3612394 /var/lib/openstack/lib/python3.10/site-packages/pycadf/identifier.py:71: UserWarning: Invalid uuid: neutron. To ensure interoperability, identifiers should be a valid uuid. warnings.warn(('Invalid uuid: %s. To ensure interoperability, '
2026-09-12 05:14:57.766 10 INFO neutron.db.segments_db [None req-fdaa218e-a20b-41fa-a0c6-87669a406236 6af1419730d54e01a3896677732b6f56 3fadd7f911e94980868fb37bf0b37f54 - - - -] Added segment 752526e2-4557-4b8f-8fb3-59bd57ef1819 of type geneve for network 3ef75dc8-9962-4cde-ac48-eb780d346142
2026-09-12 05:14:57.905 10 INFO neutron.db.ovn_revision_numbers_db [None req-fdaa218e-a20b-41fa-a0c6-87669a406236 6af1419730d54e01a3896677732b6f56 3fadd7f911e94980868fb37bf0b37f54 - - - -] Successfully bumped revision number for resource 3ef75dc8-9962-4cde-ac48-eb780d346142 (type: networks) to 1
2026-09-12 05:14:58.149 10 WARNING neutron.scheduler.dhcp_agent_scheduler [None req-fdaa218e-a20b-41fa-a0c6-87669a406236 6af1419730d54e01a3896677732b6f56 3fadd7f911e94980868fb37bf0b37f54 - - - -] No more DHCP agents
2026-09-12 05:14:58.152 10 WARNING neutron.api.rpc.agentnotifiers.dhcp_rpc_agent_api [None req-fdaa218e-a20b-41fa-a0c6-87669a406236 6af1419730d54e01a3896677732b6f56 3fadd7f911e94980868fb37bf0b37f54 - - - -] Unable to schedule network 3ef75dc8-9962-4cde-ac48-eb780d346142: no agents available; will retry on subsequent port and subnet creation events.
2026-09-12 05:14:58.215 9 INFO neutron.db.ovn_revision_numbers_db [None req-fb1ecbd8-e645-4a00-a682-b1c96018c18d 6d7a6c0f332e49568f995b49d66aaa1b 82ed8b0e619b40d1b675607182c9cd58 - - default default] Successfully bumped revision number for resource e6cffe78-8984-4df9-bf85-cb64a7f7e4d6 (type: security_groups) to 1
2026-09-12 05:14:58.221 10 INFO neutron.db.ovn_revision_numbers_db [None req-fdaa218e-a20b-41fa-a0c6-87669a406236 6af1419730d54e01a3896677732b6f56 3fadd7f911e94980868fb37bf0b37f54 - - - -] Successfully bumped revision number for resource 3f2e558d-323d-49f2-b5b9-41e0221e766f (type: ports) to 1
2026-09-12 05:14:58.243 10 INFO neutron.wsgi [None req-fdaa218e-a20b-41fa-a0c6-87669a406236 6af1419730d54e01a3896677732b6f56 3fadd7f911e94980868fb37bf0b37f54 - - - -] 10.0.0.140 "POST /v2.0/networks HTTP/1.1" status: 201 len: 834 time: 0.5658271
2026-09-12 05:14:58.255 9 INFO neutron.wsgi [None req-fb1ecbd8-e645-4a00-a682-b1c96018c18d 6d7a6c0f332e49568f995b49d66aaa1b 82ed8b0e619b40d1b675607182c9cd58 - - default default] 10.0.0.140 "GET /v2.0/security-groups?tenant_id=2e7eabedf4a1435c8922bba4148135eb&name=default HTTP/1.1" status: 200 len: 2996 time: 0.3384209
2026-09-12 05:14:58.445 9 INFO neutron.wsgi [None req-663ed4e0-c572-41dd-9de7-af6a2025941c 6d7a6c0f332e49568f995b49d66aaa1b 82ed8b0e619b40d1b675607182c9cd58 - - - -] 10.0.0.140 "PUT /v2.0/routers/991e72ef-86ce-46ec-9e00-259d59f46a42/remove_router_interface HTTP/1.1" status: 200 len: 503 time: 1.1397872 /var/lib/openstack/lib/python3.10/site-packages/pycadf/identifier.py:71: UserWarning: Invalid uuid: neutron. To ensure interoperability, identifiers should be a valid uuid. warnings.warn(('Invalid uuid: %s. To ensure interoperability, '
2026-09-12 05:14:58.503 10 WARNING neutron.scheduler.dhcp_agent_scheduler [None req-aa18194c-571f-42c5-9baa-0048800333f5 6af1419730d54e01a3896677732b6f56 3fadd7f911e94980868fb37bf0b37f54 - - - -] No more DHCP agents
2026-09-12 05:14:58.505 10 WARNING neutron.api.rpc.agentnotifiers.dhcp_rpc_agent_api [None req-aa18194c-571f-42c5-9baa-0048800333f5 6af1419730d54e01a3896677732b6f56 3fadd7f911e94980868fb37bf0b37f54 - - - -] Unable to schedule network 3ef75dc8-9962-4cde-ac48-eb780d346142: no agents available; will retry on subsequent port and subnet creation events.
2026-09-12 05:14:58.521 10 INFO neutron.db.ovn_revision_numbers_db [None req-aa18194c-571f-42c5-9baa-0048800333f5 6af1419730d54e01a3896677732b6f56 3fadd7f911e94980868fb37bf0b37f54 - - - -] Successfully bumped revision number for resource feaa3f14-c58d-441f-832c-87e3c510a6c5 (type: subnets) to 0
2026-09-12 05:14:58.541 10 INFO neutron.wsgi [None req-aa18194c-571f-42c5-9baa-0048800333f5 6af1419730d54e01a3896677732b6f56 3fadd7f911e94980868fb37bf0b37f54 - - - -] 10.0.0.140 "POST /v2.0/subnets HTTP/1.1" status: 201 len: 821 time: 0.2933595
2026-09-12 05:14:58.608 9 INFO neutron.wsgi [None req-f008c1da-9d32-42c9-aaa3-235d8210abd7 6d7a6c0f332e49568f995b49d66aaa1b 82ed8b0e619b40d1b675607182c9cd58 - - - -] 10.0.0.140 "DELETE /v2.0/security-groups/e6cffe78-8984-4df9-bf85-cb64a7f7e4d6 HTTP/1.1" status: 204 len: 168 time: 0.3465979
2026-09-12 05:14:58.885 10 WARNING neutron.scheduler.dhcp_agent_scheduler [None req-63219fc8-bf64-414b-bffc-27ade958b9a1 6af1419730d54e01a3896677732b6f56 3fadd7f911e94980868fb37bf0b37f54 - - - -] No more DHCP agents
2026-09-12 05:14:58.890 10 WARNING neutron.api.rpc.agentnotifiers.dhcp_rpc_agent_api [None req-63219fc8-bf64-414b-bffc-27ade958b9a1 6af1419730d54e01a3896677732b6f56 3fadd7f911e94980868fb37bf0b37f54 - - - -] Unable to schedule network 3ef75dc8-9962-4cde-ac48-eb780d346142: no agents available; will retry on subsequent port and subnet creation events.
2026-09-12 05:14:59.004 10 INFO neutron.db.ovn_revision_numbers_db [None req-63219fc8-bf64-414b-bffc-27ade958b9a1 6af1419730d54e01a3896677732b6f56 3fadd7f911e94980868fb37bf0b37f54 - - - -] Successfully bumped revision number for resource 9a0e8094-365a-4512-805f-9df72494dcdd (type: ports) to 1
2026-09-12 05:14:59.032 10 INFO neutron.wsgi [None req-63219fc8-bf64-414b-bffc-27ade958b9a1 6af1419730d54e01a3896677732b6f56 3fadd7f911e94980868fb37bf0b37f54 - - - -] 10.0.0.140 "POST /v2.0/ports HTTP/1.1" status: 201 len: 1165 time: 0.4840693
2026-09-12 05:14:59.217 9 INFO neutron.wsgi [None req-b8936868-7731-43f4-a8a8-e9b5981618f5 6d7a6c0f332e49568f995b49d66aaa1b 82ed8b0e619b40d1b675607182c9cd58 - - - -] 10.0.0.140 "DELETE /v2.0/routers/991e72ef-86ce-46ec-9e00-259d59f46a42 HTTP/1.1" status: 204 len: 168 time: 0.7659962 /var/lib/openstack/lib/python3.10/site-packages/pycadf/identifier.py:71: UserWarning: Invalid uuid: neutron. To ensure interoperability, identifiers should be a valid uuid. warnings.warn(('Invalid uuid: %s. To ensure interoperability, '
2026-09-12 05:14:59.389 9 INFO neutron.wsgi [None req-b3a4ab89-1bdc-4733-8b93-ff7e6023affe 6af1419730d54e01a3896677732b6f56 3fadd7f911e94980868fb37bf0b37f54 - - - -] 10.0.0.140 "DELETE /v2.0/ports/9a0e8094-365a-4512-805f-9df72494dcdd HTTP/1.1" status: 204 len: 168 time: 0.3529999
2026-09-12 05:14:59.394 10 INFO neutron.wsgi [None req-505ceb59-b865-460d-bfd2-6ace886e3dda 6d7a6c0f332e49568f995b49d66aaa1b 82ed8b0e619b40d1b675607182c9cd58 - - - -] 10.0.0.140 "DELETE /v2.0/subnets/9186e53e-f370-4bef-a081-3973899b3ea0 HTTP/1.1" status: 204 len: 168 time: 0.1703236
2026-09-12 05:14:59.417 9 INFO neutron.pecan_wsgi.hooks.translation [None req-1ad27364-cac4-4493-9230-7618d00a2bd0 6af1419730d54e01a3896677732b6f56 3fadd7f911e94980868fb37bf0b37f54 - - - -] DELETE failed (client error): The resource could not be found.
2026-09-12 05:14:59.419 9 INFO neutron.wsgi [None req-1ad27364-cac4-4493-9230-7618d00a2bd0 6af1419730d54e01a3896677732b6f56 3fadd7f911e94980868fb37bf0b37f54 - - - -] 10.0.0.140 "DELETE /v2.0/ports/9a0e8094-365a-4512-805f-9df72494dcdd HTTP/1.1" status: 404 len: 333 time: 0.0252576
2026-09-12 05:14:59.439 10 INFO neutron.pecan_wsgi.hooks.translation [None req-a4cf0179-8e32-48a2-b7a8-067eeb7ca88e 6af1419730d54e01a3896677732b6f56 3fadd7f911e94980868fb37bf0b37f54 - - default default] GET failed (client error): The resource could not be found.
2026-09-12 05:14:59.440 10 INFO neutron.wsgi [None req-a4cf0179-8e32-48a2-b7a8-067eeb7ca88e 6af1419730d54e01a3896677732b6f56 3fadd7f911e94980868fb37bf0b37f54 - - default default] 10.0.0.140 "GET /v2.0/ports/9a0e8094-365a-4512-805f-9df72494dcdd HTTP/1.1" status: 404 len: 333 time: 0.0173464
2026-09-12 05:14:59.628 10 INFO neutron.wsgi [None req-86ce99ff-ddf8-417b-92d4-3d4f8d0c42cf 6af1419730d54e01a3896677732b6f56 3fadd7f911e94980868fb37bf0b37f54 - - - -] 10.0.0.140 "DELETE /v2.0/subnets/feaa3f14-c58d-441f-832c-87e3c510a6c5 HTTP/1.1" status: 204 len: 168 time: 0.1815302
2026-09-12 05:15:00.072 9 INFO neutron.services.segments.plugin [-] Segment 599261f7-d1ab-476a-bb25-311c0d656590 resource provider aggregate not found
2026-09-12 05:15:00.077 9 INFO neutron.services.segments.plugin [-] Segment 599261f7-d1ab-476a-bb25-311c0d656590 resource provider aggregate not found
2026-09-12 05:15:00.082 10 INFO neutron.services.segments.plugin [-] Segment 752526e2-4557-4b8f-8fb3-59bd57ef1819 resource provider aggregate not found
2026-09-12 05:15:00.088 10 INFO neutron.services.segments.plugin [-] Segment 752526e2-4557-4b8f-8fb3-59bd57ef1819 resource provider aggregate not found
2026-09-12 05:15:00.094 9 INFO neutron.services.segments.plugin [-] Segment 599261f7-d1ab-476a-bb25-311c0d656590 resource provider not found; error: Placement Client Error (4xx): {"errors": [{"status": 404, "title": "Not Found", "detail": "The resource could not be found.\n\n No resource provider with uuid 599261f7-d1ab-476a-bb25-311c0d656590 found for delete ", "request_id": "req-f0031084-ebed-4682-8e51-22a7861d148c"}]}
2026-09-12 05:15:00.095 9 INFO neutron.services.segments.plugin [-] Segment 599261f7-d1ab-476a-bb25-311c0d656590 resource provider not found; error: Placement Client Error (4xx): {"errors": [{"status": 404, "title": "Not Found", "detail": "The resource could not be found.\n\n No resource provider with uuid 599261f7-d1ab-476a-bb25-311c0d656590 found for delete ", "request_id": "req-516d4e9f-8b26-4320-80e8-0fc05f3e691b"}]}
2026-09-12 05:15:00.106 10 INFO neutron.services.segments.plugin [-] Segment 752526e2-4557-4b8f-8fb3-59bd57ef1819 resource provider not found; error: Placement Client Error (4xx): {"errors": [{"status": 404, "title": "Not Found", "detail": "The resource could not be found.\n\n No resource provider with uuid 752526e2-4557-4b8f-8fb3-59bd57ef1819 found for delete ", "request_id": "req-8cac9fd8-2790-4e4a-94bd-b6d75329adce"}]}
2026-09-12 05:15:00.108 10 INFO neutron.services.segments.plugin [-] Segment 752526e2-4557-4b8f-8fb3-59bd57ef1819 resource provider not found; error: Placement Client Error (4xx): {"errors": [{"status": 404, "title": "Not Found", "detail": "The resource could not be found.\n\n No resource provider with uuid 752526e2-4557-4b8f-8fb3-59bd57ef1819 found for delete ", "request_id": "req-c29189a2-0a60-418f-96c0-814ac6874465"}]}
2026-09-12 05:15:00.127 9 INFO neutron.wsgi [None req-ad0fe217-63fd-4983-9dcb-655592f6ce8e 6d7a6c0f332e49568f995b49d66aaa1b 82ed8b0e619b40d1b675607182c9cd58 - - - -] 10.0.0.140 "DELETE /v2.0/networks/12af738f-2fea-4a01-b585-744fee293746 HTTP/1.1" status: 204 len: 168 time: 0.7263196
2026-09-12 05:15:00.136 10 INFO neutron.wsgi [None req-27d29271-647e-408a-8905-3871f4464d65 6af1419730d54e01a3896677732b6f56 3fadd7f911e94980868fb37bf0b37f54 - - - -] 10.0.0.140 "DELETE /v2.0/networks/3ef75dc8-9962-4cde-ac48-eb780d346142 HTTP/1.1" status: 204 len: 168 time: 0.5031087
2026-09-12 05:15:00.220 10 INFO neutron.db.segments_db [None req-1986d18a-7715-4948-8dd7-5397dca0b0e0 6af1419730d54e01a3896677732b6f56 3fadd7f911e94980868fb37bf0b37f54 - - - -] Added segment 96889f9d-79ca-4bf5-9344-566aa3aa7362 of type geneve for network 344a607b-133c-4b66-9cd2-5b21f048d6b6
2026-09-12 05:15:00.344 9 INFO neutron.wsgi [None req-e07b22a2-cc6e-431d-a9b8-9be6d6ad3ce9 6d7a6c0f332e49568f995b49d66aaa1b 82ed8b0e619b40d1b675607182c9cd58 - - default default] 10.0.0.140 "GET /v2.0/security-groups?tenant_id=fef618eb389a45bfb02e6eddce1cece7&name=default HTTP/1.1" status: 200 len: 2996 time: 0.0511897
2026-09-12 05:15:00.357 10 INFO neutron.db.ovn_revision_numbers_db [None req-1986d18a-7715-4948-8dd7-5397dca0b0e0 6af1419730d54e01a3896677732b6f56 3fadd7f911e94980868fb37bf0b37f54 - - - -] Successfully bumped revision number for resource 344a607b-133c-4b66-9cd2-5b21f048d6b6 (type: networks) to 1
2026-09-12 05:15:00.519 9 INFO neutron.wsgi [None req-d39987a7-c33b-4f41-92f6-b032ee1a3665 6d7a6c0f332e49568f995b49d66aaa1b 82ed8b0e619b40d1b675607182c9cd58 - - - -] 10.0.0.140 "DELETE /v2.0/security-groups/8bf81bbd-4f06-4a14-bc90-fe0b920200a5 HTTP/1.1" status: 204 len: 168 time: 0.1695957
2026-09-12 05:15:00.847 10 WARNING neutron.scheduler.dhcp_agent_scheduler [None req-1986d18a-7715-4948-8dd7-5397dca0b0e0 6af1419730d54e01a3896677732b6f56 3fadd7f911e94980868fb37bf0b37f54 - - - -] No more DHCP agents
2026-09-12 05:15:00.848 10 WARNING neutron.api.rpc.agentnotifiers.dhcp_rpc_agent_api [None req-1986d18a-7715-4948-8dd7-5397dca0b0e0 6af1419730d54e01a3896677732b6f56 3fadd7f911e94980868fb37bf0b37f54 - - - -] Unable to schedule network 344a607b-133c-4b66-9cd2-5b21f048d6b6: no agents available; will retry on subsequent port and subnet creation events.
2026-09-12 05:15:00.916 10 INFO neutron.db.ovn_revision_numbers_db [None req-1986d18a-7715-4948-8dd7-5397dca0b0e0 6af1419730d54e01a3896677732b6f56 3fadd7f911e94980868fb37bf0b37f54 - - - -] Successfully bumped revision number for resource 9f637951-cae7-4428-b616-acece6eff245 (type: ports) to 1
2026-09-12 05:15:00.934 10 INFO neutron.wsgi [None req-1986d18a-7715-4948-8dd7-5397dca0b0e0 6af1419730d54e01a3896677732b6f56 3fadd7f911e94980868fb37bf0b37f54 - - - -] 10.0.0.140 "POST /v2.0/networks HTTP/1.1" status: 201 len: 834 time: 0.7884107
2026-09-12 05:15:01.235 9 WARNING neutron.scheduler.dhcp_agent_scheduler [None req-56c6b87c-d61a-4f83-b5c0-e87c050a6d1c 6af1419730d54e01a3896677732b6f56 3fadd7f911e94980868fb37bf0b37f54 - - - -] No more DHCP agents
2026-09-12 05:15:01.237 9 WARNING neutron.api.rpc.agentnotifiers.dhcp_rpc_agent_api [None req-56c6b87c-d61a-4f83-b5c0-e87c050a6d1c 6af1419730d54e01a3896677732b6f56 3fadd7f911e94980868fb37bf0b37f54 - - - -] Unable to schedule network 344a607b-133c-4b66-9cd2-5b21f048d6b6: no agents available; will retry on subsequent port and subnet creation events.
2026-09-12 05:15:01.249 9 INFO neutron.db.ovn_revision_numbers_db [None req-56c6b87c-d61a-4f83-b5c0-e87c050a6d1c 6af1419730d54e01a3896677732b6f56 3fadd7f911e94980868fb37bf0b37f54 - - - -] Successfully bumped revision number for resource a34ffa43-a2e5-4221-a06f-7869a68a89c4 (type: subnets) to 0
2026-09-12 05:15:01.260 9 INFO neutron.wsgi [None req-56c6b87c-d61a-4f83-b5c0-e87c050a6d1c 6af1419730d54e01a3896677732b6f56 3fadd7f911e94980868fb37bf0b37f54 - - - -] 10.0.0.140 "POST /v2.0/subnets HTTP/1.1" status: 201 len: 821 time: 0.3224857
2026-09-12 05:15:01.554 9 WARNING neutron.scheduler.dhcp_agent_scheduler [None req-f69a87bc-1ec2-48d7-bab6-e13205328862 6af1419730d54e01a3896677732b6f56 3fadd7f911e94980868fb37bf0b37f54 - - - -] No more DHCP agents
2026-09-12 05:15:01.556 9 WARNING neutron.api.rpc.agentnotifiers.dhcp_rpc_agent_api [None req-f69a87bc-1ec2-48d7-bab6-e13205328862 6af1419730d54e01a3896677732b6f56 3fadd7f911e94980868fb37bf0b37f54 - - - -] Unable to schedule network 344a607b-133c-4b66-9cd2-5b21f048d6b6: no agents available; will retry on subsequent port and subnet creation events.
2026-09-12 05:15:01.644 9 INFO neutron.db.ovn_revision_numbers_db [None req-f69a87bc-1ec2-48d7-bab6-e13205328862 6af1419730d54e01a3896677732b6f56 3fadd7f911e94980868fb37bf0b37f54 - - - -] Successfully bumped revision number for resource 4ff1fee8-554a-4ea9-b849-3eeae8cb265c (type: ports) to 1
2026-09-12 05:15:01.667 9 INFO neutron.wsgi [None req-f69a87bc-1ec2-48d7-bab6-e13205328862 6af1419730d54e01a3896677732b6f56 3fadd7f911e94980868fb37bf0b37f54 - - - -] 10.0.0.140 "POST /v2.0/ports HTTP/1.1" status: 201 len: 1127 time: 0.4018695
2026-09-12 05:15:01.688 10 INFO neutron.wsgi [req-0b951921-24ef-4b67-9629-6ee1d23b9284 req-86f1ce2e-5e3c-4f7b-b20b-f5a278f7ac0a 0dfa9f877046474a91b523723c476c2d 251b9108cab64b429fca08ea5065e5d7 - - default default] 10.0.0.239 "GET /v2.0/ports?device_id=3b7b92a4-0e02-4090-af9a-22507391aa24 HTTP/1.1" status: 200 len: 1170 time: 0.1245735
2026-09-12 05:15:01.735 10 INFO neutron.wsgi [req-0b951921-24ef-4b67-9629-6ee1d23b9284 req-dd3e47fe-4b99-4bb3-a296-2548fd6e4809 0dfa9f877046474a91b523723c476c2d 251b9108cab64b429fca08ea5065e5d7 - - default default] 10.0.0.239 "GET /v2.0/security-groups?id=d2a8e51e-f45a-4ac5-9fb9-93531e05cbfc&fields=id&fields=name HTTP/1.1" status: 200 len: 313 time: 0.0422182
2026-09-12 05:15:01.942 10 INFO neutron.wsgi [req-2c4d26d1-2245-4352-9c81-1edbdbdb5c3f req-40697765-0beb-49ec-a740-8e066501cc18 0dfa9f877046474a91b523723c476c2d 251b9108cab64b429fca08ea5065e5d7 - - default default] 10.0.0.239 "GET /v2.0/ports?device_id=3b7b92a4-0e02-4090-af9a-22507391aa24 HTTP/1.1" status: 200 len: 1170 time: 0.0474133
2026-09-12 05:15:01.961 9 INFO neutron.wsgi [None req-e3b2cb8f-06e7-4ac0-971c-9220a855293c 6af1419730d54e01a3896677732b6f56 3fadd7f911e94980868fb37bf0b37f54 - - - -] 10.0.0.140 "DELETE /v2.0/ports/4ff1fee8-554a-4ea9-b849-3eeae8cb265c HTTP/1.1" status: 204 len: 168 time: 0.2873678
2026-09-12 05:15:01.970 9 INFO neutron.plugins.ml2.drivers.ovn.mech_driver.mech_driver [None req-aa7ef198-caa7-48af-8bdd-15a59311dcc8 - - - - - -] OVN reports status down for port: 462f8752-de1e-412a-a202-a7f776f7bacc
2026-09-12 05:15:02.002 10 INFO neutron.pecan_wsgi.hooks.translation [None req-edf87d51-79d1-400b-adad-3e66455d3370 6af1419730d54e01a3896677732b6f56 3fadd7f911e94980868fb37bf0b37f54 - - default default] GET failed (client error): The resource could not be found.
2026-09-12 05:15:02.004 10 INFO neutron.wsgi [None req-edf87d51-79d1-400b-adad-3e66455d3370 6af1419730d54e01a3896677732b6f56 3fadd7f911e94980868fb37bf0b37f54 - - default default] 10.0.0.140 "GET /v2.0/ports/4ff1fee8-554a-4ea9-b849-3eeae8cb265c HTTP/1.1" status: 404 len: 333 time: 0.0360477
2026-09-12 05:15:02.009 10 INFO neutron.wsgi [req-2c4d26d1-2245-4352-9c81-1edbdbdb5c3f req-c77ab297-d59b-4a89-a80a-0ba886e1bd4a 0dfa9f877046474a91b523723c476c2d 251b9108cab64b429fca08ea5065e5d7 - - default default] 10.0.0.239 "GET /v2.0/security-groups?id=d2a8e51e-f45a-4ac5-9fb9-93531e05cbfc&fields=id&fields=name HTTP/1.1" status: 200 len: 313 time: 0.0617404
2026-09-12 05:15:02.134 9 INFO neutron.notifiers.nova [-] Nova event matching ['req-2cb923b2-c163-4659-a4f4-428f66b311ad'] response: {'server_uuid': '3b7b92a4-0e02-4090-af9a-22507391aa24', 'name': 'network-vif-unplugged', 'status': 'completed', 'tag': '462f8752-de1e-412a-a202-a7f776f7bacc', 'code': 200}
2026-09-12 05:15:02.220 10 INFO neutron.wsgi [None req-bb626f21-647a-44a3-aa25-d2cd09656e8a 6af1419730d54e01a3896677732b6f56 3fadd7f911e94980868fb37bf0b37f54 - - - -] 10.0.0.140 "DELETE /v2.0/subnets/a34ffa43-a2e5-4221-a06f-7869a68a89c4 HTTP/1.1" status: 204 len: 168 time: 0.2097833
2026-09-12 05:15:02.254 9 INFO neutron.db.ovn_revision_numbers_db [None req-aa7ef198-caa7-48af-8bdd-15a59311dcc8 - - - - - -] Successfully bumped revision number for resource 462f8752-de1e-412a-a202-a7f776f7bacc (type: ports) to 7
2026-09-12 05:15:02.339 9 INFO neutron.wsgi [req-87237000-4e2e-45d2-8ccc-aa8582ad9460 req-bcecce6c-3779-4e73-8770-938c2fd09268 0dfa9f877046474a91b523723c476c2d 251b9108cab64b429fca08ea5065e5d7 - - default default] 162.253.55.43 "GET /v2.0/ports?device_id=3b7b92a4-0e02-4090-af9a-22507391aa24 HTTP/1.1" status: 200 len: 1168 time: 0.1190507 /var/lib/openstack/lib/python3.10/site-packages/pycadf/identifier.py:71: UserWarning: Invalid uuid: neutron. To ensure interoperability, identifiers should be a valid uuid. warnings.warn(('Invalid uuid: %s. To ensure interoperability, '
2026-09-12 05:15:02.595 10 INFO neutron.services.segments.plugin [-] Segment 96889f9d-79ca-4bf5-9344-566aa3aa7362 resource provider aggregate not found
2026-09-12 05:15:02.600 10 INFO neutron.services.segments.plugin [-] Segment 96889f9d-79ca-4bf5-9344-566aa3aa7362 resource provider aggregate not found
2026-09-12 05:15:02.607 10 INFO neutron.services.segments.plugin [-] Segment 96889f9d-79ca-4bf5-9344-566aa3aa7362 resource provider not found; error: Placement Client Error (4xx): {"errors": [{"status": 404, "title": "Not Found", "detail": "The resource could not be found.\n\n No resource provider with uuid 96889f9d-79ca-4bf5-9344-566aa3aa7362 found for delete ", "request_id": "req-fd6b6d95-98e4-4020-9619-75e4ed5ac18f"}]}
2026-09-12 05:15:02.627 10 INFO neutron.services.segments.plugin [-] Segment 96889f9d-79ca-4bf5-9344-566aa3aa7362 resource provider not found; error: Placement Client Error (4xx): {"errors": [{"status": 404, "title": "Not Found", "detail": "The resource could not be found.\n\n No resource provider with uuid 96889f9d-79ca-4bf5-9344-566aa3aa7362 found for delete ", "request_id": "req-8c32ec2c-ca9e-4e02-a5d3-e9d0ba1dbc5c"}]}
2026-09-12 05:15:02.633 9 INFO neutron.db.l3_db [None req-5e3a1720-f0c9-4b7a-b425-a4ebeecd9cdf 0dfa9f877046474a91b523723c476c2d 251b9108cab64b429fca08ea5065e5d7 - - - -] Floating IP 7b5be17c-4922-43b7-9683-03d9cb5fd471 disassociated. External IP: 10.96.250.215, port: 462f8752-de1e-412a-a202-a7f776f7bacc.
2026-09-12 05:15:02.694 10 INFO neutron.wsgi [None req-e2eb69d3-8ba9-4ee3-bf24-9335774eb025 6af1419730d54e01a3896677732b6f56 3fadd7f911e94980868fb37bf0b37f54 - - - -] 10.0.0.140 "DELETE /v2.0/networks/344a607b-133c-4b66-9cd2-5b21f048d6b6 HTTP/1.1" status: 204 len: 168 time: 0.4572175 /var/lib/openstack/lib/python3.10/site-packages/pycadf/identifier.py:71: UserWarning: Invalid uuid: neutron. To ensure interoperability, identifiers should be a valid uuid. warnings.warn(('Invalid uuid: %s. To ensure interoperability, '
2026-09-12 05:15:02.813 9 INFO neutron.wsgi [None req-5e3a1720-f0c9-4b7a-b425-a4ebeecd9cdf 0dfa9f877046474a91b523723c476c2d 251b9108cab64b429fca08ea5065e5d7 - - - -] 162.253.55.43 "DELETE /v2.0/ports/462f8752-de1e-412a-a202-a7f776f7bacc HTTP/1.1" status: 204 len: 173 time: 0.4688339
2026-09-12 05:15:02.827 10 INFO neutron.db.ovn_revision_numbers_db [None req-a83233ec-3929-4ac3-bc72-09877006620c 6d7a6c0f332e49568f995b49d66aaa1b 82ed8b0e619b40d1b675607182c9cd58 - - - -] Successfully bumped revision number for resource ce3c56d4-7e96-48b3-aba4-8d69add707f4 (type: security_groups) to 1
2026-09-12 05:15:02.907 10 INFO neutron.db.segments_db [None req-a83233ec-3929-4ac3-bc72-09877006620c 6d7a6c0f332e49568f995b49d66aaa1b 82ed8b0e619b40d1b675607182c9cd58 - - - -] Added segment c4d4bde1-786e-43d6-afc6-1d7de2f8bdc8 of type geneve for network 690ab017-6ab9-4349-ad7c-8d902f2f247d
2026-09-12 05:15:02.955 10 WARNING neutron.scheduler.dhcp_agent_scheduler [None req-9c6c3251-7a11-4a5f-9de7-26e73d651194 6af1419730d54e01a3896677732b6f56 3fadd7f911e94980868fb37bf0b37f54 - - - -] No more DHCP agents
2026-09-12 05:15:02.958 10 WARNING neutron.api.rpc.agentnotifiers.dhcp_rpc_agent_api [None req-9c6c3251-7a11-4a5f-9de7-26e73d651194 6af1419730d54e01a3896677732b6f56 3fadd7f911e94980868fb37bf0b37f54 - - - -] Unable to schedule network 7e5f4ac3-8685-4fa0-8e99-119a9db05c0b: no agents available; will retry on subsequent port and subnet creation events.
2026-09-12 05:15:03.053 10 INFO neutron.db.ovn_revision_numbers_db [None req-9c6c3251-7a11-4a5f-9de7-26e73d651194 6af1419730d54e01a3896677732b6f56 3fadd7f911e94980868fb37bf0b37f54 - - - -] Successfully bumped revision number for resource b0465eda-c8fd-4070-9c42-8c66c488981f (type: ports) to 1 /var/lib/openstack/lib/python3.10/site-packages/pycadf/identifier.py:71: UserWarning: Invalid uuid: neutron. To ensure interoperability, identifiers should be a valid uuid. warnings.warn(('Invalid uuid: %s. To ensure interoperability, '
2026-09-12 05:15:03.106 10 INFO neutron.wsgi [None req-9c6c3251-7a11-4a5f-9de7-26e73d651194 6af1419730d54e01a3896677732b6f56 3fadd7f911e94980868fb37bf0b37f54 - - - -] 10.0.0.140 "POST /v2.0/ports HTTP/1.1" status: 201 len: 977 time: 0.4021704
2026-09-12 05:15:03.106 10 INFO neutron.db.ovn_revision_numbers_db [None req-a83233ec-3929-4ac3-bc72-09877006620c 6d7a6c0f332e49568f995b49d66aaa1b 82ed8b0e619b40d1b675607182c9cd58 - - - -] Successfully bumped revision number for resource 690ab017-6ab9-4349-ad7c-8d902f2f247d (type: networks) to 1
2026-09-12 05:15:03.119 10 INFO neutron.wsgi [req-e7be671f-9234-42ac-b70a-c49d4d924aba req-a58b1e8d-1b2e-4515-8814-fb440e313981 0dfa9f877046474a91b523723c476c2d 251b9108cab64b429fca08ea5065e5d7 - - default default] 10.0.0.239 "GET /v2.0/ports?device_id=3b7b92a4-0e02-4090-af9a-22507391aa24 HTTP/1.1" status: 200 len: 210 time: 0.0246828
2026-09-12 05:15:03.360 10 WARNING neutron.scheduler.dhcp_agent_scheduler [None req-a83233ec-3929-4ac3-bc72-09877006620c 6d7a6c0f332e49568f995b49d66aaa1b 82ed8b0e619b40d1b675607182c9cd58 - - - -] No more DHCP agents
2026-09-12 05:15:03.363 10 WARNING neutron.api.rpc.agentnotifiers.dhcp_rpc_agent_api [None req-a83233ec-3929-4ac3-bc72-09877006620c 6d7a6c0f332e49568f995b49d66aaa1b 82ed8b0e619b40d1b675607182c9cd58 - - - -] Unable to schedule network 690ab017-6ab9-4349-ad7c-8d902f2f247d: no agents available; will retry on subsequent port and subnet creation events.
2026-09-12 05:15:03.426 10 INFO neutron.db.ovn_revision_numbers_db [None req-a83233ec-3929-4ac3-bc72-09877006620c 6d7a6c0f332e49568f995b49d66aaa1b 82ed8b0e619b40d1b675607182c9cd58 - - - -] Successfully bumped revision number for resource 79027ceb-1156-4a9f-b237-867d31bbf57a (type: ports) to 1
2026-09-12 05:15:03.432 9 INFO neutron.db.ovn_revision_numbers_db [None req-2013a9c7-d66a-4b27-9f30-9a436f79626e 6af1419730d54e01a3896677732b6f56 3fadd7f911e94980868fb37bf0b37f54 - - - -] Successfully bumped revision number for resource b0465eda-c8fd-4070-9c42-8c66c488981f (type: ports) to 2
2026-09-12 05:15:03.444 9 INFO neutron.wsgi [None req-2013a9c7-d66a-4b27-9f30-9a436f79626e 6af1419730d54e01a3896677732b6f56 3fadd7f911e94980868fb37bf0b37f54 - - - -] 10.0.0.140 "PUT /v2.0/ports/b0465eda-c8fd-4070-9c42-8c66c488981f HTTP/1.1" status: 200 len: 946 time: 0.3255370
2026-09-12 05:15:03.457 10 INFO neutron.wsgi [None req-a83233ec-3929-4ac3-bc72-09877006620c 6d7a6c0f332e49568f995b49d66aaa1b 82ed8b0e619b40d1b675607182c9cd58 - - - -] 10.0.0.140 "POST /v2.0/networks HTTP/1.1" status: 201 len: 945 time: 1.1234827 /var/lib/openstack/lib/python3.10/site-packages/pycadf/identifier.py:71: UserWarning: Invalid uuid: neutron. To ensure interoperability, identifiers should be a valid uuid. warnings.warn(('Invalid uuid: %s. To ensure interoperability, '
2026-09-12 05:15:03.545 9 INFO neutron.db.ovn_revision_numbers_db [None req-56ccdf90-6fda-4ce1-81b2-7787866c2363 0d7941239cec42fc9b021284a7283c6c 6ab3a7ceb57d4931bf76270f73332445 - - - -] Successfully bumped revision number for resource 451dc733-be72-41f7-bfcc-a516fb5437c8 (type: security_groups) to 1
2026-09-12 05:15:03.639 10 WARNING neutron.scheduler.dhcp_agent_scheduler [None req-215cdb49-9d23-480c-9d35-a362fa05ab96 6d7a6c0f332e49568f995b49d66aaa1b 82ed8b0e619b40d1b675607182c9cd58 - - - -] No more DHCP agents
2026-09-12 05:15:03.640 10 WARNING neutron.api.rpc.agentnotifiers.dhcp_rpc_agent_api [None req-215cdb49-9d23-480c-9d35-a362fa05ab96 6d7a6c0f332e49568f995b49d66aaa1b 82ed8b0e619b40d1b675607182c9cd58 - - - -] Unable to schedule network 690ab017-6ab9-4349-ad7c-8d902f2f247d: no agents available; will retry on subsequent port and subnet creation events.
2026-09-12 05:15:03.655 9 INFO neutron.db.ovn_revision_numbers_db [None req-56ccdf90-6fda-4ce1-81b2-7787866c2363 0d7941239cec42fc9b021284a7283c6c 6ab3a7ceb57d4931bf76270f73332445 - - - -] Successfully bumped revision number for resource ec3c1da2-8151-4d60-998d-9ebe9e71f6b6 (type: security_groups) to 1
2026-09-12 05:15:03.688 9 INFO neutron.wsgi [None req-56ccdf90-6fda-4ce1-81b2-7787866c2363 0d7941239cec42fc9b021284a7283c6c 6ab3a7ceb57d4931bf76270f73332445 - - - -] 10.0.0.140 "POST /v2.0/security-groups HTTP/1.1" status: 201 len: 1737 time: 0.4891076
2026-09-12 05:15:03.782 9 INFO neutron.wsgi [None req-d8e87a79-7747-4030-8879-eb6b77ac9302 6af1419730d54e01a3896677732b6f56 3fadd7f911e94980868fb37bf0b37f54 - - - -] 10.0.0.140 "DELETE /v2.0/ports/b0465eda-c8fd-4070-9c42-8c66c488981f HTTP/1.1" status: 204 len: 168 time: 0.3312926
2026-09-12 05:15:03.813 9 INFO neutron.db.ovn_revision_numbers_db [None req-cbbf487b-3bd4-4079-921b-5b4a9076c0f4 0d7941239cec42fc9b021284a7283c6c 6ab3a7ceb57d4931bf76270f73332445 - - - -] Successfully bumped revision number for resource e8afd3a4-824f-4f14-a9ed-dc37f9c82ec9 (type: security_groups) to 1
2026-09-12 05:15:03.836 9 INFO neutron.wsgi [None req-cbbf487b-3bd4-4079-921b-5b4a9076c0f4 0d7941239cec42fc9b021284a7283c6c 6ab3a7ceb57d4931bf76270f73332445 - - - -] 10.0.0.140 "POST /v2.0/security-groups HTTP/1.1" status: 201 len: 1737 time: 0.1403153
2026-09-12 05:15:03.865 9 INFO neutron.wsgi [None req-d4dd13f5-86e5-41e2-8aae-5ec70f729924 6af1419730d54e01a3896677732b6f56 3fadd7f911e94980868fb37bf0b37f54 - - default default] 10.0.0.140 "GET /v2.0/ports HTTP/1.1" status: 200 len: 1732 time: 0.0770624
2026-09-12 05:15:03.884 9 INFO neutron.pecan_wsgi.hooks.translation [None req-2e0862fd-2409-47e1-bff7-1e7f5e7b1cf2 6af1419730d54e01a3896677732b6f56 3fadd7f911e94980868fb37bf0b37f54 - - default default] GET failed (client error): The resource could not be found.
2026-09-12 05:15:03.886 9 INFO neutron.wsgi [None req-2e0862fd-2409-47e1-bff7-1e7f5e7b1cf2 6af1419730d54e01a3896677732b6f56 3fadd7f911e94980868fb37bf0b37f54 - - default default] 10.0.0.140 "GET /v2.0/ports/b0465eda-c8fd-4070-9c42-8c66c488981f HTTP/1.1" status: 404 len: 333 time: 0.0164940
2026-09-12 05:15:03.920 9 INFO neutron.wsgi [None req-da77cd5d-0723-4570-b599-704575cd1eb4 6af1419730d54e01a3896677732b6f56 3fadd7f911e94980868fb37bf0b37f54 - - default default] 10.0.0.140 "GET /v2.0/ports HTTP/1.1" status: 200 len: 1732 time: 0.0282247
2026-09-12 05:15:03.957 9 INFO neutron.wsgi [None req-4c1a8b4b-48fc-4347-a123-dfc5d97a1a6b 6af1419730d54e01a3896677732b6f56 3fadd7f911e94980868fb37bf0b37f54 - - default default] 10.0.0.140 "GET /v2.0/ports/b72cb1bc-1260-4334-b212-0f32b4d691e5 HTTP/1.1" status: 200 len: 972 time: 0.0288026
2026-09-12 05:15:03.977 10 INFO neutron.db.ovn_revision_numbers_db [None req-2e1cf4ff-3c9d-49e1-a824-11642c8b6e4b 0d7941239cec42fc9b021284a7283c6c 6ab3a7ceb57d4931bf76270f73332445 - - - -] Successfully bumped revision number for resource 5e36e0f7-bf24-43cc-9c75-976f78155850 (type: security_groups) to 1
2026-09-12 05:15:03.981 9 INFO neutron.pecan_wsgi.hooks.translation [None req-28d43a81-3f1f-41e3-a689-891c6f9e3657 6af1419730d54e01a3896677732b6f56 3fadd7f911e94980868fb37bf0b37f54 - - - -] DELETE failed (client error): The resource could not be found.
2026-09-12 05:15:03.984 9 INFO neutron.wsgi [None req-28d43a81-3f1f-41e3-a689-891c6f9e3657 6af1419730d54e01a3896677732b6f56 3fadd7f911e94980868fb37bf0b37f54 - - - -] 10.0.0.140 "DELETE /v2.0/ports/4ff1fee8-554a-4ea9-b849-3eeae8cb265c HTTP/1.1" status: 404 len: 333 time: 0.0214174
2026-09-12 05:15:04.003 10 INFO neutron.wsgi [None req-2e1cf4ff-3c9d-49e1-a824-11642c8b6e4b 0d7941239cec42fc9b021284a7283c6c 6ab3a7ceb57d4931bf76270f73332445 - - - -] 10.0.0.140 "POST /v2.0/security-groups HTTP/1.1" status: 201 len: 1737 time: 0.1621358
2026-09-12 05:15:04.004 9 INFO neutron.pecan_wsgi.hooks.translation [None req-8592e055-0b02-4849-8620-8d750995885f 6af1419730d54e01a3896677732b6f56 3fadd7f911e94980868fb37bf0b37f54 - - - -] DELETE failed (client error): The resource could not be found.
2026-09-12 05:15:04.007 9 INFO neutron.wsgi [None req-8592e055-0b02-4849-8620-8d750995885f 6af1419730d54e01a3896677732b6f56 3fadd7f911e94980868fb37bf0b37f54 - - - -] 10.0.0.140 "DELETE /v2.0/subnets/a34ffa43-a2e5-4221-a06f-7869a68a89c4 HTTP/1.1" status: 404 len: 337 time: 0.0164397
2026-09-12 05:15:04.032 9 INFO neutron.pecan_wsgi.hooks.translation [None req-e51775ec-35af-44b0-aded-68db6d9e71b6 6af1419730d54e01a3896677732b6f56 3fadd7f911e94980868fb37bf0b37f54 - - - -] DELETE failed (client error): The resource could not be found.
2026-09-12 05:15:04.035 9 INFO neutron.wsgi [None req-e51775ec-35af-44b0-aded-68db6d9e71b6 6af1419730d54e01a3896677732b6f56 3fadd7f911e94980868fb37bf0b37f54 - - - -] 10.0.0.140 "DELETE /v2.0/subnets/feaa3f14-c58d-441f-832c-87e3c510a6c5 HTTP/1.1" status: 404 len: 337 time: 0.0200167
2026-09-12 05:15:04.124 10 INFO neutron.db.ovn_revision_numbers_db [None req-215cdb49-9d23-480c-9d35-a362fa05ab96 6d7a6c0f332e49568f995b49d66aaa1b 82ed8b0e619b40d1b675607182c9cd58 - - - -] Successfully bumped revision number for resource 79027ceb-1156-4a9f-b237-867d31bbf57a (type: ports) to 2
2026-09-12 05:15:04.140 10 INFO neutron.db.ovn_revision_numbers_db [None req-215cdb49-9d23-480c-9d35-a362fa05ab96 6d7a6c0f332e49568f995b49d66aaa1b 82ed8b0e619b40d1b675607182c9cd58 - - - -] Successfully bumped revision number for resource e02f0427-0394-4b77-a42a-056bea0b23bd (type: subnets) to 0
2026-09-12 05:15:04.154 10 INFO neutron.wsgi [None req-215cdb49-9d23-480c-9d35-a362fa05ab96 6d7a6c0f332e49568f995b49d66aaa1b 82ed8b0e619b40d1b675607182c9cd58 - - - -] 10.0.0.140 "POST /v2.0/subnets HTTP/1.1" status: 201 len: 865 time: 0.6908510
2026-09-12 05:15:04.156 9 INFO neutron.db.ovn_revision_numbers_db [None req-229baf71-24ae-406e-8a55-1032622e088c 0d7941239cec42fc9b021284a7283c6c 6ab3a7ceb57d4931bf76270f73332445 - - - -] Successfully bumped revision number for resource 71603839-7f0f-4942-b0ee-6ef63ebd7b0f (type: security_groups) to 1
2026-09-12 05:15:04.182 9 INFO neutron.notifiers.nova [-] Nova event matching ['req-fbe24314-c680-4329-a889-da59a4a137de'] response: {'server_uuid': '3b7b92a4-0e02-4090-af9a-22507391aa24', 'name': 'network-vif-plugged', 'status': 'completed', 'tag': '462f8752-de1e-412a-a202-a7f776f7bacc', 'code': 200}
2026-09-12 05:15:04.182 9 INFO neutron.notifiers.nova [-] Nova event matching ['req-fbe24314-c680-4329-a889-da59a4a137de'] response: {'server_uuid': '3b7b92a4-0e02-4090-af9a-22507391aa24', 'name': 'network-vif-deleted', 'tag': '462f8752-de1e-412a-a202-a7f776f7bacc', 'status': 'completed', 'code': 200}
2026-09-12 05:15:04.207 9 INFO neutron.wsgi [None req-229baf71-24ae-406e-8a55-1032622e088c 0d7941239cec42fc9b021284a7283c6c 6ab3a7ceb57d4931bf76270f73332445 - - - -] 10.0.0.140 "POST /v2.0/security-groups HTTP/1.1" status: 201 len: 1737 time: 0.1991003
2026-09-12 05:15:04.364 9 INFO neutron.db.ovn_revision_numbers_db [None req-d2061c13-288d-435c-9dcf-6f9ad487239d 0d7941239cec42fc9b021284a7283c6c 6ab3a7ceb57d4931bf76270f73332445 - - - -] Successfully bumped revision number for resource 8a4ec983-97a1-40a3-805e-fba4a5b8ba2a (type: security_groups) to 1
2026-09-12 05:15:04.376 9 INFO neutron.wsgi [None req-01f3651c-690e-44e2-9815-302b3a8d4f29 6af1419730d54e01a3896677732b6f56 3fadd7f911e94980868fb37bf0b37f54 - - - -] 10.0.0.140 "DELETE /v2.0/ports/b72cb1bc-1260-4334-b212-0f32b4d691e5 HTTP/1.1" status: 204 len: 168 time: 0.3330898
2026-09-12 05:15:04.391 9 INFO neutron.wsgi [None req-d2061c13-288d-435c-9dcf-6f9ad487239d 0d7941239cec42fc9b021284a7283c6c 6ab3a7ceb57d4931bf76270f73332445 - - - -] 10.0.0.140 "POST /v2.0/security-groups HTTP/1.1" status: 201 len: 1737 time: 0.1782761
2026-09-12 05:15:04.401 9 INFO neutron.wsgi [None req-39e9d33d-ce70-400e-868a-0119cb6e68dd 0dfa9f877046474a91b523723c476c2d 251b9108cab64b429fca08ea5065e5d7 - - - -] 10.0.0.140 "DELETE /v2.0/security-groups/d2a8e51e-f45a-4ac5-9fb9-93531e05cbfc HTTP/1.1" status: 204 len: 168 time: 0.1980612
2026-09-12 05:15:04.440 10 INFO neutron.api.v2.resource [None req-50421f4c-91b3-40dc-ad31-0bfcec235bc7 0dfa9f877046474a91b523723c476c2d 251b9108cab64b429fca08ea5065e5d7 - - default default] show failed (client error): The resource could not be found.
2026-09-12 05:15:04.441 10 INFO neutron.wsgi [None req-50421f4c-91b3-40dc-ad31-0bfcec235bc7 0dfa9f877046474a91b523723c476c2d 251b9108cab64b429fca08ea5065e5d7 - - default default] 10.0.0.140 "GET /v2.0/security-groups/d2a8e51e-f45a-4ac5-9fb9-93531e05cbfc HTTP/1.1" status: 404 len: 347 time: 0.0341520
2026-09-12 05:15:04.443 10 INFO neutron.wsgi [None req-2c4cc96b-c5e7-4924-b339-9ac763a4beee 0d7941239cec42fc9b021284a7283c6c 6ab3a7ceb57d4931bf76270f73332445 - - - -] 10.0.0.140 "PUT /v2.0/security-groups/ec3c1da2-8151-4d60-998d-9ebe9e71f6b6/tags HTTP/1.1" status: 200 len: 210 time: 0.0462062
2026-09-12 05:15:04.535 10 INFO neutron.wsgi [None req-2ae1331e-d7d1-4a3a-a73a-07e27892dc1c 0d7941239cec42fc9b021284a7283c6c 6ab3a7ceb57d4931bf76270f73332445 - - - -] 10.0.0.140 "PUT /v2.0/security-groups/e8afd3a4-824f-4f14-a9ed-dc37f9c82ec9/tags HTTP/1.1" status: 200 len: 218 time: 0.0791023
2026-09-12 05:15:04.611 9 INFO neutron.wsgi [None req-df178030-4215-4cfa-ae25-21d35a1c3cb9 0d7941239cec42fc9b021284a7283c6c 6ab3a7ceb57d4931bf76270f73332445 - - - -] 10.0.0.140 "PUT /v2.0/security-groups/5e36e0f7-bf24-43cc-9c75-976f78155850/tags HTTP/1.1" status: 200 len: 227 time: 0.0627542
2026-09-12 05:15:04.676 10 INFO neutron.wsgi [None req-f983001e-e417-4d0e-8d37-c02ffaa9feda 0d7941239cec42fc9b021284a7283c6c 6ab3a7ceb57d4931bf76270f73332445 - - - -] 10.0.0.140 "PUT /v2.0/security-groups/71603839-7f0f-4942-b0ee-6ef63ebd7b0f/tags HTTP/1.1" status: 200 len: 212 time: 0.0604074
2026-09-12 05:15:04.739 10 WARNING neutron.scheduler.dhcp_agent_scheduler [None req-e58702f3-7bef-44bf-be0d-3779f154815b 6d7a6c0f332e49568f995b49d66aaa1b 82ed8b0e619b40d1b675607182c9cd58 - - - -] No more DHCP agents
2026-09-12 05:15:04.744 10 WARNING neutron.api.rpc.agentnotifiers.dhcp_rpc_agent_api [None req-e58702f3-7bef-44bf-be0d-3779f154815b 6d7a6c0f332e49568f995b49d66aaa1b 82ed8b0e619b40d1b675607182c9cd58 - - - -] Unable to schedule network f4c1c2ff-ed9f-4bf4-9a30-87877b7ba6f7: no agents available; will retry on subsequent port and subnet creation events.
2026-09-12 05:15:04.767 9 INFO neutron.wsgi [None req-95a257ca-0361-448d-a1fc-a56c119dd8fc 0d7941239cec42fc9b021284a7283c6c 6ab3a7ceb57d4931bf76270f73332445 - - default default] 10.0.0.140 "GET /v2.0/security-groups?tags=red HTTP/1.1" status: 200 len: 4813 time: 0.0837607
2026-09-12 05:15:04.789 9 INFO neutron.services.segments.plugin [-] Segment f934a653-71cd-4604-8bdb-d3f45d97a3b9 resource provider aggregate not found
2026-09-12 05:15:04.793 9 INFO neutron.services.segments.plugin [-] Segment f934a653-71cd-4604-8bdb-d3f45d97a3b9 resource provider aggregate not found
2026-09-12 05:15:04.812 9 INFO neutron.services.segments.plugin [-] Segment f934a653-71cd-4604-8bdb-d3f45d97a3b9 resource provider not found; error: Placement Client Error (4xx): {"errors": [{"status": 404, "title": "Not Found", "detail": "The resource could not be found.\n\n No resource provider with uuid f934a653-71cd-4604-8bdb-d3f45d97a3b9 found for delete ", "request_id": "req-fd866798-44e2-4586-82f9-7a59ae1dda44"}]}
2026-09-12 05:15:04.813 9 INFO neutron.services.segments.plugin [-] Segment f934a653-71cd-4604-8bdb-d3f45d97a3b9 resource provider not found; error: Placement Client Error (4xx): {"errors": [{"status": 404, "title": "Not Found", "detail": "The resource could not be found.\n\n No resource provider with uuid f934a653-71cd-4604-8bdb-d3f45d97a3b9 found for delete ", "request_id": "req-5a7b8b57-0855-4174-bb6f-d1db76720bf7"}]}
2026-09-12 05:15:04.834 9 INFO neutron.wsgi [None req-3efe0b7a-0b99-4428-9e40-6b57681afece 0d7941239cec42fc9b021284a7283c6c 6ab3a7ceb57d4931bf76270f73332445 - - default default] 10.0.0.140 "GET /v2.0/security-groups?tags=red%2Cblue HTTP/1.1" status: 200 len: 3289 time: 0.0618246
2026-09-12 05:15:04.843 9 INFO neutron.wsgi [None req-41809450-c372-45df-bc4c-497ca5d82a5c 6af1419730d54e01a3896677732b6f56 3fadd7f911e94980868fb37bf0b37f54 - - - -] 10.0.0.140 "DELETE /v2.0/networks/7e5f4ac3-8685-4fa0-8e99-119a9db05c0b HTTP/1.1" status: 204 len: 168 time: 0.4621429
2026-09-12 05:15:04.889 9 INFO neutron.wsgi [None req-56da2b55-90fa-447d-b133-24eb4ce3c801 0d7941239cec42fc9b021284a7283c6c 6ab3a7ceb57d4931bf76270f73332445 - - default default] 10.0.0.140 "GET /v2.0/security-groups?tags-any=blue HTTP/1.1" status: 200 len: 3289 time: 0.0490277
2026-09-12 05:15:04.911 10 INFO neutron.db.ovn_revision_numbers_db [None req-e58702f3-7bef-44bf-be0d-3779f154815b 6d7a6c0f332e49568f995b49d66aaa1b 82ed8b0e619b40d1b675607182c9cd58 - - - -] Successfully bumped revision number for resource 7cc1155b-526d-4b44-befd-d6fe3fc985ac (type: ports) to 1
2026-09-12 05:15:04.917 10 INFO neutron.wsgi [None req-d1cfb06b-e362-43ee-87c4-8fb675368cd4 0dfa9f877046474a91b523723c476c2d 251b9108cab64b429fca08ea5065e5d7 - - - -] 10.0.0.140 "DELETE /v2.0/floatingips/7b5be17c-4922-43b7-9683-03d9cb5fd471 HTTP/1.1" status: 204 len: 168 time: 0.4670577
2026-09-12 05:15:04.939 9 INFO neutron.wsgi [None req-0516620c-454a-4e70-a092-e948679b2176 0d7941239cec42fc9b021284a7283c6c 6ab3a7ceb57d4931bf76270f73332445 - - default default] 10.0.0.140 "GET /v2.0/security-groups?tags-any=red%2Cblue HTTP/1.1" status: 200 len: 4813 time: 0.0411959
2026-09-12 05:15:05.004 9 INFO neutron.wsgi [None req-2eb9385e-2dab-483d-9fd0-13648593904a 0d7941239cec42fc9b021284a7283c6c 6ab3a7ceb57d4931bf76270f73332445 - - default default] 10.0.0.140 "GET /v2.0/security-groups?not-tags=red HTTP/1.1" status: 200 len: 6041 time: 0.0589414
2026-09-12 05:15:05.077 9 INFO neutron.wsgi [None req-81ada949-215e-4c5a-865e-200524770020 0d7941239cec42fc9b021284a7283c6c 6ab3a7ceb57d4931bf76270f73332445 - - default default] 10.0.0.140 "GET /v2.0/security-groups?not-tags=red%2Cblue HTTP/1.1" status: 200 len: 7565 time: 0.0697026
2026-09-12 05:15:05.129 9 INFO neutron.wsgi [None req-05054841-127b-41ae-a7b9-581281b8d49f 0d7941239cec42fc9b021284a7283c6c 6ab3a7ceb57d4931bf76270f73332445 - - default default] 10.0.0.140 "GET /v2.0/security-groups?not-tags-any=blue HTTP/1.1" status: 200 len: 7565 time: 0.0482435
2026-09-12 05:15:05.172 9 INFO neutron.wsgi [None req-a2b92240-38f3-417d-b24f-d1f69d43b653 0d7941239cec42fc9b021284a7283c6c 6ab3a7ceb57d4931bf76270f73332445 - - default default] 10.0.0.140 "GET /v2.0/security-groups?not-tags-any=red%2Cblue HTTP/1.1" status: 200 len: 6041 time: 0.0385845
2026-09-12 05:15:05.273 9 INFO neutron.wsgi [None req-0f5b9dff-333f-4629-903b-d916310ec824 0d7941239cec42fc9b021284a7283c6c 6ab3a7ceb57d4931bf76270f73332445 - - - -] 10.0.0.140 "DELETE /v2.0/security-groups/ec3c1da2-8151-4d60-998d-9ebe9e71f6b6 HTTP/1.1" status: 204 len: 168 time: 0.0961785
2026-09-12 05:15:05.389 9 INFO neutron.wsgi [None req-4ce616d9-0e15-4e52-92fb-85099b3db058 0d7941239cec42fc9b021284a7283c6c 6ab3a7ceb57d4931bf76270f73332445 - - - -] 10.0.0.140 "DELETE /v2.0/security-groups/e8afd3a4-824f-4f14-a9ed-dc37f9c82ec9 HTTP/1.1" status: 204 len: 168 time: 0.1116805
2026-09-12 05:15:05.486 9 INFO neutron.wsgi [None req-8b66fc31-c92e-4a6f-8c4b-429039fef93f 6d7a6c0f332e49568f995b49d66aaa1b 82ed8b0e619b40d1b675607182c9cd58 - - default default] 10.0.0.140 "GET /v2.0/security-groups?tenant_id=3fadd7f911e94980868fb37bf0b37f54&name=default HTTP/1.1" status: 200 len: 2996 time: 0.1578670
2026-09-12 05:15:05.534 9 INFO neutron.wsgi [None req-3b5f2a7d-bb76-42a2-958f-3c6375d490f8 0d7941239cec42fc9b021284a7283c6c 6ab3a7ceb57d4931bf76270f73332445 - - - -] 10.0.0.140 "DELETE /v2.0/security-groups/5e36e0f7-bf24-43cc-9c75-976f78155850 HTTP/1.1" status: 204 len: 168 time: 0.1405327
