2026-09-12 05:15:46.285 10 INFO neutron.wsgi [None req-c53cf21d-f750-4bfe-82fa-36953aad8480 27022ffaeb0b47cab1affbeaf5b12c3b a7661d8421e1476a87f14dc5cb9442a7 - - default default] 10.0.0.140 "GET /v2.0/ports/892553fa-ddb7-4b3f-a9c1-d43b94679519 HTTP/1.1" status: 200 len: 1147 time: 0.0279179
2026-09-12 05:15:46.324 10 INFO neutron.wsgi [None req-782abf86-6201-4d1f-94e8-610ae7c07c96 27022ffaeb0b47cab1affbeaf5b12c3b a7661d8421e1476a87f14dc5cb9442a7 - - default default] 10.0.0.140 "GET /v2.0/ports/892553fa-ddb7-4b3f-a9c1-d43b94679519 HTTP/1.1" status: 200 len: 1147 time: 0.0328612
2026-09-12 05:15:46.402 10 INFO neutron.wsgi [req-9ccde80e-4f0e-4766-ac77-18305044fef9 req-03e24a01-d77b-4112-b794-8a024855a10c 8771bba2cb8044b9b1b2e3574724e34f 391c1d3e378b4ae5826352122246cd29 - - default default] 10.0.0.239 "GET /v2.0/ports?device_id=19013341-140d-4ee9-aa04-d43d238fbced HTTP/1.1" status: 200 len: 1170 time: 0.0766680
2026-09-12 05:15:46.449 10 INFO neutron.wsgi [req-9ccde80e-4f0e-4766-ac77-18305044fef9 req-76e15058-50a2-4d5b-a229-081a1f9a6f7d 8771bba2cb8044b9b1b2e3574724e34f 391c1d3e378b4ae5826352122246cd29 - - default default] 10.0.0.239 "GET /v2.0/security-groups?id=5d4938b2-dcc4-47c7-a9b8-956c4bff5fc6&fields=id&fields=name HTTP/1.1" status: 200 len: 286 time: 0.0324662
2026-09-12 05:15:46.532 9 WARNING neutron.scheduler.dhcp_agent_scheduler [None req-1c5b87f7-7891-4483-87cf-c7ba24005cc5 e74746764bee44a296ced68e70067178 3cdaac8f752340cca8104b482f43ab96 - - - -] No more DHCP agents
2026-09-12 05:15:46.545 9 WARNING neutron.api.rpc.agentnotifiers.dhcp_rpc_agent_api [None req-1c5b87f7-7891-4483-87cf-c7ba24005cc5 e74746764bee44a296ced68e70067178 3cdaac8f752340cca8104b482f43ab96 - - - -] Unable to schedule network f136c499-bad4-48e4-b112-514d4d9cd890: no agents available; will retry on subsequent port and subnet creation events.
2026-09-12 05:15:46.573 9 INFO neutron.db.ovn_revision_numbers_db [None req-0d17e937-595f-46c3-8849-52c48ddc45ca d44f0406c1b4444ba4659d5ba44e4043 269920ddf0054bd3b6ed5aee11b69930 - - - -] Successfully bumped revision number for resource 76b7956f-d08f-4d87-bd1d-15c7ea4d8c12 (type: floatingips) to 0
2026-09-12 05:15:46.754 9 INFO neutron.db.ovn_revision_numbers_db [None req-aa7ef198-caa7-48af-8bdd-15a59311dcc8 - - - - - -] Successfully bumped revision number for resource 892553fa-ddb7-4b3f-a9c1-d43b94679519 (type: ports) to 3
2026-09-12 05:15:46.774 9 INFO neutron.db.ovn_revision_numbers_db [None req-0d17e937-595f-46c3-8849-52c48ddc45ca d44f0406c1b4444ba4659d5ba44e4043 269920ddf0054bd3b6ed5aee11b69930 - - - -] Successfully bumped revision number for resource 76b7956f-d08f-4d87-bd1d-15c7ea4d8c12 (type: floatingips) to 1
2026-09-12 05:15:46.890 9 INFO neutron.wsgi [None req-0d17e937-595f-46c3-8849-52c48ddc45ca d44f0406c1b4444ba4659d5ba44e4043 269920ddf0054bd3b6ed5aee11b69930 - - - -] 10.0.0.140 "POST /v2.0/floatingips HTTP/1.1" status: 201 len: 1054 time: 2.1555078
2026-09-12 05:15:46.897 9 INFO neutron.wsgi [req-2713c32d-17be-4dad-8630-0f1b332607cc req-fdff493f-974b-4ce7-a5a4-339bab75c667 8771bba2cb8044b9b1b2e3574724e34f 391c1d3e378b4ae5826352122246cd29 - - default default] 162.253.55.43 "GET /v2.0/ports?device_id=19013341-140d-4ee9-aa04-d43d238fbced HTTP/1.1" status: 200 len: 1170 time: 0.2234778
2026-09-12 05:15:46.965 10 INFO neutron.wsgi [None req-8c355545-c95e-4fe5-9083-dd623d8cd84c d44f0406c1b4444ba4659d5ba44e4043 269920ddf0054bd3b6ed5aee11b69930 - - default default] 10.0.0.140 "GET /v2.0/floatingips/76b7956f-d08f-4d87-bd1d-15c7ea4d8c12 HTTP/1.1" status: 200 len: 1051 time: 0.0702910
2026-09-12 05:15:47.007 9 INFO neutron.db.ovn_revision_numbers_db [None req-aa7ef198-caa7-48af-8bdd-15a59311dcc8 - - - - - -] Successfully bumped revision number for resource 892553fa-ddb7-4b3f-a9c1-d43b94679519 (type: router_ports) to 3
2026-09-12 05:15:47.146 9 INFO neutron.notifiers.nova [-] Nova event matching ['req-60b08274-5dc6-42ab-a088-e3fe9faf1d0a'] response: {'server_uuid': '19013341-140d-4ee9-aa04-d43d238fbced', 'name': 'network-vif-plugged', 'status': 'completed', 'tag': '41a4ed51-8fa3-47ff-badf-45ffe350a33b', 'code': 200}
2026-09-12 05:15:47.146 9 INFO neutron.notifiers.nova [-] Nova event matching ['req-60b08274-5dc6-42ab-a088-e3fe9faf1d0a'] response: {'name': 'network-changed', 'server_uuid': 'ef6e3ae5-0637-491e-8efc-d56f98aeddc6', 'tag': '408cb33e-340a-44ce-922a-fcc92eb2af29', 'status': 'completed', 'code': 200}
2026-09-12 05:15:47.232 10 INFO neutron.wsgi [req-1f33c2b5-80c2-439b-af4e-49cc216f5e0c req-e762497d-81b2-4d0f-939c-661a09935f92 ccc55c2b1b564a7bb0eaef7101c137cb a0ebd6d97c234365a41f5993b017964b - - 8c30287ce7d244c789d6d1b30f1e19f4 8c30287ce7d244c789d6d1b30f1e19f4] 162.253.55.43 "GET /v2.0/ports?tenant_id=269920ddf0054bd3b6ed5aee11b69930&device_id=ef6e3ae5-0637-491e-8efc-d56f98aeddc6 HTTP/1.1" status: 200 len: 1361 time: 0.0579002
2026-09-12 05:15:47.284 10 INFO neutron.wsgi [req-1f33c2b5-80c2-439b-af4e-49cc216f5e0c req-41b33293-8b26-4991-8bba-6f1d3a867c8e ccc55c2b1b564a7bb0eaef7101c137cb a0ebd6d97c234365a41f5993b017964b - - 8c30287ce7d244c789d6d1b30f1e19f4 8c30287ce7d244c789d6d1b30f1e19f4] 162.253.55.43 "GET /v2.0/networks?id=306e7c87-dd2c-49fc-9a8e-f3b59455f447 HTTP/1.1" status: 200 len: 958 time: 0.0473835
2026-09-12 05:15:47.341 9 INFO neutron.db.ovn_revision_numbers_db [None req-1c5b87f7-7891-4483-87cf-c7ba24005cc5 e74746764bee44a296ced68e70067178 3cdaac8f752340cca8104b482f43ab96 - - - -] Successfully bumped revision number for resource a9308260-ef01-4eaa-a9ea-42a396f7944c (type: ports) to 2
2026-09-12 05:15:47.378 9 INFO neutron.db.ovn_revision_numbers_db [None req-1c5b87f7-7891-4483-87cf-c7ba24005cc5 e74746764bee44a296ced68e70067178 3cdaac8f752340cca8104b482f43ab96 - - - -] Successfully bumped revision number for resource 2da7db74-ca21-413a-88b7-353b99da4829 (type: subnets) to 0
2026-09-12 05:15:47.395 9 INFO neutron.wsgi [None req-7aa5d7ad-8f34-465c-bcd0-1129fe6d62a2 8771bba2cb8044b9b1b2e3574724e34f 391c1d3e378b4ae5826352122246cd29 - - - -] 162.253.55.43 "DELETE /v2.0/ports/41a4ed51-8fa3-47ff-badf-45ffe350a33b HTTP/1.1" status: 204 len: 173 time: 0.4861305
2026-09-12 05:15:47.397 9 INFO neutron.wsgi [None req-1c5b87f7-7891-4483-87cf-c7ba24005cc5 e74746764bee44a296ced68e70067178 3cdaac8f752340cca8104b482f43ab96 - - - -] 10.0.0.140 "POST /v2.0/subnets HTTP/1.1" status: 201 len: 801 time: 1.5806651
2026-09-12 05:15:47.479 9 INFO neutron.wsgi [None req-1c7a7364-c88d-41f9-9289-cb05a3a1a181 e74746764bee44a296ced68e70067178 3cdaac8f752340cca8104b482f43ab96 - - - -] 10.0.0.140 "PUT /v2.0/subnets/2da7db74-ca21-413a-88b7-353b99da4829/tags HTTP/1.1" status: 200 len: 218 time: 0.0730553
2026-09-12 05:15:47.516 9 INFO neutron.wsgi [None req-c89d0c98-0bc1-4494-b2c9-31a4c0293741 e74746764bee44a296ced68e70067178 3cdaac8f752340cca8104b482f43ab96 - - default default] 10.0.0.140 "GET /v2.0/subnets/2da7db74-ca21-413a-88b7-353b99da4829/tags HTTP/1.1" status: 200 len: 218 time: 0.0283566
2026-09-12 05:15:47.573 9 INFO neutron.wsgi [None req-561ad784-9f25-49e5-9c9d-6cfb7d22afda e74746764bee44a296ced68e70067178 3cdaac8f752340cca8104b482f43ab96 - - - -] 10.0.0.140 "PUT /v2.0/subnets/2da7db74-ca21-413a-88b7-353b99da4829/tags/green HTTP/1.1" status: 201 len: 201 time: 0.0500863
2026-09-12 05:15:47.604 9 INFO neutron.wsgi [None req-bdcae65b-745f-49e5-8c5f-8d6e9682c725 e74746764bee44a296ced68e70067178 3cdaac8f752340cca8104b482f43ab96 - - default default] 10.0.0.140 "GET /v2.0/subnets/2da7db74-ca21-413a-88b7-353b99da4829/tags HTTP/1.1" status: 200 len: 227 time: 0.0266304
2026-09-12 05:15:47.639 9 INFO neutron.wsgi [None req-d958a546-0dda-4459-b9ec-61b469fae91c e74746764bee44a296ced68e70067178 3cdaac8f752340cca8104b482f43ab96 - - - -] 10.0.0.140 "PUT /v2.0/subnets/2da7db74-ca21-413a-88b7-353b99da4829/tags/red HTTP/1.1" status: 201 len: 201 time: 0.0304098
2026-09-12 05:15:47.643 10 INFO neutron.wsgi [req-00a33a26-cb02-4a69-8ec7-895edbefdf7f req-70af1439-53c0-4dd9-b06e-dee1a49bafcc 8771bba2cb8044b9b1b2e3574724e34f 391c1d3e378b4ae5826352122246cd29 - - default default] 10.0.0.239 "GET /v2.0/ports?device_id=19013341-140d-4ee9-aa04-d43d238fbced HTTP/1.1" status: 200 len: 210 time: 0.0235434
2026-09-12 05:15:47.648 10 INFO neutron.wsgi [None req-464f4c9c-a0a9-47d9-90e2-79856e30fc32 27022ffaeb0b47cab1affbeaf5b12c3b a7661d8421e1476a87f14dc5cb9442a7 - - default default] 10.0.0.140 "GET /v2.0/ports/892553fa-ddb7-4b3f-a9c1-d43b94679519 HTTP/1.1" status: 200 len: 1149 time: 0.3111322
2026-09-12 05:15:47.650 10 INFO neutron.wsgi [req-1f33c2b5-80c2-439b-af4e-49cc216f5e0c req-e1a20e7b-d84e-4dce-bb80-2878225e764e ccc55c2b1b564a7bb0eaef7101c137cb a0ebd6d97c234365a41f5993b017964b - - 8c30287ce7d244c789d6d1b30f1e19f4 8c30287ce7d244c789d6d1b30f1e19f4] 162.253.55.43 "GET /v2.0/floatingips?fixed_ip_address=10.100.0.5&port_id=408cb33e-340a-44ce-922a-fcc92eb2af29 HTTP/1.1" status: 200 len: 1059 time: 0.3601477
2026-09-12 05:15:47.668 9 INFO neutron.wsgi [None req-e8830023-1415-42a9-9d3e-c95018c7587a e74746764bee44a296ced68e70067178 3cdaac8f752340cca8104b482f43ab96 - - default default] 10.0.0.140 "GET /v2.0/subnets/2da7db74-ca21-413a-88b7-353b99da4829/tags HTTP/1.1" status: 200 len: 227 time: 0.0243926
2026-09-12 05:15:47.714 9 INFO neutron.wsgi [None req-d3247b5d-a753-48bf-b1db-48d7fbc352ae e74746764bee44a296ced68e70067178 3cdaac8f752340cca8104b482f43ab96 - - - -] 10.0.0.140 "PUT /v2.0/subnets/2da7db74-ca21-413a-88b7-353b99da4829/tags/black.or.white HTTP/1.1" status: 201 len: 201 time: 0.0413561
2026-09-12 05:15:47.718 10 INFO neutron.wsgi [req-1f33c2b5-80c2-439b-af4e-49cc216f5e0c req-9acdac22-a8ba-4bc9-b381-b1e88c0558d0 ccc55c2b1b564a7bb0eaef7101c137cb a0ebd6d97c234365a41f5993b017964b - - 8c30287ce7d244c789d6d1b30f1e19f4 8c30287ce7d244c789d6d1b30f1e19f4] 162.253.55.43 "GET /v2.0/subnets?id=ed63dd31-dee8-4c26-855c-093422c13757 HTTP/1.1" status: 200 len: 853 time: 0.0615027
2026-09-12 05:15:47.748 9 INFO neutron.wsgi [None req-054e64f8-6546-40c3-909c-f33e1e574e99 e74746764bee44a296ced68e70067178 3cdaac8f752340cca8104b482f43ab96 - - default default] 10.0.0.140 "GET /v2.0/subnets/2da7db74-ca21-413a-88b7-353b99da4829/tags HTTP/1.1" status: 200 len: 245 time: 0.0284686
2026-09-12 05:15:47.754 10 INFO neutron.wsgi [req-1f33c2b5-80c2-439b-af4e-49cc216f5e0c req-659fdeb0-ba3e-405e-87c7-b3d3815865e4 ccc55c2b1b564a7bb0eaef7101c137cb a0ebd6d97c234365a41f5993b017964b - - 8c30287ce7d244c789d6d1b30f1e19f4 8c30287ce7d244c789d6d1b30f1e19f4] 162.253.55.43 "GET /v2.0/ports?network_id=306e7c87-dd2c-49fc-9a8e-f3b59455f447&device_owner=network%3Adhcp HTTP/1.1" status: 200 len: 210 time: 0.0263529
2026-09-12 05:15:47.791 9 INFO neutron.wsgi [None req-64c023bd-a59a-412a-a50e-c1b37f04277f e74746764bee44a296ced68e70067178 3cdaac8f752340cca8104b482f43ab96 - - - -] 10.0.0.140 "PUT /v2.0/subnets/2da7db74-ca21-413a-88b7-353b99da4829/tags HTTP/1.1" status: 200 len: 230 time: 0.0384827
2026-09-12 05:15:47.822 9 INFO neutron.wsgi [None req-abe4ec2f-1ead-478c-82d4-f377ac3051a3 e74746764bee44a296ced68e70067178 3cdaac8f752340cca8104b482f43ab96 - - default default] 10.0.0.140 "GET /v2.0/subnets/2da7db74-ca21-413a-88b7-353b99da4829/tags HTTP/1.1" status: 200 len: 230 time: 0.0239382
2026-09-12 05:15:47.826 10 INFO neutron.wsgi [req-1f33c2b5-80c2-439b-af4e-49cc216f5e0c req-53816da0-0d60-4e58-8d04-b0a172ab9a48 ccc55c2b1b564a7bb0eaef7101c137cb a0ebd6d97c234365a41f5993b017964b - - 8c30287ce7d244c789d6d1b30f1e19f4 8c30287ce7d244c789d6d1b30f1e19f4] 162.253.55.43 "GET /v2.0/networks/306e7c87-dd2c-49fc-9a8e-f3b59455f447?fields=segments HTTP/1.1" status: 200 len: 212 time: 0.0652988
2026-09-12 05:15:47.872 9 INFO neutron.wsgi [None req-67f9bacb-39c4-4e3c-afbf-db55b64d5c13 e74746764bee44a296ced68e70067178 3cdaac8f752340cca8104b482f43ab96 - - default default] 10.0.0.140 "GET /v2.0/subnets/2da7db74-ca21-413a-88b7-353b99da4829/tags/red HTTP/1.1" status: 204 len: 168 time: 0.0461252
2026-09-12 05:15:47.902 9 INFO neutron.api.v2.resource [None req-6c4cadfc-b68e-402d-b823-bbd06a0d3eb8 e74746764bee44a296ced68e70067178 3cdaac8f752340cca8104b482f43ab96 - - default default] show failed (client error): The resource could not be found.
2026-09-12 05:15:47.903 9 INFO neutron.wsgi [None req-6c4cadfc-b68e-402d-b823-bbd06a0d3eb8 e74746764bee44a296ced68e70067178 3cdaac8f752340cca8104b482f43ab96 - - default default] 10.0.0.140 "GET /v2.0/subnets/2da7db74-ca21-413a-88b7-353b99da4829/tags/green HTTP/1.1" status: 404 len: 299 time: 0.0250161
2026-09-12 05:15:47.949 10 INFO neutron.wsgi [req-1f33c2b5-80c2-439b-af4e-49cc216f5e0c req-bf9402e9-22ac-4f93-8b98-156557ea7801 ccc55c2b1b564a7bb0eaef7101c137cb a0ebd6d97c234365a41f5993b017964b - - 8c30287ce7d244c789d6d1b30f1e19f4 8c30287ce7d244c789d6d1b30f1e19f4] 162.253.55.43 "GET /v2.0/networks/306e7c87-dd2c-49fc-9a8e-f3b59455f447?fields=provider%3Aphysical_network&fields=provider%3Anetwork_type HTTP/1.1" status: 200 len: 277 time: 0.0994096
2026-09-12 05:15:47.974 9 INFO neutron.wsgi [None req-8365266a-a630-452f-8863-42641a6d2341 e74746764bee44a296ced68e70067178 3cdaac8f752340cca8104b482f43ab96 - - - -] 10.0.0.140 "DELETE /v2.0/subnets/2da7db74-ca21-413a-88b7-353b99da4829/tags/red HTTP/1.1" status: 204 len: 168 time: 0.0660465
2026-09-12 05:15:48.014 9 INFO neutron.wsgi [None req-7d317a85-7a10-4cb9-a3ee-b6714562f8f5 e74746764bee44a296ced68e70067178 3cdaac8f752340cca8104b482f43ab96 - - default default] 10.0.0.140 "GET /v2.0/subnets/2da7db74-ca21-413a-88b7-353b99da4829/tags HTTP/1.1" status: 200 len: 223 time: 0.0363245
2026-09-12 05:15:48.134 10 INFO neutron.api.v2.resource [None req-829e1b01-4146-4cab-aca6-9b584f320579 e74746764bee44a296ced68e70067178 3cdaac8f752340cca8104b482f43ab96 - - - -] delete failed (client error): The resource could not be found.
2026-09-12 05:15:48.135 10 INFO neutron.wsgi [None req-829e1b01-4146-4cab-aca6-9b584f320579 e74746764bee44a296ced68e70067178 3cdaac8f752340cca8104b482f43ab96 - - - -] 10.0.0.140 "DELETE /v2.0/subnets/2da7db74-ca21-413a-88b7-353b99da4829/tags/green HTTP/1.1" status: 404 len: 299 time: 0.1164839
2026-09-12 05:15:48.252 10 INFO neutron.wsgi [None req-527b39b8-828e-4e02-9ace-d27f91b9e4e2 e74746764bee44a296ced68e70067178 3cdaac8f752340cca8104b482f43ab96 - - - -] 10.0.0.140 "DELETE /v2.0/subnets/2da7db74-ca21-413a-88b7-353b99da4829/tags HTTP/1.1" status: 204 len: 168 time: 0.1090102
2026-09-12 05:15:48.287 9 INFO neutron.wsgi [None req-11973b99-aed3-4458-8209-4dd716991d76 e74746764bee44a296ced68e70067178 3cdaac8f752340cca8104b482f43ab96 - - default default] 10.0.0.140 "GET /v2.0/subnets/2da7db74-ca21-413a-88b7-353b99da4829/tags HTTP/1.1" status: 200 len: 205 time: 0.0314467
2026-09-12 05:15:48.508 9 INFO neutron.wsgi [None req-d4d5c4e8-d041-4507-a679-af1de20ebfc7 e74746764bee44a296ced68e70067178 3cdaac8f752340cca8104b482f43ab96 - - - -] 10.0.0.140 "DELETE /v2.0/subnets/2da7db74-ca21-413a-88b7-353b99da4829 HTTP/1.1" status: 204 len: 168 time: 0.2137311 /var/lib/openstack/lib/python3.10/site-packages/pycadf/identifier.py:71: UserWarning: Invalid uuid: neutron. To ensure interoperability, identifiers should be a valid uuid. warnings.warn(('Invalid uuid: %s. To ensure interoperability, '
2026-09-12 05:15:48.545 10 INFO neutron.wsgi [None req-ac21e793-9a34-4bfd-b68e-be39911a0446 27022ffaeb0b47cab1affbeaf5b12c3b a7661d8421e1476a87f14dc5cb9442a7 - - - -] 10.0.0.140 "PUT /v2.0/routers/51482abe-86a4-4acc-b895-c17392307ccc/remove_router_interface HTTP/1.1" status: 200 len: 503 time: 0.8923938
2026-09-12 05:15:48.631 9 INFO neutron.wsgi [None req-a5bd28ee-d253-4746-b970-25d7c00772aa 27022ffaeb0b47cab1affbeaf5b12c3b a7661d8421e1476a87f14dc5cb9442a7 - - default default] 10.0.0.140 "GET /v2.0/ports/9a676fde-4ddd-4b7a-a5d5-8e0c33f5819f HTTP/1.1" status: 200 len: 1141 time: 0.0812032
2026-09-12 05:15:49.020 10 INFO neutron.services.segments.plugin [-] Segment 46dab376-9d2e-4ea1-883e-e779ddbf4af0 resource provider aggregate not found
2026-09-12 05:15:49.026 10 INFO neutron.services.segments.plugin [-] Segment 46dab376-9d2e-4ea1-883e-e779ddbf4af0 resource provider aggregate not found
2026-09-12 05:15:49.047 10 INFO neutron.services.segments.plugin [-] Segment 46dab376-9d2e-4ea1-883e-e779ddbf4af0 resource provider not found; error: Placement Client Error (4xx): {"errors": [{"status": 404, "title": "Not Found", "detail": "The resource could not be found.\n\n No resource provider with uuid 46dab376-9d2e-4ea1-883e-e779ddbf4af0 found for delete ", "request_id": "req-ea5b5eab-acc1-4052-a574-5f18372c6806"}]}
2026-09-12 05:15:49.049 10 INFO neutron.services.segments.plugin [-] Segment 46dab376-9d2e-4ea1-883e-e779ddbf4af0 resource provider not found; error: Placement Client Error (4xx): {"errors": [{"status": 404, "title": "Not Found", "detail": "The resource could not be found.\n\n No resource provider with uuid 46dab376-9d2e-4ea1-883e-e779ddbf4af0 found for delete ", "request_id": "req-3dcd3dfa-62ac-4562-aa88-8c03ea61b70a"}]}
2026-09-12 05:15:49.092 10 INFO neutron.wsgi [None req-6f47f82a-ee3d-4a35-a3a6-a1c111e30af1 e74746764bee44a296ced68e70067178 3cdaac8f752340cca8104b482f43ab96 - - - -] 10.0.0.140 "DELETE /v2.0/networks/f136c499-bad4-48e4-b112-514d4d9cd890 HTTP/1.1" status: 204 len: 168 time: 0.5750403
2026-09-12 05:15:49.196 9 INFO neutron.notifiers.nova [-] Nova event matching ['req-c151bc6c-36b2-4ff0-ac73-013d7b6b192b'] response: {'server_uuid': '19013341-140d-4ee9-aa04-d43d238fbced', 'name': 'network-vif-deleted', 'tag': '41a4ed51-8fa3-47ff-badf-45ffe350a33b', 'status': 'completed', 'code': 200}
2026-09-12 05:15:49.476 9 INFO neutron.wsgi [None req-86686449-5347-419b-bc65-de16e14d47ac 27022ffaeb0b47cab1affbeaf5b12c3b a7661d8421e1476a87f14dc5cb9442a7 - - - -] 10.0.0.140 "PUT /v2.0/routers/51482abe-86a4-4acc-b895-c17392307ccc/remove_router_interface HTTP/1.1" status: 200 len: 503 time: 0.8374310 /var/lib/openstack/lib/python3.10/site-packages/pycadf/identifier.py:71: UserWarning: Invalid uuid: neutron. To ensure interoperability, identifiers should be a valid uuid. warnings.warn(('Invalid uuid: %s. To ensure interoperability, '
2026-09-12 05:15:49.501 9 INFO neutron.wsgi [None req-5dea1ca1-e6fc-49b5-8828-429b2e99d797 27022ffaeb0b47cab1affbeaf5b12c3b a7661d8421e1476a87f14dc5cb9442a7 - - default default] 10.0.0.140 "GET /v2.0/ports?device_id=51482abe-86a4-4acc-b895-c17392307ccc HTTP/1.1" status: 200 len: 205 time: 0.0203910
2026-09-12 05:15:49.703 9 INFO neutron.wsgi [None req-c1f5ed14-c6e2-43f2-a683-5caf469739c9 27022ffaeb0b47cab1affbeaf5b12c3b a7661d8421e1476a87f14dc5cb9442a7 - - - -] 10.0.0.140 "DELETE /v2.0/routers/51482abe-86a4-4acc-b895-c17392307ccc HTTP/1.1" status: 204 len: 168 time: 0.1979725
2026-09-12 05:15:49.723 10 WARNING neutron.plugins.ml2.drivers.ovn.mech_driver.ovsdb.ovn_client [None req-f4010fcd-c45b-4954-aa5b-f18dc71b67ee - - - - - -] No port found with ID 9a676fde-4ddd-4b7a-a5d5-8e0c33f5819f: RuntimeError: No port found with ID 9a676fde-4ddd-4b7a-a5d5-8e0c33f5819f
2026-09-12 05:15:49.900 9 INFO neutron.wsgi [None req-e7f205ed-4ea7-4aec-abab-e34d218bf3a6 27022ffaeb0b47cab1affbeaf5b12c3b a7661d8421e1476a87f14dc5cb9442a7 - - - -] 10.0.0.140 "DELETE /v2.0/subnets/8886543c-6697-4873-b6f6-d9c07cf7878e HTTP/1.1" status: 204 len: 168 time: 0.1921840 /var/lib/openstack/lib/python3.10/site-packages/pycadf/identifier.py:71: UserWarning: Invalid uuid: neutron. To ensure interoperability, identifiers should be a valid uuid. warnings.warn(('Invalid uuid: %s. To ensure interoperability, '
2026-09-12 05:15:49.970 9 INFO neutron.db.ovn_revision_numbers_db [None req-5f8eac3b-a6df-459b-8703-0adc2ff16c8f 6d7a6c0f332e49568f995b49d66aaa1b 82ed8b0e619b40d1b675607182c9cd58 - - default default] Successfully bumped revision number for resource a57c038e-44d1-47bc-92c5-38d85e72e3b8 (type: security_groups) to 1
2026-09-12 05:15:49.993 9 INFO neutron.wsgi [None req-5f8eac3b-a6df-459b-8703-0adc2ff16c8f 6d7a6c0f332e49568f995b49d66aaa1b 82ed8b0e619b40d1b675607182c9cd58 - - default default] 10.0.0.140 "GET /v2.0/security-groups?tenant_id=7e2acb72cd9e4396bd3c1f47e9477a17&name=default HTTP/1.1" status: 200 len: 2996 time: 0.1890135
2026-09-12 05:15:50.005 10 INFO neutron.wsgi [None req-cffb5e07-e7b2-44f7-a911-3a564946c1ec 6d7a6c0f332e49568f995b49d66aaa1b 82ed8b0e619b40d1b675607182c9cd58 - - - -] 10.0.0.140 "PUT /v2.0/routers/36220fa4-f30d-44f6-b53f-89b8b32957d7/remove_router_interface HTTP/1.1" status: 200 len: 503 time: 1.2888238 /var/lib/openstack/lib/python3.10/site-packages/pycadf/identifier.py:71: UserWarning: Invalid uuid: neutron. To ensure interoperability, identifiers should be a valid uuid. warnings.warn(('Invalid uuid: %s. To ensure interoperability, '
2026-09-12 05:15:50.190 9 INFO neutron.wsgi [None req-d8743496-fba4-4d24-8aee-c11a1ff3da8c 6d7a6c0f332e49568f995b49d66aaa1b 82ed8b0e619b40d1b675607182c9cd58 - - - -] 10.0.0.140 "DELETE /v2.0/security-groups/a57c038e-44d1-47bc-92c5-38d85e72e3b8 HTTP/1.1" status: 204 len: 168 time: 0.1907141
2026-09-12 05:15:50.248 10 INFO neutron.wsgi [None req-8a09e3d3-77cb-4fe2-880e-7aaa39a73807 27022ffaeb0b47cab1affbeaf5b12c3b a7661d8421e1476a87f14dc5cb9442a7 - - - -] 10.0.0.140 "DELETE /v2.0/subnets/418328d3-5ff2-40ca-b35f-be3dce8b0f98 HTTP/1.1" status: 204 len: 168 time: 0.3438809
2026-09-12 05:15:50.323 9 INFO neutron.wsgi [None req-6f1c2f4b-d809-4154-856e-57a699f82362 6d7a6c0f332e49568f995b49d66aaa1b 82ed8b0e619b40d1b675607182c9cd58 - - default default] 10.0.0.140 "GET /v2.0/security-groups?tenant_id=3cdaac8f752340cca8104b482f43ab96&name=default HTTP/1.1" status: 200 len: 2996 time: 0.0531743
2026-09-12 05:15:50.660 9 INFO neutron.wsgi [None req-45915bc8-e9f1-43fa-adbb-e467d24d5bc6 6d7a6c0f332e49568f995b49d66aaa1b 82ed8b0e619b40d1b675607182c9cd58 - - - -] 10.0.0.140 "DELETE /v2.0/security-groups/32749fdc-3d00-408c-809d-0d509f035fde HTTP/1.1" status: 204 len: 168 time: 0.3312616
2026-09-12 05:15:50.716 9 INFO neutron.services.segments.plugin [-] Segment b65a4be4-fe00-4262-8cd5-9be1494ea59a resource provider aggregate not found
2026-09-12 05:15:50.726 9 INFO neutron.services.segments.plugin [-] Segment b65a4be4-fe00-4262-8cd5-9be1494ea59a resource provider aggregate not found
2026-09-12 05:15:50.742 9 INFO neutron.services.segments.plugin [-] Segment b65a4be4-fe00-4262-8cd5-9be1494ea59a resource provider not found; error: Placement Client Error (4xx): {"errors": [{"status": 404, "title": "Not Found", "detail": "The resource could not be found.\n\n No resource provider with uuid b65a4be4-fe00-4262-8cd5-9be1494ea59a found for delete ", "request_id": "req-bad0d041-0852-465e-8578-5f3954bfbad6"}]}
2026-09-12 05:15:50.752 9 INFO neutron.services.segments.plugin [-] Segment b65a4be4-fe00-4262-8cd5-9be1494ea59a resource provider not found; error: Placement Client Error (4xx): {"errors": [{"status": 404, "title": "Not Found", "detail": "The resource could not be found.\n\n No resource provider with uuid b65a4be4-fe00-4262-8cd5-9be1494ea59a found for delete ", "request_id": "req-f6bdfb3d-3e9c-4ed8-b98c-a5a7ab43720a"}]}
2026-09-12 05:15:50.781 9 INFO neutron.wsgi [None req-2aab3863-ca7c-4afc-aa0c-90df44625b9d 27022ffaeb0b47cab1affbeaf5b12c3b a7661d8421e1476a87f14dc5cb9442a7 - - - -] 10.0.0.140 "DELETE /v2.0/networks/b7890aff-9358-413f-bd5f-9641e9611d7b HTTP/1.1" status: 204 len: 168 time: 0.5246956
2026-09-12 05:15:51.160 10 INFO neutron.wsgi [None req-cd94968a-95b1-4328-ace1-708b7adbb069 6d7a6c0f332e49568f995b49d66aaa1b 82ed8b0e619b40d1b675607182c9cd58 - - - -] 10.0.0.140 "DELETE /v2.0/routers/36220fa4-f30d-44f6-b53f-89b8b32957d7 HTTP/1.1" status: 204 len: 168 time: 1.1430032
2026-09-12 05:15:51.250 10 INFO neutron.services.segments.plugin [-] Segment 0d41ad8e-f856-4b33-9d07-45f827b2e119 resource provider aggregate not found
2026-09-12 05:15:51.255 10 INFO neutron.services.segments.plugin [-] Segment 0d41ad8e-f856-4b33-9d07-45f827b2e119 resource provider aggregate not found
2026-09-12 05:15:51.276 10 INFO neutron.services.segments.plugin [-] Segment 0d41ad8e-f856-4b33-9d07-45f827b2e119 resource provider not found; error: Placement Client Error (4xx): {"errors": [{"status": 404, "title": "Not Found", "detail": "The resource could not be found.\n\n No resource provider with uuid 0d41ad8e-f856-4b33-9d07-45f827b2e119 found for delete ", "request_id": "req-2db2c0e2-c773-45c5-99f3-b8afdaaad3a0"}]}
2026-09-12 05:15:51.276 10 INFO neutron.services.segments.plugin [-] Segment 0d41ad8e-f856-4b33-9d07-45f827b2e119 resource provider not found; error: Placement Client Error (4xx): {"errors": [{"status": 404, "title": "Not Found", "detail": "The resource could not be found.\n\n No resource provider with uuid 0d41ad8e-f856-4b33-9d07-45f827b2e119 found for delete ", "request_id": "req-1cc81fe5-ffa9-4e0b-959a-039540620c14"}]}
2026-09-12 05:15:51.301 10 INFO neutron.wsgi [None req-ba154469-dbf8-44c8-8fa8-bb7b36ceac48 27022ffaeb0b47cab1affbeaf5b12c3b a7661d8421e1476a87f14dc5cb9442a7 - - - -] 10.0.0.140 "DELETE /v2.0/networks/6bc87a1b-6ae7-40e2-87ea-b9561bfe60cf HTTP/1.1" status: 204 len: 168 time: 0.5149353
2026-09-12 05:15:51.402 9 INFO neutron.db.segments_db [None req-0fc0fa56-a7d4-4d05-bcad-3c78c1875e00 27022ffaeb0b47cab1affbeaf5b12c3b a7661d8421e1476a87f14dc5cb9442a7 - - - -] Added segment 5a4c4064-6dbd-49ad-a905-0a56bb48746c of type geneve for network b377ec31-8f55-4fcf-a83d-d6ebe2657310
2026-09-12 05:15:51.496 10 INFO neutron.wsgi [None req-beb741a7-2e38-4a5e-9b8c-0813fa7a230b 6d7a6c0f332e49568f995b49d66aaa1b 82ed8b0e619b40d1b675607182c9cd58 - - - -] 10.0.0.140 "DELETE /v2.0/subnets/75be564b-cb3c-48df-8ff4-2d4a71855760 HTTP/1.1" status: 204 len: 168 time: 0.3327870
2026-09-12 05:15:51.546 9 INFO neutron.db.ovn_revision_numbers_db [None req-0fc0fa56-a7d4-4d05-bcad-3c78c1875e00 27022ffaeb0b47cab1affbeaf5b12c3b a7661d8421e1476a87f14dc5cb9442a7 - - - -] Successfully bumped revision number for resource b377ec31-8f55-4fcf-a83d-d6ebe2657310 (type: networks) to 1
2026-09-12 05:15:51.709 9 WARNING neutron.scheduler.dhcp_agent_scheduler [None req-0fc0fa56-a7d4-4d05-bcad-3c78c1875e00 27022ffaeb0b47cab1affbeaf5b12c3b a7661d8421e1476a87f14dc5cb9442a7 - - - -] No more DHCP agents
2026-09-12 05:15:51.713 9 WARNING neutron.api.rpc.agentnotifiers.dhcp_rpc_agent_api [None req-0fc0fa56-a7d4-4d05-bcad-3c78c1875e00 27022ffaeb0b47cab1affbeaf5b12c3b a7661d8421e1476a87f14dc5cb9442a7 - - - -] Unable to schedule network b377ec31-8f55-4fcf-a83d-d6ebe2657310: no agents available; will retry on subsequent port and subnet creation events.
2026-09-12 05:15:51.788 9 INFO neutron.db.ovn_revision_numbers_db [None req-0fc0fa56-a7d4-4d05-bcad-3c78c1875e00 27022ffaeb0b47cab1affbeaf5b12c3b a7661d8421e1476a87f14dc5cb9442a7 - - - -] Successfully bumped revision number for resource c02d2602-b28f-4d46-8cd3-84889eec3910 (type: ports) to 1
2026-09-12 05:15:51.808 9 INFO neutron.wsgi [None req-0fc0fa56-a7d4-4d05-bcad-3c78c1875e00 27022ffaeb0b47cab1affbeaf5b12c3b a7661d8421e1476a87f14dc5cb9442a7 - - - -] 10.0.0.140 "POST /v2.0/networks HTTP/1.1" status: 201 len: 833 time: 0.4976797
2026-09-12 05:15:51.848 10 INFO neutron.wsgi [None req-013dcd7b-c46a-4cc8-910f-7fddcf930e8f 6d7a6c0f332e49568f995b49d66aaa1b 82ed8b0e619b40d1b675607182c9cd58 - - - -] 10.0.0.140 "DELETE /v2.0/networks/472fc0d6-ae85-4eaa-93a7-4b1c04658c43 HTTP/1.1" status: 204 len: 168 time: 0.3470547
2026-09-12 05:15:51.897 9 WARNING neutron.plugins.ml2.drivers.ovn.mech_driver.ovsdb.ovn_client [None req-aa7ef198-caa7-48af-8bdd-15a59311dcc8 - - - - - -] No port found with ID 892553fa-ddb7-4b3f-a9c1-d43b94679519: RuntimeError: No port found with ID 892553fa-ddb7-4b3f-a9c1-d43b94679519
2026-09-12 05:15:51.898 9 INFO neutron.plugins.ml2.drivers.ovn.mech_driver.mech_driver [None req-aa7ef198-caa7-48af-8bdd-15a59311dcc8 - - - - - -] OVN reports status down for port: 41a4ed51-8fa3-47ff-badf-45ffe350a33b
2026-09-12 05:15:52.079 9 INFO neutron.wsgi [None req-d47d58e5-e7ec-4155-83c4-9a2a14826038 6d7a6c0f332e49568f995b49d66aaa1b 82ed8b0e619b40d1b675607182c9cd58 - - default default] 10.0.0.140 "GET /v2.0/security-groups?tenant_id=391c1d3e378b4ae5826352122246cd29&name=default HTTP/1.1" status: 200 len: 2996 time: 0.0596578
2026-09-12 05:15:52.134 9 WARNING neutron.scheduler.dhcp_agent_scheduler [None req-3006a274-c7f2-4e29-aafb-7798b3312c5e 27022ffaeb0b47cab1affbeaf5b12c3b a7661d8421e1476a87f14dc5cb9442a7 - - - -] No more DHCP agents
2026-09-12 05:15:52.137 9 WARNING neutron.api.rpc.agentnotifiers.dhcp_rpc_agent_api [None req-3006a274-c7f2-4e29-aafb-7798b3312c5e 27022ffaeb0b47cab1affbeaf5b12c3b a7661d8421e1476a87f14dc5cb9442a7 - - - -] Unable to schedule network b377ec31-8f55-4fcf-a83d-d6ebe2657310: no agents available; will retry on subsequent port and subnet creation events.
2026-09-12 05:15:52.158 9 INFO neutron.db.ovn_revision_numbers_db [None req-3006a274-c7f2-4e29-aafb-7798b3312c5e 27022ffaeb0b47cab1affbeaf5b12c3b a7661d8421e1476a87f14dc5cb9442a7 - - - -] Successfully bumped revision number for resource 437ffcdb-69e9-484e-a491-66d7f65c5376 (type: subnets) to 0
2026-09-12 05:15:52.180 9 INFO neutron.wsgi [None req-3006a274-c7f2-4e29-aafb-7798b3312c5e 27022ffaeb0b47cab1affbeaf5b12c3b a7661d8421e1476a87f14dc5cb9442a7 - - - -] 10.0.0.140 "POST /v2.0/subnets HTTP/1.1" status: 201 len: 821 time: 0.3662503
2026-09-12 05:15:52.262 9 INFO neutron.wsgi [None req-54daad43-7daa-4a51-a7bc-4978feb4d840 6d7a6c0f332e49568f995b49d66aaa1b 82ed8b0e619b40d1b675607182c9cd58 - - - -] 10.0.0.140 "DELETE /v2.0/security-groups/5d4938b2-dcc4-47c7-a9b8-956c4bff5fc6 HTTP/1.1" status: 204 len: 168 time: 0.1787655
2026-09-12 05:15:52.401 10 INFO neutron.db.ovn_revision_numbers_db [None req-01c1a0e3-b4a3-4e64-ace1-867c826700cb 27022ffaeb0b47cab1affbeaf5b12c3b a7661d8421e1476a87f14dc5cb9442a7 - - - -] Successfully bumped revision number for resource 74640ca1-874b-4aa1-9286-be1d414b27f3 (type: routers) to 1
2026-09-12 05:15:52.416 10 INFO neutron.wsgi [None req-01c1a0e3-b4a3-4e64-ace1-867c826700cb 27022ffaeb0b47cab1affbeaf5b12c3b a7661d8421e1476a87f14dc5cb9442a7 - - - -] 10.0.0.140 "POST /v2.0/routers HTTP/1.1" status: 201 len: 691 time: 0.2302723
2026-09-12 05:15:52.775 10 WARNING neutron.scheduler.dhcp_agent_scheduler [None req-6b8f7096-3888-4210-825b-50a927ff88d2 27022ffaeb0b47cab1affbeaf5b12c3b a7661d8421e1476a87f14dc5cb9442a7 - - - -] No more DHCP agents
2026-09-12 05:15:52.776 10 WARNING neutron.api.rpc.agentnotifiers.dhcp_rpc_agent_api [None req-6b8f7096-3888-4210-825b-50a927ff88d2 27022ffaeb0b47cab1affbeaf5b12c3b a7661d8421e1476a87f14dc5cb9442a7 - - - -] Unable to schedule network b377ec31-8f55-4fcf-a83d-d6ebe2657310: no agents available; will retry on subsequent port and subnet creation events.
2026-09-12 05:15:52.861 10 INFO neutron.db.ovn_revision_numbers_db [None req-6b8f7096-3888-4210-825b-50a927ff88d2 27022ffaeb0b47cab1affbeaf5b12c3b a7661d8421e1476a87f14dc5cb9442a7 - - - -] Successfully bumped revision number for resource 489ca8b5-13ea-4826-b33c-2e6cc25ee3f3 (type: ports) to 1
2026-09-12 05:15:52.894 10 INFO neutron.wsgi [None req-6b8f7096-3888-4210-825b-50a927ff88d2 27022ffaeb0b47cab1affbeaf5b12c3b a7661d8421e1476a87f14dc5cb9442a7 - - - -] 10.0.0.140 "POST /v2.0/ports HTTP/1.1" status: 201 len: 1158 time: 0.4732096 /var/lib/openstack/lib/python3.10/site-packages/pycadf/identifier.py:71: UserWarning: Invalid uuid: neutron. To ensure interoperability, identifiers should be a valid uuid. warnings.warn(('Invalid uuid: %s. To ensure interoperability, '
2026-09-12 05:15:53.088 10 INFO neutron.wsgi [-] 10.0.0.141 "GET / HTTP/1.1" status: 200 len: 247 time: 0.0013888
2026-09-12 05:15:53.089 10 INFO neutron.wsgi [-] 10.0.0.141 "GET / HTTP/1.1" status: 200 len: 247 time: 0.0008955
2026-09-12 05:15:53.294 10 INFO neutron.services.segments.plugin [-] Segment bfafbf67-e2f0-4f1b-aaf5-aac7e3821d6f resource provider aggregate not found
2026-09-12 05:15:53.299 10 INFO neutron.services.segments.plugin [-] Segment bfafbf67-e2f0-4f1b-aaf5-aac7e3821d6f resource provider aggregate not found
2026-09-12 05:15:53.314 10 INFO neutron.services.segments.plugin [-] Segment bfafbf67-e2f0-4f1b-aaf5-aac7e3821d6f resource provider not found; error: Placement Client Error (4xx): {"errors": [{"status": 404, "title": "Not Found", "detail": "The resource could not be found.\n\n No resource provider with uuid bfafbf67-e2f0-4f1b-aaf5-aac7e3821d6f found for delete ", "request_id": "req-a2bd7508-b8a6-4f50-93ba-c82a2db1c568"}]}
2026-09-12 05:15:53.315 10 INFO neutron.services.segments.plugin [-] Segment bfafbf67-e2f0-4f1b-aaf5-aac7e3821d6f resource provider not found; error: Placement Client Error (4xx): {"errors": [{"status": 404, "title": "Not Found", "detail": "The resource could not be found.\n\n No resource provider with uuid bfafbf67-e2f0-4f1b-aaf5-aac7e3821d6f found for delete ", "request_id": "req-69806d6b-ef26-41da-8d3d-6085f9f28f4e"}]}
2026-09-12 05:15:53.359 9 INFO neutron.plugins.ml2.drivers.ovn.mech_driver.mech_driver [None req-aa7ef198-caa7-48af-8bdd-15a59311dcc8 - - - - - -] OVN reports status up for port: 489ca8b5-13ea-4826-b33c-2e6cc25ee3f3
2026-09-12 05:15:53.370 9 INFO neutron.plugins.ml2.plugin [None req-aa7ef198-caa7-48af-8bdd-15a59311dcc8 - - - - - -] Attempt 1 to provision port 489ca8b5-13ea-4826-b33c-2e6cc25ee3f3
2026-09-12 05:15:53.372 10 INFO neutron.db.ovn_revision_numbers_db [None req-cfb5b667-16c2-403d-8032-65cf7a269972 27022ffaeb0b47cab1affbeaf5b12c3b a7661d8421e1476a87f14dc5cb9442a7 - - default default] Successfully bumped revision number for resource 489ca8b5-13ea-4826-b33c-2e6cc25ee3f3 (type: router_ports) to 2
2026-09-12 05:15:53.531 10 INFO neutron.db.ovn_revision_numbers_db [None req-cfb5b667-16c2-403d-8032-65cf7a269972 27022ffaeb0b47cab1affbeaf5b12c3b a7661d8421e1476a87f14dc5cb9442a7 - - default default] Successfully bumped revision number for resource 489ca8b5-13ea-4826-b33c-2e6cc25ee3f3 (type: ports) to 2
2026-09-12 05:15:53.637 9 INFO neutron.db.ovn_revision_numbers_db [None req-aa7ef198-caa7-48af-8bdd-15a59311dcc8 - - - - - -] Successfully bumped revision number for resource 489ca8b5-13ea-4826-b33c-2e6cc25ee3f3 (type: ports) to 3
2026-09-12 05:15:53.771 9 INFO neutron.db.ovn_revision_numbers_db [None req-aa7ef198-caa7-48af-8bdd-15a59311dcc8 - - - - - -] Successfully bumped revision number for resource 489ca8b5-13ea-4826-b33c-2e6cc25ee3f3 (type: router_ports) to 3
2026-09-12 05:15:54.265 10 INFO neutron.db.ovn_revision_numbers_db [None req-cfb5b667-16c2-403d-8032-65cf7a269972 27022ffaeb0b47cab1affbeaf5b12c3b a7661d8421e1476a87f14dc5cb9442a7 - - default default] Successfully bumped revision number for resource 489ca8b5-13ea-4826-b33c-2e6cc25ee3f3 (type: ports) to 4
2026-09-12 05:15:54.317 10 WARNING neutron.scheduler.dhcp_agent_scheduler [None req-cfb5b667-16c2-403d-8032-65cf7a269972 27022ffaeb0b47cab1affbeaf5b12c3b a7661d8421e1476a87f14dc5cb9442a7 - - default default] No more DHCP agents
2026-09-12 05:15:54.318 10 WARNING neutron.api.rpc.agentnotifiers.dhcp_rpc_agent_api [None req-cfb5b667-16c2-403d-8032-65cf7a269972 27022ffaeb0b47cab1affbeaf5b12c3b a7661d8421e1476a87f14dc5cb9442a7 - - default default] Unable to schedule network b377ec31-8f55-4fcf-a83d-d6ebe2657310: no agents available; will retry on subsequent port and subnet creation events.
2026-09-12 05:15:54.506 10 INFO neutron.db.ovn_revision_numbers_db [None req-cfb5b667-16c2-403d-8032-65cf7a269972 27022ffaeb0b47cab1affbeaf5b12c3b a7661d8421e1476a87f14dc5cb9442a7 - - - -] Successfully bumped revision number for resource 489ca8b5-13ea-4826-b33c-2e6cc25ee3f3 (type: router_ports) to 4
2026-09-12 05:15:54.509 10 INFO neutron.wsgi [None req-cfb5b667-16c2-403d-8032-65cf7a269972 27022ffaeb0b47cab1affbeaf5b12c3b a7661d8421e1476a87f14dc5cb9442a7 - - - -] 10.0.0.140 "PUT /v2.0/routers/74640ca1-874b-4aa1-9286-be1d414b27f3/add_router_interface HTTP/1.1" status: 200 len: 503 time: 1.6097989 /var/lib/openstack/lib/python3.10/site-packages/pycadf/identifier.py:71: UserWarning: Invalid uuid: neutron. To ensure interoperability, identifiers should be a valid uuid. warnings.warn(('Invalid uuid: %s. To ensure interoperability, ' /var/lib/openstack/lib/python3.10/site-packages/pycadf/identifier.py:71: UserWarning: Invalid uuid: neutron. To ensure interoperability, identifiers should be a valid uuid. warnings.warn(('Invalid uuid: %s. To ensure interoperability, '
2026-09-12 05:15:54.562 9 INFO neutron.wsgi [None req-c08a3df4-220b-4ef7-bf5e-440d05fc4446 27022ffaeb0b47cab1affbeaf5b12c3b a7661d8421e1476a87f14dc5cb9442a7 - - default default] 10.0.0.140 "GET /v2.0/ports/489ca8b5-13ea-4826-b33c-2e6cc25ee3f3 HTTP/1.1" status: 200 len: 1216 time: 0.0477741
2026-09-12 05:15:54.628 10 INFO neutron.db.ovn_revision_numbers_db [None req-7a73aefd-6ec9-4fb0-82eb-24f127539251 f6b38d6b776a4d2d88eb0bde496ad226 c38015c7e31a4063a45614447c199037 - - - -] Successfully bumped revision number for resource be7111b2-593f-46df-8bf5-1939525ee8c8 (type: security_groups) to 1
2026-09-12 05:15:54.695 10 INFO neutron.db.segments_db [None req-7a73aefd-6ec9-4fb0-82eb-24f127539251 f6b38d6b776a4d2d88eb0bde496ad226 c38015c7e31a4063a45614447c199037 - - - -] Added segment 1f89ded1-802a-4273-a19b-84d25121e991 of type geneve for network 01c8f0a1-ca65-403e-9a44-33c60e046598
2026-09-12 05:15:54.816 10 INFO neutron.db.ovn_revision_numbers_db [None req-7a73aefd-6ec9-4fb0-82eb-24f127539251 f6b38d6b776a4d2d88eb0bde496ad226 c38015c7e31a4063a45614447c199037 - - - -] Successfully bumped revision number for resource 01c8f0a1-ca65-403e-9a44-33c60e046598 (type: networks) to 1
2026-09-12 05:15:54.974 10 WARNING neutron.scheduler.dhcp_agent_scheduler [None req-7a73aefd-6ec9-4fb0-82eb-24f127539251 f6b38d6b776a4d2d88eb0bde496ad226 c38015c7e31a4063a45614447c199037 - - - -] No more DHCP agents
2026-09-12 05:15:54.975 10 WARNING neutron.api.rpc.agentnotifiers.dhcp_rpc_agent_api [None req-7a73aefd-6ec9-4fb0-82eb-24f127539251 f6b38d6b776a4d2d88eb0bde496ad226 c38015c7e31a4063a45614447c199037 - - - -] Unable to schedule network 01c8f0a1-ca65-403e-9a44-33c60e046598: no agents available; will retry on subsequent port and subnet creation events.
2026-09-12 05:15:55.047 10 INFO neutron.db.ovn_revision_numbers_db [None req-7a73aefd-6ec9-4fb0-82eb-24f127539251 f6b38d6b776a4d2d88eb0bde496ad226 c38015c7e31a4063a45614447c199037 - - - -] Successfully bumped revision number for resource c8c7e699-0bc8-4e50-bc0e-57cd237a9f4d (type: ports) to 1
2026-09-12 05:15:55.070 10 INFO neutron.wsgi [None req-7a73aefd-6ec9-4fb0-82eb-24f127539251 f6b38d6b776a4d2d88eb0bde496ad226 c38015c7e31a4063a45614447c199037 - - - -] 10.0.0.140 "POST /v2.0/networks HTTP/1.1" status: 201 len: 831 time: 0.8098776
2026-09-12 05:15:55.160 10 INFO neutron.db.segments_db [None req-c1e73e74-9ee6-4f0c-bf8e-febf9dbb6edc f6b38d6b776a4d2d88eb0bde496ad226 c38015c7e31a4063a45614447c199037 - - - -] Added segment 01054cff-7335-41e3-ad5b-fd02ca55fb1d of type geneve for network fb5abc66-b1bc-42dd-af95-21fdddd37bdf
2026-09-12 05:15:55.279 10 INFO neutron.db.ovn_revision_numbers_db [None req-c1e73e74-9ee6-4f0c-bf8e-febf9dbb6edc f6b38d6b776a4d2d88eb0bde496ad226 c38015c7e31a4063a45614447c199037 - - - -] Successfully bumped revision number for resource fb5abc66-b1bc-42dd-af95-21fdddd37bdf (type: networks) to 1
2026-09-12 05:15:55.473 10 WARNING neutron.scheduler.dhcp_agent_scheduler [None req-c1e73e74-9ee6-4f0c-bf8e-febf9dbb6edc f6b38d6b776a4d2d88eb0bde496ad226 c38015c7e31a4063a45614447c199037 - - - -] No more DHCP agents
2026-09-12 05:15:55.475 10 WARNING neutron.api.rpc.agentnotifiers.dhcp_rpc_agent_api [None req-c1e73e74-9ee6-4f0c-bf8e-febf9dbb6edc f6b38d6b776a4d2d88eb0bde496ad226 c38015c7e31a4063a45614447c199037 - - - -] Unable to schedule network fb5abc66-b1bc-42dd-af95-21fdddd37bdf: no agents available; will retry on subsequent port and subnet creation events.
2026-09-12 05:15:55.492 9 INFO neutron.wsgi [None req-2320c906-d96f-442e-8e21-fa3d0eba1b0e 27022ffaeb0b47cab1affbeaf5b12c3b a7661d8421e1476a87f14dc5cb9442a7 - - - -] 10.0.0.140 "PUT /v2.0/routers/74640ca1-874b-4aa1-9286-be1d414b27f3/remove_router_interface HTTP/1.1" status: 200 len: 503 time: 0.9245512 /var/lib/openstack/lib/python3.10/site-packages/pycadf/identifier.py:71: UserWarning: Invalid uuid: neutron. To ensure interoperability, identifiers should be a valid uuid. warnings.warn(('Invalid uuid: %s. To ensure interoperability, '
2026-09-12 05:15:55.537 10 INFO neutron.db.ovn_revision_numbers_db [None req-c1e73e74-9ee6-4f0c-bf8e-febf9dbb6edc f6b38d6b776a4d2d88eb0bde496ad226 c38015c7e31a4063a45614447c199037 - - - -] Successfully bumped revision number for resource 140c7663-2ed8-4574-b850-d8abad46acf0 (type: ports) to 1
2026-09-12 05:15:55.555 10 INFO neutron.wsgi [None req-c1e73e74-9ee6-4f0c-bf8e-febf9dbb6edc f6b38d6b776a4d2d88eb0bde496ad226 c38015c7e31a4063a45614447c199037 - - - -] 10.0.0.140 "POST /v2.0/networks HTTP/1.1" status: 201 len: 831 time: 0.4790359
2026-09-12 05:15:55.565 9 INFO neutron.api.v2.resource [None req-fd9d84d9-6258-44a4-ba80-3c78712c53c6 27022ffaeb0b47cab1affbeaf5b12c3b a7661d8421e1476a87f14dc5cb9442a7 - - default default] remove_router_interface failed (client error): The resource could not be found.
2026-09-12 05:15:55.566 9 INFO neutron.wsgi [None req-fd9d84d9-6258-44a4-ba80-3c78712c53c6 27022ffaeb0b47cab1affbeaf5b12c3b a7661d8421e1476a87f14dc5cb9442a7 - - default default] 10.0.0.140 "PUT /v2.0/routers/74640ca1-874b-4aa1-9286-be1d414b27f3/remove_router_interface HTTP/1.1" status: 404 len: 398 time: 0.0690682
2026-09-12 05:15:55.601 10 INFO neutron.wsgi [None req-92d81c09-82e6-4d20-b064-21db2e89f5f8 27022ffaeb0b47cab1affbeaf5b12c3b a7661d8421e1476a87f14dc5cb9442a7 - - default default] 10.0.0.140 "GET /v2.0/ports?device_id=74640ca1-874b-4aa1-9286-be1d414b27f3 HTTP/1.1" status: 200 len: 205 time: 0.0284076
2026-09-12 05:15:55.622 10 INFO neutron.wsgi [None req-9c4c5b4b-cef5-47b5-a74e-06eae1c30dd5 f6b38d6b776a4d2d88eb0bde496ad226 c38015c7e31a4063a45614447c199037 - - - -] 10.0.0.140 "PUT /v2.0/networks/01c8f0a1-ca65-403e-9a44-33c60e046598/tags HTTP/1.1" status: 200 len: 218 time: 0.0636549
2026-09-12 05:15:55.655 10 INFO neutron.wsgi [None req-6c277087-dc1a-416a-85ca-16c24bcc0186 f6b38d6b776a4d2d88eb0bde496ad226 c38015c7e31a4063a45614447c199037 - - default default] 10.0.0.140 "GET /v2.0/networks/01c8f0a1-ca65-403e-9a44-33c60e046598/tags HTTP/1.1" status: 200 len: 218 time: 0.0287907
2026-09-12 05:15:55.700 10 INFO neutron.wsgi [None req-b4938e09-ff1f-4002-bf26-291b0e2faf78 f6b38d6b776a4d2d88eb0bde496ad226 c38015c7e31a4063a45614447c199037 - - - -] 10.0.0.140 "PUT /v2.0/networks/fb5abc66-b1bc-42dd-af95-21fdddd37bdf/tags HTTP/1.1" status: 200 len: 210 time: 0.0402932
2026-09-12 05:15:55.737 10 INFO neutron.wsgi [None req-8f350e44-7464-4380-ba60-f5df6cd5785b f6b38d6b776a4d2d88eb0bde496ad226 c38015c7e31a4063a45614447c199037 - - default default] 10.0.0.140 "GET /v2.0/networks/fb5abc66-b1bc-42dd-af95-21fdddd37bdf/tags HTTP/1.1" status: 200 len: 210 time: 0.0289276
2026-09-12 05:15:55.786 10 INFO neutron.wsgi [None req-9e0826f1-bb92-4131-a1f7-0f88737519ed f6b38d6b776a4d2d88eb0bde496ad226 c38015c7e31a4063a45614447c199037 - - - -] 10.0.0.140 "PUT /v2.0/networks/fb5abc66-b1bc-42dd-af95-21fdddd37bdf/tags HTTP/1.1" status: 200 len: 205 time: 0.0429804
2026-09-12 05:15:55.808 9 INFO neutron.wsgi [None req-ebc3330b-0e99-4a54-a593-b4948501a21b 27022ffaeb0b47cab1affbeaf5b12c3b a7661d8421e1476a87f14dc5cb9442a7 - - - -] 10.0.0.140 "DELETE /v2.0/routers/74640ca1-874b-4aa1-9286-be1d414b27f3 HTTP/1.1" status: 204 len: 168 time: 0.2031119
2026-09-12 05:15:55.829 9 INFO neutron.wsgi [None req-20b29728-e684-4077-ac9d-c225812e69e0 f6b38d6b776a4d2d88eb0bde496ad226 c38015c7e31a4063a45614447c199037 - - default default] 10.0.0.140 "GET /v2.0/networks/fb5abc66-b1bc-42dd-af95-21fdddd37bdf/tags HTTP/1.1" status: 200 len: 205 time: 0.0382359
2026-09-12 05:15:55.866 9 INFO neutron.wsgi [None req-c856f3c3-7503-4842-8fc3-276dc0203632 f6b38d6b776a4d2d88eb0bde496ad226 c38015c7e31a4063a45614447c199037 - - default default] 10.0.0.140 "GET /v2.0/networks/01c8f0a1-ca65-403e-9a44-33c60e046598/tags HTTP/1.1" status: 200 len: 218 time: 0.0308769
2026-09-12 05:15:56.003 10 INFO neutron.wsgi [None req-1fcd4340-1bcf-46c1-bf4a-7bdb9cf89883 27022ffaeb0b47cab1affbeaf5b12c3b a7661d8421e1476a87f14dc5cb9442a7 - - - -] 10.0.0.140 "DELETE /v2.0/subnets/437ffcdb-69e9-484e-a491-66d7f65c5376 HTTP/1.1" status: 204 len: 168 time: 0.1895800
2026-09-12 05:15:56.206 9 INFO neutron.services.segments.plugin [-] Segment 1f89ded1-802a-4273-a19b-84d25121e991 resource provider aggregate not found
2026-09-12 05:15:56.211 9 INFO neutron.services.segments.plugin [-] Segment 1f89ded1-802a-4273-a19b-84d25121e991 resource provider aggregate not found
2026-09-12 05:15:56.246 9 INFO neutron.services.segments.plugin [-] Segment 1f89ded1-802a-4273-a19b-84d25121e991 resource provider not found; error: Placement Client Error (4xx): {"errors": [{"status": 404, "title": "Not Found", "detail": "The resource could not be found.\n\n No resource provider with uuid 1f89ded1-802a-4273-a19b-84d25121e991 found for delete ", "request_id": "req-c3523452-fe97-4415-85bb-00f18fceb20f"}]}
2026-09-12 05:15:56.247 9 INFO neutron.services.segments.plugin [-] Segment 1f89ded1-802a-4273-a19b-84d25121e991 resource provider not found; error: Placement Client Error (4xx): {"errors": [{"status": 404, "title": "Not Found", "detail": "The resource could not be found.\n\n No resource provider with uuid 1f89ded1-802a-4273-a19b-84d25121e991 found for delete ", "request_id": "req-9f7e5c2a-5d16-406e-8c0e-c2c6cf70a271"}]}
2026-09-12 05:15:56.264 9 INFO neutron.wsgi [None req-ed280905-dd46-497b-89c5-934b7d1a9557 f6b38d6b776a4d2d88eb0bde496ad226 c38015c7e31a4063a45614447c199037 - - - -] 10.0.0.140 "DELETE /v2.0/networks/01c8f0a1-ca65-403e-9a44-33c60e046598 HTTP/1.1" status: 204 len: 168 time: 0.3824568
2026-09-12 05:15:56.327 10 INFO neutron.services.segments.plugin [-] Segment 5a4c4064-6dbd-49ad-a905-0a56bb48746c resource provider aggregate not found
2026-09-12 05:15:56.338 10 INFO neutron.services.segments.plugin [-] Segment 5a4c4064-6dbd-49ad-a905-0a56bb48746c resource provider aggregate not found
2026-09-12 05:15:56.356 10 INFO neutron.services.segments.plugin [-] Segment 5a4c4064-6dbd-49ad-a905-0a56bb48746c resource provider not found; error: Placement Client Error (4xx): {"errors": [{"status": 404, "title": "Not Found", "detail": "The resource could not be found.\n\n No resource provider with uuid 5a4c4064-6dbd-49ad-a905-0a56bb48746c found for delete ", "request_id": "req-ea7d4f4d-c0bc-425f-bc83-44a26e0a8304"}]}
2026-09-12 05:15:56.357 10 INFO neutron.services.segments.plugin [-] Segment 5a4c4064-6dbd-49ad-a905-0a56bb48746c resource provider not found; error: Placement Client Error (4xx): {"errors": [{"status": 404, "title": "Not Found", "detail": "The resource could not be found.\n\n No resource provider with uuid 5a4c4064-6dbd-49ad-a905-0a56bb48746c found for delete ", "request_id": "req-fa6b9b0c-c463-42ba-ada8-0a7ae59fce52"}]}
2026-09-12 05:15:56.385 10 INFO neutron.wsgi [None req-3fcf8801-670c-4d4c-95df-5d29f128a8f3 27022ffaeb0b47cab1affbeaf5b12c3b a7661d8421e1476a87f14dc5cb9442a7 - - - -] 10.0.0.140 "DELETE /v2.0/networks/b377ec31-8f55-4fcf-a83d-d6ebe2657310 HTTP/1.1" status: 204 len: 168 time: 0.3761775
2026-09-12 05:15:56.511 9 INFO neutron.db.segments_db [None req-20c2a4be-5b1b-43eb-b706-ce515dc99a67 27022ffaeb0b47cab1affbeaf5b12c3b a7661d8421e1476a87f14dc5cb9442a7 - - - -] Added segment aa38905f-79f3-4d74-82f1-0f38b9727c07 of type geneve for network 27dc01e7-6d2a-4f25-9b4f-9be3fd636463
2026-09-12 05:15:56.636 9 INFO neutron.wsgi [req-7932eb40-8505-412f-bac7-d8936af1d162 req-c94ed2ce-ac5e-43ca-bed9-de5f8c6f098b ccc55c2b1b564a7bb0eaef7101c137cb a0ebd6d97c234365a41f5993b017964b - - 8c30287ce7d244c789d6d1b30f1e19f4 8c30287ce7d244c789d6d1b30f1e19f4] 10.0.0.45 "GET /v2.0/ports?device_id=ef6e3ae5-0637-491e-8efc-d56f98aeddc6 HTTP/1.1" status: 200 len: 1361 time: 0.0721390
2026-09-12 05:15:56.738 9 INFO neutron.wsgi [req-7932eb40-8505-412f-bac7-d8936af1d162 req-0bb3c1b9-8d0a-43b1-bf42-258cf91ed272 ccc55c2b1b564a7bb0eaef7101c137cb a0ebd6d97c234365a41f5993b017964b - - 8c30287ce7d244c789d6d1b30f1e19f4 8c30287ce7d244c789d6d1b30f1e19f4] 10.0.0.45 "GET /v2.0/security-groups?id=9a906387-717e-4401-909d-8329a798e22d&fields=id&fields=name HTTP/1.1" status: 200 len: 313 time: 0.0950851
2026-09-12 05:15:56.745 9 INFO neutron.db.ovn_revision_numbers_db [None req-20c2a4be-5b1b-43eb-b706-ce515dc99a67 27022ffaeb0b47cab1affbeaf5b12c3b a7661d8421e1476a87f14dc5cb9442a7 - - - -] Successfully bumped revision number for resource 27dc01e7-6d2a-4f25-9b4f-9be3fd636463 (type: networks) to 1
2026-09-12 05:15:56.834 9 INFO neutron.wsgi [None req-50c5e4e6-3696-4a3e-b197-e58f69b017d3 f6b38d6b776a4d2d88eb0bde496ad226 c38015c7e31a4063a45614447c199037 - - - -] 10.0.0.140 "DELETE /v2.0/networks/fb5abc66-b1bc-42dd-af95-21fdddd37bdf HTTP/1.1" status: 204 len: 168 time: 0.5622087
2026-09-12 05:15:56.935 9 WARNING neutron.scheduler.dhcp_agent_scheduler [None req-20c2a4be-5b1b-43eb-b706-ce515dc99a67 27022ffaeb0b47cab1affbeaf5b12c3b a7661d8421e1476a87f14dc5cb9442a7 - - - -] No more DHCP agents
2026-09-12 05:15:56.937 9 WARNING neutron.api.rpc.agentnotifiers.dhcp_rpc_agent_api [None req-20c2a4be-5b1b-43eb-b706-ce515dc99a67 27022ffaeb0b47cab1affbeaf5b12c3b a7661d8421e1476a87f14dc5cb9442a7 - - - -] Unable to schedule network 27dc01e7-6d2a-4f25-9b4f-9be3fd636463: no agents available; will retry on subsequent port and subnet creation events.
2026-09-12 05:15:56.993 9 INFO neutron.db.ovn_revision_numbers_db [None req-20c2a4be-5b1b-43eb-b706-ce515dc99a67 27022ffaeb0b47cab1affbeaf5b12c3b a7661d8421e1476a87f14dc5cb9442a7 - - - -] Successfully bumped revision number for resource 1e0ef4f5-b3c7-43f3-8967-c80ec90f25f3 (type: ports) to 1
2026-09-12 05:15:57.018 9 INFO neutron.wsgi [None req-20c2a4be-5b1b-43eb-b706-ce515dc99a67 27022ffaeb0b47cab1affbeaf5b12c3b a7661d8421e1476a87f14dc5cb9442a7 - - - -] 10.0.0.140 "POST /v2.0/networks HTTP/1.1" status: 201 len: 832 time: 0.6252565
2026-09-12 05:15:57.330 9 WARNING neutron.scheduler.dhcp_agent_scheduler [None req-daa9cb0f-a342-4e13-90e5-d0292dee9e87 27022ffaeb0b47cab1affbeaf5b12c3b a7661d8421e1476a87f14dc5cb9442a7 - - - -] No more DHCP agents
