2026-09-12 05:19:19.396 9 INFO neutron.wsgi [None req-8d43f1d7-3795-4308-b804-327a51065c1b 6d7a6c0f332e49568f995b49d66aaa1b 82ed8b0e619b40d1b675607182c9cd58 - - default default] 10.0.0.203 "GET /v2.0/ports HTTP/1.1" status: 200 len: 17335 time: 0.0460815
2026-09-12 05:19:19.445 9 INFO neutron.wsgi [None req-68453eb9-e56a-401f-84ef-f2486d32845c 6d7a6c0f332e49568f995b49d66aaa1b 82ed8b0e619b40d1b675607182c9cd58 - - default default] 10.0.0.203 "GET /v2.0/subnets HTTP/1.1" status: 200 len: 5498 time: 0.0424068
2026-09-12 05:19:19.461 9 INFO neutron.wsgi [None req-7e447851-ae00-433d-aaeb-d46204d7fea8 6d7a6c0f332e49568f995b49d66aaa1b 82ed8b0e619b40d1b675607182c9cd58 - - default default] 10.0.0.203 "GET /v2.0/subnetpools HTTP/1.1" status: 200 len: 193 time: 0.0130689
2026-09-12 05:19:19.498 9 INFO neutron.wsgi [None req-a86c72b6-f6e6-46ef-ae96-0671e2790622 6d7a6c0f332e49568f995b49d66aaa1b 82ed8b0e619b40d1b675607182c9cd58 - - default default] 10.0.0.203 "GET /v2.0/floatingips HTTP/1.1" status: 200 len: 1878 time: 0.0358560
2026-09-12 05:19:19.551 9 INFO neutron.wsgi [None req-c9fde045-4a09-44b6-8de1-823d92f5bc7f 6d7a6c0f332e49568f995b49d66aaa1b 82ed8b0e619b40d1b675607182c9cd58 - - default default] 10.0.0.203 "GET /v2.0/networks HTTP/1.1" status: 200 len: 4720 time: 0.0509732
2026-09-12 05:19:19.566 9 INFO neutron.wsgi [None req-80683042-3ecf-45a8-a03a-1795f585793a 6d7a6c0f332e49568f995b49d66aaa1b 82ed8b0e619b40d1b675607182c9cd58 - - default default] 10.0.0.203 "GET /v2.0/agents HTTP/1.1" status: 200 len: 997 time: 0.0082991
2026-09-12 05:19:19.625 9 INFO neutron.wsgi [None req-f2dd3d64-9e22-4341-a3c2-28a5a3154c62 6d7a6c0f332e49568f995b49d66aaa1b 82ed8b0e619b40d1b675607182c9cd58 - - default default] 10.0.0.203 "GET /v2.0/security-groups HTTP/1.1" status: 200 len: 27527 time: 0.0583448
2026-09-12 05:19:19.695 9 INFO neutron.wsgi [None req-b1c58a29-9714-484a-8a4c-d05053847c39 6d7a6c0f332e49568f995b49d66aaa1b 82ed8b0e619b40d1b675607182c9cd58 - - default default] 10.0.0.203 "GET /v2.0/routers HTTP/1.1" status: 200 len: 849 time: 0.0584817
2026-09-12 05:19:19.704 9 INFO neutron.wsgi [None req-ff7b37eb-5dd4-47ae-9acd-b13599dc092a 6d7a6c0f332e49568f995b49d66aaa1b 82ed8b0e619b40d1b675607182c9cd58 - - default default] 10.0.0.203 "GET /v2.0/agents?binary=ovn-controller HTTP/1.1" status: 200 len: 591 time: 0.0085902
2026-09-12 05:19:23.092 10 INFO neutron.wsgi [-] 10.0.0.141 "GET / HTTP/1.1" status: 200 len: 247 time: 0.0032132
2026-09-12 05:19:23.092 9 INFO neutron.wsgi [-] 10.0.0.141 "GET / HTTP/1.1" status: 200 len: 247 time: 0.0037022
2026-09-12 05:19:24.179 9 INFO neutron.wsgi [None req-77523d2d-27e7-48c2-96a7-063494c1b145 87bf02dea75043f58aaaf2ebfcab581a f43946e6de514471bb18d4d1c5f9b5e2 - - default default] 10.0.0.140 "GET /v2.0/subnets/dfa40a77-f9f3-44fe-80d4-7851a126da00 HTTP/1.1" status: 200 len: 845 time: 0.0477924
2026-09-12 05:19:24.802 10 INFO neutron.wsgi [None req-e2b9af49-84b6-4217-acce-57f0f3c0715a 6d7a6c0f332e49568f995b49d66aaa1b 82ed8b0e619b40d1b675607182c9cd58 - - default default] 10.0.0.200 "GET /v2.0/extensions/security-group HTTP/1.1" status: 200 len: 369 time: 0.0707185
2026-09-12 05:19:24.821 10 INFO neutron.wsgi [None req-895e4cb2-b929-4a0b-a778-f3ec97e2fca7 6d7a6c0f332e49568f995b49d66aaa1b 82ed8b0e619b40d1b675607182c9cd58 - - default default] 10.0.0.200 "GET /v2.0/extensions/dns-integration HTTP/1.1" status: 200 len: 371 time: 0.0100610
2026-09-12 05:19:24.835 10 INFO neutron.wsgi [None req-25b1424f-f22f-4212-afdb-64e08d8e7e06 6d7a6c0f332e49568f995b49d66aaa1b 82ed8b0e619b40d1b675607182c9cd58 - - default default] 10.0.0.200 "GET /v2.0/extensions/qos HTTP/1.1" status: 200 len: 365 time: 0.0065188
2026-09-12 05:19:24.852 10 INFO neutron.wsgi [None req-d47aabef-79d1-4cfd-b5e6-ae2c4ae078bd 6d7a6c0f332e49568f995b49d66aaa1b 82ed8b0e619b40d1b675607182c9cd58 - - default default] 10.0.0.200 "GET /v2.0/extensions/allowed-address-pairs HTTP/1.1" status: 200 len: 383 time: 0.0085678
2026-09-12 05:19:25.349 9 INFO neutron.wsgi [-] 10.0.0.200 "GET / HTTP/1.1" status: 200 len: 284 time: 0.0025005
2026-09-12 05:19:25.402 9 INFO neutron.wsgi [None req-92f7ae73-3aab-4768-87c4-b4ffa3c6d422 1c07cd83baf64eee99e1a9e8fef20673 fafc2da4927f48c180abf9e205817e0b - - default default] 10.0.0.200 "GET /v2.0/subnets/dfa40a77-f9f3-44fe-80d4-7851a126da00 HTTP/1.1" status: 200 len: 832 time: 0.0489938
2026-09-12 05:19:25.414 10 INFO neutron.wsgi [None req-69c21d5b-5850-4792-b6ec-f663ef6a8a78 6d7a6c0f332e49568f995b49d66aaa1b 82ed8b0e619b40d1b675607182c9cd58 - - default default] 10.0.0.200 "GET /v2.0/extensions/security-group HTTP/1.1" status: 200 len: 369 time: 0.0059605
2026-09-12 05:19:25.425 10 INFO neutron.wsgi [None req-aecb23bf-79ce-41a1-bc0d-69889f90bc09 6d7a6c0f332e49568f995b49d66aaa1b 82ed8b0e619b40d1b675607182c9cd58 - - default default] 10.0.0.200 "GET /v2.0/extensions/dns-integration HTTP/1.1" status: 200 len: 371 time: 0.0067236
2026-09-12 05:19:25.437 10 INFO neutron.wsgi [None req-d36cda4f-b18c-47ed-824f-de5d6a89ff13 6d7a6c0f332e49568f995b49d66aaa1b 82ed8b0e619b40d1b675607182c9cd58 - - default default] 10.0.0.200 "GET /v2.0/extensions/qos HTTP/1.1" status: 200 len: 365 time: 0.0069749
2026-09-12 05:19:25.446 10 INFO neutron.wsgi [None req-5082596b-7b21-4b8a-a91f-187915746045 6d7a6c0f332e49568f995b49d66aaa1b 82ed8b0e619b40d1b675607182c9cd58 - - default default] 10.0.0.200 "GET /v2.0/extensions/allowed-address-pairs HTTP/1.1" status: 200 len: 383 time: 0.0049901
2026-09-12 05:19:25.497 10 INFO neutron.wsgi [None req-9baddfc1-7ab7-4636-aaf6-8cbc48e2bd24 6d7a6c0f332e49568f995b49d66aaa1b 82ed8b0e619b40d1b675607182c9cd58 - - default default] 10.0.0.200 "GET /v2.0/subnets/dfa40a77-f9f3-44fe-80d4-7851a126da00 HTTP/1.1" status: 200 len: 850 time: 0.0449827
2026-09-12 05:19:25.790 10 INFO neutron.wsgi [None req-ff057298-6e14-4189-827e-1d33beabcd28 6d7a6c0f332e49568f995b49d66aaa1b 82ed8b0e619b40d1b675607182c9cd58 - - default default] 10.0.0.200 "GET /v2.0/extensions/security-group HTTP/1.1" status: 200 len: 369 time: 0.0075636
2026-09-12 05:19:25.799 10 INFO neutron.wsgi [None req-4940dc8d-81ea-4460-a6c7-4464083e9ef2 6d7a6c0f332e49568f995b49d66aaa1b 82ed8b0e619b40d1b675607182c9cd58 - - default default] 10.0.0.200 "GET /v2.0/extensions/dns-integration HTTP/1.1" status: 200 len: 371 time: 0.0044360
2026-09-12 05:19:25.808 10 INFO neutron.wsgi [None req-933ac81f-4026-4c75-bb50-d3ccc7088d5b 6d7a6c0f332e49568f995b49d66aaa1b 82ed8b0e619b40d1b675607182c9cd58 - - default default] 10.0.0.200 "GET /v2.0/extensions/qos HTTP/1.1" status: 200 len: 365 time: 0.0039804
2026-09-12 05:19:25.818 10 INFO neutron.wsgi [None req-e3dc1f6d-7712-47a5-99f9-f853b3347495 6d7a6c0f332e49568f995b49d66aaa1b 82ed8b0e619b40d1b675607182c9cd58 - - default default] 10.0.0.200 "GET /v2.0/extensions/allowed-address-pairs HTTP/1.1" status: 200 len: 383 time: 0.0056531
2026-09-12 05:19:25.888 10 INFO neutron.wsgi [None req-a7757340-c728-4358-a275-ad9ff8cc7756 6d7a6c0f332e49568f995b49d66aaa1b 82ed8b0e619b40d1b675607182c9cd58 - - default default] 10.0.0.200 "GET /v2.0/networks/8d3b8fba-0017-49d9-913a-65a76f33756b HTTP/1.1" status: 200 len: 1002 time: 0.0635500
2026-09-12 05:19:25.901 10 INFO neutron.wsgi [None req-0396ff0f-41ac-4480-a68e-3a864b662f68 6d7a6c0f332e49568f995b49d66aaa1b 82ed8b0e619b40d1b675607182c9cd58 - - default default] 10.0.0.200 "GET /v2.0/extensions/project-id HTTP/1.1" status: 200 len: 403 time: 0.0052853
2026-09-12 05:19:26.226 10 WARNING neutron.scheduler.dhcp_agent_scheduler [None req-6f38f9e1-5136-43f8-b80d-d4aa490e6e1e 6d7a6c0f332e49568f995b49d66aaa1b 82ed8b0e619b40d1b675607182c9cd58 - - - -] No more DHCP agents
2026-09-12 05:19:26.228 10 WARNING neutron.api.rpc.agentnotifiers.dhcp_rpc_agent_api [None req-6f38f9e1-5136-43f8-b80d-d4aa490e6e1e 6d7a6c0f332e49568f995b49d66aaa1b 82ed8b0e619b40d1b675607182c9cd58 - - - -] Unable to schedule network 8d3b8fba-0017-49d9-913a-65a76f33756b: no agents available; will retry on subsequent port and subnet creation events.
2026-09-12 05:19:26.368 10 INFO neutron.db.ovn_revision_numbers_db [None req-6f38f9e1-5136-43f8-b80d-d4aa490e6e1e 6d7a6c0f332e49568f995b49d66aaa1b 82ed8b0e619b40d1b675607182c9cd58 - - - -] Successfully bumped revision number for resource 848bc49d-7824-4a08-a27a-b8855fdb058e (type: ports) to 1
2026-09-12 05:19:26.400 10 INFO neutron.wsgi [None req-6f38f9e1-5136-43f8-b80d-d4aa490e6e1e 6d7a6c0f332e49568f995b49d66aaa1b 82ed8b0e619b40d1b675607182c9cd58 - - - -] 10.0.0.200 "POST /v2.0/ports HTTP/1.1" status: 201 len: 1337 time: 0.4911981
2026-09-12 05:19:27.962 9 INFO neutron.wsgi [None req-f00e15a5-d054-42b6-803d-df90e966e194 6d7a6c0f332e49568f995b49d66aaa1b 82ed8b0e619b40d1b675607182c9cd58 - - default default] 162.253.55.43 "GET /v2.0/extensions/security-group HTTP/1.1" status: 200 len: 369 time: 0.0623162
2026-09-12 05:19:27.973 9 INFO neutron.wsgi [None req-4e94bc55-8feb-4845-baa1-f39ab27540fa 6d7a6c0f332e49568f995b49d66aaa1b 82ed8b0e619b40d1b675607182c9cd58 - - default default] 162.253.55.43 "GET /v2.0/extensions/dns-integration HTTP/1.1" status: 200 len: 371 time: 0.0071898
2026-09-12 05:19:27.983 9 INFO neutron.wsgi [None req-d9f0f6b6-8ade-46d0-8bd0-db5cff729c7e 6d7a6c0f332e49568f995b49d66aaa1b 82ed8b0e619b40d1b675607182c9cd58 - - default default] 162.253.55.43 "GET /v2.0/extensions/qos HTTP/1.1" status: 200 len: 365 time: 0.0075762
2026-09-12 05:19:27.993 9 INFO neutron.wsgi [None req-d3b147d9-0189-493f-b76d-69f40af377a7 6d7a6c0f332e49568f995b49d66aaa1b 82ed8b0e619b40d1b675607182c9cd58 - - default default] 162.253.55.43 "GET /v2.0/extensions/allowed-address-pairs HTTP/1.1" status: 200 len: 383 time: 0.0064425
2026-09-12 05:19:28.044 9 INFO neutron.wsgi [None req-34a0331b-bc5c-4161-8425-7510aff78303 6d7a6c0f332e49568f995b49d66aaa1b 82ed8b0e619b40d1b675607182c9cd58 - - default default] 162.253.55.43 "GET /v2.0/ports/848bc49d-7824-4a08-a27a-b8855fdb058e HTTP/1.1" status: 200 len: 1332 time: 0.0476975
2026-09-12 05:19:28.174 9 INFO neutron.wsgi [None req-fba21887-eee7-452b-b4b2-887f9a9fb987 6d7a6c0f332e49568f995b49d66aaa1b 82ed8b0e619b40d1b675607182c9cd58 - - default default] 162.253.55.43 "GET /v2.0/extensions/security-group HTTP/1.1" status: 200 len: 369 time: 0.0080581
2026-09-12 05:19:28.186 9 INFO neutron.wsgi [None req-ec41fd7d-3936-456b-a175-e3af9f61349d 6d7a6c0f332e49568f995b49d66aaa1b 82ed8b0e619b40d1b675607182c9cd58 - - default default] 162.253.55.43 "GET /v2.0/extensions/dns-integration HTTP/1.1" status: 200 len: 371 time: 0.0071983
2026-09-12 05:19:28.196 9 INFO neutron.wsgi [None req-8fe358b5-cb49-4818-9d9e-682d6f4868f8 6d7a6c0f332e49568f995b49d66aaa1b 82ed8b0e619b40d1b675607182c9cd58 - - default default] 162.253.55.43 "GET /v2.0/extensions/qos HTTP/1.1" status: 200 len: 365 time: 0.0064240
2026-09-12 05:19:28.210 9 INFO neutron.wsgi [None req-c3d096c9-78c5-40c2-a18b-22a233420612 6d7a6c0f332e49568f995b49d66aaa1b 82ed8b0e619b40d1b675607182c9cd58 - - default default] 162.253.55.43 "GET /v2.0/extensions/allowed-address-pairs HTTP/1.1" status: 200 len: 383 time: 0.0077233
2026-09-12 05:19:28.253 9 INFO neutron.wsgi [None req-20a5f6d1-4f8d-43ad-a225-608bb8d3b3d9 6d7a6c0f332e49568f995b49d66aaa1b 82ed8b0e619b40d1b675607182c9cd58 - - default default] 162.253.55.43 "GET /v2.0/security-groups?name=lb-42639522-93c8-4efd-9b8f-cada1fdd5e7c HTTP/1.1" status: 200 len: 221 time: 0.0310056
2026-09-12 05:19:28.385 9 INFO neutron.db.ovn_revision_numbers_db [None req-8fe88f53-39aa-42a2-90dc-dc4bc21c6678 6d7a6c0f332e49568f995b49d66aaa1b 82ed8b0e619b40d1b675607182c9cd58 - - - -] Successfully bumped revision number for resource 6a243bdc-5ba1-4014-a0ed-4f0c4fbaf513 (type: security_groups) to 1
2026-09-12 05:19:28.410 9 INFO neutron.wsgi [None req-8fe88f53-39aa-42a2-90dc-dc4bc21c6678 6d7a6c0f332e49568f995b49d66aaa1b 82ed8b0e619b40d1b675607182c9cd58 - - - -] 162.253.55.43 "POST /v2.0/security-groups HTTP/1.1" status: 201 len: 1779 time: 0.1526289
2026-09-12 05:19:28.451 9 INFO neutron.wsgi [None req-b9304650-f43e-4e62-8868-23684f680f91 6d7a6c0f332e49568f995b49d66aaa1b 82ed8b0e619b40d1b675607182c9cd58 - - default default] 162.253.55.43 "GET /v2.0/security-group-rules?security_group_id=6a243bdc-5ba1-4014-a0ed-4f0c4fbaf513 HTTP/1.1" status: 200 len: 1318 time: 0.0340028
2026-09-12 05:19:28.833 9 INFO neutron.db.ovn_revision_numbers_db [None req-e6f76dce-9c29-4a0e-9d14-e0a336817be7 6d7a6c0f332e49568f995b49d66aaa1b 82ed8b0e619b40d1b675607182c9cd58 - - - -] Successfully bumped revision number for resource 848bc49d-7824-4a08-a27a-b8855fdb058e (type: ports) to 2
2026-09-12 05:19:28.840 9 INFO neutron.wsgi [None req-e6f76dce-9c29-4a0e-9d14-e0a336817be7 6d7a6c0f332e49568f995b49d66aaa1b 82ed8b0e619b40d1b675607182c9cd58 - - - -] 162.253.55.43 "PUT /v2.0/ports/848bc49d-7824-4a08-a27a-b8855fdb058e HTTP/1.1" status: 200 len: 1332 time: 0.3850753 /var/lib/openstack/lib/python3.10/site-packages/pycadf/identifier.py:71: UserWarning: Invalid uuid: neutron. To ensure interoperability, identifiers should be a valid uuid. warnings.warn(('Invalid uuid: %s. To ensure interoperability, '
2026-09-12 05:19:28.858 9 INFO neutron.wsgi [None req-29e99230-7358-494d-902a-f6a15ea3679d 6d7a6c0f332e49568f995b49d66aaa1b 82ed8b0e619b40d1b675607182c9cd58 - - default default] 162.253.55.43 "GET /v2.0/extensions/security-group HTTP/1.1" status: 200 len: 369 time: 0.0046155
2026-09-12 05:19:28.872 9 INFO neutron.wsgi [None req-efb0f323-aa57-4810-9c30-86595628f175 6d7a6c0f332e49568f995b49d66aaa1b 82ed8b0e619b40d1b675607182c9cd58 - - default default] 162.253.55.43 "GET /v2.0/extensions/dns-integration HTTP/1.1" status: 200 len: 371 time: 0.0039737
2026-09-12 05:19:28.882 9 INFO neutron.wsgi [None req-011c94e0-f6a3-4e56-bfd7-d83640e44bf0 6d7a6c0f332e49568f995b49d66aaa1b 82ed8b0e619b40d1b675607182c9cd58 - - default default] 162.253.55.43 "GET /v2.0/extensions/qos HTTP/1.1" status: 200 len: 365 time: 0.0036209
2026-09-12 05:19:28.894 9 INFO neutron.wsgi [None req-ce990499-182d-422a-b204-9e525b00ee21 6d7a6c0f332e49568f995b49d66aaa1b 82ed8b0e619b40d1b675607182c9cd58 - - default default] 162.253.55.43 "GET /v2.0/extensions/allowed-address-pairs HTTP/1.1" status: 200 len: 383 time: 0.0046363
2026-09-12 05:19:28.937 9 INFO neutron.wsgi [None req-1ce3dd22-353c-420b-8401-90eae9b22f76 6d7a6c0f332e49568f995b49d66aaa1b 82ed8b0e619b40d1b675607182c9cd58 - - default default] 162.253.55.43 "GET /v2.0/subnets/dfa40a77-f9f3-44fe-80d4-7851a126da00 HTTP/1.1" status: 200 len: 850 time: 0.0338624 /var/lib/openstack/lib/python3.10/site-packages/pycadf/identifier.py:71: UserWarning: Invalid uuid: neutron. To ensure interoperability, identifiers should be a valid uuid. warnings.warn(('Invalid uuid: %s. To ensure interoperability, '
2026-09-12 05:19:36.346 10 INFO neutron.wsgi [req-57bed73e-b0ee-47b8-a06e-583f431fcec0 req-6a2c7ba0-d849-4b80-99d3-f71a63093438 6d7a6c0f332e49568f995b49d66aaa1b 82ed8b0e619b40d1b675607182c9cd58 - - default default] 10.0.0.239 "GET /v2.0/security-groups?id=893047ad-9449-4899-b3ca-a5d4abaacdd2&fields=id HTTP/1.1" status: 200 len: 267 time: 0.0439715
2026-09-12 05:19:36.430 10 INFO neutron.wsgi [req-57bed73e-b0ee-47b8-a06e-583f431fcec0 req-39798189-a281-4acd-b5ec-218f7bb5f99a 6d7a6c0f332e49568f995b49d66aaa1b 82ed8b0e619b40d1b675607182c9cd58 - - default default] 10.0.0.239 "GET /v2.0/networks?id=5d798624-889b-4180-b7eb-c3496cd63b7f HTTP/1.1" status: 200 len: 936 time: 0.0755308
2026-09-12 05:19:36.448 10 INFO neutron.wsgi [req-57bed73e-b0ee-47b8-a06e-583f431fcec0 req-39cb4b1e-35dc-4d1c-8ef7-3aa227dbd414 6d7a6c0f332e49568f995b49d66aaa1b 82ed8b0e619b40d1b675607182c9cd58 - - default default] 10.0.0.239 "GET /v2.0/quotas/82ed8b0e619b40d1b675607182c9cd58 HTTP/1.1" status: 200 len: 385 time: 0.0099156
2026-09-12 05:19:36.505 10 INFO neutron.wsgi [req-57bed73e-b0ee-47b8-a06e-583f431fcec0 req-a193ebdf-b342-4109-9ac4-50c880f74887 6d7a6c0f332e49568f995b49d66aaa1b 82ed8b0e619b40d1b675607182c9cd58 - - default default] 10.0.0.239 "GET /v2.0/ports?tenant_id=82ed8b0e619b40d1b675607182c9cd58&fields=id HTTP/1.1" status: 200 len: 348 time: 0.0492194
2026-09-12 05:19:36.578 10 INFO neutron.wsgi [req-57bed73e-b0ee-47b8-a06e-583f431fcec0 req-a2d699c5-1ac6-4706-9e3f-5dbeab4f305f ccc55c2b1b564a7bb0eaef7101c137cb a0ebd6d97c234365a41f5993b017964b - - 8c30287ce7d244c789d6d1b30f1e19f4 8c30287ce7d244c789d6d1b30f1e19f4] 10.0.0.239 "GET /v2.0/networks/5d798624-889b-4180-b7eb-c3496cd63b7f?fields=segments HTTP/1.1" status: 200 len: 212 time: 0.0575261
2026-09-12 05:19:36.633 10 INFO neutron.wsgi [req-57bed73e-b0ee-47b8-a06e-583f431fcec0 req-87a2db32-d1be-4a8c-936b-31f8d8c1bef9 ccc55c2b1b564a7bb0eaef7101c137cb a0ebd6d97c234365a41f5993b017964b - - 8c30287ce7d244c789d6d1b30f1e19f4 8c30287ce7d244c789d6d1b30f1e19f4] 10.0.0.239 "GET /v2.0/networks/5d798624-889b-4180-b7eb-c3496cd63b7f?fields=provider%3Aphysical_network&fields=provider%3Anetwork_type HTTP/1.1" status: 200 len: 277 time: 0.0471549
2026-09-12 05:19:37.067 10 INFO neutron.wsgi [req-7f3e5559-48d6-415b-8fbb-12b94653b94e req-dd3b9ed1-b52f-4910-bd7b-fa2e3b4e93d4 6d7a6c0f332e49568f995b49d66aaa1b 82ed8b0e619b40d1b675607182c9cd58 - - default default] 10.0.0.239 "GET /v2.0/ports?device_id=6b549c5e-e586-4605-8a3f-7a256f54b161 HTTP/1.1" status: 200 len: 210 time: 0.0277636
2026-09-12 05:19:37.172 10 INFO neutron.wsgi [req-c6c472f7-5edc-4eb4-a796-422895a95a93 req-3b190543-cd63-45ae-8d4b-cc2b5f4e6d77 6d7a6c0f332e49568f995b49d66aaa1b 82ed8b0e619b40d1b675607182c9cd58 - - default default] 10.0.0.239 "GET /v2.0/ports?device_id=6b549c5e-e586-4605-8a3f-7a256f54b161 HTTP/1.1" status: 200 len: 210 time: 0.0312791
2026-09-12 05:19:37.899 10 INFO neutron.wsgi [req-57bed73e-b0ee-47b8-a06e-583f431fcec0 req-290699ed-5f45-4deb-ac22-517667c8fd3a 6d7a6c0f332e49568f995b49d66aaa1b 82ed8b0e619b40d1b675607182c9cd58 - - default default] 162.253.55.43 "GET /v2.0/networks?id=5d798624-889b-4180-b7eb-c3496cd63b7f HTTP/1.1" status: 200 len: 936 time: 0.0584745
2026-09-12 05:19:37.979 10 INFO neutron.wsgi [req-57bed73e-b0ee-47b8-a06e-583f431fcec0 req-fe1e7e46-54fb-4996-8ce9-3d7a4c16fd4a 6d7a6c0f332e49568f995b49d66aaa1b 82ed8b0e619b40d1b675607182c9cd58 - - default default] 162.253.55.43 "GET /v2.0/security-groups?fields=id&fields=name&tenant_id=82ed8b0e619b40d1b675607182c9cd58 HTTP/1.1" status: 200 len: 542 time: 0.0710340
2026-09-12 05:19:38.090 9 INFO neutron.wsgi [-] 10.0.0.141 "GET / HTTP/1.1" status: 200 len: 247 time: 0.0013373
2026-09-12 05:19:38.092 9 INFO neutron.wsgi [-] 10.0.0.141 "GET / HTTP/1.1" status: 200 len: 247 time: 0.0016553
2026-09-12 05:19:38.273 10 WARNING neutron.scheduler.dhcp_agent_scheduler [None req-b0f242fa-b467-4992-8504-5912e796a5c7 6d7a6c0f332e49568f995b49d66aaa1b 82ed8b0e619b40d1b675607182c9cd58 - - - -] No more DHCP agents
2026-09-12 05:19:38.274 10 WARNING neutron.api.rpc.agentnotifiers.dhcp_rpc_agent_api [None req-b0f242fa-b467-4992-8504-5912e796a5c7 6d7a6c0f332e49568f995b49d66aaa1b 82ed8b0e619b40d1b675607182c9cd58 - - - -] Unable to schedule network 5d798624-889b-4180-b7eb-c3496cd63b7f: no agents available; will retry on subsequent port and subnet creation events.
2026-09-12 05:19:38.433 10 INFO neutron.db.ovn_revision_numbers_db [None req-b0f242fa-b467-4992-8504-5912e796a5c7 6d7a6c0f332e49568f995b49d66aaa1b 82ed8b0e619b40d1b675607182c9cd58 - - - -] Successfully bumped revision number for resource 39108f56-13fa-4346-ae7d-a09c177a346e (type: ports) to 1
2026-09-12 05:19:38.452 10 INFO neutron.wsgi [None req-b0f242fa-b467-4992-8504-5912e796a5c7 6d7a6c0f332e49568f995b49d66aaa1b 82ed8b0e619b40d1b675607182c9cd58 - - - -] 162.253.55.43 "POST /v2.0/ports HTTP/1.1" status: 201 len: 1287 time: 0.4680481 /var/lib/openstack/lib/python3.10/site-packages/pycadf/identifier.py:71: UserWarning: Invalid uuid: neutron. To ensure interoperability, identifiers should be a valid uuid. warnings.warn(('Invalid uuid: %s. To ensure interoperability, '
2026-09-12 05:19:38.795 10 INFO neutron.db.ovn_revision_numbers_db [None req-a537190d-df49-4e6a-ac87-886b3ea80ae3 ccc55c2b1b564a7bb0eaef7101c137cb a0ebd6d97c234365a41f5993b017964b - - - -] Successfully bumped revision number for resource 39108f56-13fa-4346-ae7d-a09c177a346e (type: ports) to 2
2026-09-12 05:19:38.946 10 INFO neutron.db.ovn_revision_numbers_db [None req-a537190d-df49-4e6a-ac87-886b3ea80ae3 ccc55c2b1b564a7bb0eaef7101c137cb a0ebd6d97c234365a41f5993b017964b - - - -] Successfully bumped revision number for resource 39108f56-13fa-4346-ae7d-a09c177a346e (type: ports) to 2
2026-09-12 05:19:38.959 10 INFO neutron.wsgi [None req-a537190d-df49-4e6a-ac87-886b3ea80ae3 ccc55c2b1b564a7bb0eaef7101c137cb a0ebd6d97c234365a41f5993b017964b - - - -] 162.253.55.43 "PUT /v2.0/ports/39108f56-13fa-4346-ae7d-a09c177a346e HTTP/1.1" status: 200 len: 1336 time: 0.5001388
2026-09-12 05:19:38.992 10 INFO neutron.notifiers.nova [-] Nova event matching ['req-87ff0482-857c-486d-973b-71e9c200d596'] response: {'name': 'network-changed', 'server_uuid': '6b549c5e-e586-4605-8a3f-7a256f54b161', 'tag': '39108f56-13fa-4346-ae7d-a09c177a346e', 'status': 'completed', 'code': 200} /var/lib/openstack/lib/python3.10/site-packages/pycadf/identifier.py:71: UserWarning: Invalid uuid: neutron. To ensure interoperability, identifiers should be a valid uuid. warnings.warn(('Invalid uuid: %s. To ensure interoperability, '
2026-09-12 05:19:39.043 10 INFO neutron.wsgi [req-57bed73e-b0ee-47b8-a06e-583f431fcec0 req-25647817-06cf-45fd-ade0-66d4152b2525 ccc55c2b1b564a7bb0eaef7101c137cb a0ebd6d97c234365a41f5993b017964b - - 8c30287ce7d244c789d6d1b30f1e19f4 8c30287ce7d244c789d6d1b30f1e19f4] 162.253.55.43 "GET /v2.0/ports?tenant_id=82ed8b0e619b40d1b675607182c9cd58&device_id=6b549c5e-e586-4605-8a3f-7a256f54b161 HTTP/1.1" status: 200 len: 1367 time: 0.0399215
2026-09-12 05:19:39.069 10 INFO neutron.wsgi [req-57bed73e-b0ee-47b8-a06e-583f431fcec0 req-ed7cc22b-6ea6-4396-9bd5-0597c024e5da ccc55c2b1b564a7bb0eaef7101c137cb a0ebd6d97c234365a41f5993b017964b - - 8c30287ce7d244c789d6d1b30f1e19f4 8c30287ce7d244c789d6d1b30f1e19f4] 162.253.55.43 "GET /v2.0/floatingips?fixed_ip_address=172.24.1.125&port_id=39108f56-13fa-4346-ae7d-a09c177a346e HTTP/1.1" status: 200 len: 217 time: 0.0199945
2026-09-12 05:19:39.108 10 INFO neutron.wsgi [req-57bed73e-b0ee-47b8-a06e-583f431fcec0 req-ed80aef2-fd62-4973-8e6e-4e3f48719911 ccc55c2b1b564a7bb0eaef7101c137cb a0ebd6d97c234365a41f5993b017964b - - 8c30287ce7d244c789d6d1b30f1e19f4 8c30287ce7d244c789d6d1b30f1e19f4] 162.253.55.43 "GET /v2.0/subnets?id=e9685735-0cd5-4c55-bf9e-300f563bd633 HTTP/1.1" status: 200 len: 829 time: 0.0307820
2026-09-12 05:19:39.136 10 INFO neutron.wsgi [req-57bed73e-b0ee-47b8-a06e-583f431fcec0 req-dee93d9b-8e8e-4bc3-adf7-fc7e8d85c623 ccc55c2b1b564a7bb0eaef7101c137cb a0ebd6d97c234365a41f5993b017964b - - 8c30287ce7d244c789d6d1b30f1e19f4 8c30287ce7d244c789d6d1b30f1e19f4] 162.253.55.43 "GET /v2.0/ports?network_id=5d798624-889b-4180-b7eb-c3496cd63b7f&device_owner=network%3Adhcp HTTP/1.1" status: 200 len: 210 time: 0.0212510
2026-09-12 05:19:39.189 10 INFO neutron.wsgi [req-57bed73e-b0ee-47b8-a06e-583f431fcec0 req-fda9254a-9fcd-4853-955d-a00862cee2e1 ccc55c2b1b564a7bb0eaef7101c137cb a0ebd6d97c234365a41f5993b017964b - - 8c30287ce7d244c789d6d1b30f1e19f4 8c30287ce7d244c789d6d1b30f1e19f4] 162.253.55.43 "GET /v2.0/networks/5d798624-889b-4180-b7eb-c3496cd63b7f?fields=segments HTTP/1.1" status: 200 len: 212 time: 0.0444403
2026-09-12 05:19:39.237 10 INFO neutron.wsgi [req-57bed73e-b0ee-47b8-a06e-583f431fcec0 req-ccd7a858-ed41-4ed9-ba57-1bfc6f3f3439 ccc55c2b1b564a7bb0eaef7101c137cb a0ebd6d97c234365a41f5993b017964b - - 8c30287ce7d244c789d6d1b30f1e19f4 8c30287ce7d244c789d6d1b30f1e19f4] 162.253.55.43 "GET /v2.0/networks/5d798624-889b-4180-b7eb-c3496cd63b7f?fields=provider%3Aphysical_network&fields=provider%3Anetwork_type HTTP/1.1" status: 200 len: 277 time: 0.0413847
2026-09-12 05:19:39.302 10 INFO neutron.wsgi [req-3fa42f04-9b46-47d8-8d79-7fefc6044a3a req-66aa42f3-1f78-4e54-9104-b2caac6ed88e ccc55c2b1b564a7bb0eaef7101c137cb a0ebd6d97c234365a41f5993b017964b - - 8c30287ce7d244c789d6d1b30f1e19f4 8c30287ce7d244c789d6d1b30f1e19f4] 162.253.55.43 "GET /v2.0/ports?tenant_id=82ed8b0e619b40d1b675607182c9cd58&device_id=6b549c5e-e586-4605-8a3f-7a256f54b161 HTTP/1.1" status: 200 len: 1367 time: 0.0249770
2026-09-12 05:19:39.374 10 INFO neutron.wsgi [req-3fa42f04-9b46-47d8-8d79-7fefc6044a3a req-267212be-3f5d-48fe-a13b-fea415512e97 ccc55c2b1b564a7bb0eaef7101c137cb a0ebd6d97c234365a41f5993b017964b - - 8c30287ce7d244c789d6d1b30f1e19f4 8c30287ce7d244c789d6d1b30f1e19f4] 162.253.55.43 "GET /v2.0/networks?id=5d798624-889b-4180-b7eb-c3496cd63b7f HTTP/1.1" status: 200 len: 936 time: 0.0658975
2026-09-12 05:19:39.381 10 INFO neutron.wsgi [req-481cd8c5-22e1-4296-97ff-a021798090b2 req-19ecd798-d353-4075-ac36-aa3b009372ad 6d7a6c0f332e49568f995b49d66aaa1b 82ed8b0e619b40d1b675607182c9cd58 - - default default] 10.0.0.239 "GET /v2.0/ports?device_id=6b549c5e-e586-4605-8a3f-7a256f54b161 HTTP/1.1" status: 200 len: 1367 time: 0.0361168
2026-09-12 05:19:39.403 10 INFO neutron.wsgi [req-3fa42f04-9b46-47d8-8d79-7fefc6044a3a req-8e472b35-baef-4e17-b674-07de08590da2 ccc55c2b1b564a7bb0eaef7101c137cb a0ebd6d97c234365a41f5993b017964b - - 8c30287ce7d244c789d6d1b30f1e19f4 8c30287ce7d244c789d6d1b30f1e19f4] 162.253.55.43 "GET /v2.0/floatingips?fixed_ip_address=172.24.1.125&port_id=39108f56-13fa-4346-ae7d-a09c177a346e HTTP/1.1" status: 200 len: 217 time: 0.0218699
2026-09-12 05:19:39.436 10 INFO neutron.wsgi [req-481cd8c5-22e1-4296-97ff-a021798090b2 req-910b402c-242f-4432-a6e3-a9d05c74f9cf 6d7a6c0f332e49568f995b49d66aaa1b 82ed8b0e619b40d1b675607182c9cd58 - - default default] 10.0.0.239 "GET /v2.0/security-groups?id=893047ad-9449-4899-b3ca-a5d4abaacdd2&fields=id&fields=name HTTP/1.1" status: 200 len: 294 time: 0.0352960
2026-09-12 05:19:39.445 9 INFO neutron.wsgi [req-462f0a16-add1-4ccc-8797-f85cc45514b4 req-b487f7d9-fa8d-4f20-bdd9-45a203ffbc49 ccc55c2b1b564a7bb0eaef7101c137cb a0ebd6d97c234365a41f5993b017964b - - 8c30287ce7d244c789d6d1b30f1e19f4 8c30287ce7d244c789d6d1b30f1e19f4] 162.253.55.43 "GET /v2.0/ports?device_id=6b549c5e-e586-4605-8a3f-7a256f54b161 HTTP/1.1" status: 200 len: 1367 time: 0.0303168
2026-09-12 05:19:39.446 10 INFO neutron.wsgi [req-3fa42f04-9b46-47d8-8d79-7fefc6044a3a req-66126b7b-f219-4228-94d2-d64b1d8fc927 ccc55c2b1b564a7bb0eaef7101c137cb a0ebd6d97c234365a41f5993b017964b - - 8c30287ce7d244c789d6d1b30f1e19f4 8c30287ce7d244c789d6d1b30f1e19f4] 162.253.55.43 "GET /v2.0/subnets?id=e9685735-0cd5-4c55-bf9e-300f563bd633 HTTP/1.1" status: 200 len: 829 time: 0.0301425
2026-09-12 05:19:39.470 10 INFO neutron.wsgi [req-3fa42f04-9b46-47d8-8d79-7fefc6044a3a req-d7608a37-826d-47f9-bada-8a7b8f75c1e9 ccc55c2b1b564a7bb0eaef7101c137cb a0ebd6d97c234365a41f5993b017964b - - 8c30287ce7d244c789d6d1b30f1e19f4 8c30287ce7d244c789d6d1b30f1e19f4] 162.253.55.43 "GET /v2.0/ports?network_id=5d798624-889b-4180-b7eb-c3496cd63b7f&device_owner=network%3Adhcp HTTP/1.1" status: 200 len: 210 time: 0.0156646
2026-09-12 05:19:39.480 9 INFO neutron.wsgi [req-462f0a16-add1-4ccc-8797-f85cc45514b4 req-329e2e63-d844-4c27-87cc-5d560278292b ccc55c2b1b564a7bb0eaef7101c137cb a0ebd6d97c234365a41f5993b017964b - - 8c30287ce7d244c789d6d1b30f1e19f4 8c30287ce7d244c789d6d1b30f1e19f4] 162.253.55.43 "GET /v2.0/security-groups?id=893047ad-9449-4899-b3ca-a5d4abaacdd2&fields=id&fields=name HTTP/1.1" status: 200 len: 294 time: 0.0256901
2026-09-12 05:19:39.518 10 INFO neutron.wsgi [req-3fa42f04-9b46-47d8-8d79-7fefc6044a3a req-25012061-a752-4940-ad56-1e294be51727 ccc55c2b1b564a7bb0eaef7101c137cb a0ebd6d97c234365a41f5993b017964b - - 8c30287ce7d244c789d6d1b30f1e19f4 8c30287ce7d244c789d6d1b30f1e19f4] 162.253.55.43 "GET /v2.0/networks/5d798624-889b-4180-b7eb-c3496cd63b7f?fields=segments HTTP/1.1" status: 200 len: 212 time: 0.0414484
2026-09-12 05:19:39.577 10 INFO neutron.wsgi [req-8a3c7037-1c13-478e-aa95-f6e263aacc7f req-3a4ce353-9b40-42bc-abbf-8c087b279ce3 6d7a6c0f332e49568f995b49d66aaa1b 82ed8b0e619b40d1b675607182c9cd58 - - default default] 10.0.0.239 "GET /v2.0/ports?device_id=6b549c5e-e586-4605-8a3f-7a256f54b161 HTTP/1.1" status: 200 len: 1367 time: 0.0397391
2026-09-12 05:19:39.582 10 INFO neutron.plugins.ml2.drivers.ovn.mech_driver.mech_driver [None req-f4010fcd-c45b-4954-aa5b-f18dc71b67ee - - - - - -] OVN reports status up for port: 39108f56-13fa-4346-ae7d-a09c177a346e
2026-09-12 05:19:39.593 10 INFO neutron.wsgi [req-3fa42f04-9b46-47d8-8d79-7fefc6044a3a req-d6f2ed19-0097-48bf-b094-a0c61285baac ccc55c2b1b564a7bb0eaef7101c137cb a0ebd6d97c234365a41f5993b017964b - - 8c30287ce7d244c789d6d1b30f1e19f4 8c30287ce7d244c789d6d1b30f1e19f4] 162.253.55.43 "GET /v2.0/networks/5d798624-889b-4180-b7eb-c3496cd63b7f?fields=provider%3Aphysical_network&fields=provider%3Anetwork_type HTTP/1.1" status: 200 len: 277 time: 0.0688601
2026-09-12 05:19:39.596 10 INFO neutron.plugins.ml2.plugin [None req-f4010fcd-c45b-4954-aa5b-f18dc71b67ee - - - - - -] Attempt 1 to provision port 39108f56-13fa-4346-ae7d-a09c177a346e
2026-09-12 05:19:39.813 10 INFO neutron.db.ovn_revision_numbers_db [None req-f4010fcd-c45b-4954-aa5b-f18dc71b67ee - - - - - -] Successfully bumped revision number for resource 39108f56-13fa-4346-ae7d-a09c177a346e (type: ports) to 4
2026-09-12 05:19:41.056 10 INFO neutron.notifiers.nova [-] Nova event matching ['req-e9fdff35-1713-46ff-88a4-c74e453f752f'] response: {'server_uuid': '6b549c5e-e586-4605-8a3f-7a256f54b161', 'name': 'network-vif-plugged', 'status': 'completed', 'tag': '39108f56-13fa-4346-ae7d-a09c177a346e', 'code': 200}
2026-09-12 05:19:41.057 10 INFO neutron.notifiers.nova [-] Nova event matching ['req-e9fdff35-1713-46ff-88a4-c74e453f752f'] response: {'server_uuid': '6b549c5e-e586-4605-8a3f-7a256f54b161', 'name': 'network-vif-plugged', 'status': 'completed', 'tag': '39108f56-13fa-4346-ae7d-a09c177a346e', 'code': 200} /var/lib/openstack/lib/python3.10/site-packages/pycadf/identifier.py:71: UserWarning: Invalid uuid: neutron. To ensure interoperability, identifiers should be a valid uuid. warnings.warn(('Invalid uuid: %s. To ensure interoperability, '
2026-09-12 05:19:41.826 10 INFO neutron.wsgi [req-fe4a8b8d-64f2-464c-9311-5b3cac27eb3d req-d3efd3a5-b7bd-4253-8ea4-4786c4d988a8 6d7a6c0f332e49568f995b49d66aaa1b 82ed8b0e619b40d1b675607182c9cd58 - - default default] 10.0.0.239 "GET /v2.0/ports?device_id=6b549c5e-e586-4605-8a3f-7a256f54b161 HTTP/1.1" status: 200 len: 1369 time: 0.0352297
2026-09-12 05:19:41.868 10 INFO neutron.wsgi [req-fe4a8b8d-64f2-464c-9311-5b3cac27eb3d req-911a32b3-ed5e-4838-bad0-d2ee55038b0a 6d7a6c0f332e49568f995b49d66aaa1b 82ed8b0e619b40d1b675607182c9cd58 - - default default] 10.0.0.239 "GET /v2.0/security-groups?id=893047ad-9449-4899-b3ca-a5d4abaacdd2&fields=id&fields=name HTTP/1.1" status: 200 len: 294 time: 0.0366216
2026-09-12 05:19:41.990 10 INFO neutron.wsgi [req-a113db8b-259a-48f7-acdf-722a8d8c1d26 req-95dbbc5b-e693-4652-b35e-66132db4e74b 6d7a6c0f332e49568f995b49d66aaa1b 82ed8b0e619b40d1b675607182c9cd58 - - default default] 10.0.0.239 "GET /v2.0/ports?device_id=6b549c5e-e586-4605-8a3f-7a256f54b161 HTTP/1.1" status: 200 len: 1369 time: 0.0422509
2026-09-12 05:19:53.088 9 INFO neutron.wsgi [-] 10.0.0.141 "GET / HTTP/1.1" status: 200 len: 247 time: 0.0016320
2026-09-12 05:19:53.090 10 INFO neutron.wsgi [-] 10.0.0.141 "GET / HTTP/1.1" status: 200 len: 247 time: 0.0030112
2026-09-12 05:20:08.090 9 INFO neutron.wsgi [-] 10.0.0.141 "GET / HTTP/1.1" status: 200 len: 247 time: 0.0018477
2026-09-12 05:20:08.097 10 INFO neutron.wsgi [-] 10.0.0.141 "GET / HTTP/1.1" status: 200 len: 247 time: 0.0091598
2026-09-12 05:20:15.801 9 INFO neutron.wsgi [None req-f3766ca0-2cf9-46e1-b88b-ed481e50acb5 6d7a6c0f332e49568f995b49d66aaa1b 82ed8b0e619b40d1b675607182c9cd58 - - default default] 162.253.55.43 "GET /v2.0/extensions/security-group HTTP/1.1" status: 200 len: 369 time: 0.0070224
2026-09-12 05:20:15.813 9 INFO neutron.wsgi [None req-17d089a7-3cba-4086-8536-0bba819be247 6d7a6c0f332e49568f995b49d66aaa1b 82ed8b0e619b40d1b675607182c9cd58 - - default default] 162.253.55.43 "GET /v2.0/extensions/dns-integration HTTP/1.1" status: 200 len: 371 time: 0.0072212
2026-09-12 05:20:15.824 9 INFO neutron.wsgi [None req-0711ae7e-5fb4-4128-ae27-6e097bf0437c 6d7a6c0f332e49568f995b49d66aaa1b 82ed8b0e619b40d1b675607182c9cd58 - - default default] 162.253.55.43 "GET /v2.0/extensions/qos HTTP/1.1" status: 200 len: 365 time: 0.0060561
2026-09-12 05:20:15.836 9 INFO neutron.wsgi [None req-388618bc-f94b-4868-bf0a-b41b391fc957 6d7a6c0f332e49568f995b49d66aaa1b 82ed8b0e619b40d1b675607182c9cd58 - - default default] 162.253.55.43 "GET /v2.0/extensions/allowed-address-pairs HTTP/1.1" status: 200 len: 383 time: 0.0062463
2026-09-12 05:20:15.887 9 INFO neutron.wsgi [None req-8f9d041f-aa68-4786-adad-322392140641 6d7a6c0f332e49568f995b49d66aaa1b 82ed8b0e619b40d1b675607182c9cd58 - - default default] 162.253.55.43 "GET /v2.0/subnets/dfa40a77-f9f3-44fe-80d4-7851a126da00 HTTP/1.1" status: 200 len: 850 time: 0.0462909
2026-09-12 05:20:15.966 9 INFO neutron.wsgi [None req-1cd1c6e3-0c65-43f9-bbe8-b40da911b931 6d7a6c0f332e49568f995b49d66aaa1b 82ed8b0e619b40d1b675607182c9cd58 - - default default] 162.253.55.43 "GET /v2.0/ports?device_id=6b549c5e-e586-4605-8a3f-7a256f54b161 HTTP/1.1" status: 200 len: 1369 time: 0.0417368
2026-09-12 05:20:16.077 10 INFO neutron.wsgi [req-41e49ca0-577f-401e-8ffd-2a3f59c091eb req-b19a4f73-8792-4a30-9bc4-e76c73a920c4 ccc55c2b1b564a7bb0eaef7101c137cb a0ebd6d97c234365a41f5993b017964b - - 8c30287ce7d244c789d6d1b30f1e19f4 8c30287ce7d244c789d6d1b30f1e19f4] 162.253.55.43 "GET /v2.0/ports?device_id=e3900df9-6725-4e44-9e4f-f7af3e9b6b40&fields=binding%3Ahost_id&fields=binding%3Avif_type HTTP/1.1" status: 200 len: 265 time: 0.0587797
2026-09-12 05:20:16.153 10 INFO neutron.wsgi [req-41e49ca0-577f-401e-8ffd-2a3f59c091eb req-906d33bb-d949-4af6-80ca-b3f43818e108 ccc55c2b1b564a7bb0eaef7101c137cb a0ebd6d97c234365a41f5993b017964b - - 8c30287ce7d244c789d6d1b30f1e19f4 8c30287ce7d244c789d6d1b30f1e19f4] 162.253.55.43 "GET /v2.0/ports?tenant_id=fafc2da4927f48c180abf9e205817e0b&device_id=e3900df9-6725-4e44-9e4f-f7af3e9b6b40 HTTP/1.1" status: 200 len: 1590 time: 0.0493789
2026-09-12 05:20:16.226 10 INFO neutron.wsgi [req-41e49ca0-577f-401e-8ffd-2a3f59c091eb req-6f071236-4af9-46a3-b89e-89de835c7944 ccc55c2b1b564a7bb0eaef7101c137cb a0ebd6d97c234365a41f5993b017964b - - 8c30287ce7d244c789d6d1b30f1e19f4 8c30287ce7d244c789d6d1b30f1e19f4] 162.253.55.43 "GET /v2.0/networks?id=7b6dcd49-0438-4a49-949c-ae586ffb5953 HTTP/1.1" status: 200 len: 1002 time: 0.0560899
2026-09-12 05:20:16.271 10 INFO neutron.wsgi [req-41e49ca0-577f-401e-8ffd-2a3f59c091eb req-d85e9a3f-daf0-4739-9d17-6aa20f9f761b ccc55c2b1b564a7bb0eaef7101c137cb a0ebd6d97c234365a41f5993b017964b - - 8c30287ce7d244c789d6d1b30f1e19f4 8c30287ce7d244c789d6d1b30f1e19f4] 162.253.55.43 "GET /v2.0/floatingips?fixed_ip_address=10.2.2.190&port_id=ab803564-e53b-4bb0-b0eb-65955a69d604 HTTP/1.1" status: 200 len: 1059 time: 0.0380411
2026-09-12 05:20:16.303 10 INFO neutron.wsgi [req-41e49ca0-577f-401e-8ffd-2a3f59c091eb req-fb4d069e-7fcf-46b8-b463-5fa4c38f5c1d ccc55c2b1b564a7bb0eaef7101c137cb a0ebd6d97c234365a41f5993b017964b - - 8c30287ce7d244c789d6d1b30f1e19f4 8c30287ce7d244c789d6d1b30f1e19f4] 162.253.55.43 "GET /v2.0/floatingips?fixed_ip_address=fd77%3A1457%3A4cf0%3A26a8%3A%3A25&port_id=ab803564-e53b-4bb0-b0eb-65955a69d604 HTTP/1.1" status: 200 len: 217 time: 0.0243008
2026-09-12 05:20:16.313 9 WARNING neutron.scheduler.dhcp_agent_scheduler [None req-6bbc37b3-19c0-496a-887f-8ccc23ab6744 6d7a6c0f332e49568f995b49d66aaa1b 82ed8b0e619b40d1b675607182c9cd58 - - - -] No more DHCP agents
2026-09-12 05:20:16.316 9 WARNING neutron.api.rpc.agentnotifiers.dhcp_rpc_agent_api [None req-6bbc37b3-19c0-496a-887f-8ccc23ab6744 6d7a6c0f332e49568f995b49d66aaa1b 82ed8b0e619b40d1b675607182c9cd58 - - - -] Unable to schedule network 8d3b8fba-0017-49d9-913a-65a76f33756b: no agents available; will retry on subsequent port and subnet creation events.
2026-09-12 05:20:16.336 10 INFO neutron.wsgi [req-41e49ca0-577f-401e-8ffd-2a3f59c091eb req-bfba6118-4be5-417e-be40-faa34e955165 ccc55c2b1b564a7bb0eaef7101c137cb a0ebd6d97c234365a41f5993b017964b - - 8c30287ce7d244c789d6d1b30f1e19f4 8c30287ce7d244c789d6d1b30f1e19f4] 162.253.55.43 "GET /v2.0/subnets?id=f1330f26-799b-4df3-90e5-d81c606fa0f2&id=9fa2f13b-cde7-4915-8368-c6deddf27418 HTTP/1.1" status: 200 len: 1567 time: 0.0275886
2026-09-12 05:20:16.369 10 INFO neutron.wsgi [req-41e49ca0-577f-401e-8ffd-2a3f59c091eb req-423f3b12-6fbc-46ce-a1af-947162c7669e ccc55c2b1b564a7bb0eaef7101c137cb a0ebd6d97c234365a41f5993b017964b - - 8c30287ce7d244c789d6d1b30f1e19f4 8c30287ce7d244c789d6d1b30f1e19f4] 162.253.55.43 "GET /v2.0/ports?network_id=7b6dcd49-0438-4a49-949c-ae586ffb5953&device_owner=network%3Adhcp HTTP/1.1" status: 200 len: 210 time: 0.0205705
2026-09-12 05:20:16.394 10 INFO neutron.wsgi [req-41e49ca0-577f-401e-8ffd-2a3f59c091eb req-f29b8f6c-2c33-4a1d-9553-a2bd4c16b0bd ccc55c2b1b564a7bb0eaef7101c137cb a0ebd6d97c234365a41f5993b017964b - - 8c30287ce7d244c789d6d1b30f1e19f4 8c30287ce7d244c789d6d1b30f1e19f4] 162.253.55.43 "GET /v2.0/ports?network_id=7b6dcd49-0438-4a49-949c-ae586ffb5953&device_owner=network%3Adhcp HTTP/1.1" status: 200 len: 210 time: 0.0187426
2026-09-12 05:20:16.449 10 INFO neutron.wsgi [req-41e49ca0-577f-401e-8ffd-2a3f59c091eb req-5bd55c43-ad44-43ab-8bab-ff9a88f9c9ce ccc55c2b1b564a7bb0eaef7101c137cb a0ebd6d97c234365a41f5993b017964b - - 8c30287ce7d244c789d6d1b30f1e19f4 8c30287ce7d244c789d6d1b30f1e19f4] 162.253.55.43 "GET /v2.0/networks/7b6dcd49-0438-4a49-949c-ae586ffb5953?fields=segments HTTP/1.1" status: 200 len: 212 time: 0.0478313
2026-09-12 05:20:16.504 10 INFO neutron.wsgi [req-41e49ca0-577f-401e-8ffd-2a3f59c091eb req-e6d77f1e-04d8-4eb6-9df2-28b7ceb27645 ccc55c2b1b564a7bb0eaef7101c137cb a0ebd6d97c234365a41f5993b017964b - - 8c30287ce7d244c789d6d1b30f1e19f4 8c30287ce7d244c789d6d1b30f1e19f4] 162.253.55.43 "GET /v2.0/networks/7b6dcd49-0438-4a49-949c-ae586ffb5953?fields=provider%3Aphysical_network&fields=provider%3Anetwork_type HTTP/1.1" status: 200 len: 277 time: 0.0476103
2026-09-12 05:20:16.801 9 INFO neutron.db.ovn_revision_numbers_db [None req-6bbc37b3-19c0-496a-887f-8ccc23ab6744 6d7a6c0f332e49568f995b49d66aaa1b 82ed8b0e619b40d1b675607182c9cd58 - - - -] Successfully bumped revision number for resource b92a6f03-5201-4e50-b106-c521b179d60c (type: ports) to 1
2026-09-12 05:20:16.824 9 INFO neutron.wsgi [None req-6bbc37b3-19c0-496a-887f-8ccc23ab6744 6d7a6c0f332e49568f995b49d66aaa1b 82ed8b0e619b40d1b675607182c9cd58 - - - -] 162.253.55.43 "POST /v2.0/ports HTTP/1.1" status: 201 len: 1302 time: 0.8512132
2026-09-12 05:20:16.927 10 INFO neutron.wsgi [req-16016fd8-d9e2-4ddd-a4c0-dbf357905a78 req-5bc16f18-4902-44eb-a9a8-0f1190f34fbc 6d7a6c0f332e49568f995b49d66aaa1b 82ed8b0e619b40d1b675607182c9cd58 - - default default] 10.0.0.239 "GET /v2.0/ports/b92a6f03-5201-4e50-b106-c521b179d60c HTTP/1.1" status: 200 len: 1297 time: 0.0455093
2026-09-12 05:20:16.943 10 INFO neutron.wsgi [req-16016fd8-d9e2-4ddd-a4c0-dbf357905a78 req-08803c0b-a9c9-457e-a5cd-2565f1aa4a16 6d7a6c0f332e49568f995b49d66aaa1b 82ed8b0e619b40d1b675607182c9cd58 - - default default] 10.0.0.239 "GET /v2.0/extensions HTTP/1.1" status: 200 len: 16525 time: 0.0088434
2026-09-12 05:20:17.115 10 INFO neutron.wsgi [req-16016fd8-d9e2-4ddd-a4c0-dbf357905a78 req-819c45ea-b6d7-4a0b-a862-950b986d845c ccc55c2b1b564a7bb0eaef7101c137cb a0ebd6d97c234365a41f5993b017964b - - 8c30287ce7d244c789d6d1b30f1e19f4 8c30287ce7d244c789d6d1b30f1e19f4] 162.253.55.43 "GET /v2.0/ports/b92a6f03-5201-4e50-b106-c521b179d60c?fields=binding%3Avnic_type&fields=binding%3Aprofile&fields=network_id&fields=resource_request&fields=numa_affinity_policy&fields=device_profile HTTP/1.1" status: 200 len: 335 time: 0.0663655
2026-09-12 05:20:17.238 10 INFO neutron.wsgi [req-16016fd8-d9e2-4ddd-a4c0-dbf357905a78 req-7d3b3267-69a3-4810-832e-13bd496075f6 ccc55c2b1b564a7bb0eaef7101c137cb a0ebd6d97c234365a41f5993b017964b - - 8c30287ce7d244c789d6d1b30f1e19f4 8c30287ce7d244c789d6d1b30f1e19f4] 162.253.55.43 "GET /v2.0/networks/8d3b8fba-0017-49d9-913a-65a76f33756b?fields=segments HTTP/1.1" status: 200 len: 212 time: 0.1137044
2026-09-12 05:20:17.309 10 INFO neutron.wsgi [req-16016fd8-d9e2-4ddd-a4c0-dbf357905a78 req-d0240e1b-da3d-4bd2-954a-bbd2158c7f79 ccc55c2b1b564a7bb0eaef7101c137cb a0ebd6d97c234365a41f5993b017964b - - 8c30287ce7d244c789d6d1b30f1e19f4 8c30287ce7d244c789d6d1b30f1e19f4] 162.253.55.43 "GET /v2.0/networks/8d3b8fba-0017-49d9-913a-65a76f33756b?fields=provider%3Aphysical_network&fields=provider%3Anetwork_type HTTP/1.1" status: 200 len: 277 time: 0.0646267
2026-09-12 05:20:17.362 10 INFO neutron.wsgi [req-16016fd8-d9e2-4ddd-a4c0-dbf357905a78 req-a34a29d5-677e-4d06-ae00-9b13c584764a ccc55c2b1b564a7bb0eaef7101c137cb a0ebd6d97c234365a41f5993b017964b - - 8c30287ce7d244c789d6d1b30f1e19f4 8c30287ce7d244c789d6d1b30f1e19f4] 162.253.55.43 "GET /v2.0/ports/b92a6f03-5201-4e50-b106-c521b179d60c HTTP/1.1" status: 200 len: 1297 time: 0.0287926
2026-09-12 05:20:17.431 10 INFO neutron.wsgi [req-16016fd8-d9e2-4ddd-a4c0-dbf357905a78 req-e355da8a-9dad-4885-bd62-23ba293a09f7 6d7a6c0f332e49568f995b49d66aaa1b 82ed8b0e619b40d1b675607182c9cd58 - - default default] 162.253.55.43 "GET /v2.0/networks?id=8d3b8fba-0017-49d9-913a-65a76f33756b HTTP/1.1" status: 200 len: 1005 time: 0.0636983
2026-09-12 05:20:17.779 10 INFO neutron.db.ovn_revision_numbers_db [None req-c30c8e09-26d2-4acb-a740-4aeb055e8e2a ccc55c2b1b564a7bb0eaef7101c137cb a0ebd6d97c234365a41f5993b017964b - - - -] Successfully bumped revision number for resource b92a6f03-5201-4e50-b106-c521b179d60c (type: ports) to 2
2026-09-12 05:20:18.251 10 INFO neutron.db.ovn_revision_numbers_db [None req-c30c8e09-26d2-4acb-a740-4aeb055e8e2a ccc55c2b1b564a7bb0eaef7101c137cb a0ebd6d97c234365a41f5993b017964b - - - -] Successfully bumped revision number for resource b92a6f03-5201-4e50-b106-c521b179d60c (type: ports) to 2
2026-09-12 05:20:18.263 10 INFO neutron.wsgi [None req-c30c8e09-26d2-4acb-a740-4aeb055e8e2a ccc55c2b1b564a7bb0eaef7101c137cb a0ebd6d97c234365a41f5993b017964b - - - -] 162.253.55.43 "PUT /v2.0/ports/b92a6f03-5201-4e50-b106-c521b179d60c HTTP/1.1" status: 200 len: 1380 time: 0.8219740 /var/lib/openstack/lib/python3.10/site-packages/pycadf/identifier.py:71: UserWarning: Invalid uuid: neutron. To ensure interoperability, identifiers should be a valid uuid. warnings.warn(('Invalid uuid: %s. To ensure interoperability, '
2026-09-12 05:20:18.315 10 INFO neutron.notifiers.nova [-] Nova event matching ['req-1718e76c-03dd-43b3-b6b8-ee4a72fe62c2'] response: {'name': 'network-changed', 'server_uuid': '6b549c5e-e586-4605-8a3f-7a256f54b161', 'tag': 'b92a6f03-5201-4e50-b106-c521b179d60c', 'status': 'completed', 'code': 200}
2026-09-12 05:20:18.339 10 INFO neutron.wsgi [req-16016fd8-d9e2-4ddd-a4c0-dbf357905a78 req-41716f76-718d-4fcd-b0e8-847ef4179288 ccc55c2b1b564a7bb0eaef7101c137cb a0ebd6d97c234365a41f5993b017964b - - 8c30287ce7d244c789d6d1b30f1e19f4 8c30287ce7d244c789d6d1b30f1e19f4] 162.253.55.43 "GET /v2.0/ports?tenant_id=82ed8b0e619b40d1b675607182c9cd58&device_id=6b549c5e-e586-4605-8a3f-7a256f54b161 HTTP/1.1" status: 200 len: 2569 time: 0.0331271
2026-09-12 05:20:18.373 10 INFO neutron.wsgi [req-16016fd8-d9e2-4ddd-a4c0-dbf357905a78 req-80304d6d-e48b-4692-854c-9dcc66ddd1ea ccc55c2b1b564a7bb0eaef7101c137cb a0ebd6d97c234365a41f5993b017964b - - 8c30287ce7d244c789d6d1b30f1e19f4 8c30287ce7d244c789d6d1b30f1e19f4] 162.253.55.43 "GET /v2.0/floatingips?fixed_ip_address=172.24.1.125&port_id=39108f56-13fa-4346-ae7d-a09c177a346e HTTP/1.1" status: 200 len: 217 time: 0.0251389
2026-09-12 05:20:18.416 10 INFO neutron.wsgi [req-16016fd8-d9e2-4ddd-a4c0-dbf357905a78 req-e8ea4e3b-b218-445f-8de4-d9a31057b335 ccc55c2b1b564a7bb0eaef7101c137cb a0ebd6d97c234365a41f5993b017964b - - 8c30287ce7d244c789d6d1b30f1e19f4 8c30287ce7d244c789d6d1b30f1e19f4] 162.253.55.43 "GET /v2.0/subnets?id=e9685735-0cd5-4c55-bf9e-300f563bd633 HTTP/1.1" status: 200 len: 829 time: 0.0363328
2026-09-12 05:20:18.466 10 INFO neutron.wsgi [req-16016fd8-d9e2-4ddd-a4c0-dbf357905a78 req-da0e4ef2-1cfe-48ba-83ab-6e7a66cc2d54 ccc55c2b1b564a7bb0eaef7101c137cb a0ebd6d97c234365a41f5993b017964b - - 8c30287ce7d244c789d6d1b30f1e19f4 8c30287ce7d244c789d6d1b30f1e19f4] 162.253.55.43 "GET /v2.0/ports?network_id=5d798624-889b-4180-b7eb-c3496cd63b7f&device_owner=network%3Adhcp HTTP/1.1" status: 200 len: 210 time: 0.0416014
2026-09-12 05:20:18.560 10 INFO neutron.wsgi [req-16016fd8-d9e2-4ddd-a4c0-dbf357905a78 req-a47e7b59-b7ec-4e44-8095-ef9d0eab4833 ccc55c2b1b564a7bb0eaef7101c137cb a0ebd6d97c234365a41f5993b017964b - - 8c30287ce7d244c789d6d1b30f1e19f4 8c30287ce7d244c789d6d1b30f1e19f4] 162.253.55.43 "GET /v2.0/networks/5d798624-889b-4180-b7eb-c3496cd63b7f?fields=segments HTTP/1.1" status: 200 len: 212 time: 0.0868657
2026-09-12 05:20:18.626 10 INFO neutron.wsgi [req-16016fd8-d9e2-4ddd-a4c0-dbf357905a78 req-bc47c698-c05d-4682-bfb9-e95577436846 ccc55c2b1b564a7bb0eaef7101c137cb a0ebd6d97c234365a41f5993b017964b - - 8c30287ce7d244c789d6d1b30f1e19f4 8c30287ce7d244c789d6d1b30f1e19f4] 162.253.55.43 "GET /v2.0/networks/5d798624-889b-4180-b7eb-c3496cd63b7f?fields=provider%3Aphysical_network&fields=provider%3Anetwork_type HTTP/1.1" status: 200 len: 277 time: 0.0558703
2026-09-12 05:20:18.680 10 INFO neutron.wsgi [req-16016fd8-d9e2-4ddd-a4c0-dbf357905a78 req-7d6e63c2-d17b-4bf7-9874-edb8edb2e56e ccc55c2b1b564a7bb0eaef7101c137cb a0ebd6d97c234365a41f5993b017964b - - 8c30287ce7d244c789d6d1b30f1e19f4 8c30287ce7d244c789d6d1b30f1e19f4] 162.253.55.43 "GET /v2.0/floatingips?fixed_ip_address=10.1.1.177&port_id=b92a6f03-5201-4e50-b106-c521b179d60c HTTP/1.1" status: 200 len: 217 time: 0.0464530
2026-09-12 05:20:18.725 10 INFO neutron.wsgi [req-16016fd8-d9e2-4ddd-a4c0-dbf357905a78 req-70065eb7-6325-4d53-8973-2de4f2a4abfd ccc55c2b1b564a7bb0eaef7101c137cb a0ebd6d97c234365a41f5993b017964b - - 8c30287ce7d244c789d6d1b30f1e19f4 8c30287ce7d244c789d6d1b30f1e19f4] 162.253.55.43 "GET /v2.0/subnets?id=dfa40a77-f9f3-44fe-80d4-7851a126da00 HTTP/1.1" status: 200 len: 853 time: 0.0364361
2026-09-12 05:20:18.769 10 INFO neutron.wsgi [req-16016fd8-d9e2-4ddd-a4c0-dbf357905a78 req-dd330e2e-8f21-4903-b776-eb75adea2827 ccc55c2b1b564a7bb0eaef7101c137cb a0ebd6d97c234365a41f5993b017964b - - 8c30287ce7d244c789d6d1b30f1e19f4 8c30287ce7d244c789d6d1b30f1e19f4] 162.253.55.43 "GET /v2.0/ports?network_id=8d3b8fba-0017-49d9-913a-65a76f33756b&device_owner=network%3Adhcp HTTP/1.1" status: 200 len: 210 time: 0.0377438
2026-09-12 05:20:18.831 10 INFO neutron.wsgi [req-16016fd8-d9e2-4ddd-a4c0-dbf357905a78 req-fb06e56e-e324-4f0c-8bc5-f53057503941 ccc55c2b1b564a7bb0eaef7101c137cb a0ebd6d97c234365a41f5993b017964b - - 8c30287ce7d244c789d6d1b30f1e19f4 8c30287ce7d244c789d6d1b30f1e19f4] 162.253.55.43 "GET /v2.0/networks/8d3b8fba-0017-49d9-913a-65a76f33756b?fields=segments HTTP/1.1" status: 200 len: 212 time: 0.0563240
2026-09-12 05:20:18.897 10 INFO neutron.wsgi [req-16016fd8-d9e2-4ddd-a4c0-dbf357905a78 req-19665b4e-9b5a-44b6-b324-2c8f05f1130a ccc55c2b1b564a7bb0eaef7101c137cb a0ebd6d97c234365a41f5993b017964b - - 8c30287ce7d244c789d6d1b30f1e19f4 8c30287ce7d244c789d6d1b30f1e19f4] 162.253.55.43 "GET /v2.0/networks/8d3b8fba-0017-49d9-913a-65a76f33756b?fields=provider%3Aphysical_network&fields=provider%3Anetwork_type HTTP/1.1" status: 200 len: 277 time: 0.0596905
2026-09-12 05:20:18.981 10 INFO neutron.wsgi [req-3975f61c-addc-4520-813e-f7fb8e111038 req-2127e1d5-a28d-49a8-a1c6-2556bc181bc8 ccc55c2b1b564a7bb0eaef7101c137cb a0ebd6d97c234365a41f5993b017964b - - 8c30287ce7d244c789d6d1b30f1e19f4 8c30287ce7d244c789d6d1b30f1e19f4] 162.253.55.43 "GET /v2.0/ports?tenant_id=82ed8b0e619b40d1b675607182c9cd58&device_id=6b549c5e-e586-4605-8a3f-7a256f54b161 HTTP/1.1" status: 200 len: 2569 time: 0.0320897
2026-09-12 05:20:19.024 9 INFO neutron.plugins.ml2.drivers.ovn.mech_driver.mech_driver [None req-aa7ef198-caa7-48af-8bdd-15a59311dcc8 - - - - - -] OVN reports status up for port: b92a6f03-5201-4e50-b106-c521b179d60c
2026-09-12 05:20:19.047 9 INFO neutron.plugins.ml2.plugin [None req-aa7ef198-caa7-48af-8bdd-15a59311dcc8 - - - - - -] Attempt 1 to provision port b92a6f03-5201-4e50-b106-c521b179d60c
2026-09-12 05:20:19.108 10 INFO neutron.wsgi [req-3975f61c-addc-4520-813e-f7fb8e111038 req-51193f59-148f-49ae-8689-bd04a903d8fc ccc55c2b1b564a7bb0eaef7101c137cb a0ebd6d97c234365a41f5993b017964b - - 8c30287ce7d244c789d6d1b30f1e19f4 8c30287ce7d244c789d6d1b30f1e19f4] 162.253.55.43 "GET /v2.0/networks?id=8d3b8fba-0017-49d9-913a-65a76f33756b HTTP/1.1" status: 200 len: 1005 time: 0.1164544
2026-09-12 05:20:19.167 10 INFO neutron.wsgi [req-3975f61c-addc-4520-813e-f7fb8e111038 req-d89bcf52-3675-4dbb-8be7-62cd94142061 ccc55c2b1b564a7bb0eaef7101c137cb a0ebd6d97c234365a41f5993b017964b - - 8c30287ce7d244c789d6d1b30f1e19f4 8c30287ce7d244c789d6d1b30f1e19f4] 162.253.55.43 "GET /v2.0/floatingips?fixed_ip_address=10.1.1.177&port_id=b92a6f03-5201-4e50-b106-c521b179d60c HTTP/1.1" status: 200 len: 217 time: 0.0534773
2026-09-12 05:20:19.212 10 INFO neutron.wsgi [req-3975f61c-addc-4520-813e-f7fb8e111038 req-1542a51a-f378-446a-ae7f-dc6cb21c2cee ccc55c2b1b564a7bb0eaef7101c137cb a0ebd6d97c234365a41f5993b017964b - - 8c30287ce7d244c789d6d1b30f1e19f4 8c30287ce7d244c789d6d1b30f1e19f4] 162.253.55.43 "GET /v2.0/subnets?id=dfa40a77-f9f3-44fe-80d4-7851a126da00 HTTP/1.1" status: 200 len: 853 time: 0.0382245
2026-09-12 05:20:19.215 9 INFO neutron.notifiers.nova [-] Nova event matching ['req-11c93780-a131-490b-8b62-27b062ab99ef'] response: {'server_uuid': '6b549c5e-e586-4605-8a3f-7a256f54b161', 'name': 'network-vif-plugged', 'status': 'completed', 'tag': 'b92a6f03-5201-4e50-b106-c521b179d60c', 'code': 200}
2026-09-12 05:20:19.247 10 INFO neutron.wsgi [req-3975f61c-addc-4520-813e-f7fb8e111038 req-7d12bc96-d85d-4769-8807-eb99a47c3b15 ccc55c2b1b564a7bb0eaef7101c137cb a0ebd6d97c234365a41f5993b017964b - - 8c30287ce7d244c789d6d1b30f1e19f4 8c30287ce7d244c789d6d1b30f1e19f4] 162.253.55.43 "GET /v2.0/ports?network_id=8d3b8fba-0017-49d9-913a-65a76f33756b&device_owner=network%3Adhcp HTTP/1.1" status: 200 len: 210 time: 0.0262873
