2026-04-23 17:30:08.792 7 INFO placement.requestlog [None req-bd82a008-518e-4977-b52f-a3a4dd0bc52d - - - - - -] 10.0.0.238 "GET /" status: 200 len: 136 microversion: 1.0
2026-04-23 17:30:08.792 8 INFO placement.requestlog [None req-fb40b2aa-480d-4c85-a840-11f0ca2defa3 - - - - - -] 10.0.0.238 "GET /" status: 200 len: 136 microversion: 1.0
2026-04-23 17:30:18.150 7 INFO placement.requestlog [req-538eb6d0-34ca-4bdf-a2e8-e0dcd5109041 req-44aa7f06-a6f8-4f8b-9b71-48319c957c65 cedf3fac6ddd46079c39c47bea8f8622 665de53f7c5048afbd7a8aa255e2e1f0 - - 11f5ba3740454aa49117315eeb3ed901 11f5ba3740454aa49117315eeb3ed901] 199.19.213.236 "GET /resource_providers/eb038495-7ba1-48d8-85c4-dcc11be89e5d/allocations" status: 200 len: 54 microversion: 1.0 [pid: 7|app: 0|req: 105/210] 199.19.213.236 () {32 vars in 857 bytes} [Thu Apr 23 17:30:18 2026] GET /resource_providers/eb038495-7ba1-48d8-85c4-dcc11be89e5d/allocations => generated 54 bytes in 16 msecs (HTTP/1.1 200) 6 headers in 223 bytes (1 switches on core 0)
2026-04-23 17:30:18.183 8 INFO placement.requestlog [req-538eb6d0-34ca-4bdf-a2e8-e0dcd5109041 req-091115f7-0dce-42eb-aa97-32363ad3c10d cedf3fac6ddd46079c39c47bea8f8622 665de53f7c5048afbd7a8aa255e2e1f0 - - 11f5ba3740454aa49117315eeb3ed901 11f5ba3740454aa49117315eeb3ed901] 199.19.213.236 "GET /resource_providers/eb038495-7ba1-48d8-85c4-dcc11be89e5d/allocations" status: 200 len: 54 microversion: 1.0 [pid: 8|app: 0|req: 106/211] 199.19.213.236 () {32 vars in 857 bytes} [Thu Apr 23 17:30:18 2026] GET /resource_providers/eb038495-7ba1-48d8-85c4-dcc11be89e5d/allocations => generated 54 bytes in 17 msecs (HTTP/1.1 200) 6 headers in 223 bytes (1 switches on core 0)
2026-04-23 17:30:18.795 7 INFO placement.requestlog [None req-8b28de05-ce0c-4d3f-8382-c7ba6f73534d - - - - - -] 10.0.0.238 "GET /" status: 200 len: 136 microversion: 1.0
2026-04-23 17:30:18.799 8 INFO placement.requestlog [None req-5b5e9491-be4a-4fc2-b365-643fd0852584 - - - - - -] 10.0.0.238 "GET /" status: 200 len: 136 microversion: 1.0
2026-04-23 17:30:28.793 8 INFO placement.requestlog [None req-5c342906-8a80-4fb3-b1fc-e7d187182d53 - - - - - -] 10.0.0.238 "GET /" status: 200 len: 136 microversion: 1.0
2026-04-23 17:30:28.793 7 INFO placement.requestlog [None req-d37c1215-ccde-4635-b406-1922399ece8c - - - - - -] 10.0.0.238 "GET /" status: 200 len: 136 microversion: 1.0
2026-04-23 17:30:38.792 7 INFO placement.requestlog [None req-0a8721b3-fca7-4af7-af56-778ba06a48da - - - - - -] 10.0.0.238 "GET /" status: 200 len: 136 microversion: 1.0
2026-04-23 17:30:38.792 8 INFO placement.requestlog [None req-5a82305f-048b-47b7-96cd-8d066b9521a3 - - - - - -] 10.0.0.238 "GET /" status: 200 len: 136 microversion: 1.0
2026-04-23 17:30:48.792 7 INFO placement.requestlog [None req-3906ac3f-7cb7-4fb5-af46-8b6c35584150 - - - - - -] 10.0.0.238 "GET /" status: 200 len: 136 microversion: 1.0
2026-04-23 17:30:48.793 8 INFO placement.requestlog [None req-464dc842-a98f-4eea-9be0-778c220b5183 - - - - - -] 10.0.0.238 "GET /" status: 200 len: 136 microversion: 1.0
2026-04-23 17:30:58.792 7 INFO placement.requestlog [None req-a7dc6511-5245-482a-8df1-176886b28686 - - - - - -] 10.0.0.238 "GET /" status: 200 len: 136 microversion: 1.0
2026-04-23 17:30:58.793 8 INFO placement.requestlog [None req-17afe66d-c093-441e-897d-0aae22518aac - - - - - -] 10.0.0.238 "GET /" status: 200 len: 136 microversion: 1.0
2026-04-23 17:31:08.793 7 INFO placement.requestlog [None req-f3bc1c2e-4d36-43bf-9e97-54d75b517a24 - - - - - -] 10.0.0.238 "GET /" status: 200 len: 136 microversion: 1.0
2026-04-23 17:31:08.793 8 INFO placement.requestlog [None req-9b02361b-b286-4b60-8f5b-423ecefb0b00 - - - - - -] 10.0.0.238 "GET /" status: 200 len: 136 microversion: 1.0
2026-04-23 17:31:14.124 7 INFO placement.requestlog [req-83efa99c-d845-476a-8437-c46c9df1eada req-92d75e21-0b3e-468f-8610-1ccb2262b26a cedf3fac6ddd46079c39c47bea8f8622 665de53f7c5048afbd7a8aa255e2e1f0 - - 11f5ba3740454aa49117315eeb3ed901 11f5ba3740454aa49117315eeb3ed901] 199.19.213.236 "GET /resource_providers/eb038495-7ba1-48d8-85c4-dcc11be89e5d/allocations" status: 200 len: 54 microversion: 1.0 [pid: 7|app: 0|req: 112/224] 199.19.213.236 () {32 vars in 857 bytes} [Thu Apr 23 17:31:14 2026] GET /resource_providers/eb038495-7ba1-48d8-85c4-dcc11be89e5d/allocations => generated 54 bytes in 12 msecs (HTTP/1.1 200) 6 headers in 223 bytes (1 switches on core 0)
2026-04-23 17:31:14.146 8 INFO placement.requestlog [req-83efa99c-d845-476a-8437-c46c9df1eada req-a898de0c-f63f-4764-859f-3e045cd165d2 cedf3fac6ddd46079c39c47bea8f8622 665de53f7c5048afbd7a8aa255e2e1f0 - - 11f5ba3740454aa49117315eeb3ed901 11f5ba3740454aa49117315eeb3ed901] 199.19.213.236 "GET /resource_providers/eb038495-7ba1-48d8-85c4-dcc11be89e5d/allocations" status: 200 len: 54 microversion: 1.0 [pid: 8|app: 0|req: 113/225] 199.19.213.236 () {32 vars in 857 bytes} [Thu Apr 23 17:31:14 2026] GET /resource_providers/eb038495-7ba1-48d8-85c4-dcc11be89e5d/allocations => generated 54 bytes in 13 msecs (HTTP/1.1 200) 6 headers in 223 bytes (1 switches on core 0)
2026-04-23 17:31:18.792 7 INFO placement.requestlog [None req-0ce9b068-da62-48c2-836b-df77fc0eb285 - - - - - -] 10.0.0.238 "GET /" status: 200 len: 136 microversion: 1.0
2026-04-23 17:31:18.792 8 INFO placement.requestlog [None req-7774fdb4-a791-4223-90d9-55c07f6fab32 - - - - - -] 10.0.0.238 "GET /" status: 200 len: 136 microversion: 1.0
2026-04-23 17:31:28.792 7 INFO placement.requestlog [None req-6b43da01-60bc-4ba7-9755-adfcb3efcf5b - - - - - -] 10.0.0.238 "GET /" status: 200 len: 136 microversion: 1.0
2026-04-23 17:31:28.792 8 INFO placement.requestlog [None req-78b3bfdf-836c-4e98-aeef-601c2d9ee3c0 - - - - - -] 10.0.0.238 "GET /" status: 200 len: 136 microversion: 1.0
2026-04-23 17:31:38.792 7 INFO placement.requestlog [None req-010a1e5d-b684-4a36-bc8e-736f4df91ac4 - - - - - -] 10.0.0.238 "GET /" status: 200 len: 136 microversion: 1.0
2026-04-23 17:31:38.793 8 INFO placement.requestlog [None req-34ce3b62-30a7-409a-b911-eeda53aa1b34 - - - - - -] 10.0.0.238 "GET /" status: 200 len: 136 microversion: 1.0
2026-04-23 17:31:48.792 7 INFO placement.requestlog [None req-43d721f0-7805-4029-b314-81b7406cd7d4 - - - - - -] 10.0.0.238 "GET /" status: 200 len: 136 microversion: 1.0
2026-04-23 17:31:48.792 8 INFO placement.requestlog [None req-93b2200f-74ca-4a2b-90a9-1b6cbbf6e663 - - - - - -] 10.0.0.238 "GET /" status: 200 len: 136 microversion: 1.0
2026-04-23 17:31:58.792 7 INFO placement.requestlog [None req-ca500557-d058-4fae-b246-3fa10f90cd09 - - - - - -] 10.0.0.238 "GET /" status: 200 len: 136 microversion: 1.0
2026-04-23 17:31:58.793 8 INFO placement.requestlog [None req-cec75afa-7fc4-447b-b61f-bcb506bce8e4 - - - - - -] 10.0.0.238 "GET /" status: 200 len: 136 microversion: 1.0
2026-04-23 17:32:08.792 7 INFO placement.requestlog [None req-7a31abc2-7681-42e2-add4-7e954547ded9 - - - - - -] 10.0.0.238 "GET /" status: 200 len: 136 microversion: 1.0
2026-04-23 17:32:08.792 8 INFO placement.requestlog [None req-7120e9cd-b046-47bf-b720-0125be4d7c63 - - - - - -] 10.0.0.238 "GET /" status: 200 len: 136 microversion: 1.0
2026-04-23 17:32:16.023 7 INFO placement.requestlog [req-ebe9ba55-7a39-4cc6-bfa8-8eaf4973a8b0 req-a5bb6dcd-4163-4178-8f87-4e8d6f681b33 cedf3fac6ddd46079c39c47bea8f8622 665de53f7c5048afbd7a8aa255e2e1f0 - - 11f5ba3740454aa49117315eeb3ed901 11f5ba3740454aa49117315eeb3ed901] 199.19.213.236 "GET /resource_providers/eb038495-7ba1-48d8-85c4-dcc11be89e5d/allocations" status: 200 len: 54 microversion: 1.0 [pid: 7|app: 0|req: 119/238] 199.19.213.236 () {32 vars in 857 bytes} [Thu Apr 23 17:32:15 2026] GET /resource_providers/eb038495-7ba1-48d8-85c4-dcc11be89e5d/allocations => generated 54 bytes in 464 msecs (HTTP/1.1 200) 6 headers in 223 bytes (1 switches on core 0)
2026-04-23 17:32:16.107 8 INFO placement.requestlog [req-ebe9ba55-7a39-4cc6-bfa8-8eaf4973a8b0 req-f5b9dc74-2283-4d1b-8c89-70af11bc56b1 cedf3fac6ddd46079c39c47bea8f8622 665de53f7c5048afbd7a8aa255e2e1f0 - - 11f5ba3740454aa49117315eeb3ed901 11f5ba3740454aa49117315eeb3ed901] 199.19.213.236 "GET /resource_providers?in_tree=eb038495-7ba1-48d8-85c4-dcc11be89e5d" status: 200 len: 797 microversion: 1.14 [pid: 8|app: 0|req: 120/239] 199.19.213.236 () {34 vars in 892 bytes} [Thu Apr 23 17:32:16 2026] GET /resource_providers?in_tree=eb038495-7ba1-48d8-85c4-dcc11be89e5d => generated 797 bytes in 76 msecs (HTTP/1.1 200) 6 headers in 225 bytes (1 switches on core 0)
2026-04-23 17:32:16.173 7 INFO placement.requestlog [req-ebe9ba55-7a39-4cc6-bfa8-8eaf4973a8b0 req-a4b2e86f-8f9f-49b2-9686-e2a213b3b7e1 cedf3fac6ddd46079c39c47bea8f8622 665de53f7c5048afbd7a8aa255e2e1f0 - - 11f5ba3740454aa49117315eeb3ed901 11f5ba3740454aa49117315eeb3ed901] 199.19.213.236 "GET /resource_providers/eb038495-7ba1-48d8-85c4-dcc11be89e5d/inventories" status: 200 len: 400 microversion: 1.0 [pid: 7|app: 0|req: 120/240] 199.19.213.236 () {32 vars in 857 bytes} [Thu Apr 23 17:32:16 2026] GET /resource_providers/eb038495-7ba1-48d8-85c4-dcc11be89e5d/inventories => generated 400 bytes in 63 msecs (HTTP/1.1 200) 6 headers in 224 bytes (1 switches on core 0)
2026-04-23 17:32:16.191 8 INFO placement.requestlog [req-ebe9ba55-7a39-4cc6-bfa8-8eaf4973a8b0 req-a02448bb-2783-4dc5-acc8-ea8f4deb9829 cedf3fac6ddd46079c39c47bea8f8622 665de53f7c5048afbd7a8aa255e2e1f0 - - 11f5ba3740454aa49117315eeb3ed901 11f5ba3740454aa49117315eeb3ed901] 199.19.213.236 "GET /resource_providers/eb038495-7ba1-48d8-85c4-dcc11be89e5d/aggregates" status: 200 len: 53 microversion: 1.19 [pid: 8|app: 0|req: 121/241] 199.19.213.236 () {34 vars in 899 bytes} [Thu Apr 23 17:32:16 2026] GET /resource_providers/eb038495-7ba1-48d8-85c4-dcc11be89e5d/aggregates => generated 53 bytes in 10 msecs (HTTP/1.1 200) 8 headers in 295 bytes (1 switches on core 0)
2026-04-23 17:32:16.215 7 INFO placement.requestlog [req-ebe9ba55-7a39-4cc6-bfa8-8eaf4973a8b0 req-aab71122-f2bd-4ac3-a587-2f87b3ef9275 cedf3fac6ddd46079c39c47bea8f8622 665de53f7c5048afbd7a8aa255e2e1f0 - - 11f5ba3740454aa49117315eeb3ed901 11f5ba3740454aa49117315eeb3ed901] 199.19.213.236 "GET /resource_providers/eb038495-7ba1-48d8-85c4-dcc11be89e5d/traits" status: 200 len: 2316 microversion: 1.6 [pid: 7|app: 0|req: 121/242] 199.19.213.236 () {34 vars in 890 bytes} [Thu Apr 23 17:32:16 2026] GET /resource_providers/eb038495-7ba1-48d8-85c4-dcc11be89e5d/traits => generated 2316 bytes in 19 msecs (HTTP/1.1 200) 6 headers in 225 bytes (1 switches on core 0)
2026-04-23 17:32:16.232 8 INFO placement.requestlog [req-ebe9ba55-7a39-4cc6-bfa8-8eaf4973a8b0 req-b9c6d7f3-c10a-4ab3-9e42-040dac62385e cedf3fac6ddd46079c39c47bea8f8622 665de53f7c5048afbd7a8aa255e2e1f0 - - 11f5ba3740454aa49117315eeb3ed901 11f5ba3740454aa49117315eeb3ed901] 199.19.213.236 "GET /resource_providers/eb038495-7ba1-48d8-85c4-dcc11be89e5d/allocations" status: 200 len: 54 microversion: 1.0 [pid: 8|app: 0|req: 122/243] 199.19.213.236 () {32 vars in 857 bytes} [Thu Apr 23 17:32:16 2026] GET /resource_providers/eb038495-7ba1-48d8-85c4-dcc11be89e5d/allocations => generated 54 bytes in 11 msecs (HTTP/1.1 200) 6 headers in 223 bytes (1 switches on core 0)
2026-04-23 17:32:18.792 7 INFO placement.requestlog [None req-59030cad-902a-4eef-ba22-cf212c979b55 - - - - - -] 10.0.0.238 "GET /" status: 200 len: 136 microversion: 1.0
2026-04-23 17:32:18.792 8 INFO placement.requestlog [None req-8a812bae-c77d-47e7-b217-3c6757b74419 - - - - - -] 10.0.0.238 "GET /" status: 200 len: 136 microversion: 1.0
2026-04-23 17:32:28.793 8 INFO placement.requestlog [None req-633f12ef-5d30-49a8-87d9-b06dbf72b668 - - - - - -] 10.0.0.238 "GET /" status: 200 len: 136 microversion: 1.0
2026-04-23 17:32:28.793 7 INFO placement.requestlog [None req-e9e8806f-9d6f-41ce-a18d-e454bd8ca86a - - - - - -] 10.0.0.238 "GET /" status: 200 len: 136 microversion: 1.0
2026-04-23 17:32:38.793 8 INFO placement.requestlog [None req-2366c093-a088-4dbe-8dc5-30098e0dd566 - - - - - -] 10.0.0.238 "GET /" status: 200 len: 136 microversion: 1.0
2026-04-23 17:32:38.794 7 INFO placement.requestlog [None req-84f77813-5ea2-4e16-825d-5d60b8c01797 - - - - - -] 10.0.0.238 "GET /" status: 200 len: 136 microversion: 1.0
2026-04-23 17:32:48.793 7 INFO placement.requestlog [None req-66d92d16-0e95-4be6-8adb-fb555c5c2584 - - - - - -] 10.0.0.238 "GET /" status: 200 len: 136 microversion: 1.0
2026-04-23 17:32:48.793 8 INFO placement.requestlog [None req-f1422bc9-140d-4d5a-8941-253cb4d14d9f - - - - - -] 10.0.0.238 "GET /" status: 200 len: 136 microversion: 1.0
2026-04-23 17:32:58.792 8 INFO placement.requestlog [None req-d55690b1-b1ad-4e4f-b907-e53e2a58b457 - - - - - -] 10.0.0.238 "GET /" status: 200 len: 136 microversion: 1.0
2026-04-23 17:32:58.792 7 INFO placement.requestlog [None req-586bf851-e875-4d3b-9494-e22d30832d8d - - - - - -] 10.0.0.238 "GET /" status: 200 len: 136 microversion: 1.0
2026-04-23 17:33:08.792 8 INFO placement.requestlog [None req-d1299f95-25be-48a9-940d-434bb69e2285 - - - - - -] 10.0.0.238 "GET /" status: 200 len: 136 microversion: 1.0
2026-04-23 17:33:08.792 7 INFO placement.requestlog [None req-b8832043-c04b-42e8-9846-1a176809fb87 - - - - - -] 10.0.0.238 "GET /" status: 200 len: 136 microversion: 1.0
2026-04-23 17:33:16.735 7 INFO placement.requestlog [req-2eaa5e68-b3f7-4a3a-8bed-f9052fe9852a req-353f9ed0-8f7c-4a68-bafa-f795782fcfe4 cedf3fac6ddd46079c39c47bea8f8622 665de53f7c5048afbd7a8aa255e2e1f0 - - 11f5ba3740454aa49117315eeb3ed901 11f5ba3740454aa49117315eeb3ed901] 199.19.213.236 "GET /resource_providers/eb038495-7ba1-48d8-85c4-dcc11be89e5d/allocations" status: 200 len: 54 microversion: 1.0 [pid: 7|app: 0|req: 128/256] 199.19.213.236 () {32 vars in 857 bytes} [Thu Apr 23 17:33:16 2026] GET /resource_providers/eb038495-7ba1-48d8-85c4-dcc11be89e5d/allocations => generated 54 bytes in 16 msecs (HTTP/1.1 200) 6 headers in 223 bytes (1 switches on core 0)
2026-04-23 17:33:16.759 8 INFO placement.requestlog [req-2eaa5e68-b3f7-4a3a-8bed-f9052fe9852a req-ce481308-51c2-4dc0-883e-4c2e7a7d05df cedf3fac6ddd46079c39c47bea8f8622 665de53f7c5048afbd7a8aa255e2e1f0 - - 11f5ba3740454aa49117315eeb3ed901 11f5ba3740454aa49117315eeb3ed901] 199.19.213.236 "GET /resource_providers/eb038495-7ba1-48d8-85c4-dcc11be89e5d/allocations" status: 200 len: 54 microversion: 1.0 [pid: 8|app: 0|req: 129/257] 199.19.213.236 () {32 vars in 857 bytes} [Thu Apr 23 17:33:16 2026] GET /resource_providers/eb038495-7ba1-48d8-85c4-dcc11be89e5d/allocations => generated 54 bytes in 14 msecs (HTTP/1.1 200) 6 headers in 223 bytes (1 switches on core 0)
2026-04-23 17:33:18.792 7 INFO placement.requestlog [None req-a9c8c836-7dfa-4d22-bc65-ad77f9ea5961 - - - - - -] 10.0.0.238 "GET /" status: 200 len: 136 microversion: 1.0
2026-04-23 17:33:18.792 8 INFO placement.requestlog [None req-8511eae6-3870-4540-90c8-d967f0708669 - - - - - -] 10.0.0.238 "GET /" status: 200 len: 136 microversion: 1.0
2026-04-23 17:33:28.792 7 INFO placement.requestlog [None req-f8e3e819-8c05-4d31-81ba-9130f5ed98bb - - - - - -] 10.0.0.238 "GET /" status: 200 len: 136 microversion: 1.0
2026-04-23 17:33:28.793 8 INFO placement.requestlog [None req-54bbc039-e1da-4064-a005-1154ce736c81 - - - - - -] 10.0.0.238 "GET /" status: 200 len: 136 microversion: 1.0
2026-04-23 17:33:38.792 7 INFO placement.requestlog [None req-e8efd9ef-3207-4491-824a-411e75b4590e - - - - - -] 10.0.0.238 "GET /" status: 200 len: 136 microversion: 1.0
2026-04-23 17:33:38.792 8 INFO placement.requestlog [None req-b5a3b734-34b4-45cc-9b96-9ed5416b61a0 - - - - - -] 10.0.0.238 "GET /" status: 200 len: 136 microversion: 1.0
2026-04-23 17:33:48.792 8 INFO placement.requestlog [None req-6a012c7b-21e8-4fb8-87fb-b517d5f0154c - - - - - -] 10.0.0.238 "GET /" status: 200 len: 136 microversion: 1.0
2026-04-23 17:33:48.792 7 INFO placement.requestlog [None req-e61564c1-ab88-495f-8a4f-ceebbdc68420 - - - - - -] 10.0.0.238 "GET /" status: 200 len: 136 microversion: 1.0
2026-04-23 17:33:58.793 7 INFO placement.requestlog [None req-3e3b1c1a-9b39-460a-b91a-991677522c5e - - - - - -] 10.0.0.238 "GET /" status: 200 len: 136 microversion: 1.0
2026-04-23 17:33:58.793 8 INFO placement.requestlog [None req-a5551179-d377-408b-b0e8-44d6553f7a5b - - - - - -] 10.0.0.238 "GET /" status: 200 len: 136 microversion: 1.0
2026-04-23 17:34:08.792 8 INFO placement.requestlog [None req-0bc9143f-c3cd-46bd-b63f-848fa478fd47 - - - - - -] 10.0.0.238 "GET /" status: 200 len: 136 microversion: 1.0
2026-04-23 17:34:08.793 7 INFO placement.requestlog [None req-2a8aaaa3-cdcb-4a53-8796-f730c7252636 - - - - - -] 10.0.0.238 "GET /" status: 200 len: 136 microversion: 1.0
2026-04-23 17:34:17.698 8 INFO placement.requestlog [req-412c507f-33eb-4ce1-a03f-e64ae9daaf3e req-453c4e02-3d98-47b2-97ed-3ee57b2903b6 cedf3fac6ddd46079c39c47bea8f8622 665de53f7c5048afbd7a8aa255e2e1f0 - - 11f5ba3740454aa49117315eeb3ed901 11f5ba3740454aa49117315eeb3ed901] 199.19.213.236 "GET /resource_providers/eb038495-7ba1-48d8-85c4-dcc11be89e5d/allocations" status: 200 len: 54 microversion: 1.0 [pid: 8|app: 0|req: 136/270] 199.19.213.236 () {32 vars in 857 bytes} [Thu Apr 23 17:34:17 2026] GET /resource_providers/eb038495-7ba1-48d8-85c4-dcc11be89e5d/allocations => generated 54 bytes in 16 msecs (HTTP/1.1 200) 6 headers in 223 bytes (1 switches on core 0)
2026-04-23 17:34:17.722 7 INFO placement.requestlog [req-412c507f-33eb-4ce1-a03f-e64ae9daaf3e req-8d535676-87bb-428c-8ed5-0849899cb39d cedf3fac6ddd46079c39c47bea8f8622 665de53f7c5048afbd7a8aa255e2e1f0 - - 11f5ba3740454aa49117315eeb3ed901 11f5ba3740454aa49117315eeb3ed901] 199.19.213.236 "GET /resource_providers/eb038495-7ba1-48d8-85c4-dcc11be89e5d/allocations" status: 200 len: 54 microversion: 1.0 [pid: 7|app: 0|req: 135/271] 199.19.213.236 () {32 vars in 857 bytes} [Thu Apr 23 17:34:17 2026] GET /resource_providers/eb038495-7ba1-48d8-85c4-dcc11be89e5d/allocations => generated 54 bytes in 17 msecs (HTTP/1.1 200) 6 headers in 223 bytes (1 switches on core 0)
2026-04-23 17:34:18.792 8 INFO placement.requestlog [None req-e093161e-7ffd-42b1-89d4-7d39823186fa - - - - - -] 10.0.0.238 "GET /" status: 200 len: 136 microversion: 1.0
2026-04-23 17:34:18.792 7 INFO placement.requestlog [None req-a1ba0c77-a072-4705-afef-5f4b25b4e7c8 - - - - - -] 10.0.0.238 "GET /" status: 200 len: 136 microversion: 1.0
2026-04-23 17:34:28.792 8 INFO placement.requestlog [None req-bdad0d22-69a8-4a2c-a71f-a9e3474d7222 - - - - - -] 10.0.0.238 "GET /" status: 200 len: 136 microversion: 1.0
2026-04-23 17:34:28.792 7 INFO placement.requestlog [None req-ae0e44c9-bb29-4cc1-ab17-04173d3ce51b - - - - - -] 10.0.0.238 "GET /" status: 200 len: 136 microversion: 1.0
2026-04-23 17:34:38.793 8 INFO placement.requestlog [None req-14053e3b-a64a-4877-b162-19799c345d18 - - - - - -] 10.0.0.238 "GET /" status: 200 len: 136 microversion: 1.0
2026-04-23 17:34:38.794 7 INFO placement.requestlog [None req-18f0ae0f-4c00-4421-93f6-ada9da2e949f - - - - - -] 10.0.0.238 "GET /" status: 200 len: 136 microversion: 1.0
2026-04-23 17:34:48.793 8 INFO placement.requestlog [None req-f07dcc95-3123-411e-b012-9fd0bf8e4d0c - - - - - -] 10.0.0.238 "GET /" status: 200 len: 136 microversion: 1.0
2026-04-23 17:34:48.794 7 INFO placement.requestlog [None req-6cb322cf-fa3f-4839-b39d-2e7c10319227 - - - - - -] 10.0.0.238 "GET /" status: 200 len: 136 microversion: 1.0
2026-04-23 17:34:58.793 8 INFO placement.requestlog [None req-e9aed20a-8562-4284-91e6-301309f1320f - - - - - -] 10.0.0.238 "GET /" status: 200 len: 136 microversion: 1.0
2026-04-23 17:34:58.794 7 INFO placement.requestlog [None req-10231941-57fb-4376-93e5-3f7b815e3c44 - - - - - -] 10.0.0.238 "GET /" status: 200 len: 136 microversion: 1.0
2026-04-23 17:35:08.792 8 INFO placement.requestlog [None req-9fab1a82-7d6f-4c3d-894d-10725c224780 - - - - - -] 10.0.0.238 "GET /" status: 200 len: 136 microversion: 1.0
2026-04-23 17:35:08.793 7 INFO placement.requestlog [None req-3026bd02-9954-43b8-a174-340a77521622 - - - - - -] 10.0.0.238 "GET /" status: 200 len: 136 microversion: 1.0
2026-04-23 17:35:17.951 7 INFO placement.requestlog [req-8269d300-60c8-4d5c-89bc-40f5f361afb3 req-a5352cb3-b296-4d83-a134-038ca86d8c55 cedf3fac6ddd46079c39c47bea8f8622 665de53f7c5048afbd7a8aa255e2e1f0 - - 11f5ba3740454aa49117315eeb3ed901 11f5ba3740454aa49117315eeb3ed901] 199.19.213.236 "GET /resource_providers/eb038495-7ba1-48d8-85c4-dcc11be89e5d/allocations" status: 200 len: 54 microversion: 1.0 [pid: 7|app: 0|req: 142/284] 199.19.213.236 () {32 vars in 857 bytes} [Thu Apr 23 17:35:17 2026] GET /resource_providers/eb038495-7ba1-48d8-85c4-dcc11be89e5d/allocations => generated 54 bytes in 18 msecs (HTTP/1.1 200) 6 headers in 223 bytes (1 switches on core 0)
2026-04-23 17:35:17.973 8 INFO placement.requestlog [req-8269d300-60c8-4d5c-89bc-40f5f361afb3 req-8d158f40-60e8-4a74-99e1-419e438ae129 cedf3fac6ddd46079c39c47bea8f8622 665de53f7c5048afbd7a8aa255e2e1f0 - - 11f5ba3740454aa49117315eeb3ed901 11f5ba3740454aa49117315eeb3ed901] 199.19.213.236 "GET /resource_providers/eb038495-7ba1-48d8-85c4-dcc11be89e5d/allocations" status: 200 len: 54 microversion: 1.0 [pid: 8|app: 0|req: 143/285] 199.19.213.236 () {32 vars in 857 bytes} [Thu Apr 23 17:35:17 2026] GET /resource_providers/eb038495-7ba1-48d8-85c4-dcc11be89e5d/allocations => generated 54 bytes in 15 msecs (HTTP/1.1 200) 6 headers in 223 bytes (1 switches on core 0)
2026-04-23 17:35:18.793 8 INFO placement.requestlog [None req-1d8b6aea-ee40-4273-8f4c-c08e23f7602a - - - - - -] 10.0.0.238 "GET /" status: 200 len: 136 microversion: 1.0
2026-04-23 17:35:18.793 7 INFO placement.requestlog [None req-89787cd2-f663-483e-a61f-9a7eb673f473 - - - - - -] 10.0.0.238 "GET /" status: 200 len: 136 microversion: 1.0
2026-04-23 17:35:28.793 7 INFO placement.requestlog [None req-dec5d6e7-8892-45f4-b906-e80d4599ad31 - - - - - -] 10.0.0.238 "GET /" status: 200 len: 136 microversion: 1.0
2026-04-23 17:35:28.793 8 INFO placement.requestlog [None req-d04f136a-82a0-4543-8a24-27bee877f046 - - - - - -] 10.0.0.238 "GET /" status: 200 len: 136 microversion: 1.0
2026-04-23 17:35:38.792 8 INFO placement.requestlog [None req-d374d29a-6105-4a2d-bfaf-b3097ea391ad - - - - - -] 10.0.0.238 "GET /" status: 200 len: 136 microversion: 1.0
2026-04-23 17:35:38.792 7 INFO placement.requestlog [None req-1f5dbed6-4398-4262-9df8-ddc30d58bfe0 - - - - - -] 10.0.0.238 "GET /" status: 200 len: 136 microversion: 1.0
2026-04-23 17:35:48.792 7 INFO placement.requestlog [None req-3d60d68e-49f1-4697-8579-0a445e3aa22d - - - - - -] 10.0.0.238 "GET /" status: 200 len: 136 microversion: 1.0
2026-04-23 17:35:48.792 8 INFO placement.requestlog [None req-ca4490db-75a0-4d30-9b97-43504417372a - - - - - -] 10.0.0.238 "GET /" status: 200 len: 136 microversion: 1.0
2026-04-23 17:35:58.792 7 INFO placement.requestlog [None req-21c99468-e68c-48b5-9ce6-fc222e2e2067 - - - - - -] 10.0.0.238 "GET /" status: 200 len: 136 microversion: 1.0
2026-04-23 17:35:58.792 8 INFO placement.requestlog [None req-45ddf671-56ca-4c74-8117-6797d109cccd - - - - - -] 10.0.0.238 "GET /" status: 200 len: 136 microversion: 1.0
2026-04-23 17:36:08.795 8 INFO placement.requestlog [None req-fe8b5771-0182-4c03-874e-5cb9b7234025 - - - - - -] 10.0.0.238 "GET /" status: 200 len: 136 microversion: 1.0
2026-04-23 17:36:08.795 7 INFO placement.requestlog [None req-59bd69f7-8e1c-4932-b56e-0fc7faccf42c - - - - - -] 10.0.0.238 "GET /" status: 200 len: 136 microversion: 1.0
2026-04-23 17:36:18.793 8 INFO placement.requestlog [None req-91df72cd-0188-434a-9336-508a042165e6 - - - - - -] 10.0.0.238 "GET /" status: 200 len: 136 microversion: 1.0
2026-04-23 17:36:18.793 7 INFO placement.requestlog [None req-56075381-a118-4c19-8c4a-6f5048ae1123 - - - - - -] 10.0.0.238 "GET /" status: 200 len: 136 microversion: 1.0
2026-04-23 17:36:20.626 7 INFO placement.requestlog [req-fed1c847-e95e-4290-b809-6676aed0e8b7 req-b998ae54-13ef-4bc5-bb55-4c7899f718cd cedf3fac6ddd46079c39c47bea8f8622 665de53f7c5048afbd7a8aa255e2e1f0 - - 11f5ba3740454aa49117315eeb3ed901 11f5ba3740454aa49117315eeb3ed901] 199.19.213.236 "GET /resource_providers/eb038495-7ba1-48d8-85c4-dcc11be89e5d/allocations" status: 200 len: 54 microversion: 1.0 [pid: 7|app: 0|req: 150/300] 199.19.213.236 () {32 vars in 857 bytes} [Thu Apr 23 17:36:20 2026] GET /resource_providers/eb038495-7ba1-48d8-85c4-dcc11be89e5d/allocations => generated 54 bytes in 20 msecs (HTTP/1.1 200) 6 headers in 223 bytes (1 switches on core 0)
2026-04-23 17:36:20.649 8 INFO placement.requestlog [req-fed1c847-e95e-4290-b809-6676aed0e8b7 req-656b86d0-e3fa-4155-9d4e-e6a80281826b cedf3fac6ddd46079c39c47bea8f8622 665de53f7c5048afbd7a8aa255e2e1f0 - - 11f5ba3740454aa49117315eeb3ed901 11f5ba3740454aa49117315eeb3ed901] 199.19.213.236 "GET /resource_providers/eb038495-7ba1-48d8-85c4-dcc11be89e5d/allocations" status: 200 len: 54 microversion: 1.0 [pid: 8|app: 0|req: 151/301] 199.19.213.236 () {32 vars in 857 bytes} [Thu Apr 23 17:36:20 2026] GET /resource_providers/eb038495-7ba1-48d8-85c4-dcc11be89e5d/allocations => generated 54 bytes in 14 msecs (HTTP/1.1 200) 6 headers in 223 bytes (1 switches on core 0)
2026-04-23 17:36:28.793 8 INFO placement.requestlog [None req-e879f821-7514-4e1c-8eb5-129385cc0c77 - - - - - -] 10.0.0.238 "GET /" status: 200 len: 136 microversion: 1.0
2026-04-23 17:36:28.793 7 INFO placement.requestlog [None req-d2216883-37d4-467e-993f-5b070dd30f65 - - - - - -] 10.0.0.238 "GET /" status: 200 len: 136 microversion: 1.0
2026-04-23 17:36:33.987 8 INFO placement.requestlog [req-52d9363d-568c-4af6-989b-234e148249e1 req-32fecd19-3a32-4817-929a-cfd15b769d0f cedf3fac6ddd46079c39c47bea8f8622 665de53f7c5048afbd7a8aa255e2e1f0 - - 11f5ba3740454aa49117315eeb3ed901 11f5ba3740454aa49117315eeb3ed901] 10.0.0.77 "GET /allocation_candidates?limit=1000&resources=DISK_GB%3A1%2CMEMORY_MB%3A512%2CVCPU%3A1&root_required=%21COMPUTE_STATUS_DISABLED" status: 200 len: 2781 microversion: 1.36 [pid: 8|app: 0|req: 153/304] 10.0.0.77 () {34 vars in 1011 bytes} [Thu Apr 23 17:36:33 2026] GET /allocation_candidates?limit=1000&resources=DISK_GB%3A1%2CMEMORY_MB%3A512%2CVCPU%3A1&root_required=%21COMPUTE_STATUS_DISABLED => generated 2781 bytes in 322 msecs (HTTP/1.1 200) 8 headers in 297 bytes (1 switches on core 0)
2026-04-23 17:36:34.043 7 INFO placement.requestlog [req-52d9363d-568c-4af6-989b-234e148249e1 req-6bc5d29c-cc67-4e86-ab64-c1a71fca978a cedf3fac6ddd46079c39c47bea8f8622 665de53f7c5048afbd7a8aa255e2e1f0 - - 11f5ba3740454aa49117315eeb3ed901 11f5ba3740454aa49117315eeb3ed901] 10.0.0.77 "GET /allocations/8cf2536b-9a8a-458b-aba1-e008e1eb8540" status: 200 len: 19 microversion: 1.28 [pid: 7|app: 0|req: 152/305] 10.0.0.77 () {34 vars in 860 bytes} [Thu Apr 23 17:36:34 2026] GET /allocations/8cf2536b-9a8a-458b-aba1-e008e1eb8540 => generated 19 bytes in 18 msecs (HTTP/1.1 200) 8 headers in 295 bytes (1 switches on core 0)
2026-04-23 17:36:34.152 8 INFO placement.requestlog [req-52d9363d-568c-4af6-989b-234e148249e1 req-d84db1c0-7bb9-4861-9693-c550d3ad89a1 cedf3fac6ddd46079c39c47bea8f8622 665de53f7c5048afbd7a8aa255e2e1f0 - - 11f5ba3740454aa49117315eeb3ed901 11f5ba3740454aa49117315eeb3ed901] 10.0.0.77 "PUT /allocations/8cf2536b-9a8a-458b-aba1-e008e1eb8540" status: 204 len: 0 microversion: 1.36 [pid: 8|app: 0|req: 154/306] 10.0.0.77 () {38 vars in 913 bytes} [Thu Apr 23 17:36:34 2026] PUT /allocations/8cf2536b-9a8a-458b-aba1-e008e1eb8540 => generated 0 bytes in 101 msecs (HTTP/1.1 204) 5 headers in 199 bytes (1 switches on core 0)
2026-04-23 17:36:35.994 7 INFO placement.requestlog [req-52d9363d-568c-4af6-989b-234e148249e1 req-5459028e-d4d8-40c7-b555-0d4edb9c998a cedf3fac6ddd46079c39c47bea8f8622 665de53f7c5048afbd7a8aa255e2e1f0 - - 11f5ba3740454aa49117315eeb3ed901 11f5ba3740454aa49117315eeb3ed901] 199.19.213.236 "GET /allocations/8cf2536b-9a8a-458b-aba1-e008e1eb8540" status: 200 len: 257 microversion: 1.28 [pid: 7|app: 0|req: 153/307] 199.19.213.236 () {34 vars in 863 bytes} [Thu Apr 23 17:36:35 2026] GET /allocations/8cf2536b-9a8a-458b-aba1-e008e1eb8540 => generated 257 bytes in 16 msecs (HTTP/1.1 200) 8 headers in 296 bytes (1 switches on core 0)
2026-04-23 17:36:37.043 7 INFO placement.requestlog [None req-a4267666-0676-444d-8acc-7a81efd7618c c0f675055cbd4b1fa6d3a95cff4139c0 665de53f7c5048afbd7a8aa255e2e1f0 - - 11f5ba3740454aa49117315eeb3ed901 11f5ba3740454aa49117315eeb3ed901] 10.0.0.84 "GET /resource_providers/96d93979-b6f8-4c4e-a9ed-e7f8bf6f41ad/aggregates" status: 404 len: 235 microversion: 1.1 [pid: 7|app: 0|req: 154/308] 10.0.0.84 () {32 vars in 815 bytes} [Thu Apr 23 17:36:36 2026] GET /resource_providers/96d93979-b6f8-4c4e-a9ed-e7f8bf6f41ad/aggregates => generated 235 bytes in 120 msecs (HTTP/1.1 404) 5 headers in 202 bytes (1 switches on core 0)
2026-04-23 17:36:37.061 7 INFO placement.requestlog [req-52d9363d-568c-4af6-989b-234e148249e1 req-1cf2986c-3dc2-4f1d-9acc-bd2069890d5a cedf3fac6ddd46079c39c47bea8f8622 665de53f7c5048afbd7a8aa255e2e1f0 - - 11f5ba3740454aa49117315eeb3ed901 11f5ba3740454aa49117315eeb3ed901] 199.19.213.236 "GET /resource_providers/eb038495-7ba1-48d8-85c4-dcc11be89e5d/allocations" status: 200 len: 152 microversion: 1.0 [pid: 7|app: 0|req: 155/309] 199.19.213.236 () {32 vars in 857 bytes} [Thu Apr 23 17:36:37 2026] GET /resource_providers/eb038495-7ba1-48d8-85c4-dcc11be89e5d/allocations => generated 152 bytes in 17 msecs (HTTP/1.1 200) 6 headers in 224 bytes (1 switches on core 0)
2026-04-23 17:36:37.073 7 INFO placement.requestlog [None req-274e7ec8-3eb4-425c-a1d9-d90c5678ad80 c0f675055cbd4b1fa6d3a95cff4139c0 665de53f7c5048afbd7a8aa255e2e1f0 - - 11f5ba3740454aa49117315eeb3ed901 11f5ba3740454aa49117315eeb3ed901] 10.0.0.84 "DELETE /resource_providers/96d93979-b6f8-4c4e-a9ed-e7f8bf6f41ad" status: 404 len: 246 microversion: 1.1 [pid: 7|app: 0|req: 156/310] 10.0.0.84 () {34 vars in 815 bytes} [Thu Apr 23 17:36:37 2026] DELETE /resource_providers/96d93979-b6f8-4c4e-a9ed-e7f8bf6f41ad => generated 246 bytes in 6 msecs (HTTP/1.1 404) 6 headers in 231 bytes (1 switches on core 0)
2026-04-23 17:36:37.090 7 INFO placement.requestlog [req-52d9363d-568c-4af6-989b-234e148249e1 req-213d4d63-2507-46b9-88b0-d51b9299ee61 cedf3fac6ddd46079c39c47bea8f8622 665de53f7c5048afbd7a8aa255e2e1f0 - - 11f5ba3740454aa49117315eeb3ed901 11f5ba3740454aa49117315eeb3ed901] 199.19.213.236 "GET /allocations/8cf2536b-9a8a-458b-aba1-e008e1eb8540" status: 200 len: 257 microversion: 1.28 [pid: 7|app: 0|req: 157/311] 199.19.213.236 () {34 vars in 863 bytes} [Thu Apr 23 17:36:37 2026] GET /allocations/8cf2536b-9a8a-458b-aba1-e008e1eb8540 => generated 257 bytes in 17 msecs (HTTP/1.1 200) 8 headers in 296 bytes (1 switches on core 0)
2026-04-23 17:36:37.260 8 INFO placement.requestlog [None req-9116765b-d597-417d-b352-48d36cbf3ef5 c0f675055cbd4b1fa6d3a95cff4139c0 665de53f7c5048afbd7a8aa255e2e1f0 - - 11f5ba3740454aa49117315eeb3ed901 11f5ba3740454aa49117315eeb3ed901] 10.0.0.84 "GET /resource_providers/96d93979-b6f8-4c4e-a9ed-e7f8bf6f41ad/aggregates" status: 404 len: 235 microversion: 1.1 [pid: 8|app: 0|req: 155/312] 10.0.0.84 () {32 vars in 815 bytes} [Thu Apr 23 17:36:36 2026] GET /resource_providers/96d93979-b6f8-4c4e-a9ed-e7f8bf6f41ad/aggregates => generated 235 bytes in 349 msecs (HTTP/1.1 404) 5 headers in 202 bytes (1 switches on core 0)
2026-04-23 17:36:37.280 7 INFO placement.requestlog [None req-26f3f86b-f3b5-48eb-80cd-42caa7e74844 c0f675055cbd4b1fa6d3a95cff4139c0 665de53f7c5048afbd7a8aa255e2e1f0 - - 11f5ba3740454aa49117315eeb3ed901 11f5ba3740454aa49117315eeb3ed901] 10.0.0.84 "DELETE /resource_providers/96d93979-b6f8-4c4e-a9ed-e7f8bf6f41ad" status: 404 len: 246 microversion: 1.1 [pid: 7|app: 0|req: 158/313] 10.0.0.84 () {34 vars in 815 bytes} [Thu Apr 23 17:36:37 2026] DELETE /resource_providers/96d93979-b6f8-4c4e-a9ed-e7f8bf6f41ad => generated 246 bytes in 9 msecs (HTTP/1.1 404) 6 headers in 231 bytes (1 switches on core 0)
2026-04-23 17:36:38.243 7 INFO placement.requestlog [None req-15f5ac11-a6d4-4f82-9888-10ef61a7cc8b c0f675055cbd4b1fa6d3a95cff4139c0 665de53f7c5048afbd7a8aa255e2e1f0 - - 11f5ba3740454aa49117315eeb3ed901 11f5ba3740454aa49117315eeb3ed901] 10.0.0.84 "GET /resource_providers/b81cde87-b864-4d0a-889c-e1e7453d671e/aggregates" status: 404 len: 235 microversion: 1.1 [pid: 7|app: 0|req: 159/314] 10.0.0.84 () {32 vars in 815 bytes} [Thu Apr 23 17:36:38 2026] GET /resource_providers/b81cde87-b864-4d0a-889c-e1e7453d671e/aggregates => generated 235 bytes in 40 msecs (HTTP/1.1 404) 5 headers in 202 bytes (1 switches on core 0)
2026-04-23 17:36:38.252 8 INFO placement.requestlog [None req-4695428a-a758-4d1f-adde-cf208eaf5882 c0f675055cbd4b1fa6d3a95cff4139c0 665de53f7c5048afbd7a8aa255e2e1f0 - - 11f5ba3740454aa49117315eeb3ed901 11f5ba3740454aa49117315eeb3ed901] 10.0.0.84 "GET /resource_providers/b81cde87-b864-4d0a-889c-e1e7453d671e/aggregates" status: 404 len: 235 microversion: 1.1 [pid: 8|app: 0|req: 156/315] 10.0.0.84 () {32 vars in 815 bytes} [Thu Apr 23 17:36:38 2026] GET /resource_providers/b81cde87-b864-4d0a-889c-e1e7453d671e/aggregates => generated 235 bytes in 112 msecs (HTTP/1.1 404) 5 headers in 202 bytes (1 switches on core 0)
2026-04-23 17:36:38.257 7 INFO placement.requestlog [None req-196979a8-f5a5-4a9f-b5ff-0e1a3c97194e c0f675055cbd4b1fa6d3a95cff4139c0 665de53f7c5048afbd7a8aa255e2e1f0 - - 11f5ba3740454aa49117315eeb3ed901 11f5ba3740454aa49117315eeb3ed901] 10.0.0.84 "DELETE /resource_providers/b81cde87-b864-4d0a-889c-e1e7453d671e" status: 404 len: 246 microversion: 1.1 [pid: 7|app: 0|req: 160/316] 10.0.0.84 () {34 vars in 815 bytes} [Thu Apr 23 17:36:38 2026] DELETE /resource_providers/b81cde87-b864-4d0a-889c-e1e7453d671e => generated 246 bytes in 5 msecs (HTTP/1.1 404) 6 headers in 231 bytes (1 switches on core 0)
2026-04-23 17:36:38.272 8 INFO placement.requestlog [None req-e69472ad-0329-4079-aacc-92e08a476a4a c0f675055cbd4b1fa6d3a95cff4139c0 665de53f7c5048afbd7a8aa255e2e1f0 - - 11f5ba3740454aa49117315eeb3ed901 11f5ba3740454aa49117315eeb3ed901] 10.0.0.84 "DELETE /resource_providers/b81cde87-b864-4d0a-889c-e1e7453d671e" status: 404 len: 246 microversion: 1.1 [pid: 8|app: 0|req: 157/317] 10.0.0.84 () {34 vars in 815 bytes} [Thu Apr 23 17:36:38 2026] DELETE /resource_providers/b81cde87-b864-4d0a-889c-e1e7453d671e => generated 246 bytes in 11 msecs (HTTP/1.1 404) 6 headers in 231 bytes (1 switches on core 0)
2026-04-23 17:36:38.792 7 INFO placement.requestlog [None req-e8bb7876-620b-482e-9a43-6289035561c3 - - - - - -] 10.0.0.238 "GET /" status: 200 len: 136 microversion: 1.0
2026-04-23 17:36:38.793 8 INFO placement.requestlog [None req-9ef8aa46-19be-49bd-92b2-3ef6159f8a5e - - - - - -] 10.0.0.238 "GET /" status: 200 len: 136 microversion: 1.0
2026-04-23 17:36:39.093 7 INFO placement.requestlog [None req-1158203c-872c-4c08-80f9-f312d87e3b65 c0f675055cbd4b1fa6d3a95cff4139c0 665de53f7c5048afbd7a8aa255e2e1f0 - - 11f5ba3740454aa49117315eeb3ed901 11f5ba3740454aa49117315eeb3ed901] 10.0.0.84 "GET /resource_providers/96a63f3a-fd5c-4751-9a0d-4eeb0112db20/aggregates" status: 404 len: 235 microversion: 1.1 [pid: 7|app: 0|req: 162/320] 10.0.0.84 () {32 vars in 815 bytes} [Thu Apr 23 17:36:39 2026] GET /resource_providers/96a63f3a-fd5c-4751-9a0d-4eeb0112db20/aggregates => generated 235 bytes in 10 msecs (HTTP/1.1 404) 5 headers in 202 bytes (1 switches on core 0)
2026-04-23 17:36:39.119 8 INFO placement.requestlog [None req-e7bc500a-d0df-46b5-a58d-8e834153673b c0f675055cbd4b1fa6d3a95cff4139c0 665de53f7c5048afbd7a8aa255e2e1f0 - - 11f5ba3740454aa49117315eeb3ed901 11f5ba3740454aa49117315eeb3ed901] 10.0.0.84 "DELETE /resource_providers/96a63f3a-fd5c-4751-9a0d-4eeb0112db20" status: 404 len: 246 microversion: 1.1 [pid: 8|app: 0|req: 159/321] 10.0.0.84 () {34 vars in 815 bytes} [Thu Apr 23 17:36:39 2026] DELETE /resource_providers/96a63f3a-fd5c-4751-9a0d-4eeb0112db20 => generated 246 bytes in 13 msecs (HTTP/1.1 404) 6 headers in 231 bytes (1 switches on core 0)
2026-04-23 17:36:39.307 7 INFO placement.requestlog [None req-1db47fe3-6186-4d85-badf-f96da781bcad c0f675055cbd4b1fa6d3a95cff4139c0 665de53f7c5048afbd7a8aa255e2e1f0 - - 11f5ba3740454aa49117315eeb3ed901 11f5ba3740454aa49117315eeb3ed901] 10.0.0.84 "GET /resource_providers/96a63f3a-fd5c-4751-9a0d-4eeb0112db20/aggregates" status: 404 len: 235 microversion: 1.1 [pid: 7|app: 0|req: 163/322] 10.0.0.84 () {32 vars in 815 bytes} [Thu Apr 23 17:36:39 2026] GET /resource_providers/96a63f3a-fd5c-4751-9a0d-4eeb0112db20/aggregates => generated 235 bytes in 16 msecs (HTTP/1.1 404) 5 headers in 202 bytes (1 switches on core 0)
2026-04-23 17:36:39.328 8 INFO placement.requestlog [None req-fd50784c-894a-4dea-8a10-48e4d5b58474 c0f675055cbd4b1fa6d3a95cff4139c0 665de53f7c5048afbd7a8aa255e2e1f0 - - 11f5ba3740454aa49117315eeb3ed901 11f5ba3740454aa49117315eeb3ed901] 10.0.0.84 "DELETE /resource_providers/96a63f3a-fd5c-4751-9a0d-4eeb0112db20" status: 404 len: 246 microversion: 1.1 [pid: 8|app: 0|req: 160/323] 10.0.0.84 () {34 vars in 815 bytes} [Thu Apr 23 17:36:39 2026] DELETE /resource_providers/96a63f3a-fd5c-4751-9a0d-4eeb0112db20 => generated 246 bytes in 13 msecs (HTTP/1.1 404) 6 headers in 231 bytes (1 switches on core 0)
2026-04-23 17:36:39.355 7 INFO placement.requestlog [None req-d267ba20-4bfa-4d2c-9576-0535f316da82 c0f675055cbd4b1fa6d3a95cff4139c0 665de53f7c5048afbd7a8aa255e2e1f0 - - 11f5ba3740454aa49117315eeb3ed901 11f5ba3740454aa49117315eeb3ed901] 10.0.0.84 "GET /resource_providers/310eef64-86c9-4d13-969c-8f23fdfbd433/aggregates" status: 404 len: 235 microversion: 1.1 [pid: 7|app: 0|req: 164/324] 10.0.0.84 () {32 vars in 815 bytes} [Thu Apr 23 17:36:39 2026] GET /resource_providers/310eef64-86c9-4d13-969c-8f23fdfbd433/aggregates => generated 235 bytes in 12 msecs (HTTP/1.1 404) 5 headers in 202 bytes (1 switches on core 0)
2026-04-23 17:36:39.376 8 INFO placement.requestlog [None req-1ec06263-cccd-489d-86bd-e4e964eebe55 c0f675055cbd4b1fa6d3a95cff4139c0 665de53f7c5048afbd7a8aa255e2e1f0 - - 11f5ba3740454aa49117315eeb3ed901 11f5ba3740454aa49117315eeb3ed901] 10.0.0.84 "DELETE /resource_providers/310eef64-86c9-4d13-969c-8f23fdfbd433" status: 404 len: 246 microversion: 1.1 [pid: 8|app: 0|req: 161/325] 10.0.0.84 () {34 vars in 815 bytes} [Thu Apr 23 17:36:39 2026] DELETE /resource_providers/310eef64-86c9-4d13-969c-8f23fdfbd433 => generated 246 bytes in 8 msecs (HTTP/1.1 404) 6 headers in 231 bytes (1 switches on core 0)
2026-04-23 17:36:41.161 7 INFO placement.requestlog [None req-191b1397-ecbf-4b93-8b7e-e9a0f4bd104a c0f675055cbd4b1fa6d3a95cff4139c0 665de53f7c5048afbd7a8aa255e2e1f0 - - 11f5ba3740454aa49117315eeb3ed901 11f5ba3740454aa49117315eeb3ed901] 10.0.0.84 "GET /resource_providers/310eef64-86c9-4d13-969c-8f23fdfbd433/aggregates" status: 404 len: 235 microversion: 1.1 [pid: 7|app: 0|req: 165/326] 10.0.0.84 () {32 vars in 815 bytes} [Thu Apr 23 17:36:41 2026] GET /resource_providers/310eef64-86c9-4d13-969c-8f23fdfbd433/aggregates => generated 235 bytes in 25 msecs (HTTP/1.1 404) 5 headers in 202 bytes (1 switches on core 0)
2026-04-23 17:36:41.181 8 INFO placement.requestlog [None req-08d590d4-eb73-4eb9-8355-247c25a29d38 c0f675055cbd4b1fa6d3a95cff4139c0 665de53f7c5048afbd7a8aa255e2e1f0 - - 11f5ba3740454aa49117315eeb3ed901 11f5ba3740454aa49117315eeb3ed901] 10.0.0.84 "DELETE /resource_providers/310eef64-86c9-4d13-969c-8f23fdfbd433" status: 404 len: 246 microversion: 1.1 [pid: 8|app: 0|req: 162/327] 10.0.0.84 () {34 vars in 815 bytes} [Thu Apr 23 17:36:41 2026] DELETE /resource_providers/310eef64-86c9-4d13-969c-8f23fdfbd433 => generated 246 bytes in 13 msecs (HTTP/1.1 404) 6 headers in 231 bytes (1 switches on core 0)
2026-04-23 17:36:47.213 7 INFO placement.requestlog [req-136cb989-ace0-484a-b5e8-377437bbb26c req-7a1c516c-92fa-4987-9b31-53169aed3034 cedf3fac6ddd46079c39c47bea8f8622 665de53f7c5048afbd7a8aa255e2e1f0 - - 11f5ba3740454aa49117315eeb3ed901 11f5ba3740454aa49117315eeb3ed901] 10.0.0.77 "GET /allocation_candidates?limit=1000&resources=DISK_GB%3A1%2CMEMORY_MB%3A512%2CVCPU%3A1&root_required=%21COMPUTE_STATUS_DISABLED" status: 200 len: 2783 microversion: 1.36 [pid: 7|app: 0|req: 166/328] 10.0.0.77 () {34 vars in 1011 bytes} [Thu Apr 23 17:36:47 2026] GET /allocation_candidates?limit=1000&resources=DISK_GB%3A1%2CMEMORY_MB%3A512%2CVCPU%3A1&root_required=%21COMPUTE_STATUS_DISABLED => generated 2783 bytes in 57 msecs (HTTP/1.1 200) 8 headers in 297 bytes (1 switches on core 0)
2026-04-23 17:36:47.265 8 INFO placement.requestlog [req-136cb989-ace0-484a-b5e8-377437bbb26c req-63e3541d-c600-446b-a4f8-8dc433488a94 cedf3fac6ddd46079c39c47bea8f8622 665de53f7c5048afbd7a8aa255e2e1f0 - - 11f5ba3740454aa49117315eeb3ed901 11f5ba3740454aa49117315eeb3ed901] 10.0.0.77 "GET /allocations/988dbf5a-b6f8-4dbe-8bdc-f37956ca298e" status: 200 len: 19 microversion: 1.28 [pid: 8|app: 0|req: 163/329] 10.0.0.77 () {34 vars in 860 bytes} [Thu Apr 23 17:36:47 2026] GET /allocations/988dbf5a-b6f8-4dbe-8bdc-f37956ca298e => generated 19 bytes in 19 msecs (HTTP/1.1 200) 8 headers in 295 bytes (1 switches on core 0)
2026-04-23 17:36:47.367 7 INFO placement.requestlog [req-136cb989-ace0-484a-b5e8-377437bbb26c req-855d09ee-2680-4c18-a9c0-a4cd4ca622f4 cedf3fac6ddd46079c39c47bea8f8622 665de53f7c5048afbd7a8aa255e2e1f0 - - 11f5ba3740454aa49117315eeb3ed901 11f5ba3740454aa49117315eeb3ed901] 10.0.0.77 "PUT /allocations/988dbf5a-b6f8-4dbe-8bdc-f37956ca298e" status: 204 len: 0 microversion: 1.36 [pid: 7|app: 0|req: 167/330] 10.0.0.77 () {38 vars in 913 bytes} [Thu Apr 23 17:36:47 2026] PUT /allocations/988dbf5a-b6f8-4dbe-8bdc-f37956ca298e => generated 0 bytes in 94 msecs (HTTP/1.1 204) 5 headers in 199 bytes (1 switches on core 0)
2026-04-23 17:36:48.326 8 INFO placement.requestlog [req-cdeb9cf3-8f45-4c7d-8c37-179353c42562 req-d05f34e0-f1c8-4186-a4fc-430fe08b9f0c cedf3fac6ddd46079c39c47bea8f8622 665de53f7c5048afbd7a8aa255e2e1f0 - - 11f5ba3740454aa49117315eeb3ed901 11f5ba3740454aa49117315eeb3ed901] 10.0.0.77 "GET /allocation_candidates?limit=1000&resources=DISK_GB%3A1%2CMEMORY_MB%3A512%2CVCPU%3A1&root_required=%21COMPUTE_STATUS_DISABLED" status: 200 len: 2784 microversion: 1.36 [pid: 8|app: 0|req: 164/331] 10.0.0.77 () {34 vars in 1011 bytes} [Thu Apr 23 17:36:48 2026] GET /allocation_candidates?limit=1000&resources=DISK_GB%3A1%2CMEMORY_MB%3A512%2CVCPU%3A1&root_required=%21COMPUTE_STATUS_DISABLED => generated 2784 bytes in 59 msecs (HTTP/1.1 200) 8 headers in 297 bytes (1 switches on core 0)
2026-04-23 17:36:48.360 7 INFO placement.requestlog [req-cdeb9cf3-8f45-4c7d-8c37-179353c42562 req-5e7cac8e-4070-45fa-8117-eba0f00ba2b8 cedf3fac6ddd46079c39c47bea8f8622 665de53f7c5048afbd7a8aa255e2e1f0 - - 11f5ba3740454aa49117315eeb3ed901 11f5ba3740454aa49117315eeb3ed901] 10.0.0.77 "GET /allocations/7bd27231-4e08-411f-a0ed-9c5d1381d19d" status: 200 len: 19 microversion: 1.28 [pid: 7|app: 0|req: 168/332] 10.0.0.77 () {34 vars in 860 bytes} [Thu Apr 23 17:36:48 2026] GET /allocations/7bd27231-4e08-411f-a0ed-9c5d1381d19d => generated 19 bytes in 13 msecs (HTTP/1.1 200) 8 headers in 295 bytes (1 switches on core 0)
2026-04-23 17:36:48.426 8 INFO placement.requestlog [req-cdeb9cf3-8f45-4c7d-8c37-179353c42562 req-5a662a80-cd5d-4e38-bf24-364667554676 cedf3fac6ddd46079c39c47bea8f8622 665de53f7c5048afbd7a8aa255e2e1f0 - - 11f5ba3740454aa49117315eeb3ed901 11f5ba3740454aa49117315eeb3ed901] 10.0.0.77 "PUT /allocations/7bd27231-4e08-411f-a0ed-9c5d1381d19d" status: 204 len: 0 microversion: 1.36 [pid: 8|app: 0|req: 165/333] 10.0.0.77 () {38 vars in 913 bytes} [Thu Apr 23 17:36:48 2026] PUT /allocations/7bd27231-4e08-411f-a0ed-9c5d1381d19d => generated 0 bytes in 58 msecs (HTTP/1.1 204) 5 headers in 199 bytes (1 switches on core 0)
2026-04-23 17:36:48.793 7 INFO placement.requestlog [None req-bceca6b8-5fad-4a07-81ce-71a60e624ea5 - - - - - -] 10.0.0.238 "GET /" status: 200 len: 136 microversion: 1.0
2026-04-23 17:36:48.793 8 INFO placement.requestlog [None req-c519d805-3c73-4202-8d5c-a531a99c2497 - - - - - -] 10.0.0.238 "GET /" status: 200 len: 136 microversion: 1.0
2026-04-23 17:36:48.971 8 INFO placement.requestlog [req-136cb989-ace0-484a-b5e8-377437bbb26c req-86b960d0-87c0-4f7e-b79b-2d714979911e cedf3fac6ddd46079c39c47bea8f8622 665de53f7c5048afbd7a8aa255e2e1f0 - - 11f5ba3740454aa49117315eeb3ed901 11f5ba3740454aa49117315eeb3ed901] 199.19.213.236 "GET /allocations/988dbf5a-b6f8-4dbe-8bdc-f37956ca298e" status: 200 len: 257 microversion: 1.28 [pid: 8|app: 0|req: 167/336] 199.19.213.236 () {34 vars in 863 bytes} [Thu Apr 23 17:36:48 2026] GET /allocations/988dbf5a-b6f8-4dbe-8bdc-f37956ca298e => generated 257 bytes in 17 msecs (HTTP/1.1 200) 8 headers in 296 bytes (1 switches on core 0)
2026-04-23 17:36:50.035 7 INFO placement.requestlog [req-136cb989-ace0-484a-b5e8-377437bbb26c req-ce5fcd5e-9420-40d3-a505-06f7f1071dd5 cedf3fac6ddd46079c39c47bea8f8622 665de53f7c5048afbd7a8aa255e2e1f0 - - 11f5ba3740454aa49117315eeb3ed901 11f5ba3740454aa49117315eeb3ed901] 199.19.213.236 "GET /resource_providers/eb038495-7ba1-48d8-85c4-dcc11be89e5d/allocations" status: 200 len: 352 microversion: 1.0 [pid: 7|app: 0|req: 170/337] 199.19.213.236 () {32 vars in 857 bytes} [Thu Apr 23 17:36:50 2026] GET /resource_providers/eb038495-7ba1-48d8-85c4-dcc11be89e5d/allocations => generated 352 bytes in 25 msecs (HTTP/1.1 200) 6 headers in 224 bytes (1 switches on core 0)
2026-04-23 17:36:50.073 8 INFO placement.requestlog [req-136cb989-ace0-484a-b5e8-377437bbb26c req-a9602a77-0b35-43a7-82b6-53db2f138828 cedf3fac6ddd46079c39c47bea8f8622 665de53f7c5048afbd7a8aa255e2e1f0 - - 11f5ba3740454aa49117315eeb3ed901 11f5ba3740454aa49117315eeb3ed901] 199.19.213.236 "GET /allocations/8cf2536b-9a8a-458b-aba1-e008e1eb8540" status: 200 len: 257 microversion: 1.28 [pid: 8|app: 0|req: 168/338] 199.19.213.236 () {34 vars in 863 bytes} [Thu Apr 23 17:36:50 2026] GET /allocations/8cf2536b-9a8a-458b-aba1-e008e1eb8540 => generated 257 bytes in 31 msecs (HTTP/1.1 200) 8 headers in 296 bytes (1 switches on core 0)
2026-04-23 17:36:50.094 7 INFO placement.requestlog [req-136cb989-ace0-484a-b5e8-377437bbb26c req-7d79aafb-ae2d-4d88-91da-2265d704f72c cedf3fac6ddd46079c39c47bea8f8622 665de53f7c5048afbd7a8aa255e2e1f0 - - 11f5ba3740454aa49117315eeb3ed901 11f5ba3740454aa49117315eeb3ed901] 199.19.213.236 "GET /allocations/988dbf5a-b6f8-4dbe-8bdc-f37956ca298e" status: 200 len: 257 microversion: 1.28 [pid: 7|app: 0|req: 171/339] 199.19.213.236 () {34 vars in 863 bytes} [Thu Apr 23 17:36:50 2026] GET /allocations/988dbf5a-b6f8-4dbe-8bdc-f37956ca298e => generated 257 bytes in 16 msecs (HTTP/1.1 200) 8 headers in 296 bytes (1 switches on core 0)
2026-04-23 17:36:50.111 7 INFO placement.requestlog [req-136cb989-ace0-484a-b5e8-377437bbb26c req-6331d325-682f-4d12-a0d2-9e4711869baa cedf3fac6ddd46079c39c47bea8f8622 665de53f7c5048afbd7a8aa255e2e1f0 - - 11f5ba3740454aa49117315eeb3ed901 11f5ba3740454aa49117315eeb3ed901] 199.19.213.236 "GET /allocations/7bd27231-4e08-411f-a0ed-9c5d1381d19d" status: 200 len: 257 microversion: 1.28 [pid: 7|app: 0|req: 172/340] 199.19.213.236 () {34 vars in 863 bytes} [Thu Apr 23 17:36:50 2026] GET /allocations/7bd27231-4e08-411f-a0ed-9c5d1381d19d => generated 257 bytes in 11 msecs (HTTP/1.1 200) 8 headers in 296 bytes (1 switches on core 0)
2026-04-23 17:36:50.118 8 INFO placement.requestlog [req-cdeb9cf3-8f45-4c7d-8c37-179353c42562 req-6d31d8d0-6b28-4a6d-8ccf-cf27ea41aa9c cedf3fac6ddd46079c39c47bea8f8622 665de53f7c5048afbd7a8aa255e2e1f0 - - 11f5ba3740454aa49117315eeb3ed901 11f5ba3740454aa49117315eeb3ed901] 199.19.213.236 "GET /allocations/7bd27231-4e08-411f-a0ed-9c5d1381d19d" status: 200 len: 257 microversion: 1.28 [pid: 8|app: 0|req: 169/341] 199.19.213.236 () {34 vars in 863 bytes} [Thu Apr 23 17:36:50 2026] GET /allocations/7bd27231-4e08-411f-a0ed-9c5d1381d19d => generated 257 bytes in 31 msecs (HTTP/1.1 200) 8 headers in 296 bytes (1 switches on core 0)
2026-04-23 17:36:52.185 7 INFO placement.requestlog [req-cdeb9cf3-8f45-4c7d-8c37-179353c42562 req-28503802-5329-4f15-9a09-3fe280bb99c7 cedf3fac6ddd46079c39c47bea8f8622 665de53f7c5048afbd7a8aa255e2e1f0 - - 11f5ba3740454aa49117315eeb3ed901 11f5ba3740454aa49117315eeb3ed901] 199.19.213.236 "GET /resource_providers/eb038495-7ba1-48d8-85c4-dcc11be89e5d/allocations" status: 200 len: 352 microversion: 1.0 [pid: 7|app: 0|req: 173/342] 199.19.213.236 () {32 vars in 857 bytes} [Thu Apr 23 17:36:52 2026] GET /resource_providers/eb038495-7ba1-48d8-85c4-dcc11be89e5d/allocations => generated 352 bytes in 19 msecs (HTTP/1.1 200) 6 headers in 224 bytes (1 switches on core 0)
2026-04-23 17:36:52.208 8 INFO placement.requestlog [req-cdeb9cf3-8f45-4c7d-8c37-179353c42562 req-5967cf85-47dc-48ab-98f7-d36e6d9f9c09 cedf3fac6ddd46079c39c47bea8f8622 665de53f7c5048afbd7a8aa255e2e1f0 - - 11f5ba3740454aa49117315eeb3ed901 11f5ba3740454aa49117315eeb3ed901] 199.19.213.236 "GET /allocations/8cf2536b-9a8a-458b-aba1-e008e1eb8540" status: 200 len: 257 microversion: 1.28 [pid: 8|app: 0|req: 170/343] 199.19.213.236 () {34 vars in 863 bytes} [Thu Apr 23 17:36:52 2026] GET /allocations/8cf2536b-9a8a-458b-aba1-e008e1eb8540 => generated 257 bytes in 14 msecs (HTTP/1.1 200) 8 headers in 296 bytes (1 switches on core 0)
2026-04-23 17:36:52.230 7 INFO placement.requestlog [req-cdeb9cf3-8f45-4c7d-8c37-179353c42562 req-d021e681-4eb0-4a5e-a41e-aa564046ff6d cedf3fac6ddd46079c39c47bea8f8622 665de53f7c5048afbd7a8aa255e2e1f0 - - 11f5ba3740454aa49117315eeb3ed901 11f5ba3740454aa49117315eeb3ed901] 199.19.213.236 "GET /allocations/988dbf5a-b6f8-4dbe-8bdc-f37956ca298e" status: 200 len: 257 microversion: 1.28 [pid: 7|app: 0|req: 174/344] 199.19.213.236 () {34 vars in 863 bytes} [Thu Apr 23 17:36:52 2026] GET /allocations/988dbf5a-b6f8-4dbe-8bdc-f37956ca298e => generated 257 bytes in 13 msecs (HTTP/1.1 200) 8 headers in 296 bytes (1 switches on core 0)
