Mar 10 02:28:23.185813 np0000158259 devstack@n-api-meta.service[108239]: DEBUG nova.api.openstack.wsgi_app [None req-8885c759-acce-44d6-b6f9-68bb3fa8917f None None] oslo_limit.status_code_retries = None {{(pid=108239) log_opt_values /opt/stack/data/venv/lib/python3.12/site-packages/oslo_config/cfg.py:3006}}
Mar 10 02:28:23.185936 np0000158259 devstack@n-api-meta.service[108239]: DEBUG nova.api.openstack.wsgi_app [None req-8885c759-acce-44d6-b6f9-68bb3fa8917f None None] oslo_limit.status_code_retry_delay = None {{(pid=108239) log_opt_values /opt/stack/data/venv/lib/python3.12/site-packages/oslo_config/cfg.py:3006}}
Mar 10 02:28:23.186058 np0000158259 devstack@n-api-meta.service[108239]: DEBUG nova.api.openstack.wsgi_app [None req-8885c759-acce-44d6-b6f9-68bb3fa8917f None None] oslo_limit.timeout = None {{(pid=108239) log_opt_values /opt/stack/data/venv/lib/python3.12/site-packages/oslo_config/cfg.py:3006}}
Mar 10 02:28:23.186200 np0000158259 devstack@n-api-meta.service[108239]: DEBUG nova.api.openstack.wsgi_app [None req-8885c759-acce-44d6-b6f9-68bb3fa8917f None None] oslo_limit.valid_interfaces = None {{(pid=108239) log_opt_values /opt/stack/data/venv/lib/python3.12/site-packages/oslo_config/cfg.py:3006}}
Mar 10 02:28:23.186325 np0000158259 devstack@n-api-meta.service[108239]: DEBUG nova.api.openstack.wsgi_app [None req-8885c759-acce-44d6-b6f9-68bb3fa8917f None None] oslo_limit.version = None {{(pid=108239) log_opt_values /opt/stack/data/venv/lib/python3.12/site-packages/oslo_config/cfg.py:3006}}
Mar 10 02:28:23.186458 np0000158259 devstack@n-api-meta.service[108239]: DEBUG nova.api.openstack.wsgi_app [None req-8885c759-acce-44d6-b6f9-68bb3fa8917f None None] oslo_messaging_rabbit.amqp_auto_delete = False {{(pid=108239) log_opt_values /opt/stack/data/venv/lib/python3.12/site-packages/oslo_config/cfg.py:3006}}
Mar 10 02:28:23.186583 np0000158259 devstack@n-api-meta.service[108239]: DEBUG nova.api.openstack.wsgi_app [None req-8885c759-acce-44d6-b6f9-68bb3fa8917f None None] oslo_messaging_rabbit.amqp_durable_queues = False {{(pid=108239) log_opt_values /opt/stack/data/venv/lib/python3.12/site-packages/oslo_config/cfg.py:3006}}
Mar 10 02:28:23.186711 np0000158259 devstack@n-api-meta.service[108239]: DEBUG nova.api.openstack.wsgi_app [None req-8885c759-acce-44d6-b6f9-68bb3fa8917f None None] oslo_messaging_rabbit.conn_pool_min_size = 2 {{(pid=108239) log_opt_values /opt/stack/data/venv/lib/python3.12/site-packages/oslo_config/cfg.py:3006}}
Mar 10 02:28:23.186840 np0000158259 devstack@n-api-meta.service[108239]: DEBUG nova.api.openstack.wsgi_app [None req-8885c759-acce-44d6-b6f9-68bb3fa8917f None None] oslo_messaging_rabbit.conn_pool_ttl = 1200 {{(pid=108239) log_opt_values /opt/stack/data/venv/lib/python3.12/site-packages/oslo_config/cfg.py:3006}}
Mar 10 02:28:23.186978 np0000158259 devstack@n-api-meta.service[108239]: DEBUG nova.api.openstack.wsgi_app [None req-8885c759-acce-44d6-b6f9-68bb3fa8917f None None] oslo_messaging_rabbit.direct_mandatory_flag = True {{(pid=108239) log_opt_values /opt/stack/data/venv/lib/python3.12/site-packages/oslo_config/cfg.py:3006}}
Mar 10 02:28:23.187121 np0000158259 devstack@n-api-meta.service[108239]: DEBUG nova.api.openstack.wsgi_app [None req-8885c759-acce-44d6-b6f9-68bb3fa8917f None None] oslo_messaging_rabbit.enable_cancel_on_failover = False {{(pid=108239) log_opt_values /opt/stack/data/venv/lib/python3.12/site-packages/oslo_config/cfg.py:3006}}
Mar 10 02:28:23.187251 np0000158259 devstack@n-api-meta.service[108239]: DEBUG nova.api.openstack.wsgi_app [None req-8885c759-acce-44d6-b6f9-68bb3fa8917f None None] oslo_messaging_rabbit.heartbeat_in_pthread = False {{(pid=108239) log_opt_values /opt/stack/data/venv/lib/python3.12/site-packages/oslo_config/cfg.py:3006}}
Mar 10 02:28:23.187376 np0000158259 devstack@n-api-meta.service[108239]: DEBUG nova.api.openstack.wsgi_app [None req-8885c759-acce-44d6-b6f9-68bb3fa8917f None None] oslo_messaging_rabbit.heartbeat_rate = 3 {{(pid=108239) log_opt_values /opt/stack/data/venv/lib/python3.12/site-packages/oslo_config/cfg.py:3006}}
Mar 10 02:28:23.187505 np0000158259 devstack@n-api-meta.service[108239]: DEBUG nova.api.openstack.wsgi_app [None req-8885c759-acce-44d6-b6f9-68bb3fa8917f None None] oslo_messaging_rabbit.heartbeat_timeout_threshold = 60 {{(pid=108239) log_opt_values /opt/stack/data/venv/lib/python3.12/site-packages/oslo_config/cfg.py:3006}}
Mar 10 02:28:23.187634 np0000158259 devstack@n-api-meta.service[108239]: DEBUG nova.api.openstack.wsgi_app [None req-8885c759-acce-44d6-b6f9-68bb3fa8917f None None] oslo_messaging_rabbit.hostname = np0000158259 {{(pid=108239) log_opt_values /opt/stack/data/venv/lib/python3.12/site-packages/oslo_config/cfg.py:3006}}
Mar 10 02:28:23.187757 np0000158259 devstack@n-api-meta.service[108239]: DEBUG nova.api.openstack.wsgi_app [None req-8885c759-acce-44d6-b6f9-68bb3fa8917f None None] oslo_messaging_rabbit.kombu_compression = None {{(pid=108239) log_opt_values /opt/stack/data/venv/lib/python3.12/site-packages/oslo_config/cfg.py:3006}}
Mar 10 02:28:23.187893 np0000158259 devstack@n-api-meta.service[108239]: DEBUG nova.api.openstack.wsgi_app [None req-8885c759-acce-44d6-b6f9-68bb3fa8917f None None] oslo_messaging_rabbit.kombu_failover_strategy = round-robin {{(pid=108239) log_opt_values /opt/stack/data/venv/lib/python3.12/site-packages/oslo_config/cfg.py:3006}}
Mar 10 02:28:23.188021 np0000158259 devstack@n-api-meta.service[108239]: DEBUG nova.api.openstack.wsgi_app [None req-8885c759-acce-44d6-b6f9-68bb3fa8917f None None] oslo_messaging_rabbit.kombu_missing_consumer_retry_timeout = 60 {{(pid=108239) log_opt_values /opt/stack/data/venv/lib/python3.12/site-packages/oslo_config/cfg.py:3006}}
Mar 10 02:28:23.188165 np0000158259 devstack@n-api-meta.service[108239]: DEBUG nova.api.openstack.wsgi_app [None req-8885c759-acce-44d6-b6f9-68bb3fa8917f None None] oslo_messaging_rabbit.kombu_reconnect_delay = 1.0 {{(pid=108239) log_opt_values /opt/stack/data/venv/lib/python3.12/site-packages/oslo_config/cfg.py:3006}}
Mar 10 02:28:23.188292 np0000158259 devstack@n-api-meta.service[108239]: DEBUG nova.api.openstack.wsgi_app [None req-8885c759-acce-44d6-b6f9-68bb3fa8917f None None] oslo_messaging_rabbit.kombu_reconnect_splay = 0.0 {{(pid=108239) log_opt_values /opt/stack/data/venv/lib/python3.12/site-packages/oslo_config/cfg.py:3006}}
Mar 10 02:28:23.188422 np0000158259 devstack@n-api-meta.service[108239]: DEBUG nova.api.openstack.wsgi_app [None req-8885c759-acce-44d6-b6f9-68bb3fa8917f None None] oslo_messaging_rabbit.processname = uwsgi {{(pid=108239) log_opt_values /opt/stack/data/venv/lib/python3.12/site-packages/oslo_config/cfg.py:3006}}
Mar 10 02:28:23.188548 np0000158259 devstack@n-api-meta.service[108239]: DEBUG nova.api.openstack.wsgi_app [None req-8885c759-acce-44d6-b6f9-68bb3fa8917f None None] oslo_messaging_rabbit.rabbit_ha_queues = False {{(pid=108239) log_opt_values /opt/stack/data/venv/lib/python3.12/site-packages/oslo_config/cfg.py:3006}}
Mar 10 02:28:23.188673 np0000158259 devstack@n-api-meta.service[108239]: DEBUG nova.api.openstack.wsgi_app [None req-8885c759-acce-44d6-b6f9-68bb3fa8917f None None] oslo_messaging_rabbit.rabbit_interval_max = 30 {{(pid=108239) log_opt_values /opt/stack/data/venv/lib/python3.12/site-packages/oslo_config/cfg.py:3006}}
Mar 10 02:28:23.188805 np0000158259 devstack@n-api-meta.service[108239]: DEBUG nova.api.openstack.wsgi_app [None req-8885c759-acce-44d6-b6f9-68bb3fa8917f None None] oslo_messaging_rabbit.rabbit_login_method = AMQPLAIN {{(pid=108239) log_opt_values /opt/stack/data/venv/lib/python3.12/site-packages/oslo_config/cfg.py:3006}}
Mar 10 02:28:23.188931 np0000158259 devstack@n-api-meta.service[108239]: DEBUG nova.api.openstack.wsgi_app [None req-8885c759-acce-44d6-b6f9-68bb3fa8917f None None] oslo_messaging_rabbit.rabbit_qos_prefetch_count = 0 {{(pid=108239) log_opt_values /opt/stack/data/venv/lib/python3.12/site-packages/oslo_config/cfg.py:3006}}
Mar 10 02:28:23.189056 np0000158259 devstack@n-api-meta.service[108239]: DEBUG nova.api.openstack.wsgi_app [None req-8885c759-acce-44d6-b6f9-68bb3fa8917f None None] oslo_messaging_rabbit.rabbit_quorum_delivery_limit = 0 {{(pid=108239) log_opt_values /opt/stack/data/venv/lib/python3.12/site-packages/oslo_config/cfg.py:3006}}
Mar 10 02:28:23.189197 np0000158259 devstack@n-api-meta.service[108239]: DEBUG nova.api.openstack.wsgi_app [None req-8885c759-acce-44d6-b6f9-68bb3fa8917f None None] oslo_messaging_rabbit.rabbit_quorum_max_memory_bytes = 0 {{(pid=108239) log_opt_values /opt/stack/data/venv/lib/python3.12/site-packages/oslo_config/cfg.py:3006}}
Mar 10 02:28:23.189321 np0000158259 devstack@n-api-meta.service[108239]: DEBUG nova.api.openstack.wsgi_app [None req-8885c759-acce-44d6-b6f9-68bb3fa8917f None None] oslo_messaging_rabbit.rabbit_quorum_max_memory_length = 0 {{(pid=108239) log_opt_values /opt/stack/data/venv/lib/python3.12/site-packages/oslo_config/cfg.py:3006}}
Mar 10 02:28:23.189445 np0000158259 devstack@n-api-meta.service[108239]: DEBUG nova.api.openstack.wsgi_app [None req-8885c759-acce-44d6-b6f9-68bb3fa8917f None None] oslo_messaging_rabbit.rabbit_quorum_queue = False {{(pid=108239) log_opt_values /opt/stack/data/venv/lib/python3.12/site-packages/oslo_config/cfg.py:3006}}
Mar 10 02:28:23.189569 np0000158259 devstack@n-api-meta.service[108239]: DEBUG nova.api.openstack.wsgi_app [None req-8885c759-acce-44d6-b6f9-68bb3fa8917f None None] oslo_messaging_rabbit.rabbit_retry_backoff = 2 {{(pid=108239) log_opt_values /opt/stack/data/venv/lib/python3.12/site-packages/oslo_config/cfg.py:3006}}
Mar 10 02:28:23.189695 np0000158259 devstack@n-api-meta.service[108239]: DEBUG nova.api.openstack.wsgi_app [None req-8885c759-acce-44d6-b6f9-68bb3fa8917f None None] oslo_messaging_rabbit.rabbit_retry_interval = 1 {{(pid=108239) log_opt_values /opt/stack/data/venv/lib/python3.12/site-packages/oslo_config/cfg.py:3006}}
Mar 10 02:28:23.189820 np0000158259 devstack@n-api-meta.service[108239]: DEBUG nova.api.openstack.wsgi_app [None req-8885c759-acce-44d6-b6f9-68bb3fa8917f None None] oslo_messaging_rabbit.rabbit_stream_fanout = False {{(pid=108239) log_opt_values /opt/stack/data/venv/lib/python3.12/site-packages/oslo_config/cfg.py:3006}}
Mar 10 02:28:23.189946 np0000158259 devstack@n-api-meta.service[108239]: DEBUG nova.api.openstack.wsgi_app [None req-8885c759-acce-44d6-b6f9-68bb3fa8917f None None] oslo_messaging_rabbit.rabbit_transient_queues_ttl = 1800 {{(pid=108239) log_opt_values /opt/stack/data/venv/lib/python3.12/site-packages/oslo_config/cfg.py:3006}}
Mar 10 02:28:23.190071 np0000158259 devstack@n-api-meta.service[108239]: DEBUG nova.api.openstack.wsgi_app [None req-8885c759-acce-44d6-b6f9-68bb3fa8917f None None] oslo_messaging_rabbit.rabbit_transient_quorum_queue = False {{(pid=108239) log_opt_values /opt/stack/data/venv/lib/python3.12/site-packages/oslo_config/cfg.py:3006}}
Mar 10 02:28:23.190216 np0000158259 devstack@n-api-meta.service[108239]: DEBUG nova.api.openstack.wsgi_app [None req-8885c759-acce-44d6-b6f9-68bb3fa8917f None None] oslo_messaging_rabbit.rpc_conn_pool_size = 30 {{(pid=108239) log_opt_values /opt/stack/data/venv/lib/python3.12/site-packages/oslo_config/cfg.py:3006}}
Mar 10 02:28:23.190341 np0000158259 devstack@n-api-meta.service[108239]: DEBUG nova.api.openstack.wsgi_app [None req-8885c759-acce-44d6-b6f9-68bb3fa8917f None None] oslo_messaging_rabbit.ssl = False {{(pid=108239) log_opt_values /opt/stack/data/venv/lib/python3.12/site-packages/oslo_config/cfg.py:3006}}
Mar 10 02:28:23.190472 np0000158259 devstack@n-api-meta.service[108239]: DEBUG nova.api.openstack.wsgi_app [None req-8885c759-acce-44d6-b6f9-68bb3fa8917f None None] oslo_messaging_rabbit.ssl_ca_file = {{(pid=108239) log_opt_values /opt/stack/data/venv/lib/python3.12/site-packages/oslo_config/cfg.py:3006}}
Mar 10 02:28:23.190600 np0000158259 devstack@n-api-meta.service[108239]: DEBUG nova.api.openstack.wsgi_app [None req-8885c759-acce-44d6-b6f9-68bb3fa8917f None None] oslo_messaging_rabbit.ssl_cert_file = {{(pid=108239) log_opt_values /opt/stack/data/venv/lib/python3.12/site-packages/oslo_config/cfg.py:3006}}
Mar 10 02:28:23.190724 np0000158259 devstack@n-api-meta.service[108239]: DEBUG nova.api.openstack.wsgi_app [None req-8885c759-acce-44d6-b6f9-68bb3fa8917f None None] oslo_messaging_rabbit.ssl_enforce_fips_mode = False {{(pid=108239) log_opt_values /opt/stack/data/venv/lib/python3.12/site-packages/oslo_config/cfg.py:3006}}
Mar 10 02:28:23.190854 np0000158259 devstack@n-api-meta.service[108239]: DEBUG nova.api.openstack.wsgi_app [None req-8885c759-acce-44d6-b6f9-68bb3fa8917f None None] oslo_messaging_rabbit.ssl_key_file = {{(pid=108239) log_opt_values /opt/stack/data/venv/lib/python3.12/site-packages/oslo_config/cfg.py:3006}}
Mar 10 02:28:23.190999 np0000158259 devstack@n-api-meta.service[108239]: DEBUG nova.api.openstack.wsgi_app [None req-8885c759-acce-44d6-b6f9-68bb3fa8917f None None] oslo_messaging_rabbit.ssl_version = {{(pid=108239) log_opt_values /opt/stack/data/venv/lib/python3.12/site-packages/oslo_config/cfg.py:3006}}
Mar 10 02:28:23.191144 np0000158259 devstack@n-api-meta.service[108239]: DEBUG nova.api.openstack.wsgi_app [None req-8885c759-acce-44d6-b6f9-68bb3fa8917f None None] oslo_messaging_rabbit.use_queue_manager = False {{(pid=108239) log_opt_values /opt/stack/data/venv/lib/python3.12/site-packages/oslo_config/cfg.py:3006}}
Mar 10 02:28:23.191283 np0000158259 devstack@n-api-meta.service[108239]: DEBUG nova.api.openstack.wsgi_app [None req-8885c759-acce-44d6-b6f9-68bb3fa8917f None None] oslo_messaging_notifications.driver = ['messagingv2'] {{(pid=108239) log_opt_values /opt/stack/data/venv/lib/python3.12/site-packages/oslo_config/cfg.py:3006}}
Mar 10 02:28:23.191413 np0000158259 devstack@n-api-meta.service[108239]: DEBUG nova.api.openstack.wsgi_app [None req-8885c759-acce-44d6-b6f9-68bb3fa8917f None None] oslo_messaging_notifications.retry = -1 {{(pid=108239) log_opt_values /opt/stack/data/venv/lib/python3.12/site-packages/oslo_config/cfg.py:3006}}
Mar 10 02:28:23.191547 np0000158259 devstack@n-api-meta.service[108239]: DEBUG nova.api.openstack.wsgi_app [None req-8885c759-acce-44d6-b6f9-68bb3fa8917f None None] oslo_messaging_notifications.topics = ['notifications'] {{(pid=108239) log_opt_values /opt/stack/data/venv/lib/python3.12/site-packages/oslo_config/cfg.py:3006}}
Mar 10 02:28:23.191679 np0000158259 devstack@n-api-meta.service[108239]: DEBUG nova.api.openstack.wsgi_app [None req-8885c759-acce-44d6-b6f9-68bb3fa8917f None None] oslo_messaging_notifications.transport_url = **** {{(pid=108239) log_opt_values /opt/stack/data/venv/lib/python3.12/site-packages/oslo_config/cfg.py:3006}}
Mar 10 02:28:23.191807 np0000158259 devstack@n-api-meta.service[108239]: DEBUG nova.api.openstack.wsgi_app [None req-8885c759-acce-44d6-b6f9-68bb3fa8917f None None] oslo_reports.file_event_handler = None {{(pid=108239) log_opt_values /opt/stack/data/venv/lib/python3.12/site-packages/oslo_config/cfg.py:3006}}
Mar 10 02:28:23.191933 np0000158259 devstack@n-api-meta.service[108239]: DEBUG nova.api.openstack.wsgi_app [None req-8885c759-acce-44d6-b6f9-68bb3fa8917f None None] oslo_reports.file_event_handler_interval = 1 {{(pid=108239) log_opt_values /opt/stack/data/venv/lib/python3.12/site-packages/oslo_config/cfg.py:3006}}
Mar 10 02:28:23.192057 np0000158259 devstack@n-api-meta.service[108239]: DEBUG nova.api.openstack.wsgi_app [None req-8885c759-acce-44d6-b6f9-68bb3fa8917f None None] oslo_reports.log_dir = None {{(pid=108239) log_opt_values /opt/stack/data/venv/lib/python3.12/site-packages/oslo_config/cfg.py:3006}}
Mar 10 02:28:23.192176 np0000158259 devstack@n-api-meta.service[108239]: DEBUG nova.api.openstack.wsgi_app [None req-8885c759-acce-44d6-b6f9-68bb3fa8917f None None] ******************************************************************************** {{(pid=108239) log_opt_values /opt/stack/data/venv/lib/python3.12/site-packages/oslo_config/cfg.py:3013}}
Mar 10 02:28:23.192247 np0000158259 devstack@n-api-meta.service[108239]: WSGI app 0 (mountpoint='') ready in 2 seconds on interpreter 0x7664c8ca3668 pid: 108239 (default app)
Mar 10 02:28:32.806109 np0000158259 devstack@n-api-meta.service[108236]: DEBUG dbcounter [-] [108236] Writing DB stats nova_api:SELECT=1 {{(pid=108236) stat_writer /opt/stack/data/venv/lib/python3.12/site-packages/dbcounter.py:115}}
Mar 10 02:28:32.819664 np0000158259 devstack@n-api-meta.service[108237]: DEBUG dbcounter [-] [108237] Writing DB stats nova_api:SELECT=1 {{(pid=108237) stat_writer /opt/stack/data/venv/lib/python3.12/site-packages/dbcounter.py:115}}
Mar 10 02:28:32.820176 np0000158259 devstack@n-api-meta.service[108238]: DEBUG dbcounter [-] [108238] Writing DB stats nova_api:SELECT=1 {{(pid=108238) stat_writer /opt/stack/data/venv/lib/python3.12/site-packages/dbcounter.py:115}}
Mar 10 02:28:32.859743 np0000158259 devstack@n-api-meta.service[108239]: DEBUG dbcounter [-] [108239] Writing DB stats nova_api:SELECT=1 {{(pid=108239) stat_writer /opt/stack/data/venv/lib/python3.12/site-packages/dbcounter.py:115}}
Mar 10 02:28:32.931955 np0000158259 devstack@n-api-meta.service[108238]: DEBUG dbcounter [-] [108238] Writing DB stats nova_cell1:SELECT=1 {{(pid=108238) stat_writer /opt/stack/data/venv/lib/python3.12/site-packages/dbcounter.py:115}}
Mar 10 02:28:32.936511 np0000158259 devstack@n-api-meta.service[108238]: DEBUG dbcounter [-] [108238] Writing DB stats nova_cell0:SELECT=1 {{(pid=108238) stat_writer /opt/stack/data/venv/lib/python3.12/site-packages/dbcounter.py:115}}
Mar 10 02:28:32.936675 np0000158259 devstack@n-api-meta.service[108236]: DEBUG dbcounter [-] [108236] Writing DB stats nova_cell1:SELECT=1 {{(pid=108236) stat_writer /opt/stack/data/venv/lib/python3.12/site-packages/dbcounter.py:115}}
Mar 10 02:28:32.939114 np0000158259 devstack@n-api-meta.service[108236]: DEBUG dbcounter [-] [108236] Writing DB stats nova_cell0:SELECT=1 {{(pid=108236) stat_writer /opt/stack/data/venv/lib/python3.12/site-packages/dbcounter.py:115}}
Mar 10 02:28:32.943572 np0000158259 devstack@n-api-meta.service[108237]: DEBUG dbcounter [-] [108237] Writing DB stats nova_cell0:SELECT=1 {{(pid=108237) stat_writer /opt/stack/data/venv/lib/python3.12/site-packages/dbcounter.py:115}}
Mar 10 02:28:32.954672 np0000158259 devstack@n-api-meta.service[108237]: DEBUG dbcounter [-] [108237] Writing DB stats nova_cell1:SELECT=1 {{(pid=108237) stat_writer /opt/stack/data/venv/lib/python3.12/site-packages/dbcounter.py:115}}
Mar 10 02:28:32.965270 np0000158259 devstack@n-api-meta.service[108238]: DEBUG dbcounter [-] [108238] Writing DB stats nova_cell0:SELECT=2,nova_cell0:INSERT=1 {{(pid=108238) stat_writer /opt/stack/data/venv/lib/python3.12/site-packages/dbcounter.py:115}}
Mar 10 02:28:32.965514 np0000158259 devstack@n-api-meta.service[108236]: DEBUG dbcounter [-] [108236] Writing DB stats nova_cell0:SELECT=2,nova_cell0:INSERT=1 {{(pid=108236) stat_writer /opt/stack/data/venv/lib/python3.12/site-packages/dbcounter.py:115}}
Mar 10 02:28:32.980329 np0000158259 devstack@n-api-meta.service[108237]: DEBUG dbcounter [-] [108237] Writing DB stats nova_cell0:SELECT=1 {{(pid=108237) stat_writer /opt/stack/data/venv/lib/python3.12/site-packages/dbcounter.py:115}}
Mar 10 02:28:33.023715 np0000158259 devstack@n-api-meta.service[108239]: DEBUG dbcounter [-] [108239] Writing DB stats nova_cell0:SELECT=1 {{(pid=108239) stat_writer /opt/stack/data/venv/lib/python3.12/site-packages/dbcounter.py:115}}
Mar 10 02:28:33.024561 np0000158259 devstack@n-api-meta.service[108239]: DEBUG dbcounter [-] [108239] Writing DB stats nova_cell1:SELECT=1 {{(pid=108239) stat_writer /opt/stack/data/venv/lib/python3.12/site-packages/dbcounter.py:115}}
Mar 10 02:28:33.052317 np0000158259 devstack@n-api-meta.service[108239]: DEBUG dbcounter [-] [108239] Writing DB stats nova_cell0:SELECT=1 {{(pid=108239) stat_writer /opt/stack/data/venv/lib/python3.12/site-packages/dbcounter.py:115}}
Mar 10 02:33:23.110553 np0000158259 devstack@n-api-meta.service[108238]: DEBUG nova.api.metadata.handler [None req-37075c79-c225-4be6-a41a-cfefa0dae46a None None] Metadata request headers: {'Host': '162.253.55.195:8775', 'User-Agent': 'python-requests/2.32.5', 'Accept-Encoding': 'gzip, deflate', 'Accept': '*/*', 'Connection': 'keep-alive', 'X-Forwarded-For': '192.168.24.172', 'X-Instance-Id': 'b40b29a8-a162-4593-96ac-bf51d30bc33a', 'X-Tenant-Id': 'ed69b79e774c4ff2a705e4f1320b597f', 'X-Instance-Id-Signature': 'b11ba58ad723a32789f89dd27f65ca205accdac695ca5cf89ead0ea08ee4ce70'} {{(pid=108238) __call__ /opt/stack/nova/nova/api/metadata/handler.py:109}}
Mar 10 02:33:23.124829 np0000158259 devstack@n-api-meta.service[108238]: DEBUG oslo_concurrency.lockutils [None req-a8f76809-cadd-4f7b-a014-f558a3f7b0a0 None None] Acquiring lock "5e3a2ff5-0660-41a6-9eef-0361cb08533b" by "nova.context.set_target_cell..get_or_set_cached_cell_and_set_connections" {{(pid=108238) inner /opt/stack/data/venv/lib/python3.12/site-packages/oslo_concurrency/lockutils.py:506}}
Mar 10 02:33:23.124951 np0000158259 devstack@n-api-meta.service[108238]: DEBUG oslo_concurrency.lockutils [None req-a8f76809-cadd-4f7b-a014-f558a3f7b0a0 None None] Lock "5e3a2ff5-0660-41a6-9eef-0361cb08533b" acquired by "nova.context.set_target_cell..get_or_set_cached_cell_and_set_connections" :: waited 0.000s {{(pid=108238) inner /opt/stack/data/venv/lib/python3.12/site-packages/oslo_concurrency/lockutils.py:519}}
Mar 10 02:33:23.125098 np0000158259 devstack@n-api-meta.service[108238]: DEBUG oslo_concurrency.lockutils [None req-a8f76809-cadd-4f7b-a014-f558a3f7b0a0 None None] Lock "5e3a2ff5-0660-41a6-9eef-0361cb08533b" "released" by "nova.context.set_target_cell..get_or_set_cached_cell_and_set_connections" :: held 0.000s {{(pid=108238) inner /opt/stack/data/venv/lib/python3.12/site-packages/oslo_concurrency/lockutils.py:538}}
Mar 10 02:33:23.176526 np0000158259 devstack@n-api-meta.service[108238]: WARNING neutronclient.v2_0.client [None req-a8f76809-cadd-4f7b-a014-f558a3f7b0a0 None None] The python binding code in neutronclient is deprecated in favor of OpenstackSDK, please use that as this will be removed in a future release.
Mar 10 02:33:23.637366 np0000158259 devstack@n-api-meta.service[108238]: [pid: 108238|app: 0|req: 1/1] 162.253.55.195 () {40 vars in 643 bytes} [Tue Mar 10 02:33:23 2026] GET /openstack => generated 116 bytes in 528 msecs (HTTP/1.1 200) 3 headers in 100 bytes (1 switches on core 0)
Mar 10 02:33:23.648486 np0000158259 devstack@n-api-meta.service[108237]: DEBUG nova.api.metadata.handler [None req-c34c6097-3ea9-4262-93f6-080ed51a7696 None None] Metadata request headers: {'Host': '162.253.55.195:8775', 'User-Agent': 'python-requests/2.32.5', 'Accept-Encoding': 'gzip, deflate', 'Accept': '*/*', 'Connection': 'keep-alive', 'X-Forwarded-For': '192.168.24.172', 'X-Instance-Id': 'b40b29a8-a162-4593-96ac-bf51d30bc33a', 'X-Tenant-Id': 'ed69b79e774c4ff2a705e4f1320b597f', 'X-Instance-Id-Signature': 'b11ba58ad723a32789f89dd27f65ca205accdac695ca5cf89ead0ea08ee4ce70'} {{(pid=108237) __call__ /opt/stack/nova/nova/api/metadata/handler.py:109}}
Mar 10 02:33:23.652572 np0000158259 devstack@n-api-meta.service[108237]: DEBUG nova.api.metadata.handler [None req-c34c6097-3ea9-4262-93f6-080ed51a7696 None None] Using cached metadata for instance b40b29a8-a162-4593-96ac-bf51d30bc33a {{(pid=108237) get_metadata_by_instance_id /opt/stack/nova/nova/api/metadata/handler.py:84}}
Mar 10 02:33:23.653005 np0000158259 devstack@n-api-meta.service[108237]: [pid: 108237|app: 0|req: 1/2] 162.253.55.195 () {40 vars in 643 bytes} [Tue Mar 10 02:33:23 2026] GET /openstack => generated 116 bytes in 5 msecs (HTTP/1.1 200) 3 headers in 100 bytes (1 switches on core 0)
Mar 10 02:33:23.661408 np0000158259 devstack@n-api-meta.service[108236]: DEBUG nova.api.metadata.handler [None req-9ef76099-2ecb-49a2-aa0f-a5ea5accec12 None None] Metadata request headers: {'Host': '162.253.55.195:8775', 'User-Agent': 'python-requests/2.32.5', 'Accept-Encoding': 'gzip, deflate', 'Accept': '*/*', 'Connection': 'keep-alive', 'X-Forwarded-For': '192.168.24.172', 'X-Instance-Id': 'b40b29a8-a162-4593-96ac-bf51d30bc33a', 'X-Tenant-Id': 'ed69b79e774c4ff2a705e4f1320b597f', 'X-Instance-Id-Signature': 'b11ba58ad723a32789f89dd27f65ca205accdac695ca5cf89ead0ea08ee4ce70'} {{(pid=108236) __call__ /opt/stack/nova/nova/api/metadata/handler.py:109}}
Mar 10 02:33:23.666382 np0000158259 devstack@n-api-meta.service[108236]: DEBUG nova.api.metadata.handler [None req-9ef76099-2ecb-49a2-aa0f-a5ea5accec12 None None] Using cached metadata for instance b40b29a8-a162-4593-96ac-bf51d30bc33a {{(pid=108236) get_metadata_by_instance_id /opt/stack/nova/nova/api/metadata/handler.py:84}}
Mar 10 02:33:23.667020 np0000158259 devstack@n-api-meta.service[108236]: [pid: 108236|app: 0|req: 1/3] 162.253.55.195 () {40 vars in 695 bytes} [Tue Mar 10 02:33:23 2026] GET /openstack/2018-08-27/meta_data.json => generated 946 bytes in 6 msecs (HTTP/1.1 200) 3 headers in 91 bytes (1 switches on core 0)
Mar 10 02:33:23.674282 np0000158259 devstack@n-api-meta.service[108239]: DEBUG nova.api.metadata.handler [None req-8885c759-acce-44d6-b6f9-68bb3fa8917f None None] Metadata request headers: {'Host': '162.253.55.195:8775', 'User-Agent': 'python-requests/2.32.5', 'Accept-Encoding': 'gzip, deflate', 'Accept': '*/*', 'Connection': 'keep-alive', 'X-Forwarded-For': '192.168.24.172', 'X-Instance-Id': 'b40b29a8-a162-4593-96ac-bf51d30bc33a', 'X-Tenant-Id': 'ed69b79e774c4ff2a705e4f1320b597f', 'X-Instance-Id-Signature': 'b11ba58ad723a32789f89dd27f65ca205accdac695ca5cf89ead0ea08ee4ce70'} {{(pid=108239) __call__ /opt/stack/nova/nova/api/metadata/handler.py:109}}
Mar 10 02:33:23.679033 np0000158259 devstack@n-api-meta.service[108239]: DEBUG nova.api.metadata.handler [None req-8885c759-acce-44d6-b6f9-68bb3fa8917f None None] Using cached metadata for instance b40b29a8-a162-4593-96ac-bf51d30bc33a {{(pid=108239) get_metadata_by_instance_id /opt/stack/nova/nova/api/metadata/handler.py:84}}
Mar 10 02:33:23.679533 np0000158259 devstack@n-api-meta.service[108239]: [pid: 108239|app: 0|req: 1/4] 162.253.55.195 () {40 vars in 685 bytes} [Tue Mar 10 02:33:23 2026] GET /openstack/2018-08-27/user_data => generated 26698 bytes in 6 msecs (HTTP/1.1 200) 3 headers in 102 bytes (1 switches on core 0)
Mar 10 02:33:23.687924 np0000158259 devstack@n-api-meta.service[108238]: DEBUG nova.api.metadata.handler [None req-a8f76809-cadd-4f7b-a014-f558a3f7b0a0 None None] Metadata request headers: {'Host': '162.253.55.195:8775', 'User-Agent': 'python-requests/2.32.5', 'Accept-Encoding': 'gzip, deflate', 'Accept': '*/*', 'Connection': 'keep-alive', 'X-Forwarded-For': '192.168.24.172', 'X-Instance-Id': 'b40b29a8-a162-4593-96ac-bf51d30bc33a', 'X-Tenant-Id': 'ed69b79e774c4ff2a705e4f1320b597f', 'X-Instance-Id-Signature': 'b11ba58ad723a32789f89dd27f65ca205accdac695ca5cf89ead0ea08ee4ce70'} {{(pid=108238) __call__ /opt/stack/nova/nova/api/metadata/handler.py:109}}
Mar 10 02:33:23.690269 np0000158259 devstack@n-api-meta.service[108238]: DEBUG nova.api.metadata.handler [None req-a8f76809-cadd-4f7b-a014-f558a3f7b0a0 None None] Using cached metadata for instance b40b29a8-a162-4593-96ac-bf51d30bc33a {{(pid=108238) get_metadata_by_instance_id /opt/stack/nova/nova/api/metadata/handler.py:84}}
Mar 10 02:33:23.690686 np0000158259 devstack@n-api-meta.service[108238]: [pid: 108238|app: 0|req: 2/5] 162.253.55.195 () {40 vars in 698 bytes} [Tue Mar 10 02:33:23 2026] GET /openstack/2018-08-27/vendor_data.json => generated 2 bytes in 3 msecs (HTTP/1.1 200) 3 headers in 89 bytes (1 switches on core 0)
Mar 10 02:33:23.696402 np0000158259 devstack@n-api-meta.service[108237]: DEBUG nova.api.metadata.handler [None req-c34c6097-3ea9-4262-93f6-080ed51a7696 None None] Metadata request headers: {'Host': '162.253.55.195:8775', 'User-Agent': 'python-requests/2.32.5', 'Accept-Encoding': 'gzip, deflate', 'Accept': '*/*', 'Connection': 'keep-alive', 'X-Forwarded-For': '192.168.24.172', 'X-Instance-Id': 'b40b29a8-a162-4593-96ac-bf51d30bc33a', 'X-Tenant-Id': 'ed69b79e774c4ff2a705e4f1320b597f', 'X-Instance-Id-Signature': 'b11ba58ad723a32789f89dd27f65ca205accdac695ca5cf89ead0ea08ee4ce70'} {{(pid=108237) __call__ /opt/stack/nova/nova/api/metadata/handler.py:109}}
Mar 10 02:33:23.698052 np0000158259 devstack@n-api-meta.service[108237]: DEBUG nova.api.metadata.handler [None req-c34c6097-3ea9-4262-93f6-080ed51a7696 None None] Using cached metadata for instance b40b29a8-a162-4593-96ac-bf51d30bc33a {{(pid=108237) get_metadata_by_instance_id /opt/stack/nova/nova/api/metadata/handler.py:84}}
Mar 10 02:33:23.698510 np0000158259 devstack@n-api-meta.service[108237]: [pid: 108237|app: 0|req: 2/6] 162.253.55.195 () {40 vars in 700 bytes} [Tue Mar 10 02:33:23 2026] GET /openstack/2018-08-27/vendor_data2.json => generated 14 bytes in 2 msecs (HTTP/1.1 200) 3 headers in 90 bytes (1 switches on core 0)
Mar 10 02:33:23.705209 np0000158259 devstack@n-api-meta.service[108236]: DEBUG nova.api.metadata.handler [None req-9ef76099-2ecb-49a2-aa0f-a5ea5accec12 None None] Metadata request headers: {'Host': '162.253.55.195:8775', 'User-Agent': 'python-requests/2.32.5', 'Accept-Encoding': 'gzip, deflate', 'Accept': '*/*', 'Connection': 'keep-alive', 'X-Forwarded-For': '192.168.24.172', 'X-Instance-Id': 'b40b29a8-a162-4593-96ac-bf51d30bc33a', 'X-Tenant-Id': 'ed69b79e774c4ff2a705e4f1320b597f', 'X-Instance-Id-Signature': 'b11ba58ad723a32789f89dd27f65ca205accdac695ca5cf89ead0ea08ee4ce70'} {{(pid=108236) __call__ /opt/stack/nova/nova/api/metadata/handler.py:109}}
Mar 10 02:33:23.708263 np0000158259 devstack@n-api-meta.service[108236]: DEBUG nova.api.metadata.handler [None req-9ef76099-2ecb-49a2-aa0f-a5ea5accec12 None None] Using cached metadata for instance b40b29a8-a162-4593-96ac-bf51d30bc33a {{(pid=108236) get_metadata_by_instance_id /opt/stack/nova/nova/api/metadata/handler.py:84}}
Mar 10 02:33:23.708766 np0000158259 devstack@n-api-meta.service[108236]: [pid: 108236|app: 0|req: 2/7] 162.253.55.195 () {40 vars in 700 bytes} [Tue Mar 10 02:33:23 2026] GET /openstack/2018-08-27/network_data.json => generated 348 bytes in 4 msecs (HTTP/1.1 200) 3 headers in 100 bytes (1 switches on core 0)
Mar 10 02:33:23.715393 np0000158259 devstack@n-api-meta.service[108239]: DEBUG nova.api.metadata.handler [None req-8885c759-acce-44d6-b6f9-68bb3fa8917f None None] Metadata request headers: {'Host': '162.253.55.195:8775', 'User-Agent': 'python-requests/2.32.5', 'Accept-Encoding': 'gzip, deflate', 'Accept': '*/*', 'Connection': 'keep-alive', 'X-Forwarded-For': '192.168.24.172', 'X-Instance-Id': 'b40b29a8-a162-4593-96ac-bf51d30bc33a', 'X-Tenant-Id': 'ed69b79e774c4ff2a705e4f1320b597f', 'X-Instance-Id-Signature': 'b11ba58ad723a32789f89dd27f65ca205accdac695ca5cf89ead0ea08ee4ce70'} {{(pid=108239) __call__ /opt/stack/nova/nova/api/metadata/handler.py:109}}
Mar 10 02:33:23.718097 np0000158259 devstack@n-api-meta.service[108239]: DEBUG nova.api.metadata.handler [None req-8885c759-acce-44d6-b6f9-68bb3fa8917f None None] Using cached metadata for instance b40b29a8-a162-4593-96ac-bf51d30bc33a {{(pid=108239) get_metadata_by_instance_id /opt/stack/nova/nova/api/metadata/handler.py:84}}
Mar 10 02:33:23.718826 np0000158259 devstack@n-api-meta.service[108239]: [pid: 108239|app: 0|req: 2/8] 162.253.55.195 () {40 vars in 659 bytes} [Tue Mar 10 02:33:23 2026] GET /latest/meta-data/ => generated 210 bytes in 4 msecs (HTTP/1.1 200) 3 headers in 100 bytes (1 switches on core 0)
Mar 10 02:33:23.725024 np0000158259 devstack@n-api-meta.service[108238]: DEBUG nova.api.metadata.handler [None req-a8f76809-cadd-4f7b-a014-f558a3f7b0a0 None None] Metadata request headers: {'Host': '162.253.55.195:8775', 'User-Agent': 'python-requests/2.32.5', 'Accept-Encoding': 'gzip, deflate', 'Accept': '*/*', 'Connection': 'keep-alive', 'X-Forwarded-For': '192.168.24.172', 'X-Instance-Id': 'b40b29a8-a162-4593-96ac-bf51d30bc33a', 'X-Tenant-Id': 'ed69b79e774c4ff2a705e4f1320b597f', 'X-Instance-Id-Signature': 'b11ba58ad723a32789f89dd27f65ca205accdac695ca5cf89ead0ea08ee4ce70'} {{(pid=108238) __call__ /opt/stack/nova/nova/api/metadata/handler.py:109}}
Mar 10 02:33:23.726506 np0000158259 devstack@n-api-meta.service[108238]: DEBUG nova.api.metadata.handler [None req-a8f76809-cadd-4f7b-a014-f558a3f7b0a0 None None] Using cached metadata for instance b40b29a8-a162-4593-96ac-bf51d30bc33a {{(pid=108238) get_metadata_by_instance_id /opt/stack/nova/nova/api/metadata/handler.py:84}}
Mar 10 02:33:23.726945 np0000158259 devstack@n-api-meta.service[108238]: [pid: 108238|app: 0|req: 3/9] 162.253.55.195 () {40 vars in 701 bytes} [Tue Mar 10 02:33:23 2026] GET /latest/meta-data/block-device-mapping/ => generated 8 bytes in 2 msecs (HTTP/1.1 200) 3 headers in 98 bytes (1 switches on core 0)
Mar 10 02:33:23.733758 np0000158259 devstack@n-api-meta.service[108237]: DEBUG nova.api.metadata.handler [None req-c34c6097-3ea9-4262-93f6-080ed51a7696 None None] Metadata request headers: {'Host': '162.253.55.195:8775', 'User-Agent': 'python-requests/2.32.5', 'Accept-Encoding': 'gzip, deflate', 'Accept': '*/*', 'Connection': 'keep-alive', 'X-Forwarded-For': '192.168.24.172', 'X-Instance-Id': 'b40b29a8-a162-4593-96ac-bf51d30bc33a', 'X-Tenant-Id': 'ed69b79e774c4ff2a705e4f1320b597f', 'X-Instance-Id-Signature': 'b11ba58ad723a32789f89dd27f65ca205accdac695ca5cf89ead0ea08ee4ce70'} {{(pid=108237) __call__ /opt/stack/nova/nova/api/metadata/handler.py:109}}
Mar 10 02:33:23.736119 np0000158259 devstack@n-api-meta.service[108237]: DEBUG nova.api.metadata.handler [None req-c34c6097-3ea9-4262-93f6-080ed51a7696 None None] Using cached metadata for instance b40b29a8-a162-4593-96ac-bf51d30bc33a {{(pid=108237) get_metadata_by_instance_id /opt/stack/nova/nova/api/metadata/handler.py:84}}
Mar 10 02:33:23.736524 np0000158259 devstack@n-api-meta.service[108237]: [pid: 108237|app: 0|req: 3/10] 162.253.55.195 () {40 vars in 707 bytes} [Tue Mar 10 02:33:23 2026] GET /latest/meta-data/block-device-mapping/ami => generated 3 bytes in 3 msecs (HTTP/1.1 200) 3 headers in 98 bytes (1 switches on core 0)
Mar 10 02:33:23.743260 np0000158259 devstack@n-api-meta.service[108236]: DEBUG nova.api.metadata.handler [None req-9ef76099-2ecb-49a2-aa0f-a5ea5accec12 None None] Metadata request headers: {'Host': '162.253.55.195:8775', 'User-Agent': 'python-requests/2.32.5', 'Accept-Encoding': 'gzip, deflate', 'Accept': '*/*', 'Connection': 'keep-alive', 'X-Forwarded-For': '192.168.24.172', 'X-Instance-Id': 'b40b29a8-a162-4593-96ac-bf51d30bc33a', 'X-Tenant-Id': 'ed69b79e774c4ff2a705e4f1320b597f', 'X-Instance-Id-Signature': 'b11ba58ad723a32789f89dd27f65ca205accdac695ca5cf89ead0ea08ee4ce70'} {{(pid=108236) __call__ /opt/stack/nova/nova/api/metadata/handler.py:109}}
Mar 10 02:33:23.745868 np0000158259 devstack@n-api-meta.service[108236]: DEBUG nova.api.metadata.handler [None req-9ef76099-2ecb-49a2-aa0f-a5ea5accec12 None None] Using cached metadata for instance b40b29a8-a162-4593-96ac-bf51d30bc33a {{(pid=108236) get_metadata_by_instance_id /opt/stack/nova/nova/api/metadata/handler.py:84}}
Mar 10 02:33:23.746513 np0000158259 devstack@n-api-meta.service[108236]: [pid: 108236|app: 0|req: 3/11] 162.253.55.195 () {40 vars in 709 bytes} [Tue Mar 10 02:33:23 2026] GET /latest/meta-data/block-device-mapping/root => generated 8 bytes in 4 msecs (HTTP/1.1 200) 3 headers in 98 bytes (1 switches on core 0)
Mar 10 02:33:23.752009 np0000158259 devstack@n-api-meta.service[108239]: DEBUG nova.api.metadata.handler [None req-8885c759-acce-44d6-b6f9-68bb3fa8917f None None] Metadata request headers: {'Host': '162.253.55.195:8775', 'User-Agent': 'python-requests/2.32.5', 'Accept-Encoding': 'gzip, deflate', 'Accept': '*/*', 'Connection': 'keep-alive', 'X-Forwarded-For': '192.168.24.172', 'X-Instance-Id': 'b40b29a8-a162-4593-96ac-bf51d30bc33a', 'X-Tenant-Id': 'ed69b79e774c4ff2a705e4f1320b597f', 'X-Instance-Id-Signature': 'b11ba58ad723a32789f89dd27f65ca205accdac695ca5cf89ead0ea08ee4ce70'} {{(pid=108239) __call__ /opt/stack/nova/nova/api/metadata/handler.py:109}}
Mar 10 02:33:23.754714 np0000158259 devstack@n-api-meta.service[108239]: DEBUG nova.api.metadata.handler [None req-8885c759-acce-44d6-b6f9-68bb3fa8917f None None] Using cached metadata for instance b40b29a8-a162-4593-96ac-bf51d30bc33a {{(pid=108239) get_metadata_by_instance_id /opt/stack/nova/nova/api/metadata/handler.py:84}}
Mar 10 02:33:23.755343 np0000158259 devstack@n-api-meta.service[108239]: [pid: 108239|app: 0|req: 3/12] 162.253.55.195 () {40 vars in 679 bytes} [Tue Mar 10 02:33:23 2026] GET /latest/meta-data/placement/ => generated 17 bytes in 4 msecs (HTTP/1.1 200) 3 headers in 99 bytes (1 switches on core 0)
Mar 10 02:33:23.763160 np0000158259 devstack@n-api-meta.service[108238]: DEBUG nova.api.metadata.handler [None req-a8f76809-cadd-4f7b-a014-f558a3f7b0a0 None None] Metadata request headers: {'Host': '162.253.55.195:8775', 'User-Agent': 'python-requests/2.32.5', 'Accept-Encoding': 'gzip, deflate', 'Accept': '*/*', 'Connection': 'keep-alive', 'X-Forwarded-For': '192.168.24.172', 'X-Instance-Id': 'b40b29a8-a162-4593-96ac-bf51d30bc33a', 'X-Tenant-Id': 'ed69b79e774c4ff2a705e4f1320b597f', 'X-Instance-Id-Signature': 'b11ba58ad723a32789f89dd27f65ca205accdac695ca5cf89ead0ea08ee4ce70'} {{(pid=108238) __call__ /opt/stack/nova/nova/api/metadata/handler.py:109}}
Mar 10 02:33:23.764731 np0000158259 devstack@n-api-meta.service[108238]: DEBUG nova.api.metadata.handler [None req-a8f76809-cadd-4f7b-a014-f558a3f7b0a0 None None] Using cached metadata for instance b40b29a8-a162-4593-96ac-bf51d30bc33a {{(pid=108238) get_metadata_by_instance_id /opt/stack/nova/nova/api/metadata/handler.py:84}}
Mar 10 02:33:23.765095 np0000158259 devstack@n-api-meta.service[108238]: [pid: 108238|app: 0|req: 4/13] 162.253.55.195 () {40 vars in 713 bytes} [Tue Mar 10 02:33:23 2026] GET /latest/meta-data/placement/availability-zone => generated 4 bytes in 2 msecs (HTTP/1.1 200) 3 headers in 98 bytes (1 switches on core 0)
Mar 10 02:33:23.771923 np0000158259 devstack@n-api-meta.service[108237]: DEBUG nova.api.metadata.handler [None req-c34c6097-3ea9-4262-93f6-080ed51a7696 None None] Metadata request headers: {'Host': '162.253.55.195:8775', 'User-Agent': 'python-requests/2.32.5', 'Accept-Encoding': 'gzip, deflate', 'Accept': '*/*', 'Connection': 'keep-alive', 'X-Forwarded-For': '192.168.24.172', 'X-Instance-Id': 'b40b29a8-a162-4593-96ac-bf51d30bc33a', 'X-Tenant-Id': 'ed69b79e774c4ff2a705e4f1320b597f', 'X-Instance-Id-Signature': 'b11ba58ad723a32789f89dd27f65ca205accdac695ca5cf89ead0ea08ee4ce70'} {{(pid=108237) __call__ /opt/stack/nova/nova/api/metadata/handler.py:109}}
Mar 10 02:33:23.773613 np0000158259 devstack@n-api-meta.service[108237]: DEBUG nova.api.metadata.handler [None req-c34c6097-3ea9-4262-93f6-080ed51a7696 None None] Using cached metadata for instance b40b29a8-a162-4593-96ac-bf51d30bc33a {{(pid=108237) get_metadata_by_instance_id /opt/stack/nova/nova/api/metadata/handler.py:84}}
Mar 10 02:33:23.773949 np0000158259 devstack@n-api-meta.service[108237]: [pid: 108237|app: 0|req: 4/14] 162.253.55.195 () {40 vars in 671 bytes} [Tue Mar 10 02:33:23 2026] GET /latest/meta-data/ami-id => generated 12 bytes in 2 msecs (HTTP/1.1 200) 3 headers in 99 bytes (1 switches on core 0)
Mar 10 02:33:23.779969 np0000158259 devstack@n-api-meta.service[108236]: DEBUG nova.api.metadata.handler [None req-9ef76099-2ecb-49a2-aa0f-a5ea5accec12 None None] Metadata request headers: {'Host': '162.253.55.195:8775', 'User-Agent': 'python-requests/2.32.5', 'Accept-Encoding': 'gzip, deflate', 'Accept': '*/*', 'Connection': 'keep-alive', 'X-Forwarded-For': '192.168.24.172', 'X-Instance-Id': 'b40b29a8-a162-4593-96ac-bf51d30bc33a', 'X-Tenant-Id': 'ed69b79e774c4ff2a705e4f1320b597f', 'X-Instance-Id-Signature': 'b11ba58ad723a32789f89dd27f65ca205accdac695ca5cf89ead0ea08ee4ce70'} {{(pid=108236) __call__ /opt/stack/nova/nova/api/metadata/handler.py:109}}
Mar 10 02:33:23.782800 np0000158259 devstack@n-api-meta.service[108236]: DEBUG nova.api.metadata.handler [None req-9ef76099-2ecb-49a2-aa0f-a5ea5accec12 None None] Using cached metadata for instance b40b29a8-a162-4593-96ac-bf51d30bc33a {{(pid=108236) get_metadata_by_instance_id /opt/stack/nova/nova/api/metadata/handler.py:84}}
Mar 10 02:33:23.783624 np0000158259 devstack@n-api-meta.service[108236]: [pid: 108236|app: 0|req: 4/15] 162.253.55.195 () {40 vars in 691 bytes} [Tue Mar 10 02:33:23 2026] GET /latest/meta-data/ami-launch-index => generated 1 bytes in 4 msecs (HTTP/1.1 200) 3 headers in 98 bytes (1 switches on core 0)
Mar 10 02:33:23.791433 np0000158259 devstack@n-api-meta.service[108239]: DEBUG nova.api.metadata.handler [None req-8885c759-acce-44d6-b6f9-68bb3fa8917f None None] Metadata request headers: {'Host': '162.253.55.195:8775', 'User-Agent': 'python-requests/2.32.5', 'Accept-Encoding': 'gzip, deflate', 'Accept': '*/*', 'Connection': 'keep-alive', 'X-Forwarded-For': '192.168.24.172', 'X-Instance-Id': 'b40b29a8-a162-4593-96ac-bf51d30bc33a', 'X-Tenant-Id': 'ed69b79e774c4ff2a705e4f1320b597f', 'X-Instance-Id-Signature': 'b11ba58ad723a32789f89dd27f65ca205accdac695ca5cf89ead0ea08ee4ce70'} {{(pid=108239) __call__ /opt/stack/nova/nova/api/metadata/handler.py:109}}
Mar 10 02:33:23.793804 np0000158259 devstack@n-api-meta.service[108239]: DEBUG nova.api.metadata.handler [None req-8885c759-acce-44d6-b6f9-68bb3fa8917f None None] Using cached metadata for instance b40b29a8-a162-4593-96ac-bf51d30bc33a {{(pid=108239) get_metadata_by_instance_id /opt/stack/nova/nova/api/metadata/handler.py:84}}
Mar 10 02:33:23.794407 np0000158259 devstack@n-api-meta.service[108239]: [pid: 108239|app: 0|req: 4/16] 162.253.55.195 () {40 vars in 693 bytes} [Tue Mar 10 02:33:23 2026] GET /latest/meta-data/ami-manifest-path => generated 5 bytes in 3 msecs (HTTP/1.1 200) 3 headers in 98 bytes (1 switches on core 0)
Mar 10 02:33:23.799913 np0000158259 devstack@n-api-meta.service[108238]: DEBUG nova.api.metadata.handler [None req-a8f76809-cadd-4f7b-a014-f558a3f7b0a0 None None] Metadata request headers: {'Host': '162.253.55.195:8775', 'User-Agent': 'python-requests/2.32.5', 'Accept-Encoding': 'gzip, deflate', 'Accept': '*/*', 'Connection': 'keep-alive', 'X-Forwarded-For': '192.168.24.172', 'X-Instance-Id': 'b40b29a8-a162-4593-96ac-bf51d30bc33a', 'X-Tenant-Id': 'ed69b79e774c4ff2a705e4f1320b597f', 'X-Instance-Id-Signature': 'b11ba58ad723a32789f89dd27f65ca205accdac695ca5cf89ead0ea08ee4ce70'} {{(pid=108238) __call__ /opt/stack/nova/nova/api/metadata/handler.py:109}}
Mar 10 02:33:23.801511 np0000158259 devstack@n-api-meta.service[108238]: DEBUG nova.api.metadata.handler [None req-a8f76809-cadd-4f7b-a014-f558a3f7b0a0 None None] Using cached metadata for instance b40b29a8-a162-4593-96ac-bf51d30bc33a {{(pid=108238) get_metadata_by_instance_id /opt/stack/nova/nova/api/metadata/handler.py:84}}
Mar 10 02:33:23.801890 np0000158259 devstack@n-api-meta.service[108238]: [pid: 108238|app: 0|req: 5/17] 162.253.55.195 () {40 vars in 675 bytes} [Tue Mar 10 02:33:23 2026] GET /latest/meta-data/hostname => generated 32 bytes in 2 msecs (HTTP/1.1 200) 3 headers in 99 bytes (1 switches on core 0)
Mar 10 02:33:23.808357 np0000158259 devstack@n-api-meta.service[108237]: DEBUG nova.api.metadata.handler [None req-c34c6097-3ea9-4262-93f6-080ed51a7696 None None] Metadata request headers: {'Host': '162.253.55.195:8775', 'User-Agent': 'python-requests/2.32.5', 'Accept-Encoding': 'gzip, deflate', 'Accept': '*/*', 'Connection': 'keep-alive', 'X-Forwarded-For': '192.168.24.172', 'X-Instance-Id': 'b40b29a8-a162-4593-96ac-bf51d30bc33a', 'X-Tenant-Id': 'ed69b79e774c4ff2a705e4f1320b597f', 'X-Instance-Id-Signature': 'b11ba58ad723a32789f89dd27f65ca205accdac695ca5cf89ead0ea08ee4ce70'} {{(pid=108237) __call__ /opt/stack/nova/nova/api/metadata/handler.py:109}}
Mar 10 02:33:23.809973 np0000158259 devstack@n-api-meta.service[108237]: DEBUG nova.api.metadata.handler [None req-c34c6097-3ea9-4262-93f6-080ed51a7696 None None] Using cached metadata for instance b40b29a8-a162-4593-96ac-bf51d30bc33a {{(pid=108237) get_metadata_by_instance_id /opt/stack/nova/nova/api/metadata/handler.py:84}}
Mar 10 02:33:23.810352 np0000158259 devstack@n-api-meta.service[108237]: [pid: 108237|app: 0|req: 5/18] 162.253.55.195 () {40 vars in 689 bytes} [Tue Mar 10 02:33:23 2026] GET /latest/meta-data/instance-action => generated 4 bytes in 2 msecs (HTTP/1.1 200) 3 headers in 98 bytes (1 switches on core 0)
Mar 10 02:33:23.815920 np0000158259 devstack@n-api-meta.service[108236]: DEBUG nova.api.metadata.handler [None req-9ef76099-2ecb-49a2-aa0f-a5ea5accec12 None None] Metadata request headers: {'Host': '162.253.55.195:8775', 'User-Agent': 'python-requests/2.32.5', 'Accept-Encoding': 'gzip, deflate', 'Accept': '*/*', 'Connection': 'keep-alive', 'X-Forwarded-For': '192.168.24.172', 'X-Instance-Id': 'b40b29a8-a162-4593-96ac-bf51d30bc33a', 'X-Tenant-Id': 'ed69b79e774c4ff2a705e4f1320b597f', 'X-Instance-Id-Signature': 'b11ba58ad723a32789f89dd27f65ca205accdac695ca5cf89ead0ea08ee4ce70'} {{(pid=108236) __call__ /opt/stack/nova/nova/api/metadata/handler.py:109}}
Mar 10 02:33:23.818319 np0000158259 devstack@n-api-meta.service[108236]: DEBUG nova.api.metadata.handler [None req-9ef76099-2ecb-49a2-aa0f-a5ea5accec12 None None] Using cached metadata for instance b40b29a8-a162-4593-96ac-bf51d30bc33a {{(pid=108236) get_metadata_by_instance_id /opt/stack/nova/nova/api/metadata/handler.py:84}}
Mar 10 02:33:23.818890 np0000158259 devstack@n-api-meta.service[108236]: [pid: 108236|app: 0|req: 5/19] 162.253.55.195 () {40 vars in 681 bytes} [Tue Mar 10 02:33:23 2026] GET /latest/meta-data/instance-id => generated 10 bytes in 3 msecs (HTTP/1.1 200) 3 headers in 99 bytes (1 switches on core 0)
Mar 10 02:33:23.825869 np0000158259 devstack@n-api-meta.service[108239]: DEBUG nova.api.metadata.handler [None req-8885c759-acce-44d6-b6f9-68bb3fa8917f None None] Metadata request headers: {'Host': '162.253.55.195:8775', 'User-Agent': 'python-requests/2.32.5', 'Accept-Encoding': 'gzip, deflate', 'Accept': '*/*', 'Connection': 'keep-alive', 'X-Forwarded-For': '192.168.24.172', 'X-Instance-Id': 'b40b29a8-a162-4593-96ac-bf51d30bc33a', 'X-Tenant-Id': 'ed69b79e774c4ff2a705e4f1320b597f', 'X-Instance-Id-Signature': 'b11ba58ad723a32789f89dd27f65ca205accdac695ca5cf89ead0ea08ee4ce70'} {{(pid=108239) __call__ /opt/stack/nova/nova/api/metadata/handler.py:109}}
Mar 10 02:33:23.828502 np0000158259 devstack@n-api-meta.service[108239]: DEBUG nova.api.metadata.handler [None req-8885c759-acce-44d6-b6f9-68bb3fa8917f None None] Using cached metadata for instance b40b29a8-a162-4593-96ac-bf51d30bc33a {{(pid=108239) get_metadata_by_instance_id /opt/stack/nova/nova/api/metadata/handler.py:84}}
Mar 10 02:33:23.829165 np0000158259 devstack@n-api-meta.service[108239]: [pid: 108239|app: 0|req: 5/20] 162.253.55.195 () {40 vars in 685 bytes} [Tue Mar 10 02:33:23 2026] GET /latest/meta-data/instance-type => generated 8 bytes in 4 msecs (HTTP/1.1 200) 3 headers in 98 bytes (1 switches on core 0)
Mar 10 02:33:23.838225 np0000158259 devstack@n-api-meta.service[108238]: DEBUG nova.api.metadata.handler [None req-a8f76809-cadd-4f7b-a014-f558a3f7b0a0 None None] Metadata request headers: {'Host': '162.253.55.195:8775', 'User-Agent': 'python-requests/2.32.5', 'Accept-Encoding': 'gzip, deflate', 'Accept': '*/*', 'Connection': 'keep-alive', 'X-Forwarded-For': '192.168.24.172', 'X-Instance-Id': 'b40b29a8-a162-4593-96ac-bf51d30bc33a', 'X-Tenant-Id': 'ed69b79e774c4ff2a705e4f1320b597f', 'X-Instance-Id-Signature': 'b11ba58ad723a32789f89dd27f65ca205accdac695ca5cf89ead0ea08ee4ce70'} {{(pid=108238) __call__ /opt/stack/nova/nova/api/metadata/handler.py:109}}
Mar 10 02:33:23.839924 np0000158259 devstack@n-api-meta.service[108238]: DEBUG nova.api.metadata.handler [None req-a8f76809-cadd-4f7b-a014-f558a3f7b0a0 None None] Using cached metadata for instance b40b29a8-a162-4593-96ac-bf51d30bc33a {{(pid=108238) get_metadata_by_instance_id /opt/stack/nova/nova/api/metadata/handler.py:84}}
Mar 10 02:33:23.840300 np0000158259 devstack@n-api-meta.service[108238]: [pid: 108238|app: 0|req: 6/21] 162.253.55.195 () {40 vars in 687 bytes} [Tue Mar 10 02:33:23 2026] GET /latest/meta-data/local-hostname => generated 32 bytes in 2 msecs (HTTP/1.1 200) 3 headers in 99 bytes (1 switches on core 0)
Mar 10 02:33:23.846351 np0000158259 devstack@n-api-meta.service[108237]: DEBUG nova.api.metadata.handler [None req-c34c6097-3ea9-4262-93f6-080ed51a7696 None None] Metadata request headers: {'Host': '162.253.55.195:8775', 'User-Agent': 'python-requests/2.32.5', 'Accept-Encoding': 'gzip, deflate', 'Accept': '*/*', 'Connection': 'keep-alive', 'X-Forwarded-For': '192.168.24.172', 'X-Instance-Id': 'b40b29a8-a162-4593-96ac-bf51d30bc33a', 'X-Tenant-Id': 'ed69b79e774c4ff2a705e4f1320b597f', 'X-Instance-Id-Signature': 'b11ba58ad723a32789f89dd27f65ca205accdac695ca5cf89ead0ea08ee4ce70'} {{(pid=108237) __call__ /opt/stack/nova/nova/api/metadata/handler.py:109}}
Mar 10 02:33:23.847993 np0000158259 devstack@n-api-meta.service[108237]: DEBUG nova.api.metadata.handler [None req-c34c6097-3ea9-4262-93f6-080ed51a7696 None None] Using cached metadata for instance b40b29a8-a162-4593-96ac-bf51d30bc33a {{(pid=108237) get_metadata_by_instance_id /opt/stack/nova/nova/api/metadata/handler.py:84}}
Mar 10 02:33:23.848405 np0000158259 devstack@n-api-meta.service[108237]: [pid: 108237|app: 0|req: 6/22] 162.253.55.195 () {40 vars in 679 bytes} [Tue Mar 10 02:33:23 2026] GET /latest/meta-data/local-ipv4 => generated 14 bytes in 2 msecs (HTTP/1.1 200) 3 headers in 99 bytes (1 switches on core 0)
