Mar 10 02:27:49.524028 np0000158259 neutron-periodic-workers[104933]: DEBUG cotyledon.oslo_config_glue [-] ml2.overlay_ip_version = 4 {{(pid=104933) log_opt_values /opt/stack/data/venv/lib/python3.12/site-packages/oslo_config/cfg.py:3006}}
Mar 10 02:27:49.524138 np0000158259 neutron-periodic-workers[104933]: DEBUG cotyledon.oslo_config_glue [-] ml2.path_mtu = 0 {{(pid=104933) log_opt_values /opt/stack/data/venv/lib/python3.12/site-packages/oslo_config/cfg.py:3006}}
Mar 10 02:27:49.524230 np0000158259 neutron-periodic-workers[104933]: DEBUG cotyledon.oslo_config_glue [-] ml2.physical_network_mtus = {} {{(pid=104933) log_opt_values /opt/stack/data/venv/lib/python3.12/site-packages/oslo_config/cfg.py:3006}}
Mar 10 02:27:49.524314 np0000158259 neutron-periodic-workers[104933]: DEBUG cotyledon.oslo_config_glue [-] ml2.project_network_types = ['geneve'] {{(pid=104933) log_opt_values /opt/stack/data/venv/lib/python3.12/site-packages/oslo_config/cfg.py:3006}}
Mar 10 02:27:49.524453 np0000158259 neutron-periodic-workers[104933]: DEBUG cotyledon.oslo_config_glue [-] ml2.tunnelled_network_rp_name = rp_tunnelled {{(pid=104933) log_opt_values /opt/stack/data/venv/lib/python3.12/site-packages/oslo_config/cfg.py:3006}}
Mar 10 02:27:49.524483 np0000158259 neutron-periodic-workers[104933]: DEBUG cotyledon.oslo_config_glue [-] ml2.type_drivers = ['local', 'flat', 'vlan', 'geneve'] {{(pid=104933) log_opt_values /opt/stack/data/venv/lib/python3.12/site-packages/oslo_config/cfg.py:3006}}
Mar 10 02:27:49.524610 np0000158259 neutron-periodic-workers[104933]: DEBUG cotyledon.oslo_config_glue [-] ml2_type_flat.flat_networks = ['public'] {{(pid=104933) log_opt_values /opt/stack/data/venv/lib/python3.12/site-packages/oslo_config/cfg.py:3006}}
Mar 10 02:27:49.524701 np0000158259 neutron-periodic-workers[104933]: DEBUG cotyledon.oslo_config_glue [-] ml2_type_geneve.max_header_size = 38 {{(pid=104933) log_opt_values /opt/stack/data/venv/lib/python3.12/site-packages/oslo_config/cfg.py:3006}}
Mar 10 02:27:49.524784 np0000158259 neutron-periodic-workers[104933]: DEBUG cotyledon.oslo_config_glue [-] ml2_type_geneve.vni_ranges = ['1:65536'] {{(pid=104933) log_opt_values /opt/stack/data/venv/lib/python3.12/site-packages/oslo_config/cfg.py:3006}}
Mar 10 02:27:49.524889 np0000158259 neutron-periodic-workers[104933]: DEBUG cotyledon.oslo_config_glue [-] ml2_type_vlan.network_vlan_ranges = ['public'] {{(pid=104933) log_opt_values /opt/stack/data/venv/lib/python3.12/site-packages/oslo_config/cfg.py:3006}}
Mar 10 02:27:49.524992 np0000158259 neutron-periodic-workers[104933]: DEBUG cotyledon.oslo_config_glue [-] network_log.burst_limit = 25 {{(pid=104933) log_opt_values /opt/stack/data/venv/lib/python3.12/site-packages/oslo_config/cfg.py:3006}}
Mar 10 02:27:49.525087 np0000158259 neutron-periodic-workers[104933]: DEBUG cotyledon.oslo_config_glue [-] network_log.local_output_log_base = None {{(pid=104933) log_opt_values /opt/stack/data/venv/lib/python3.12/site-packages/oslo_config/cfg.py:3006}}
Mar 10 02:27:49.525178 np0000158259 neutron-periodic-workers[104933]: DEBUG cotyledon.oslo_config_glue [-] network_log.rate_limit = 100 {{(pid=104933) log_opt_values /opt/stack/data/venv/lib/python3.12/site-packages/oslo_config/cfg.py:3006}}
Mar 10 02:27:49.525321 np0000158259 neutron-periodic-workers[104933]: DEBUG cotyledon.oslo_config_glue [-] database.asyncio_connection = **** {{(pid=104933) log_opt_values /opt/stack/data/venv/lib/python3.12/site-packages/oslo_config/cfg.py:3006}}
Mar 10 02:27:49.525402 np0000158259 neutron-periodic-workers[104933]: DEBUG cotyledon.oslo_config_glue [-] database.asyncio_slave_connection = **** {{(pid=104933) log_opt_values /opt/stack/data/venv/lib/python3.12/site-packages/oslo_config/cfg.py:3006}}
Mar 10 02:27:49.525497 np0000158259 neutron-periodic-workers[104933]: DEBUG cotyledon.oslo_config_glue [-] database.backend = sqlalchemy {{(pid=104933) log_opt_values /opt/stack/data/venv/lib/python3.12/site-packages/oslo_config/cfg.py:3006}}
Mar 10 02:27:49.525585 np0000158259 neutron-periodic-workers[104933]: DEBUG cotyledon.oslo_config_glue [-] database.connection = **** {{(pid=104933) log_opt_values /opt/stack/data/venv/lib/python3.12/site-packages/oslo_config/cfg.py:3006}}
Mar 10 02:27:49.525682 np0000158259 neutron-periodic-workers[104933]: DEBUG cotyledon.oslo_config_glue [-] database.connection_debug = 0 {{(pid=104933) log_opt_values /opt/stack/data/venv/lib/python3.12/site-packages/oslo_config/cfg.py:3006}}
Mar 10 02:27:49.525818 np0000158259 neutron-periodic-workers[104933]: DEBUG cotyledon.oslo_config_glue [-] database.connection_parameters = {{(pid=104933) log_opt_values /opt/stack/data/venv/lib/python3.12/site-packages/oslo_config/cfg.py:3006}}
Mar 10 02:27:49.525987 np0000158259 neutron-periodic-workers[104933]: DEBUG cotyledon.oslo_config_glue [-] database.connection_recycle_time = 3600 {{(pid=104933) log_opt_values /opt/stack/data/venv/lib/python3.12/site-packages/oslo_config/cfg.py:3006}}
Mar 10 02:27:49.526123 np0000158259 neutron-periodic-workers[104933]: DEBUG cotyledon.oslo_config_glue [-] database.connection_trace = False {{(pid=104933) log_opt_values /opt/stack/data/venv/lib/python3.12/site-packages/oslo_config/cfg.py:3006}}
Mar 10 02:27:49.526222 np0000158259 neutron-periodic-workers[104933]: DEBUG cotyledon.oslo_config_glue [-] database.db_inc_retry_interval = True {{(pid=104933) log_opt_values /opt/stack/data/venv/lib/python3.12/site-packages/oslo_config/cfg.py:3006}}
Mar 10 02:27:49.526323 np0000158259 neutron-periodic-workers[104933]: DEBUG cotyledon.oslo_config_glue [-] database.db_max_retries = 20 {{(pid=104933) log_opt_values /opt/stack/data/venv/lib/python3.12/site-packages/oslo_config/cfg.py:3006}}
Mar 10 02:27:49.526424 np0000158259 neutron-periodic-workers[104933]: DEBUG cotyledon.oslo_config_glue [-] database.db_max_retry_interval = 10 {{(pid=104933) log_opt_values /opt/stack/data/venv/lib/python3.12/site-packages/oslo_config/cfg.py:3006}}
Mar 10 02:27:49.526550 np0000158259 neutron-periodic-workers[104933]: DEBUG cotyledon.oslo_config_glue [-] database.db_retry_interval = 1 {{(pid=104933) log_opt_values /opt/stack/data/venv/lib/python3.12/site-packages/oslo_config/cfg.py:3006}}
Mar 10 02:27:49.526662 np0000158259 neutron-periodic-workers[104933]: DEBUG cotyledon.oslo_config_glue [-] database.max_overflow = 50 {{(pid=104933) log_opt_values /opt/stack/data/venv/lib/python3.12/site-packages/oslo_config/cfg.py:3006}}
Mar 10 02:27:49.526752 np0000158259 neutron-periodic-workers[104933]: DEBUG cotyledon.oslo_config_glue [-] database.max_pool_size = 5 {{(pid=104933) log_opt_values /opt/stack/data/venv/lib/python3.12/site-packages/oslo_config/cfg.py:3006}}
Mar 10 02:27:49.526844 np0000158259 neutron-periodic-workers[104933]: DEBUG cotyledon.oslo_config_glue [-] database.max_retries = 10 {{(pid=104933) log_opt_values /opt/stack/data/venv/lib/python3.12/site-packages/oslo_config/cfg.py:3006}}
Mar 10 02:27:49.526930 np0000158259 neutron-periodic-workers[104933]: DEBUG cotyledon.oslo_config_glue [-] database.mysql_sql_mode = TRADITIONAL {{(pid=104933) log_opt_values /opt/stack/data/venv/lib/python3.12/site-packages/oslo_config/cfg.py:3006}}
Mar 10 02:27:49.527038 np0000158259 neutron-periodic-workers[104933]: DEBUG cotyledon.oslo_config_glue [-] database.mysql_wsrep_sync_wait = None {{(pid=104933) log_opt_values /opt/stack/data/venv/lib/python3.12/site-packages/oslo_config/cfg.py:3006}}
Mar 10 02:27:49.527159 np0000158259 neutron-periodic-workers[104933]: DEBUG cotyledon.oslo_config_glue [-] database.pool_timeout = None {{(pid=104933) log_opt_values /opt/stack/data/venv/lib/python3.12/site-packages/oslo_config/cfg.py:3006}}
Mar 10 02:27:49.527241 np0000158259 neutron-periodic-workers[104933]: DEBUG cotyledon.oslo_config_glue [-] database.retry_interval = 10 {{(pid=104933) log_opt_values /opt/stack/data/venv/lib/python3.12/site-packages/oslo_config/cfg.py:3006}}
Mar 10 02:27:49.527326 np0000158259 neutron-periodic-workers[104933]: DEBUG cotyledon.oslo_config_glue [-] database.slave_connection = **** {{(pid=104933) log_opt_values /opt/stack/data/venv/lib/python3.12/site-packages/oslo_config/cfg.py:3006}}
Mar 10 02:27:49.527416 np0000158259 neutron-periodic-workers[104933]: DEBUG cotyledon.oslo_config_glue [-] database.sqlite_synchronous = True {{(pid=104933) log_opt_values /opt/stack/data/venv/lib/python3.12/site-packages/oslo_config/cfg.py:3006}}
Mar 10 02:27:49.527504 np0000158259 neutron-periodic-workers[104933]: DEBUG cotyledon.oslo_config_glue [-] database.synchronous_reader = True {{(pid=104933) log_opt_values /opt/stack/data/venv/lib/python3.12/site-packages/oslo_config/cfg.py:3006}}
Mar 10 02:27:49.527580 np0000158259 neutron-periodic-workers[104933]: DEBUG cotyledon.oslo_config_glue [-] database.use_db_reconnect = False {{(pid=104933) log_opt_values /opt/stack/data/venv/lib/python3.12/site-packages/oslo_config/cfg.py:3006}}
Mar 10 02:27:49.527690 np0000158259 neutron-periodic-workers[104933]: DEBUG cotyledon.oslo_config_glue [-] ovn.bfd_min_rx = 1000 {{(pid=104933) log_opt_values /opt/stack/data/venv/lib/python3.12/site-packages/oslo_config/cfg.py:3006}}
Mar 10 02:27:49.527767 np0000158259 neutron-periodic-workers[104933]: DEBUG cotyledon.oslo_config_glue [-] ovn.bfd_min_tx = 100 {{(pid=104933) log_opt_values /opt/stack/data/venv/lib/python3.12/site-packages/oslo_config/cfg.py:3006}}
Mar 10 02:27:49.527844 np0000158259 neutron-periodic-workers[104933]: DEBUG cotyledon.oslo_config_glue [-] ovn.bfd_mult = 3 {{(pid=104933) log_opt_values /opt/stack/data/venv/lib/python3.12/site-packages/oslo_config/cfg.py:3006}}
Mar 10 02:27:49.527921 np0000158259 neutron-periodic-workers[104933]: DEBUG cotyledon.oslo_config_glue [-] ovn.broadcast_arps_to_all_routers = True {{(pid=104933) log_opt_values /opt/stack/data/venv/lib/python3.12/site-packages/oslo_config/cfg.py:3006}}
Mar 10 02:27:49.527999 np0000158259 neutron-periodic-workers[104933]: DEBUG cotyledon.oslo_config_glue [-] ovn.dhcp_default_lease_time = 43200 {{(pid=104933) log_opt_values /opt/stack/data/venv/lib/python3.12/site-packages/oslo_config/cfg.py:3006}}
Mar 10 02:27:49.528085 np0000158259 neutron-periodic-workers[104933]: DEBUG cotyledon.oslo_config_glue [-] ovn.disable_ovn_dhcp_for_baremetal_ports = False {{(pid=104933) log_opt_values /opt/stack/data/venv/lib/python3.12/site-packages/oslo_config/cfg.py:3006}}
Mar 10 02:27:49.528179 np0000158259 neutron-periodic-workers[104933]: DEBUG cotyledon.oslo_config_glue [-] ovn.dns_records_ovn_owned = False {{(pid=104933) log_opt_values /opt/stack/data/venv/lib/python3.12/site-packages/oslo_config/cfg.py:3006}}
Mar 10 02:27:49.528293 np0000158259 neutron-periodic-workers[104933]: DEBUG cotyledon.oslo_config_glue [-] ovn.dns_servers = [] {{(pid=104933) log_opt_values /opt/stack/data/venv/lib/python3.12/site-packages/oslo_config/cfg.py:3006}}
Mar 10 02:27:49.528376 np0000158259 neutron-periodic-workers[104933]: DEBUG cotyledon.oslo_config_glue [-] ovn.enable_distributed_floating_ip = False {{(pid=104933) log_opt_values /opt/stack/data/venv/lib/python3.12/site-packages/oslo_config/cfg.py:3006}}
Mar 10 02:27:49.528486 np0000158259 neutron-periodic-workers[104933]: DEBUG cotyledon.oslo_config_glue [-] ovn.fdb_age_threshold = 300 {{(pid=104933) log_opt_values /opt/stack/data/venv/lib/python3.12/site-packages/oslo_config/cfg.py:3006}}
Mar 10 02:27:49.528570 np0000158259 neutron-periodic-workers[104933]: DEBUG cotyledon.oslo_config_glue [-] ovn.ha_failover_strategy = normal {{(pid=104933) log_opt_values /opt/stack/data/venv/lib/python3.12/site-packages/oslo_config/cfg.py:3006}}
Mar 10 02:27:49.528653 np0000158259 neutron-periodic-workers[104933]: DEBUG cotyledon.oslo_config_glue [-] ovn.live_migration_activation_strategy = rarp {{(pid=104933) log_opt_values /opt/stack/data/venv/lib/python3.12/site-packages/oslo_config/cfg.py:3006}}
Mar 10 02:27:49.528739 np0000158259 neutron-periodic-workers[104933]: DEBUG cotyledon.oslo_config_glue [-] ovn.localnet_learn_fdb = False {{(pid=104933) log_opt_values /opt/stack/data/venv/lib/python3.12/site-packages/oslo_config/cfg.py:3006}}
Mar 10 02:27:49.528819 np0000158259 neutron-periodic-workers[104933]: DEBUG cotyledon.oslo_config_glue [-] ovn.mac_binding_age_threshold = 300 {{(pid=104933) log_opt_values /opt/stack/data/venv/lib/python3.12/site-packages/oslo_config/cfg.py:3006}}
Mar 10 02:27:49.528907 np0000158259 neutron-periodic-workers[104933]: DEBUG cotyledon.oslo_config_glue [-] ovn.neutron_sync_mode = log {{(pid=104933) log_opt_values /opt/stack/data/venv/lib/python3.12/site-packages/oslo_config/cfg.py:3006}}
Mar 10 02:27:49.528992 np0000158259 neutron-periodic-workers[104933]: DEBUG cotyledon.oslo_config_glue [-] ovn.ovn_dhcp4_global_options = {} {{(pid=104933) log_opt_values /opt/stack/data/venv/lib/python3.12/site-packages/oslo_config/cfg.py:3006}}
Mar 10 02:27:49.529086 np0000158259 neutron-periodic-workers[104933]: DEBUG cotyledon.oslo_config_glue [-] ovn.ovn_dhcp6_global_options = {} {{(pid=104933) log_opt_values /opt/stack/data/venv/lib/python3.12/site-packages/oslo_config/cfg.py:3006}}
Mar 10 02:27:49.529178 np0000158259 neutron-periodic-workers[104933]: DEBUG cotyledon.oslo_config_glue [-] ovn.ovn_l3_scheduler = leastloaded {{(pid=104933) log_opt_values /opt/stack/data/venv/lib/python3.12/site-packages/oslo_config/cfg.py:3006}}
Mar 10 02:27:49.529267 np0000158259 neutron-periodic-workers[104933]: DEBUG cotyledon.oslo_config_glue [-] ovn.ovn_metadata_enabled = True {{(pid=104933) log_opt_values /opt/stack/data/venv/lib/python3.12/site-packages/oslo_config/cfg.py:3006}}
Mar 10 02:27:49.529409 np0000158259 neutron-periodic-workers[104933]: DEBUG cotyledon.oslo_config_glue [-] ovn.ovn_nb_ca_cert = /opt/stack/data/CA/int-ca/ca-chain.pem {{(pid=104933) log_opt_values /opt/stack/data/venv/lib/python3.12/site-packages/oslo_config/cfg.py:3006}}
Mar 10 02:27:49.529486 np0000158259 neutron-periodic-workers[104933]: DEBUG cotyledon.oslo_config_glue [-] ovn.ovn_nb_certificate = /opt/stack/data/CA/int-ca/devstack-cert.crt {{(pid=104933) log_opt_values /opt/stack/data/venv/lib/python3.12/site-packages/oslo_config/cfg.py:3006}}
Mar 10 02:27:49.529569 np0000158259 neutron-periodic-workers[104933]: DEBUG cotyledon.oslo_config_glue [-] ovn.ovn_nb_connection = ['ssl:162.253.55.195:6641'] {{(pid=104933) log_opt_values /opt/stack/data/venv/lib/python3.12/site-packages/oslo_config/cfg.py:3006}}
Mar 10 02:27:49.529651 np0000158259 neutron-periodic-workers[104933]: DEBUG cotyledon.oslo_config_glue [-] ovn.ovn_nb_private_key = /opt/stack/data/CA/int-ca/private/devstack-cert.key {{(pid=104933) log_opt_values /opt/stack/data/venv/lib/python3.12/site-packages/oslo_config/cfg.py:3006}}
Mar 10 02:27:49.529733 np0000158259 neutron-periodic-workers[104933]: DEBUG cotyledon.oslo_config_glue [-] ovn.ovn_router_indirect_snat = False {{(pid=104933) log_opt_values /opt/stack/data/venv/lib/python3.12/site-packages/oslo_config/cfg.py:3006}}
Mar 10 02:27:49.529814 np0000158259 neutron-periodic-workers[104933]: DEBUG cotyledon.oslo_config_glue [-] ovn.ovn_sb_ca_cert = /opt/stack/data/CA/int-ca/ca-chain.pem {{(pid=104933) log_opt_values /opt/stack/data/venv/lib/python3.12/site-packages/oslo_config/cfg.py:3006}}
Mar 10 02:27:49.529897 np0000158259 neutron-periodic-workers[104933]: DEBUG cotyledon.oslo_config_glue [-] ovn.ovn_sb_certificate = /opt/stack/data/CA/int-ca/devstack-cert.crt {{(pid=104933) log_opt_values /opt/stack/data/venv/lib/python3.12/site-packages/oslo_config/cfg.py:3006}}
Mar 10 02:27:49.529979 np0000158259 neutron-periodic-workers[104933]: DEBUG cotyledon.oslo_config_glue [-] ovn.ovn_sb_connection = ['ssl:162.253.55.195:6642'] {{(pid=104933) log_opt_values /opt/stack/data/venv/lib/python3.12/site-packages/oslo_config/cfg.py:3006}}
Mar 10 02:27:49.530102 np0000158259 neutron-periodic-workers[104933]: DEBUG cotyledon.oslo_config_glue [-] ovn.ovn_sb_private_key = /opt/stack/data/CA/int-ca/private/devstack-cert.key {{(pid=104933) log_opt_values /opt/stack/data/venv/lib/python3.12/site-packages/oslo_config/cfg.py:3006}}
Mar 10 02:27:49.530189 np0000158259 neutron-periodic-workers[104933]: DEBUG cotyledon.oslo_config_glue [-] ovn.ovs_create_tap = False {{(pid=104933) log_opt_values /opt/stack/data/venv/lib/python3.12/site-packages/oslo_config/cfg.py:3006}}
Mar 10 02:27:49.530290 np0000158259 neutron-periodic-workers[104933]: DEBUG cotyledon.oslo_config_glue [-] ovn.ovsdb_connection_timeout = 180 {{(pid=104933) log_opt_values /opt/stack/data/venv/lib/python3.12/site-packages/oslo_config/cfg.py:3006}}
Mar 10 02:27:49.530372 np0000158259 neutron-periodic-workers[104933]: DEBUG cotyledon.oslo_config_glue [-] ovn.ovsdb_log_level = INFO {{(pid=104933) log_opt_values /opt/stack/data/venv/lib/python3.12/site-packages/oslo_config/cfg.py:3006}}
Mar 10 02:27:49.530455 np0000158259 neutron-periodic-workers[104933]: DEBUG cotyledon.oslo_config_glue [-] ovn.ovsdb_probe_interval = 60000 {{(pid=104933) log_opt_values /opt/stack/data/venv/lib/python3.12/site-packages/oslo_config/cfg.py:3006}}
Mar 10 02:27:49.530547 np0000158259 neutron-periodic-workers[104933]: DEBUG cotyledon.oslo_config_glue [-] ovn.ovsdb_retry_max_interval = 180 {{(pid=104933) log_opt_values /opt/stack/data/venv/lib/python3.12/site-packages/oslo_config/cfg.py:3006}}
Mar 10 02:27:49.530629 np0000158259 neutron-periodic-workers[104933]: DEBUG cotyledon.oslo_config_glue [-] ovn.stateless_nat_enabled = False {{(pid=104933) log_opt_values /opt/stack/data/venv/lib/python3.12/site-packages/oslo_config/cfg.py:3006}}
Mar 10 02:27:49.530718 np0000158259 neutron-periodic-workers[104933]: DEBUG cotyledon.oslo_config_glue [-] ovn.vhost_sock_dir = /var/run/openvswitch {{(pid=104933) log_opt_values /opt/stack/data/venv/lib/python3.12/site-packages/oslo_config/cfg.py:3006}}
Mar 10 02:27:49.530817 np0000158259 neutron-periodic-workers[104933]: DEBUG cotyledon.oslo_config_glue [-] OVS.bridge_mac_table_size = 50000 {{(pid=104933) log_opt_values /opt/stack/data/venv/lib/python3.12/site-packages/oslo_config/cfg.py:3006}}
Mar 10 02:27:49.530898 np0000158259 neutron-periodic-workers[104933]: DEBUG cotyledon.oslo_config_glue [-] OVS.igmp_flood = False {{(pid=104933) log_opt_values /opt/stack/data/venv/lib/python3.12/site-packages/oslo_config/cfg.py:3006}}
Mar 10 02:27:49.530980 np0000158259 neutron-periodic-workers[104933]: DEBUG cotyledon.oslo_config_glue [-] OVS.igmp_flood_reports = True {{(pid=104933) log_opt_values /opt/stack/data/venv/lib/python3.12/site-packages/oslo_config/cfg.py:3006}}
Mar 10 02:27:49.531110 np0000158259 neutron-periodic-workers[104933]: DEBUG cotyledon.oslo_config_glue [-] OVS.igmp_flood_unregistered = False {{(pid=104933) log_opt_values /opt/stack/data/venv/lib/python3.12/site-packages/oslo_config/cfg.py:3006}}
Mar 10 02:27:49.531197 np0000158259 neutron-periodic-workers[104933]: DEBUG cotyledon.oslo_config_glue [-] OVS.igmp_snooping_enable = False {{(pid=104933) log_opt_values /opt/stack/data/venv/lib/python3.12/site-packages/oslo_config/cfg.py:3006}}
Mar 10 02:27:49.531279 np0000158259 neutron-periodic-workers[104933]: DEBUG cotyledon.oslo_config_glue [-] OVS.ovsdb_timeout = 10 {{(pid=104933) log_opt_values /opt/stack/data/venv/lib/python3.12/site-packages/oslo_config/cfg.py:3006}}
Mar 10 02:27:49.531374 np0000158259 neutron-periodic-workers[104933]: DEBUG cotyledon.oslo_config_glue [-] ovn_nb_global.fdb_removal_limit = 0 {{(pid=104933) log_opt_values /opt/stack/data/venv/lib/python3.12/site-packages/oslo_config/cfg.py:3006}}
Mar 10 02:27:49.531469 np0000158259 neutron-periodic-workers[104933]: DEBUG cotyledon.oslo_config_glue [-] ovn_nb_global.ignore_lsp_down = False {{(pid=104933) log_opt_values /opt/stack/data/venv/lib/python3.12/site-packages/oslo_config/cfg.py:3006}}
Mar 10 02:27:49.531561 np0000158259 neutron-periodic-workers[104933]: DEBUG cotyledon.oslo_config_glue [-] ovn_nb_global.mac_binding_removal_limit = 0 {{(pid=104933) log_opt_values /opt/stack/data/venv/lib/python3.12/site-packages/oslo_config/cfg.py:3006}}
Mar 10 02:27:49.531641 np0000158259 neutron-periodic-workers[104933]: DEBUG cotyledon.oslo_config_glue [-] ******************************************************************************** {{(pid=104933) log_opt_values /opt/stack/data/venv/lib/python3.12/site-packages/oslo_config/cfg.py:3013}}
Mar 10 02:27:49.531912 np0000158259 neutron-periodic-workers[104933]: DEBUG cotyledon._service_worker [-] Run service ServiceWrapper(0) [104933] {{(pid=104933) wait_forever /opt/stack/data/venv/lib/python3.12/site-packages/cotyledon/_service_worker.py:218}}
Mar 10 02:27:59.133933 np0000158259 neutron-periodic-workers[104078]: DEBUG dbcounter [-] [104078] Writing DB stats neutron:SELECT=4 {{(pid=104078) stat_writer /opt/stack/data/venv/lib/python3.12/site-packages/dbcounter.py:115}}
Mar 10 02:28:50.516502 np0000158259 neutron-periodic-workers[104942]: DEBUG oslo_db.sqlalchemy.engines [None req-869ad061-8a10-4ae0-a1d0-b4f74759848d None None] Parent process 104078 forked (104942) with an open database connection, which is being discarded and recreated. {{(pid=104942) checkout /opt/stack/data/venv/lib/python3.12/site-packages/oslo_db/sqlalchemy/engines.py:402}}
Mar 10 02:28:50.525443 np0000158259 neutron-periodic-workers[104942]: DEBUG dbcounter [-] [104942] Writer thread running {{(pid=104942) stat_writer /opt/stack/data/venv/lib/python3.12/site-packages/dbcounter.py:102}}
Mar 10 02:28:50.529101 np0000158259 neutron-periodic-workers[104942]: DEBUG neutron.db.agents_db [None req-869ad061-8a10-4ae0-a1d0-b4f74759848d None None] Agent healthcheck: found 0 active agents {{(pid=104942) agent_health_check /opt/stack/neutron/neutron/db/agents_db.py:317}}
Mar 10 02:28:50.529286 np0000158259 neutron-periodic-workers[104942]: DEBUG oslo.service.backend._threading.loopingcall [None req-869ad061-8a10-4ae0-a1d0-b4f74759848d None None] Fixed interval looping call 'neutron.plugins.ml2.plugin.AgentDbMixin.agent_health_check' sleeping for 36.97 seconds {{(pid=104942) _run_loop /opt/stack/data/venv/lib/python3.12/site-packages/oslo_service/backend/_threading/loopingcall.py:125}}
Mar 10 02:28:50.550996 np0000158259 neutron-periodic-workers[104933]: DEBUG dbcounter [-] [104933] Writer thread running {{(pid=104933) stat_writer /opt/stack/data/venv/lib/python3.12/site-packages/dbcounter.py:102}}
Mar 10 02:28:50.559692 np0000158259 neutron-periodic-workers[104933]: DEBUG oslo.service.backend._threading.loopingcall [None req-eb3d5106-2212-4f7d-9452-a33d75c7bace None None] Fixed interval looping call 'neutron.plugins.ml2.plugin.DhcpAgentSchedulerDbMixin.remove_networks_from_down_agents' sleeping for 36.98 seconds {{(pid=104933) _run_loop /opt/stack/data/venv/lib/python3.12/site-packages/oslo_service/backend/_threading/loopingcall.py:125}}
Mar 10 02:29:00.526521 np0000158259 neutron-periodic-workers[104942]: DEBUG dbcounter [-] [104942] Writing DB stats neutron:SELECT=1 {{(pid=104942) stat_writer /opt/stack/data/venv/lib/python3.12/site-packages/dbcounter.py:115}}
Mar 10 02:29:00.558107 np0000158259 neutron-periodic-workers[104933]: DEBUG dbcounter [-] [104933] Writing DB stats neutron:SELECT=3 {{(pid=104933) stat_writer /opt/stack/data/venv/lib/python3.12/site-packages/dbcounter.py:115}}
Mar 10 02:29:27.504230 np0000158259 neutron-periodic-workers[104942]: DEBUG neutron.db.agents_db [None req-869ad061-8a10-4ae0-a1d0-b4f74759848d None None] Agent healthcheck: found 0 active agents {{(pid=104942) agent_health_check /opt/stack/neutron/neutron/db/agents_db.py:317}}
Mar 10 02:29:27.505044 np0000158259 neutron-periodic-workers[104942]: DEBUG oslo.service.backend._threading.loopingcall [None req-869ad061-8a10-4ae0-a1d0-b4f74759848d None None] Fixed interval looping call 'neutron.plugins.ml2.plugin.AgentDbMixin.agent_health_check' sleeping for 37.00 seconds {{(pid=104942) _run_loop /opt/stack/data/venv/lib/python3.12/site-packages/oslo_service/backend/_threading/loopingcall.py:125}}
Mar 10 02:29:27.549780 np0000158259 neutron-periodic-workers[104933]: DEBUG oslo.service.backend._threading.loopingcall [None req-eb3d5106-2212-4f7d-9452-a33d75c7bace None None] Fixed interval looping call 'neutron.plugins.ml2.plugin.DhcpAgentSchedulerDbMixin.remove_networks_from_down_agents' sleeping for 36.99 seconds {{(pid=104933) _run_loop /opt/stack/data/venv/lib/python3.12/site-packages/oslo_service/backend/_threading/loopingcall.py:125}}
Mar 10 02:29:37.502654 np0000158259 neutron-periodic-workers[104942]: DEBUG dbcounter [-] [104942] Writing DB stats neutron:SELECT=1 {{(pid=104942) stat_writer /opt/stack/data/venv/lib/python3.12/site-packages/dbcounter.py:115}}
Mar 10 02:29:37.548530 np0000158259 neutron-periodic-workers[104933]: DEBUG dbcounter [-] [104933] Writing DB stats neutron:SELECT=3 {{(pid=104933) stat_writer /opt/stack/data/venv/lib/python3.12/site-packages/dbcounter.py:115}}
Mar 10 02:29:49.534978 np0000158259 neutron-periodic-workers[104950]: DEBUG dbcounter [-] [104950] Writer thread running {{(pid=104950) stat_writer /opt/stack/data/venv/lib/python3.12/site-packages/dbcounter.py:102}}
Mar 10 02:29:49.536711 np0000158259 neutron-periodic-workers[104950]: DEBUG oslo.service.backend._threading.loopingcall [None req-f1a7f340-cc08-466d-a437-1415ec3f3433 None None] Fixed interval looping call 'neutron.db.quota.driver_nolock.DbQuotaNoLockDriver._remove_expired_reservations' sleeping for 119.98 seconds {{(pid=104950) _run_loop /opt/stack/data/venv/lib/python3.12/site-packages/oslo_service/backend/_threading/loopingcall.py:125}}
Mar 10 02:29:59.536029 np0000158259 neutron-periodic-workers[104950]: DEBUG dbcounter [-] [104950] Writing DB stats neutron:DELETE=1 {{(pid=104950) stat_writer /opt/stack/data/venv/lib/python3.12/site-packages/dbcounter.py:115}}
Mar 10 02:30:04.510213 np0000158259 neutron-periodic-workers[104942]: DEBUG neutron.db.agents_db [None req-869ad061-8a10-4ae0-a1d0-b4f74759848d None None] Agent healthcheck: found 0 active agents {{(pid=104942) agent_health_check /opt/stack/neutron/neutron/db/agents_db.py:317}}
Mar 10 02:30:04.510704 np0000158259 neutron-periodic-workers[104942]: DEBUG oslo.service.backend._threading.loopingcall [None req-869ad061-8a10-4ae0-a1d0-b4f74759848d None None] Fixed interval looping call 'neutron.plugins.ml2.plugin.AgentDbMixin.agent_health_check' sleeping for 36.99 seconds {{(pid=104942) _run_loop /opt/stack/data/venv/lib/python3.12/site-packages/oslo_service/backend/_threading/loopingcall.py:125}}
Mar 10 02:30:04.548247 np0000158259 neutron-periodic-workers[104933]: DEBUG oslo.service.backend._threading.loopingcall [None req-eb3d5106-2212-4f7d-9452-a33d75c7bace None None] Fixed interval looping call 'neutron.plugins.ml2.plugin.DhcpAgentSchedulerDbMixin.remove_networks_from_down_agents' sleeping for 36.99 seconds {{(pid=104933) _run_loop /opt/stack/data/venv/lib/python3.12/site-packages/oslo_service/backend/_threading/loopingcall.py:125}}
Mar 10 02:30:14.508294 np0000158259 neutron-periodic-workers[104942]: DEBUG dbcounter [-] [104942] Writing DB stats neutron:SELECT=1 {{(pid=104942) stat_writer /opt/stack/data/venv/lib/python3.12/site-packages/dbcounter.py:115}}
Mar 10 02:30:14.547759 np0000158259 neutron-periodic-workers[104933]: DEBUG dbcounter [-] [104933] Writing DB stats neutron:SELECT=3 {{(pid=104933) stat_writer /opt/stack/data/venv/lib/python3.12/site-packages/dbcounter.py:115}}
Mar 10 02:30:41.507293 np0000158259 neutron-periodic-workers[104942]: DEBUG neutron.db.agents_db [None req-869ad061-8a10-4ae0-a1d0-b4f74759848d None None] Agent healthcheck: found 0 active agents {{(pid=104942) agent_health_check /opt/stack/neutron/neutron/db/agents_db.py:317}}
Mar 10 02:30:41.507293 np0000158259 neutron-periodic-workers[104942]: DEBUG oslo.service.backend._threading.loopingcall [None req-869ad061-8a10-4ae0-a1d0-b4f74759848d None None] Fixed interval looping call 'neutron.plugins.ml2.plugin.AgentDbMixin.agent_health_check' sleeping for 36.99 seconds {{(pid=104942) _run_loop /opt/stack/data/venv/lib/python3.12/site-packages/oslo_service/backend/_threading/loopingcall.py:125}}
Mar 10 02:30:41.550107 np0000158259 neutron-periodic-workers[104933]: DEBUG oslo.service.backend._threading.loopingcall [None req-eb3d5106-2212-4f7d-9452-a33d75c7bace None None] Fixed interval looping call 'neutron.plugins.ml2.plugin.DhcpAgentSchedulerDbMixin.remove_networks_from_down_agents' sleeping for 36.99 seconds {{(pid=104933) _run_loop /opt/stack/data/venv/lib/python3.12/site-packages/oslo_service/backend/_threading/loopingcall.py:125}}
Mar 10 02:30:51.504591 np0000158259 neutron-periodic-workers[104942]: DEBUG dbcounter [-] [104942] Writing DB stats neutron:SELECT=1 {{(pid=104942) stat_writer /opt/stack/data/venv/lib/python3.12/site-packages/dbcounter.py:115}}
Mar 10 02:30:51.548901 np0000158259 neutron-periodic-workers[104933]: DEBUG dbcounter [-] [104933] Writing DB stats neutron:SELECT=3 {{(pid=104933) stat_writer /opt/stack/data/venv/lib/python3.12/site-packages/dbcounter.py:115}}
Mar 10 02:31:18.501547 np0000158259 neutron-periodic-workers[104942]: DEBUG neutron.db.agents_db [None req-869ad061-8a10-4ae0-a1d0-b4f74759848d None None] Agent healthcheck: found 0 active agents {{(pid=104942) agent_health_check /opt/stack/neutron/neutron/db/agents_db.py:317}}
Mar 10 02:31:18.502164 np0000158259 neutron-periodic-workers[104942]: DEBUG oslo.service.backend._threading.loopingcall [None req-869ad061-8a10-4ae0-a1d0-b4f74759848d None None] Fixed interval looping call 'neutron.plugins.ml2.plugin.AgentDbMixin.agent_health_check' sleeping for 37.00 seconds {{(pid=104942) _run_loop /opt/stack/data/venv/lib/python3.12/site-packages/oslo_service/backend/_threading/loopingcall.py:125}}
Mar 10 02:31:18.547215 np0000158259 neutron-periodic-workers[104933]: DEBUG oslo.service.backend._threading.loopingcall [None req-eb3d5106-2212-4f7d-9452-a33d75c7bace None None] Fixed interval looping call 'neutron.plugins.ml2.plugin.DhcpAgentSchedulerDbMixin.remove_networks_from_down_agents' sleeping for 36.99 seconds {{(pid=104933) _run_loop /opt/stack/data/venv/lib/python3.12/site-packages/oslo_service/backend/_threading/loopingcall.py:125}}
Mar 10 02:31:28.499866 np0000158259 neutron-periodic-workers[104942]: DEBUG dbcounter [-] [104942] Writing DB stats neutron:SELECT=1 {{(pid=104942) stat_writer /opt/stack/data/venv/lib/python3.12/site-packages/dbcounter.py:115}}
Mar 10 02:31:28.546380 np0000158259 neutron-periodic-workers[104933]: DEBUG dbcounter [-] [104933] Writing DB stats neutron:SELECT=3 {{(pid=104933) stat_writer /opt/stack/data/venv/lib/python3.12/site-packages/dbcounter.py:115}}
Mar 10 02:31:49.519917 np0000158259 neutron-periodic-workers[104950]: DEBUG oslo.service.backend._threading.loopingcall [None req-f1a7f340-cc08-466d-a437-1415ec3f3433 None None] Fixed interval looping call 'neutron.db.quota.driver_nolock.DbQuotaNoLockDriver._remove_expired_reservations' sleeping for 120.00 seconds {{(pid=104950) _run_loop /opt/stack/data/venv/lib/python3.12/site-packages/oslo_service/backend/_threading/loopingcall.py:125}}
Mar 10 02:31:55.507389 np0000158259 neutron-periodic-workers[104942]: DEBUG neutron.db.agents_db [None req-869ad061-8a10-4ae0-a1d0-b4f74759848d None None] Agent healthcheck: found 0 active agents {{(pid=104942) agent_health_check /opt/stack/neutron/neutron/db/agents_db.py:317}}
Mar 10 02:31:55.508025 np0000158259 neutron-periodic-workers[104942]: DEBUG oslo.service.backend._threading.loopingcall [None req-869ad061-8a10-4ae0-a1d0-b4f74759848d None None] Fixed interval looping call 'neutron.plugins.ml2.plugin.AgentDbMixin.agent_health_check' sleeping for 36.99 seconds {{(pid=104942) _run_loop /opt/stack/data/venv/lib/python3.12/site-packages/oslo_service/backend/_threading/loopingcall.py:125}}
Mar 10 02:31:55.543778 np0000158259 neutron-periodic-workers[104933]: DEBUG oslo.service.backend._threading.loopingcall [None req-eb3d5106-2212-4f7d-9452-a33d75c7bace None None] Fixed interval looping call 'neutron.plugins.ml2.plugin.DhcpAgentSchedulerDbMixin.remove_networks_from_down_agents' sleeping for 36.99 seconds {{(pid=104933) _run_loop /opt/stack/data/venv/lib/python3.12/site-packages/oslo_service/backend/_threading/loopingcall.py:125}}
Mar 10 02:31:59.520032 np0000158259 neutron-periodic-workers[104950]: DEBUG dbcounter [-] [104950] Writing DB stats neutron:DELETE=1 {{(pid=104950) stat_writer /opt/stack/data/venv/lib/python3.12/site-packages/dbcounter.py:115}}
Mar 10 02:32:05.505725 np0000158259 neutron-periodic-workers[104942]: DEBUG dbcounter [-] [104942] Writing DB stats neutron:SELECT=1 {{(pid=104942) stat_writer /opt/stack/data/venv/lib/python3.12/site-packages/dbcounter.py:115}}
Mar 10 02:32:05.543195 np0000158259 neutron-periodic-workers[104933]: DEBUG dbcounter [-] [104933] Writing DB stats neutron:SELECT=3 {{(pid=104933) stat_writer /opt/stack/data/venv/lib/python3.12/site-packages/dbcounter.py:115}}
Mar 10 02:32:32.500674 np0000158259 neutron-periodic-workers[104942]: DEBUG neutron.db.agents_db [None req-869ad061-8a10-4ae0-a1d0-b4f74759848d None None] Agent healthcheck: found 0 active agents {{(pid=104942) agent_health_check /opt/stack/neutron/neutron/db/agents_db.py:317}}
Mar 10 02:32:32.501283 np0000158259 neutron-periodic-workers[104942]: DEBUG oslo.service.backend._threading.loopingcall [None req-869ad061-8a10-4ae0-a1d0-b4f74759848d None None] Fixed interval looping call 'neutron.plugins.ml2.plugin.AgentDbMixin.agent_health_check' sleeping for 37.00 seconds {{(pid=104942) _run_loop /opt/stack/data/venv/lib/python3.12/site-packages/oslo_service/backend/_threading/loopingcall.py:125}}
Mar 10 02:32:32.542432 np0000158259 neutron-periodic-workers[104933]: DEBUG oslo.service.backend._threading.loopingcall [None req-eb3d5106-2212-4f7d-9452-a33d75c7bace None None] Fixed interval looping call 'neutron.plugins.ml2.plugin.DhcpAgentSchedulerDbMixin.remove_networks_from_down_agents' sleeping for 36.99 seconds {{(pid=104933) _run_loop /opt/stack/data/venv/lib/python3.12/site-packages/oslo_service/backend/_threading/loopingcall.py:125}}
Mar 10 02:32:42.499911 np0000158259 neutron-periodic-workers[104942]: DEBUG dbcounter [-] [104942] Writing DB stats neutron:SELECT=1 {{(pid=104942) stat_writer /opt/stack/data/venv/lib/python3.12/site-packages/dbcounter.py:115}}
Mar 10 02:32:42.540622 np0000158259 neutron-periodic-workers[104933]: DEBUG dbcounter [-] [104933] Writing DB stats neutron:SELECT=3 {{(pid=104933) stat_writer /opt/stack/data/venv/lib/python3.12/site-packages/dbcounter.py:115}}
Mar 10 02:32:43.498039 np0000158259 neutron-periodic-workers[104924]: DEBUG dbcounter [-] [104924] Writer thread running {{(pid=104924) stat_writer /opt/stack/data/venv/lib/python3.12/site-packages/dbcounter.py:102}}
Mar 10 02:32:43.512801 np0000158259 neutron-periodic-workers[104924]: DEBUG oslo.service.backend._threading.loopingcall [None req-b5461a21-4cf7-414b-a67b-8c884fd2372e None None] Fixed interval looping call 'neutron.services.ovn_l3.plugin.L3_NAT_dbonly_mixin._clean_garbage' sleeping for 299.95 seconds {{(pid=104924) _run_loop /opt/stack/data/venv/lib/python3.12/site-packages/oslo_service/backend/_threading/loopingcall.py:125}}
Mar 10 02:32:53.498613 np0000158259 neutron-periodic-workers[104924]: DEBUG dbcounter [-] [104924] Writing DB stats neutron:SELECT=1 {{(pid=104924) stat_writer /opt/stack/data/venv/lib/python3.12/site-packages/dbcounter.py:115}}
Mar 10 02:33:09.506129 np0000158259 neutron-periodic-workers[104942]: DEBUG neutron.db.agents_db [None req-869ad061-8a10-4ae0-a1d0-b4f74759848d None None] Agent healthcheck: found 0 active agents {{(pid=104942) agent_health_check /opt/stack/neutron/neutron/db/agents_db.py:317}}
Mar 10 02:33:09.506873 np0000158259 neutron-periodic-workers[104942]: DEBUG oslo.service.backend._threading.loopingcall [None req-869ad061-8a10-4ae0-a1d0-b4f74759848d None None] Fixed interval looping call 'neutron.plugins.ml2.plugin.AgentDbMixin.agent_health_check' sleeping for 36.99 seconds {{(pid=104942) _run_loop /opt/stack/data/venv/lib/python3.12/site-packages/oslo_service/backend/_threading/loopingcall.py:125}}
Mar 10 02:33:09.539281 np0000158259 neutron-periodic-workers[104933]: DEBUG oslo.service.backend._threading.loopingcall [None req-eb3d5106-2212-4f7d-9452-a33d75c7bace None None] Fixed interval looping call 'neutron.plugins.ml2.plugin.DhcpAgentSchedulerDbMixin.remove_networks_from_down_agents' sleeping for 36.99 seconds {{(pid=104933) _run_loop /opt/stack/data/venv/lib/python3.12/site-packages/oslo_service/backend/_threading/loopingcall.py:125}}
Mar 10 02:33:19.504684 np0000158259 neutron-periodic-workers[104942]: DEBUG dbcounter [-] [104942] Writing DB stats neutron:SELECT=1 {{(pid=104942) stat_writer /opt/stack/data/venv/lib/python3.12/site-packages/dbcounter.py:115}}
Mar 10 02:33:19.538575 np0000158259 neutron-periodic-workers[104933]: DEBUG dbcounter [-] [104933] Writing DB stats neutron:SELECT=3 {{(pid=104933) stat_writer /opt/stack/data/venv/lib/python3.12/site-packages/dbcounter.py:115}}
Mar 10 02:33:46.502624 np0000158259 neutron-periodic-workers[104942]: DEBUG neutron.db.agents_db [None req-869ad061-8a10-4ae0-a1d0-b4f74759848d None None] Agent healthcheck: found 0 active agents {{(pid=104942) agent_health_check /opt/stack/neutron/neutron/db/agents_db.py:317}}
Mar 10 02:33:46.504001 np0000158259 neutron-periodic-workers[104942]: DEBUG oslo.service.backend._threading.loopingcall [None req-869ad061-8a10-4ae0-a1d0-b4f74759848d None None] Fixed interval looping call 'neutron.plugins.ml2.plugin.AgentDbMixin.agent_health_check' sleeping for 36.99 seconds {{(pid=104942) _run_loop /opt/stack/data/venv/lib/python3.12/site-packages/oslo_service/backend/_threading/loopingcall.py:125}}
Mar 10 02:33:46.536675 np0000158259 neutron-periodic-workers[104933]: DEBUG oslo.service.backend._threading.loopingcall [None req-eb3d5106-2212-4f7d-9452-a33d75c7bace None None] Fixed interval looping call 'neutron.plugins.ml2.plugin.DhcpAgentSchedulerDbMixin.remove_networks_from_down_agents' sleeping for 36.99 seconds {{(pid=104933) _run_loop /opt/stack/data/venv/lib/python3.12/site-packages/oslo_service/backend/_threading/loopingcall.py:125}}
Mar 10 02:33:49.524699 np0000158259 neutron-periodic-workers[104950]: DEBUG oslo.service.backend._threading.loopingcall [None req-f1a7f340-cc08-466d-a437-1415ec3f3433 None None] Fixed interval looping call 'neutron.db.quota.driver_nolock.DbQuotaNoLockDriver._remove_expired_reservations' sleeping for 120.00 seconds {{(pid=104950) _run_loop /opt/stack/data/venv/lib/python3.12/site-packages/oslo_service/backend/_threading/loopingcall.py:125}}
Mar 10 02:33:56.500353 np0000158259 neutron-periodic-workers[104942]: DEBUG dbcounter [-] [104942] Writing DB stats neutron:SELECT=1 {{(pid=104942) stat_writer /opt/stack/data/venv/lib/python3.12/site-packages/dbcounter.py:115}}
Mar 10 02:33:56.535692 np0000158259 neutron-periodic-workers[104933]: DEBUG dbcounter [-] [104933] Writing DB stats neutron:SELECT=3 {{(pid=104933) stat_writer /opt/stack/data/venv/lib/python3.12/site-packages/dbcounter.py:115}}
Mar 10 02:33:59.523846 np0000158259 neutron-periodic-workers[104950]: DEBUG dbcounter [-] [104950] Writing DB stats neutron:DELETE=1 {{(pid=104950) stat_writer /opt/stack/data/venv/lib/python3.12/site-packages/dbcounter.py:115}}
Mar 10 02:34:23.499022 np0000158259 neutron-periodic-workers[104942]: DEBUG neutron.db.agents_db [None req-869ad061-8a10-4ae0-a1d0-b4f74759848d None None] Agent healthcheck: found 0 active agents {{(pid=104942) agent_health_check /opt/stack/neutron/neutron/db/agents_db.py:317}}
Mar 10 02:34:23.499991 np0000158259 neutron-periodic-workers[104942]: DEBUG oslo.service.backend._threading.loopingcall [None req-869ad061-8a10-4ae0-a1d0-b4f74759848d None None] Fixed interval looping call 'neutron.plugins.ml2.plugin.AgentDbMixin.agent_health_check' sleeping for 36.99 seconds {{(pid=104942) _run_loop /opt/stack/data/venv/lib/python3.12/site-packages/oslo_service/backend/_threading/loopingcall.py:125}}
Mar 10 02:34:23.536215 np0000158259 neutron-periodic-workers[104933]: DEBUG oslo.service.backend._threading.loopingcall [None req-eb3d5106-2212-4f7d-9452-a33d75c7bace None None] Fixed interval looping call 'neutron.plugins.ml2.plugin.DhcpAgentSchedulerDbMixin.remove_networks_from_down_agents' sleeping for 36.99 seconds {{(pid=104933) _run_loop /opt/stack/data/venv/lib/python3.12/site-packages/oslo_service/backend/_threading/loopingcall.py:125}}
Mar 10 02:34:33.496509 np0000158259 neutron-periodic-workers[104942]: DEBUG dbcounter [-] [104942] Writing DB stats neutron:SELECT=1 {{(pid=104942) stat_writer /opt/stack/data/venv/lib/python3.12/site-packages/dbcounter.py:115}}
Mar 10 02:34:33.535154 np0000158259 neutron-periodic-workers[104933]: DEBUG dbcounter [-] [104933] Writing DB stats neutron:SELECT=3 {{(pid=104933) stat_writer /opt/stack/data/venv/lib/python3.12/site-packages/dbcounter.py:115}}
Mar 10 02:35:00.494538 np0000158259 neutron-periodic-workers[104942]: DEBUG neutron.db.agents_db [None req-869ad061-8a10-4ae0-a1d0-b4f74759848d None None] Agent healthcheck: found 0 active agents {{(pid=104942) agent_health_check /opt/stack/neutron/neutron/db/agents_db.py:317}}
Mar 10 02:35:00.495168 np0000158259 neutron-periodic-workers[104942]: DEBUG oslo.service.backend._threading.loopingcall [None req-869ad061-8a10-4ae0-a1d0-b4f74759848d None None] Fixed interval looping call 'neutron.plugins.ml2.plugin.AgentDbMixin.agent_health_check' sleeping for 37.00 seconds {{(pid=104942) _run_loop /opt/stack/data/venv/lib/python3.12/site-packages/oslo_service/backend/_threading/loopingcall.py:125}}
Mar 10 02:35:00.535786 np0000158259 neutron-periodic-workers[104933]: DEBUG oslo.service.backend._threading.loopingcall [None req-eb3d5106-2212-4f7d-9452-a33d75c7bace None None] Fixed interval looping call 'neutron.plugins.ml2.plugin.DhcpAgentSchedulerDbMixin.remove_networks_from_down_agents' sleeping for 36.99 seconds {{(pid=104933) _run_loop /opt/stack/data/venv/lib/python3.12/site-packages/oslo_service/backend/_threading/loopingcall.py:125}}
Mar 10 02:35:10.493184 np0000158259 neutron-periodic-workers[104942]: DEBUG dbcounter [-] [104942] Writing DB stats neutron:SELECT=1 {{(pid=104942) stat_writer /opt/stack/data/venv/lib/python3.12/site-packages/dbcounter.py:115}}
Mar 10 02:35:10.534534 np0000158259 neutron-periodic-workers[104933]: DEBUG dbcounter [-] [104933] Writing DB stats neutron:SELECT=3 {{(pid=104933) stat_writer /opt/stack/data/venv/lib/python3.12/site-packages/dbcounter.py:115}}
Mar 10 02:35:37.500266 np0000158259 neutron-periodic-workers[104942]: DEBUG neutron.db.agents_db [None req-869ad061-8a10-4ae0-a1d0-b4f74759848d None None] Agent healthcheck: found 0 active agents {{(pid=104942) agent_health_check /opt/stack/neutron/neutron/db/agents_db.py:317}}
Mar 10 02:35:37.500983 np0000158259 neutron-periodic-workers[104942]: DEBUG oslo.service.backend._threading.loopingcall [None req-869ad061-8a10-4ae0-a1d0-b4f74759848d None None] Fixed interval looping call 'neutron.plugins.ml2.plugin.AgentDbMixin.agent_health_check' sleeping for 36.99 seconds {{(pid=104942) _run_loop /opt/stack/data/venv/lib/python3.12/site-packages/oslo_service/backend/_threading/loopingcall.py:125}}
Mar 10 02:35:37.535853 np0000158259 neutron-periodic-workers[104933]: DEBUG oslo.service.backend._threading.loopingcall [None req-eb3d5106-2212-4f7d-9452-a33d75c7bace None None] Fixed interval looping call 'neutron.plugins.ml2.plugin.DhcpAgentSchedulerDbMixin.remove_networks_from_down_agents' sleeping for 36.99 seconds {{(pid=104933) _run_loop /opt/stack/data/venv/lib/python3.12/site-packages/oslo_service/backend/_threading/loopingcall.py:125}}
Mar 10 02:35:47.500500 np0000158259 neutron-periodic-workers[104942]: DEBUG dbcounter [-] [104942] Writing DB stats neutron:SELECT=1 {{(pid=104942) stat_writer /opt/stack/data/venv/lib/python3.12/site-packages/dbcounter.py:115}}
Mar 10 02:35:47.534955 np0000158259 neutron-periodic-workers[104933]: DEBUG dbcounter [-] [104933] Writing DB stats neutron:SELECT=3 {{(pid=104933) stat_writer /opt/stack/data/venv/lib/python3.12/site-packages/dbcounter.py:115}}
Mar 10 02:35:49.529686 np0000158259 neutron-periodic-workers[104950]: DEBUG oslo.service.backend._threading.loopingcall [None req-f1a7f340-cc08-466d-a437-1415ec3f3433 None None] Fixed interval looping call 'neutron.db.quota.driver_nolock.DbQuotaNoLockDriver._remove_expired_reservations' sleeping for 120.00 seconds {{(pid=104950) _run_loop /opt/stack/data/venv/lib/python3.12/site-packages/oslo_service/backend/_threading/loopingcall.py:125}}
Mar 10 02:35:59.528281 np0000158259 neutron-periodic-workers[104950]: DEBUG dbcounter [-] [104950] Writing DB stats neutron:DELETE=1 {{(pid=104950) stat_writer /opt/stack/data/venv/lib/python3.12/site-packages/dbcounter.py:115}}
Mar 10 02:36:14.494132 np0000158259 neutron-periodic-workers[104942]: DEBUG neutron.db.agents_db [None req-869ad061-8a10-4ae0-a1d0-b4f74759848d None None] Agent healthcheck: found 0 active agents {{(pid=104942) agent_health_check /opt/stack/neutron/neutron/db/agents_db.py:317}}
Mar 10 02:36:14.494668 np0000158259 neutron-periodic-workers[104942]: DEBUG oslo.service.backend._threading.loopingcall [None req-869ad061-8a10-4ae0-a1d0-b4f74759848d None None] Fixed interval looping call 'neutron.plugins.ml2.plugin.AgentDbMixin.agent_health_check' sleeping for 37.00 seconds {{(pid=104942) _run_loop /opt/stack/data/venv/lib/python3.12/site-packages/oslo_service/backend/_threading/loopingcall.py:125}}
Mar 10 02:36:14.534882 np0000158259 neutron-periodic-workers[104933]: DEBUG oslo.service.backend._threading.loopingcall [None req-eb3d5106-2212-4f7d-9452-a33d75c7bace None None] Fixed interval looping call 'neutron.plugins.ml2.plugin.DhcpAgentSchedulerDbMixin.remove_networks_from_down_agents' sleeping for 36.99 seconds {{(pid=104933) _run_loop /opt/stack/data/venv/lib/python3.12/site-packages/oslo_service/backend/_threading/loopingcall.py:125}}
Mar 10 02:36:24.495035 np0000158259 neutron-periodic-workers[104942]: DEBUG dbcounter [-] [104942] Writing DB stats neutron:SELECT=1 {{(pid=104942) stat_writer /opt/stack/data/venv/lib/python3.12/site-packages/dbcounter.py:115}}
Mar 10 02:36:24.533634 np0000158259 neutron-periodic-workers[104933]: DEBUG dbcounter [-] [104933] Writing DB stats neutron:SELECT=3 {{(pid=104933) stat_writer /opt/stack/data/venv/lib/python3.12/site-packages/dbcounter.py:115}}
Mar 10 02:36:51.499729 np0000158259 neutron-periodic-workers[104942]: DEBUG neutron.db.agents_db [None req-869ad061-8a10-4ae0-a1d0-b4f74759848d None None] Agent healthcheck: found 0 active agents {{(pid=104942) agent_health_check /opt/stack/neutron/neutron/db/agents_db.py:317}}
Mar 10 02:36:51.500252 np0000158259 neutron-periodic-workers[104942]: DEBUG oslo.service.backend._threading.loopingcall [None req-869ad061-8a10-4ae0-a1d0-b4f74759848d None None] Fixed interval looping call 'neutron.plugins.ml2.plugin.AgentDbMixin.agent_health_check' sleeping for 36.99 seconds {{(pid=104942) _run_loop /opt/stack/data/venv/lib/python3.12/site-packages/oslo_service/backend/_threading/loopingcall.py:125}}
Mar 10 02:36:51.534647 np0000158259 neutron-periodic-workers[104933]: DEBUG oslo.service.backend._threading.loopingcall [None req-eb3d5106-2212-4f7d-9452-a33d75c7bace None None] Fixed interval looping call 'neutron.plugins.ml2.plugin.DhcpAgentSchedulerDbMixin.remove_networks_from_down_agents' sleeping for 36.99 seconds {{(pid=104933) _run_loop /opt/stack/data/venv/lib/python3.12/site-packages/oslo_service/backend/_threading/loopingcall.py:125}}
Mar 10 02:37:01.534491 np0000158259 neutron-periodic-workers[104933]: DEBUG dbcounter [-] [104933] Writing DB stats neutron:SELECT=3 {{(pid=104933) stat_writer /opt/stack/data/venv/lib/python3.12/site-packages/dbcounter.py:115}}
Mar 10 02:37:01.535265 np0000158259 neutron-periodic-workers[104942]: DEBUG dbcounter [-] [104942] Writing DB stats neutron:SELECT=1 {{(pid=104942) stat_writer /opt/stack/data/venv/lib/python3.12/site-packages/dbcounter.py:115}}
Mar 10 02:37:28.493002 np0000158259 neutron-periodic-workers[104942]: DEBUG neutron.db.agents_db [None req-869ad061-8a10-4ae0-a1d0-b4f74759848d None None] Agent healthcheck: found 0 active agents {{(pid=104942) agent_health_check /opt/stack/neutron/neutron/db/agents_db.py:317}}
Mar 10 02:37:28.493544 np0000158259 neutron-periodic-workers[104942]: DEBUG oslo.service.backend._threading.loopingcall [None req-869ad061-8a10-4ae0-a1d0-b4f74759848d None None] Fixed interval looping call 'neutron.plugins.ml2.plugin.AgentDbMixin.agent_health_check' sleeping for 37.00 seconds {{(pid=104942) _run_loop /opt/stack/data/venv/lib/python3.12/site-packages/oslo_service/backend/_threading/loopingcall.py:125}}
Mar 10 02:37:28.534844 np0000158259 neutron-periodic-workers[104933]: DEBUG oslo.service.backend._threading.loopingcall [None req-eb3d5106-2212-4f7d-9452-a33d75c7bace None None] Fixed interval looping call 'neutron.plugins.ml2.plugin.DhcpAgentSchedulerDbMixin.remove_networks_from_down_agents' sleeping for 36.99 seconds {{(pid=104933) _run_loop /opt/stack/data/venv/lib/python3.12/site-packages/oslo_service/backend/_threading/loopingcall.py:125}}
Mar 10 02:37:38.492625 np0000158259 neutron-periodic-workers[104942]: DEBUG dbcounter [-] [104942] Writing DB stats neutron:SELECT=1 {{(pid=104942) stat_writer /opt/stack/data/venv/lib/python3.12/site-packages/dbcounter.py:115}}
Mar 10 02:37:38.533673 np0000158259 neutron-periodic-workers[104933]: DEBUG dbcounter [-] [104933] Writing DB stats neutron:SELECT=3 {{(pid=104933) stat_writer /opt/stack/data/venv/lib/python3.12/site-packages/dbcounter.py:115}}
Mar 10 02:37:43.469767 np0000158259 neutron-periodic-workers[104924]: DEBUG oslo.service.backend._threading.loopingcall [None req-b5461a21-4cf7-414b-a67b-8c884fd2372e None None] Fixed interval looping call 'neutron.services.ovn_l3.plugin.L3_NAT_dbonly_mixin._clean_garbage' sleeping for 299.99 seconds {{(pid=104924) _run_loop /opt/stack/data/venv/lib/python3.12/site-packages/oslo_service/backend/_threading/loopingcall.py:125}}
