2026-05-05 15:10:27.340 8 INFO neutron.db.ovn_revision_numbers_db [None req-d48f8ce1-b0f8-4418-aa88-58e860978aa1 f5c388aca2b94c16bac1d3507a0aa961 08f71c3819a74375b15e3083605b1a54 - - default default] Successfully bumped revision number for resource 2c8f6165-4c8e-4868-b573-8bb46ed28ee9 (type: router_ports) to 1 [pid: 8|app: 0|req: 568/1114] 10.0.0.190 () {34 vars in 783 bytes} [Tue May 5 15:10:25 2026] PUT /v2.0/routers/f26fc1fe-95ca-4ea9-8efb-c5f2f83947a3/add_router_interface => generated 309 bytes in 1462 msecs (HTTP/1.1 200) 4 headers in 157 bytes (1 switches on core 0) [pid: 8|app: 0|req: 569/1115] 199.19.213.191 () {34 vars in 1052 bytes} [Tue May 5 15:10:27 2026] GET /v2.0/ports?network_id=2b9597bd-9eb1-4b4c-b666-e7ee3e746463&device_owner=network%3Adhcp => generated 12 bytes in 17 msecs (HTTP/1.1 200) 4 headers in 156 bytes (1 switches on core 0) [pid: 8|app: 0|req: 570/1116] 10.0.0.83 () {34 vars in 1039 bytes} [Tue May 5 15:10:27 2026] GET /v2.0/security-groups?id=cec16187-8a71-4272-877f-f1b895840b7c&fields=id&fields=name => generated 114 bytes in 24 msecs (HTTP/1.1 200) 4 headers in 157 bytes (1 switches on core 0)
2026-05-05 15:10:27.411 7 WARNING neutron.scheduler.dhcp_agent_scheduler [None req-c896e07b-2bb0-46c7-b09f-80b4d1019c2e d4ac90decba2428388b21b5e47aea71b 48cc2ffe16744b01966de1857562940a - - default default] No more DHCP agents
2026-05-05 15:10:27.412 7 WARNING neutron.api.rpc.agentnotifiers.dhcp_rpc_agent_api [None req-c896e07b-2bb0-46c7-b09f-80b4d1019c2e d4ac90decba2428388b21b5e47aea71b 48cc2ffe16744b01966de1857562940a - - default default] Unable to schedule network 3ec5fb5a-cfc0-470e-a8ca-1e9550195f80: no agents available; will retry on subsequent port and subnet creation events.
2026-05-05 15:10:27.619 7 INFO neutron.db.ovn_revision_numbers_db [None req-c896e07b-2bb0-46c7-b09f-80b4d1019c2e d4ac90decba2428388b21b5e47aea71b 48cc2ffe16744b01966de1857562940a - - default default] Successfully bumped revision number for resource b9f7dbf3-4c5a-44ee-9d4a-da1a39655b9c (type: ports) to 1 [pid: 7|app: 0|req: 547/1117] 10.0.0.190 () {34 vars in 665 bytes} [Tue May 5 15:10:26 2026] POST /v2.0/ports => generated 955 bytes in 648 msecs (HTTP/1.1 201) 4 headers in 162 bytes (1 switches on core 0) /var/lib/openstack/lib/python3.12/site-packages/pycadf/identifier.py:70: UserWarning: Invalid uuid: neutron. To ensure interoperability, identifiers should be a valid uuid. warnings.warn(('Invalid uuid: %s. To ensure interoperability, '
2026-05-05 15:10:27.721 8 INFO neutron.db.ovn_revision_numbers_db [None req-06620c35-7158-4f50-a85c-6c0f51cf4013 b543c5ec0e9a422c955dd70405d81052 310974f67e9f4db68cdce8b75a39b4c6 - - default default] Successfully bumped revision number for resource a2581146-0b6c-4a2a-bbb5-734a4fef7e42 (type: security_groups) to 1 [pid: 7|app: 0|req: 548/1118] 10.0.0.190 () {32 vars in 717 bytes} [Tue May 5 15:10:27 2026] GET /v2.0/ports/2c8f6165-4c8e-4868-b573-8bb46ed28ee9 => generated 953 bytes in 89 msecs (HTTP/1.1 200) 4 headers in 157 bytes (1 switches on core 0)
2026-05-05 15:10:27.735 8 INFO neutron.db.ovn_revision_numbers_db [None req-06620c35-7158-4f50-a85c-6c0f51cf4013 b543c5ec0e9a422c955dd70405d81052 310974f67e9f4db68cdce8b75a39b4c6 - - default default] Successfully bumped revision number for resource 8b0fe0de-73b8-441d-a65f-771029d8106e (type: security_group_rules) to 0
2026-05-05 15:10:27.748 8 INFO neutron.db.ovn_revision_numbers_db [None req-06620c35-7158-4f50-a85c-6c0f51cf4013 b543c5ec0e9a422c955dd70405d81052 310974f67e9f4db68cdce8b75a39b4c6 - - default default] Successfully bumped revision number for resource 9f78ccad-5cc5-41f7-8fc7-4340906cef8e (type: security_group_rules) to 0
2026-05-05 15:10:27.760 8 INFO neutron.db.ovn_revision_numbers_db [None req-06620c35-7158-4f50-a85c-6c0f51cf4013 b543c5ec0e9a422c955dd70405d81052 310974f67e9f4db68cdce8b75a39b4c6 - - default default] Successfully bumped revision number for resource a88b7707-1174-40f9-accd-7eb2c7102eb9 (type: security_group_rules) to 0
2026-05-05 15:10:27.771 8 INFO neutron.db.ovn_revision_numbers_db [None req-06620c35-7158-4f50-a85c-6c0f51cf4013 b543c5ec0e9a422c955dd70405d81052 310974f67e9f4db68cdce8b75a39b4c6 - - default default] Successfully bumped revision number for resource f3f83b55-c198-41db-88ed-7c9a858527f4 (type: security_group_rules) to 0 [pid: 7|app: 0|req: 549/1119] 199.19.213.191 () {34 vars in 1012 bytes} [Tue May 5 15:10:27 2026] GET /v2.0/networks/2b9597bd-9eb1-4b4c-b666-e7ee3e746463?fields=segments => generated 14 bytes in 49 msecs (HTTP/1.1 200) 4 headers in 156 bytes (1 switches on core 0)
2026-05-05 15:10:27.853 8 INFO neutron.db.segments_db [None req-06620c35-7158-4f50-a85c-6c0f51cf4013 b543c5ec0e9a422c955dd70405d81052 310974f67e9f4db68cdce8b75a39b4c6 - - default default] Added segment 8ea4d897-9c2c-49e7-a415-06b0d1bd45d4 of type geneve for network 40477e1c-25c9-4695-9693-5a4b4f143dad
2026-05-05 15:10:27.968 8 INFO neutron.db.ovn_revision_numbers_db [None req-06620c35-7158-4f50-a85c-6c0f51cf4013 b543c5ec0e9a422c955dd70405d81052 310974f67e9f4db68cdce8b75a39b4c6 - - default default] Successfully bumped revision number for resource 40477e1c-25c9-4695-9693-5a4b4f143dad (type: networks) to 1
2026-05-05 15:10:28.025 7 WARNING neutron.scheduler.dhcp_agent_scheduler [None req-09aefab8-4ec0-4e9c-be34-0c9db07ba723 d4ac90decba2428388b21b5e47aea71b 48cc2ffe16744b01966de1857562940a - - default default] No more DHCP agents
2026-05-05 15:10:28.026 7 WARNING neutron.api.rpc.agentnotifiers.dhcp_rpc_agent_api [None req-09aefab8-4ec0-4e9c-be34-0c9db07ba723 d4ac90decba2428388b21b5e47aea71b 48cc2ffe16744b01966de1857562940a - - default default] Unable to schedule network 76e5c7a9-ec48-4492-a0b3-d783cad94af8: no agents available; will retry on subsequent port and subnet creation events.
2026-05-05 15:10:28.122 8 WARNING neutron.scheduler.dhcp_agent_scheduler [None req-06620c35-7158-4f50-a85c-6c0f51cf4013 b543c5ec0e9a422c955dd70405d81052 310974f67e9f4db68cdce8b75a39b4c6 - - default default] No more DHCP agents
2026-05-05 15:10:28.123 8 WARNING neutron.api.rpc.agentnotifiers.dhcp_rpc_agent_api [None req-06620c35-7158-4f50-a85c-6c0f51cf4013 b543c5ec0e9a422c955dd70405d81052 310974f67e9f4db68cdce8b75a39b4c6 - - default default] Unable to schedule network 40477e1c-25c9-4695-9693-5a4b4f143dad: no agents available; will retry on subsequent port and subnet creation events.
2026-05-05 15:10:28.202 8 INFO neutron.db.ovn_revision_numbers_db [None req-06620c35-7158-4f50-a85c-6c0f51cf4013 b543c5ec0e9a422c955dd70405d81052 310974f67e9f4db68cdce8b75a39b4c6 - - default default] Successfully bumped revision number for resource d27bf070-5b60-4917-9f78-1732fb79405f (type: ports) to 1 [pid: 8|app: 0|req: 571/1120] 10.0.0.190 () {34 vars in 671 bytes} [Tue May 5 15:10:27 2026] POST /v2.0/networks => generated 778 bytes in 830 msecs (HTTP/1.1 201) 4 headers in 162 bytes (1 switches on core 0) [pid: 8|app: 0|req: 572/1121] 10.0.0.190 () {32 vars in 717 bytes} [Tue May 5 15:10:28 2026] GET /v2.0/ports/2c8f6165-4c8e-4868-b573-8bb46ed28ee9 => generated 953 bytes in 66 msecs (HTTP/1.1 200) 4 headers in 157 bytes (1 switches on core 0) [pid: 8|app: 0|req: 573/1122] 199.19.213.191 () {34 vars in 1112 bytes} [Tue May 5 15:10:28 2026] GET /v2.0/networks/2b9597bd-9eb1-4b4c-b666-e7ee3e746463?fields=provider%3Aphysical_network&fields=provider%3Anetwork_type => generated 79 bytes in 48 msecs (HTTP/1.1 200) 4 headers in 156 bytes (1 switches on core 0)
2026-05-05 15:10:28.451 8 WARNING neutron.scheduler.dhcp_agent_scheduler [None req-aa39f7f6-f93d-4c39-830d-c42156422c6e b543c5ec0e9a422c955dd70405d81052 310974f67e9f4db68cdce8b75a39b4c6 - - default default] No more DHCP agents
2026-05-05 15:10:28.452 8 WARNING neutron.api.rpc.agentnotifiers.dhcp_rpc_agent_api [None req-aa39f7f6-f93d-4c39-830d-c42156422c6e b543c5ec0e9a422c955dd70405d81052 310974f67e9f4db68cdce8b75a39b4c6 - - default default] Unable to schedule network 40477e1c-25c9-4695-9693-5a4b4f143dad: no agents available; will retry on subsequent port and subnet creation events.
2026-05-05 15:10:28.773 8 WARNING neutron.plugins.ml2.drivers.ovn.mech_driver.ovsdb.ovn_client [None req-73e8ad54-6486-41c0-b9ac-f0488a4448fb - - - - - -] No hosting information found for port ffde0c58-d498-4777-bfaf-08cc23285514: RuntimeError: No hosting information found for port ffde0c58-d498-4777-bfaf-08cc23285514
2026-05-05 15:10:28.799 8 INFO neutron.plugins.ml2.drivers.ovn.mech_driver.mech_driver [None req-73e8ad54-6486-41c0-b9ac-f0488a4448fb - - - - - -] OVN reports status down for port: 22ddeee1-d497-44c4-af36-da88a93df424
2026-05-05 15:10:28.894 7 INFO neutron.db.ovn_revision_numbers_db [None req-09aefab8-4ec0-4e9c-be34-0c9db07ba723 d4ac90decba2428388b21b5e47aea71b 48cc2ffe16744b01966de1857562940a - - default default] Successfully bumped revision number for resource 4d0fb3a9-61f4-4eca-a82c-df69660c338f (type: floatingips) to 1
2026-05-05 15:10:28.895 7 INFO neutron.db.l3_db [None req-09aefab8-4ec0-4e9c-be34-0c9db07ba723 d4ac90decba2428388b21b5e47aea71b 48cc2ffe16744b01966de1857562940a - - default default] Floating IP 4d0fb3a9-61f4-4eca-a82c-df69660c338f associated. External IP: 10.96.250.211, port: b9f7dbf3-4c5a-44ee-9d4a-da1a39655b9c.
2026-05-05 15:10:28.909 8 WARNING neutron.plugins.ml2.drivers.ovn.mech_driver.ovsdb.ovn_client [None req-73e8ad54-6486-41c0-b9ac-f0488a4448fb - - - - - -] Logical_Switch_Port 22ddeee1-d497-44c4-af36-da88a93df424 host information not removed, the port state is up
2026-05-05 15:10:28.909 8 INFO neutron.plugins.ml2.drivers.ovn.mech_driver.mech_driver [None req-73e8ad54-6486-41c0-b9ac-f0488a4448fb - - - - - -] OVN reports status up for port: 22ddeee1-d497-44c4-af36-da88a93df424
2026-05-05 15:10:28.926 8 INFO neutron.plugins.ml2.plugin [None req-73e8ad54-6486-41c0-b9ac-f0488a4448fb - - - - - -] Attempt 1 to provision port 22ddeee1-d497-44c4-af36-da88a93df424 [pid: 7|app: 0|req: 550/1123] 10.0.0.190 () {34 vars in 677 bytes} [Tue May 5 15:10:27 2026] POST /v2.0/floatingips => generated 842 bytes in 1166 msecs (HTTP/1.1 201) 4 headers in 162 bytes (1 switches on core 0) [pid: 7|app: 0|req: 551/1124] 10.0.0.83 () {34 vars in 989 bytes} [Tue May 5 15:10:28 2026] GET /v2.0/ports?device_id=f0fb3361-a57b-49cf-be9b-a40d6274a7af => generated 971 bytes in 42 msecs (HTTP/1.1 200) 4 headers in 157 bytes (1 switches on core 0)
2026-05-05 15:10:28.997 8 INFO neutron.db.ovn_revision_numbers_db [None req-1bd4b28a-ad90-447e-9f42-a361fd271f42 - - - - - -] Successfully bumped revision number for resource d27bf070-5b60-4917-9f78-1732fb79405f (type: ports) to 2 [pid: 7|app: 0|req: 552/1125] 199.19.213.191 () {34 vars in 994 bytes} [Tue May 5 15:10:28 2026] GET /v2.0/ports?device_id=f0fb3361-a57b-49cf-be9b-a40d6274a7af => generated 971 bytes in 28 msecs (HTTP/1.1 200) 4 headers in 157 bytes (1 switches on core 0)
2026-05-05 15:10:29.051 8 INFO neutron.db.ovn_revision_numbers_db [None req-1bd4b28a-ad90-447e-9f42-a361fd271f42 - - - - - -] Successfully bumped revision number for resource 9075ecc9-5178-4219-9b1d-01074b94d9ec (type: subnets) to 0 [pid: 8|app: 0|req: 574/1126] 10.0.0.190 () {34 vars in 669 bytes} [Tue May 5 15:10:28 2026] POST /v2.0/subnets => generated 685 bytes in 760 msecs (HTTP/1.1 201) 4 headers in 162 bytes (1 switches on core 0) /var/lib/openstack/lib/python3.12/site-packages/pycadf/identifier.py:70: UserWarning: Invalid uuid: neutron. To ensure interoperability, identifiers should be a valid uuid. warnings.warn(('Invalid uuid: %s. To ensure interoperability, ' [pid: 8|app: 0|req: 575/1127] 10.0.0.83 () {34 vars in 1039 bytes} [Tue May 5 15:10:29 2026] GET /v2.0/security-groups?id=cec16187-8a71-4272-877f-f1b895840b7c&fields=id&fields=name => generated 114 bytes in 66 msecs (HTTP/1.1 200) 4 headers in 157 bytes (1 switches on core 0)
2026-05-05 15:10:29.218 7 INFO neutron.db.ovn_revision_numbers_db [None req-de1867e2-0b20-4a8f-908a-2a2aa00903e0 d4ac90decba2428388b21b5e47aea71b 48cc2ffe16744b01966de1857562940a - - default default] Successfully bumped revision number for resource 4d0fb3a9-61f4-4eca-a82c-df69660c338f (type: floatingips) to 2
2026-05-05 15:10:29.266 7 INFO neutron.db.l3_db [None req-de1867e2-0b20-4a8f-908a-2a2aa00903e0 d4ac90decba2428388b21b5e47aea71b 48cc2ffe16744b01966de1857562940a - - default default] Floating IP 4d0fb3a9-61f4-4eca-a82c-df69660c338f disassociated. External IP: 10.96.250.211, port: b9f7dbf3-4c5a-44ee-9d4a-da1a39655b9c. [pid: 7|app: 0|req: 553/1128] 10.0.0.190 () {34 vars in 749 bytes} [Tue May 5 15:10:29 2026] PUT /v2.0/floatingips/4d0fb3a9-61f4-4eca-a82c-df69660c338f => generated 554 bytes in 275 msecs (HTTP/1.1 200) 4 headers in 157 bytes (1 switches on core 0)
2026-05-05 15:10:29.427 8 INFO neutron_taas.services.taas.taas_plugin [req-f9020921-949f-41ea-a6ef-754711872824 req-4c9a5a60-c9ed-4c24-a651-76c51356e239 d434e06397a84f9ab6a30b9a1773567d 3b94ad7a29e74e55ade8109a6943c6a0 - - default default] TaaS: Handle Delete Port: 32594ca6-7921-4b12-8a6b-efe54cca54d5
2026-05-05 15:10:29.433 8 INFO neutron_taas.services.taas.tap_mirror_plugin [req-f9020921-949f-41ea-a6ef-754711872824 req-4c9a5a60-c9ed-4c24-a651-76c51356e239 d434e06397a84f9ab6a30b9a1773567d 3b94ad7a29e74e55ade8109a6943c6a0 - - default default] Tap Mirror: Handle Delete Port: 32594ca6-7921-4b12-8a6b-efe54cca54d5
2026-05-05 15:10:29.638 8 INFO neutron.db.ovn_revision_numbers_db [None req-73e8ad54-6486-41c0-b9ac-f0488a4448fb - - - - - -] Successfully bumped revision number for resource 22ddeee1-d497-44c4-af36-da88a93df424 (type: ports) to 2
2026-05-05 15:10:29.753 8 INFO neutron.db.l3_db [req-f9020921-949f-41ea-a6ef-754711872824 req-4c9a5a60-c9ed-4c24-a651-76c51356e239 d434e06397a84f9ab6a30b9a1773567d 3b94ad7a29e74e55ade8109a6943c6a0 - - default default] Floating IP 718922bf-e2b6-4f4f-8b68-57ee7b05a9bc disassociated. External IP: 10.96.250.218, port: 32594ca6-7921-4b12-8a6b-efe54cca54d5. [pid: 8|app: 0|req: 576/1129] 199.19.213.191 () {36 vars in 997 bytes} [Tue May 5 15:10:29 2026] DELETE /v2.0/ports/32594ca6-7921-4b12-8a6b-efe54cca54d5 => generated 0 bytes in 741 msecs (HTTP/1.1 204) 3 headers in 131 bytes (1 switches on core 0) [pid: 8|app: 0|req: 577/1130] 10.0.0.190 () {32 vars in 717 bytes} [Tue May 5 15:10:29 2026] GET /v2.0/ports/2c8f6165-4c8e-4868-b573-8bb46ed28ee9 => generated 953 bytes in 42 msecs (HTTP/1.1 200) 4 headers in 157 bytes (1 switches on core 0)
2026-05-05 15:10:29.946 8 INFO neutron.notifiers.nova [-] Nova event matching ['req-f5981e93-fe0a-4ba8-8c6e-38b5936726bd'] response: {'server_uuid': 'f0fb3361-a57b-49cf-be9b-a40d6274a7af', 'name': 'network-vif-deleted', 'tag': '32594ca6-7921-4b12-8a6b-efe54cca54d5', 'status': 'completed', 'code': 200}
2026-05-05 15:10:30.074 8 INFO neutron_taas.services.taas.taas_plugin [None req-8cf2f64f-f9a9-4c33-aec9-e66ec4426055 d4ac90decba2428388b21b5e47aea71b 48cc2ffe16744b01966de1857562940a - - default default] TaaS: Handle Delete Port: 9cd4b7c6-1f0b-45a5-83b7-8482bfd470a5
2026-05-05 15:10:30.078 8 INFO neutron_taas.services.taas.tap_mirror_plugin [None req-8cf2f64f-f9a9-4c33-aec9-e66ec4426055 d4ac90decba2428388b21b5e47aea71b 48cc2ffe16744b01966de1857562940a - - default default] Tap Mirror: Handle Delete Port: 9cd4b7c6-1f0b-45a5-83b7-8482bfd470a5
2026-05-05 15:10:30.233 7 WARNING neutron.scheduler.dhcp_agent_scheduler [None req-aa7217ad-9f95-4641-acd1-3544c19da320 b543c5ec0e9a422c955dd70405d81052 310974f67e9f4db68cdce8b75a39b4c6 - - default default] No more DHCP agents
2026-05-05 15:10:30.234 7 WARNING neutron.api.rpc.agentnotifiers.dhcp_rpc_agent_api [None req-aa7217ad-9f95-4641-acd1-3544c19da320 b543c5ec0e9a422c955dd70405d81052 310974f67e9f4db68cdce8b75a39b4c6 - - default default] Unable to schedule network 76e5c7a9-ec48-4492-a0b3-d783cad94af8: no agents available; will retry on subsequent port and subnet creation events. [pid: 8|app: 0|req: 578/1131] 10.0.0.190 () {32 vars in 732 bytes} [Tue May 5 15:10:29 2026] DELETE /v2.0/floatingips/4d0fb3a9-61f4-4eca-a82c-df69660c338f => generated 0 bytes in 349 msecs (HTTP/1.1 204) 2 headers in 112 bytes (1 switches on core 0) [pid: 8|app: 0|req: 579/1132] 10.0.0.83 () {34 vars in 989 bytes} [Tue May 5 15:10:30 2026] GET /v2.0/ports?device_id=f0fb3361-a57b-49cf-be9b-a40d6274a7af => generated 12 bytes in 20 msecs (HTTP/1.1 200) 4 headers in 156 bytes (1 switches on core 0)
2026-05-05 15:10:30.381 7 INFO neutron.db.ovn_revision_numbers_db [None req-aa7217ad-9f95-4641-acd1-3544c19da320 b543c5ec0e9a422c955dd70405d81052 310974f67e9f4db68cdce8b75a39b4c6 - - default default] Successfully bumped revision number for resource 13f755c3-d62c-4ab0-8feb-8f982a5af2c1 (type: ports) to 1
2026-05-05 15:10:30.589 8 WARNING neutron.scheduler.dhcp_agent_scheduler [None req-118843cf-580a-4a16-9508-96afdca62c00 d4ac90decba2428388b21b5e47aea71b 48cc2ffe16744b01966de1857562940a - - default default] No more DHCP agents
2026-05-05 15:10:30.591 8 WARNING neutron.api.rpc.agentnotifiers.dhcp_rpc_agent_api [None req-118843cf-580a-4a16-9508-96afdca62c00 d4ac90decba2428388b21b5e47aea71b 48cc2ffe16744b01966de1857562940a - - default default] Unable to schedule network 76e5c7a9-ec48-4492-a0b3-d783cad94af8: no agents available; will retry on subsequent port and subnet creation events.
2026-05-05 15:10:30.996 7 INFO neutron.plugins.ml2.drivers.ovn.mech_driver.ovsdb.commands [None req-86cd46b6-5d8e-4d48-8183-f7ab00d95171 - - - - - -] Schedule LRP lrp-13f755c3-d62c-4ab0-8feb-8f982a5af2c1 on gateway 20e8207e-6eab-40df-a1ae-bdecc18f8719 with priority 1
2026-05-05 15:10:31.070 7 INFO neutron.plugins.ml2.drivers.ovn.mech_driver.ovsdb.ovsdb_monitor [None req-48a935fd-3e9a-4f10-8193-c54378c0490f - - - - - -] Router c2e1978d-8a33-4d3e-b2d1-01cab3c8610c is bound to host instance
2026-05-05 15:10:31.098 7 INFO neutron.db.ovn_revision_numbers_db [None req-aa7217ad-9f95-4641-acd1-3544c19da320 b543c5ec0e9a422c955dd70405d81052 310974f67e9f4db68cdce8b75a39b4c6 - - default default] Successfully bumped revision number for resource 13f755c3-d62c-4ab0-8feb-8f982a5af2c1 (type: router_ports) to 1
2026-05-05 15:10:31.235 7 INFO neutron.db.ovn_revision_numbers_db [None req-aa7217ad-9f95-4641-acd1-3544c19da320 b543c5ec0e9a422c955dd70405d81052 310974f67e9f4db68cdce8b75a39b4c6 - - default default] Successfully bumped revision number for resource c2e1978d-8a33-4d3e-b2d1-01cab3c8610c (type: routers) to 2 [pid: 7|app: 0|req: 554/1133] 10.0.0.190 () {34 vars in 669 bytes} [Tue May 5 15:10:29 2026] POST /v2.0/routers => generated 963 bytes in 1973 msecs (HTTP/1.1 201) 4 headers in 162 bytes (1 switches on core 0) [pid: 7|app: 0|req: 555/1134] 10.0.0.190 () {32 vars in 717 bytes} [Tue May 5 15:10:31 2026] GET /v2.0/ports/2c8f6165-4c8e-4868-b573-8bb46ed28ee9 => generated 953 bytes in 94 msecs (HTTP/1.1 200) 4 headers in 157 bytes (1 switches on core 0)
2026-05-05 15:10:31.481 8 INFO neutron.db.ovn_revision_numbers_db [None req-118843cf-580a-4a16-9508-96afdca62c00 d4ac90decba2428388b21b5e47aea71b 48cc2ffe16744b01966de1857562940a - - default default] Successfully bumped revision number for resource f44efb9f-e2fb-4e8b-b98d-8267caabcf61 (type: floatingips) to 1
2026-05-05 15:10:31.482 8 INFO neutron.db.l3_db [None req-118843cf-580a-4a16-9508-96afdca62c00 d4ac90decba2428388b21b5e47aea71b 48cc2ffe16744b01966de1857562940a - - default default] Floating IP f44efb9f-e2fb-4e8b-b98d-8267caabcf61 associated. External IP: 10.96.250.217, port: bd1217ea-b3cf-4e4d-9737-6e59506357f3. [pid: 8|app: 0|req: 580/1135] 10.0.0.190 () {34 vars in 677 bytes} [Tue May 5 15:10:30 2026] POST /v2.0/floatingips => generated 842 bytes in 1207 msecs (HTTP/1.1 201) 4 headers in 162 bytes (1 switches on core 0)
2026-05-05 15:10:31.533 7 WARNING neutron.plugins.ml2.drivers.ovn.mech_driver.ovsdb.ovn_client [None req-1de6d8a9-61cf-424a-a975-85522fd3e690 - - - - - -] No hosting information found for port 3d2f76b3-413b-43e9-82bb-cc579892ff61: RuntimeError: No hosting information found for port 3d2f76b3-413b-43e9-82bb-cc579892ff61 [pid: 8|app: 0|req: 581/1136] 10.0.0.83 () {34 vars in 989 bytes} [Tue May 5 15:10:31 2026] GET /v2.0/ports?device_id=f0fb3361-a57b-49cf-be9b-a40d6274a7af => generated 12 bytes in 21 msecs (HTTP/1.1 200) 4 headers in 156 bytes (1 switches on core 0) [pid: 8|app: 0|req: 582/1137] 10.0.0.190 () {32 vars in 729 bytes} [Tue May 5 15:10:31 2026] GET /v2.0/floatingips/f44efb9f-e2fb-4e8b-b98d-8267caabcf61 => generated 844 bytes in 34 msecs (HTTP/1.1 200) 4 headers in 157 bytes (1 switches on core 0) [pid: 8|app: 0|req: 583/1138] 10.0.0.190 () {32 vars in 655 bytes} [Tue May 5 15:10:31 2026] GET /v2.0/floatingips => generated 847 bytes in 79 msecs (HTTP/1.1 200) 4 headers in 157 bytes (1 switches on core 0)
2026-05-05 15:10:31.788 7 INFO neutron.db.ovn_revision_numbers_db [None req-1de6d8a9-61cf-424a-a975-85522fd3e690 - - - - - -] Successfully bumped revision number for resource 3d2f76b3-413b-43e9-82bb-cc579892ff61 (type: router_ports) to 2
2026-05-05 15:10:31.789 7 INFO neutron.plugins.ml2.drivers.ovn.mech_driver.mech_driver [None req-1de6d8a9-61cf-424a-a975-85522fd3e690 - - - - - -] OVN reports status down for port: 2c8f6165-4c8e-4868-b573-8bb46ed28ee9
2026-05-05 15:10:31.938 7 WARNING neutron.plugins.ml2.drivers.ovn.mech_driver.ovsdb.ovn_client [None req-1de6d8a9-61cf-424a-a975-85522fd3e690 - - - - - -] Logical_Switch_Port 2c8f6165-4c8e-4868-b573-8bb46ed28ee9 host information not removed, the port state is up
2026-05-05 15:10:31.938 7 INFO neutron.plugins.ml2.drivers.ovn.mech_driver.mech_driver [None req-1de6d8a9-61cf-424a-a975-85522fd3e690 - - - - - -] OVN reports status down for port: bd1217ea-b3cf-4e4d-9737-6e59506357f3
2026-05-05 15:10:32.139 8 INFO neutron.db.ovn_revision_numbers_db [None req-5eea9c39-8c77-4185-b4d0-036b6587e2b6 d4ac90decba2428388b21b5e47aea71b 48cc2ffe16744b01966de1857562940a - - default default] Successfully bumped revision number for resource f44efb9f-e2fb-4e8b-b98d-8267caabcf61 (type: floatingips) to 2
2026-05-05 15:10:32.219 7 INFO neutron.plugins.ml2.drivers.ovn.mech_driver.mech_driver [None req-1de6d8a9-61cf-424a-a975-85522fd3e690 - - - - - -] OVN reports status up for port: 2c8f6165-4c8e-4868-b573-8bb46ed28ee9
2026-05-05 15:10:32.250 8 INFO neutron.db.l3_db [None req-5eea9c39-8c77-4185-b4d0-036b6587e2b6 d4ac90decba2428388b21b5e47aea71b 48cc2ffe16744b01966de1857562940a - - default default] Floating IP f44efb9f-e2fb-4e8b-b98d-8267caabcf61 associated. External IP: 10.96.250.217, port: bd1217ea-b3cf-4e4d-9737-6e59506357f3.
2026-05-05 15:10:32.273 7 INFO neutron.plugins.ml2.plugin [None req-1de6d8a9-61cf-424a-a975-85522fd3e690 - - - - - -] Attempt 1 to provision port 2c8f6165-4c8e-4868-b573-8bb46ed28ee9 [pid: 8|app: 0|req: 584/1139] 10.0.0.190 () {34 vars in 749 bytes} [Tue May 5 15:10:31 2026] PUT /v2.0/floatingips/f44efb9f-e2fb-4e8b-b98d-8267caabcf61 => generated 844 bytes in 636 msecs (HTTP/1.1 200) 4 headers in 157 bytes (1 switches on core 0)
2026-05-05 15:10:32.462 8 INFO neutron.db.ovn_revision_numbers_db [None req-7f5c388a-2282-4b1d-bff5-eac34bb6cb5e d4ac90decba2428388b21b5e47aea71b 48cc2ffe16744b01966de1857562940a - - default default] Successfully bumped revision number for resource f44efb9f-e2fb-4e8b-b98d-8267caabcf61 (type: floatingips) to 3
2026-05-05 15:10:32.517 8 INFO neutron.db.l3_db [None req-7f5c388a-2282-4b1d-bff5-eac34bb6cb5e d4ac90decba2428388b21b5e47aea71b 48cc2ffe16744b01966de1857562940a - - default default] Floating IP f44efb9f-e2fb-4e8b-b98d-8267caabcf61 disassociated. External IP: 10.96.250.217, port: b9f7dbf3-4c5a-44ee-9d4a-da1a39655b9c. [pid: 8|app: 0|req: 585/1140] 10.0.0.190 () {34 vars in 749 bytes} [Tue May 5 15:10:32 2026] PUT /v2.0/floatingips/f44efb9f-e2fb-4e8b-b98d-8267caabcf61 => generated 554 bytes in 235 msecs (HTTP/1.1 200) 4 headers in 157 bytes (1 switches on core 0) [pid: 8|app: 0|req: 586/1141] 10.0.0.190 () {32 vars in 717 bytes} [Tue May 5 15:10:32 2026] GET /v2.0/ports/2c8f6165-4c8e-4868-b573-8bb46ed28ee9 => generated 953 bytes in 35 msecs (HTTP/1.1 200) 4 headers in 157 bytes (1 switches on core 0)
2026-05-05 15:10:32.715 8 INFO neutron_taas.services.taas.taas_plugin [None req-6f8f7f84-8ef6-4b1e-b290-7d06a6f6f1cc d4ac90decba2428388b21b5e47aea71b 48cc2ffe16744b01966de1857562940a - - default default] TaaS: Handle Delete Port: 9b06f50c-4b41-4969-b099-3318441d6e71
2026-05-05 15:10:32.718 8 INFO neutron_taas.services.taas.tap_mirror_plugin [None req-6f8f7f84-8ef6-4b1e-b290-7d06a6f6f1cc d4ac90decba2428388b21b5e47aea71b 48cc2ffe16744b01966de1857562940a - - default default] Tap Mirror: Handle Delete Port: 9b06f50c-4b41-4969-b099-3318441d6e71
2026-05-05 15:10:32.756 7 WARNING neutron.scheduler.dhcp_agent_scheduler [None req-f7ff5e11-a79e-4c71-a3b5-da3c00eb99df b543c5ec0e9a422c955dd70405d81052 310974f67e9f4db68cdce8b75a39b4c6 - - default default] No more DHCP agents
2026-05-05 15:10:32.767 7 WARNING neutron.api.rpc.agentnotifiers.dhcp_rpc_agent_api [None req-f7ff5e11-a79e-4c71-a3b5-da3c00eb99df b543c5ec0e9a422c955dd70405d81052 310974f67e9f4db68cdce8b75a39b4c6 - - default default] Unable to schedule network 40477e1c-25c9-4695-9693-5a4b4f143dad: no agents available; will retry on subsequent port and subnet creation events. [pid: 8|app: 0|req: 587/1142] 10.0.0.190 () {32 vars in 732 bytes} [Tue May 5 15:10:32 2026] DELETE /v2.0/floatingips/f44efb9f-e2fb-4e8b-b98d-8267caabcf61 => generated 0 bytes in 298 msecs (HTTP/1.1 204) 2 headers in 112 bytes (1 switches on core 0) [pid: 8|app: 0|req: 588/1143] 10.0.0.83 () {34 vars in 989 bytes} [Tue May 5 15:10:32 2026] GET /v2.0/ports?device_id=f0fb3361-a57b-49cf-be9b-a40d6274a7af => generated 12 bytes in 14 msecs (HTTP/1.1 200) 4 headers in 156 bytes (1 switches on core 0)
2026-05-05 15:10:32.907 8 INFO neutron.api.v2.resource [None req-d043a276-f7cb-4d60-ae68-f8c8b400410c d4ac90decba2428388b21b5e47aea71b 48cc2ffe16744b01966de1857562940a - - default default] delete failed (client error): The resource could not be found. [pid: 8|app: 0|req: 589/1144] 10.0.0.190 () {32 vars in 732 bytes} [Tue May 5 15:10:32 2026] DELETE /v2.0/floatingips/f44efb9f-e2fb-4e8b-b98d-8267caabcf61 => generated 144 bytes in 13 msecs (HTTP/1.1 404) 4 headers in 164 bytes (1 switches on core 0)
2026-05-05 15:10:33.094 8 INFO neutron_taas.services.taas.taas_plugin [None req-69b8a77d-f894-4f8a-b9a5-68deeb29785b d4ac90decba2428388b21b5e47aea71b 48cc2ffe16744b01966de1857562940a - - default default] TaaS: Handle Delete Port: b9f7dbf3-4c5a-44ee-9d4a-da1a39655b9c
2026-05-05 15:10:33.098 8 INFO neutron_taas.services.taas.tap_mirror_plugin [None req-69b8a77d-f894-4f8a-b9a5-68deeb29785b d4ac90decba2428388b21b5e47aea71b 48cc2ffe16744b01966de1857562940a - - default default] Tap Mirror: Handle Delete Port: b9f7dbf3-4c5a-44ee-9d4a-da1a39655b9c
2026-05-05 15:10:33.136 7 INFO neutron.db.ovn_revision_numbers_db [None req-f7ff5e11-a79e-4c71-a3b5-da3c00eb99df b543c5ec0e9a422c955dd70405d81052 310974f67e9f4db68cdce8b75a39b4c6 - - default default] Successfully bumped revision number for resource 41708756-6205-4c0d-95ef-a685249dd762 (type: ports) to 1 [pid: 8|app: 0|req: 590/1145] 10.0.0.190 () {32 vars in 720 bytes} [Tue May 5 15:10:32 2026] DELETE /v2.0/ports/b9f7dbf3-4c5a-44ee-9d4a-da1a39655b9c => generated 0 bytes in 336 msecs (HTTP/1.1 204) 3 headers in 131 bytes (1 switches on core 0)
2026-05-05 15:10:33.403 8 INFO neutron_taas.services.taas.taas_plugin [None req-0c1d1aa3-2be0-4f68-8c94-e9396c2ad59b d4ac90decba2428388b21b5e47aea71b 48cc2ffe16744b01966de1857562940a - - default default] TaaS: Handle Delete Port: bd1217ea-b3cf-4e4d-9737-6e59506357f3
2026-05-05 15:10:33.407 8 INFO neutron_taas.services.taas.tap_mirror_plugin [None req-0c1d1aa3-2be0-4f68-8c94-e9396c2ad59b d4ac90decba2428388b21b5e47aea71b 48cc2ffe16744b01966de1857562940a - - default default] Tap Mirror: Handle Delete Port: bd1217ea-b3cf-4e4d-9737-6e59506357f3
2026-05-05 15:10:33.598 7 INFO neutron.db.ovn_revision_numbers_db [None req-1de6d8a9-61cf-424a-a975-85522fd3e690 - - - - - -] Successfully bumped revision number for resource 2c8f6165-4c8e-4868-b573-8bb46ed28ee9 (type: ports) to 2 [pid: 8|app: 0|req: 591/1146] 10.0.0.190 () {32 vars in 720 bytes} [Tue May 5 15:10:33 2026] DELETE /v2.0/ports/bd1217ea-b3cf-4e4d-9737-6e59506357f3 => generated 0 bytes in 352 msecs (HTTP/1.1 204) 3 headers in 131 bytes (1 switches on core 0) [pid: 8|app: 0|req: 592/1147] 10.0.0.190 () {32 vars in 717 bytes} [Tue May 5 15:10:33 2026] GET /v2.0/ports/2c8f6165-4c8e-4868-b573-8bb46ed28ee9 => generated 955 bytes in 114 msecs (HTTP/1.1 200) 4 headers in 157 bytes (1 switches on core 0) [pid: 8|app: 0|req: 593/1148] 10.0.0.190 () {32 vars in 736 bytes} [Tue May 5 15:10:33 2026] GET /v2.0/ports?device_id=713def3c-2f09-432a-b777-2b8bb1bc8ac0 => generated 946 bytes in 46 msecs (HTTP/1.1 200) 4 headers in 157 bytes (1 switches on core 0)
2026-05-05 15:10:33.979 7 INFO neutron.db.ovn_revision_numbers_db [None req-4a806eda-c7c1-4a6c-b9f6-1a240fe5e584 - - - - - -] Successfully bumped revision number for resource 13f755c3-d62c-4ab0-8feb-8f982a5af2c1 (type: ports) to 4
2026-05-05 15:10:34.075 8 INFO neutron_taas.services.taas.taas_plugin [None req-291528ab-7092-41e2-a79a-06641fdf543b f5c388aca2b94c16bac1d3507a0aa961 08f71c3819a74375b15e3083605b1a54 - - default default] TaaS: Handle Delete Port: 2c8f6165-4c8e-4868-b573-8bb46ed28ee9
2026-05-05 15:10:34.078 8 INFO neutron_taas.services.taas.tap_mirror_plugin [None req-291528ab-7092-41e2-a79a-06641fdf543b f5c388aca2b94c16bac1d3507a0aa961 08f71c3819a74375b15e3083605b1a54 - - default default] Tap Mirror: Handle Delete Port: 2c8f6165-4c8e-4868-b573-8bb46ed28ee9 [pid: 8|app: 0|req: 594/1149] 10.0.0.190 () {34 vars in 789 bytes} [Tue May 5 15:10:33 2026] PUT /v2.0/routers/f26fc1fe-95ca-4ea9-8efb-c5f2f83947a3/remove_router_interface => generated 309 bytes in 640 msecs (HTTP/1.1 200) 4 headers in 157 bytes (1 switches on core 0) /var/lib/openstack/lib/python3.12/site-packages/pycadf/identifier.py:70: UserWarning: Invalid uuid: neutron. To ensure interoperability, identifiers should be a valid uuid. warnings.warn(('Invalid uuid: %s. To ensure interoperability, '
2026-05-05 15:10:34.622 8 WARNING neutron.plugins.ml2.drivers.ovn.mech_driver.ovsdb.ovn_client [None req-ce637126-2c0a-40f5-8d7a-1648e8b9fef3 - - - - - -] No hosting information found for port 22ddeee1-d497-44c4-af36-da88a93df424: RuntimeError: No hosting information found for port 22ddeee1-d497-44c4-af36-da88a93df424
2026-05-05 15:10:34.678 7 INFO neutron.db.ovn_revision_numbers_db [None req-4a806eda-c7c1-4a6c-b9f6-1a240fe5e584 - - - - - -] Successfully bumped revision number for resource 13f755c3-d62c-4ab0-8feb-8f982a5af2c1 (type: ports) to 5
2026-05-05 15:10:34.737 7 WARNING neutron.scheduler.dhcp_agent_scheduler [None req-f7ff5e11-a79e-4c71-a3b5-da3c00eb99df b543c5ec0e9a422c955dd70405d81052 310974f67e9f4db68cdce8b75a39b4c6 - - default default] No more DHCP agents
2026-05-05 15:10:34.740 7 WARNING neutron.api.rpc.agentnotifiers.dhcp_rpc_agent_api [None req-f7ff5e11-a79e-4c71-a3b5-da3c00eb99df b543c5ec0e9a422c955dd70405d81052 310974f67e9f4db68cdce8b75a39b4c6 - - default default] Unable to schedule network 40477e1c-25c9-4695-9693-5a4b4f143dad: no agents available; will retry on subsequent port and subnet creation events.
2026-05-05 15:10:34.812 8 INFO neutron.db.ovn_revision_numbers_db [None req-ce637126-2c0a-40f5-8d7a-1648e8b9fef3 - - - - - -] Successfully bumped revision number for resource 22ddeee1-d497-44c4-af36-da88a93df424 (type: router_ports) to 2
2026-05-05 15:10:34.943 8 INFO neutron_taas.services.taas.taas_plugin [None req-5ec216eb-9920-4233-885a-23732fc06c23 d4ac90decba2428388b21b5e47aea71b 48cc2ffe16744b01966de1857562940a - - default default] TaaS: Handle Delete Port: 3d2f76b3-413b-43e9-82bb-cc579892ff61
2026-05-05 15:10:34.947 8 INFO neutron_taas.services.taas.tap_mirror_plugin [None req-5ec216eb-9920-4233-885a-23732fc06c23 d4ac90decba2428388b21b5e47aea71b 48cc2ffe16744b01966de1857562940a - - default default] Tap Mirror: Handle Delete Port: 3d2f76b3-413b-43e9-82bb-cc579892ff61
2026-05-05 15:10:35.050 8 INFO neutron.plugins.ml2.drivers.ovn.mech_driver.mech_driver [None req-ce637126-2c0a-40f5-8d7a-1648e8b9fef3 - - - - - -] OVN reports status down for port: 41708756-6205-4c0d-95ef-a685249dd762
2026-05-05 15:10:35.182 8 WARNING neutron.plugins.ml2.drivers.ovn.mech_driver.ovsdb.ovn_client [None req-ce637126-2c0a-40f5-8d7a-1648e8b9fef3 - - - - - -] Logical_Switch_Port 41708756-6205-4c0d-95ef-a685249dd762 host information not removed, the port state is up
2026-05-05 15:10:35.183 8 INFO neutron.plugins.ml2.drivers.ovn.mech_driver.mech_driver [None req-ce637126-2c0a-40f5-8d7a-1648e8b9fef3 - - - - - -] OVN reports status up for port: 41708756-6205-4c0d-95ef-a685249dd762
2026-05-05 15:10:35.204 8 INFO neutron.plugins.ml2.plugin [None req-ce637126-2c0a-40f5-8d7a-1648e8b9fef3 - - - - - -] Attempt 1 to provision port 41708756-6205-4c0d-95ef-a685249dd762
2026-05-05 15:10:35.288 7 INFO neutron.db.ovn_revision_numbers_db [None req-f7ff5e11-a79e-4c71-a3b5-da3c00eb99df b543c5ec0e9a422c955dd70405d81052 310974f67e9f4db68cdce8b75a39b4c6 - - default default] Successfully bumped revision number for resource 41708756-6205-4c0d-95ef-a685249dd762 (type: router_ports) to 1 [pid: 7|app: 0|req: 556/1150] 10.0.0.190 () {34 vars in 783 bytes} [Tue May 5 15:10:31 2026] PUT /v2.0/routers/c2e1978d-8a33-4d3e-b2d1-01cab3c8610c/add_router_interface => generated 309 bytes in 3928 msecs (HTTP/1.1 200) 4 headers in 157 bytes (1 switches on core 0) [pid: 7|app: 0|req: 557/1151] 10.0.0.190 () {32 vars in 740 bytes} [Tue May 5 15:10:35 2026] DELETE /v2.0/security-groups/cec16187-8a71-4272-877f-f1b895840b7c => generated 0 bytes in 202 msecs (HTTP/1.1 204) 2 headers in 112 bytes (1 switches on core 0) [pid: 7|app: 0|req: 558/1152] 10.0.0.190 () {32 vars in 717 bytes} [Tue May 5 15:10:35 2026] GET /v2.0/ports/22ddeee1-d497-44c4-af36-da88a93df424 => generated 947 bytes in 66 msecs (HTTP/1.1 200) 4 headers in 157 bytes (1 switches on core 0)
2026-05-05 15:10:35.571 7 INFO neutron.api.v2.resource [None req-2c7844c1-e95e-4c78-b426-7975168acd72 d434e06397a84f9ab6a30b9a1773567d 3b94ad7a29e74e55ade8109a6943c6a0 - - default default] show failed (client error): The resource could not be found. [pid: 7|app: 0|req: 559/1153] 10.0.0.190 () {32 vars in 737 bytes} [Tue May 5 15:10:35 2026] GET /v2.0/security-groups/cec16187-8a71-4272-877f-f1b895840b7c => generated 146 bytes in 10 msecs (HTTP/1.1 404) 4 headers in 164 bytes (1 switches on core 0)
2026-05-05 15:10:35.867 7 INFO neutron_taas.services.taas.taas_plugin [None req-a8292e6e-54e9-42dd-971e-8073c9568b59 f5c388aca2b94c16bac1d3507a0aa961 08f71c3819a74375b15e3083605b1a54 - - default default] TaaS: Handle Delete Port: 22ddeee1-d497-44c4-af36-da88a93df424
2026-05-05 15:10:35.873 7 INFO neutron_taas.services.taas.tap_mirror_plugin [None req-a8292e6e-54e9-42dd-971e-8073c9568b59 f5c388aca2b94c16bac1d3507a0aa961 08f71c3819a74375b15e3083605b1a54 - - default default] Tap Mirror: Handle Delete Port: 22ddeee1-d497-44c4-af36-da88a93df424
2026-05-05 15:10:36.177 8 INFO neutron.db.ovn_revision_numbers_db [None req-ce637126-2c0a-40f5-8d7a-1648e8b9fef3 - - - - - -] Successfully bumped revision number for resource 41708756-6205-4c0d-95ef-a685249dd762 (type: ports) to 2 [pid: 7|app: 0|req: 560/1154] 10.0.0.190 () {34 vars in 789 bytes} [Tue May 5 15:10:35 2026] PUT /v2.0/routers/f26fc1fe-95ca-4ea9-8efb-c5f2f83947a3/remove_router_interface => generated 309 bytes in 632 msecs (HTTP/1.1 200) 4 headers in 157 bytes (1 switches on core 0) /var/lib/openstack/lib/python3.12/site-packages/pycadf/identifier.py:70: UserWarning: Invalid uuid: neutron. To ensure interoperability, identifiers should be a valid uuid. warnings.warn(('Invalid uuid: %s. To ensure interoperability, '
2026-05-05 15:10:36.331 7 INFO neutron_taas.services.taas.taas_plugin [None req-5bbcd89b-3ef8-4908-9245-d2bcdc1d8701 d434e06397a84f9ab6a30b9a1773567d 3b94ad7a29e74e55ade8109a6943c6a0 - - default default] TaaS: Handle Delete Port: 98fab0d1-0caf-4ed0-a2b2-0e5bb3263aea
2026-05-05 15:10:36.335 7 INFO neutron_taas.services.taas.tap_mirror_plugin [None req-5bbcd89b-3ef8-4908-9245-d2bcdc1d8701 d434e06397a84f9ab6a30b9a1773567d 3b94ad7a29e74e55ade8109a6943c6a0 - - default default] Tap Mirror: Handle Delete Port: 98fab0d1-0caf-4ed0-a2b2-0e5bb3263aea [pid: 8|app: 0|req: 595/1155] 10.0.0.190 () {34 vars in 789 bytes} [Tue May 5 15:10:34 2026] PUT /v2.0/routers/713def3c-2f09-432a-b777-2b8bb1bc8ac0/remove_router_interface => generated 309 bytes in 1928 msecs (HTTP/1.1 200) 4 headers in 157 bytes (1 switches on core 0) /var/lib/openstack/lib/python3.12/site-packages/pycadf/identifier.py:70: UserWarning: Invalid uuid: neutron. To ensure interoperability, identifiers should be a valid uuid. warnings.warn(('Invalid uuid: %s. To ensure interoperability, '
2026-05-05 15:10:36.465 8 INFO neutron.db.ovn_revision_numbers_db [None req-b1405a28-8587-4706-8238-0534bb651884 541523dd97604fac89aecac295ce207b fdb96053ca6a473688c7e75ba9c5cbee - - default default] Successfully bumped revision number for resource 998a9b51-b462-457a-8943-be147331367d (type: security_groups) to 1
2026-05-05 15:10:36.483 8 INFO neutron.db.ovn_revision_numbers_db [None req-b1405a28-8587-4706-8238-0534bb651884 541523dd97604fac89aecac295ce207b fdb96053ca6a473688c7e75ba9c5cbee - - default default] Successfully bumped revision number for resource 2da1779b-9499-4b1a-bcfe-4957c961d6c3 (type: security_group_rules) to 0
2026-05-05 15:10:36.499 8 INFO neutron.db.ovn_revision_numbers_db [None req-b1405a28-8587-4706-8238-0534bb651884 541523dd97604fac89aecac295ce207b fdb96053ca6a473688c7e75ba9c5cbee - - default default] Successfully bumped revision number for resource 7cb7dad2-ce6c-44fd-a454-8eb997d12ad7 (type: security_group_rules) to 0 [pid: 7|app: 0|req: 561/1156] 10.0.0.190 () {32 vars in 732 bytes} [Tue May 5 15:10:36 2026] DELETE /v2.0/floatingips/718922bf-e2b6-4f4f-8b68-57ee7b05a9bc => generated 0 bytes in 318 msecs (HTTP/1.1 204) 2 headers in 112 bytes (1 switches on core 0) [pid: 8|app: 0|req: 596/1157] 10.0.0.190 () {34 vars in 685 bytes} [Tue May 5 15:10:36 2026] POST /v2.0/security-groups => generated 1660 bytes in 202 msecs (HTTP/1.1 201) 4 headers in 163 bytes (1 switches on core 0) [pid: 7|app: 0|req: 562/1158] 10.0.0.190 () {32 vars in 736 bytes} [Tue May 5 15:10:36 2026] GET /v2.0/ports?device_id=f26fc1fe-95ca-4ea9-8efb-c5f2f83947a3 => generated 12 bytes in 20 msecs (HTTP/1.1 200) 4 headers in 156 bytes (1 switches on core 0)
2026-05-05 15:10:36.832 7 INFO neutron_taas.services.taas.taas_plugin [None req-d1e51344-9268-4a9c-82b6-9527299b0a18 b543c5ec0e9a422c955dd70405d81052 310974f67e9f4db68cdce8b75a39b4c6 - - default default] TaaS: Handle Delete Port: f55276e5-0a91-4d78-8349-47fda87a543e
2026-05-05 15:10:36.835 7 INFO neutron_taas.services.taas.tap_mirror_plugin [None req-d1e51344-9268-4a9c-82b6-9527299b0a18 b543c5ec0e9a422c955dd70405d81052 310974f67e9f4db68cdce8b75a39b4c6 - - default default] Tap Mirror: Handle Delete Port: f55276e5-0a91-4d78-8349-47fda87a543e
2026-05-05 15:10:36.862 8 INFO neutron_taas.services.taas.taas_plugin [None req-73bc7d58-a510-46e3-9cec-b3070e1ba6f7 d4ac90decba2428388b21b5e47aea71b 48cc2ffe16744b01966de1857562940a - - default default] TaaS: Handle Delete Port: ffde0c58-d498-4777-bfaf-08cc23285514
2026-05-05 15:10:36.865 8 INFO neutron_taas.services.taas.tap_mirror_plugin [None req-73bc7d58-a510-46e3-9cec-b3070e1ba6f7 d4ac90decba2428388b21b5e47aea71b 48cc2ffe16744b01966de1857562940a - - default default] Tap Mirror: Handle Delete Port: ffde0c58-d498-4777-bfaf-08cc23285514 [pid: 8|app: 0|req: 597/1161] 10.0.0.190 () {32 vars in 724 bytes} [Tue May 5 15:10:36 2026] DELETE /v2.0/routers/713def3c-2f09-432a-b777-2b8bb1bc8ac0 => generated 0 bytes in 768 msecs (HTTP/1.1 204) 2 headers in 112 bytes (1 switches on core 0)
2026-05-05 15:10:37.451 8 INFO neutron.db.ovn_revision_numbers_db [None req-80548cc0-95c6-49a1-9f16-76bc161a5d8d 541523dd97604fac89aecac295ce207b fdb96053ca6a473688c7e75ba9c5cbee - - default default] Successfully bumped revision number for resource 99cfa455-6980-4af3-a137-54a5055c69ba (type: security_group_rules) to 0 [pid: 8|app: 0|req: 598/1162] 10.0.0.190 () {34 vars in 695 bytes} [Tue May 5 15:10:37 2026] POST /v2.0/security-group-rules => generated 597 bytes in 177 msecs (HTTP/1.1 201) 4 headers in 162 bytes (1 switches on core 0) [pid: 7|app: 0|req: 565/1163] 10.0.0.190 () {34 vars in 789 bytes} [Tue May 5 15:10:36 2026] PUT /v2.0/routers/7a18eb25-2f62-41fd-a518-c60e6d4f482c/remove_router_interface => generated 309 bytes in 979 msecs (HTTP/1.1 200) 4 headers in 157 bytes (1 switches on core 0) /var/lib/openstack/lib/python3.12/site-packages/pycadf/identifier.py:70: UserWarning: Invalid uuid: neutron. To ensure interoperability, identifiers should be a valid uuid. warnings.warn(('Invalid uuid: %s. To ensure interoperability, ' [pid: 7|app: 0|req: 566/1164] 10.0.0.190 () {32 vars in 724 bytes} [Tue May 5 15:10:37 2026] DELETE /v2.0/subnets/593131aa-ddac-4bc0-809e-876f578441db => generated 0 bytes in 131 msecs (HTTP/1.1 204) 3 headers in 131 bytes (1 switches on core 0) [pid: 8|app: 0|req: 599/1165] 10.0.0.190 () {32 vars in 724 bytes} [Tue May 5 15:10:37 2026] DELETE /v2.0/routers/f26fc1fe-95ca-4ea9-8efb-c5f2f83947a3 => generated 0 bytes in 202 msecs (HTTP/1.1 204) 2 headers in 112 bytes (1 switches on core 0)
2026-05-05 15:10:37.803 7 INFO neutron.db.ovn_revision_numbers_db [None req-99c62fa6-7b2d-483e-bac6-310975d27ee2 541523dd97604fac89aecac295ce207b fdb96053ca6a473688c7e75ba9c5cbee - - default default] Successfully bumped revision number for resource 0277f21b-4717-42be-a349-734927a4af20 (type: security_group_rules) to 0 [pid: 7|app: 0|req: 567/1166] 10.0.0.190 () {34 vars in 695 bytes} [Tue May 5 15:10:37 2026] POST /v2.0/security-group-rules => generated 602 bytes in 178 msecs (HTTP/1.1 201) 4 headers in 162 bytes (1 switches on core 0)
2026-05-05 15:10:37.954 7 INFO neutron_taas.services.taas.taas_plugin [None req-ac81e2b9-46a5-4a1a-bce5-a7aa1f0bc0f0 d4ac90decba2428388b21b5e47aea71b 48cc2ffe16744b01966de1857562940a - - default default] TaaS: Handle Delete Port: f0a409c4-907a-42a1-917d-81cc6920487a
2026-05-05 15:10:37.956 7 INFO neutron_taas.services.taas.tap_mirror_plugin [None req-ac81e2b9-46a5-4a1a-bce5-a7aa1f0bc0f0 d4ac90decba2428388b21b5e47aea71b 48cc2ffe16744b01966de1857562940a - - default default] Tap Mirror: Handle Delete Port: f0a409c4-907a-42a1-917d-81cc6920487a
2026-05-05 15:10:37.968 8 INFO neutron_taas.services.taas.taas_plugin [None req-cb00d25d-47c6-47d7-be17-f0e48f2e8f9a b543c5ec0e9a422c955dd70405d81052 310974f67e9f4db68cdce8b75a39b4c6 - - default default] TaaS: Handle Delete Port: 8a405055-76f8-459b-8735-067fa22b5d9e
2026-05-05 15:10:37.971 8 INFO neutron_taas.services.taas.tap_mirror_plugin [None req-cb00d25d-47c6-47d7-be17-f0e48f2e8f9a b543c5ec0e9a422c955dd70405d81052 310974f67e9f4db68cdce8b75a39b4c6 - - default default] Tap Mirror: Handle Delete Port: 8a405055-76f8-459b-8735-067fa22b5d9e
2026-05-05 15:10:38.147 7 INFO neutron.services.segments.plugin [-] Segment cd3448bd-1f7a-446a-9be1-934a73fca8d0 resource provider aggregate not found
2026-05-05 15:10:38.156 7 INFO neutron.services.segments.plugin [-] Segment cd3448bd-1f7a-446a-9be1-934a73fca8d0 resource provider aggregate not found
2026-05-05 15:10:38.173 7 INFO neutron.services.segments.plugin [-] Segment cd3448bd-1f7a-446a-9be1-934a73fca8d0 resource provider not found; error: Placement Client Error (4xx): {"errors": [{"status": 404, "title": "Not Found", "detail": "The resource could not be found.\n\n No resource provider with uuid cd3448bd-1f7a-446a-9be1-934a73fca8d0 found for delete ", "request_id": "req-d8be1475-636a-49db-95cf-8f2b438ee05d"}]}
2026-05-05 15:10:38.179 7 INFO neutron.services.segments.plugin [-] Segment cd3448bd-1f7a-446a-9be1-934a73fca8d0 resource provider not found; error: Placement Client Error (4xx): {"errors": [{"status": 404, "title": "Not Found", "detail": "The resource could not be found.\n\n No resource provider with uuid cd3448bd-1f7a-446a-9be1-934a73fca8d0 found for delete ", "request_id": "req-82983842-65f6-43ad-b2e5-2a4736087b24"}]} [pid: 7|app: 0|req: 568/1167] 10.0.0.190 () {32 vars in 726 bytes} [Tue May 5 15:10:37 2026] DELETE /v2.0/networks/3ec5fb5a-cfc0-470e-a8ca-1e9550195f80 => generated 0 bytes in 369 msecs (HTTP/1.1 204) 3 headers in 131 bytes (1 switches on core 0) [pid: 8|app: 0|req: 600/1168] 10.0.0.190 () {32 vars in 724 bytes} [Tue May 5 15:10:37 2026] DELETE /v2.0/routers/7a18eb25-2f62-41fd-a518-c60e6d4f482c => generated 0 bytes in 655 msecs (HTTP/1.1 204) 2 headers in 112 bytes (1 switches on core 0) [pid: 7|app: 0|req: 569/1169] 10.0.0.190 () {32 vars in 724 bytes} [Tue May 5 15:10:38 2026] DELETE /v2.0/subnets/dfd9642a-9dfb-4538-91cd-94201bbc9a47 => generated 0 bytes in 177 msecs (HTTP/1.1 204) 3 headers in 131 bytes (1 switches on core 0) [pid: 7|app: 0|req: 570/1170] 10.0.0.190 () {32 vars in 724 bytes} [Tue May 5 15:10:38 2026] DELETE /v2.0/subnets/7503a913-cd3c-4136-aef1-3baba0796ab8 => generated 0 bytes in 169 msecs (HTTP/1.1 204) 3 headers in 131 bytes (1 switches on core 0)
2026-05-05 15:10:38.577 8 WARNING neutron.scheduler.dhcp_agent_scheduler [None req-d267bc73-f658-42d9-a280-07944fe6e9af 541523dd97604fac89aecac295ce207b fdb96053ca6a473688c7e75ba9c5cbee - - default default] No more DHCP agents
2026-05-05 15:10:38.578 8 WARNING neutron.api.rpc.agentnotifiers.dhcp_rpc_agent_api [None req-d267bc73-f658-42d9-a280-07944fe6e9af 541523dd97604fac89aecac295ce207b fdb96053ca6a473688c7e75ba9c5cbee - - default default] Unable to schedule network 76e5c7a9-ec48-4492-a0b3-d783cad94af8: no agents available; will retry on subsequent port and subnet creation events. [pid: 7|app: 0|req: 571/1171] 10.0.0.190 () {32 vars in 724 bytes} [Tue May 5 15:10:38 2026] DELETE /v2.0/subnets/b040d85c-11da-4a8e-bab0-ecc794860dbb => generated 0 bytes in 137 msecs (HTTP/1.1 204) 3 headers in 131 bytes (1 switches on core 0)
2026-05-05 15:10:38.796 7 INFO neutron_taas.services.taas.taas_plugin [None req-29f8e68a-8c20-4c67-b361-dc4d05e8e4d4 b543c5ec0e9a422c955dd70405d81052 310974f67e9f4db68cdce8b75a39b4c6 - - default default] TaaS: Handle Delete Port: b821bbbb-43da-4ddf-8ee7-a8ca94174882
2026-05-05 15:10:38.798 7 INFO neutron_taas.services.taas.tap_mirror_plugin [None req-29f8e68a-8c20-4c67-b361-dc4d05e8e4d4 b543c5ec0e9a422c955dd70405d81052 310974f67e9f4db68cdce8b75a39b4c6 - - default default] Tap Mirror: Handle Delete Port: b821bbbb-43da-4ddf-8ee7-a8ca94174882 [pid: 8|app: 0|req: 601/1172] 10.0.0.190 () {34 vars in 676 bytes} [Tue May 5 15:10:38 2026] POST /v2.0/floatingips => generated 552 bytes in 488 msecs (HTTP/1.1 201) 4 headers in 162 bytes (1 switches on core 0)
2026-05-05 15:10:38.978 7 WARNING neutron.plugins.ml2.drivers.ovn.mech_driver.ovsdb.ovn_client [None req-35adc0f6-9316-4407-90c2-ac5d56a36926 - - - - - -] No port found with ID 2c8f6165-4c8e-4868-b573-8bb46ed28ee9: RuntimeError: No port found with ID 2c8f6165-4c8e-4868-b573-8bb46ed28ee9
2026-05-05 15:10:38.986 7 INFO neutron.plugins.ml2.drivers.ovn.mech_driver.mech_driver [None req-35adc0f6-9316-4407-90c2-ac5d56a36926 - - - - - -] OVN reports status down for port: 32594ca6-7921-4b12-8a6b-efe54cca54d5
2026-05-05 15:10:38.996 7 INFO neutron.plugins.ml2.drivers.ovn.mech_driver.mech_driver [None req-35adc0f6-9316-4407-90c2-ac5d56a36926 - - - - - -] OVN reports status down for port: b9f7dbf3-4c5a-44ee-9d4a-da1a39655b9c [pid: 8|app: 0|req: 602/1173] 10.0.0.190 () {32 vars in 774 bytes} [Tue May 5 15:10:38 2026] GET /v2.0/security-groups?tenant_id=48cc2ffe16744b01966de1857562940a&name=default => generated 2925 bytes in 175 msecs (HTTP/1.1 200) 4 headers in 158 bytes (1 switches on core 0) [pid: 7|app: 0|req: 572/1174] 10.0.0.190 () {32 vars in 726 bytes} [Tue May 5 15:10:38 2026] DELETE /v2.0/networks/2b9597bd-9eb1-4b4c-b666-e7ee3e746463 => generated 0 bytes in 318 msecs (HTTP/1.1 204) 3 headers in 131 bytes (1 switches on core 0)
2026-05-05 15:10:39.010 7 INFO neutron.plugins.ml2.drivers.ovn.mech_driver.mech_driver [None req-35adc0f6-9316-4407-90c2-ac5d56a36926 - - - - - -] OVN reports status down for port: d27bf070-5b60-4917-9f78-1732fb79405f
2026-05-05 15:10:39.130 8 INFO neutron_taas.services.taas.taas_plugin [None req-39dd93d1-b637-4653-a8e2-ff0c34130dbf f5c388aca2b94c16bac1d3507a0aa961 08f71c3819a74375b15e3083605b1a54 - - default default] TaaS: Handle Delete Port: 4dfe35d5-4abd-4eb0-aaf0-d754059d6183
2026-05-05 15:10:39.132 7 INFO neutron.plugins.ml2.drivers.ovn.mech_driver.mech_driver [None req-35adc0f6-9316-4407-90c2-ac5d56a36926 - - - - - -] OVN reports status down for port: 13f755c3-d62c-4ab0-8feb-8f982a5af2c1
2026-05-05 15:10:39.133 8 INFO neutron_taas.services.taas.tap_mirror_plugin [None req-39dd93d1-b637-4653-a8e2-ff0c34130dbf f5c388aca2b94c16bac1d3507a0aa961 08f71c3819a74375b15e3083605b1a54 - - default default] Tap Mirror: Handle Delete Port: 4dfe35d5-4abd-4eb0-aaf0-d754059d6183
2026-05-05 15:10:39.331 8 INFO neutron.services.segments.plugin [-] Segment e2eed15f-5553-49a1-a928-4998bdebb932 resource provider aggregate not found
2026-05-05 15:10:39.337 8 INFO neutron.services.segments.plugin [-] Segment e2eed15f-5553-49a1-a928-4998bdebb932 resource provider aggregate not found
2026-05-05 15:10:39.352 8 INFO neutron.services.segments.plugin [-] Segment e2eed15f-5553-49a1-a928-4998bdebb932 resource provider not found; error: Placement Client Error (4xx): {"errors": [{"status": 404, "title": "Not Found", "detail": "The resource could not be found.\n\n No resource provider with uuid e2eed15f-5553-49a1-a928-4998bdebb932 found for delete ", "request_id": "req-d718e44f-ce40-430b-9e90-55ad56f012af"}]}
