2026-05-05 15:11:23.847 7 INFO neutron.plugins.ml2.drivers.ovn.mech_driver.mech_driver [None req-373c61ec-280d-4e6a-9922-38b72fa32ebd - - - - - -] OVN reports status down for port: 8367bfd4-a52e-4fb5-b638-e6edad1f03eb [pid: 8|app: 0|req: 807/1577] 10.0.0.190 () {32 vars in 643 bytes} [Tue May 5 15:11:23 2026] GET /v2.0/ports => generated 1538 bytes in 50 msecs (HTTP/1.1 200) 4 headers in 158 bytes (1 switches on core 0)
2026-05-05 15:11:23.918 8 INFO neutron.pecan_wsgi.hooks.translation [None req-04da834f-c1de-4ae5-ae71-ec4959f6a167 a5a8227eff0c47fa89b2bc95a9e57012 9b3b76de94dc4e33841c7a0936039eef - - default default] GET failed (client error): The resource could not be found. [pid: 8|app: 0|req: 808/1578] 10.0.0.190 () {32 vars in 717 bytes} [Tue May 5 15:11:23 2026] GET /v2.0/ports/8367bfd4-a52e-4fb5-b638-e6edad1f03eb => generated 132 bytes in 25 msecs (HTTP/1.1 404) 4 headers in 164 bytes (1 switches on core 0) [pid: 8|app: 0|req: 809/1579] 10.0.0.83 () {34 vars in 989 bytes} [Tue May 5 15:11:23 2026] GET /v2.0/ports?device_id=0ed7da19-4669-4ca7-9007-d80e153d5026 => generated 12 bytes in 31 msecs (HTTP/1.1 200) 4 headers in 156 bytes (1 switches on core 0) [pid: 8|app: 0|req: 810/1580] 10.0.0.190 () {32 vars in 643 bytes} [Tue May 5 15:11:23 2026] GET /v2.0/ports => generated 1538 bytes in 60 msecs (HTTP/1.1 200) 4 headers in 158 bytes (1 switches on core 0)
2026-05-05 15:11:24.028 7 INFO neutron.db.ovn_revision_numbers_db [None req-1b8baba8-3d5d-4d18-a69e-17ed66cc6ab1 - - - - - -] Successfully bumped revision number for resource 360971e6-53b4-4a18-ba89-d104d28f9ba3 (type: ports) to 2 [pid: 8|app: 0|req: 811/1581] 10.0.0.190 () {32 vars in 717 bytes} [Tue May 5 15:11:24 2026] GET /v2.0/ports/3e6a43e8-612c-432e-b8e7-01587eacc4b1 => generated 779 bytes in 36 msecs (HTTP/1.1 200) 4 headers in 157 bytes (1 switches on core 0)
2026-05-05 15:11:24.089 8 INFO neutron.pecan_wsgi.hooks.translation [None req-fccc8f2e-7c48-4b24-b8f3-b9b06e4faf6b a5a8227eff0c47fa89b2bc95a9e57012 9b3b76de94dc4e33841c7a0936039eef - - default default] DELETE failed (client error): The resource could not be found.
2026-05-05 15:11:24.090 7 INFO neutron.db.ovn_revision_numbers_db [None req-1b8baba8-3d5d-4d18-a69e-17ed66cc6ab1 - - - - - -] Successfully bumped revision number for resource dcb69a8f-563a-47df-930e-894918787983 (type: subnets) to 0 [pid: 8|app: 0|req: 812/1582] 10.0.0.190 () {32 vars in 720 bytes} [Tue May 5 15:11:24 2026] DELETE /v2.0/ports/121acb27-a70c-47f6-94ea-7c903da936ca => generated 132 bytes in 23 msecs (HTTP/1.1 404) 4 headers in 164 bytes (1 switches on core 0) [pid: 7|app: 0|req: 771/1583] 10.0.0.190 () {34 vars in 669 bytes} [Tue May 5 15:11:23 2026] POST /v2.0/subnets => generated 687 bytes in 1022 msecs (HTTP/1.1 201) 4 headers in 162 bytes (1 switches on core 0)
2026-05-05 15:11:24.114 8 INFO neutron.pecan_wsgi.hooks.translation [None req-6a0d4712-a0d2-441d-a0a4-b150bac43b5c a5a8227eff0c47fa89b2bc95a9e57012 9b3b76de94dc4e33841c7a0936039eef - - default default] DELETE failed (client error): The resource could not be found. [pid: 8|app: 0|req: 813/1584] 10.0.0.190 () {32 vars in 724 bytes} [Tue May 5 15:11:24 2026] DELETE /v2.0/subnets/ab346718-6230-4494-b4d7-fa9382a91b08 => generated 136 bytes in 18 msecs (HTTP/1.1 404) 4 headers in 164 bytes (1 switches on core 0)
2026-05-05 15:11:24.136 8 INFO neutron.pecan_wsgi.hooks.translation [None req-76dd803a-8804-4581-b588-5ba0a7ff8b14 a5a8227eff0c47fa89b2bc95a9e57012 9b3b76de94dc4e33841c7a0936039eef - - default default] DELETE failed (client error): The resource could not be found. [pid: 8|app: 0|req: 814/1585] 10.0.0.190 () {32 vars in 724 bytes} [Tue May 5 15:11:24 2026] DELETE /v2.0/subnets/9ca5633b-12e2-4104-98a7-0c31f1cfce78 => generated 136 bytes in 18 msecs (HTTP/1.1 404) 4 headers in 164 bytes (1 switches on core 0)
2026-05-05 15:11:24.307 8 INFO neutron_taas.services.taas.taas_plugin [None req-52547ed1-96d0-45d0-b670-ef074eeaee88 a5a8227eff0c47fa89b2bc95a9e57012 9b3b76de94dc4e33841c7a0936039eef - - default default] TaaS: Handle Delete Port: 3e6a43e8-612c-432e-b8e7-01587eacc4b1
2026-05-05 15:11:24.310 8 INFO neutron_taas.services.taas.tap_mirror_plugin [None req-52547ed1-96d0-45d0-b670-ef074eeaee88 a5a8227eff0c47fa89b2bc95a9e57012 9b3b76de94dc4e33841c7a0936039eef - - default default] Tap Mirror: Handle Delete Port: 3e6a43e8-612c-432e-b8e7-01587eacc4b1 [pid: 8|app: 0|req: 815/1586] 10.0.0.190 () {32 vars in 720 bytes} [Tue May 5 15:11:24 2026] DELETE /v2.0/ports/3e6a43e8-612c-432e-b8e7-01587eacc4b1 => generated 0 bytes in 292 msecs (HTTP/1.1 204) 3 headers in 131 bytes (1 switches on core 0)
2026-05-05 15:11:24.571 8 INFO neutron_taas.services.taas.taas_plugin [None req-87abc0cd-bb4a-4972-aa71-1d3c660b97ba a5a8227eff0c47fa89b2bc95a9e57012 9b3b76de94dc4e33841c7a0936039eef - - default default] TaaS: Handle Delete Port: 96db82ae-e2e8-445e-a282-b60d7e5612f2
2026-05-05 15:11:24.574 8 INFO neutron_taas.services.taas.tap_mirror_plugin [None req-87abc0cd-bb4a-4972-aa71-1d3c660b97ba a5a8227eff0c47fa89b2bc95a9e57012 9b3b76de94dc4e33841c7a0936039eef - - default default] Tap Mirror: Handle Delete Port: 96db82ae-e2e8-445e-a282-b60d7e5612f2
2026-05-05 15:11:24.593 7 WARNING neutron.scheduler.dhcp_agent_scheduler [None req-e833097f-80d4-4586-983f-18732ce9d5c7 b543c5ec0e9a422c955dd70405d81052 310974f67e9f4db68cdce8b75a39b4c6 - - default default] No more DHCP agents
2026-05-05 15:11:24.594 7 WARNING neutron.api.rpc.agentnotifiers.dhcp_rpc_agent_api [None req-e833097f-80d4-4586-983f-18732ce9d5c7 b543c5ec0e9a422c955dd70405d81052 310974f67e9f4db68cdce8b75a39b4c6 - - default default] Unable to schedule network 76e5c7a9-ec48-4492-a0b3-d783cad94af8: no agents available; will retry on subsequent port and subnet creation events.
2026-05-05 15:11:24.727 7 INFO neutron.plugins.ml2.drivers.ovn.mech_driver.mech_driver [None req-373c61ec-280d-4e6a-9922-38b72fa32ebd - - - - - -] OVN reports status down for port: 3efed5b8-b545-4a2c-aa01-b07c73fda5c7
2026-05-05 15:11:24.779 7 INFO neutron.db.ovn_revision_numbers_db [None req-e833097f-80d4-4586-983f-18732ce9d5c7 b543c5ec0e9a422c955dd70405d81052 310974f67e9f4db68cdce8b75a39b4c6 - - default default] Successfully bumped revision number for resource 3efed5b8-b545-4a2c-aa01-b07c73fda5c7 (type: ports) to 1
2026-05-05 15:11:24.806 8 INFO neutron.services.segments.plugin [-] Segment cfea8f52-02fa-45f1-9028-2dafa07ace02 resource provider aggregate not found
2026-05-05 15:11:24.812 8 INFO neutron.services.segments.plugin [-] Segment cfea8f52-02fa-45f1-9028-2dafa07ace02 resource provider aggregate not found
2026-05-05 15:11:24.835 8 INFO neutron.services.segments.plugin [-] Segment cfea8f52-02fa-45f1-9028-2dafa07ace02 resource provider not found; error: Placement Client Error (4xx): {"errors": [{"status": 404, "title": "Not Found", "detail": "The resource could not be found.\n\n No resource provider with uuid cfea8f52-02fa-45f1-9028-2dafa07ace02 found for delete ", "request_id": "req-c1bfb754-6f55-4aa1-8a14-3e81b4cd1e61"}]}
2026-05-05 15:11:24.835 8 INFO neutron.services.segments.plugin [-] Segment cfea8f52-02fa-45f1-9028-2dafa07ace02 resource provider not found; error: Placement Client Error (4xx): {"errors": [{"status": 404, "title": "Not Found", "detail": "The resource could not be found.\n\n No resource provider with uuid cfea8f52-02fa-45f1-9028-2dafa07ace02 found for delete ", "request_id": "req-7c667b4b-1b15-4b75-8f4e-5fd87898b5e8"}]} [pid: 8|app: 0|req: 816/1587] 10.0.0.190 () {32 vars in 726 bytes} [Tue May 5 15:11:24 2026] DELETE /v2.0/networks/20d16b81-b7f9-40f3-8eae-93ffc9ef965d => generated 0 bytes in 419 msecs (HTTP/1.1 204) 3 headers in 131 bytes (1 switches on core 0) [pid: 8|app: 0|req: 817/1588] 10.0.0.83 () {34 vars in 989 bytes} [Tue May 5 15:11:25 2026] GET /v2.0/ports?device_id=0ed7da19-4669-4ca7-9007-d80e153d5026 => generated 12 bytes in 20 msecs (HTTP/1.1 200) 4 headers in 156 bytes (1 switches on core 0)
2026-05-05 15:11:25.457 7 INFO neutron.plugins.ml2.drivers.ovn.mech_driver.ovsdb.commands [None req-86cd46b6-5d8e-4d48-8183-f7ab00d95171 - - - - - -] Schedule LRP lrp-3efed5b8-b545-4a2c-aa01-b07c73fda5c7 on gateway 20e8207e-6eab-40df-a1ae-bdecc18f8719 with priority 1
2026-05-05 15:11:25.491 8 INFO neutron.plugins.ml2.drivers.ovn.mech_driver.ovsdb.ovsdb_monitor [None req-400cf993-1b96-47bb-806d-93a29306ba94 - - - - - -] Router 0b6ee626-7c29-4d4c-9a8a-005ec1e7f884 is bound to host instance
2026-05-05 15:11:25.510 7 INFO neutron.plugins.ml2.drivers.ovn.mech_driver.mech_driver [None req-373c61ec-280d-4e6a-9922-38b72fa32ebd - - - - - -] OVN reports status up for port: 3efed5b8-b545-4a2c-aa01-b07c73fda5c7
2026-05-05 15:11:25.551 7 INFO neutron.plugins.ml2.plugin [None req-373c61ec-280d-4e6a-9922-38b72fa32ebd - - - - - -] Attempt 1 to provision port 3efed5b8-b545-4a2c-aa01-b07c73fda5c7
2026-05-05 15:11:25.581 7 INFO neutron.db.ovn_revision_numbers_db [None req-e833097f-80d4-4586-983f-18732ce9d5c7 b543c5ec0e9a422c955dd70405d81052 310974f67e9f4db68cdce8b75a39b4c6 - - default default] Successfully bumped revision number for resource 3efed5b8-b545-4a2c-aa01-b07c73fda5c7 (type: router_ports) to 1 [pid: 8|app: 0|req: 818/1589] 10.0.0.190 () {32 vars in 774 bytes} [Tue May 5 15:11:25 2026] GET /v2.0/security-groups?tenant_id=9b3b76de94dc4e33841c7a0936039eef&name=default => generated 2925 bytes in 259 msecs (HTTP/1.1 200) 4 headers in 158 bytes (1 switches on core 0)
2026-05-05 15:11:25.708 7 INFO neutron.db.ovn_revision_numbers_db [None req-e833097f-80d4-4586-983f-18732ce9d5c7 b543c5ec0e9a422c955dd70405d81052 310974f67e9f4db68cdce8b75a39b4c6 - - default default] Successfully bumped revision number for resource 0b6ee626-7c29-4d4c-9a8a-005ec1e7f884 (type: routers) to 2 [pid: 7|app: 0|req: 772/1590] 10.0.0.190 () {34 vars in 669 bytes} [Tue May 5 15:11:24 2026] POST /v2.0/routers => generated 965 bytes in 1610 msecs (HTTP/1.1 201) 4 headers in 162 bytes (1 switches on core 0) [pid: 8|app: 0|req: 819/1591] 10.0.0.190 () {32 vars in 740 bytes} [Tue May 5 15:11:25 2026] DELETE /v2.0/security-groups/3aa89772-bbd2-413e-a1cf-4cc3b481c26c => generated 0 bytes in 415 msecs (HTTP/1.1 204) 2 headers in 112 bytes (1 switches on core 0) [pid: 8|app: 0|req: 820/1592] 199.19.213.191 () {34 vars in 986 bytes} [Tue May 5 15:11:26 2026] GET /v2.0/networks?id=62e1300e-bcd8-4e5c-a06c-dbdb582759e4 => generated 714 bytes in 103 msecs (HTTP/1.1 200) 4 headers in 157 bytes (1 switches on core 0)
2026-05-05 15:11:26.211 7 WARNING neutron.scheduler.dhcp_agent_scheduler [None req-651906cf-83bf-41f4-be06-0002aec42733 b543c5ec0e9a422c955dd70405d81052 310974f67e9f4db68cdce8b75a39b4c6 - - default default] No more DHCP agents
2026-05-05 15:11:26.213 7 WARNING neutron.api.rpc.agentnotifiers.dhcp_rpc_agent_api [None req-651906cf-83bf-41f4-be06-0002aec42733 b543c5ec0e9a422c955dd70405d81052 310974f67e9f4db68cdce8b75a39b4c6 - - default default] Unable to schedule network 81f93701-9f83-4303-b8c1-01191650b296: no agents available; will retry on subsequent port and subnet creation events. [pid: 8|app: 0|req: 821/1593] 10.0.0.83 () {34 vars in 989 bytes} [Tue May 5 15:11:26 2026] GET /v2.0/ports?device_id=0ed7da19-4669-4ca7-9007-d80e153d5026 => generated 12 bytes in 45 msecs (HTTP/1.1 200) 4 headers in 156 bytes (1 switches on core 0) [pid: 8|app: 0|req: 822/1594] 199.19.213.191 () {34 vars in 1050 bytes} [Tue May 5 15:11:26 2026] GET /v2.0/security-groups?fields=id&fields=name&tenant_id=f2f2094eba484f1bb2c34a34be557fcb => generated 180 bytes in 55 msecs (HTTP/1.1 200) 4 headers in 157 bytes (1 switches on core 0)
2026-05-05 15:11:26.371 8 INFO neutron.plugins.ml2.drivers.ovn.mech_driver.mech_driver [None req-03edd4fd-a12a-4ccb-9b9c-b6db9e2342ac - - - - - -] OVN reports status down for port: 7149ff7b-b35d-45d6-888f-d304ca70f53c
2026-05-05 15:11:26.399 7 INFO neutron.db.ovn_revision_numbers_db [None req-651906cf-83bf-41f4-be06-0002aec42733 b543c5ec0e9a422c955dd70405d81052 310974f67e9f4db68cdce8b75a39b4c6 - - default default] Successfully bumped revision number for resource 7149ff7b-b35d-45d6-888f-d304ca70f53c (type: ports) to 1
2026-05-05 15:11:26.802 8 INFO neutron.db.ovn_revision_numbers_db [None req-94adfd9c-3a74-4984-9782-5b37088b3617 b543c5ec0e9a422c955dd70405d81052 310974f67e9f4db68cdce8b75a39b4c6 - - default default] Successfully bumped revision number for resource 377c4b35-5dd7-436f-b4b8-4a7da231233c (type: security_groups) to 1
2026-05-05 15:11:26.827 8 INFO neutron.db.ovn_revision_numbers_db [None req-94adfd9c-3a74-4984-9782-5b37088b3617 b543c5ec0e9a422c955dd70405d81052 310974f67e9f4db68cdce8b75a39b4c6 - - default default] Successfully bumped revision number for resource 32ab88f9-bc5c-4ffa-9b70-d2f10407ab9a (type: security_group_rules) to 0
2026-05-05 15:11:26.860 8 INFO neutron.db.ovn_revision_numbers_db [None req-94adfd9c-3a74-4984-9782-5b37088b3617 b543c5ec0e9a422c955dd70405d81052 310974f67e9f4db68cdce8b75a39b4c6 - - default default] Successfully bumped revision number for resource 36fa7567-c821-4968-b073-f4fff02528d4 (type: security_group_rules) to 0
2026-05-05 15:11:26.883 8 INFO neutron.db.ovn_revision_numbers_db [None req-94adfd9c-3a74-4984-9782-5b37088b3617 b543c5ec0e9a422c955dd70405d81052 310974f67e9f4db68cdce8b75a39b4c6 - - default default] Successfully bumped revision number for resource 7ab6af1d-b641-4759-9e0d-6bf038cc113e (type: security_group_rules) to 0
2026-05-05 15:11:26.899 8 INFO neutron.db.ovn_revision_numbers_db [None req-651b432a-2387-46f3-9b82-1bbd8f02c42a - - - - - -] Successfully bumped revision number for resource 3efed5b8-b545-4a2c-aa01-b07c73fda5c7 (type: ports) to 4
2026-05-05 15:11:26.910 8 INFO neutron.db.ovn_revision_numbers_db [None req-94adfd9c-3a74-4984-9782-5b37088b3617 b543c5ec0e9a422c955dd70405d81052 310974f67e9f4db68cdce8b75a39b4c6 - - default default] Successfully bumped revision number for resource ad09527c-7524-4801-bd36-79105bfa9cc6 (type: security_group_rules) to 0 [pid: 8|app: 0|req: 823/1595] 10.0.0.190 () {32 vars in 774 bytes} [Tue May 5 15:11:26 2026] GET /v2.0/security-groups?tenant_id=e53a6ab393904789aa1515c46246cd12&name=default => generated 2925 bytes in 682 msecs (HTTP/1.1 200) 4 headers in 158 bytes (1 switches on core 0)
2026-05-05 15:11:27.289 8 INFO neutron.plugins.ml2.drivers.ovn.mech_driver.mech_driver [None req-03edd4fd-a12a-4ccb-9b9c-b6db9e2342ac - - - - - -] OVN reports status up for port: 7149ff7b-b35d-45d6-888f-d304ca70f53c
2026-05-05 15:11:27.335 7 WARNING neutron.scheduler.dhcp_agent_scheduler [None req-651906cf-83bf-41f4-be06-0002aec42733 b543c5ec0e9a422c955dd70405d81052 310974f67e9f4db68cdce8b75a39b4c6 - - default default] No more DHCP agents
2026-05-05 15:11:27.337 7 WARNING neutron.api.rpc.agentnotifiers.dhcp_rpc_agent_api [None req-651906cf-83bf-41f4-be06-0002aec42733 b543c5ec0e9a422c955dd70405d81052 310974f67e9f4db68cdce8b75a39b4c6 - - default default] Unable to schedule network 81f93701-9f83-4303-b8c1-01191650b296: no agents available; will retry on subsequent port and subnet creation events.
2026-05-05 15:11:27.338 8 INFO neutron.plugins.ml2.plugin [None req-03edd4fd-a12a-4ccb-9b9c-b6db9e2342ac - - - - - -] Attempt 1 to provision port 7149ff7b-b35d-45d6-888f-d304ca70f53c
2026-05-05 15:11:27.808 7 INFO neutron.db.ovn_revision_numbers_db [None req-651906cf-83bf-41f4-be06-0002aec42733 b543c5ec0e9a422c955dd70405d81052 310974f67e9f4db68cdce8b75a39b4c6 - - default default] Successfully bumped revision number for resource 7149ff7b-b35d-45d6-888f-d304ca70f53c (type: router_ports) to 1 [pid: 7|app: 0|req: 773/1596] 10.0.0.190 () {34 vars in 783 bytes} [Tue May 5 15:11:25 2026] PUT /v2.0/routers/0b6ee626-7c29-4d4c-9a8a-005ec1e7f884/add_router_interface => generated 309 bytes in 2086 msecs (HTTP/1.1 200) 4 headers in 157 bytes (1 switches on core 0)
2026-05-05 15:11:27.934 8 WARNING neutron.scheduler.dhcp_agent_scheduler [req-7f1a7d4f-930d-4f4f-9ee0-2b7a9c6b9875 req-3ee50041-1472-4d1d-b0c6-585233561cf2 dfaa8204842945079d16baae80831388 f2f2094eba484f1bb2c34a34be557fcb - - default default] No more DHCP agents
2026-05-05 15:11:27.954 8 WARNING neutron.api.rpc.agentnotifiers.dhcp_rpc_agent_api [req-7f1a7d4f-930d-4f4f-9ee0-2b7a9c6b9875 req-3ee50041-1472-4d1d-b0c6-585233561cf2 dfaa8204842945079d16baae80831388 f2f2094eba484f1bb2c34a34be557fcb - - default default] Unable to schedule network 62e1300e-bcd8-4e5c-a06c-dbdb582759e4: no agents available; will retry on subsequent port and subnet creation events. [pid: 7|app: 0|req: 774/1597] 10.0.0.190 () {32 vars in 740 bytes} [Tue May 5 15:11:27 2026] DELETE /v2.0/security-groups/377c4b35-5dd7-436f-b4b8-4a7da231233c => generated 0 bytes in 301 msecs (HTTP/1.1 204) 2 headers in 112 bytes (1 switches on core 0)
2026-05-05 15:11:28.128 8 INFO neutron.db.ovn_revision_numbers_db [None req-651b432a-2387-46f3-9b82-1bbd8f02c42a - - - - - -] Successfully bumped revision number for resource 3efed5b8-b545-4a2c-aa01-b07c73fda5c7 (type: ports) to 5 [pid: 7|app: 0|req: 775/1598] 10.0.0.83 () {34 vars in 989 bytes} [Tue May 5 15:11:28 2026] GET /v2.0/ports?device_id=0ed7da19-4669-4ca7-9007-d80e153d5026 => generated 961 bytes in 113 msecs (HTTP/1.1 200) 4 headers in 157 bytes (1 switches on core 0)
2026-05-05 15:11:28.343 7 INFO neutron.plugins.ml2.drivers.ovn.mech_driver.mech_driver [None req-373c61ec-280d-4e6a-9922-38b72fa32ebd - - - - - -] OVN reports status down for port: 546bb2e0-f31e-403b-938e-fb9aeba17af5
2026-05-05 15:11:28.479 8 INFO neutron.db.ovn_revision_numbers_db [req-7f1a7d4f-930d-4f4f-9ee0-2b7a9c6b9875 req-3ee50041-1472-4d1d-b0c6-585233561cf2 dfaa8204842945079d16baae80831388 f2f2094eba484f1bb2c34a34be557fcb - - default default] Successfully bumped revision number for resource 546bb2e0-f31e-403b-938e-fb9aeba17af5 (type: ports) to 1
2026-05-05 15:11:28.662 7 INFO neutron.db.ovn_revision_numbers_db [None req-476ad499-bcd8-4fd9-8598-2326200f2403 ca2dd11390d14f2298be02b1b70e1715 40e8cf6c616a4b8491ca11a0cc103798 - - default default] Successfully bumped revision number for resource 4530c371-e3a4-4912-9a80-79e690312a8f (type: security_groups) to 1
2026-05-05 15:11:28.681 7 INFO neutron.db.ovn_revision_numbers_db [None req-476ad499-bcd8-4fd9-8598-2326200f2403 ca2dd11390d14f2298be02b1b70e1715 40e8cf6c616a4b8491ca11a0cc103798 - - default default] Successfully bumped revision number for resource 2bfea5bd-1557-4220-a33d-29749d24cf19 (type: security_group_rules) to 0
2026-05-05 15:11:28.695 7 INFO neutron.db.ovn_revision_numbers_db [None req-476ad499-bcd8-4fd9-8598-2326200f2403 ca2dd11390d14f2298be02b1b70e1715 40e8cf6c616a4b8491ca11a0cc103798 - - default default] Successfully bumped revision number for resource 5206291c-2c7f-442f-a06b-29a5613750e6 (type: security_group_rules) to 0
2026-05-05 15:11:28.707 7 INFO neutron.db.ovn_revision_numbers_db [None req-476ad499-bcd8-4fd9-8598-2326200f2403 ca2dd11390d14f2298be02b1b70e1715 40e8cf6c616a4b8491ca11a0cc103798 - - default default] Successfully bumped revision number for resource 8af6abfe-934c-4fc9-81d2-75a928db8581 (type: security_group_rules) to 0 [pid: 8|app: 0|req: 824/1599] 199.19.213.191 () {38 vars in 955 bytes} [Tue May 5 15:11:26 2026] POST /v2.0/ports => generated 958 bytes in 1730 msecs (HTTP/1.1 201) 4 headers in 162 bytes (1 switches on core 0) /var/lib/openstack/lib/python3.12/site-packages/pycadf/identifier.py:70: UserWarning: Invalid uuid: neutron. To ensure interoperability, identifiers should be a valid uuid. warnings.warn(('Invalid uuid: %s. To ensure interoperability, '
2026-05-05 15:11:28.723 7 INFO neutron.db.ovn_revision_numbers_db [None req-476ad499-bcd8-4fd9-8598-2326200f2403 ca2dd11390d14f2298be02b1b70e1715 40e8cf6c616a4b8491ca11a0cc103798 - - default default] Successfully bumped revision number for resource 96c85254-78f0-493c-9ee3-099cfd85414f (type: security_group_rules) to 0
2026-05-05 15:11:28.727 8 INFO neutron.db.ovn_revision_numbers_db [None req-03edd4fd-a12a-4ccb-9b9c-b6db9e2342ac - - - - - -] Successfully bumped revision number for resource 7149ff7b-b35d-45d6-888f-d304ca70f53c (type: ports) to 2 [pid: 8|app: 0|req: 825/1600] 10.0.0.83 () {34 vars in 1039 bytes} [Tue May 5 15:11:28 2026] GET /v2.0/security-groups?id=f030189f-caa0-470c-adca-03f29181ffbb&fields=id&fields=name => generated 113 bytes in 50 msecs (HTTP/1.1 200) 4 headers in 157 bytes (1 switches on core 0)
2026-05-05 15:11:28.827 7 INFO neutron.db.segments_db [None req-476ad499-bcd8-4fd9-8598-2326200f2403 ca2dd11390d14f2298be02b1b70e1715 40e8cf6c616a4b8491ca11a0cc103798 - - default default] Added segment ae1882aa-a7db-48f3-886f-59893f0ac8b1 of type geneve for network 48bb2717-7c28-4af3-a756-ce35a4f0802f
2026-05-05 15:11:28.965 7 INFO neutron.db.ovn_revision_numbers_db [None req-476ad499-bcd8-4fd9-8598-2326200f2403 ca2dd11390d14f2298be02b1b70e1715 40e8cf6c616a4b8491ca11a0cc103798 - - default default] Successfully bumped revision number for resource 48bb2717-7c28-4af3-a756-ce35a4f0802f (type: networks) to 1
2026-05-05 15:11:28.981 8 INFO neutron.db.ovn_revision_numbers_db [None req-c816ee14-9c5b-443e-8664-28e7e029bca3 b543c5ec0e9a422c955dd70405d81052 310974f67e9f4db68cdce8b75a39b4c6 - - default default] Successfully bumped revision number for resource a0863878-d85e-439f-a5de-756081001ec4 (type: security_groups) to 1
2026-05-05 15:11:28.994 8 INFO neutron.db.ovn_revision_numbers_db [None req-c816ee14-9c5b-443e-8664-28e7e029bca3 b543c5ec0e9a422c955dd70405d81052 310974f67e9f4db68cdce8b75a39b4c6 - - default default] Successfully bumped revision number for resource 8065b7a8-2cf4-43f5-88ae-b4bb941cde98 (type: security_group_rules) to 0
2026-05-05 15:11:29.009 8 INFO neutron.db.ovn_revision_numbers_db [None req-c816ee14-9c5b-443e-8664-28e7e029bca3 b543c5ec0e9a422c955dd70405d81052 310974f67e9f4db68cdce8b75a39b4c6 - - default default] Successfully bumped revision number for resource 8643291e-3723-4db3-b2a5-0d0c86b3d204 (type: security_group_rules) to 0
2026-05-05 15:11:29.019 8 INFO neutron.db.ovn_revision_numbers_db [None req-c816ee14-9c5b-443e-8664-28e7e029bca3 b543c5ec0e9a422c955dd70405d81052 310974f67e9f4db68cdce8b75a39b4c6 - - default default] Successfully bumped revision number for resource ab9681b9-349b-49cf-8158-de53c8980c03 (type: security_group_rules) to 0
2026-05-05 15:11:29.032 8 INFO neutron.db.ovn_revision_numbers_db [None req-c816ee14-9c5b-443e-8664-28e7e029bca3 b543c5ec0e9a422c955dd70405d81052 310974f67e9f4db68cdce8b75a39b4c6 - - default default] Successfully bumped revision number for resource c82c869a-8c05-4112-8232-c201e0ab571f (type: security_group_rules) to 0 [pid: 8|app: 0|req: 826/1601] 10.0.0.190 () {32 vars in 774 bytes} [Tue May 5 15:11:28 2026] GET /v2.0/security-groups?tenant_id=43d108cd7efc4aeb8f16e1115a2b862e&name=default => generated 2925 bytes in 307 msecs (HTTP/1.1 200) 4 headers in 158 bytes (1 switches on core 0)
2026-05-05 15:11:29.124 7 WARNING neutron.scheduler.dhcp_agent_scheduler [None req-476ad499-bcd8-4fd9-8598-2326200f2403 ca2dd11390d14f2298be02b1b70e1715 40e8cf6c616a4b8491ca11a0cc103798 - - default default] No more DHCP agents
2026-05-05 15:11:29.125 7 WARNING neutron.api.rpc.agentnotifiers.dhcp_rpc_agent_api [None req-476ad499-bcd8-4fd9-8598-2326200f2403 ca2dd11390d14f2298be02b1b70e1715 40e8cf6c616a4b8491ca11a0cc103798 - - default default] Unable to schedule network 48bb2717-7c28-4af3-a756-ce35a4f0802f: no agents available; will retry on subsequent port and subnet creation events.
2026-05-05 15:11:29.207 7 INFO neutron.db.ovn_revision_numbers_db [None req-476ad499-bcd8-4fd9-8598-2326200f2403 ca2dd11390d14f2298be02b1b70e1715 40e8cf6c616a4b8491ca11a0cc103798 - - default default] Successfully bumped revision number for resource 9f56300e-863a-4993-abf3-4da32c5f31b4 (type: ports) to 1 [pid: 7|app: 0|req: 776/1602] 10.0.0.190 () {34 vars in 670 bytes} [Tue May 5 15:11:28 2026] POST /v2.0/networks => generated 683 bytes in 1002 msecs (HTTP/1.1 201) 4 headers in 162 bytes (1 switches on core 0) [pid: 7|app: 0|req: 777/1603] 10.0.0.190 () {32 vars in 740 bytes} [Tue May 5 15:11:29 2026] DELETE /v2.0/security-groups/a0863878-d85e-439f-a5de-756081001ec4 => generated 0 bytes in 222 msecs (HTTP/1.1 204) 2 headers in 112 bytes (1 switches on core 0)
2026-05-05 15:11:29.505 8 INFO neutron.db.ovn_revision_numbers_db [req-7f1a7d4f-930d-4f4f-9ee0-2b7a9c6b9875 req-a6e4a3b1-daff-4458-8dcd-674cb2e5f273 031b918fcab743bfbc4152e08e89cc21 e8a774cfc666421eb411ca2d24c1e608 - - 337a7956a2dd4ae6b184ee80fbc32f84 337a7956a2dd4ae6b184ee80fbc32f84] Successfully bumped revision number for resource 546bb2e0-f31e-403b-938e-fb9aeba17af5 (type: ports) to 2
2026-05-05 15:11:29.751 7 WARNING neutron.scheduler.dhcp_agent_scheduler [None req-ed2f20e5-3546-4eef-a4b2-f8ed87683d9f ca2dd11390d14f2298be02b1b70e1715 40e8cf6c616a4b8491ca11a0cc103798 - - default default] No more DHCP agents
2026-05-05 15:11:29.752 7 WARNING neutron.api.rpc.agentnotifiers.dhcp_rpc_agent_api [None req-ed2f20e5-3546-4eef-a4b2-f8ed87683d9f ca2dd11390d14f2298be02b1b70e1715 40e8cf6c616a4b8491ca11a0cc103798 - - default default] Unable to schedule network 48bb2717-7c28-4af3-a756-ce35a4f0802f: no agents available; will retry on subsequent port and subnet creation events.
2026-05-05 15:11:29.753 8 INFO neutron.db.ovn_revision_numbers_db [req-7f1a7d4f-930d-4f4f-9ee0-2b7a9c6b9875 req-a6e4a3b1-daff-4458-8dcd-674cb2e5f273 031b918fcab743bfbc4152e08e89cc21 e8a774cfc666421eb411ca2d24c1e608 - - 337a7956a2dd4ae6b184ee80fbc32f84 337a7956a2dd4ae6b184ee80fbc32f84] Successfully bumped revision number for resource 546bb2e0-f31e-403b-938e-fb9aeba17af5 (type: ports) to 4 [pid: 8|app: 0|req: 827/1604] 199.19.213.191 () {38 vars in 1028 bytes} [Tue May 5 15:11:29 2026] PUT /v2.0/ports/546bb2e0-f31e-403b-938e-fb9aeba17af5 => generated 1208 bytes in 702 msecs (HTTP/1.1 200) 4 headers in 158 bytes (1 switches on core 0)
2026-05-05 15:11:29.818 8 INFO neutron.notifiers.nova [-] Nova event matching ['req-1bef89f5-1534-4687-9c53-150e0afcc204'] response: {'name': 'network-changed', 'server_uuid': '0ed7da19-4669-4ca7-9007-d80e153d5026', 'tag': '546bb2e0-f31e-403b-938e-fb9aeba17af5', 'status': 'completed', 'code': 200} /var/lib/openstack/lib/python3.12/site-packages/pycadf/identifier.py:70: UserWarning: Invalid uuid: neutron. To ensure interoperability, identifiers should be a valid uuid. warnings.warn(('Invalid uuid: %s. To ensure interoperability, '
2026-05-05 15:11:29.863 7 INFO neutron.db.ovn_revision_numbers_db [None req-ed2f20e5-3546-4eef-a4b2-f8ed87683d9f ca2dd11390d14f2298be02b1b70e1715 40e8cf6c616a4b8491ca11a0cc103798 - - default default] Successfully bumped revision number for resource 051a00a8-6b40-427f-9ac1-4247e2e45c2c (type: ports) to 1 [pid: 8|app: 0|req: 828/1605] 10.0.0.83 () {34 vars in 989 bytes} [Tue May 5 15:11:29 2026] GET /v2.0/ports?device_id=0ed7da19-4669-4ca7-9007-d80e153d5026 => generated 973 bytes in 37 msecs (HTTP/1.1 200) 4 headers in 157 bytes (1 switches on core 0) [pid: 7|app: 0|req: 778/1606] 10.0.0.190 () {34 vars in 665 bytes} [Tue May 5 15:11:29 2026] POST /v2.0/ports => generated 775 bytes in 468 msecs (HTTP/1.1 201) 4 headers in 162 bytes (1 switches on core 0) [pid: 8|app: 0|req: 829/1607] 10.0.0.83 () {34 vars in 1039 bytes} [Tue May 5 15:11:29 2026] GET /v2.0/security-groups?id=f030189f-caa0-470c-adca-03f29181ffbb&fields=id&fields=name => generated 113 bytes in 40 msecs (HTTP/1.1 200) 4 headers in 157 bytes (1 switches on core 0) /var/lib/openstack/lib/python3.12/site-packages/pycadf/identifier.py:70: UserWarning: Invalid uuid: neutron. To ensure interoperability, identifiers should be a valid uuid. warnings.warn(('Invalid uuid: %s. To ensure interoperability, '
2026-05-05 15:11:30.023 7 INFO neutron.db.segments_db [None req-ed994ac3-a600-4227-a770-1d9ef0a11548 ca2dd11390d14f2298be02b1b70e1715 40e8cf6c616a4b8491ca11a0cc103798 - - default default] Added segment 7d77b047-58b3-48cc-9129-a7c686710c68 of type geneve for network efcd10e4-ebbd-4f80-add9-39d602660041
2026-05-05 15:11:30.143 7 INFO neutron.db.ovn_revision_numbers_db [None req-ed994ac3-a600-4227-a770-1d9ef0a11548 ca2dd11390d14f2298be02b1b70e1715 40e8cf6c616a4b8491ca11a0cc103798 - - default default] Successfully bumped revision number for resource efcd10e4-ebbd-4f80-add9-39d602660041 (type: networks) to 1
2026-05-05 15:11:30.351 7 WARNING neutron.scheduler.dhcp_agent_scheduler [None req-ed994ac3-a600-4227-a770-1d9ef0a11548 ca2dd11390d14f2298be02b1b70e1715 40e8cf6c616a4b8491ca11a0cc103798 - - default default] No more DHCP agents
2026-05-05 15:11:30.352 7 WARNING neutron.api.rpc.agentnotifiers.dhcp_rpc_agent_api [None req-ed994ac3-a600-4227-a770-1d9ef0a11548 ca2dd11390d14f2298be02b1b70e1715 40e8cf6c616a4b8491ca11a0cc103798 - - default default] Unable to schedule network efcd10e4-ebbd-4f80-add9-39d602660041: no agents available; will retry on subsequent port and subnet creation events. [pid: 8|app: 0|req: 830/1608] 199.19.213.191 () {34 vars in 1080 bytes} [Tue May 5 15:11:30 2026] GET /v2.0/ports?tenant_id=f2f2094eba484f1bb2c34a34be557fcb&device_id=0ed7da19-4669-4ca7-9007-d80e153d5026 => generated 1211 bytes in 49 msecs (HTTP/1.1 200) 4 headers in 158 bytes (1 switches on core 0)
2026-05-05 15:11:30.402 7 INFO neutron.plugins.ml2.drivers.ovn.mech_driver.mech_driver [None req-373c61ec-280d-4e6a-9922-38b72fa32ebd - - - - - -] OVN reports status down for port: 5f502a86-1585-4902-9c56-510533b01705 [pid: 8|app: 0|req: 831/1609] 10.0.0.83 () {34 vars in 981 bytes} [Tue May 5 15:11:30 2026] GET /v2.0/networks?id=81f93701-9f83-4303-b8c1-01191650b296 => generated 710 bytes in 79 msecs (HTTP/1.1 200) 4 headers in 157 bytes (1 switches on core 0)
2026-05-05 15:11:30.475 7 INFO neutron.db.ovn_revision_numbers_db [None req-ed994ac3-a600-4227-a770-1d9ef0a11548 ca2dd11390d14f2298be02b1b70e1715 40e8cf6c616a4b8491ca11a0cc103798 - - default default] Successfully bumped revision number for resource 5f502a86-1585-4902-9c56-510533b01705 (type: ports) to 1 [pid: 8|app: 0|req: 832/1610] 199.19.213.191 () {34 vars in 1018 bytes} [Tue May 5 15:11:30 2026] GET /v2.0/networks?tenant_id=f2f2094eba484f1bb2c34a34be557fcb&shared=False => generated 811 bytes in 59 msecs (HTTP/1.1 200) 4 headers in 157 bytes (1 switches on core 0) [pid: 7|app: 0|req: 779/1611] 10.0.0.190 () {34 vars in 670 bytes} [Tue May 5 15:11:29 2026] POST /v2.0/networks => generated 670 bytes in 597 msecs (HTTP/1.1 201) 4 headers in 162 bytes (1 switches on core 0) [pid: 8|app: 0|req: 833/1612] 10.0.0.83 () {34 vars in 964 bytes} [Tue May 5 15:11:30 2026] GET /v2.0/quotas/c4790b5c93854a64a06a29e8bd4cd1ca => generated 292 bytes in 12 msecs (HTTP/1.1 200) 4 headers in 157 bytes (1 switches on core 0) [pid: 7|app: 0|req: 780/1613] 199.19.213.191 () {34 vars in 930 bytes} [Tue May 5 15:11:30 2026] GET /v2.0/networks?shared=True => generated 791 bytes in 63 msecs (HTTP/1.1 200) 4 headers in 157 bytes (1 switches on core 0) [pid: 7|app: 0|req: 781/1614] 10.0.0.83 () {34 vars in 1001 bytes} [Tue May 5 15:11:30 2026] GET /v2.0/ports?tenant_id=c4790b5c93854a64a06a29e8bd4cd1ca&fields=id => generated 103 bytes in 92 msecs (HTTP/1.1 200) 4 headers in 157 bytes (1 switches on core 0)
2026-05-05 15:11:30.727 8 WARNING neutron.scheduler.dhcp_agent_scheduler [None req-798d05c3-9a71-4ee8-827e-8854377e44ec ca2dd11390d14f2298be02b1b70e1715 40e8cf6c616a4b8491ca11a0cc103798 - - default default] No more DHCP agents
2026-05-05 15:11:30.729 8 WARNING neutron.api.rpc.agentnotifiers.dhcp_rpc_agent_api [None req-798d05c3-9a71-4ee8-827e-8854377e44ec ca2dd11390d14f2298be02b1b70e1715 40e8cf6c616a4b8491ca11a0cc103798 - - default default] Unable to schedule network efcd10e4-ebbd-4f80-add9-39d602660041: no agents available; will retry on subsequent port and subnet creation events. [pid: 7|app: 0|req: 782/1615] 10.0.0.83 () {34 vars in 1007 bytes} [Tue May 5 15:11:30 2026] GET /v2.0/networks/81f93701-9f83-4303-b8c1-01191650b296?fields=segments => generated 14 bytes in 49 msecs (HTTP/1.1 200) 4 headers in 156 bytes (1 switches on core 0) [pid: 7|app: 0|req: 783/1616] 10.0.0.83 () {34 vars in 1107 bytes} [Tue May 5 15:11:30 2026] GET /v2.0/networks/81f93701-9f83-4303-b8c1-01191650b296?fields=provider%3Aphysical_network&fields=provider%3Anetwork_type => generated 79 bytes in 46 msecs (HTTP/1.1 200) 4 headers in 156 bytes (1 switches on core 0) [pid: 7|app: 0|req: 784/1617] 10.0.0.83 () {34 vars in 989 bytes} [Tue May 5 15:11:30 2026] GET /v2.0/ports?device_id=1e27078b-07a6-4564-ba87-d795f1fedcb9 => generated 12 bytes in 27 msecs (HTTP/1.1 200) 4 headers in 156 bytes (1 switches on core 0) [pid: 7|app: 0|req: 785/1618] 10.0.0.83 () {34 vars in 989 bytes} [Tue May 5 15:11:30 2026] GET /v2.0/ports?device_id=0ed7da19-4669-4ca7-9007-d80e153d5026 => generated 973 bytes in 51 msecs (HTTP/1.1 200) 4 headers in 157 bytes (1 switches on core 0) [pid: 7|app: 0|req: 786/1619] 10.0.0.83 () {34 vars in 1039 bytes} [Tue May 5 15:11:31 2026] GET /v2.0/security-groups?id=f030189f-caa0-470c-adca-03f29181ffbb&fields=id&fields=name => generated 113 bytes in 43 msecs (HTTP/1.1 200) 4 headers in 157 bytes (1 switches on core 0)
2026-05-05 15:11:31.228 8 INFO neutron.db.ovn_revision_numbers_db [None req-3320c0d4-c777-42fe-b130-d8a57afb0953 - - - - - -] Successfully bumped revision number for resource 5f502a86-1585-4902-9c56-510533b01705 (type: ports) to 2
2026-05-05 15:11:31.266 8 INFO neutron.db.ovn_revision_numbers_db [None req-3320c0d4-c777-42fe-b130-d8a57afb0953 - - - - - -] Successfully bumped revision number for resource de1a5f55-c407-49b4-9a40-4885fbdf7c7a (type: subnets) to 0 [pid: 8|app: 0|req: 834/1620] 10.0.0.190 () {34 vars in 669 bytes} [Tue May 5 15:11:30 2026] POST /v2.0/subnets => generated 626 bytes in 752 msecs (HTTP/1.1 201) 4 headers in 162 bytes (1 switches on core 0)
2026-05-05 15:11:31.590 7 WARNING neutron.scheduler.dhcp_agent_scheduler [None req-a0b2e37f-ed3e-4b36-96dd-84b76e9bda4c ca2dd11390d14f2298be02b1b70e1715 40e8cf6c616a4b8491ca11a0cc103798 - - default default] No more DHCP agents
2026-05-05 15:11:31.592 7 WARNING neutron.api.rpc.agentnotifiers.dhcp_rpc_agent_api [None req-a0b2e37f-ed3e-4b36-96dd-84b76e9bda4c ca2dd11390d14f2298be02b1b70e1715 40e8cf6c616a4b8491ca11a0cc103798 - - default default] Unable to schedule network efcd10e4-ebbd-4f80-add9-39d602660041: no agents available; will retry on subsequent port and subnet creation events. [pid: 8|app: 0|req: 835/1621] 199.19.213.191 () {34 vars in 1080 bytes} [Tue May 5 15:11:31 2026] GET /v2.0/ports?tenant_id=f2f2094eba484f1bb2c34a34be557fcb&device_id=0ed7da19-4669-4ca7-9007-d80e153d5026 => generated 1211 bytes in 43 msecs (HTTP/1.1 200) 4 headers in 158 bytes (1 switches on core 0) [pid: 8|app: 0|req: 836/1622] 199.19.213.191 () {34 vars in 1060 bytes} [Tue May 5 15:11:31 2026] GET /v2.0/floatingips?fixed_ip_address=10.100.0.11&port_id=546bb2e0-f31e-403b-938e-fb9aeba17af5 => generated 19 bytes in 19 msecs (HTTP/1.1 200) 4 headers in 156 bytes (1 switches on core 0)
2026-05-05 15:11:31.720 7 INFO neutron.plugins.ml2.drivers.ovn.mech_driver.mech_driver [None req-373c61ec-280d-4e6a-9922-38b72fa32ebd - - - - - -] OVN reports status down for port: f5ab1cfa-b366-4083-954f-373b75fbb5d1 [pid: 8|app: 0|req: 837/1623] 199.19.213.191 () {34 vars in 984 bytes} [Tue May 5 15:11:31 2026] GET /v2.0/subnets?id=be2a0fb6-e18c-4104-8006-6ae67ae200c2 => generated 694 bytes in 61 msecs (HTTP/1.1 200) 4 headers in 157 bytes (1 switches on core 0) [pid: 8|app: 0|req: 838/1624] 199.19.213.191 () {34 vars in 1052 bytes} [Tue May 5 15:11:31 2026] GET /v2.0/ports?network_id=62e1300e-bcd8-4e5c-a06c-dbdb582759e4&device_owner=network%3Adhcp => generated 12 bytes in 27 msecs (HTTP/1.1 200) 4 headers in 156 bytes (1 switches on core 0)
2026-05-05 15:11:31.791 7 INFO neutron.db.ovn_revision_numbers_db [None req-a0b2e37f-ed3e-4b36-96dd-84b76e9bda4c ca2dd11390d14f2298be02b1b70e1715 40e8cf6c616a4b8491ca11a0cc103798 - - default default] Successfully bumped revision number for resource f5ab1cfa-b366-4083-954f-373b75fbb5d1 (type: ports) to 1 [pid: 8|app: 0|req: 839/1625] 199.19.213.191 () {34 vars in 1012 bytes} [Tue May 5 15:11:31 2026] GET /v2.0/networks/62e1300e-bcd8-4e5c-a06c-dbdb582759e4?fields=segments => generated 14 bytes in 44 msecs (HTTP/1.1 200) 4 headers in 156 bytes (1 switches on core 0) [pid: 7|app: 0|req: 787/1626] 10.0.0.190 () {34 vars in 665 bytes} [Tue May 5 15:11:31 2026] POST /v2.0/ports => generated 954 bytes in 602 msecs (HTTP/1.1 201) 4 headers in 162 bytes (1 switches on core 0) [pid: 8|app: 0|req: 840/1627] 199.19.213.191 () {34 vars in 1112 bytes} [Tue May 5 15:11:31 2026] GET /v2.0/networks/62e1300e-bcd8-4e5c-a06c-dbdb582759e4?fields=provider%3Aphysical_network&fields=provider%3Anetwork_type => generated 79 bytes in 52 msecs (HTTP/1.1 200) 4 headers in 156 bytes (1 switches on core 0) /var/lib/openstack/lib/python3.12/site-packages/pycadf/identifier.py:70: UserWarning: Invalid uuid: neutron. To ensure interoperability, identifiers should be a valid uuid. warnings.warn(('Invalid uuid: %s. To ensure interoperability, '
2026-05-05 15:11:32.036 7 INFO neutron_taas.services.taas.taas_plugin [None req-9ff215e2-95a9-4a1e-8cbd-531dd03bdecf ca2dd11390d14f2298be02b1b70e1715 40e8cf6c616a4b8491ca11a0cc103798 - - default default] TaaS: Handle Delete Port: f5ab1cfa-b366-4083-954f-373b75fbb5d1
2026-05-05 15:11:32.042 7 INFO neutron_taas.services.taas.tap_mirror_plugin [None req-9ff215e2-95a9-4a1e-8cbd-531dd03bdecf ca2dd11390d14f2298be02b1b70e1715 40e8cf6c616a4b8491ca11a0cc103798 - - default default] Tap Mirror: Handle Delete Port: f5ab1cfa-b366-4083-954f-373b75fbb5d1 [pid: 8|app: 0|req: 841/1628] 10.0.0.83 () {34 vars in 989 bytes} [Tue May 5 15:11:32 2026] GET /v2.0/ports?device_id=1e27078b-07a6-4564-ba87-d795f1fedcb9 => generated 12 bytes in 26 msecs (HTTP/1.1 200) 4 headers in 156 bytes (1 switches on core 0) [pid: 8|app: 0|req: 842/1629] 10.0.0.83 () {34 vars in 989 bytes} [Tue May 5 15:11:32 2026] GET /v2.0/ports?device_id=0ed7da19-4669-4ca7-9007-d80e153d5026 => generated 973 bytes in 45 msecs (HTTP/1.1 200) 4 headers in 157 bytes (1 switches on core 0) [pid: 7|app: 0|req: 788/1630] 10.0.0.190 () {32 vars in 720 bytes} [Tue May 5 15:11:31 2026] DELETE /v2.0/ports/f5ab1cfa-b366-4083-954f-373b75fbb5d1 => generated 0 bytes in 346 msecs (HTTP/1.1 204) 3 headers in 131 bytes (1 switches on core 0) [pid: 8|app: 0|req: 843/1631] 10.0.0.83 () {34 vars in 1039 bytes} [Tue May 5 15:11:32 2026] GET /v2.0/security-groups?id=f030189f-caa0-470c-adca-03f29181ffbb&fields=id&fields=name => generated 113 bytes in 33 msecs (HTTP/1.1 200) 4 headers in 157 bytes (1 switches on core 0)
2026-05-05 15:11:32.278 8 INFO neutron.pecan_wsgi.hooks.translation [None req-dab8d6a7-8345-477e-b79f-ca6bff7ef527 ca2dd11390d14f2298be02b1b70e1715 40e8cf6c616a4b8491ca11a0cc103798 - - default default] DELETE failed (client error): The resource could not be found. [pid: 8|app: 0|req: 844/1632] 10.0.0.190 () {32 vars in 720 bytes} [Tue May 5 15:11:32 2026] DELETE /v2.0/ports/f5ab1cfa-b366-4083-954f-373b75fbb5d1 => generated 132 bytes in 25 msecs (HTTP/1.1 404) 4 headers in 164 bytes (1 switches on core 0)
2026-05-05 15:11:32.305 8 INFO neutron.pecan_wsgi.hooks.translation [None req-0a4cc7aa-af45-42f5-8701-5445da2e14a6 ca2dd11390d14f2298be02b1b70e1715 40e8cf6c616a4b8491ca11a0cc103798 - - default default] GET failed (client error): The resource could not be found. [pid: 8|app: 0|req: 845/1633] 10.0.0.190 () {32 vars in 717 bytes} [Tue May 5 15:11:32 2026] GET /v2.0/ports/f5ab1cfa-b366-4083-954f-373b75fbb5d1 => generated 132 bytes in 21 msecs (HTTP/1.1 404) 4 headers in 164 bytes (1 switches on core 0) [pid: 8|app: 0|req: 846/1634] 10.0.0.190 () {32 vars in 724 bytes} [Tue May 5 15:11:32 2026] DELETE /v2.0/subnets/de1a5f55-c407-49b4-9a40-4885fbdf7c7a => generated 0 bytes in 180 msecs (HTTP/1.1 204) 3 headers in 131 bytes (1 switches on core 0)
2026-05-05 15:11:32.637 7 INFO neutron.db.ovn_revision_numbers_db [None req-4a683b77-00ca-44d7-beee-b0ddf528f215 3c1dedc917f544fda39fec5761135870 cf52808aca924a688caacfdc9ad45472 - - default default] Successfully bumped revision number for resource 79393d5b-1068-452b-be03-3f7728c054ba (type: security_groups) to 1
2026-05-05 15:11:32.644 8 INFO neutron_taas.services.taas.taas_plugin [None req-d7f683ce-b5b2-4717-a688-3c2eb00814b1 ca2dd11390d14f2298be02b1b70e1715 40e8cf6c616a4b8491ca11a0cc103798 - - default default] TaaS: Handle Delete Port: 5f502a86-1585-4902-9c56-510533b01705
2026-05-05 15:11:32.648 8 INFO neutron_taas.services.taas.tap_mirror_plugin [None req-d7f683ce-b5b2-4717-a688-3c2eb00814b1 ca2dd11390d14f2298be02b1b70e1715 40e8cf6c616a4b8491ca11a0cc103798 - - default default] Tap Mirror: Handle Delete Port: 5f502a86-1585-4902-9c56-510533b01705
2026-05-05 15:11:32.649 7 INFO neutron.db.ovn_revision_numbers_db [None req-4a683b77-00ca-44d7-beee-b0ddf528f215 3c1dedc917f544fda39fec5761135870 cf52808aca924a688caacfdc9ad45472 - - default default] Successfully bumped revision number for resource 014b49bb-a225-491b-acd7-866d08c00e67 (type: security_group_rules) to 0
2026-05-05 15:11:32.661 7 INFO neutron.db.ovn_revision_numbers_db [None req-4a683b77-00ca-44d7-beee-b0ddf528f215 3c1dedc917f544fda39fec5761135870 cf52808aca924a688caacfdc9ad45472 - - default default] Successfully bumped revision number for resource 61b01bd1-c874-48d1-bcfd-faf60d8b75e9 (type: security_group_rules) to 0
2026-05-05 15:11:32.673 7 INFO neutron.db.ovn_revision_numbers_db [None req-4a683b77-00ca-44d7-beee-b0ddf528f215 3c1dedc917f544fda39fec5761135870 cf52808aca924a688caacfdc9ad45472 - - default default] Successfully bumped revision number for resource 62267942-efa3-4b9f-9698-2ca18a2ba006 (type: security_group_rules) to 0
2026-05-05 15:11:32.687 7 INFO neutron.db.ovn_revision_numbers_db [None req-4a683b77-00ca-44d7-beee-b0ddf528f215 3c1dedc917f544fda39fec5761135870 cf52808aca924a688caacfdc9ad45472 - - default default] Successfully bumped revision number for resource b86355c3-847f-4c7b-961f-2ba0b807a258 (type: security_group_rules) to 0
2026-05-05 15:11:32.764 7 INFO neutron.db.segments_db [None req-4a683b77-00ca-44d7-beee-b0ddf528f215 3c1dedc917f544fda39fec5761135870 cf52808aca924a688caacfdc9ad45472 - - default default] Added segment db70e5b0-36f7-411d-ae61-63e4c32fbadf of type geneve for network 5d4bc0da-53df-42fc-8148-67629382cdc4
2026-05-05 15:11:32.837 8 INFO neutron.services.segments.plugin [-] Segment 7d77b047-58b3-48cc-9129-a7c686710c68 resource provider aggregate not found
2026-05-05 15:11:32.843 8 INFO neutron.services.segments.plugin [-] Segment 7d77b047-58b3-48cc-9129-a7c686710c68 resource provider aggregate not found
2026-05-05 15:11:32.868 7 INFO neutron.db.ovn_revision_numbers_db [None req-4a683b77-00ca-44d7-beee-b0ddf528f215 3c1dedc917f544fda39fec5761135870 cf52808aca924a688caacfdc9ad45472 - - default default] Successfully bumped revision number for resource 5d4bc0da-53df-42fc-8148-67629382cdc4 (type: networks) to 1
2026-05-05 15:11:32.869 8 INFO neutron.services.segments.plugin [-] Segment 7d77b047-58b3-48cc-9129-a7c686710c68 resource provider not found; error: Placement Client Error (4xx): {"errors": [{"status": 404, "title": "Not Found", "detail": "The resource could not be found.\n\n No resource provider with uuid 7d77b047-58b3-48cc-9129-a7c686710c68 found for delete ", "request_id": "req-67885165-0e1c-4b9f-9226-cfc80d7c24f6"}]}
2026-05-05 15:11:32.872 8 INFO neutron.services.segments.plugin [-] Segment 7d77b047-58b3-48cc-9129-a7c686710c68 resource provider not found; error: Placement Client Error (4xx): {"errors": [{"status": 404, "title": "Not Found", "detail": "The resource could not be found.\n\n No resource provider with uuid 7d77b047-58b3-48cc-9129-a7c686710c68 found for delete ", "request_id": "req-b8dbb958-087c-4c96-9164-fbae073b888f"}]} [pid: 8|app: 0|req: 847/1635] 10.0.0.190 () {32 vars in 726 bytes} [Tue May 5 15:11:32 2026] DELETE /v2.0/networks/efcd10e4-ebbd-4f80-add9-39d602660041 => generated 0 bytes in 399 msecs (HTTP/1.1 204) 3 headers in 131 bytes (1 switches on core 0)
2026-05-05 15:11:33.010 8 INFO neutron.db.segments_db [None req-be9fd8f5-b252-43c1-8b81-b87361fa4ad0 ca2dd11390d14f2298be02b1b70e1715 40e8cf6c616a4b8491ca11a0cc103798 - - default default] Added segment 216967aa-edb2-48e3-a439-9b1b7d25bf06 of type geneve for network 6200b54b-b45e-4d83-b4fd-7476996fbcbd
2026-05-05 15:11:33.041 7 WARNING neutron.scheduler.dhcp_agent_scheduler [None req-4a683b77-00ca-44d7-beee-b0ddf528f215 3c1dedc917f544fda39fec5761135870 cf52808aca924a688caacfdc9ad45472 - - default default] No more DHCP agents
2026-05-05 15:11:33.043 7 WARNING neutron.api.rpc.agentnotifiers.dhcp_rpc_agent_api [None req-4a683b77-00ca-44d7-beee-b0ddf528f215 3c1dedc917f544fda39fec5761135870 cf52808aca924a688caacfdc9ad45472 - - default default] Unable to schedule network 5d4bc0da-53df-42fc-8148-67629382cdc4: no agents available; will retry on subsequent port and subnet creation events.
2026-05-05 15:11:33.115 7 INFO neutron.plugins.ml2.drivers.ovn.mech_driver.mech_driver [None req-373c61ec-280d-4e6a-9922-38b72fa32ebd - - - - - -] OVN reports status down for port: fcd2a9f1-60f0-4c89-b1be-97b6c50e6d1c
2026-05-05 15:11:33.144 8 INFO neutron.db.ovn_revision_numbers_db [None req-be9fd8f5-b252-43c1-8b81-b87361fa4ad0 ca2dd11390d14f2298be02b1b70e1715 40e8cf6c616a4b8491ca11a0cc103798 - - default default] Successfully bumped revision number for resource 6200b54b-b45e-4d83-b4fd-7476996fbcbd (type: networks) to 1
2026-05-05 15:11:33.187 7 INFO neutron.db.ovn_revision_numbers_db [None req-4a683b77-00ca-44d7-beee-b0ddf528f215 3c1dedc917f544fda39fec5761135870 cf52808aca924a688caacfdc9ad45472 - - default default] Successfully bumped revision number for resource fcd2a9f1-60f0-4c89-b1be-97b6c50e6d1c (type: ports) to 1 [pid: 7|app: 0|req: 789/1636] 10.0.0.190 () {34 vars in 671 bytes} [Tue May 5 15:11:32 2026] POST /v2.0/networks => generated 670 bytes in 1001 msecs (HTTP/1.1 201) 4 headers in 162 bytes (1 switches on core 0) [pid: 7|app: 0|req: 790/1637] 10.0.0.83 () {34 vars in 989 bytes} [Tue May 5 15:11:33 2026] GET /v2.0/ports?device_id=1e27078b-07a6-4564-ba87-d795f1fedcb9 => generated 12 bytes in 19 msecs (HTTP/1.1 200) 4 headers in 156 bytes (1 switches on core 0)
2026-05-05 15:11:33.324 8 WARNING neutron.scheduler.dhcp_agent_scheduler [None req-be9fd8f5-b252-43c1-8b81-b87361fa4ad0 ca2dd11390d14f2298be02b1b70e1715 40e8cf6c616a4b8491ca11a0cc103798 - - default default] No more DHCP agents
2026-05-05 15:11:33.325 8 WARNING neutron.api.rpc.agentnotifiers.dhcp_rpc_agent_api [None req-be9fd8f5-b252-43c1-8b81-b87361fa4ad0 ca2dd11390d14f2298be02b1b70e1715 40e8cf6c616a4b8491ca11a0cc103798 - - default default] Unable to schedule network 6200b54b-b45e-4d83-b4fd-7476996fbcbd: no agents available; will retry on subsequent port and subnet creation events.
2026-05-05 15:11:33.399 7 INFO neutron.plugins.ml2.drivers.ovn.mech_driver.mech_driver [None req-373c61ec-280d-4e6a-9922-38b72fa32ebd - - - - - -] OVN reports status down for port: c2181628-6c5a-4b9e-8f35-7593214c0944
2026-05-05 15:11:33.413 8 INFO neutron.db.ovn_revision_numbers_db [None req-be9fd8f5-b252-43c1-8b81-b87361fa4ad0 ca2dd11390d14f2298be02b1b70e1715 40e8cf6c616a4b8491ca11a0cc103798 - - default default] Successfully bumped revision number for resource c2181628-6c5a-4b9e-8f35-7593214c0944 (type: ports) to 1 [pid: 8|app: 0|req: 848/1638] 10.0.0.190 () {34 vars in 670 bytes} [Tue May 5 15:11:32 2026] POST /v2.0/networks => generated 669 bytes in 527 msecs (HTTP/1.1 201) 4 headers in 162 bytes (1 switches on core 0) [pid: 8|app: 0|req: 849/1639] 10.0.0.83 () {34 vars in 989 bytes} [Tue May 5 15:11:33 2026] GET /v2.0/ports?device_id=0ed7da19-4669-4ca7-9007-d80e153d5026 => generated 973 bytes in 52 msecs (HTTP/1.1 200) 4 headers in 157 bytes (1 switches on core 0)
2026-05-05 15:11:33.695 8 WARNING neutron.scheduler.dhcp_agent_scheduler [None req-d80cfae3-6fa6-4311-a8c3-a183d739c701 ca2dd11390d14f2298be02b1b70e1715 40e8cf6c616a4b8491ca11a0cc103798 - - default default] No more DHCP agents
2026-05-05 15:11:33.697 8 WARNING neutron.api.rpc.agentnotifiers.dhcp_rpc_agent_api [None req-d80cfae3-6fa6-4311-a8c3-a183d739c701 ca2dd11390d14f2298be02b1b70e1715 40e8cf6c616a4b8491ca11a0cc103798 - - default default] Unable to schedule network 6200b54b-b45e-4d83-b4fd-7476996fbcbd: no agents available; will retry on subsequent port and subnet creation events.
2026-05-05 15:11:33.793 7 WARNING neutron.scheduler.dhcp_agent_scheduler [None req-94532469-e1da-4d39-96fe-25ec8a18757b 3c1dedc917f544fda39fec5761135870 cf52808aca924a688caacfdc9ad45472 - - default default] No more DHCP agents
2026-05-05 15:11:33.794 7 WARNING neutron.api.rpc.agentnotifiers.dhcp_rpc_agent_api [None req-94532469-e1da-4d39-96fe-25ec8a18757b 3c1dedc917f544fda39fec5761135870 cf52808aca924a688caacfdc9ad45472 - - default default] Unable to schedule network 76e5c7a9-ec48-4492-a0b3-d783cad94af8: no agents available; will retry on subsequent port and subnet creation events.
2026-05-05 15:11:33.941 7 INFO neutron.db.ovn_revision_numbers_db [None req-94532469-e1da-4d39-96fe-25ec8a18757b 3c1dedc917f544fda39fec5761135870 cf52808aca924a688caacfdc9ad45472 - - default default] Successfully bumped revision number for resource 8edf2048-eb40-4e5f-9f2a-ac3f20bf7905 (type: ports) to 1
2026-05-05 15:11:33.990 8 WARNING neutron.plugins.ml2.drivers.ovn.mech_driver.ovsdb.ovn_client [None req-0b1e0670-e41d-4c3f-a60f-0c5ffb550c2c - - - - - -] No hosting information found for port 7149ff7b-b35d-45d6-888f-d304ca70f53c: RuntimeError: No hosting information found for port 7149ff7b-b35d-45d6-888f-d304ca70f53c
2026-05-05 15:11:34.148 8 INFO neutron.db.ovn_revision_numbers_db [None req-0b1e0670-e41d-4c3f-a60f-0c5ffb550c2c - - - - - -] Successfully bumped revision number for resource 7149ff7b-b35d-45d6-888f-d304ca70f53c (type: router_ports) to 2
2026-05-05 15:11:34.256 8 INFO neutron.plugins.ml2.drivers.ovn.mech_driver.mech_driver [None req-0b1e0670-e41d-4c3f-a60f-0c5ffb550c2c - - - - - -] OVN reports status down for port: 9f56300e-863a-4993-abf3-4da32c5f31b4
