2026-05-05 15:13:42.109 7 INFO neutron.db.ovn_revision_numbers_db [None req-d3a6b5d5-efa8-4f69-918f-4d75cdbe7b37 b543c5ec0e9a422c955dd70405d81052 310974f67e9f4db68cdce8b75a39b4c6 - - default default] Successfully bumped revision number for resource 2c0fd387-274b-4cb3-9c5b-6eaaaaa3dc46 (type: security_group_rules) to 0
2026-05-05 15:13:42.124 7 INFO neutron.db.ovn_revision_numbers_db [None req-d3a6b5d5-efa8-4f69-918f-4d75cdbe7b37 b543c5ec0e9a422c955dd70405d81052 310974f67e9f4db68cdce8b75a39b4c6 - - default default] Successfully bumped revision number for resource 65611038-91f0-41e7-a42a-bb68fc48bdd5 (type: security_group_rules) to 0
2026-05-05 15:13:42.140 7 INFO neutron.db.ovn_revision_numbers_db [None req-d3a6b5d5-efa8-4f69-918f-4d75cdbe7b37 b543c5ec0e9a422c955dd70405d81052 310974f67e9f4db68cdce8b75a39b4c6 - - default default] Successfully bumped revision number for resource ef37e820-b7ce-475b-905e-b1f91c5d73c9 (type: security_group_rules) to 0 [pid: 8|app: 0|req: 1268/2496] 10.0.0.190 () {32 vars in 722 bytes} [Tue May 5 15:13:42 2026] DELETE /v2.0/trunks/e68bed05-a61b-4029-9939-456c80d500b8 => generated 0 bytes in 117 msecs (HTTP/1.1 204) 2 headers in 112 bytes (1 switches on core 0)
2026-05-05 15:13:42.155 7 INFO neutron.db.ovn_revision_numbers_db [None req-d3a6b5d5-efa8-4f69-918f-4d75cdbe7b37 b543c5ec0e9a422c955dd70405d81052 310974f67e9f4db68cdce8b75a39b4c6 - - default default] Successfully bumped revision number for resource fd57bb63-1310-439f-be14-53f26811e7af (type: security_group_rules) to 0 [pid: 7|app: 0|req: 1229/2497] 10.0.0.190 () {32 vars in 774 bytes} [Tue May 5 15:13:41 2026] GET /v2.0/security-groups?tenant_id=76f1d43d4f024e23ab56acaf4aa743bd&name=default => generated 2925 bytes in 384 msecs (HTTP/1.1 200) 4 headers in 158 bytes (1 switches on core 0) [pid: 7|app: 0|req: 1230/2498] 10.0.0.190 () {32 vars in 719 bytes} [Tue May 5 15:13:42 2026] GET /v2.0/trunks/b470ad4b-bcc4-46e9-9af8-f7f076661587 => generated 431 bytes in 14 msecs (HTTP/1.1 200) 4 headers in 157 bytes (1 switches on core 0)
2026-05-05 15:13:42.404 8 INFO neutron.db.ovn_revision_numbers_db [None req-170759bf-f93f-41d1-8cf2-21c8ceab3282 0ddf00cb86284712b20616c196dfe333 90afeeb3d69c42d6ae6b6c993fcd44bf - - default default] Successfully bumped revision number for resource fbe2f868-56a7-426c-9028-7fadb8b4dd9f (type: security_groups) to 1
2026-05-05 15:13:42.416 8 INFO neutron.db.ovn_revision_numbers_db [None req-170759bf-f93f-41d1-8cf2-21c8ceab3282 0ddf00cb86284712b20616c196dfe333 90afeeb3d69c42d6ae6b6c993fcd44bf - - default default] Successfully bumped revision number for resource 30fa10e6-5ff8-490a-8573-481d933af5cb (type: security_group_rules) to 0
2026-05-05 15:13:42.429 8 INFO neutron.db.ovn_revision_numbers_db [None req-170759bf-f93f-41d1-8cf2-21c8ceab3282 0ddf00cb86284712b20616c196dfe333 90afeeb3d69c42d6ae6b6c993fcd44bf - - default default] Successfully bumped revision number for resource 602d6a0b-e49f-4422-a220-ab39d96043b7 (type: security_group_rules) to 0
2026-05-05 15:13:42.449 8 INFO neutron.db.ovn_revision_numbers_db [None req-170759bf-f93f-41d1-8cf2-21c8ceab3282 0ddf00cb86284712b20616c196dfe333 90afeeb3d69c42d6ae6b6c993fcd44bf - - default default] Successfully bumped revision number for resource 9eb4abd0-3223-433d-b780-9b6d93ac317d (type: security_group_rules) to 0
2026-05-05 15:13:42.466 8 INFO neutron.db.ovn_revision_numbers_db [None req-170759bf-f93f-41d1-8cf2-21c8ceab3282 0ddf00cb86284712b20616c196dfe333 90afeeb3d69c42d6ae6b6c993fcd44bf - - default default] Successfully bumped revision number for resource d0a7d0f2-4cf4-4789-83fd-005d1b96cde2 (type: security_group_rules) to 0 [pid: 7|app: 0|req: 1231/2499] 10.0.0.190 () {32 vars in 740 bytes} [Tue May 5 15:13:42 2026] DELETE /v2.0/security-groups/b2ad7680-11a1-4f10-90e5-10ee8cdb5540 => generated 0 bytes in 252 msecs (HTTP/1.1 204) 2 headers in 112 bytes (1 switches on core 0)
2026-05-05 15:13:42.561 8 INFO neutron.db.segments_db [None req-170759bf-f93f-41d1-8cf2-21c8ceab3282 0ddf00cb86284712b20616c196dfe333 90afeeb3d69c42d6ae6b6c993fcd44bf - - default default] Added segment f7fe9379-af90-4219-ae30-021b673550d8 of type geneve for network ba4e0357-8811-4ce5-9e35-17abce19e8e4 [pid: 7|app: 0|req: 1232/2500] 10.0.0.190 () {32 vars in 717 bytes} [Tue May 5 15:13:42 2026] GET /v2.0/ports/8bc853f1-ab60-42f3-8c99-3cb2507b5424 => generated 826 bytes in 96 msecs (HTTP/1.1 200) 4 headers in 157 bytes (1 switches on core 0)
2026-05-05 15:13:42.709 7 INFO neutron.db.ovn_revision_numbers_db [None req-b2eba071-b833-485b-be59-b36067fcdbcb b543c5ec0e9a422c955dd70405d81052 310974f67e9f4db68cdce8b75a39b4c6 - - default default] Successfully bumped revision number for resource 92ac6ef8-c5a1-49f6-b02f-a83ec80eed2c (type: security_groups) to 1
2026-05-05 15:13:42.722 7 INFO neutron.db.ovn_revision_numbers_db [None req-b2eba071-b833-485b-be59-b36067fcdbcb b543c5ec0e9a422c955dd70405d81052 310974f67e9f4db68cdce8b75a39b4c6 - - default default] Successfully bumped revision number for resource 195a7355-8b29-4d44-8032-ad82b447d37f (type: security_group_rules) to 0
2026-05-05 15:13:42.737 7 INFO neutron.db.ovn_revision_numbers_db [None req-b2eba071-b833-485b-be59-b36067fcdbcb b543c5ec0e9a422c955dd70405d81052 310974f67e9f4db68cdce8b75a39b4c6 - - default default] Successfully bumped revision number for resource 2a29f72b-30bd-4471-8632-2c565328a3f8 (type: security_group_rules) to 0
2026-05-05 15:13:42.737 8 INFO neutron.db.ovn_revision_numbers_db [None req-170759bf-f93f-41d1-8cf2-21c8ceab3282 0ddf00cb86284712b20616c196dfe333 90afeeb3d69c42d6ae6b6c993fcd44bf - - default default] Successfully bumped revision number for resource ba4e0357-8811-4ce5-9e35-17abce19e8e4 (type: networks) to 1
2026-05-05 15:13:42.754 7 INFO neutron.db.ovn_revision_numbers_db [None req-b2eba071-b833-485b-be59-b36067fcdbcb b543c5ec0e9a422c955dd70405d81052 310974f67e9f4db68cdce8b75a39b4c6 - - default default] Successfully bumped revision number for resource 3ee7dc96-bc07-433c-914b-df248dbdace7 (type: security_group_rules) to 0
2026-05-05 15:13:42.769 7 INFO neutron.db.ovn_revision_numbers_db [None req-b2eba071-b833-485b-be59-b36067fcdbcb b543c5ec0e9a422c955dd70405d81052 310974f67e9f4db68cdce8b75a39b4c6 - - default default] Successfully bumped revision number for resource f902a6ee-b20f-4f0c-9ffc-ed9fcca63143 (type: security_group_rules) to 0 [pid: 7|app: 0|req: 1233/2501] 10.0.0.190 () {32 vars in 774 bytes} [Tue May 5 15:13:42 2026] GET /v2.0/security-groups?tenant_id=3b3ddf7ee660492791e7b8d9332b2cc8&name=default => generated 2925 bytes in 244 msecs (HTTP/1.1 200) 4 headers in 158 bytes (1 switches on core 0)
2026-05-05 15:13:42.918 8 WARNING neutron.scheduler.dhcp_agent_scheduler [None req-170759bf-f93f-41d1-8cf2-21c8ceab3282 0ddf00cb86284712b20616c196dfe333 90afeeb3d69c42d6ae6b6c993fcd44bf - - default default] No more DHCP agents
2026-05-05 15:13:42.919 8 WARNING neutron.api.rpc.agentnotifiers.dhcp_rpc_agent_api [None req-170759bf-f93f-41d1-8cf2-21c8ceab3282 0ddf00cb86284712b20616c196dfe333 90afeeb3d69c42d6ae6b6c993fcd44bf - - default default] Unable to schedule network ba4e0357-8811-4ce5-9e35-17abce19e8e4: no agents available; will retry on subsequent port and subnet creation events.
2026-05-05 15:13:42.976 8 INFO neutron.plugins.ml2.drivers.ovn.mech_driver.mech_driver [None req-f03fcf39-0fdb-43c8-910a-72b95329dbe1 - - - - - -] OVN reports status down for port: ba56c7ca-70f9-4580-bc42-b6a0577c13bd
2026-05-05 15:13:43.034 8 INFO neutron.db.ovn_revision_numbers_db [None req-170759bf-f93f-41d1-8cf2-21c8ceab3282 0ddf00cb86284712b20616c196dfe333 90afeeb3d69c42d6ae6b6c993fcd44bf - - default default] Successfully bumped revision number for resource ba56c7ca-70f9-4580-bc42-b6a0577c13bd (type: ports) to 1 [pid: 8|app: 0|req: 1269/2502] 10.0.0.190 () {34 vars in 670 bytes} [Tue May 5 15:13:42 2026] POST /v2.0/networks => generated 768 bytes in 942 msecs (HTTP/1.1 201) 4 headers in 162 bytes (1 switches on core 0) [pid: 8|app: 0|req: 1270/2503] 10.0.0.190 () {32 vars in 740 bytes} [Tue May 5 15:13:43 2026] DELETE /v2.0/security-groups/92ac6ef8-c5a1-49f6-b02f-a83ec80eed2c => generated 0 bytes in 375 msecs (HTTP/1.1 204) 2 headers in 112 bytes (1 switches on core 0)
2026-05-05 15:13:43.708 8 WARNING neutron.scheduler.dhcp_agent_scheduler [None req-50504ebb-c91d-4bf3-96f6-286e097f79b0 0ddf00cb86284712b20616c196dfe333 90afeeb3d69c42d6ae6b6c993fcd44bf - - default default] No more DHCP agents
2026-05-05 15:13:43.710 8 WARNING neutron.api.rpc.agentnotifiers.dhcp_rpc_agent_api [None req-50504ebb-c91d-4bf3-96f6-286e097f79b0 0ddf00cb86284712b20616c196dfe333 90afeeb3d69c42d6ae6b6c993fcd44bf - - default default] Unable to schedule network ba4e0357-8811-4ce5-9e35-17abce19e8e4: no agents available; will retry on subsequent port and subnet creation events. [pid: 7|app: 0|req: 1234/2504] 10.0.0.190 () {32 vars in 722 bytes} [Tue May 5 15:13:42 2026] DELETE /v2.0/trunks/b470ad4b-bcc4-46e9-9af8-f7f076661587 => generated 0 bytes in 1050 msecs (HTTP/1.1 204) 2 headers in 112 bytes (1 switches on core 0)
2026-05-05 15:13:44.046 7 INFO neutron.db.ovn_revision_numbers_db [None req-d2985888-2043-4047-86f5-1ef4456c0c1c b543c5ec0e9a422c955dd70405d81052 310974f67e9f4db68cdce8b75a39b4c6 - - default default] Successfully bumped revision number for resource f8abaee9-facf-4585-be2f-def8e0091352 (type: security_groups) to 1
2026-05-05 15:13:44.058 7 INFO neutron.db.ovn_revision_numbers_db [None req-d2985888-2043-4047-86f5-1ef4456c0c1c b543c5ec0e9a422c955dd70405d81052 310974f67e9f4db68cdce8b75a39b4c6 - - default default] Successfully bumped revision number for resource 216784df-995f-47e0-a07d-a2fe3db6e887 (type: security_group_rules) to 0
2026-05-05 15:13:44.070 7 INFO neutron.db.ovn_revision_numbers_db [None req-d2985888-2043-4047-86f5-1ef4456c0c1c b543c5ec0e9a422c955dd70405d81052 310974f67e9f4db68cdce8b75a39b4c6 - - default default] Successfully bumped revision number for resource 2fba8389-7699-4de0-93b0-e32b3293b9db (type: security_group_rules) to 0
2026-05-05 15:13:44.081 7 INFO neutron.db.ovn_revision_numbers_db [None req-d2985888-2043-4047-86f5-1ef4456c0c1c b543c5ec0e9a422c955dd70405d81052 310974f67e9f4db68cdce8b75a39b4c6 - - default default] Successfully bumped revision number for resource 66382ef0-d13d-4fa8-9eaf-60e0a5facefb (type: security_group_rules) to 0
2026-05-05 15:13:44.093 7 INFO neutron.db.ovn_revision_numbers_db [None req-d2985888-2043-4047-86f5-1ef4456c0c1c b543c5ec0e9a422c955dd70405d81052 310974f67e9f4db68cdce8b75a39b4c6 - - default default] Successfully bumped revision number for resource 9c4fe830-bd93-423e-8fa1-fe8afcd71e22 (type: security_group_rules) to 0 [pid: 7|app: 0|req: 1235/2505] 10.0.0.190 () {32 vars in 774 bytes} [Tue May 5 15:13:43 2026] GET /v2.0/security-groups?tenant_id=4253c5feab17420b9629443d39baf187&name=default => generated 2925 bytes in 284 msecs (HTTP/1.1 200) 4 headers in 158 bytes (1 switches on core 0) [pid: 7|app: 0|req: 1236/2506] 10.0.0.83 () {34 vars in 989 bytes} [Tue May 5 15:13:44 2026] GET /v2.0/ports?device_id=6bf1b50e-f391-4ae6-a18b-3af708352c03 => generated 1215 bytes in 43 msecs (HTTP/1.1 200) 4 headers in 158 bytes (1 switches on core 0) [pid: 7|app: 0|req: 1237/2507] 10.0.0.190 () {32 vars in 719 bytes} [Tue May 5 15:13:44 2026] GET /v2.0/trunks/ff7c6fcc-be32-43ce-be79-9d43b0e9b9c6 => generated 416 bytes in 13 msecs (HTTP/1.1 200) 4 headers in 157 bytes (1 switches on core 0)
2026-05-05 15:13:44.205 8 INFO neutron.db.ovn_revision_numbers_db [None req-19fa83a5-c4c9-40b4-910e-c47ce828ca39 - - - - - -] Successfully bumped revision number for resource ba56c7ca-70f9-4580-bc42-b6a0577c13bd (type: ports) to 2
2026-05-05 15:13:44.237 8 INFO neutron.db.ovn_revision_numbers_db [None req-19fa83a5-c4c9-40b4-910e-c47ce828ca39 - - - - - -] Successfully bumped revision number for resource ec40e3fc-8ee2-46e1-87c7-9bfb190d2ffa (type: subnets) to 0 [pid: 7|app: 0|req: 1238/2508] 199.19.213.191 () {34 vars in 994 bytes} [Tue May 5 15:13:44 2026] GET /v2.0/ports?device_id=6bf1b50e-f391-4ae6-a18b-3af708352c03 => generated 1215 bytes in 36 msecs (HTTP/1.1 200) 4 headers in 158 bytes (1 switches on core 0) [pid: 8|app: 0|req: 1271/2509] 10.0.0.190 () {34 vars in 669 bytes} [Tue May 5 15:13:43 2026] POST /v2.0/subnets => generated 644 bytes in 788 msecs (HTTP/1.1 201) 4 headers in 162 bytes (1 switches on core 0) [pid: 8|app: 0|req: 1272/2510] 10.0.0.83 () {34 vars in 1039 bytes} [Tue May 5 15:13:44 2026] GET /v2.0/security-groups?id=cee74cbc-ecca-407e-94f7-5e8cd985044d&fields=id&fields=name => generated 96 bytes in 31 msecs (HTTP/1.1 200) 4 headers in 156 bytes (1 switches on core 0) [pid: 8|app: 0|req: 1273/2511] 10.0.0.190 () {32 vars in 717 bytes} [Tue May 5 15:13:44 2026] GET /v2.0/ports/53c16bbb-a669-4b77-830a-e9cb8a1ec89b => generated 826 bytes in 56 msecs (HTTP/1.1 200) 4 headers in 157 bytes (1 switches on core 0) [pid: 8|app: 0|req: 1274/2512] 199.19.213.191 () {34 vars in 1044 bytes} [Tue May 5 15:13:44 2026] GET /v2.0/security-groups?id=cee74cbc-ecca-407e-94f7-5e8cd985044d&fields=id&fields=name => generated 96 bytes in 37 msecs (HTTP/1.1 200) 4 headers in 156 bytes (1 switches on core 0)
2026-05-05 15:13:44.386 8 WARNING neutron.api.v2.base [None req-afce4568-1d77-4171-9519-3acb21b229a2 0ddf00cb86284712b20616c196dfe333 90afeeb3d69c42d6ae6b6c993fcd44bf - - default default] An exception happened while processing the request body. The exception message is [Invalid input for target_tenant. Reason: 'None' is not a valid string.].: webob.exc.HTTPBadRequest: Invalid input for target_tenant. Reason: 'None' is not a valid string.
2026-05-05 15:13:44.386 8 INFO neutron.api.v2.resource [None req-afce4568-1d77-4171-9519-3acb21b229a2 0ddf00cb86284712b20616c196dfe333 90afeeb3d69c42d6ae6b6c993fcd44bf - - default default] create failed (client error): Invalid input for target_tenant. Reason: 'None' is not a valid string. [pid: 8|app: 0|req: 1275/2513] 10.0.0.190 () {34 vars in 681 bytes} [Tue May 5 15:13:44 2026] POST /v2.0/rbac-policies => generated 143 bytes in 5 msecs (HTTP/1.1 400) 4 headers in 166 bytes (1 switches on core 0) [pid: 8|app: 0|req: 1276/2514] 10.0.0.83 () {34 vars in 989 bytes} [Tue May 5 15:13:44 2026] GET /v2.0/ports?device_id=6bf1b50e-f391-4ae6-a18b-3af708352c03 => generated 1215 bytes in 51 msecs (HTTP/1.1 200) 4 headers in 158 bytes (1 switches on core 0)
2026-05-05 15:13:44.529 8 INFO neutron.plugins.ml2.drivers.ovn.mech_driver.mech_driver [None req-f03fcf39-0fdb-43c8-910a-72b95329dbe1 - - - - - -] OVN reports status up for port: 5d1662e0-e73c-477b-8a3f-903eb13aab39
2026-05-05 15:13:44.568 8 INFO neutron.plugins.ml2.plugin [None req-f03fcf39-0fdb-43c8-910a-72b95329dbe1 - - - - - -] Attempt 1 to provision port 5d1662e0-e73c-477b-8a3f-903eb13aab39 [pid: 8|app: 0|req: 1277/2515] 10.0.0.190 () {32 vars in 722 bytes} [Tue May 5 15:13:44 2026] DELETE /v2.0/trunks/ff7c6fcc-be32-43ce-be79-9d43b0e9b9c6 => generated 0 bytes in 154 msecs (HTTP/1.1 204) 2 headers in 112 bytes (1 switches on core 0) [pid: 7|app: 0|req: 1239/2516] 10.0.0.190 () {32 vars in 740 bytes} [Tue May 5 15:13:44 2026] DELETE /v2.0/security-groups/f8abaee9-facf-4585-be2f-def8e0091352 => generated 0 bytes in 374 msecs (HTTP/1.1 204) 2 headers in 112 bytes (1 switches on core 0) [pid: 7|app: 0|req: 1240/2517] 10.0.0.190 () {32 vars in 719 bytes} [Tue May 5 15:13:44 2026] GET /v2.0/trunks/244e383d-9832-45a5-a1e6-689fd1dfea08 => generated 409 bytes in 18 msecs (HTTP/1.1 200) 4 headers in 157 bytes (1 switches on core 0) [pid: 7|app: 0|req: 1241/2518] 10.0.0.190 () {32 vars in 717 bytes} [Tue May 5 15:13:44 2026] GET /v2.0/ports/3287ed6d-54fd-4f1f-971a-87397dc26207 => generated 826 bytes in 86 msecs (HTTP/1.1 200) 4 headers in 157 bytes (1 switches on core 0) [pid: 7|app: 0|req: 1242/2519] 10.0.0.190 () {32 vars in 722 bytes} [Tue May 5 15:13:44 2026] DELETE /v2.0/trunks/244e383d-9832-45a5-a1e6-689fd1dfea08 => generated 0 bytes in 87 msecs (HTTP/1.1 204) 2 headers in 112 bytes (1 switches on core 0)
2026-05-05 15:13:44.845 8 INFO neutron.notifiers.nova [-] Nova event matching ['req-864e4d86-6e03-4a29-923b-b22fc74b03d8'] response: {'server_uuid': '6bf1b50e-f391-4ae6-a18b-3af708352c03', 'name': 'network-vif-plugged', 'status': 'completed', 'tag': '5d1662e0-e73c-477b-8a3f-903eb13aab39', 'code': 200}
2026-05-05 15:13:44.940 8 INFO neutron_taas.services.taas.taas_plugin [None req-e630a87d-1798-44b6-a3f2-86af958f8e37 0ddf00cb86284712b20616c196dfe333 90afeeb3d69c42d6ae6b6c993fcd44bf - - default default] TaaS: Handle Delete Port: ba56c7ca-70f9-4580-bc42-b6a0577c13bd
2026-05-05 15:13:44.948 8 INFO neutron_taas.services.taas.tap_mirror_plugin [None req-e630a87d-1798-44b6-a3f2-86af958f8e37 0ddf00cb86284712b20616c196dfe333 90afeeb3d69c42d6ae6b6c993fcd44bf - - default default] Tap Mirror: Handle Delete Port: ba56c7ca-70f9-4580-bc42-b6a0577c13bd
2026-05-05 15:13:44.985 7 INFO neutron_taas.services.taas.taas_plugin [None req-e8feaa57-cfe4-41f6-8640-14beebbd14bd e2e5ee9695e7477c93110ca7201123d4 595d62b52762489da13deb3ad0d17c4c - - default default] TaaS: Handle Delete Port: d2b1e53a-8b29-43a6-8ad7-8e68f365483d
2026-05-05 15:13:44.988 7 INFO neutron_taas.services.taas.tap_mirror_plugin [None req-e8feaa57-cfe4-41f6-8640-14beebbd14bd e2e5ee9695e7477c93110ca7201123d4 595d62b52762489da13deb3ad0d17c4c - - default default] Tap Mirror: Handle Delete Port: d2b1e53a-8b29-43a6-8ad7-8e68f365483d [pid: 7|app: 0|req: 1243/2520] 10.0.0.190 () {32 vars in 720 bytes} [Tue May 5 15:13:44 2026] DELETE /v2.0/ports/d2b1e53a-8b29-43a6-8ad7-8e68f365483d => generated 0 bytes in 335 msecs (HTTP/1.1 204) 3 headers in 131 bytes (1 switches on core 0)
2026-05-05 15:13:45.179 8 INFO neutron.db.ovn_revision_numbers_db [None req-f03fcf39-0fdb-43c8-910a-72b95329dbe1 - - - - - -] Successfully bumped revision number for resource 5d1662e0-e73c-477b-8a3f-903eb13aab39 (type: ports) to 5
2026-05-05 15:13:45.389 7 INFO neutron_taas.services.taas.taas_plugin [None req-d610117b-6516-410c-ab45-99ed93c5a947 e2e5ee9695e7477c93110ca7201123d4 595d62b52762489da13deb3ad0d17c4c - - default default] TaaS: Handle Delete Port: 7f557cf5-32de-491f-aa2c-3d6de0501afc
2026-05-05 15:13:45.392 7 INFO neutron_taas.services.taas.tap_mirror_plugin [None req-d610117b-6516-410c-ab45-99ed93c5a947 e2e5ee9695e7477c93110ca7201123d4 595d62b52762489da13deb3ad0d17c4c - - default default] Tap Mirror: Handle Delete Port: 7f557cf5-32de-491f-aa2c-3d6de0501afc [pid: 7|app: 0|req: 1244/2521] 10.0.0.190 () {32 vars in 720 bytes} [Tue May 5 15:13:45 2026] DELETE /v2.0/ports/7f557cf5-32de-491f-aa2c-3d6de0501afc => generated 0 bytes in 372 msecs (HTTP/1.1 204) 3 headers in 131 bytes (1 switches on core 0)
2026-05-05 15:13:45.595 8 INFO neutron.services.segments.plugin [-] Segment f7fe9379-af90-4219-ae30-021b673550d8 resource provider aggregate not found
2026-05-05 15:13:45.598 8 INFO neutron.services.segments.plugin [-] Segment f7fe9379-af90-4219-ae30-021b673550d8 resource provider aggregate not found
2026-05-05 15:13:45.621 8 INFO neutron.services.segments.plugin [-] Segment f7fe9379-af90-4219-ae30-021b673550d8 resource provider not found; error: Placement Client Error (4xx): {"errors": [{"status": 404, "title": "Not Found", "detail": "The resource could not be found.\n\n No resource provider with uuid f7fe9379-af90-4219-ae30-021b673550d8 found for delete ", "request_id": "req-f0f40671-d056-4e17-9efc-368a1fc6faa2"}]}
2026-05-05 15:13:45.635 8 INFO neutron.services.segments.plugin [-] Segment f7fe9379-af90-4219-ae30-021b673550d8 resource provider not found; error: Placement Client Error (4xx): {"errors": [{"status": 404, "title": "Not Found", "detail": "The resource could not be found.\n\n No resource provider with uuid f7fe9379-af90-4219-ae30-021b673550d8 found for delete ", "request_id": "req-6214adfa-bdae-4a75-9568-900e6826272e"}]} [pid: 8|app: 0|req: 1278/2522] 10.0.0.190 () {32 vars in 726 bytes} [Tue May 5 15:13:44 2026] DELETE /v2.0/networks/ba4e0357-8811-4ce5-9e35-17abce19e8e4 => generated 0 bytes in 1053 msecs (HTTP/1.1 204) 3 headers in 131 bytes (1 switches on core 0) /var/lib/openstack/lib/python3.12/site-packages/pycadf/identifier.py:70: UserWarning: Invalid uuid: neutron. To ensure interoperability, identifiers should be a valid uuid. warnings.warn(('Invalid uuid: %s. To ensure interoperability, '
2026-05-05 15:13:45.711 7 INFO neutron_taas.services.taas.taas_plugin [None req-35463513-5b67-4fdc-8012-d7a633f4de70 e2e5ee9695e7477c93110ca7201123d4 595d62b52762489da13deb3ad0d17c4c - - default default] TaaS: Handle Delete Port: 8bc853f1-ab60-42f3-8c99-3cb2507b5424
2026-05-05 15:13:45.715 7 INFO neutron_taas.services.taas.tap_mirror_plugin [None req-35463513-5b67-4fdc-8012-d7a633f4de70 e2e5ee9695e7477c93110ca7201123d4 595d62b52762489da13deb3ad0d17c4c - - default default] Tap Mirror: Handle Delete Port: 8bc853f1-ab60-42f3-8c99-3cb2507b5424
2026-05-05 15:13:45.767 8 INFO neutron.db.segments_db [None req-d48aa176-5d2f-4523-8d8b-00f645bda449 0ddf00cb86284712b20616c196dfe333 90afeeb3d69c42d6ae6b6c993fcd44bf - - default default] Added segment 9b9f1448-5bbe-4962-bff4-234e5f1e95c4 of type geneve for network 3bf3ed58-3640-4640-a753-eb76345118a2 [pid: 7|app: 0|req: 1245/2523] 10.0.0.190 () {32 vars in 720 bytes} [Tue May 5 15:13:45 2026] DELETE /v2.0/ports/8bc853f1-ab60-42f3-8c99-3cb2507b5424 => generated 0 bytes in 340 msecs (HTTP/1.1 204) 3 headers in 131 bytes (1 switches on core 0)
2026-05-05 15:13:45.942 8 INFO neutron.db.ovn_revision_numbers_db [None req-d48aa176-5d2f-4523-8d8b-00f645bda449 0ddf00cb86284712b20616c196dfe333 90afeeb3d69c42d6ae6b6c993fcd44bf - - default default] Successfully bumped revision number for resource 3bf3ed58-3640-4640-a753-eb76345118a2 (type: networks) to 1
2026-05-05 15:13:46.054 7 INFO neutron_taas.services.taas.taas_plugin [None req-a18d90b0-5f90-4e76-9f76-6551639f55bc e2e5ee9695e7477c93110ca7201123d4 595d62b52762489da13deb3ad0d17c4c - - default default] TaaS: Handle Delete Port: 53c16bbb-a669-4b77-830a-e9cb8a1ec89b
2026-05-05 15:13:46.057 7 INFO neutron_taas.services.taas.tap_mirror_plugin [None req-a18d90b0-5f90-4e76-9f76-6551639f55bc e2e5ee9695e7477c93110ca7201123d4 595d62b52762489da13deb3ad0d17c4c - - default default] Tap Mirror: Handle Delete Port: 53c16bbb-a669-4b77-830a-e9cb8a1ec89b
2026-05-05 15:13:46.179 8 WARNING neutron.scheduler.dhcp_agent_scheduler [None req-d48aa176-5d2f-4523-8d8b-00f645bda449 0ddf00cb86284712b20616c196dfe333 90afeeb3d69c42d6ae6b6c993fcd44bf - - default default] No more DHCP agents
2026-05-05 15:13:46.181 8 WARNING neutron.api.rpc.agentnotifiers.dhcp_rpc_agent_api [None req-d48aa176-5d2f-4523-8d8b-00f645bda449 0ddf00cb86284712b20616c196dfe333 90afeeb3d69c42d6ae6b6c993fcd44bf - - default default] Unable to schedule network 3bf3ed58-3640-4640-a753-eb76345118a2: no agents available; will retry on subsequent port and subnet creation events. [pid: 7|app: 0|req: 1246/2524] 10.0.0.190 () {32 vars in 720 bytes} [Tue May 5 15:13:45 2026] DELETE /v2.0/ports/53c16bbb-a669-4b77-830a-e9cb8a1ec89b => generated 0 bytes in 298 msecs (HTTP/1.1 204) 3 headers in 131 bytes (1 switches on core 0)
2026-05-05 15:13:46.243 8 INFO neutron.plugins.ml2.drivers.ovn.mech_driver.mech_driver [None req-8e685dc8-c9a2-4533-a8f9-88de6bdc8ff8 - - - - - -] OVN reports status down for port: 59311d58-2e67-4725-bb22-847e529bde69
2026-05-05 15:13:46.312 8 INFO neutron.db.ovn_revision_numbers_db [None req-d48aa176-5d2f-4523-8d8b-00f645bda449 0ddf00cb86284712b20616c196dfe333 90afeeb3d69c42d6ae6b6c993fcd44bf - - default default] Successfully bumped revision number for resource 59311d58-2e67-4725-bb22-847e529bde69 (type: ports) to 1
2026-05-05 15:13:46.353 7 INFO neutron_taas.services.taas.taas_plugin [None req-2e8bfaab-7aef-489e-9b0c-a1977a9a0c2c e2e5ee9695e7477c93110ca7201123d4 595d62b52762489da13deb3ad0d17c4c - - default default] TaaS: Handle Delete Port: 3287ed6d-54fd-4f1f-971a-87397dc26207
2026-05-05 15:13:46.357 7 INFO neutron_taas.services.taas.tap_mirror_plugin [None req-2e8bfaab-7aef-489e-9b0c-a1977a9a0c2c e2e5ee9695e7477c93110ca7201123d4 595d62b52762489da13deb3ad0d17c4c - - default default] Tap Mirror: Handle Delete Port: 3287ed6d-54fd-4f1f-971a-87397dc26207 [pid: 8|app: 0|req: 1279/2525] 10.0.0.190 () {34 vars in 670 bytes} [Tue May 5 15:13:45 2026] POST /v2.0/networks => generated 768 bytes in 711 msecs (HTTP/1.1 201) 4 headers in 162 bytes (1 switches on core 0) [pid: 7|app: 0|req: 1247/2526] 10.0.0.190 () {32 vars in 720 bytes} [Tue May 5 15:13:46 2026] DELETE /v2.0/ports/3287ed6d-54fd-4f1f-971a-87397dc26207 => generated 0 bytes in 296 msecs (HTTP/1.1 204) 3 headers in 131 bytes (1 switches on core 0)
2026-05-05 15:13:46.561 8 WARNING neutron.scheduler.dhcp_agent_scheduler [None req-6d4e58fe-cadd-49c0-8418-f2b2da574f79 0ddf00cb86284712b20616c196dfe333 90afeeb3d69c42d6ae6b6c993fcd44bf - - default default] No more DHCP agents
2026-05-05 15:13:46.563 8 WARNING neutron.api.rpc.agentnotifiers.dhcp_rpc_agent_api [None req-6d4e58fe-cadd-49c0-8418-f2b2da574f79 0ddf00cb86284712b20616c196dfe333 90afeeb3d69c42d6ae6b6c993fcd44bf - - default default] Unable to schedule network 3bf3ed58-3640-4640-a753-eb76345118a2: no agents available; will retry on subsequent port and subnet creation events.
2026-05-05 15:13:46.652 7 INFO neutron_taas.services.taas.taas_plugin [None req-d6d16ef0-24b4-4a83-8966-83ee5bfab0e1 e2e5ee9695e7477c93110ca7201123d4 595d62b52762489da13deb3ad0d17c4c - - default default] TaaS: Handle Delete Port: f4ee49be-0122-4cd4-97b0-372221f26ffb
2026-05-05 15:13:46.657 7 INFO neutron_taas.services.taas.tap_mirror_plugin [None req-d6d16ef0-24b4-4a83-8966-83ee5bfab0e1 e2e5ee9695e7477c93110ca7201123d4 595d62b52762489da13deb3ad0d17c4c - - default default] Tap Mirror: Handle Delete Port: f4ee49be-0122-4cd4-97b0-372221f26ffb
2026-05-05 15:13:46.870 7 INFO neutron.services.segments.plugin [-] Segment 7aba49ee-a403-4f7c-830a-0f91f3269a96 resource provider aggregate not found
2026-05-05 15:13:46.881 7 INFO neutron.services.segments.plugin [-] Segment 7aba49ee-a403-4f7c-830a-0f91f3269a96 resource provider aggregate not found
2026-05-05 15:13:46.893 7 INFO neutron.services.segments.plugin [-] Segment 7aba49ee-a403-4f7c-830a-0f91f3269a96 resource provider not found; error: Placement Client Error (4xx): {"errors": [{"status": 404, "title": "Not Found", "detail": "The resource could not be found.\n\n No resource provider with uuid 7aba49ee-a403-4f7c-830a-0f91f3269a96 found for delete ", "request_id": "req-e2d7437b-2382-4c62-a3ca-7a63eee5ff18"}]}
2026-05-05 15:13:46.906 8 INFO neutron.notifiers.nova [-] Nova event matching ['req-c280e851-04e5-4a73-9a3f-798f453bf616'] response: {'server_uuid': '6bf1b50e-f391-4ae6-a18b-3af708352c03', 'name': 'network-vif-plugged', 'status': 'completed', 'tag': '5d1662e0-e73c-477b-8a3f-903eb13aab39', 'code': 200}
2026-05-05 15:13:46.921 7 INFO neutron.services.segments.plugin [-] Segment 7aba49ee-a403-4f7c-830a-0f91f3269a96 resource provider not found; error: Placement Client Error (4xx): {"errors": [{"status": 404, "title": "Not Found", "detail": "The resource could not be found.\n\n No resource provider with uuid 7aba49ee-a403-4f7c-830a-0f91f3269a96 found for delete ", "request_id": "req-400071ce-e03c-48d2-8edf-9216a868b002"}]} [pid: 7|app: 0|req: 1248/2527] 10.0.0.190 () {32 vars in 726 bytes} [Tue May 5 15:13:46 2026] DELETE /v2.0/networks/b1027a0e-0878-4a18-860d-d01c1bae2a6f => generated 0 bytes in 423 msecs (HTTP/1.1 204) 3 headers in 131 bytes (1 switches on core 0)
2026-05-05 15:13:47.068 7 INFO neutron_taas.services.taas.taas_plugin [None req-1685ac9c-0666-4952-a02b-ec0748c8bcf4 e2e5ee9695e7477c93110ca7201123d4 595d62b52762489da13deb3ad0d17c4c - - default default] TaaS: Handle Delete Port: c0ae9b3e-d2cb-48e7-83f1-c3a3f89e44e2
2026-05-05 15:13:47.071 7 INFO neutron_taas.services.taas.tap_mirror_plugin [None req-1685ac9c-0666-4952-a02b-ec0748c8bcf4 e2e5ee9695e7477c93110ca7201123d4 595d62b52762489da13deb3ad0d17c4c - - default default] Tap Mirror: Handle Delete Port: c0ae9b3e-d2cb-48e7-83f1-c3a3f89e44e2
2026-05-05 15:13:47.093 8 INFO neutron.db.ovn_revision_numbers_db [None req-18f2cf0c-e44d-4701-9471-85987c4ab060 - - - - - -] Successfully bumped revision number for resource 59311d58-2e67-4725-bb22-847e529bde69 (type: ports) to 2
2026-05-05 15:13:47.124 8 INFO neutron.db.ovn_revision_numbers_db [None req-18f2cf0c-e44d-4701-9471-85987c4ab060 - - - - - -] Successfully bumped revision number for resource 8a97a0ad-a2bb-4734-911e-70364eee1f5e (type: subnets) to 0 [pid: 8|app: 0|req: 1280/2528] 10.0.0.190 () {34 vars in 669 bytes} [Tue May 5 15:13:46 2026] POST /v2.0/subnets => generated 647 bytes in 766 msecs (HTTP/1.1 201) 4 headers in 162 bytes (1 switches on core 0)
2026-05-05 15:13:47.154 8 WARNING neutron.api.v2.base [None req-b60227d6-21b9-4651-8376-18329de19e69 0ddf00cb86284712b20616c196dfe333 90afeeb3d69c42d6ae6b6c993fcd44bf - - default default] An exception happened while processing the request body. The exception message is [Invalid input for target_tenant. Reason: '1234123412341234123412341234123412341234123412341234123412341234123412341234123412341234123412341234123412341234123412341234123412341234123412341234123412341234123412341234123412341234123412341234123412341234123412341234123412341234123412341234123412341234123412341234123412341234123412341234123412341234123412341234123412341234123412341234123412341234123412341234123412341234123412341234123412341234' exceeds maximum length of 255.].: webob.exc.HTTPBadRequest: Invalid input for target_tenant. Reason: '1234123412341234123412341234123412341234123412341234123412341234123412341234123412341234123412341234123412341234123412341234123412341234123412341234123412341234123412341234123412341234123412341234123412341234123412341234123412341234123412341234123412341234123412341234123412341234123412341234123412341234123412341234123412341234123412341234123412341234123412341234123412341234123412341234123412341234' exceeds maximum length of 255.
2026-05-05 15:13:47.155 8 INFO neutron.api.v2.resource [None req-b60227d6-21b9-4651-8376-18329de19e69 0ddf00cb86284712b20616c196dfe333 90afeeb3d69c42d6ae6b6c993fcd44bf - - default default] create failed (client error): Invalid input for target_tenant. Reason: '1234123412341234123412341234123412341234123412341234123412341234123412341234123412341234123412341234123412341234123412341234123412341234123412341234123412341234123412341234123412341234123412341234123412341234123412341234123412341234123412341234123412341234123412341234123412341234123412341234123412341234123412341234123412341234123412341234123412341234123412341234123412341234123412341234123412341234' exceeds maximum length of 255. [pid: 8|app: 0|req: 1281/2529] 10.0.0.190 () {34 vars in 681 bytes} [Tue May 5 15:13:47 2026] POST /v2.0/rbac-policies => generated 547 bytes in 10 msecs (HTTP/1.1 400) 4 headers in 166 bytes (1 switches on core 0) [pid: 7|app: 0|req: 1249/2530] 10.0.0.190 () {32 vars in 726 bytes} [Tue May 5 15:13:46 2026] DELETE /v2.0/networks/ecf33305-db73-4a3b-a86e-c0fd63ed8362 => generated 0 bytes in 397 msecs (HTTP/1.1 204) 3 headers in 131 bytes (1 switches on core 0)
2026-05-05 15:13:47.342 8 INFO neutron_taas.services.taas.taas_plugin [None req-99630bb5-6c07-442c-bd00-a4e9b06b70fa 0ddf00cb86284712b20616c196dfe333 90afeeb3d69c42d6ae6b6c993fcd44bf - - default default] TaaS: Handle Delete Port: 59311d58-2e67-4725-bb22-847e529bde69
2026-05-05 15:13:47.345 8 INFO neutron_taas.services.taas.tap_mirror_plugin [None req-99630bb5-6c07-442c-bd00-a4e9b06b70fa 0ddf00cb86284712b20616c196dfe333 90afeeb3d69c42d6ae6b6c993fcd44bf - - default default] Tap Mirror: Handle Delete Port: 59311d58-2e67-4725-bb22-847e529bde69
2026-05-05 15:13:47.449 7 INFO neutron_taas.services.taas.taas_plugin [None req-909b37ad-caf2-4d1a-a476-1294dec6f0a4 e2e5ee9695e7477c93110ca7201123d4 595d62b52762489da13deb3ad0d17c4c - - default default] TaaS: Handle Delete Port: d80a5ee1-ec9f-4c89-aac8-9d939aba4eb1
2026-05-05 15:13:47.453 7 INFO neutron_taas.services.taas.tap_mirror_plugin [None req-909b37ad-caf2-4d1a-a476-1294dec6f0a4 e2e5ee9695e7477c93110ca7201123d4 595d62b52762489da13deb3ad0d17c4c - - default default] Tap Mirror: Handle Delete Port: d80a5ee1-ec9f-4c89-aac8-9d939aba4eb1
2026-05-05 15:13:47.690 8 INFO neutron.services.segments.plugin [-] Segment 9b9f1448-5bbe-4962-bff4-234e5f1e95c4 resource provider aggregate not found
2026-05-05 15:13:47.701 8 INFO neutron.services.segments.plugin [-] Segment 9b9f1448-5bbe-4962-bff4-234e5f1e95c4 resource provider aggregate not found [pid: 7|app: 0|req: 1250/2531] 10.0.0.190 () {32 vars in 726 bytes} [Tue May 5 15:13:47 2026] DELETE /v2.0/networks/9a704501-1a21-44bc-a5b2-1bc014237c04 => generated 0 bytes in 370 msecs (HTTP/1.1 204) 3 headers in 131 bytes (1 switches on core 0)
2026-05-05 15:13:47.722 8 INFO neutron.services.segments.plugin [-] Segment 9b9f1448-5bbe-4962-bff4-234e5f1e95c4 resource provider not found; error: Placement Client Error (4xx): {"errors": [{"status": 404, "title": "Not Found", "detail": "The resource could not be found.\n\n No resource provider with uuid 9b9f1448-5bbe-4962-bff4-234e5f1e95c4 found for delete ", "request_id": "req-0e305b9d-7533-4244-a53d-51262162e972"}]}
2026-05-05 15:13:47.729 8 INFO neutron.services.segments.plugin [-] Segment 9b9f1448-5bbe-4962-bff4-234e5f1e95c4 resource provider not found; error: Placement Client Error (4xx): {"errors": [{"status": 404, "title": "Not Found", "detail": "The resource could not be found.\n\n No resource provider with uuid 9b9f1448-5bbe-4962-bff4-234e5f1e95c4 found for delete ", "request_id": "req-0791d0f5-bb97-4835-aed0-e46f07d1ce6c"}]} [pid: 7|app: 0|req: 1251/2532] 10.0.0.83 () {34 vars in 989 bytes} [Tue May 5 15:13:47 2026] GET /v2.0/ports?device_id=6bf1b50e-f391-4ae6-a18b-3af708352c03 => generated 1217 bytes in 38 msecs (HTTP/1.1 200) 4 headers in 158 bytes (1 switches on core 0) [pid: 8|app: 0|req: 1282/2533] 10.0.0.190 () {32 vars in 726 bytes} [Tue May 5 15:13:47 2026] DELETE /v2.0/networks/3bf3ed58-3640-4640-a753-eb76345118a2 => generated 0 bytes in 603 msecs (HTTP/1.1 204) 3 headers in 131 bytes (1 switches on core 0) [pid: 8|app: 0|req: 1283/2534] 10.0.0.83 () {34 vars in 1039 bytes} [Tue May 5 15:13:47 2026] GET /v2.0/security-groups?id=cee74cbc-ecca-407e-94f7-5e8cd985044d&fields=id&fields=name => generated 96 bytes in 33 msecs (HTTP/1.1 200) 4 headers in 156 bytes (1 switches on core 0)
2026-05-05 15:13:47.895 8 INFO neutron.db.segments_db [None req-9cf8e780-c45b-40c4-88a4-212b9820ca04 0ddf00cb86284712b20616c196dfe333 90afeeb3d69c42d6ae6b6c993fcd44bf - - default default] Added segment 3cd824de-4a61-4f82-a0f2-41dd18a4af40 of type geneve for network 8205719b-3e2c-450e-b7fd-288dc5f247c7
2026-05-05 15:13:47.900 7 INFO neutron_taas.services.taas.taas_plugin [None req-396e462d-cb98-4c3a-8b2a-0bb82e9d1580 e2e5ee9695e7477c93110ca7201123d4 595d62b52762489da13deb3ad0d17c4c - - default default] TaaS: Handle Delete Port: 5c818c44-fdf9-4944-a656-18ae6b2400d7
2026-05-05 15:13:47.903 7 INFO neutron_taas.services.taas.tap_mirror_plugin [None req-396e462d-cb98-4c3a-8b2a-0bb82e9d1580 e2e5ee9695e7477c93110ca7201123d4 595d62b52762489da13deb3ad0d17c4c - - default default] Tap Mirror: Handle Delete Port: 5c818c44-fdf9-4944-a656-18ae6b2400d7
2026-05-05 15:13:48.008 8 INFO neutron.db.ovn_revision_numbers_db [None req-9cf8e780-c45b-40c4-88a4-212b9820ca04 0ddf00cb86284712b20616c196dfe333 90afeeb3d69c42d6ae6b6c993fcd44bf - - default default] Successfully bumped revision number for resource 8205719b-3e2c-450e-b7fd-288dc5f247c7 (type: networks) to 1 [pid: 7|app: 0|req: 1252/2535] 10.0.0.190 () {32 vars in 726 bytes} [Tue May 5 15:13:47 2026] DELETE /v2.0/networks/26706e9a-0820-4f95-b34d-4e2963032f74 => generated 0 bytes in 414 msecs (HTTP/1.1 204) 3 headers in 131 bytes (1 switches on core 0) [pid: 7|app: 0|req: 1253/2536] 10.0.0.83 () {34 vars in 989 bytes} [Tue May 5 15:13:48 2026] GET /v2.0/ports?device_id=6bf1b50e-f391-4ae6-a18b-3af708352c03 => generated 1217 bytes in 30 msecs (HTTP/1.1 200) 4 headers in 158 bytes (1 switches on core 0)
2026-05-05 15:13:48.206 8 WARNING neutron.scheduler.dhcp_agent_scheduler [None req-9cf8e780-c45b-40c4-88a4-212b9820ca04 0ddf00cb86284712b20616c196dfe333 90afeeb3d69c42d6ae6b6c993fcd44bf - - default default] No more DHCP agents
2026-05-05 15:13:48.208 8 WARNING neutron.api.rpc.agentnotifiers.dhcp_rpc_agent_api [None req-9cf8e780-c45b-40c4-88a4-212b9820ca04 0ddf00cb86284712b20616c196dfe333 90afeeb3d69c42d6ae6b6c993fcd44bf - - default default] Unable to schedule network 8205719b-3e2c-450e-b7fd-288dc5f247c7: no agents available; will retry on subsequent port and subnet creation events.
2026-05-05 15:13:48.295 8 INFO neutron.db.ovn_revision_numbers_db [None req-9cf8e780-c45b-40c4-88a4-212b9820ca04 0ddf00cb86284712b20616c196dfe333 90afeeb3d69c42d6ae6b6c993fcd44bf - - default default] Successfully bumped revision number for resource 25612ea0-19bd-47ac-9c82-cff58502006c (type: ports) to 1
2026-05-05 15:13:48.305 7 INFO neutron.plugins.ml2.drivers.ovn.mech_driver.mech_driver [None req-b8d0c86f-dff1-445d-931f-9f22e602d23d - - - - - -] OVN reports status down for port: 25612ea0-19bd-47ac-9c82-cff58502006c [pid: 8|app: 0|req: 1284/2537] 10.0.0.190 () {34 vars in 670 bytes} [Tue May 5 15:13:47 2026] POST /v2.0/networks => generated 767 bytes in 516 msecs (HTTP/1.1 201) 4 headers in 162 bytes (1 switches on core 0)
2026-05-05 15:13:48.373 7 INFO neutron_taas.services.taas.taas_plugin [None req-6ca08861-5e29-48ab-afcb-a6d488518896 e2e5ee9695e7477c93110ca7201123d4 595d62b52762489da13deb3ad0d17c4c - - default default] TaaS: Handle Delete Port: 877c70e3-db19-4a63-93a0-dcc713f2abcb
2026-05-05 15:13:48.379 7 INFO neutron_taas.services.taas.tap_mirror_plugin [None req-6ca08861-5e29-48ab-afcb-a6d488518896 e2e5ee9695e7477c93110ca7201123d4 595d62b52762489da13deb3ad0d17c4c - - default default] Tap Mirror: Handle Delete Port: 877c70e3-db19-4a63-93a0-dcc713f2abcb
2026-05-05 15:13:48.471 8 WARNING neutron.scheduler.dhcp_agent_scheduler [None req-f18d26d1-19cf-4ef9-9855-f41f7aa89106 0ddf00cb86284712b20616c196dfe333 90afeeb3d69c42d6ae6b6c993fcd44bf - - default default] No more DHCP agents
2026-05-05 15:13:48.472 8 WARNING neutron.api.rpc.agentnotifiers.dhcp_rpc_agent_api [None req-f18d26d1-19cf-4ef9-9855-f41f7aa89106 0ddf00cb86284712b20616c196dfe333 90afeeb3d69c42d6ae6b6c993fcd44bf - - default default] Unable to schedule network 8205719b-3e2c-450e-b7fd-288dc5f247c7: no agents available; will retry on subsequent port and subnet creation events. [pid: 7|app: 0|req: 1254/2538] 10.0.0.190 () {32 vars in 726 bytes} [Tue May 5 15:13:48 2026] DELETE /v2.0/networks/b76c0859-53ba-4a55-b9b3-40e66e89f7e0 => generated 0 bytes in 481 msecs (HTTP/1.1 204) 3 headers in 131 bytes (1 switches on core 0)
2026-05-05 15:13:48.919 7 INFO neutron.services.segments.plugin [-] Segment 37fefb79-306a-4ad3-aa13-2c54a66f593b resource provider aggregate not found
2026-05-05 15:13:48.945 7 INFO neutron.services.segments.plugin [-] Segment 37fefb79-306a-4ad3-aa13-2c54a66f593b resource provider not found; error: Placement Client Error (4xx): {"errors": [{"status": 404, "title": "Not Found", "detail": "The resource could not be found.\n\n No resource provider with uuid 37fefb79-306a-4ad3-aa13-2c54a66f593b found for delete ", "request_id": "req-576ae31a-f082-4e8a-a45a-b00fd09fb189"}]}
2026-05-05 15:13:48.959 7 INFO neutron.services.segments.plugin [-] Segment 37fefb79-306a-4ad3-aa13-2c54a66f593b resource provider aggregate not found
2026-05-05 15:13:48.974 7 INFO neutron.services.segments.plugin [-] Segment 9419eaa5-3eba-4a4d-9002-42dc0bdd1023 resource provider aggregate not found
2026-05-05 15:13:48.992 7 INFO neutron.services.segments.plugin [-] Segment 37fefb79-306a-4ad3-aa13-2c54a66f593b resource provider not found; error: Placement Client Error (4xx): {"errors": [{"status": 404, "title": "Not Found", "detail": "The resource could not be found.\n\n No resource provider with uuid 37fefb79-306a-4ad3-aa13-2c54a66f593b found for delete ", "request_id": "req-cec7bf10-fcec-402b-be5d-b405c89a54be"}]}
2026-05-05 15:13:49.001 7 INFO neutron.services.segments.plugin [-] Segment 9419eaa5-3eba-4a4d-9002-42dc0bdd1023 resource provider not found; error: Placement Client Error (4xx): {"errors": [{"status": 404, "title": "Not Found", "detail": "The resource could not be found.\n\n No resource provider with uuid 9419eaa5-3eba-4a4d-9002-42dc0bdd1023 found for delete ", "request_id": "req-0e98833c-42d0-45c0-920e-7fa9623a65ca"}]}
2026-05-05 15:13:49.021 7 INFO neutron.services.segments.plugin [-] Segment 9419eaa5-3eba-4a4d-9002-42dc0bdd1023 resource provider aggregate not found
2026-05-05 15:13:49.024 7 INFO neutron.services.segments.plugin [-] Segment 1c48c530-81be-4d18-9f67-5c7ce7d8c395 resource provider aggregate not found
2026-05-05 15:13:49.029 8 INFO neutron.db.ovn_revision_numbers_db [None req-8fd05276-1b0c-4261-bf91-9391d85c9eb6 - - - - - -] Successfully bumped revision number for resource 25612ea0-19bd-47ac-9c82-cff58502006c (type: ports) to 2
2026-05-05 15:13:49.043 7 INFO neutron.services.segments.plugin [-] Segment 1c48c530-81be-4d18-9f67-5c7ce7d8c395 resource provider not found; error: Placement Client Error (4xx): {"errors": [{"status": 404, "title": "Not Found", "detail": "The resource could not be found.\n\n No resource provider with uuid 1c48c530-81be-4d18-9f67-5c7ce7d8c395 found for delete ", "request_id": "req-98f4cfed-e165-453f-bd72-c1a17c83b00a"}]}
2026-05-05 15:13:49.048 7 INFO neutron.services.segments.plugin [-] Segment 9419eaa5-3eba-4a4d-9002-42dc0bdd1023 resource provider not found; error: Placement Client Error (4xx): {"errors": [{"status": 404, "title": "Not Found", "detail": "The resource could not be found.\n\n No resource provider with uuid 9419eaa5-3eba-4a4d-9002-42dc0bdd1023 found for delete ", "request_id": "req-fb06cc25-a05f-491f-842c-a85a2144f384"}]}
2026-05-05 15:13:49.065 7 INFO neutron.services.segments.plugin [-] Segment 60ff32e6-0054-4599-b991-4c21b65f9146 resource provider aggregate not found
2026-05-05 15:13:49.068 7 INFO neutron.services.segments.plugin [-] Segment 1c48c530-81be-4d18-9f67-5c7ce7d8c395 resource provider aggregate not found
2026-05-05 15:13:49.078 8 INFO neutron.db.ovn_revision_numbers_db [None req-8fd05276-1b0c-4261-bf91-9391d85c9eb6 - - - - - -] Successfully bumped revision number for resource c2d9b90e-64d4-4176-9e96-dad160992737 (type: subnets) to 0
2026-05-05 15:13:49.087 7 INFO neutron.services.segments.plugin [-] Segment 60ff32e6-0054-4599-b991-4c21b65f9146 resource provider not found; error: Placement Client Error (4xx): {"errors": [{"status": 404, "title": "Not Found", "detail": "The resource could not be found.\n\n No resource provider with uuid 60ff32e6-0054-4599-b991-4c21b65f9146 found for delete ", "request_id": "req-f8f854ec-4207-42e8-bc05-090026475443"}]}
2026-05-05 15:13:49.094 7 INFO neutron.services.segments.plugin [-] Segment 1c48c530-81be-4d18-9f67-5c7ce7d8c395 resource provider not found; error: Placement Client Error (4xx): {"errors": [{"status": 404, "title": "Not Found", "detail": "The resource could not be found.\n\n No resource provider with uuid 1c48c530-81be-4d18-9f67-5c7ce7d8c395 found for delete ", "request_id": "req-f144df2f-7803-46d7-a581-dda09c897d33"}]} [pid: 8|app: 0|req: 1285/2539] 10.0.0.190 () {34 vars in 669 bytes} [Tue May 5 15:13:48 2026] POST /v2.0/subnets => generated 647 bytes in 775 msecs (HTTP/1.1 201) 4 headers in 162 bytes (1 switches on core 0)
2026-05-05 15:13:49.114 7 INFO neutron.services.segments.plugin [-] Segment 60ff32e6-0054-4599-b991-4c21b65f9146 resource provider aggregate not found
2026-05-05 15:13:49.135 7 INFO neutron.services.segments.plugin [-] Segment 60ff32e6-0054-4599-b991-4c21b65f9146 resource provider not found; error: Placement Client Error (4xx): {"errors": [{"status": 404, "title": "Not Found", "detail": "The resource could not be found.\n\n No resource provider with uuid 60ff32e6-0054-4599-b991-4c21b65f9146 found for delete ", "request_id": "req-e0bc21d2-ab87-4eae-a1ba-c639a614eaa7"}]}
2026-05-05 15:13:49.341 7 INFO neutron.db.ovn_revision_numbers_db [None req-065c2e1c-402e-48d0-bf1d-e8632f6d364a c0ff7f6525a94df2aec8386514cfb01a 1bce461342a84be0a303ada5a31c4feb - - default default] Successfully bumped revision number for resource c911c151-376e-4130-a707-edb73af73464 (type: security_groups) to 1
2026-05-05 15:13:49.354 7 INFO neutron.db.ovn_revision_numbers_db [None req-065c2e1c-402e-48d0-bf1d-e8632f6d364a c0ff7f6525a94df2aec8386514cfb01a 1bce461342a84be0a303ada5a31c4feb - - default default] Successfully bumped revision number for resource 16ed1c3b-c778-4a65-9249-bce42b8a9851 (type: security_group_rules) to 0
2026-05-05 15:13:49.364 7 INFO neutron.db.ovn_revision_numbers_db [None req-065c2e1c-402e-48d0-bf1d-e8632f6d364a c0ff7f6525a94df2aec8386514cfb01a 1bce461342a84be0a303ada5a31c4feb - - default default] Successfully bumped revision number for resource 1d9ce84a-95d9-4500-8183-1fcedee92b7d (type: security_group_rules) to 0
2026-05-05 15:13:49.373 7 INFO neutron.db.ovn_revision_numbers_db [None req-065c2e1c-402e-48d0-bf1d-e8632f6d364a c0ff7f6525a94df2aec8386514cfb01a 1bce461342a84be0a303ada5a31c4feb - - default default] Successfully bumped revision number for resource 641096fe-7e1d-4149-ad3d-3fba9d2baac6 (type: security_group_rules) to 0
2026-05-05 15:13:49.386 7 INFO neutron.db.ovn_revision_numbers_db [None req-065c2e1c-402e-48d0-bf1d-e8632f6d364a c0ff7f6525a94df2aec8386514cfb01a 1bce461342a84be0a303ada5a31c4feb - - default default] Successfully bumped revision number for resource 7b74664b-bab9-44ca-93bd-6bb8bc29107a (type: security_group_rules) to 0 [pid: 8|app: 0|req: 1286/2540] 10.0.0.190 () {34 vars in 681 bytes} [Tue May 5 15:13:49 2026] POST /v2.0/rbac-policies => generated 324 bytes in 280 msecs (HTTP/1.1 201) 4 headers in 162 bytes (1 switches on core 0)
2026-05-05 15:13:49.487 7 INFO neutron.db.segments_db [None req-065c2e1c-402e-48d0-bf1d-e8632f6d364a c0ff7f6525a94df2aec8386514cfb01a 1bce461342a84be0a303ada5a31c4feb - - default default] Added segment 737f424d-51ba-42b9-8f23-bd4a5b6bdd37 of type geneve for network 338bf547-9998-4738-9616-84dd7f2c70fb
2026-05-05 15:13:49.608 7 INFO neutron.db.ovn_revision_numbers_db [None req-065c2e1c-402e-48d0-bf1d-e8632f6d364a c0ff7f6525a94df2aec8386514cfb01a 1bce461342a84be0a303ada5a31c4feb - - default default] Successfully bumped revision number for resource 338bf547-9998-4738-9616-84dd7f2c70fb (type: networks) to 1 [pid: 8|app: 0|req: 1287/2541] 10.0.0.190 () {32 vars in 774 bytes} [Tue May 5 15:13:49 2026] GET /v2.0/security-groups?tenant_id=595d62b52762489da13deb3ad0d17c4c&name=default => generated 2925 bytes in 133 msecs (HTTP/1.1 200) 4 headers in 158 bytes (1 switches on core 0)
2026-05-05 15:13:49.788 7 WARNING neutron.scheduler.dhcp_agent_scheduler [None req-065c2e1c-402e-48d0-bf1d-e8632f6d364a c0ff7f6525a94df2aec8386514cfb01a 1bce461342a84be0a303ada5a31c4feb - - default default] No more DHCP agents
2026-05-05 15:13:49.789 7 WARNING neutron.api.rpc.agentnotifiers.dhcp_rpc_agent_api [None req-065c2e1c-402e-48d0-bf1d-e8632f6d364a c0ff7f6525a94df2aec8386514cfb01a 1bce461342a84be0a303ada5a31c4feb - - default default] Unable to schedule network 338bf547-9998-4738-9616-84dd7f2c70fb: no agents available; will retry on subsequent port and subnet creation events.
2026-05-05 15:13:49.844 8 INFO neutron.plugins.ml2.drivers.ovn.mech_driver.mech_driver [None req-8e685dc8-c9a2-4533-a8f9-88de6bdc8ff8 - - - - - -] OVN reports status down for port: d547ade3-10ec-4114-ae3a-7827a206f879
2026-05-05 15:13:49.881 7 INFO neutron.db.ovn_revision_numbers_db [None req-065c2e1c-402e-48d0-bf1d-e8632f6d364a c0ff7f6525a94df2aec8386514cfb01a 1bce461342a84be0a303ada5a31c4feb - - default default] Successfully bumped revision number for resource d547ade3-10ec-4114-ae3a-7827a206f879 (type: ports) to 1 [pid: 7|app: 0|req: 1255/2542] 10.0.0.190 () {34 vars in 670 bytes} [Tue May 5 15:13:48 2026] POST /v2.0/networks => generated 670 bytes in 963 msecs (HTTP/1.1 201) 4 headers in 162 bytes (1 switches on core 0) [pid: 7|app: 0|req: 1256/2543] 10.0.0.190 () {32 vars in 723 bytes} [Tue May 5 15:13:49 2026] GET /v2.0/networks/8205719b-3e2c-450e-b7fd-288dc5f247c7 => generated 692 bytes in 87 msecs (HTTP/1.1 200) 4 headers in 157 bytes (1 switches on core 0) [pid: 8|app: 0|req: 1288/2544] 10.0.0.190 () {32 vars in 740 bytes} [Tue May 5 15:13:49 2026] DELETE /v2.0/security-groups/019f62d2-9f11-4d8b-856f-7e3fbafb797b => generated 0 bytes in 324 msecs (HTTP/1.1 204) 2 headers in 112 bytes (1 switches on core 0)
2026-05-05 15:13:50.130 7 INFO neutron.db.segments_db [None req-367a0d77-74f9-4354-80fb-22b57ccb82e0 c0ff7f6525a94df2aec8386514cfb01a 1bce461342a84be0a303ada5a31c4feb - - default default] Added segment 79090668-eb67-44f9-9091-ce73e0793d28 of type geneve for network 16b99342-282a-405f-bc4c-c422a3325640
2026-05-05 15:13:50.277 7 INFO neutron.db.ovn_revision_numbers_db [None req-367a0d77-74f9-4354-80fb-22b57ccb82e0 c0ff7f6525a94df2aec8386514cfb01a 1bce461342a84be0a303ada5a31c4feb - - default default] Successfully bumped revision number for resource 16b99342-282a-405f-bc4c-c422a3325640 (type: networks) to 1
2026-05-05 15:13:50.349 8 INFO neutron.db.ovn_revision_numbers_db [None req-7f85a0fa-30dd-4aae-916d-11380cbba64c b543c5ec0e9a422c955dd70405d81052 310974f67e9f4db68cdce8b75a39b4c6 - - default default] Successfully bumped revision number for resource e7088695-606a-4c44-b3f3-ddd24001fdc3 (type: security_groups) to 1
2026-05-05 15:13:50.367 8 INFO neutron.db.ovn_revision_numbers_db [None req-7f85a0fa-30dd-4aae-916d-11380cbba64c b543c5ec0e9a422c955dd70405d81052 310974f67e9f4db68cdce8b75a39b4c6 - - default default] Successfully bumped revision number for resource 3d3e1d20-50b8-4e11-b909-92cda60fedbf (type: security_group_rules) to 0
