Aug 22 10:14:02.222044 np0000190520 devstack@neutron-api.service[101452]: DEBUG dbcounter [-] [101452] Writing DB stats neutron:UPDATE=10,neutron:SELECT=199,neutron:INSERT=20,neutron:DELETE=8 {{(pid=101452) stat_writer /opt/stack/data/venv/lib/python3.12/site-packages/dbcounter.py:115}}
Aug 22 10:14:02.289705 np0000190520 devstack@neutron-api.service[101451]: DEBUG dbcounter [-] [101451] Writing DB stats neutron:UPDATE=6,neutron:SELECT=157,neutron:INSERT=11,neutron:DELETE=2 {{(pid=101451) stat_writer /opt/stack/data/venv/lib/python3.12/site-packages/dbcounter.py:115}}
Aug 22 10:14:05.322380 np0000190520 devstack@neutron-api.service[101450]: DEBUG dbcounter [-] [101450] Writing DB stats neutron:UPDATE=3,neutron:SELECT=95 {{(pid=101450) stat_writer /opt/stack/data/venv/lib/python3.12/site-packages/dbcounter.py:115}}
Aug 22 10:14:05.764367 np0000190520 devstack@neutron-api.service[101452]: DEBUG futurist.periodics [-] Submitting periodic callback 'neutron.plugins.ml2.drivers.ovn.mech_driver.ovsdb.maintenance.HashRingHealthCheckPeriodics.touch_hash_ring_node' {{(pid=101452) _process_scheduled /opt/stack/data/venv/lib/python3.12/site-packages/futurist/periodics.py:784}}
Aug 22 10:14:05.765023 np0000190520 devstack@neutron-api.service[101452]: DEBUG neutron.plugins.ml2.drivers.ovn.mech_driver.ovsdb.maintenance [-] Touching Hash Ring node "d4a3a5ccfa1e5d9b94e8703adba6b9a7" from periodic health check thread {{(pid=101452) touch_hash_ring_node /opt/stack/neutron/neutron/plugins/ml2/drivers/ovn/mech_driver/ovsdb/maintenance.py:1532}}
Aug 22 10:14:06.690890 np0000190520 devstack@neutron-api.service[101449]: DEBUG futurist.periodics [-] Submitting periodic callback 'neutron.plugins.ml2.drivers.ovn.mech_driver.ovsdb.maintenance.HashRingHealthCheckPeriodics.touch_hash_ring_node' {{(pid=101449) _process_scheduled /opt/stack/data/venv/lib/python3.12/site-packages/futurist/periodics.py:784}}
Aug 22 10:14:06.691593 np0000190520 devstack@neutron-api.service[101449]: DEBUG neutron.plugins.ml2.drivers.ovn.mech_driver.ovsdb.maintenance [-] Touching Hash Ring node "2632a722daf55350a628ad9bc19b9c4b" from periodic health check thread {{(pid=101449) touch_hash_ring_node /opt/stack/neutron/neutron/plugins/ml2/drivers/ovn/mech_driver/ovsdb/maintenance.py:1532}}
Aug 22 10:14:06.723645 np0000190520 devstack@neutron-api.service[101451]: DEBUG futurist.periodics [-] Submitting periodic callback 'neutron.plugins.ml2.drivers.ovn.mech_driver.ovsdb.maintenance.HashRingHealthCheckPeriodics.touch_hash_ring_node' {{(pid=101451) _process_scheduled /opt/stack/data/venv/lib/python3.12/site-packages/futurist/periodics.py:784}}
Aug 22 10:14:06.724158 np0000190520 devstack@neutron-api.service[101451]: DEBUG neutron.plugins.ml2.drivers.ovn.mech_driver.ovsdb.maintenance [-] Touching Hash Ring node "577a1cba4f65573bbdaee11f0718991b" from periodic health check thread {{(pid=101451) touch_hash_ring_node /opt/stack/neutron/neutron/plugins/ml2/drivers/ovn/mech_driver/ovsdb/maintenance.py:1532}}
Aug 22 10:14:06.770873 np0000190520 devstack@neutron-api.service[101450]: DEBUG futurist.periodics [-] Submitting periodic callback 'neutron.plugins.ml2.drivers.ovn.mech_driver.ovsdb.maintenance.HashRingHealthCheckPeriodics.touch_hash_ring_node' {{(pid=101450) _process_scheduled /opt/stack/data/venv/lib/python3.12/site-packages/futurist/periodics.py:784}}
Aug 22 10:14:06.771359 np0000190520 devstack@neutron-api.service[101450]: DEBUG neutron.plugins.ml2.drivers.ovn.mech_driver.ovsdb.maintenance [-] Touching Hash Ring node "fa377d62fd87573886b50445477eeea5" from periodic health check thread {{(pid=101450) touch_hash_ring_node /opt/stack/neutron/neutron/plugins/ml2/drivers/ovn/mech_driver/ovsdb/maintenance.py:1532}}
Aug 22 10:14:15.776398 np0000190520 devstack@neutron-api.service[101452]: DEBUG dbcounter [-] [101452] Writing DB stats neutron:UPDATE=1,neutron:SELECT=1 {{(pid=101452) stat_writer /opt/stack/data/venv/lib/python3.12/site-packages/dbcounter.py:115}}
Aug 22 10:14:16.811393 np0000190520 devstack@neutron-api.service[101449]: DEBUG dbcounter [-] [101449] Writing DB stats neutron:UPDATE=1,neutron:SELECT=1 {{(pid=101449) stat_writer /opt/stack/data/venv/lib/python3.12/site-packages/dbcounter.py:115}}
Aug 22 10:14:16.812340 np0000190520 devstack@neutron-api.service[101451]: DEBUG dbcounter [-] [101451] Writing DB stats neutron:UPDATE=1,neutron:SELECT=1 {{(pid=101451) stat_writer /opt/stack/data/venv/lib/python3.12/site-packages/dbcounter.py:115}}
Aug 22 10:14:16.812876 np0000190520 devstack@neutron-api.service[101450]: DEBUG dbcounter [-] [101450] Writing DB stats neutron:UPDATE=1,neutron:SELECT=1 {{(pid=101450) stat_writer /opt/stack/data/venv/lib/python3.12/site-packages/dbcounter.py:115}}
Aug 22 10:14:20.765121 np0000190520 devstack@neutron-api.service[101452]: DEBUG futurist.periodics [-] Submitting periodic callback 'neutron.plugins.ml2.drivers.ovn.mech_driver.ovsdb.maintenance.HashRingHealthCheckPeriodics.touch_hash_ring_node' {{(pid=101452) _process_scheduled /opt/stack/data/venv/lib/python3.12/site-packages/futurist/periodics.py:784}}
Aug 22 10:14:20.765904 np0000190520 devstack@neutron-api.service[101452]: DEBUG neutron.plugins.ml2.drivers.ovn.mech_driver.ovsdb.maintenance [-] Touching Hash Ring node "d4a3a5ccfa1e5d9b94e8703adba6b9a7" from periodic health check thread {{(pid=101452) touch_hash_ring_node /opt/stack/neutron/neutron/plugins/ml2/drivers/ovn/mech_driver/ovsdb/maintenance.py:1532}}
Aug 22 10:14:21.691611 np0000190520 devstack@neutron-api.service[101449]: DEBUG futurist.periodics [-] Submitting periodic callback 'neutron.plugins.ml2.drivers.ovn.mech_driver.ovsdb.maintenance.HashRingHealthCheckPeriodics.touch_hash_ring_node' {{(pid=101449) _process_scheduled /opt/stack/data/venv/lib/python3.12/site-packages/futurist/periodics.py:784}}
Aug 22 10:14:21.692172 np0000190520 devstack@neutron-api.service[101449]: DEBUG neutron.plugins.ml2.drivers.ovn.mech_driver.ovsdb.maintenance [-] Touching Hash Ring node "2632a722daf55350a628ad9bc19b9c4b" from periodic health check thread {{(pid=101449) touch_hash_ring_node /opt/stack/neutron/neutron/plugins/ml2/drivers/ovn/mech_driver/ovsdb/maintenance.py:1532}}
Aug 22 10:14:21.724319 np0000190520 devstack@neutron-api.service[101451]: DEBUG futurist.periodics [-] Submitting periodic callback 'neutron.plugins.ml2.drivers.ovn.mech_driver.ovsdb.maintenance.HashRingHealthCheckPeriodics.touch_hash_ring_node' {{(pid=101451) _process_scheduled /opt/stack/data/venv/lib/python3.12/site-packages/futurist/periodics.py:784}}
Aug 22 10:14:21.724917 np0000190520 devstack@neutron-api.service[101451]: DEBUG neutron.plugins.ml2.drivers.ovn.mech_driver.ovsdb.maintenance [-] Touching Hash Ring node "577a1cba4f65573bbdaee11f0718991b" from periodic health check thread {{(pid=101451) touch_hash_ring_node /opt/stack/neutron/neutron/plugins/ml2/drivers/ovn/mech_driver/ovsdb/maintenance.py:1532}}
Aug 22 10:14:21.771457 np0000190520 devstack@neutron-api.service[101450]: DEBUG futurist.periodics [-] Submitting periodic callback 'neutron.plugins.ml2.drivers.ovn.mech_driver.ovsdb.maintenance.HashRingHealthCheckPeriodics.touch_hash_ring_node' {{(pid=101450) _process_scheduled /opt/stack/data/venv/lib/python3.12/site-packages/futurist/periodics.py:784}}
Aug 22 10:14:21.773441 np0000190520 devstack@neutron-api.service[101450]: DEBUG neutron.plugins.ml2.drivers.ovn.mech_driver.ovsdb.maintenance [-] Touching Hash Ring node "fa377d62fd87573886b50445477eeea5" from periodic health check thread {{(pid=101450) touch_hash_ring_node /opt/stack/neutron/neutron/plugins/ml2/drivers/ovn/mech_driver/ovsdb/maintenance.py:1532}}
Aug 22 10:14:30.777250 np0000190520 devstack@neutron-api.service[101452]: DEBUG dbcounter [-] [101452] Writing DB stats neutron:UPDATE=1,neutron:SELECT=1 {{(pid=101452) stat_writer /opt/stack/data/venv/lib/python3.12/site-packages/dbcounter.py:115}}
Aug 22 10:14:31.704960 np0000190520 devstack@neutron-api.service[101449]: DEBUG dbcounter [-] [101449] Writing DB stats neutron:UPDATE=1,neutron:SELECT=1 {{(pid=101449) stat_writer /opt/stack/data/venv/lib/python3.12/site-packages/dbcounter.py:115}}
Aug 22 10:14:31.736571 np0000190520 devstack@neutron-api.service[101451]: DEBUG dbcounter [-] [101451] Writing DB stats neutron:UPDATE=1,neutron:SELECT=1 {{(pid=101451) stat_writer /opt/stack/data/venv/lib/python3.12/site-packages/dbcounter.py:115}}
Aug 22 10:14:31.782244 np0000190520 devstack@neutron-api.service[101450]: DEBUG dbcounter [-] [101450] Writing DB stats neutron:UPDATE=1,neutron:SELECT=1 {{(pid=101450) stat_writer /opt/stack/data/venv/lib/python3.12/site-packages/dbcounter.py:115}}
Aug 22 10:14:35.766796 np0000190520 devstack@neutron-api.service[101452]: DEBUG futurist.periodics [-] Submitting periodic callback 'neutron.plugins.ml2.drivers.ovn.mech_driver.ovsdb.maintenance.HashRingHealthCheckPeriodics.touch_hash_ring_node' {{(pid=101452) _process_scheduled /opt/stack/data/venv/lib/python3.12/site-packages/futurist/periodics.py:784}}
Aug 22 10:14:35.767492 np0000190520 devstack@neutron-api.service[101452]: DEBUG neutron.plugins.ml2.drivers.ovn.mech_driver.ovsdb.maintenance [-] Touching Hash Ring node "d4a3a5ccfa1e5d9b94e8703adba6b9a7" from periodic health check thread {{(pid=101452) touch_hash_ring_node /opt/stack/neutron/neutron/plugins/ml2/drivers/ovn/mech_driver/ovsdb/maintenance.py:1532}}
Aug 22 10:14:36.692375 np0000190520 devstack@neutron-api.service[101449]: DEBUG futurist.periodics [-] Submitting periodic callback 'neutron.plugins.ml2.drivers.ovn.mech_driver.ovsdb.maintenance.HashRingHealthCheckPeriodics.touch_hash_ring_node' {{(pid=101449) _process_scheduled /opt/stack/data/venv/lib/python3.12/site-packages/futurist/periodics.py:784}}
Aug 22 10:14:36.692992 np0000190520 devstack@neutron-api.service[101449]: DEBUG neutron.plugins.ml2.drivers.ovn.mech_driver.ovsdb.maintenance [-] Touching Hash Ring node "2632a722daf55350a628ad9bc19b9c4b" from periodic health check thread {{(pid=101449) touch_hash_ring_node /opt/stack/neutron/neutron/plugins/ml2/drivers/ovn/mech_driver/ovsdb/maintenance.py:1532}}
Aug 22 10:14:36.725083 np0000190520 devstack@neutron-api.service[101451]: DEBUG futurist.periodics [-] Submitting periodic callback 'neutron.plugins.ml2.drivers.ovn.mech_driver.ovsdb.maintenance.HashRingHealthCheckPeriodics.touch_hash_ring_node' {{(pid=101451) _process_scheduled /opt/stack/data/venv/lib/python3.12/site-packages/futurist/periodics.py:784}}
Aug 22 10:14:36.725554 np0000190520 devstack@neutron-api.service[101451]: DEBUG neutron.plugins.ml2.drivers.ovn.mech_driver.ovsdb.maintenance [-] Touching Hash Ring node "577a1cba4f65573bbdaee11f0718991b" from periodic health check thread {{(pid=101451) touch_hash_ring_node /opt/stack/neutron/neutron/plugins/ml2/drivers/ovn/mech_driver/ovsdb/maintenance.py:1532}}
Aug 22 10:14:36.772687 np0000190520 devstack@neutron-api.service[101450]: DEBUG futurist.periodics [-] Submitting periodic callback 'neutron.plugins.ml2.drivers.ovn.mech_driver.ovsdb.maintenance.HashRingHealthCheckPeriodics.touch_hash_ring_node' {{(pid=101450) _process_scheduled /opt/stack/data/venv/lib/python3.12/site-packages/futurist/periodics.py:784}}
Aug 22 10:14:36.773599 np0000190520 devstack@neutron-api.service[101450]: DEBUG neutron.plugins.ml2.drivers.ovn.mech_driver.ovsdb.maintenance [-] Touching Hash Ring node "fa377d62fd87573886b50445477eeea5" from periodic health check thread {{(pid=101450) touch_hash_ring_node /opt/stack/neutron/neutron/plugins/ml2/drivers/ovn/mech_driver/ovsdb/maintenance.py:1532}}
Aug 22 10:14:46.510399 np0000190520 devstack@neutron-api.service[101452]: DEBUG dbcounter [-] [101452] Writing DB stats neutron:UPDATE=1,neutron:SELECT=1 {{(pid=101452) stat_writer /opt/stack/data/venv/lib/python3.12/site-packages/dbcounter.py:115}}
Aug 22 10:14:46.704467 np0000190520 devstack@neutron-api.service[101449]: DEBUG dbcounter [-] [101449] Writing DB stats neutron:UPDATE=1,neutron:SELECT=1 {{(pid=101449) stat_writer /opt/stack/data/venv/lib/python3.12/site-packages/dbcounter.py:115}}
Aug 22 10:14:46.735492 np0000190520 devstack@neutron-api.service[101451]: DEBUG dbcounter [-] [101451] Writing DB stats neutron:UPDATE=1,neutron:SELECT=1 {{(pid=101451) stat_writer /opt/stack/data/venv/lib/python3.12/site-packages/dbcounter.py:115}}
Aug 22 10:14:46.786499 np0000190520 devstack@neutron-api.service[101450]: DEBUG dbcounter [-] [101450] Writing DB stats neutron:UPDATE=1,neutron:SELECT=1 {{(pid=101450) stat_writer /opt/stack/data/venv/lib/python3.12/site-packages/dbcounter.py:115}}
Aug 22 10:14:50.767430 np0000190520 devstack@neutron-api.service[101452]: DEBUG futurist.periodics [-] Submitting periodic callback 'neutron.plugins.ml2.drivers.ovn.mech_driver.ovsdb.maintenance.HashRingHealthCheckPeriodics.touch_hash_ring_node' {{(pid=101452) _process_scheduled /opt/stack/data/venv/lib/python3.12/site-packages/futurist/periodics.py:784}}
Aug 22 10:14:50.768052 np0000190520 devstack@neutron-api.service[101452]: DEBUG neutron.plugins.ml2.drivers.ovn.mech_driver.ovsdb.maintenance [-] Touching Hash Ring node "d4a3a5ccfa1e5d9b94e8703adba6b9a7" from periodic health check thread {{(pid=101452) touch_hash_ring_node /opt/stack/neutron/neutron/plugins/ml2/drivers/ovn/mech_driver/ovsdb/maintenance.py:1532}}
Aug 22 10:14:51.693241 np0000190520 devstack@neutron-api.service[101449]: DEBUG futurist.periodics [-] Submitting periodic callback 'neutron.plugins.ml2.drivers.ovn.mech_driver.ovsdb.maintenance.HashRingHealthCheckPeriodics.touch_hash_ring_node' {{(pid=101449) _process_scheduled /opt/stack/data/venv/lib/python3.12/site-packages/futurist/periodics.py:784}}
Aug 22 10:14:51.693982 np0000190520 devstack@neutron-api.service[101449]: DEBUG neutron.plugins.ml2.drivers.ovn.mech_driver.ovsdb.maintenance [-] Touching Hash Ring node "2632a722daf55350a628ad9bc19b9c4b" from periodic health check thread {{(pid=101449) touch_hash_ring_node /opt/stack/neutron/neutron/plugins/ml2/drivers/ovn/mech_driver/ovsdb/maintenance.py:1532}}
Aug 22 10:14:51.725989 np0000190520 devstack@neutron-api.service[101451]: DEBUG futurist.periodics [-] Submitting periodic callback 'neutron.plugins.ml2.drivers.ovn.mech_driver.ovsdb.maintenance.HashRingHealthCheckPeriodics.touch_hash_ring_node' {{(pid=101451) _process_scheduled /opt/stack/data/venv/lib/python3.12/site-packages/futurist/periodics.py:784}}
Aug 22 10:14:51.745870 np0000190520 devstack@neutron-api.service[101451]: DEBUG neutron.plugins.ml2.drivers.ovn.mech_driver.ovsdb.maintenance [-] Touching Hash Ring node "577a1cba4f65573bbdaee11f0718991b" from periodic health check thread {{(pid=101451) touch_hash_ring_node /opt/stack/neutron/neutron/plugins/ml2/drivers/ovn/mech_driver/ovsdb/maintenance.py:1532}}
Aug 22 10:14:51.773861 np0000190520 devstack@neutron-api.service[101450]: DEBUG futurist.periodics [-] Submitting periodic callback 'neutron.plugins.ml2.drivers.ovn.mech_driver.ovsdb.maintenance.HashRingHealthCheckPeriodics.touch_hash_ring_node' {{(pid=101450) _process_scheduled /opt/stack/data/venv/lib/python3.12/site-packages/futurist/periodics.py:784}}
Aug 22 10:14:51.774442 np0000190520 devstack@neutron-api.service[101450]: DEBUG neutron.plugins.ml2.drivers.ovn.mech_driver.ovsdb.maintenance [-] Touching Hash Ring node "fa377d62fd87573886b50445477eeea5" from periodic health check thread {{(pid=101450) touch_hash_ring_node /opt/stack/neutron/neutron/plugins/ml2/drivers/ovn/mech_driver/ovsdb/maintenance.py:1532}}
Aug 22 10:14:55.015260 np0000190520 devstack@neutron-api.service[101449]: /opt/stack/neutron/neutron/extensions/quotasv2.py:134: UserWarning: "--check-limit" parameter is no longer needed since Epoxy (2025.1) release. By default, Neutron quota engine checks the resource usage before updating the limits
Aug 22 10:14:55.015260 np0000190520 devstack@neutron-api.service[101449]: warnings.warn('"--check-limit" parameter is no longer needed '
Aug 22 10:14:55.015260 np0000190520 devstack@neutron-api.service[101449]: DEBUG neutron.api.v2.base [None req-1cc80c05-caec-4ee7-aa2e-7346e3647575 admin admin] Request body: {'quota': {'security_group': 100}} {{(pid=101449) prepare_request_body /opt/stack/neutron/neutron/api/v2/base.py:727}}
Aug 22 10:14:55.040901 np0000190520 devstack@neutron-api.service[101449]: [pid: 101449|app: 0|req: 22/88] 199.19.213.156 () {68 vars in 1449 bytes} [Sat Aug 22 10:14:55 2026] PUT /networking/v2.0/quotas/915154de22444ba6bcf1a953250c35f9 => generated 195 bytes in 33 msecs (HTTP/1.1 200) 4 headers in 157 bytes (1 switches on core 0)
Aug 22 10:14:55.324708 np0000190520 devstack@neutron-api.service[101450]: /opt/stack/neutron/neutron/extensions/quotasv2.py:134: UserWarning: "--check-limit" parameter is no longer needed since Epoxy (2025.1) release. By default, Neutron quota engine checks the resource usage before updating the limits
Aug 22 10:14:55.324708 np0000190520 devstack@neutron-api.service[101450]: warnings.warn('"--check-limit" parameter is no longer needed '
Aug 22 10:14:55.325082 np0000190520 devstack@neutron-api.service[101450]: DEBUG neutron.api.v2.base [None req-a046337d-5f51-4563-9126-0ed9411acab9 admin admin] Request body: {'quota': {'security_group_rule': 1000}} {{(pid=101450) prepare_request_body /opt/stack/neutron/neutron/api/v2/base.py:727}}
Aug 22 10:14:55.345066 np0000190520 devstack@neutron-api.service[101450]: [pid: 101450|app: 0|req: 22/89] 199.19.213.156 () {68 vars in 1449 bytes} [Sat Aug 22 10:14:55 2026] PUT /networking/v2.0/quotas/915154de22444ba6bcf1a953250c35f9 => generated 196 bytes in 27 msecs (HTTP/1.1 200) 4 headers in 157 bytes (1 switches on core 0)
Aug 22 10:15:00.778239 np0000190520 devstack@neutron-api.service[101452]: DEBUG dbcounter [-] [101452] Writing DB stats neutron:UPDATE=1,neutron:SELECT=1 {{(pid=101452) stat_writer /opt/stack/data/venv/lib/python3.12/site-packages/dbcounter.py:115}}
Aug 22 10:15:02.140038 np0000190520 devstack@neutron-api.service[101451]: DEBUG dbcounter [-] [101451] Writing DB stats neutron:UPDATE=1,neutron:SELECT=1 {{(pid=101451) stat_writer /opt/stack/data/venv/lib/python3.12/site-packages/dbcounter.py:115}}
Aug 22 10:15:05.039782 np0000190520 devstack@neutron-api.service[101449]: DEBUG dbcounter [-] [101449] Writing DB stats neutron:UPDATE=1,neutron:SELECT=5,neutron:INSERT=1 {{(pid=101449) stat_writer /opt/stack/data/venv/lib/python3.12/site-packages/dbcounter.py:115}}
Aug 22 10:15:05.343695 np0000190520 devstack@neutron-api.service[101450]: DEBUG dbcounter [-] [101450] Writing DB stats neutron:UPDATE=1,neutron:SELECT=5,neutron:INSERT=1 {{(pid=101450) stat_writer /opt/stack/data/venv/lib/python3.12/site-packages/dbcounter.py:115}}
Aug 22 10:15:05.768663 np0000190520 devstack@neutron-api.service[101452]: DEBUG futurist.periodics [-] Submitting periodic callback 'neutron.plugins.ml2.drivers.ovn.mech_driver.ovsdb.maintenance.HashRingHealthCheckPeriodics.touch_hash_ring_node' {{(pid=101452) _process_scheduled /opt/stack/data/venv/lib/python3.12/site-packages/futurist/periodics.py:784}}
Aug 22 10:15:05.769465 np0000190520 devstack@neutron-api.service[101452]: DEBUG neutron.plugins.ml2.drivers.ovn.mech_driver.ovsdb.maintenance [-] Touching Hash Ring node "d4a3a5ccfa1e5d9b94e8703adba6b9a7" from periodic health check thread {{(pid=101452) touch_hash_ring_node /opt/stack/neutron/neutron/plugins/ml2/drivers/ovn/mech_driver/ovsdb/maintenance.py:1532}}
Aug 22 10:15:06.694404 np0000190520 devstack@neutron-api.service[101449]: DEBUG futurist.periodics [-] Submitting periodic callback 'neutron.plugins.ml2.drivers.ovn.mech_driver.ovsdb.maintenance.HashRingHealthCheckPeriodics.touch_hash_ring_node' {{(pid=101449) _process_scheduled /opt/stack/data/venv/lib/python3.12/site-packages/futurist/periodics.py:784}}
Aug 22 10:15:06.695108 np0000190520 devstack@neutron-api.service[101449]: DEBUG neutron.plugins.ml2.drivers.ovn.mech_driver.ovsdb.maintenance [-] Touching Hash Ring node "2632a722daf55350a628ad9bc19b9c4b" from periodic health check thread {{(pid=101449) touch_hash_ring_node /opt/stack/neutron/neutron/plugins/ml2/drivers/ovn/mech_driver/ovsdb/maintenance.py:1532}}
Aug 22 10:15:06.726869 np0000190520 devstack@neutron-api.service[101451]: DEBUG futurist.periodics [-] Submitting periodic callback 'neutron.plugins.ml2.drivers.ovn.mech_driver.ovsdb.maintenance.HashRingHealthCheckPeriodics.touch_hash_ring_node' {{(pid=101451) _process_scheduled /opt/stack/data/venv/lib/python3.12/site-packages/futurist/periodics.py:784}}
Aug 22 10:15:06.727441 np0000190520 devstack@neutron-api.service[101451]: DEBUG neutron.plugins.ml2.drivers.ovn.mech_driver.ovsdb.maintenance [-] Touching Hash Ring node "577a1cba4f65573bbdaee11f0718991b" from periodic health check thread {{(pid=101451) touch_hash_ring_node /opt/stack/neutron/neutron/plugins/ml2/drivers/ovn/mech_driver/ovsdb/maintenance.py:1532}}
Aug 22 10:15:06.774745 np0000190520 devstack@neutron-api.service[101450]: DEBUG futurist.periodics [-] Submitting periodic callback 'neutron.plugins.ml2.drivers.ovn.mech_driver.ovsdb.maintenance.HashRingHealthCheckPeriodics.touch_hash_ring_node' {{(pid=101450) _process_scheduled /opt/stack/data/venv/lib/python3.12/site-packages/futurist/periodics.py:784}}
Aug 22 10:15:06.775766 np0000190520 devstack@neutron-api.service[101450]: DEBUG neutron.plugins.ml2.drivers.ovn.mech_driver.ovsdb.maintenance [-] Touching Hash Ring node "fa377d62fd87573886b50445477eeea5" from periodic health check thread {{(pid=101450) touch_hash_ring_node /opt/stack/neutron/neutron/plugins/ml2/drivers/ovn/mech_driver/ovsdb/maintenance.py:1532}}
Aug 22 10:15:11.043975 np0000190520 devstack@neutron-api.service[101452]: DEBUG neutron.pecan_wsgi.hooks.policy_enforcement [None req-fe8bac02-2111-4eb4-8095-a162733f1b1d admin admin] Attributes excluded by policy engine: ['standard_attr_id'] {{(pid=101452) _exclude_attributes_by_policy /opt/stack/neutron/neutron/pecan_wsgi/hooks/policy_enforcement.py:259}}
Aug 22 10:15:11.046267 np0000190520 devstack@neutron-api.service[101452]: [pid: 101452|app: 0|req: 24/90] 199.19.213.156 () {64 vars in 1378 bytes} [Sat Aug 22 10:15:10 2026] GET /networking/v2.0/ports?device_owner=network%3Adistributed => generated 1649 bytes in 109 msecs (HTTP/1.1 200) 4 headers in 158 bytes (1 switches on core 0)
Aug 22 10:15:12.765048 np0000190520 devstack@neutron-api.service[101451]: DEBUG neutron.common.ovn.hash_ring_manager [None req-d16a3d1c-a727-4d77-b74a-391d0a51ad3e None None] Hash Ring loaded. 4 active nodes. 0 offline nodes {{(pid=101451) _load_hash_ring /opt/stack/neutron/neutron/common/ovn/hash_ring_manager.py:110}}
Aug 22 10:15:12.765974 np0000190520 devstack@neutron-api.service[101450]: DEBUG neutron.common.ovn.hash_ring_manager [None req-a2a0ce8c-1cb6-4ee9-aa15-80406816a321 None None] Hash Ring loaded. 4 active nodes. 0 offline nodes {{(pid=101450) _load_hash_ring /opt/stack/neutron/neutron/common/ovn/hash_ring_manager.py:110}}
Aug 22 10:15:12.766236 np0000190520 devstack@neutron-api.service[101450]: DEBUG neutron.plugins.ml2.drivers.ovn.mech_driver.ovsdb.ovsdb_monitor [None req-a2a0ce8c-1cb6-4ee9-aa15-80406816a321 None None] Hash Ring: Node fa377d62fd87573886b50445477eeea5 (host: np0000190520) handling event "update" for row c9f87f79-86b8-458c-bbe1-300926e7b970 (table: Connection) {{(pid=101450) notify /opt/stack/neutron/neutron/plugins/ml2/drivers/ovn/mech_driver/ovsdb/ovsdb_monitor.py:1099}}
Aug 22 10:15:12.768162 np0000190520 devstack@neutron-api.service[101452]: DEBUG neutron.common.ovn.hash_ring_manager [None req-5f55ee87-2663-4a8c-979c-219c7c14e2eb None None] Hash Ring loaded. 4 active nodes. 0 offline nodes {{(pid=101452) _load_hash_ring /opt/stack/neutron/neutron/common/ovn/hash_ring_manager.py:110}}
Aug 22 10:15:12.769410 np0000190520 devstack@neutron-api.service[101449]: DEBUG neutron.common.ovn.hash_ring_manager [None req-cc18078b-2e4a-43f1-b1fa-42c29b7a4966 None None] Hash Ring loaded. 4 active nodes. 0 offline nodes {{(pid=101449) _load_hash_ring /opt/stack/neutron/neutron/common/ovn/hash_ring_manager.py:110}}
Aug 22 10:15:20.769699 np0000190520 devstack@neutron-api.service[101452]: DEBUG futurist.periodics [-] Submitting periodic callback 'neutron.plugins.ml2.drivers.ovn.mech_driver.ovsdb.maintenance.HashRingHealthCheckPeriodics.touch_hash_ring_node' {{(pid=101452) _process_scheduled /opt/stack/data/venv/lib/python3.12/site-packages/futurist/periodics.py:784}}
Aug 22 10:15:20.770413 np0000190520 devstack@neutron-api.service[101452]: DEBUG neutron.plugins.ml2.drivers.ovn.mech_driver.ovsdb.maintenance [-] Touching Hash Ring node "d4a3a5ccfa1e5d9b94e8703adba6b9a7" from periodic health check thread {{(pid=101452) touch_hash_ring_node /opt/stack/neutron/neutron/plugins/ml2/drivers/ovn/mech_driver/ovsdb/maintenance.py:1532}}
Aug 22 10:15:21.695155 np0000190520 devstack@neutron-api.service[101449]: DEBUG futurist.periodics [-] Submitting periodic callback 'neutron.plugins.ml2.drivers.ovn.mech_driver.ovsdb.maintenance.HashRingHealthCheckPeriodics.touch_hash_ring_node' {{(pid=101449) _process_scheduled /opt/stack/data/venv/lib/python3.12/site-packages/futurist/periodics.py:784}}
Aug 22 10:15:21.695774 np0000190520 devstack@neutron-api.service[101449]: DEBUG neutron.plugins.ml2.drivers.ovn.mech_driver.ovsdb.maintenance [-] Touching Hash Ring node "2632a722daf55350a628ad9bc19b9c4b" from periodic health check thread {{(pid=101449) touch_hash_ring_node /opt/stack/neutron/neutron/plugins/ml2/drivers/ovn/mech_driver/ovsdb/maintenance.py:1532}}
Aug 22 10:15:21.727464 np0000190520 devstack@neutron-api.service[101451]: DEBUG futurist.periodics [-] Submitting periodic callback 'neutron.plugins.ml2.drivers.ovn.mech_driver.ovsdb.maintenance.HashRingHealthCheckPeriodics.touch_hash_ring_node' {{(pid=101451) _process_scheduled /opt/stack/data/venv/lib/python3.12/site-packages/futurist/periodics.py:784}}
Aug 22 10:15:21.727834 np0000190520 devstack@neutron-api.service[101451]: DEBUG neutron.plugins.ml2.drivers.ovn.mech_driver.ovsdb.maintenance [-] Touching Hash Ring node "577a1cba4f65573bbdaee11f0718991b" from periodic health check thread {{(pid=101451) touch_hash_ring_node /opt/stack/neutron/neutron/plugins/ml2/drivers/ovn/mech_driver/ovsdb/maintenance.py:1532}}
Aug 22 10:15:21.775492 np0000190520 devstack@neutron-api.service[101450]: DEBUG futurist.periodics [-] Submitting periodic callback 'neutron.plugins.ml2.drivers.ovn.mech_driver.ovsdb.maintenance.HashRingHealthCheckPeriodics.touch_hash_ring_node' {{(pid=101450) _process_scheduled /opt/stack/data/venv/lib/python3.12/site-packages/futurist/periodics.py:784}}
Aug 22 10:15:21.775988 np0000190520 devstack@neutron-api.service[101450]: DEBUG neutron.plugins.ml2.drivers.ovn.mech_driver.ovsdb.maintenance [-] Touching Hash Ring node "fa377d62fd87573886b50445477eeea5" from periodic health check thread {{(pid=101450) touch_hash_ring_node /opt/stack/neutron/neutron/plugins/ml2/drivers/ovn/mech_driver/ovsdb/maintenance.py:1532}}
Aug 22 10:15:23.318902 np0000190520 devstack@neutron-api.service[101451]: INFO neutron.pecan_wsgi.hooks.translation [None req-d253d142-ff37-49b2-a074-5532d3d810e8 admin admin] GET failed (client error): The resource could not be found.
Aug 22 10:15:23.320035 np0000190520 devstack@neutron-api.service[101451]: [pid: 101451|app: 0|req: 23/91] 199.19.213.156 () {64 vars in 1334 bytes} [Sat Aug 22 10:15:23 2026] GET /networking/v2.0/networks/admin_net => generated 111 bytes in 13 msecs (HTTP/1.1 404) 4 headers in 164 bytes (1 switches on core 0)
Aug 22 10:15:23.349810 np0000190520 devstack@neutron-api.service[101449]: [pid: 101449|app: 0|req: 23/92] 199.19.213.156 () {64 vars in 1346 bytes} [Sat Aug 22 10:15:23 2026] GET /networking/v2.0/networks?name=admin_net => generated 15 bytes in 20 msecs (HTTP/1.1 200) 4 headers in 156 bytes (1 switches on core 0)
Aug 22 10:15:23.600741 np0000190520 devstack@neutron-api.service[101450]: DEBUG neutron.api.v2.base [None req-fa0b5050-3644-426c-b6b7-03eed6a025e6 admin admin] Request body: {'network': {'name': 'admin_net', 'admin_state_up': True, 'project_id': 'cf128b0bdd7e41c39f21dd5fe9f71547'}} {{(pid=101450) prepare_request_body /opt/stack/neutron/neutron/api/v2/base.py:727}}
Aug 22 10:15:23.615135 np0000190520 devstack@neutron-api.service[101450]: DEBUG neutron.pecan_wsgi.hooks.quota_enforcement [None req-fa0b5050-3644-426c-b6b7-03eed6a025e6 admin admin] Made reservation on behalf of cf128b0bdd7e41c39f21dd5fe9f71547 for: {'network': 1} {{(pid=101450) before /opt/stack/neutron/neutron/pecan_wsgi/hooks/quota_enforcement.py:66}}
Aug 22 10:15:23.618866 np0000190520 devstack@neutron-api.service[101450]: DEBUG neutron_lib.callbacks.manager [None req-fa0b5050-3644-426c-b6b7-03eed6a025e6 admin admin] Publish callbacks ['neutron.plugins.ml2.plugin.SecurityGroupDbMixin._ensure_default_security_group_handler-57286'] for network (None), before_create {{(pid=101450) _notify_loop /opt/stack/data/venv/lib/python3.12/site-packages/neutron_lib/callbacks/manager.py:184}}
Aug 22 10:15:23.625945 np0000190520 devstack@neutron-api.service[101450]: DEBUG neutron_lib.callbacks.manager [None req-fa0b5050-3644-426c-b6b7-03eed6a025e6 admin admin] Publish callbacks [] for security_group (None), before_create {{(pid=101450) _notify_loop /opt/stack/data/venv/lib/python3.12/site-packages/neutron_lib/callbacks/manager.py:184}}
Aug 22 10:15:23.690859 np0000190520 devstack@neutron-api.service[101450]: DEBUG neutron_lib.callbacks.manager [None req-fa0b5050-3644-426c-b6b7-03eed6a025e6 admin admin] Publish callbacks ['neutron.plugins.ml2.drivers.ovn.mech_driver.mech_driver.OVNMechanismDriver._create_security_group_precommit-8148244'] for security_group (de1371e7-6448-416c-ae96-261f87b3c20f), precommit_create {{(pid=101450) _notify_loop /opt/stack/data/venv/lib/python3.12/site-packages/neutron_lib/callbacks/manager.py:184}}
Aug 22 10:15:23.691020 np0000190520 devstack@neutron-api.service[101450]: DEBUG neutron.db.ovn_revision_numbers_db [None req-fa0b5050-3644-426c-b6b7-03eed6a025e6 admin admin] create_initial_revision uuid=de1371e7-6448-416c-ae96-261f87b3c20f, type=security_groups, rev=-1 {{(pid=101450) create_initial_revision /opt/stack/neutron/neutron/db/ovn_revision_numbers_db.py:98}}
Aug 22 10:15:23.692683 np0000190520 devstack@neutron-api.service[101450]: DEBUG neutron.db.ovn_revision_numbers_db [None req-fa0b5050-3644-426c-b6b7-03eed6a025e6 admin admin] create_initial_revision uuid=153991e4-40eb-4c65-979e-cbfdda39401b, type=security_group_rules, rev=-1 {{(pid=101450) create_initial_revision /opt/stack/neutron/neutron/db/ovn_revision_numbers_db.py:98}}
Aug 22 10:15:23.694018 np0000190520 devstack@neutron-api.service[101450]: DEBUG neutron.db.ovn_revision_numbers_db [None req-fa0b5050-3644-426c-b6b7-03eed6a025e6 admin admin] create_initial_revision uuid=93c60aec-50f0-491f-9d3e-063fcd9e7e62, type=security_group_rules, rev=-1 {{(pid=101450) create_initial_revision /opt/stack/neutron/neutron/db/ovn_revision_numbers_db.py:98}}
Aug 22 10:15:23.695241 np0000190520 devstack@neutron-api.service[101450]: DEBUG neutron.db.ovn_revision_numbers_db [None req-fa0b5050-3644-426c-b6b7-03eed6a025e6 admin admin] create_initial_revision uuid=cbe41c2e-cdb5-424f-a2df-2705a1be60dc, type=security_group_rules, rev=-1 {{(pid=101450) create_initial_revision /opt/stack/neutron/neutron/db/ovn_revision_numbers_db.py:98}}
Aug 22 10:15:23.696484 np0000190520 devstack@neutron-api.service[101450]: DEBUG neutron.db.ovn_revision_numbers_db [None req-fa0b5050-3644-426c-b6b7-03eed6a025e6 admin admin] create_initial_revision uuid=ce16bd58-ce7b-483e-9a40-062cd3354b52, type=security_group_rules, rev=-1 {{(pid=101450) create_initial_revision /opt/stack/neutron/neutron/db/ovn_revision_numbers_db.py:98}}
Aug 22 10:15:23.702889 np0000190520 devstack@neutron-api.service[101450]: DEBUG neutron_lib.callbacks.manager [None req-fa0b5050-3644-426c-b6b7-03eed6a025e6 admin admin] Publish callbacks ['neutron.plugins.ml2.drivers.ovn.mech_driver.mech_driver.OVNMechanismDriver._create_security_group-8148258', 'neutron.plugins.ml2.ovo_rpc._ObjectChangeHandler.handle_event-7772654'] for security_group (de1371e7-6448-416c-ae96-261f87b3c20f), after_create {{(pid=101450) _notify_loop /opt/stack/data/venv/lib/python3.12/site-packages/neutron_lib/callbacks/manager.py:184}}
Aug 22 10:15:23.704089 np0000190520 devstack@neutron-api.service[101450]: DEBUG ovsdbapp.backend.ovs_idl.transaction [None req-a2a0ce8c-1cb6-4ee9-aa15-80406816a321 None None] Running txn ef4f80ae n=1 command(idx=0): PgAddCommand(_result=None, name=pg_de1371e7_6448_416c_ae96_261f87b3c20f, may_exist=False, columns={'acls': [], 'external_ids': {'neutron:security_group_id': 'de1371e7-6448-416c-ae96-261f87b3c20f'}}) {{(pid=101450) do_commit /opt/stack/data/venv/lib/python3.12/site-packages/ovsdbapp/backend/ovs_idl/transaction.py:91}}
Aug 22 10:15:23.704844 np0000190520 devstack@neutron-api.service[101450]: DEBUG ovsdbapp.backend.ovs_idl.transaction [None req-a2a0ce8c-1cb6-4ee9-aa15-80406816a321 None None] Running txn ef4f80ae n=1 command(idx=1): PgAclAddCommand(_result=None, entity=pg_de1371e7_6448_416c_ae96_261f87b3c20f, direction=from-lport, priority=1002, match=inport == @pg_de1371e7_6448_416c_ae96_261f87b3c20f && ip4, action=allow-related, log=False, may_exist=True, severity=[], name=[], meter=[], external_ids={'neutron:security_group_rule_id': '153991e4-40eb-4c65-979e-cbfdda39401b'}) {{(pid=101450) do_commit /opt/stack/data/venv/lib/python3.12/site-packages/ovsdbapp/backend/ovs_idl/transaction.py:91}}
Aug 22 10:15:23.705512 np0000190520 devstack@neutron-api.service[101450]: DEBUG ovsdbapp.backend.ovs_idl.transaction [None req-a2a0ce8c-1cb6-4ee9-aa15-80406816a321 None None] Running txn ef4f80ae n=1 command(idx=2): PgAclAddCommand(_result=None, entity=pg_de1371e7_6448_416c_ae96_261f87b3c20f, direction=to-lport, priority=1002, match=outport == @pg_de1371e7_6448_416c_ae96_261f87b3c20f && ip4 && ip4.src == $pg_de1371e7_6448_416c_ae96_261f87b3c20f_ip4, action=allow-related, log=False, may_exist=True, severity=[], name=[], meter=[], external_ids={'neutron:security_group_rule_id': '93c60aec-50f0-491f-9d3e-063fcd9e7e62'}) {{(pid=101450) do_commit /opt/stack/data/venv/lib/python3.12/site-packages/ovsdbapp/backend/ovs_idl/transaction.py:91}}
Aug 22 10:15:23.706054 np0000190520 devstack@neutron-api.service[101450]: DEBUG ovsdbapp.backend.ovs_idl.transaction [None req-a2a0ce8c-1cb6-4ee9-aa15-80406816a321 None None] Running txn ef4f80ae n=1 command(idx=3): PgAclAddCommand(_result=None, entity=pg_de1371e7_6448_416c_ae96_261f87b3c20f, direction=from-lport, priority=1002, match=inport == @pg_de1371e7_6448_416c_ae96_261f87b3c20f && ip6, action=allow-related, log=False, may_exist=True, severity=[], name=[], meter=[], external_ids={'neutron:security_group_rule_id': 'cbe41c2e-cdb5-424f-a2df-2705a1be60dc'}) {{(pid=101450) do_commit /opt/stack/data/venv/lib/python3.12/site-packages/ovsdbapp/backend/ovs_idl/transaction.py:91}}
Aug 22 10:15:23.706586 np0000190520 devstack@neutron-api.service[101450]: DEBUG ovsdbapp.backend.ovs_idl.transaction [None req-a2a0ce8c-1cb6-4ee9-aa15-80406816a321 None None] Running txn ef4f80ae n=1 command(idx=4): PgAclAddCommand(_result=None, entity=pg_de1371e7_6448_416c_ae96_261f87b3c20f, direction=to-lport, priority=1002, match=outport == @pg_de1371e7_6448_416c_ae96_261f87b3c20f && ip6 && ip6.src == $pg_de1371e7_6448_416c_ae96_261f87b3c20f_ip6, action=allow-related, log=False, may_exist=True, severity=[], name=[], meter=[], external_ids={'neutron:security_group_rule_id': 'ce16bd58-ce7b-483e-9a40-062cd3354b52'}) {{(pid=101450) do_commit /opt/stack/data/venv/lib/python3.12/site-packages/ovsdbapp/backend/ovs_idl/transaction.py:91}}
Aug 22 10:15:23.760705 np0000190520 devstack@neutron-api.service[101450]: DEBUG ovsdbapp.backend.ovs_idl.transaction [None req-a2a0ce8c-1cb6-4ee9-aa15-80406816a321 None None] txn ef4f80ae succeeded {{(pid=101450) do_commit /opt/stack/data/venv/lib/python3.12/site-packages/ovsdbapp/backend/ovs_idl/transaction.py:137}}
Aug 22 10:15:23.761327 np0000190520 devstack@neutron-api.service[101452]: DEBUG neutron.plugins.ml2.drivers.ovn.mech_driver.ovsdb.ovsdb_monitor [None req-5f55ee87-2663-4a8c-979c-219c7c14e2eb None None] Touching Hash Ring node "d4a3a5ccfa1e5d9b94e8703adba6b9a7" from IDL notify handler {{(pid=101452) notify /opt/stack/neutron/neutron/plugins/ml2/drivers/ovn/mech_driver/ovsdb/ovsdb_monitor.py:1091}}
Aug 22 10:15:23.762655 np0000190520 devstack@neutron-api.service[101451]: DEBUG neutron.plugins.ml2.drivers.ovn.mech_driver.ovsdb.ovsdb_monitor [None req-d16a3d1c-a727-4d77-b74a-391d0a51ad3e None None] Touching Hash Ring node "577a1cba4f65573bbdaee11f0718991b" from IDL notify handler {{(pid=101451) notify /opt/stack/neutron/neutron/plugins/ml2/drivers/ovn/mech_driver/ovsdb/ovsdb_monitor.py:1091}}
Aug 22 10:15:23.768423 np0000190520 devstack@neutron-api.service[101452]: DEBUG neutron.plugins.ml2.drivers.ovn.mech_driver.ovsdb.ovsdb_monitor [None req-5f55ee87-2663-4a8c-979c-219c7c14e2eb None None] Hash Ring: Node d4a3a5ccfa1e5d9b94e8703adba6b9a7 (host: np0000190520) handling event "create" for row 7137fcf3-2c81-4fe5-85a6-f1bded6fbe32 (table: ACL) {{(pid=101452) notify /opt/stack/neutron/neutron/plugins/ml2/drivers/ovn/mech_driver/ovsdb/ovsdb_monitor.py:1099}}
Aug 22 10:15:23.769329 np0000190520 devstack@neutron-api.service[101452]: DEBUG neutron.plugins.ml2.drivers.ovn.mech_driver.ovsdb.ovsdb_monitor [None req-5f55ee87-2663-4a8c-979c-219c7c14e2eb None None] Touching Hash Ring node "d4a3a5ccfa1e5d9b94e8703adba6b9a7" from IDL notify handler {{(pid=101452) notify /opt/stack/neutron/neutron/plugins/ml2/drivers/ovn/mech_driver/ovsdb/ovsdb_monitor.py:1091}}
Aug 22 10:15:23.771710 np0000190520 devstack@neutron-api.service[101452]: DEBUG neutron.plugins.ml2.drivers.ovn.mech_driver.ovsdb.ovsdb_monitor [None req-5f55ee87-2663-4a8c-979c-219c7c14e2eb None None] Hash Ring: Node d4a3a5ccfa1e5d9b94e8703adba6b9a7 (host: np0000190520) handling event "create" for row b703e669-7b65-4320-a87c-8d7685245a71 (table: ACL) {{(pid=101452) notify /opt/stack/neutron/neutron/plugins/ml2/drivers/ovn/mech_driver/ovsdb/ovsdb_monitor.py:1099}}
Aug 22 10:15:23.772587 np0000190520 devstack@neutron-api.service[101452]: DEBUG neutron.plugins.ml2.drivers.ovn.mech_driver.ovsdb.ovsdb_monitor [None req-5f55ee87-2663-4a8c-979c-219c7c14e2eb None None] Touching Hash Ring node "d4a3a5ccfa1e5d9b94e8703adba6b9a7" from IDL notify handler {{(pid=101452) notify /opt/stack/neutron/neutron/plugins/ml2/drivers/ovn/mech_driver/ovsdb/ovsdb_monitor.py:1091}}
Aug 22 10:15:23.774228 np0000190520 devstack@neutron-api.service[101451]: DEBUG neutron.plugins.ml2.drivers.ovn.mech_driver.ovsdb.ovsdb_monitor [None req-d16a3d1c-a727-4d77-b74a-391d0a51ad3e None None] Hash Ring: Node 577a1cba4f65573bbdaee11f0718991b (host: np0000190520) handling event "create" for row 826339db-f968-4a43-a519-ce6da001e8c0 (table: ACL) {{(pid=101451) notify /opt/stack/neutron/neutron/plugins/ml2/drivers/ovn/mech_driver/ovsdb/ovsdb_monitor.py:1099}}
Aug 22 10:15:23.775961 np0000190520 devstack@neutron-api.service[101452]: DEBUG neutron.plugins.ml2.drivers.ovn.mech_driver.ovsdb.ovsdb_monitor [None req-5f55ee87-2663-4a8c-979c-219c7c14e2eb None None] Hash Ring: Node d4a3a5ccfa1e5d9b94e8703adba6b9a7 (host: np0000190520) handling event "create" for row e0f1addc-daf8-4d09-80a3-df70dcc9ee09 (table: ACL) {{(pid=101452) notify /opt/stack/neutron/neutron/plugins/ml2/drivers/ovn/mech_driver/ovsdb/ovsdb_monitor.py:1099}}
Aug 22 10:15:23.777330 np0000190520 devstack@neutron-api.service[101452]: DEBUG neutron.plugins.ml2.drivers.ovn.mech_driver.ovsdb.ovsdb_monitor [None req-5f55ee87-2663-4a8c-979c-219c7c14e2eb None None] Touching Hash Ring node "d4a3a5ccfa1e5d9b94e8703adba6b9a7" from IDL notify handler {{(pid=101452) notify /opt/stack/neutron/neutron/plugins/ml2/drivers/ovn/mech_driver/ovsdb/ovsdb_monitor.py:1091}}
Aug 22 10:15:23.779642 np0000190520 devstack@neutron-api.service[101452]: DEBUG neutron.plugins.ml2.drivers.ovn.mech_driver.ovsdb.ovsdb_monitor [None req-5f55ee87-2663-4a8c-979c-219c7c14e2eb None None] Hash Ring: Node d4a3a5ccfa1e5d9b94e8703adba6b9a7 (host: np0000190520) handling event "create" for row b6985935-ee63-4869-8d42-f53ae5f048e5 (table: Port_Group) {{(pid=101452) notify /opt/stack/neutron/neutron/plugins/ml2/drivers/ovn/mech_driver/ovsdb/ovsdb_monitor.py:1099}}
Aug 22 10:15:23.780505 np0000190520 devstack@neutron-api.service[101450]: INFO neutron.db.ovn_revision_numbers_db [None req-fa0b5050-3644-426c-b6b7-03eed6a025e6 admin admin] Successfully bumped revision number for resource de1371e7-6448-416c-ae96-261f87b3c20f (type: security_groups) to 1
Aug 22 10:15:23.796904 np0000190520 devstack@neutron-api.service[101450]: INFO neutron.db.ovn_revision_numbers_db [None req-fa0b5050-3644-426c-b6b7-03eed6a025e6 admin admin] Successfully bumped revision number for resource 153991e4-40eb-4c65-979e-cbfdda39401b (type: security_group_rules) to 0
Aug 22 10:15:23.810246 np0000190520 devstack@neutron-api.service[101450]: INFO neutron.db.ovn_revision_numbers_db [None req-fa0b5050-3644-426c-b6b7-03eed6a025e6 admin admin] Successfully bumped revision number for resource 93c60aec-50f0-491f-9d3e-063fcd9e7e62 (type: security_group_rules) to 0
Aug 22 10:15:23.823043 np0000190520 devstack@neutron-api.service[101450]: INFO neutron.db.ovn_revision_numbers_db [None req-fa0b5050-3644-426c-b6b7-03eed6a025e6 admin admin] Successfully bumped revision number for resource cbe41c2e-cdb5-424f-a2df-2705a1be60dc (type: security_group_rules) to 0
Aug 22 10:15:23.836893 np0000190520 devstack@neutron-api.service[101450]: INFO neutron.db.ovn_revision_numbers_db [None req-fa0b5050-3644-426c-b6b7-03eed6a025e6 admin admin] Successfully bumped revision number for resource ce16bd58-ce7b-483e-9a40-062cd3354b52 (type: security_group_rules) to 0
Aug 22 10:15:23.860437 np0000190520 devstack@neutron-api.service[101450]: DEBUG neutron.api.rpc.handlers.resources_rpc [None req-fa0b5050-3644-426c-b6b7-03eed6a025e6 admin admin] Pushing event updated for resources: {'SecurityGroup': ['ID=de1371e7-6448-416c-ae96-261f87b3c20f,revision_number=1']} {{(pid=101450) push /opt/stack/neutron/neutron/api/rpc/handlers/resources_rpc.py:237}}
Aug 22 10:15:23.866050 np0000190520 devstack@neutron-api.service[101450]: DEBUG ovsdbapp.backend.ovs_idl.transaction [None req-a2a0ce8c-1cb6-4ee9-aa15-80406816a321 None None] Running txn 51e0be85 n=1 command(idx=0): CheckLivenessCommand(_result=None) {{(pid=101450) do_commit /opt/stack/data/venv/lib/python3.12/site-packages/ovsdbapp/backend/ovs_idl/transaction.py:91}}
Aug 22 10:15:23.869798 np0000190520 devstack@neutron-api.service[101450]: DEBUG ovsdbapp.backend.ovs_idl.transaction [None req-a2a0ce8c-1cb6-4ee9-aa15-80406816a321 None None] txn 51e0be85 succeeded {{(pid=101450) do_commit /opt/stack/data/venv/lib/python3.12/site-packages/ovsdbapp/backend/ovs_idl/transaction.py:137}}
Aug 22 10:15:23.872128 np0000190520 devstack@neutron-api.service[101452]: DEBUG neutron.plugins.ml2.drivers.ovn.mech_driver.ovsdb.ovsdb_monitor [None req-5f55ee87-2663-4a8c-979c-219c7c14e2eb None None] Touching Hash Ring node "d4a3a5ccfa1e5d9b94e8703adba6b9a7" from IDL notify handler {{(pid=101452) notify /opt/stack/neutron/neutron/plugins/ml2/drivers/ovn/mech_driver/ovsdb/ovsdb_monitor.py:1091}}
Aug 22 10:15:23.874256 np0000190520 devstack@neutron-api.service[101449]: DEBUG ovsdbapp.backend.ovs_idl.event [None req-73166530-c114-47db-9eaf-1b816805ebe8 None None] Matched UPDATE: ChassisAgentWriteEvent(events=('create', 'update'), table='Chassis_Private', conditions=None, old_conditions=None), priority=20 to row=Chassis_Private(uuid=020e39b7-7b90-475e-85d5-a1e3d65a0a3d, chassis=cea137f5-f780-4e5a-aa38-2ef4fc9debdf, external_ids={'neutron:ovn-bridge': 'br-int', 'neutron:ovn-neutron-agent-id': 'a0525cba-e7a5-5b68-abf9-b92a5117d6c9', 'neutron:ovn-neutron-agent-sb-cfg': '2'}, name='7a5aca17-df6b-4aa8-8301-206a05db0bcf', nb_cfg=3, nb_cfg_timestamp=1787393723869) old=Chassis_Private(uuid=020e39b7-7b90-475e-85d5-a1e3d65a0a3d, nb_cfg=2, nb_cfg_timestamp=1787393625303) {{(pid=101449) matches /opt/stack/data/venv/lib/python3.12/site-packages/ovsdbapp/backend/ovs_idl/event.py:55}}
Aug 22 10:15:23.875932 np0000190520 devstack@neutron-api.service[101451]: DEBUG ovsdbapp.backend.ovs_idl.event [None req-7b260f60-4c0b-44c1-aee1-07dc3e689931 None None] Matched UPDATE: ChassisAgentWriteEvent(events=('create', 'update'), table='Chassis_Private', conditions=None, old_conditions=None), priority=20 to row=Chassis_Private(uuid=020e39b7-7b90-475e-85d5-a1e3d65a0a3d, chassis=cea137f5-f780-4e5a-aa38-2ef4fc9debdf, external_ids={'neutron:ovn-bridge': 'br-int', 'neutron:ovn-neutron-agent-id': 'a0525cba-e7a5-5b68-abf9-b92a5117d6c9', 'neutron:ovn-neutron-agent-sb-cfg': '2'}, name='7a5aca17-df6b-4aa8-8301-206a05db0bcf', nb_cfg=3, nb_cfg_timestamp=1787393723869) old=Chassis_Private(uuid=020e39b7-7b90-475e-85d5-a1e3d65a0a3d, nb_cfg=2, nb_cfg_timestamp=1787393625303) {{(pid=101451) matches /opt/stack/data/venv/lib/python3.12/site-packages/ovsdbapp/backend/ovs_idl/event.py:55}}
Aug 22 10:15:23.877561 np0000190520 devstack@neutron-api.service[101450]: DEBUG neutron.api.rpc.callbacks.version_manager [None req-fa0b5050-3644-426c-b6b7-03eed6a025e6 admin admin] Tracked resource versions report:
Aug 22 10:15:23.877561 np0000190520 devstack@neutron-api.service[101450]: pushed versions:
Aug 22 10:15:23.877561 np0000190520 devstack@neutron-api.service[101450]: { 'AddressGroup': {'1.2'},
Aug 22 10:15:23.877561 np0000190520 devstack@neutron-api.service[101450]: 'Agent': {'1.1'},
Aug 22 10:15:23.877561 np0000190520 devstack@neutron-api.service[101450]: 'ConntrackHelper': {'1.0'},
Aug 22 10:15:23.877561 np0000190520 devstack@neutron-api.service[101450]: 'LocalIPAssociation': {'1.0'},
Aug 22 10:15:23.877561 np0000190520 devstack@neutron-api.service[101450]: 'Log': {'1.0'},
Aug 22 10:15:23.877561 np0000190520 devstack@neutron-api.service[101450]: 'NDPProxy': {'1.0'},
Aug 22 10:15:23.877561 np0000190520 devstack@neutron-api.service[101450]: 'Network': {'1.3'},
Aug 22 10:15:23.877561 np0000190520 devstack@neutron-api.service[101450]: 'Port': {'1.11'},
Aug 22 10:15:23.877561 np0000190520 devstack@neutron-api.service[101450]: 'PortForwarding': {'1.3'},
Aug 22 10:15:23.877561 np0000190520 devstack@neutron-api.service[101450]: 'QosPolicy': {'1.10'},
Aug 22 10:15:23.877561 np0000190520 devstack@neutron-api.service[101450]: 'SecurityGroup': {'1.6'},
Aug 22 10:15:23.877561 np0000190520 devstack@neutron-api.service[101450]: 'SecurityGroupRule': {'1.3'},
Aug 22 10:15:23.877561 np0000190520 devstack@neutron-api.service[101450]: 'SubPort': {'1.0'},
Aug 22 10:15:23.877561 np0000190520 devstack@neutron-api.service[101450]: 'Subnet': {'1.2'},
Aug 22 10:15:23.877561 np0000190520 devstack@neutron-api.service[101450]: 'Trunk': {'1.1'}}
Aug 22 10:15:23.877561 np0000190520 devstack@neutron-api.service[101450]: consumer versions:
Aug 22 10:15:23.877561 np0000190520 devstack@neutron-api.service[101450]: { OVN Controller Gateway agent@np0000190520: {},
Aug 22 10:15:23.877561 np0000190520 devstack@neutron-api.service[101450]: OVN Neutron agent@np0000190520: {}}
Aug 22 10:15:23.877561 np0000190520 devstack@neutron-api.service[101450]: {{(pid=101450) report /opt/stack/neutron/neutron/api/rpc/callbacks/version_manager.py:183}}
Aug 22 10:15:23.879305 np0000190520 devstack@neutron-api.service[101452]: DEBUG ovsdbapp.backend.ovs_idl.event [None req-d4c5b292-da92-4ad2-a8fa-91950b08f2f9 None None] Matched UPDATE: ChassisAgentWriteEvent(events=('create', 'update'), table='Chassis_Private', conditions=None, old_conditions=None), priority=20 to row=Chassis_Private(uuid=020e39b7-7b90-475e-85d5-a1e3d65a0a3d, chassis=cea137f5-f780-4e5a-aa38-2ef4fc9debdf, external_ids={'neutron:ovn-bridge': 'br-int', 'neutron:ovn-neutron-agent-id': 'a0525cba-e7a5-5b68-abf9-b92a5117d6c9', 'neutron:ovn-neutron-agent-sb-cfg': '2'}, name='7a5aca17-df6b-4aa8-8301-206a05db0bcf', nb_cfg=3, nb_cfg_timestamp=1787393723869) old=Chassis_Private(uuid=020e39b7-7b90-475e-85d5-a1e3d65a0a3d, nb_cfg=2, nb_cfg_timestamp=1787393625303) {{(pid=101452) matches /opt/stack/data/venv/lib/python3.12/site-packages/ovsdbapp/backend/ovs_idl/event.py:55}}
Aug 22 10:15:23.882676 np0000190520 devstack@neutron-api.service[101452]: DEBUG neutron.plugins.ml2.drivers.ovn.mech_driver.ovsdb.ovsdb_monitor [None req-5f55ee87-2663-4a8c-979c-219c7c14e2eb None None] Hash Ring: Node d4a3a5ccfa1e5d9b94e8703adba6b9a7 (host: np0000190520) handling event "update" for row 6da4939b-281e-4296-943f-83a118dbfd01 (table: NB_Global) {{(pid=101452) notify /opt/stack/neutron/neutron/plugins/ml2/drivers/ovn/mech_driver/ovsdb/ovsdb_monitor.py:1099}}
Aug 22 10:15:23.883916 np0000190520 devstack@neutron-api.service[101449]: DEBUG neutron.common.ovn.hash_ring_manager [None req-73166530-c114-47db-9eaf-1b816805ebe8 None None] Hash Ring loaded. 4 active nodes. 0 offline nodes {{(pid=101449) _load_hash_ring /opt/stack/neutron/neutron/common/ovn/hash_ring_manager.py:110}}
Aug 22 10:15:23.884154 np0000190520 devstack@neutron-api.service[101451]: DEBUG neutron.common.ovn.hash_ring_manager [None req-7b260f60-4c0b-44c1-aee1-07dc3e689931 None None] Hash Ring loaded. 4 active nodes. 0 offline nodes {{(pid=101451) _load_hash_ring /opt/stack/neutron/neutron/common/ovn/hash_ring_manager.py:110}}
Aug 22 10:15:23.885262 np0000190520 devstack@neutron-api.service[101452]: DEBUG neutron.plugins.ml2.drivers.ovn.mech_driver.ovsdb.ovsdb_monitor [None req-5f55ee87-2663-4a8c-979c-219c7c14e2eb None None] Touching Hash Ring node "d4a3a5ccfa1e5d9b94e8703adba6b9a7" from IDL notify handler {{(pid=101452) notify /opt/stack/neutron/neutron/plugins/ml2/drivers/ovn/mech_driver/ovsdb/ovsdb_monitor.py:1091}}
