+ COMMAND=start + start + for KEYSTONE_WSGI_SCRIPT in keystone-wsgi-public ++ type -p keystone-wsgi-public + cp -a /var/lib/openstack/bin/keystone-wsgi-public /var/www/cgi-bin/keystone/ + '[' -f /etc/apache2/envvars ']' + source /etc/apache2/envvars ++ unset HOME ++ '[' '' '!=' '' ']' ++ SUFFIX= ++ export APACHE_RUN_USER=www-data ++ APACHE_RUN_USER=www-data ++ export APACHE_RUN_GROUP=www-data ++ APACHE_RUN_GROUP=www-data ++ export APACHE_PID_FILE=/var/run/apache2/apache2.pid ++ APACHE_PID_FILE=/var/run/apache2/apache2.pid ++ export APACHE_RUN_DIR=/var/run/apache2 ++ APACHE_RUN_DIR=/var/run/apache2 ++ export APACHE_LOCK_DIR=/var/lock/apache2 ++ APACHE_LOCK_DIR=/var/lock/apache2 ++ export APACHE_LOG_DIR=/var/log/apache2 ++ APACHE_LOG_DIR=/var/log/apache2 ++ export LANG=C ++ LANG=C ++ export LANG + '[' -f /var/run/apache2/apache2.pid ']' + exec apache2 -DFOREGROUND AH00558: apache2: Could not reliably determine the server's fully qualified domain name, using 10.0.0.122. Set the 'ServerName' directive globally to suppress this message AH00558: apache2: Could not reliably determine the server's fully qualified domain name, using 10.0.0.122. Set the 'ServerName' directive globally to suppress this message
[Fri Apr 17 15:20:50.891419 2026] [mpm_event:notice] [pid 1:tid 140125753026432] AH00489: Apache/2.4.58 (Ubuntu) mod_wsgi/5.0.0 Python/3.12 configured -- resuming normal operations
[Fri Apr 17 15:20:50.891616 2026] [core:notice] [pid 1:tid 140125753026432] AH00094: Command line: 'apache2 -D FOREGROUND'
[Fri Apr 17 15:21:50.049689 2026] [wsgi:error] [pid 9:tid 140125116253888] /var/lib/openstack/lib/python3.12/site-packages/oslo_utils/importutils.py:77: EventletDeprecationWarning:
[Fri Apr 17 15:21:50.049740 2026] [wsgi:error] [pid 9:tid 140125116253888] Eventlet is deprecated. It is currently being maintained in bugfix mode, and
[Fri Apr 17 15:21:50.049742 2026] [wsgi:error] [pid 9:tid 140125116253888] we strongly recommend against using it for new projects.
[Fri Apr 17 15:21:50.049743 2026] [wsgi:error] [pid 9:tid 140125116253888]
[Fri Apr 17 15:21:50.049745 2026] [wsgi:error] [pid 9:tid 140125116253888] If you are already using Eventlet, we recommend migrating to a different
[Fri Apr 17 15:21:50.049746 2026] [wsgi:error] [pid 9:tid 140125116253888] framework. For more detail see
[Fri Apr 17 15:21:50.049747 2026] [wsgi:error] [pid 9:tid 140125116253888] https://eventlet.readthedocs.io/en/latest/asyncio/migration.html
[Fri Apr 17 15:21:50.049748 2026] [wsgi:error] [pid 9:tid 140125116253888]
[Fri Apr 17 15:21:50.049749 2026] [wsgi:error] [pid 9:tid 140125116253888] __import__(import_str)
[Fri Apr 17 15:21:50.071771 2026] [wsgi:error] [pid 12:tid 140125116253888] /var/lib/openstack/lib/python3.12/site-packages/oslo_utils/importutils.py:77: EventletDeprecationWarning:
[Fri Apr 17 15:21:50.071838 2026] [wsgi:error] [pid 12:tid 140125116253888] Eventlet is deprecated. It is currently being maintained in bugfix mode, and
[Fri Apr 17 15:21:50.071843 2026] [wsgi:error] [pid 12:tid 140125116253888] we strongly recommend against using it for new projects.
[Fri Apr 17 15:21:50.071845 2026] [wsgi:error] [pid 12:tid 140125116253888]
[Fri Apr 17 15:21:50.071846 2026] [wsgi:error] [pid 12:tid 140125116253888] If you are already using Eventlet, we recommend migrating to a different
[Fri Apr 17 15:21:50.071848 2026] [wsgi:error] [pid 12:tid 140125116253888] framework. For more detail see
[Fri Apr 17 15:21:50.071850 2026] [wsgi:error] [pid 12:tid 140125116253888] https://eventlet.readthedocs.io/en/latest/asyncio/migration.html
[Fri Apr 17 15:21:50.071851 2026] [wsgi:error] [pid 12:tid 140125116253888]
[Fri Apr 17 15:21:50.071853 2026] [wsgi:error] [pid 12:tid 140125116253888] __import__(import_str) 10.0.0.191 - - [17/Apr/2026:15:21:49 +0000] "GET /v3/ HTTP/1.1" 200 250 10.0.0.191 - - [17/Apr/2026:15:21:49 +0000] "GET /v3/ HTTP/1.1" 200 250
[Fri Apr 17 15:22:01.355254 2026] [wsgi:error] [pid 11:tid 140125116253888] /var/lib/openstack/lib/python3.12/site-packages/oslo_utils/importutils.py:77: EventletDeprecationWarning:
[Fri Apr 17 15:22:01.355290 2026] [wsgi:error] [pid 11:tid 140125116253888] Eventlet is deprecated. It is currently being maintained in bugfix mode, and
[Fri Apr 17 15:22:01.355292 2026] [wsgi:error] [pid 11:tid 140125116253888] we strongly recommend against using it for new projects.
[Fri Apr 17 15:22:01.355293 2026] [wsgi:error] [pid 11:tid 140125116253888]
[Fri Apr 17 15:22:01.355294 2026] [wsgi:error] [pid 11:tid 140125116253888] If you are already using Eventlet, we recommend migrating to a different
[Fri Apr 17 15:22:01.355295 2026] [wsgi:error] [pid 11:tid 140125116253888] framework. For more detail see
[Fri Apr 17 15:22:01.355297 2026] [wsgi:error] [pid 11:tid 140125116253888] https://eventlet.readthedocs.io/en/latest/asyncio/migration.html
[Fri Apr 17 15:22:01.355298 2026] [wsgi:error] [pid 11:tid 140125116253888]
[Fri Apr 17 15:22:01.355299 2026] [wsgi:error] [pid 11:tid 140125116253888] __import__(import_str) 10.0.0.27 - - [17/Apr/2026:15:22:00 +0000] "GET / HTTP/1.1" 300 295
[Fri Apr 17 15:22:06.529333 2026] [wsgi:error] [pid 10:tid 140125116253888] /var/lib/openstack/lib/python3.12/site-packages/oslo_utils/importutils.py:77: EventletDeprecationWarning:
[Fri Apr 17 15:22:06.529367 2026] [wsgi:error] [pid 10:tid 140125116253888] Eventlet is deprecated. It is currently being maintained in bugfix mode, and
[Fri Apr 17 15:22:06.529369 2026] [wsgi:error] [pid 10:tid 140125116253888] we strongly recommend against using it for new projects.
[Fri Apr 17 15:22:06.529370 2026] [wsgi:error] [pid 10:tid 140125116253888]
[Fri Apr 17 15:22:06.529371 2026] [wsgi:error] [pid 10:tid 140125116253888] If you are already using Eventlet, we recommend migrating to a different
[Fri Apr 17 15:22:06.529372 2026] [wsgi:error] [pid 10:tid 140125116253888] framework. For more detail see
[Fri Apr 17 15:22:06.529373 2026] [wsgi:error] [pid 10:tid 140125116253888] https://eventlet.readthedocs.io/en/latest/asyncio/migration.html
[Fri Apr 17 15:22:06.529374 2026] [wsgi:error] [pid 10:tid 140125116253888]
[Fri Apr 17 15:22:06.529375 2026] [wsgi:error] [pid 10:tid 140125116253888] __import__(import_str)
[Fri Apr 17 15:22:10.920090 2026] [wsgi:error] [pid 10:tid 140125116253888] [remote 10.0.0.27:53944] 2026-04-17 15:22:10.916 10 WARNING keystone.identity.core [None req-0ab6a34c-47da-4f91-ba9d-8cb30b941faa - - - - - -] Invalid domain name (atmosphere) found in config file name: keystone.exception.DomainNotFound: Could not find domain: atmosphere.
[Fri Apr 17 15:22:10.968439 2026] [wsgi:error] [pid 10:tid 140125116253888] [remote 10.0.0.27:53944] 2026-04-17 15:22:10.968 10 WARNING keystone.common.password_hashing [None req-0ab6a34c-47da-4f91-ba9d-8cb30b941faa - - - - - -] Truncating password to algorithm specific maximum length 72 characters.
[Fri Apr 17 15:22:11.248128 2026] [wsgi:error] [pid 10:tid 140125116253888] [remote 10.0.0.27:53944] 2026-04-17 15:22:11.247 10 WARNING keystone.common.fernet_utils [None req-0ab6a34c-47da-4f91-ba9d-8cb30b941faa - - - - - -] key_repository is world readable: /etc/keystone/fernet-keys/ 10.0.0.27 - - [17/Apr/2026:15:22:05 +0000] "POST /v3/auth/tokens HTTP/1.1" 201 1359
[Fri Apr 17 15:22:11.572309 2026] [wsgi:error] [pid 12:tid 140125116253888] [remote 10.0.0.27:53944] 2026-04-17 15:22:11.569 12 WARNING keystone.identity.core [None req-e1352da6-48d7-43b3-b5ef-8e2f1f6bc7ee - - - - - -] Invalid domain name (atmosphere) found in config file name: keystone.exception.DomainNotFound: Could not find domain: atmosphere. 10.0.0.27 - - [17/Apr/2026:15:22:11 +0000] "POST /v3/domains HTTP/1.1" 201 261 10.0.0.119 - - [17/Apr/2026:15:22:22 +0000] "GET / HTTP/1.1" 300 295
[Fri Apr 17 15:22:23.113063 2026] [wsgi:error] [pid 11:tid 140125116253888] [remote 10.0.0.119:57268] 2026-04-17 15:22:23.112 11 WARNING keystone.common.password_hashing [None req-bd14898f-0073-45cd-be66-8c5ad51d5950 - - - - - -] Truncating password to algorithm specific maximum length 72 characters.
[Fri Apr 17 15:22:23.382391 2026] [wsgi:error] [pid 11:tid 140125116253888] [remote 10.0.0.119:57268] 2026-04-17 15:22:23.382 11 WARNING keystone.common.fernet_utils [None req-bd14898f-0073-45cd-be66-8c5ad51d5950 - - - - - -] key_repository is world readable: /etc/keystone/fernet-keys/ 10.0.0.119 - - [17/Apr/2026:15:22:22 +0000] "POST /v3/auth/tokens HTTP/1.1" 201 1359 10.0.0.119 - - [17/Apr/2026:15:22:23 +0000] "GET /v3/roles/admin HTTP/1.1" 404 83
[Fri Apr 17 15:22:23.669949 2026] [wsgi:error] [pid 12:tid 140125116253888] [remote 10.0.0.119:57268] 2026-04-17 15:22:23.669 12 WARNING keystone.common.rbac_enforcer.enforcer [None req-668aa7c4-952a-4f62-a9af-fbf37d4cbd4b e61d3a4ee38b4e5ca7c4274e2a3b4cef e109e93fec624a9d9408e3371a652e58 - - default default] Deprecated policy rules found. Use oslopolicy-policy-generator and oslopolicy-policy-upgrade to detect and resolve deprecated policies in your configuration. 10.0.0.119 - - [17/Apr/2026:15:22:23 +0000] "GET /v3/roles?name=admin HTTP/1.1" 200 389
[Fri Apr 17 15:22:24.058920 2026] [wsgi:error] [pid 9:tid 140125116253888] [remote 10.0.0.119:57268] 2026-04-17 15:22:24.058 9 WARNING keystone.common.rbac_enforcer.enforcer [None req-14e218c5-6c31-464e-8cc6-5ac48b5db251 e61d3a4ee38b4e5ca7c4274e2a3b4cef e109e93fec624a9d9408e3371a652e58 - - default default] Deprecated policy rules found. Use oslopolicy-policy-generator and oslopolicy-policy-upgrade to detect and resolve deprecated policies in your configuration. 10.0.0.119 - - [17/Apr/2026:15:22:23 +0000] "GET /v3/users/admin-RegionOne HTTP/1.1" 404 93
[Fri Apr 17 15:22:24.193542 2026] [wsgi:error] [pid 11:tid 140125116253888] [remote 10.0.0.119:57268] 2026-04-17 15:22:24.193 11 WARNING keystone.common.rbac_enforcer.enforcer [None req-6a03127b-e70f-4420-b74c-9fa1253c7219 e61d3a4ee38b4e5ca7c4274e2a3b4cef e109e93fec624a9d9408e3371a652e58 - - default default] Deprecated policy rules found. Use oslopolicy-policy-generator and oslopolicy-policy-upgrade to detect and resolve deprecated policies in your configuration. 10.0.0.119 - - [17/Apr/2026:15:22:24 +0000] "GET /v3/users?name=admin-RegionOne HTTP/1.1" 200 422
[Fri Apr 17 15:22:24.497781 2026] [wsgi:error] [pid 10:tid 140125116253888] [remote 10.0.0.119:57268] 2026-04-17 15:22:24.497 10 WARNING keystone.common.rbac_enforcer.enforcer [None req-b206c172-451a-499c-a4da-b1062e28b036 e61d3a4ee38b4e5ca7c4274e2a3b4cef e109e93fec624a9d9408e3371a652e58 - - default default] Deprecated policy rules found. Use oslopolicy-policy-generator and oslopolicy-policy-upgrade to detect and resolve deprecated policies in your configuration. 10.0.0.119 - - [17/Apr/2026:15:22:24 +0000] "GET /v3/domains/default HTTP/1.1" 200 224 10.0.0.119 - - [17/Apr/2026:15:22:24 +0000] "PUT /v3/domains/default/users/e61d3a4ee38b4e5ca7c4274e2a3b4cef/roles/fe6fc942fb3641249f33ad99896979ef HTTP/1.1" 204 - 10.0.0.191 - - [17/Apr/2026:15:22:34 +0000] "GET / HTTP/1.1" 300 280 10.0.0.191 - - [17/Apr/2026:15:22:35 +0000] "GET /v3 HTTP/1.1" 200 265
[Fri Apr 17 15:22:35.546685 2026] [wsgi:error] [pid 10:tid 140125116253888] [remote 10.0.0.191:35230] 2026-04-17 15:22:35.546 10 WARNING keystone.common.password_hashing [None req-b9675dcd-bc81-435e-9efd-2c42c845e371 - - - - - -] Truncating password to algorithm specific maximum length 72 characters.
[Fri Apr 17 15:22:35.836163 2026] [wsgi:error] [pid 10:tid 140125116253888] [remote 10.0.0.191:35230] 2026-04-17 15:22:35.836 10 WARNING keystone.common.fernet_utils [None req-b9675dcd-bc81-435e-9efd-2c42c845e371 - - - - - -] key_repository is world readable: /etc/keystone/fernet-keys/ 10.0.0.191 - - [17/Apr/2026:15:22:35 +0000] "POST /v3/auth/tokens HTTP/1.1" 201 1359 10.0.0.191 - - [17/Apr/2026:15:22:35 +0000] "GET / HTTP/1.1" 300 280 10.0.0.191 - - [17/Apr/2026:15:22:35 +0000] "GET /v3/domains/atmosphere HTTP/1.1" 404 90 10.0.0.191 - - [17/Apr/2026:15:22:35 +0000] "GET /v3/domains?name=atmosphere HTTP/1.1" 200 368 10.0.0.191 - - [17/Apr/2026:15:22:35 +0000] "GET /v3/domains/b3bf21a0a21944e7a48e5de80d42c9e0 HTTP/1.1" 200 246 10.0.0.191 - - [17/Apr/2026:15:22:36 +0000] "GET /v3 HTTP/1.1" 200 265
[Fri Apr 17 15:22:36.899034 2026] [wsgi:error] [pid 9:tid 140125116253888] [remote 10.0.0.191:35230] 2026-04-17 15:22:36.898 9 WARNING keystone.common.password_hashing [None req-e67b65eb-7465-4f16-a5f2-250a585cac78 - - - - - -] Truncating password to algorithm specific maximum length 72 characters.
[Fri Apr 17 15:22:37.170408 2026] [wsgi:error] [pid 9:tid 140125116253888] [remote 10.0.0.191:35230] 2026-04-17 15:22:37.170 9 WARNING keystone.common.fernet_utils [None req-e67b65eb-7465-4f16-a5f2-250a585cac78 - - - - - -] key_repository is world readable: /etc/keystone/fernet-keys/ 10.0.0.191 - - [17/Apr/2026:15:22:36 +0000] "POST /v3/auth/tokens HTTP/1.1" 201 1359 10.0.0.191 - - [17/Apr/2026:15:22:37 +0000] "GET / HTTP/1.1" 300 280 10.0.0.191 - - [17/Apr/2026:15:22:37 +0000] "GET /v3/OS-FEDERATION/identity_providers/atmosphere HTTP/1.1" 404 101 10.0.0.191 - - [17/Apr/2026:15:22:37 +0000] "GET /v3/OS-FEDERATION/identity_providers HTTP/1.1" 200 155 10.0.0.191 - - [17/Apr/2026:15:22:37 +0000] "PUT /v3/OS-FEDERATION/identity_providers/atmosphere HTTP/1.1" 201 340 10.0.0.191 - - [17/Apr/2026:15:22:37 +0000] "GET /v3 HTTP/1.1" 200 265
[Fri Apr 17 15:22:37.960965 2026] [wsgi:error] [pid 10:tid 140125116253888] [remote 10.0.0.191:35242] 2026-04-17 15:22:37.960 10 WARNING keystone.common.password_hashing [None req-824a76a9-32e1-4adc-88a7-114b3f669a13 - - - - - -] Truncating password to algorithm specific maximum length 72 characters.
[Fri Apr 17 15:22:38.233638 2026] [wsgi:error] [pid 10:tid 140125116253888] [remote 10.0.0.191:35242] 2026-04-17 15:22:38.233 10 WARNING keystone.common.fernet_utils [None req-824a76a9-32e1-4adc-88a7-114b3f669a13 - - - - - -] key_repository is world readable: /etc/keystone/fernet-keys/ 10.0.0.191 - - [17/Apr/2026:15:22:37 +0000] "POST /v3/auth/tokens HTTP/1.1" 201 1359 10.0.0.191 - - [17/Apr/2026:15:22:38 +0000] "GET / HTTP/1.1" 300 280 10.0.0.191 - - [17/Apr/2026:15:22:38 +0000] "GET /v3/OS-FEDERATION/mappings/atmosphere-openid HTTP/1.1" 404 98 10.0.0.191 - - [17/Apr/2026:15:22:38 +0000] "GET /v3/OS-FEDERATION/mappings HTTP/1.1" 200 135 10.0.0.191 - - [17/Apr/2026:15:22:38 +0000] "PUT /v3/OS-FEDERATION/mappings/atmosphere-openid HTTP/1.1" 201 356 10.0.0.191 - - [17/Apr/2026:15:22:39 +0000] "GET /v3 HTTP/1.1" 200 265
[Fri Apr 17 15:22:39.024251 2026] [wsgi:error] [pid 9:tid 140125116253888] [remote 10.0.0.191:35242] 2026-04-17 15:22:39.024 9 WARNING keystone.common.password_hashing [None req-44edda28-2d90-4f50-88d5-b2d2b3e96d11 - - - - - -] Truncating password to algorithm specific maximum length 72 characters.
[Fri Apr 17 15:22:39.291798 2026] [wsgi:error] [pid 9:tid 140125116253888] [remote 10.0.0.191:35242] 2026-04-17 15:22:39.291 9 WARNING keystone.common.fernet_utils [None req-44edda28-2d90-4f50-88d5-b2d2b3e96d11 - - - - - -] key_repository is world readable: /etc/keystone/fernet-keys/ 10.0.0.191 - - [17/Apr/2026:15:22:39 +0000] "POST /v3/auth/tokens HTTP/1.1" 201 1359 10.0.0.191 - - [17/Apr/2026:15:22:39 +0000] "GET / HTTP/1.1" 300 280 10.0.0.191 - - [17/Apr/2026:15:22:39 +0000] "GET /v3/OS-FEDERATION/identity_providers/atmosphere/protocols/openid?idp_id=atmosphere HTTP/1.1" 404 131 10.0.0.191 - - [17/Apr/2026:15:22:39 +0000] "GET /v3/OS-FEDERATION/identity_providers/atmosphere/protocols HTTP/1.1" 200 167 10.0.0.191 - - [17/Apr/2026:15:22:39 +0000] "PUT /v3/OS-FEDERATION/identity_providers/atmosphere/protocols/openid HTTP/1.1" 201 222 10.0.0.191 - - [17/Apr/2026:15:22:49 +0000] "GET /v3/ HTTP/1.1" 200 250 10.0.0.191 - - [17/Apr/2026:15:22:49 +0000] "GET /v3/ HTTP/1.1" 200 250 10.0.0.191 - - [17/Apr/2026:15:23:49 +0000] "GET /v3/ HTTP/1.1" 200 250 10.0.0.191 - - [17/Apr/2026:15:23:49 +0000] "GET /v3/ HTTP/1.1" 200 250 10.0.0.65 - - [17/Apr/2026:15:24:03 +0000] "GET / HTTP/1.1" 300 295
[Fri Apr 17 15:24:03.576254 2026] [wsgi:error] [pid 10:tid 140125116253888] [remote 10.0.0.65:51898] 2026-04-17 15:24:03.576 10 WARNING keystone.common.password_hashing [None req-25368942-27e7-47c8-af1d-6f8b3c7c02e3 - - - - - -] Truncating password to algorithm specific maximum length 72 characters.
[Fri Apr 17 15:24:03.872545 2026] [wsgi:error] [pid 10:tid 140125116253888] [remote 10.0.0.65:51898] 2026-04-17 15:24:03.872 10 WARNING keystone.common.fernet_utils [None req-25368942-27e7-47c8-af1d-6f8b3c7c02e3 - - - - - -] key_repository is world readable: /etc/keystone/fernet-keys/ 10.0.0.65 - - [17/Apr/2026:15:24:03 +0000] "POST /v3/auth/tokens HTTP/1.1" 201 1359 10.0.0.65 - - [17/Apr/2026:15:24:03 +0000] "GET /v3/services HTTP/1.1" 200 355 10.0.0.65 - - [17/Apr/2026:15:24:07 +0000] "GET / HTTP/1.1" 300 295
[Fri Apr 17 15:24:07.399017 2026] [wsgi:error] [pid 11:tid 140125116253888] [remote 10.0.0.65:51912] 2026-04-17 15:24:07.398 11 WARNING keystone.common.password_hashing [None req-0708477a-5103-436d-a8b2-65ea438fd483 - - - - - -] Truncating password to algorithm specific maximum length 72 characters.
[Fri Apr 17 15:24:07.686927 2026] [wsgi:error] [pid 11:tid 140125116253888] [remote 10.0.0.65:51912] 2026-04-17 15:24:07.686 11 WARNING keystone.common.fernet_utils [None req-0708477a-5103-436d-a8b2-65ea438fd483 - - - - - -] key_repository is world readable: /etc/keystone/fernet-keys/ 10.0.0.65 - - [17/Apr/2026:15:24:07 +0000] "POST /v3/auth/tokens HTTP/1.1" 201 1359 10.0.0.65 - - [17/Apr/2026:15:24:07 +0000] "GET /v3/services HTTP/1.1" 200 355 10.0.0.65 - - [17/Apr/2026:15:24:11 +0000] "GET / HTTP/1.1" 300 295
[Fri Apr 17 15:24:11.051283 2026] [wsgi:error] [pid 9:tid 140125116253888] [remote 10.0.0.65:51918] 2026-04-17 15:24:11.051 9 WARNING keystone.common.password_hashing [None req-446c9bb3-97c7-4576-8bde-29a57d8afd7f - - - - - -] Truncating password to algorithm specific maximum length 72 characters.
[Fri Apr 17 15:24:11.318694 2026] [wsgi:error] [pid 9:tid 140125116253888] [remote 10.0.0.65:51918] 2026-04-17 15:24:11.318 9 WARNING keystone.common.fernet_utils [None req-446c9bb3-97c7-4576-8bde-29a57d8afd7f - - - - - -] key_repository is world readable: /etc/keystone/fernet-keys/ 10.0.0.65 - - [17/Apr/2026:15:24:11 +0000] "POST /v3/auth/tokens HTTP/1.1" 201 1359 10.0.0.65 - - [17/Apr/2026:15:24:11 +0000] "GET /v3/services HTTP/1.1" 200 355 10.0.0.65 - - [17/Apr/2026:15:24:14 +0000] "GET / HTTP/1.1" 300 295
[Fri Apr 17 15:24:14.750003 2026] [wsgi:error] [pid 12:tid 140125116253888] [remote 10.0.0.65:53982] 2026-04-17 15:24:14.749 12 WARNING keystone.common.password_hashing [None req-bad6dc83-9d44-423b-ab47-31b6256041af - - - - - -] Truncating password to algorithm specific maximum length 72 characters.
[Fri Apr 17 15:24:15.019582 2026] [wsgi:error] [pid 12:tid 140125116253888] [remote 10.0.0.65:53982] 2026-04-17 15:24:15.019 12 WARNING keystone.common.fernet_utils [None req-bad6dc83-9d44-423b-ab47-31b6256041af - - - - - -] key_repository is world readable: /etc/keystone/fernet-keys/ 10.0.0.65 - - [17/Apr/2026:15:24:14 +0000] "POST /v3/auth/tokens HTTP/1.1" 201 1359 10.0.0.65 - - [17/Apr/2026:15:24:15 +0000] "POST /v3/services HTTP/1.1" 201 296 10.0.0.46 - - [17/Apr/2026:15:24:25 +0000] "GET / HTTP/1.1" 300 295
[Fri Apr 17 15:24:25.834372 2026] [wsgi:error] [pid 10:tid 140125116253888] [remote 10.0.0.46:39684] 2026-04-17 15:24:25.834 10 WARNING keystone.common.password_hashing [None req-e49c3eb7-9c94-44f5-b780-2727f30c8c9d - - - - - -] Truncating password to algorithm specific maximum length 72 characters. 10.0.0.46 - - [17/Apr/2026:15:24:26 +0000] "GET / HTTP/1.1" 300 295
[Fri Apr 17 15:24:26.029187 2026] [wsgi:error] [pid 9:tid 140125116253888] [remote 10.0.0.46:39696] 2026-04-17 15:24:26.028 9 WARNING keystone.common.password_hashing [None req-615b03f6-cc75-4afb-96ee-93b0276051aa - - - - - -] Truncating password to algorithm specific maximum length 72 characters. 10.0.0.46 - - [17/Apr/2026:15:24:26 +0000] "GET / HTTP/1.1" 300 295
[Fri Apr 17 15:24:26.126030 2026] [wsgi:error] [pid 12:tid 140125116253888] [remote 10.0.0.46:39704] 2026-04-17 15:24:26.125 12 WARNING keystone.common.password_hashing [None req-351ff5ec-85d0-47f7-b064-b31e7d5636ac - - - - - -] Truncating password to algorithm specific maximum length 72 characters.
[Fri Apr 17 15:24:26.126417 2026] [wsgi:error] [pid 10:tid 140125116253888] [remote 10.0.0.46:39684] 2026-04-17 15:24:26.126 10 WARNING keystone.common.fernet_utils [None req-e49c3eb7-9c94-44f5-b780-2727f30c8c9d - - - - - -] key_repository is world readable: /etc/keystone/fernet-keys/ 10.0.0.46 - - [17/Apr/2026:15:24:25 +0000] "POST /v3/auth/tokens HTTP/1.1" 201 1463 10.0.0.46 - - [17/Apr/2026:15:24:26 +0000] "GET /v3/services HTTP/1.1" 200 639
[Fri Apr 17 15:24:26.297920 2026] [wsgi:error] [pid 9:tid 140125116253888] [remote 10.0.0.46:39696] 2026-04-17 15:24:26.297 9 WARNING keystone.common.fernet_utils [None req-615b03f6-cc75-4afb-96ee-93b0276051aa - - - - - -] key_repository is world readable: /etc/keystone/fernet-keys/ 10.0.0.46 - - [17/Apr/2026:15:24:26 +0000] "POST /v3/auth/tokens HTTP/1.1" 201 1463
[Fri Apr 17 15:24:26.398904 2026] [wsgi:error] [pid 12:tid 140125116253888] [remote 10.0.0.46:39704] 2026-04-17 15:24:26.398 12 WARNING keystone.common.fernet_utils [None req-351ff5ec-85d0-47f7-b064-b31e7d5636ac - - - - - -] key_repository is world readable: /etc/keystone/fernet-keys/ 10.0.0.46 - - [17/Apr/2026:15:24:26 +0000] "POST /v3/auth/tokens HTTP/1.1" 201 1463 10.0.0.46 - - [17/Apr/2026:15:24:26 +0000] "GET /v3/services HTTP/1.1" 200 639 10.0.0.46 - - [17/Apr/2026:15:24:26 +0000] "GET /v3/services HTTP/1.1" 200 639 10.0.0.46 - - [17/Apr/2026:15:24:27 +0000] "GET / HTTP/1.1" 300 295
[Fri Apr 17 15:24:27.640414 2026] [wsgi:error] [pid 12:tid 140125116253888] [remote 10.0.0.46:39714] 2026-04-17 15:24:27.640 12 WARNING keystone.common.password_hashing [None req-e6cb0a35-0571-4820-8f7d-e24cd60afd5a - - - - - -] Truncating password to algorithm specific maximum length 72 characters. 10.0.0.46 - - [17/Apr/2026:15:24:27 +0000] "GET / HTTP/1.1" 300 295
[Fri Apr 17 15:24:27.743994 2026] [wsgi:error] [pid 11:tid 140125116253888] [remote 10.0.0.46:39722] 2026-04-17 15:24:27.743 11 WARNING keystone.common.password_hashing [None req-03415e71-fbca-4a0d-b177-ccced4cf084b - - - - - -] Truncating password to algorithm specific maximum length 72 characters. 10.0.0.46 - - [17/Apr/2026:15:24:27 +0000] "GET / HTTP/1.1" 300 295
[Fri Apr 17 15:24:27.877895 2026] [wsgi:error] [pid 10:tid 140125116253888] [remote 10.0.0.46:39730] 2026-04-17 15:24:27.877 10 WARNING keystone.common.password_hashing [None req-48f99611-79e8-409b-bb57-fdb4c4335c46 - - - - - -] Truncating password to algorithm specific maximum length 72 characters.
[Fri Apr 17 15:24:27.926051 2026] [wsgi:error] [pid 12:tid 140125116253888] [remote 10.0.0.46:39714] 2026-04-17 15:24:27.925 12 WARNING keystone.common.fernet_utils [None req-e6cb0a35-0571-4820-8f7d-e24cd60afd5a - - - - - -] key_repository is world readable: /etc/keystone/fernet-keys/ 10.0.0.46 - - [17/Apr/2026:15:24:27 +0000] "POST /v3/auth/tokens HTTP/1.1" 201 1463
[Fri Apr 17 15:24:28.063076 2026] [wsgi:error] [pid 11:tid 140125116253888] [remote 10.0.0.46:39722] 2026-04-17 15:24:28.062 11 WARNING keystone.common.fernet_utils [None req-03415e71-fbca-4a0d-b177-ccced4cf084b - - - - - -] key_repository is world readable: /etc/keystone/fernet-keys/ 10.0.0.46 - - [17/Apr/2026:15:24:27 +0000] "POST /v3/auth/tokens HTTP/1.1" 201 1463 10.0.0.46 - - [17/Apr/2026:15:24:28 +0000] "GET /v3/endpoints HTTP/1.1" 200 1226 10.0.0.46 - - [17/Apr/2026:15:24:28 +0000] "GET /v3/services/368e310d48b94c678cda802f6c8c27e6 HTTP/1.1" 200 233 10.0.0.46 - - [17/Apr/2026:15:24:28 +0000] "GET /v3/services/368e310d48b94c678cda802f6c8c27e6 HTTP/1.1" 200 233 10.0.0.46 - - [17/Apr/2026:15:24:28 +0000] "GET /v3/services/368e310d48b94c678cda802f6c8c27e6 HTTP/1.1" 200 233
[Fri Apr 17 15:24:28.170852 2026] [wsgi:error] [pid 10:tid 140125116253888] [remote 10.0.0.46:39730] 2026-04-17 15:24:28.170 10 WARNING keystone.common.fernet_utils [None req-48f99611-79e8-409b-bb57-fdb4c4335c46 - - - - - -] key_repository is world readable: /etc/keystone/fernet-keys/ 10.0.0.46 - - [17/Apr/2026:15:24:27 +0000] "POST /v3/auth/tokens HTTP/1.1" 201 1463 10.0.0.46 - - [17/Apr/2026:15:24:28 +0000] "GET /v3/endpoints HTTP/1.1" 200 1226 10.0.0.46 - - [17/Apr/2026:15:24:28 +0000] "GET /v3/services/368e310d48b94c678cda802f6c8c27e6 HTTP/1.1" 200 233 10.0.0.46 - - [17/Apr/2026:15:24:28 +0000] "GET /v3/services/368e310d48b94c678cda802f6c8c27e6 HTTP/1.1" 200 233 10.0.0.46 - - [17/Apr/2026:15:24:28 +0000] "GET /v3/services/368e310d48b94c678cda802f6c8c27e6 HTTP/1.1" 200 233 10.0.0.46 - - [17/Apr/2026:15:24:28 +0000] "GET /v3/endpoints HTTP/1.1" 200 1226 10.0.0.46 - - [17/Apr/2026:15:24:28 +0000] "GET /v3/services/368e310d48b94c678cda802f6c8c27e6 HTTP/1.1" 200 233 10.0.0.46 - - [17/Apr/2026:15:24:28 +0000] "GET /v3/services/368e310d48b94c678cda802f6c8c27e6 HTTP/1.1" 200 233 10.0.0.46 - - [17/Apr/2026:15:24:28 +0000] "GET /v3/services/368e310d48b94c678cda802f6c8c27e6 HTTP/1.1" 200 233 10.0.0.46 - - [17/Apr/2026:15:24:29 +0000] "GET / HTTP/1.1" 300 295 10.0.0.46 - - [17/Apr/2026:15:24:29 +0000] "GET / HTTP/1.1" 300 295
[Fri Apr 17 15:24:29.497742 2026] [wsgi:error] [pid 11:tid 140125116253888] [remote 10.0.0.46:39742] 2026-04-17 15:24:29.497 11 WARNING keystone.common.password_hashing [None req-9fc60209-0bfc-4fb2-a06a-b655337d4664 - - - - - -] Truncating password to algorithm specific maximum length 72 characters.
[Fri Apr 17 15:24:29.512288 2026] [wsgi:error] [pid 10:tid 140125116253888] [remote 10.0.0.46:39748] 2026-04-17 15:24:29.512 10 WARNING keystone.common.password_hashing [None req-7b3f1b0c-6548-4d85-a41f-8fc1f990ebf8 - - - - - -] Truncating password to algorithm specific maximum length 72 characters. 10.0.0.46 - - [17/Apr/2026:15:24:29 +0000] "GET / HTTP/1.1" 300 295
[Fri Apr 17 15:24:29.610190 2026] [wsgi:error] [pid 9:tid 140125116253888] [remote 10.0.0.46:39752] 2026-04-17 15:24:29.610 9 WARNING keystone.common.password_hashing [None req-e9b7fe2a-11a4-466a-943d-0226987a6aaa - - - - - -] Truncating password to algorithm specific maximum length 72 characters.
[Fri Apr 17 15:24:29.770993 2026] [wsgi:error] [pid 11:tid 140125116253888] [remote 10.0.0.46:39742] 2026-04-17 15:24:29.770 11 WARNING keystone.common.fernet_utils [None req-9fc60209-0bfc-4fb2-a06a-b655337d4664 - - - - - -] key_repository is world readable: /etc/keystone/fernet-keys/ 10.0.0.46 - - [17/Apr/2026:15:24:29 +0000] "POST /v3/auth/tokens HTTP/1.1" 201 1463
[Fri Apr 17 15:24:29.781732 2026] [wsgi:error] [pid 10:tid 140125116253888] [remote 10.0.0.46:39748] 2026-04-17 15:24:29.781 10 WARNING keystone.common.fernet_utils [None req-7b3f1b0c-6548-4d85-a41f-8fc1f990ebf8 - - - - - -] key_repository is world readable: /etc/keystone/fernet-keys/ 10.0.0.46 - - [17/Apr/2026:15:24:29 +0000] "POST /v3/auth/tokens HTTP/1.1" 201 1463 10.0.0.46 - - [17/Apr/2026:15:24:29 +0000] "GET /v3/services/33ab8a0e7ee84121bbf700ca65d6909f HTTP/1.1" 200 296
[Fri Apr 17 15:24:29.889896 2026] [wsgi:error] [pid 9:tid 140125116253888] [remote 10.0.0.46:39752] 2026-04-17 15:24:29.889 9 WARNING keystone.common.fernet_utils [None req-e9b7fe2a-11a4-466a-943d-0226987a6aaa - - - - - -] key_repository is world readable: /etc/keystone/fernet-keys/ 10.0.0.46 - - [17/Apr/2026:15:24:29 +0000] "POST /v3/auth/tokens HTTP/1.1" 201 1463 10.0.0.46 - - [17/Apr/2026:15:24:29 +0000] "GET /v3/services/33ab8a0e7ee84121bbf700ca65d6909f HTTP/1.1" 200 296 10.0.0.46 - - [17/Apr/2026:15:24:29 +0000] "GET /v3/regions/RegionOne HTTP/1.1" 200 173 10.0.0.46 - - [17/Apr/2026:15:24:29 +0000] "GET /v3/regions/RegionOne HTTP/1.1" 200 173 10.0.0.46 - - [17/Apr/2026:15:24:29 +0000] "POST /v3/endpoints HTTP/1.1" 201 383 10.0.0.46 - - [17/Apr/2026:15:24:30 +0000] "GET /v3/services/33ab8a0e7ee84121bbf700ca65d6909f HTTP/1.1" 200 296 10.0.0.46 - - [17/Apr/2026:15:24:30 +0000] "GET /v3/regions/RegionOne HTTP/1.1" 200 173 10.0.0.46 - - [17/Apr/2026:15:24:30 +0000] "POST /v3/endpoints HTTP/1.1" 201 369 10.0.0.46 - - [17/Apr/2026:15:24:29 +0000] "POST /v3/endpoints HTTP/1.1" 201 380 10.0.0.46 - - [17/Apr/2026:15:24:31 +0000] "GET / HTTP/1.1" 300 295
[Fri Apr 17 15:24:31.217334 2026] [wsgi:error] [pid 12:tid 140125116253888] [remote 10.0.0.46:39764] 2026-04-17 15:24:31.217 12 WARNING keystone.common.password_hashing [None req-e4b24327-719d-49e1-81aa-e861e46f8fba - - - - - -] Truncating password to algorithm specific maximum length 72 characters. 10.0.0.46 - - [17/Apr/2026:15:24:31 +0000] "GET / HTTP/1.1" 300 295 10.0.0.46 - - [17/Apr/2026:15:24:31 +0000] "GET / HTTP/1.1" 300 295
[Fri Apr 17 15:24:31.303667 2026] [wsgi:error] [pid 11:tid 140125116253888] [remote 10.0.0.46:39778] 2026-04-17 15:24:31.303 11 WARNING keystone.common.password_hashing [None req-ef6922b3-9bbb-4054-9c50-42bc6e2887db - - - - - -] Truncating password to algorithm specific maximum length 72 characters.
[Fri Apr 17 15:24:31.317208 2026] [wsgi:error] [pid 9:tid 140125116253888] [remote 10.0.0.46:39784] 2026-04-17 15:24:31.317 9 WARNING keystone.common.password_hashing [None req-e9d053bc-db2c-4f9d-9e03-57c308d8e1fd - - - - - -] Truncating password to algorithm specific maximum length 72 characters.
[Fri Apr 17 15:24:31.487721 2026] [wsgi:error] [pid 12:tid 140125116253888] [remote 10.0.0.46:39764] 2026-04-17 15:24:31.487 12 WARNING keystone.common.fernet_utils [None req-e4b24327-719d-49e1-81aa-e861e46f8fba - - - - - -] key_repository is world readable: /etc/keystone/fernet-keys/ 10.0.0.46 - - [17/Apr/2026:15:24:31 +0000] "POST /v3/auth/tokens HTTP/1.1" 201 1990
[Fri Apr 17 15:24:31.572500 2026] [wsgi:error] [pid 11:tid 140125116253888] [remote 10.0.0.46:39778] 2026-04-17 15:24:31.572 11 WARNING keystone.common.fernet_utils [None req-ef6922b3-9bbb-4054-9c50-42bc6e2887db - - - - - -] key_repository is world readable: /etc/keystone/fernet-keys/ 10.0.0.46 - - [17/Apr/2026:15:24:31 +0000] "POST /v3/auth/tokens HTTP/1.1" 201 1990
[Fri Apr 17 15:24:31.596498 2026] [wsgi:error] [pid 9:tid 140125116253888] [remote 10.0.0.46:39784] 2026-04-17 15:24:31.596 9 WARNING keystone.common.fernet_utils [None req-e9d053bc-db2c-4f9d-9e03-57c308d8e1fd - - - - - -] key_repository is world readable: /etc/keystone/fernet-keys/ 10.0.0.46 - - [17/Apr/2026:15:24:31 +0000] "POST /v3/auth/tokens HTTP/1.1" 201 1990 10.0.0.46 - - [17/Apr/2026:15:24:31 +0000] "GET /v3/endpoints/3f43010b99a0467abe930bbc2d9e51af HTTP/1.1" 200 383 10.0.0.46 - - [17/Apr/2026:15:24:31 +0000] "GET /v3/services/33ab8a0e7ee84121bbf700ca65d6909f HTTP/1.1" 200 296 10.0.0.46 - - [17/Apr/2026:15:24:31 +0000] "GET /v3/endpoints/9e973b508c2b46c5a1435e962b4321b2 HTTP/1.1" 200 380 10.0.0.46 - - [17/Apr/2026:15:24:31 +0000] "GET /v3/endpoints/bebdeab64b804e749f8cefc319eb99c1 HTTP/1.1" 200 369 10.0.0.46 - - [17/Apr/2026:15:24:31 +0000] "GET /v3/services/33ab8a0e7ee84121bbf700ca65d6909f HTTP/1.1" 200 296 10.0.0.46 - - [17/Apr/2026:15:24:31 +0000] "GET /v3/services/33ab8a0e7ee84121bbf700ca65d6909f HTTP/1.1" 200 296 10.0.0.110 - - [17/Apr/2026:15:24:41 +0000] "GET / HTTP/1.1" 300 295
[Fri Apr 17 15:24:41.951951 2026] [wsgi:error] [pid 9:tid 140125116253888] [remote 10.0.0.110:36008] 2026-04-17 15:24:41.951 9 WARNING keystone.common.password_hashing [None req-45610c95-f514-433f-b700-8d78535ec57f - - - - - -] Truncating password to algorithm specific maximum length 72 characters.
[Fri Apr 17 15:24:42.225852 2026] [wsgi:error] [pid 9:tid 140125116253888] [remote 10.0.0.110:36008] 2026-04-17 15:24:42.225 9 WARNING keystone.common.fernet_utils [None req-45610c95-f514-433f-b700-8d78535ec57f - - - - - -] key_repository is world readable: /etc/keystone/fernet-keys/ 10.0.0.110 - - [17/Apr/2026:15:24:41 +0000] "POST /v3/auth/tokens HTTP/1.1" 201 1990 10.0.0.110 - - [17/Apr/2026:15:24:42 +0000] "POST /v3/domains HTTP/1.1" 201 284 10.0.0.110 - - [17/Apr/2026:15:24:43 +0000] "GET / HTTP/1.1" 300 295
[Fri Apr 17 15:24:43.774794 2026] [wsgi:error] [pid 11:tid 140125116253888] [remote 10.0.0.110:52198] 2026-04-17 15:24:43.774 11 WARNING keystone.common.password_hashing [None req-e667b52c-422c-4c11-ba56-67b25772eb76 - - - - - -] Truncating password to algorithm specific maximum length 72 characters.
[Fri Apr 17 15:24:44.060183 2026] [wsgi:error] [pid 11:tid 140125116253888] [remote 10.0.0.110:52198] 2026-04-17 15:24:44.059 11 WARNING keystone.common.fernet_utils [None req-e667b52c-422c-4c11-ba56-67b25772eb76 - - - - - -] key_repository is world readable: /etc/keystone/fernet-keys/ 10.0.0.110 - - [17/Apr/2026:15:24:43 +0000] "POST /v3/auth/tokens HTTP/1.1" 201 1990
[Fri Apr 17 15:24:44.238273 2026] [wsgi:error] [pid 9:tid 140125116253888] [remote 10.0.0.110:52198] 2026-04-17 15:24:44.223 9 ERROR keystone.server.flask.application [None req-7cebd0a3-3c0a-4502-8981-7bf4fe7c76dc e61d3a4ee38b4e5ca7c4274e2a3b4cef e109e93fec624a9d9408e3371a652e58 - - default default] Conflict occurred attempting to store project - it is not permitted to have two projects acting as domains with the same name: service.: keystone.exception.Conflict: Conflict occurred attempting to store project - it is not permitted to have two projects acting as domains with the same name: service.
[Fri Apr 17 15:24:44.238302 2026] [wsgi:error] [pid 9:tid 140125116253888] [remote 10.0.0.110:52198] 2026-04-17 15:24:44.223 9 ERROR keystone.server.flask.application
Traceback (most recent call last):
[Fri Apr 17 15:24:44.238304 2026] [wsgi:error] [pid 9:tid 140125116253888] [remote 10.0.0.110:52198] 2026-04-17 15:24:44.223 9 ERROR keystone.server.flask.application
File "/var/lib/openstack/lib/python3.12/site-packages/sqlalchemy/engine/base.py", line 1967, in _exec_single_context
[Fri Apr 17 15:24:44.238305 2026] [wsgi:error] [pid 9:tid 140125116253888] [remote 10.0.0.110:52198] 2026-04-17 15:24:44.223 9 ERROR keystone.server.flask.application self.dialect.do_execute(
[Fri Apr 17 15:24:44.238307 2026] [wsgi:error] [pid 9:tid 140125116253888] [remote 10.0.0.110:52198] 2026-04-17 15:24:44.223 9 ERROR keystone.server.flask.application
File "/var/lib/openstack/lib/python3.12/site-packages/sqlalchemy/engine/default.py", line 952, in do_execute
[Fri Apr 17 15:24:44.238309 2026] [wsgi:error] [pid 9:tid 140125116253888] [remote 10.0.0.110:52198] 2026-04-17 15:24:44.223 9 ERROR keystone.server.flask.application cursor.execute(statement, parameters)
[Fri Apr 17 15:24:44.238310 2026] [wsgi:error] [pid 9:tid 140125116253888] [remote 10.0.0.110:52198] 2026-04-17 15:24:44.223 9 ERROR keystone.server.flask.application
File "/var/lib/openstack/lib/python3.12/site-packages/pymysql/cursors.py", line 153, in execute
[Fri Apr 17 15:24:44.238312 2026] [wsgi:error] [pid 9:tid 140125116253888] [remote 10.0.0.110:52198] 2026-04-17 15:24:44.223 9 ERROR keystone.server.flask.application result = self._query(query)
[Fri Apr 17 15:24:44.238313 2026] [wsgi:error] [pid 9:tid 140125116253888] [remote 10.0.0.110:52198] 2026-04-17 15:24:44.223 9 ERROR keystone.server.flask.application ^^^^^^^^^^^^^^^^^^
[Fri Apr 17 15:24:44.238314 2026] [wsgi:error] [pid 9:tid 140125116253888] [remote 10.0.0.110:52198] 2026-04-17 15:24:44.223 9 ERROR keystone.server.flask.application
File "/var/lib/openstack/lib/python3.12/site-packages/pymysql/cursors.py", line 322, in _query
[Fri Apr 17 15:24:44.238316 2026] [wsgi:error] [pid 9:tid 140125116253888] [remote 10.0.0.110:52198] 2026-04-17 15:24:44.223 9 ERROR keystone.server.flask.application conn.query(q)
[Fri Apr 17 15:24:44.238318 2026] [wsgi:error] [pid 9:tid 140125116253888] [remote 10.0.0.110:52198] 2026-04-17 15:24:44.223 9 ERROR keystone.server.flask.application
File "/var/lib/openstack/lib/python3.12/site-packages/pymysql/connections.py", line 575, in query
[Fri Apr 17 15:24:44.238320 2026] [wsgi:error] [pid 9:tid 140125116253888] [remote 10.0.0.110:52198] 2026-04-17 15:24:44.223 9 ERROR keystone.server.flask.application self._affected_rows = self._read_query_result(unbuffered=unbuffered)
[Fri Apr 17 15:24:44.238324 2026] [wsgi:error] [pid 9:tid 140125116253888] [remote 10.0.0.110:52198] 2026-04-17 15:24:44.223 9 ERROR keystone.server.flask.application ^^^^^^^^^^^^^^^^^^^^^^^^^^^^^^^^^^^^^^^^^^^^^^
[Fri Apr 17 15:24:44.238351 2026] [wsgi:error] [pid 9:tid 140125116253888] [remote 10.0.0.110:52198] 2026-04-17 15:24:44.223 9 ERROR keystone.server.flask.application
File "/var/lib/openstack/lib/python3.12/site-packages/pymysql/connections.py", line 826, in _read_query_result
[Fri Apr 17 15:24:44.238353 2026] [wsgi:error] [pid 9:tid 140125116253888] [remote 10.0.0.110:52198] 2026-04-17 15:24:44.223 9 ERROR keystone.server.flask.application result.read()
[Fri Apr 17 15:24:44.238356 2026] [wsgi:error] [pid 9:tid 140125116253888] [remote 10.0.0.110:52198] 2026-04-17 15:24:44.223 9 ERROR keystone.server.flask.application
File "/var/lib/openstack/lib/python3.12/site-packages/pymysql/connections.py", line 1203, in read
[Fri Apr 17 15:24:44.238358 2026] [wsgi:error] [pid 9:tid 140125116253888] [remote 10.0.0.110:52198] 2026-04-17 15:24:44.223 9 ERROR keystone.server.flask.application first_packet = self.connection._read_packet()
[Fri Apr 17 15:24:44.238359 2026] [wsgi:error] [pid 9:tid 140125116253888] [remote 10.0.0.110:52198] 2026-04-17 15:24:44.223 9 ERROR keystone.server.flask.application ^^^^^^^^^^^^^^^^^^^^^^^^^^^^^^
[Fri Apr 17 15:24:44.238395 2026] [wsgi:error] [pid 9:tid 140125116253888] [remote 10.0.0.110:52198] 2026-04-17 15:24:44.223 9 ERROR keystone.server.flask.application
File "/var/lib/openstack/lib/python3.12/site-packages/pymysql/connections.py", line 782, in _read_packet
[Fri Apr 17 15:24:44.238397 2026] [wsgi:error] [pid 9:tid 140125116253888] [remote 10.0.0.110:52198] 2026-04-17 15:24:44.223 9 ERROR keystone.server.flask.application packet.raise_for_error()
[Fri Apr 17 15:24:44.238398 2026] [wsgi:error] [pid 9:tid 140125116253888] [remote 10.0.0.110:52198] 2026-04-17 15:24:44.223 9 ERROR keystone.server.flask.application
File "/var/lib/openstack/lib/python3.12/site-packages/pymysql/protocol.py", line 219, in raise_for_error
[Fri Apr 17 15:24:44.238400 2026] [wsgi:error] [pid 9:tid 140125116253888] [remote 10.0.0.110:52198] 2026-04-17 15:24:44.223 9 ERROR keystone.server.flask.application err.raise_mysql_exception(self._data)
[Fri Apr 17 15:24:44.238402 2026] [wsgi:error] [pid 9:tid 140125116253888] [remote 10.0.0.110:52198] 2026-04-17 15:24:44.223 9 ERROR keystone.server.flask.application
File "/var/lib/openstack/lib/python3.12/site-packages/pymysql/err.py", line 150, in raise_mysql_exception
[Fri Apr 17 15:24:44.238405 2026] [wsgi:error] [pid 9:tid 140125116253888] [remote 10.0.0.110:52198] 2026-04-17 15:24:44.223 9 ERROR keystone.server.flask.application raise errorclass(errno, errval)
[Fri Apr 17 15:24:44.238406 2026] [wsgi:error] [pid 9:tid 140125116253888] [remote 10.0.0.110:52198] 2026-04-17 15:24:44.223 9 ERROR keystone.server.flask.application pymysql.err.IntegrityError: (1062, "Duplicate entry '<>-service' for key 'project.ixu_project_name_domain_id'")
[Fri Apr 17 15:24:44.238409 2026] [wsgi:error] [pid 9:tid 140125116253888] [remote 10.0.0.110:52198] 2026-04-17 15:24:44.223 9 ERROR keystone.server.flask.application
[Fri Apr 17 15:24:44.238411 2026] [wsgi:error] [pid 9:tid 140125116253888] [remote 10.0.0.110:52198] 2026-04-17 15:24:44.223 9 ERROR keystone.server.flask.application The above exception was the direct cause of the following exception:
[Fri Apr 17 15:24:44.238413 2026] [wsgi:error] [pid 9:tid 140125116253888] [remote 10.0.0.110:52198] 2026-04-17 15:24:44.223 9 ERROR keystone.server.flask.application
[Fri Apr 17 15:24:44.238415 2026] [wsgi:error] [pid 9:tid 140125116253888] [remote 10.0.0.110:52198] 2026-04-17 15:24:44.223 9 ERROR keystone.server.flask.application
Traceback (most recent call last):
[Fri Apr 17 15:24:44.238418 2026] [wsgi:error] [pid 9:tid 140125116253888] [remote 10.0.0.110:52198] 2026-04-17 15:24:44.223 9 ERROR keystone.server.flask.application
File "/var/lib/openstack/lib/python3.12/site-packages/keystone/common/sql/core.py", line 575, in wrapper
[Fri Apr 17 15:24:44.238420 2026] [wsgi:error] [pid 9:tid 140125116253888] [remote 10.0.0.110:52198] 2026-04-17 15:24:44.223 9 ERROR keystone.server.flask.application return method(*args, **kwargs)
[Fri Apr 17 15:24:44.238422 2026] [wsgi:error] [pid 9:tid 140125116253888] [remote 10.0.0.110:52198] 2026-04-17 15:24:44.223 9 ERROR keystone.server.flask.application ^^^^^^^^^^^^^^^^^^^^^^^
[Fri Apr 17 15:24:44.238425 2026] [wsgi:error] [pid 9:tid 140125116253888] [remote 10.0.0.110:52198] 2026-04-17 15:24:44.223 9 ERROR keystone.server.flask.application
File "/var/lib/openstack/lib/python3.12/site-packages/keystone/resource/backends/sql.py", line 278, in create_project
[Fri Apr 17 15:24:44.238427 2026] [wsgi:error] [pid 9:tid 140125116253888] [remote 10.0.0.110:52198] 2026-04-17 15:24:44.223 9 ERROR keystone.server.flask.application with sql.session_for_write() as session:
[Fri Apr 17 15:24:44.238429 2026] [wsgi:error] [pid 9:tid 140125116253888] [remote 10.0.0.110:52198] 2026-04-17 15:24:44.223 9 ERROR keystone.server.flask.application
File "/usr/lib/python3.12/contextlib.py", line 144, in __exit__
[Fri Apr 17 15:24:44.238430 2026] [wsgi:error] [pid 9:tid 140125116253888] [remote 10.0.0.110:52198] 2026-04-17 15:24:44.223 9 ERROR keystone.server.flask.application next(self.gen)
[Fri Apr 17 15:24:44.238432 2026] [wsgi:error] [pid 9:tid 140125116253888] [remote 10.0.0.110:52198] 2026-04-17 15:24:44.223 9 ERROR keystone.server.flask.application
File "/var/lib/openstack/lib/python3.12/site-packages/oslo_db/sqlalchemy/enginefacade.py", line 1175, in _transaction_scope
[Fri Apr 17 15:24:44.238434 2026] [wsgi:error] [pid 9:tid 140125116253888] [remote 10.0.0.110:52198] 2026-04-17 15:24:44.223 9 ERROR keystone.server.flask.application with current._produce_block(
[Fri Apr 17 15:24:44.238436 2026] [wsgi:error] [pid 9:tid 140125116253888] [remote 10.0.0.110:52198] 2026-04-17 15:24:44.223 9 ERROR keystone.server.flask.application
File "/usr/lib/python3.12/contextlib.py", line 144, in __exit__
[Fri Apr 17 15:24:44.238438 2026] [wsgi:error] [pid 9:tid 140125116253888] [remote 10.0.0.110:52198] 2026-04-17 15:24:44.223 9 ERROR keystone.server.flask.application next(self.gen)
[Fri Apr 17 15:24:44.238440 2026] [wsgi:error] [pid 9:tid 140125116253888] [remote 10.0.0.110:52198] 2026-04-17 15:24:44.223 9 ERROR keystone.server.flask.application
File "/var/lib/openstack/lib/python3.12/site-packages/oslo_db/sqlalchemy/enginefacade.py", line 837, in _session
[Fri Apr 17 15:24:44.238442 2026] [wsgi:error] [pid 9:tid 140125116253888] [remote 10.0.0.110:52198] 2026-04-17 15:24:44.223 9 ERROR keystone.server.flask.application with excutils.save_and_reraise_exception():
[Fri Apr 17 15:24:44.238444 2026] [wsgi:error] [pid 9:tid 140125116253888] [remote 10.0.0.110:52198] 2026-04-17 15:24:44.223 9 ERROR keystone.server.flask.application
File "/var/lib/openstack/lib/python3.12/site-packages/oslo_utils/excutils.py", line 271, in __exit__
[Fri Apr 17 15:24:44.238446 2026] [wsgi:error] [pid 9:tid 140125116253888] [remote 10.0.0.110:52198] 2026-04-17 15:24:44.223 9 ERROR keystone.server.flask.application self.force_reraise()
[Fri Apr 17 15:24:44.238448 2026] [wsgi:error] [pid 9:tid 140125116253888] [remote 10.0.0.110:52198] 2026-04-17 15:24:44.223 9 ERROR keystone.server.flask.application
File "/var/lib/openstack/lib/python3.12/site-packages/oslo_utils/excutils.py", line 233, in force_reraise
[Fri Apr 17 15:24:44.238449 2026] [wsgi:error] [pid 9:tid 140125116253888] [remote 10.0.0.110:52198] 2026-04-17 15:24:44.223 9 ERROR keystone.server.flask.application raise self.value
[Fri Apr 17 15:24:44.238451 2026] [wsgi:error] [pid 9:tid 140125116253888] [remote 10.0.0.110:52198] 2026-04-17 15:24:44.223 9 ERROR keystone.server.flask.application
File "/var/lib/openstack/lib/python3.12/site-packages/oslo_db/sqlalchemy/enginefacade.py", line 835, in _session
[Fri Apr 17 15:24:44.238466 2026] [wsgi:error] [pid 9:tid 140125116253888] [remote 10.0.0.110:52198] 2026-04-17 15:24:44.223 9 ERROR keystone.server.flask.application self._end_session_transaction(self.session)
[Fri Apr 17 15:24:44.238469 2026] [wsgi:error] [pid 9:tid 140125116253888] [remote 10.0.0.110:52198] 2026-04-17 15:24:44.223 9 ERROR keystone.server.flask.application
File "/var/lib/openstack/lib/python3.12/site-packages/oslo_db/sqlalchemy/enginefacade.py", line 748, in _end_session_transaction
[Fri Apr 17 15:24:44.238471 2026] [wsgi:error] [pid 9:tid 140125116253888] [remote 10.0.0.110:52198] 2026-04-17 15:24:44.223 9 ERROR keystone.server.flask.application session.commit()
[Fri Apr 17 15:24:44.238473 2026] [wsgi:error] [pid 9:tid 140125116253888] [remote 10.0.0.110:52198] 2026-04-17 15:24:44.223 9 ERROR keystone.server.flask.application
File "/var/lib/openstack/lib/python3.12/site-packages/sqlalchemy/orm/session.py", line 2030, in commit
[Fri Apr 17 15:24:44.238475 2026] [wsgi:error] [pid 9:tid 140125116253888] [remote 10.0.0.110:52198] 2026-04-17 15:24:44.223 9 ERROR keystone.server.flask.application trans.commit(_to_root=True)
[Fri Apr 17 15:24:44.238477 2026] [wsgi:error] [pid 9:tid 140125116253888] [remote 10.0.0.110:52198] 2026-04-17 15:24:44.223 9 ERROR keystone.server.flask.application File "", line 2, in commit
[Fri Apr 17 15:24:44.238479 2026] [wsgi:error] [pid 9:tid 140125116253888] [remote 10.0.0.110:52198] 2026-04-17 15:24:44.223 9 ERROR keystone.server.flask.application
File "/var/lib/openstack/lib/python3.12/site-packages/sqlalchemy/orm/state_changes.py", line 137, in _go
[Fri Apr 17 15:24:44.238481 2026] [wsgi:error] [pid 9:tid 140125116253888] [remote 10.0.0.110:52198] 2026-04-17 15:24:44.223 9 ERROR keystone.server.flask.application ret_value = fn(self, *arg, **kw)
[Fri Apr 17 15:24:44.238483 2026] [wsgi:error] [pid 9:tid 140125116253888] [remote 10.0.0.110:52198] 2026-04-17 15:24:44.223 9 ERROR keystone.server.flask.application ^^^^^^^^^^^^^^^^^^^^
[Fri Apr 17 15:24:44.238486 2026] [wsgi:error] [pid 9:tid 140125116253888] [remote 10.0.0.110:52198] 2026-04-17 15:24:44.223 9 ERROR keystone.server.flask.application
File "/var/lib/openstack/lib/python3.12/site-packages/sqlalchemy/orm/session.py", line 1311, in commit
[Fri Apr 17 15:24:44.238487 2026] [wsgi:error] [pid 9:tid 140125116253888] [remote 10.0.0.110:52198] 2026-04-17 15:24:44.223 9 ERROR keystone.server.flask.application self._prepare_impl()
[Fri Apr 17 15:24:44.238489 2026] [wsgi:error] [pid 9:tid 140125116253888] [remote 10.0.0.110:52198] 2026-04-17 15:24:44.223 9 ERROR keystone.server.flask.application File "", line 2, in _prepare_impl
[Fri Apr 17 15:24:44.238491 2026] [wsgi:error] [pid 9:tid 140125116253888] [remote 10.0.0.110:52198] 2026-04-17 15:24:44.223 9 ERROR keystone.server.flask.application
File "/var/lib/openstack/lib/python3.12/site-packages/sqlalchemy/orm/state_changes.py", line 137, in _go
[Fri Apr 17 15:24:44.238492 2026] [wsgi:error] [pid 9:tid 140125116253888] [remote 10.0.0.110:52198] 2026-04-17 15:24:44.223 9 ERROR keystone.server.flask.application ret_value = fn(self, *arg, **kw)
[Fri Apr 17 15:24:44.238494 2026] [wsgi:error] [pid 9:tid 140125116253888] [remote 10.0.0.110:52198] 2026-04-17 15:24:44.223 9 ERROR keystone.server.flask.application ^^^^^^^^^^^^^^^^^^^^
[Fri Apr 17 15:24:44.238497 2026] [wsgi:error] [pid 9:tid 140125116253888] [remote 10.0.0.110:52198] 2026-04-17 15:24:44.223 9 ERROR keystone.server.flask.application
File "/var/lib/openstack/lib/python3.12/site-packages/sqlalchemy/orm/session.py", line 1286, in _prepare_impl
[Fri Apr 17 15:24:44.238499 2026] [wsgi:error] [pid 9:tid 140125116253888] [remote 10.0.0.110:52198] 2026-04-17 15:24:44.223 9 ERROR keystone.server.flask.application self.session.flush()
[Fri Apr 17 15:24:44.238500 2026] [wsgi:error] [pid 9:tid 140125116253888] [remote 10.0.0.110:52198] 2026-04-17 15:24:44.223 9 ERROR keystone.server.flask.application
File "/var/lib/openstack/lib/python3.12/site-packages/sqlalchemy/orm/session.py", line 4331, in flush
[Fri Apr 17 15:24:44.238503 2026] [wsgi:error] [pid 9:tid 140125116253888] [remote 10.0.0.110:52198] 2026-04-17 15:24:44.223 9 ERROR keystone.server.flask.application self._flush(objects)
[Fri Apr 17 15:24:44.238505 2026] [wsgi:error] [pid 9:tid 140125116253888] [remote 10.0.0.110:52198] 2026-04-17 15:24:44.223 9 ERROR keystone.server.flask.application
File "/var/lib/openstack/lib/python3.12/site-packages/sqlalchemy/orm/session.py", line 4466, in _flush
[Fri Apr 17 15:24:44.238507 2026] [wsgi:error] [pid 9:tid 140125116253888] [remote 10.0.0.110:52198] 2026-04-17 15:24:44.223 9 ERROR keystone.server.flask.application with util.safe_reraise():
[Fri Apr 17 15:24:44.238509 2026] [wsgi:error] [pid 9:tid 140125116253888] [remote 10.0.0.110:52198] 2026-04-17 15:24:44.223 9 ERROR keystone.server.flask.application
File "/var/lib/openstack/lib/python3.12/site-packages/sqlalchemy/util/langhelpers.py", line 121, in __exit__
[Fri Apr 17 15:24:44.238511 2026] [wsgi:error] [pid 9:tid 140125116253888] [remote 10.0.0.110:52198] 2026-04-17 15:24:44.223 9 ERROR keystone.server.flask.application raise exc_value.with_traceback(exc_tb)
[Fri Apr 17 15:24:44.238513 2026] [wsgi:error] [pid 9:tid 140125116253888] [remote 10.0.0.110:52198] 2026-04-17 15:24:44.223 9 ERROR keystone.server.flask.application
File "/var/lib/openstack/lib/python3.12/site-packages/sqlalchemy/orm/session.py", line 4427, in _flush
[Fri Apr 17 15:24:44.238515 2026] [wsgi:error] [pid 9:tid 140125116253888] [remote 10.0.0.110:52198] 2026-04-17 15:24:44.223 9 ERROR keystone.server.flask.application flush_context.execute()
[Fri Apr 17 15:24:44.238516 2026] [wsgi:error] [pid 9:tid 140125116253888] [remote 10.0.0.110:52198] 2026-04-17 15:24:44.223 9 ERROR keystone.server.flask.application
File "/var/lib/openstack/lib/python3.12/site-packages/sqlalchemy/orm/unitofwork.py", line 466, in execute
[Fri Apr 17 15:24:44.238543 2026] [wsgi:error] [pid 9:tid 140125116253888] [remote 10.0.0.110:52198] 2026-04-17 15:24:44.223 9 ERROR keystone.server.flask.application rec.execute(self)
