Apr 11 17:01:05.618029 np0000165169 nova-conductor[111730]: DEBUG cotyledon.oslo_config_glue [-] vmware.use_linked_clone = True {{(pid=111730) log_opt_values /opt/stack/data/venv/lib/python3.12/site-packages/oslo_config/cfg.py:3006}}
Apr 11 17:01:05.618236 np0000165169 nova-conductor[111730]: DEBUG cotyledon.oslo_config_glue [-] vmware.vnc_keymap = en-us {{(pid=111730) log_opt_values /opt/stack/data/venv/lib/python3.12/site-packages/oslo_config/cfg.py:3006}}
Apr 11 17:01:05.618236 np0000165169 nova-conductor[111730]: DEBUG cotyledon.oslo_config_glue [-] vmware.vnc_port = 5900 {{(pid=111730) log_opt_values /opt/stack/data/venv/lib/python3.12/site-packages/oslo_config/cfg.py:3006}}
Apr 11 17:01:05.618236 np0000165169 nova-conductor[111730]: DEBUG cotyledon.oslo_config_glue [-] vmware.vnc_port_total = 10000 {{(pid=111730) log_opt_values /opt/stack/data/venv/lib/python3.12/site-packages/oslo_config/cfg.py:3006}}
Apr 11 17:01:05.618236 np0000165169 nova-conductor[111730]: DEBUG cotyledon.oslo_config_glue [-] vnc.auth_schemes = ['none'] {{(pid=111730) log_opt_values /opt/stack/data/venv/lib/python3.12/site-packages/oslo_config/cfg.py:3006}}
Apr 11 17:01:05.618236 np0000165169 nova-conductor[111730]: DEBUG cotyledon.oslo_config_glue [-] vnc.enabled = True {{(pid=111730) log_opt_values /opt/stack/data/venv/lib/python3.12/site-packages/oslo_config/cfg.py:3006}}
Apr 11 17:01:05.618349 np0000165169 nova-conductor[111736]: INFO nova.service [-] Starting conductor node (version 33.1.0)
Apr 11 17:01:05.618405 np0000165169 nova-conductor[111730]: DEBUG cotyledon.oslo_config_glue [-] vnc.novncproxy_base_url = http://127.0.0.1:6080/vnc_auto.html {{(pid=111730) log_opt_values /opt/stack/data/venv/lib/python3.12/site-packages/oslo_config/cfg.py:3006}}
Apr 11 17:01:05.618405 np0000165169 nova-conductor[111730]: DEBUG cotyledon.oslo_config_glue [-] vnc.novncproxy_host = 0.0.0.0 {{(pid=111730) log_opt_values /opt/stack/data/venv/lib/python3.12/site-packages/oslo_config/cfg.py:3006}}
Apr 11 17:01:05.618405 np0000165169 nova-conductor[111730]: DEBUG cotyledon.oslo_config_glue [-] vnc.novncproxy_port = 6080 {{(pid=111730) log_opt_values /opt/stack/data/venv/lib/python3.12/site-packages/oslo_config/cfg.py:3006}}
Apr 11 17:01:05.618405 np0000165169 nova-conductor[111730]: DEBUG cotyledon.oslo_config_glue [-] vnc.server_listen = 127.0.0.1 {{(pid=111730) log_opt_values /opt/stack/data/venv/lib/python3.12/site-packages/oslo_config/cfg.py:3006}}
Apr 11 17:01:05.618405 np0000165169 nova-conductor[111730]: DEBUG cotyledon.oslo_config_glue [-] vnc.server_proxyclient_address = 127.0.0.1 {{(pid=111730) log_opt_values /opt/stack/data/venv/lib/python3.12/site-packages/oslo_config/cfg.py:3006}}
Apr 11 17:01:05.618405 np0000165169 nova-conductor[111730]: DEBUG cotyledon.oslo_config_glue [-] vnc.vencrypt_ca_certs = None {{(pid=111730) log_opt_values /opt/stack/data/venv/lib/python3.12/site-packages/oslo_config/cfg.py:3006}}
Apr 11 17:01:05.618405 np0000165169 nova-conductor[111730]: DEBUG cotyledon.oslo_config_glue [-] vnc.vencrypt_client_cert = None {{(pid=111730) log_opt_values /opt/stack/data/venv/lib/python3.12/site-packages/oslo_config/cfg.py:3006}}
Apr 11 17:01:05.618405 np0000165169 nova-conductor[111730]: DEBUG cotyledon.oslo_config_glue [-] vnc.vencrypt_client_key = None {{(pid=111730) log_opt_values /opt/stack/data/venv/lib/python3.12/site-packages/oslo_config/cfg.py:3006}}
Apr 11 17:01:05.618405 np0000165169 nova-conductor[111730]: DEBUG cotyledon.oslo_config_glue [-] workarounds.disable_compute_service_check_for_ffu = False {{(pid=111730) log_opt_values /opt/stack/data/venv/lib/python3.12/site-packages/oslo_config/cfg.py:3006}}
Apr 11 17:01:05.618607 np0000165169 nova-conductor[111730]: DEBUG cotyledon.oslo_config_glue [-] workarounds.disable_deep_image_inspection = False {{(pid=111730) log_opt_values /opt/stack/data/venv/lib/python3.12/site-packages/oslo_config/cfg.py:3006}}
Apr 11 17:01:05.618607 np0000165169 nova-conductor[111730]: DEBUG cotyledon.oslo_config_glue [-] workarounds.disable_fallback_pcpu_query = False {{(pid=111730) log_opt_values /opt/stack/data/venv/lib/python3.12/site-packages/oslo_config/cfg.py:3006}}
Apr 11 17:01:05.618607 np0000165169 nova-conductor[111730]: DEBUG cotyledon.oslo_config_glue [-] workarounds.disable_group_policy_check_upcall = False {{(pid=111730) log_opt_values /opt/stack/data/venv/lib/python3.12/site-packages/oslo_config/cfg.py:3006}}
Apr 11 17:01:05.618607 np0000165169 nova-conductor[111730]: DEBUG cotyledon.oslo_config_glue [-] workarounds.disable_libvirt_livesnapshot = False {{(pid=111730) log_opt_values /opt/stack/data/venv/lib/python3.12/site-packages/oslo_config/cfg.py:3006}}
Apr 11 17:01:05.618607 np0000165169 nova-conductor[111730]: DEBUG cotyledon.oslo_config_glue [-] workarounds.disable_rootwrap = False {{(pid=111730) log_opt_values /opt/stack/data/venv/lib/python3.12/site-packages/oslo_config/cfg.py:3006}}
Apr 11 17:01:05.618607 np0000165169 nova-conductor[111730]: DEBUG cotyledon.oslo_config_glue [-] workarounds.enable_numa_live_migration = False {{(pid=111730) log_opt_values /opt/stack/data/venv/lib/python3.12/site-packages/oslo_config/cfg.py:3006}}
Apr 11 17:01:05.618607 np0000165169 nova-conductor[111730]: DEBUG cotyledon.oslo_config_glue [-] workarounds.enable_qemu_monitor_announce_self = False {{(pid=111730) log_opt_values /opt/stack/data/venv/lib/python3.12/site-packages/oslo_config/cfg.py:3006}}
Apr 11 17:01:05.618607 np0000165169 nova-conductor[111730]: DEBUG cotyledon.oslo_config_glue [-] workarounds.ensure_libvirt_rbd_instance_dir_cleanup = False {{(pid=111730) log_opt_values /opt/stack/data/venv/lib/python3.12/site-packages/oslo_config/cfg.py:3006}}
Apr 11 17:01:05.618607 np0000165169 nova-conductor[111730]: DEBUG cotyledon.oslo_config_glue [-] workarounds.handle_virt_lifecycle_events = True {{(pid=111730) log_opt_values /opt/stack/data/venv/lib/python3.12/site-packages/oslo_config/cfg.py:3006}}
Apr 11 17:01:05.618804 np0000165169 nova-conductor[111730]: DEBUG cotyledon.oslo_config_glue [-] workarounds.libvirt_disable_apic = False {{(pid=111730) log_opt_values /opt/stack/data/venv/lib/python3.12/site-packages/oslo_config/cfg.py:3006}}
Apr 11 17:01:05.618804 np0000165169 nova-conductor[111730]: DEBUG cotyledon.oslo_config_glue [-] workarounds.never_download_image_if_on_rbd = False {{(pid=111730) log_opt_values /opt/stack/data/venv/lib/python3.12/site-packages/oslo_config/cfg.py:3006}}
Apr 11 17:01:05.618804 np0000165169 nova-conductor[111730]: DEBUG cotyledon.oslo_config_glue [-] workarounds.qemu_monitor_announce_self_count = 3 {{(pid=111730) log_opt_values /opt/stack/data/venv/lib/python3.12/site-packages/oslo_config/cfg.py:3006}}
Apr 11 17:01:05.618804 np0000165169 nova-conductor[111730]: DEBUG cotyledon.oslo_config_glue [-] workarounds.qemu_monitor_announce_self_interval = 1 {{(pid=111730) log_opt_values /opt/stack/data/venv/lib/python3.12/site-packages/oslo_config/cfg.py:3006}}
Apr 11 17:01:05.618804 np0000165169 nova-conductor[111730]: DEBUG cotyledon.oslo_config_glue [-] workarounds.reserve_disk_resource_for_image_cache = False {{(pid=111730) log_opt_values /opt/stack/data/venv/lib/python3.12/site-packages/oslo_config/cfg.py:3006}}
Apr 11 17:01:05.618804 np0000165169 nova-conductor[111730]: DEBUG cotyledon.oslo_config_glue [-] workarounds.skip_cpu_compare_at_startup = False {{(pid=111730) log_opt_values /opt/stack/data/venv/lib/python3.12/site-packages/oslo_config/cfg.py:3006}}
Apr 11 17:01:05.618804 np0000165169 nova-conductor[111730]: DEBUG cotyledon.oslo_config_glue [-] workarounds.skip_cpu_compare_on_dest = False {{(pid=111730) log_opt_values /opt/stack/data/venv/lib/python3.12/site-packages/oslo_config/cfg.py:3006}}
Apr 11 17:01:05.618804 np0000165169 nova-conductor[111730]: DEBUG cotyledon.oslo_config_glue [-] workarounds.skip_hypervisor_version_check_on_lm = False {{(pid=111730) log_opt_values /opt/stack/data/venv/lib/python3.12/site-packages/oslo_config/cfg.py:3006}}
Apr 11 17:01:05.618804 np0000165169 nova-conductor[111730]: DEBUG cotyledon.oslo_config_glue [-] workarounds.skip_reserve_in_use_ironic_nodes = False {{(pid=111730) log_opt_values /opt/stack/data/venv/lib/python3.12/site-packages/oslo_config/cfg.py:3006}}
Apr 11 17:01:05.619004 np0000165169 nova-conductor[111730]: DEBUG cotyledon.oslo_config_glue [-] workarounds.unified_limits_count_pcpu_as_vcpu = False {{(pid=111730) log_opt_values /opt/stack/data/venv/lib/python3.12/site-packages/oslo_config/cfg.py:3006}}
Apr 11 17:01:05.619004 np0000165169 nova-conductor[111730]: DEBUG cotyledon.oslo_config_glue [-] workarounds.wait_for_vif_plugged_event_during_hard_reboot = [] {{(pid=111730) log_opt_values /opt/stack/data/venv/lib/python3.12/site-packages/oslo_config/cfg.py:3006}}
Apr 11 17:01:05.619004 np0000165169 nova-conductor[111730]: DEBUG cotyledon.oslo_config_glue [-] wsgi.api_paste_config = /etc/nova/api-paste.ini {{(pid=111730) log_opt_values /opt/stack/data/venv/lib/python3.12/site-packages/oslo_config/cfg.py:3006}}
Apr 11 17:01:05.619004 np0000165169 nova-conductor[111730]: DEBUG cotyledon.oslo_config_glue [-] wsgi.secure_proxy_ssl_header = None {{(pid=111730) log_opt_values /opt/stack/data/venv/lib/python3.12/site-packages/oslo_config/cfg.py:3006}}
Apr 11 17:01:05.619004 np0000165169 nova-conductor[111730]: DEBUG cotyledon.oslo_config_glue [-] zvm.ca_file = None {{(pid=111730) log_opt_values /opt/stack/data/venv/lib/python3.12/site-packages/oslo_config/cfg.py:3006}}
Apr 11 17:01:05.619004 np0000165169 nova-conductor[111730]: DEBUG cotyledon.oslo_config_glue [-] zvm.cloud_connector_url = None {{(pid=111730) log_opt_values /opt/stack/data/venv/lib/python3.12/site-packages/oslo_config/cfg.py:3006}}
Apr 11 17:01:05.619004 np0000165169 nova-conductor[111730]: DEBUG cotyledon.oslo_config_glue [-] zvm.image_tmp_path = /opt/stack/data/nova/images {{(pid=111730) log_opt_values /opt/stack/data/venv/lib/python3.12/site-packages/oslo_config/cfg.py:3006}}
Apr 11 17:01:05.619004 np0000165169 nova-conductor[111730]: DEBUG cotyledon.oslo_config_glue [-] zvm.reachable_timeout = 300 {{(pid=111730) log_opt_values /opt/stack/data/venv/lib/python3.12/site-packages/oslo_config/cfg.py:3006}}
Apr 11 17:01:05.619004 np0000165169 nova-conductor[111730]: DEBUG cotyledon.oslo_config_glue [-] oslo_versionedobjects.fatal_exception_format_errors = False {{(pid=111730) log_opt_values /opt/stack/data/venv/lib/python3.12/site-packages/oslo_config/cfg.py:3006}}
Apr 11 17:01:05.619226 np0000165169 nova-conductor[111730]: DEBUG cotyledon.oslo_config_glue [-] oslo_middleware.http_basic_auth_user_file = /etc/htpasswd {{(pid=111730) log_opt_values /opt/stack/data/venv/lib/python3.12/site-packages/oslo_config/cfg.py:3006}}
Apr 11 17:01:05.619226 np0000165169 nova-conductor[111730]: DEBUG cotyledon.oslo_config_glue [-] profiler.connection_string = messaging:// {{(pid=111730) log_opt_values /opt/stack/data/venv/lib/python3.12/site-packages/oslo_config/cfg.py:3006}}
Apr 11 17:01:05.619226 np0000165169 nova-conductor[111730]: DEBUG cotyledon.oslo_config_glue [-] profiler.enabled = False {{(pid=111730) log_opt_values /opt/stack/data/venv/lib/python3.12/site-packages/oslo_config/cfg.py:3006}}
Apr 11 17:01:05.619226 np0000165169 nova-conductor[111730]: DEBUG cotyledon.oslo_config_glue [-] profiler.es_doc_type = notification {{(pid=111730) log_opt_values /opt/stack/data/venv/lib/python3.12/site-packages/oslo_config/cfg.py:3006}}
Apr 11 17:01:05.619226 np0000165169 nova-conductor[111730]: DEBUG cotyledon.oslo_config_glue [-] profiler.es_scroll_size = 10000 {{(pid=111730) log_opt_values /opt/stack/data/venv/lib/python3.12/site-packages/oslo_config/cfg.py:3006}}
Apr 11 17:01:05.619226 np0000165169 nova-conductor[111730]: DEBUG cotyledon.oslo_config_glue [-] profiler.es_scroll_time = 2m {{(pid=111730) log_opt_values /opt/stack/data/venv/lib/python3.12/site-packages/oslo_config/cfg.py:3006}}
Apr 11 17:01:05.619226 np0000165169 nova-conductor[111730]: DEBUG cotyledon.oslo_config_glue [-] profiler.filter_error_trace = False {{(pid=111730) log_opt_values /opt/stack/data/venv/lib/python3.12/site-packages/oslo_config/cfg.py:3006}}
Apr 11 17:01:05.619226 np0000165169 nova-conductor[111730]: DEBUG cotyledon.oslo_config_glue [-] profiler.hmac_keys = **** {{(pid=111730) log_opt_values /opt/stack/data/venv/lib/python3.12/site-packages/oslo_config/cfg.py:3006}}
Apr 11 17:01:05.619226 np0000165169 nova-conductor[111730]: DEBUG cotyledon.oslo_config_glue [-] profiler.sentinel_service_name = mymaster {{(pid=111730) log_opt_values /opt/stack/data/venv/lib/python3.12/site-packages/oslo_config/cfg.py:3006}}
Apr 11 17:01:05.619430 np0000165169 nova-conductor[111730]: DEBUG cotyledon.oslo_config_glue [-] profiler.socket_timeout = 0.1 {{(pid=111730) log_opt_values /opt/stack/data/venv/lib/python3.12/site-packages/oslo_config/cfg.py:3006}}
Apr 11 17:01:05.619430 np0000165169 nova-conductor[111730]: DEBUG cotyledon.oslo_config_glue [-] profiler.trace_requests = False {{(pid=111730) log_opt_values /opt/stack/data/venv/lib/python3.12/site-packages/oslo_config/cfg.py:3006}}
Apr 11 17:01:05.619430 np0000165169 nova-conductor[111730]: DEBUG cotyledon.oslo_config_glue [-] profiler.trace_sqlalchemy = False {{(pid=111730) log_opt_values /opt/stack/data/venv/lib/python3.12/site-packages/oslo_config/cfg.py:3006}}
Apr 11 17:01:05.619430 np0000165169 nova-conductor[111730]: DEBUG cotyledon.oslo_config_glue [-] profiler_jaeger.process_tags = {} {{(pid=111730) log_opt_values /opt/stack/data/venv/lib/python3.12/site-packages/oslo_config/cfg.py:3006}}
Apr 11 17:01:05.619430 np0000165169 nova-conductor[111730]: DEBUG cotyledon.oslo_config_glue [-] profiler_jaeger.service_name_prefix = None {{(pid=111730) log_opt_values /opt/stack/data/venv/lib/python3.12/site-packages/oslo_config/cfg.py:3006}}
Apr 11 17:01:05.619430 np0000165169 nova-conductor[111730]: DEBUG cotyledon.oslo_config_glue [-] profiler_otlp.service_name_prefix = None {{(pid=111730) log_opt_values /opt/stack/data/venv/lib/python3.12/site-packages/oslo_config/cfg.py:3006}}
Apr 11 17:01:05.619430 np0000165169 nova-conductor[111730]: DEBUG cotyledon.oslo_config_glue [-] oslo_messaging_rabbit.amqp_auto_delete = False {{(pid=111730) log_opt_values /opt/stack/data/venv/lib/python3.12/site-packages/oslo_config/cfg.py:3006}}
Apr 11 17:01:05.619430 np0000165169 nova-conductor[111730]: DEBUG cotyledon.oslo_config_glue [-] oslo_messaging_rabbit.amqp_durable_queues = False {{(pid=111730) log_opt_values /opt/stack/data/venv/lib/python3.12/site-packages/oslo_config/cfg.py:3006}}
Apr 11 17:01:05.619430 np0000165169 nova-conductor[111730]: DEBUG cotyledon.oslo_config_glue [-] oslo_messaging_rabbit.conn_pool_min_size = 2 {{(pid=111730) log_opt_values /opt/stack/data/venv/lib/python3.12/site-packages/oslo_config/cfg.py:3006}}
Apr 11 17:01:05.619634 np0000165169 nova-conductor[111730]: DEBUG cotyledon.oslo_config_glue [-] oslo_messaging_rabbit.conn_pool_ttl = 1200 {{(pid=111730) log_opt_values /opt/stack/data/venv/lib/python3.12/site-packages/oslo_config/cfg.py:3006}}
Apr 11 17:01:05.619634 np0000165169 nova-conductor[111730]: DEBUG cotyledon.oslo_config_glue [-] oslo_messaging_rabbit.direct_mandatory_flag = True {{(pid=111730) log_opt_values /opt/stack/data/venv/lib/python3.12/site-packages/oslo_config/cfg.py:3006}}
Apr 11 17:01:05.619634 np0000165169 nova-conductor[111730]: DEBUG cotyledon.oslo_config_glue [-] oslo_messaging_rabbit.enable_cancel_on_failover = False {{(pid=111730) log_opt_values /opt/stack/data/venv/lib/python3.12/site-packages/oslo_config/cfg.py:3006}}
Apr 11 17:01:05.619634 np0000165169 nova-conductor[111730]: DEBUG cotyledon.oslo_config_glue [-] oslo_messaging_rabbit.heartbeat_in_pthread = False {{(pid=111730) log_opt_values /opt/stack/data/venv/lib/python3.12/site-packages/oslo_config/cfg.py:3006}}
Apr 11 17:01:05.619634 np0000165169 nova-conductor[111730]: DEBUG cotyledon.oslo_config_glue [-] oslo_messaging_rabbit.heartbeat_rate = 3 {{(pid=111730) log_opt_values /opt/stack/data/venv/lib/python3.12/site-packages/oslo_config/cfg.py:3006}}
Apr 11 17:01:05.619634 np0000165169 nova-conductor[111730]: DEBUG cotyledon.oslo_config_glue [-] oslo_messaging_rabbit.heartbeat_timeout_threshold = 60 {{(pid=111730) log_opt_values /opt/stack/data/venv/lib/python3.12/site-packages/oslo_config/cfg.py:3006}}
Apr 11 17:01:05.619634 np0000165169 nova-conductor[111730]: DEBUG cotyledon.oslo_config_glue [-] oslo_messaging_rabbit.hostname = np0000165169 {{(pid=111730) log_opt_values /opt/stack/data/venv/lib/python3.12/site-packages/oslo_config/cfg.py:3006}}
Apr 11 17:01:05.619634 np0000165169 nova-conductor[111730]: DEBUG cotyledon.oslo_config_glue [-] oslo_messaging_rabbit.kombu_compression = None {{(pid=111730) log_opt_values /opt/stack/data/venv/lib/python3.12/site-packages/oslo_config/cfg.py:3006}}
Apr 11 17:01:05.619634 np0000165169 nova-conductor[111730]: DEBUG cotyledon.oslo_config_glue [-] oslo_messaging_rabbit.kombu_failover_strategy = round-robin {{(pid=111730) log_opt_values /opt/stack/data/venv/lib/python3.12/site-packages/oslo_config/cfg.py:3006}}
Apr 11 17:01:05.619832 np0000165169 nova-conductor[111730]: DEBUG cotyledon.oslo_config_glue [-] oslo_messaging_rabbit.kombu_missing_consumer_retry_timeout = 60 {{(pid=111730) log_opt_values /opt/stack/data/venv/lib/python3.12/site-packages/oslo_config/cfg.py:3006}}
Apr 11 17:01:05.619832 np0000165169 nova-conductor[111730]: DEBUG cotyledon.oslo_config_glue [-] oslo_messaging_rabbit.kombu_reconnect_delay = 1.0 {{(pid=111730) log_opt_values /opt/stack/data/venv/lib/python3.12/site-packages/oslo_config/cfg.py:3006}}
Apr 11 17:01:05.619832 np0000165169 nova-conductor[111730]: DEBUG cotyledon.oslo_config_glue [-] oslo_messaging_rabbit.kombu_reconnect_splay = 0.0 {{(pid=111730) log_opt_values /opt/stack/data/venv/lib/python3.12/site-packages/oslo_config/cfg.py:3006}}
Apr 11 17:01:05.619832 np0000165169 nova-conductor[111730]: DEBUG cotyledon.oslo_config_glue [-] oslo_messaging_rabbit.processname = nova-conductor {{(pid=111730) log_opt_values /opt/stack/data/venv/lib/python3.12/site-packages/oslo_config/cfg.py:3006}}
Apr 11 17:01:05.619832 np0000165169 nova-conductor[111730]: DEBUG cotyledon.oslo_config_glue [-] oslo_messaging_rabbit.rabbit_ha_queues = False {{(pid=111730) log_opt_values /opt/stack/data/venv/lib/python3.12/site-packages/oslo_config/cfg.py:3006}}
Apr 11 17:01:05.619832 np0000165169 nova-conductor[111730]: DEBUG cotyledon.oslo_config_glue [-] oslo_messaging_rabbit.rabbit_interval_max = 30 {{(pid=111730) log_opt_values /opt/stack/data/venv/lib/python3.12/site-packages/oslo_config/cfg.py:3006}}
Apr 11 17:01:05.619832 np0000165169 nova-conductor[111730]: DEBUG cotyledon.oslo_config_glue [-] oslo_messaging_rabbit.rabbit_login_method = AMQPLAIN {{(pid=111730) log_opt_values /opt/stack/data/venv/lib/python3.12/site-packages/oslo_config/cfg.py:3006}}
Apr 11 17:01:05.619832 np0000165169 nova-conductor[111730]: DEBUG cotyledon.oslo_config_glue [-] oslo_messaging_rabbit.rabbit_qos_prefetch_count = 0 {{(pid=111730) log_opt_values /opt/stack/data/venv/lib/python3.12/site-packages/oslo_config/cfg.py:3006}}
Apr 11 17:01:05.620003 np0000165169 nova-conductor[111730]: DEBUG cotyledon.oslo_config_glue [-] oslo_messaging_rabbit.rabbit_quorum_delivery_limit = 0 {{(pid=111730) log_opt_values /opt/stack/data/venv/lib/python3.12/site-packages/oslo_config/cfg.py:3006}}
Apr 11 17:01:05.620003 np0000165169 nova-conductor[111730]: DEBUG cotyledon.oslo_config_glue [-] oslo_messaging_rabbit.rabbit_quorum_max_memory_bytes = 0 {{(pid=111730) log_opt_values /opt/stack/data/venv/lib/python3.12/site-packages/oslo_config/cfg.py:3006}}
Apr 11 17:01:05.620003 np0000165169 nova-conductor[111730]: DEBUG cotyledon.oslo_config_glue [-] oslo_messaging_rabbit.rabbit_quorum_max_memory_length = 0 {{(pid=111730) log_opt_values /opt/stack/data/venv/lib/python3.12/site-packages/oslo_config/cfg.py:3006}}
Apr 11 17:01:05.620003 np0000165169 nova-conductor[111730]: DEBUG cotyledon.oslo_config_glue [-] oslo_messaging_rabbit.rabbit_quorum_queue = False {{(pid=111730) log_opt_values /opt/stack/data/venv/lib/python3.12/site-packages/oslo_config/cfg.py:3006}}
Apr 11 17:01:05.620003 np0000165169 nova-conductor[111730]: DEBUG cotyledon.oslo_config_glue [-] oslo_messaging_rabbit.rabbit_retry_backoff = 2 {{(pid=111730) log_opt_values /opt/stack/data/venv/lib/python3.12/site-packages/oslo_config/cfg.py:3006}}
Apr 11 17:01:05.620003 np0000165169 nova-conductor[111730]: DEBUG cotyledon.oslo_config_glue [-] oslo_messaging_rabbit.rabbit_retry_interval = 1 {{(pid=111730) log_opt_values /opt/stack/data/venv/lib/python3.12/site-packages/oslo_config/cfg.py:3006}}
Apr 11 17:01:05.620003 np0000165169 nova-conductor[111730]: DEBUG cotyledon.oslo_config_glue [-] oslo_messaging_rabbit.rabbit_stream_fanout = False {{(pid=111730) log_opt_values /opt/stack/data/venv/lib/python3.12/site-packages/oslo_config/cfg.py:3006}}
Apr 11 17:01:05.620003 np0000165169 nova-conductor[111730]: DEBUG cotyledon.oslo_config_glue [-] oslo_messaging_rabbit.rabbit_transient_queues_ttl = 1800 {{(pid=111730) log_opt_values /opt/stack/data/venv/lib/python3.12/site-packages/oslo_config/cfg.py:3006}}
Apr 11 17:01:05.620194 np0000165169 nova-conductor[111730]: DEBUG cotyledon.oslo_config_glue [-] oslo_messaging_rabbit.rabbit_transient_quorum_queue = False {{(pid=111730) log_opt_values /opt/stack/data/venv/lib/python3.12/site-packages/oslo_config/cfg.py:3006}}
Apr 11 17:01:05.620194 np0000165169 nova-conductor[111730]: DEBUG cotyledon.oslo_config_glue [-] oslo_messaging_rabbit.rpc_conn_pool_size = 30 {{(pid=111730) log_opt_values /opt/stack/data/venv/lib/python3.12/site-packages/oslo_config/cfg.py:3006}}
Apr 11 17:01:05.620194 np0000165169 nova-conductor[111730]: DEBUG cotyledon.oslo_config_glue [-] oslo_messaging_rabbit.ssl = False {{(pid=111730) log_opt_values /opt/stack/data/venv/lib/python3.12/site-packages/oslo_config/cfg.py:3006}}
Apr 11 17:01:05.620194 np0000165169 nova-conductor[111730]: DEBUG cotyledon.oslo_config_glue [-] oslo_messaging_rabbit.ssl_ca_file = {{(pid=111730) log_opt_values /opt/stack/data/venv/lib/python3.12/site-packages/oslo_config/cfg.py:3006}}
Apr 11 17:01:05.620194 np0000165169 nova-conductor[111730]: DEBUG cotyledon.oslo_config_glue [-] oslo_messaging_rabbit.ssl_cert_file = {{(pid=111730) log_opt_values /opt/stack/data/venv/lib/python3.12/site-packages/oslo_config/cfg.py:3006}}
Apr 11 17:01:05.620194 np0000165169 nova-conductor[111730]: DEBUG cotyledon.oslo_config_glue [-] oslo_messaging_rabbit.ssl_enforce_fips_mode = False {{(pid=111730) log_opt_values /opt/stack/data/venv/lib/python3.12/site-packages/oslo_config/cfg.py:3006}}
Apr 11 17:01:05.620194 np0000165169 nova-conductor[111730]: DEBUG cotyledon.oslo_config_glue [-] oslo_messaging_rabbit.ssl_key_file = {{(pid=111730) log_opt_values /opt/stack/data/venv/lib/python3.12/site-packages/oslo_config/cfg.py:3006}}
Apr 11 17:01:05.620194 np0000165169 nova-conductor[111730]: DEBUG cotyledon.oslo_config_glue [-] oslo_messaging_rabbit.ssl_version = {{(pid=111730) log_opt_values /opt/stack/data/venv/lib/python3.12/site-packages/oslo_config/cfg.py:3006}}
Apr 11 17:01:05.620194 np0000165169 nova-conductor[111730]: DEBUG cotyledon.oslo_config_glue [-] oslo_messaging_rabbit.use_queue_manager = False {{(pid=111730) log_opt_values /opt/stack/data/venv/lib/python3.12/site-packages/oslo_config/cfg.py:3006}}
Apr 11 17:01:05.620395 np0000165169 nova-conductor[111730]: DEBUG cotyledon.oslo_config_glue [-] oslo_messaging_notifications.driver = ['messagingv2'] {{(pid=111730) log_opt_values /opt/stack/data/venv/lib/python3.12/site-packages/oslo_config/cfg.py:3006}}
Apr 11 17:01:05.620395 np0000165169 nova-conductor[111730]: DEBUG cotyledon.oslo_config_glue [-] oslo_messaging_notifications.retry = -1 {{(pid=111730) log_opt_values /opt/stack/data/venv/lib/python3.12/site-packages/oslo_config/cfg.py:3006}}
Apr 11 17:01:05.620395 np0000165169 nova-conductor[111730]: DEBUG cotyledon.oslo_config_glue [-] oslo_messaging_notifications.topics = ['notifications'] {{(pid=111730) log_opt_values /opt/stack/data/venv/lib/python3.12/site-packages/oslo_config/cfg.py:3006}}
Apr 11 17:01:05.620395 np0000165169 nova-conductor[111730]: DEBUG cotyledon.oslo_config_glue [-] oslo_messaging_notifications.transport_url = **** {{(pid=111730) log_opt_values /opt/stack/data/venv/lib/python3.12/site-packages/oslo_config/cfg.py:3006}}
Apr 11 17:01:05.620395 np0000165169 nova-conductor[111730]: DEBUG cotyledon.oslo_config_glue [-] oslo_limit.auth_section = None {{(pid=111730) log_opt_values /opt/stack/data/venv/lib/python3.12/site-packages/oslo_config/cfg.py:3006}}
Apr 11 17:01:05.620395 np0000165169 nova-conductor[111730]: DEBUG cotyledon.oslo_config_glue [-] oslo_limit.auth_type = None {{(pid=111730) log_opt_values /opt/stack/data/venv/lib/python3.12/site-packages/oslo_config/cfg.py:3006}}
Apr 11 17:01:05.620395 np0000165169 nova-conductor[111730]: DEBUG cotyledon.oslo_config_glue [-] oslo_limit.cafile = None {{(pid=111730) log_opt_values /opt/stack/data/venv/lib/python3.12/site-packages/oslo_config/cfg.py:3006}}
Apr 11 17:01:05.620395 np0000165169 nova-conductor[111730]: DEBUG cotyledon.oslo_config_glue [-] oslo_limit.certfile = None {{(pid=111730) log_opt_values /opt/stack/data/venv/lib/python3.12/site-packages/oslo_config/cfg.py:3006}}
Apr 11 17:01:05.620395 np0000165169 nova-conductor[111730]: DEBUG cotyledon.oslo_config_glue [-] oslo_limit.collect_timing = False {{(pid=111730) log_opt_values /opt/stack/data/venv/lib/python3.12/site-packages/oslo_config/cfg.py:3006}}
Apr 11 17:01:05.620600 np0000165169 nova-conductor[111730]: DEBUG cotyledon.oslo_config_glue [-] oslo_limit.connect_retries = None {{(pid=111730) log_opt_values /opt/stack/data/venv/lib/python3.12/site-packages/oslo_config/cfg.py:3006}}
Apr 11 17:01:05.620600 np0000165169 nova-conductor[111730]: DEBUG cotyledon.oslo_config_glue [-] oslo_limit.connect_retry_delay = None {{(pid=111730) log_opt_values /opt/stack/data/venv/lib/python3.12/site-packages/oslo_config/cfg.py:3006}}
Apr 11 17:01:05.620600 np0000165169 nova-conductor[111730]: DEBUG cotyledon.oslo_config_glue [-] oslo_limit.endpoint_id = None {{(pid=111730) log_opt_values /opt/stack/data/venv/lib/python3.12/site-packages/oslo_config/cfg.py:3006}}
Apr 11 17:01:05.620600 np0000165169 nova-conductor[111730]: DEBUG cotyledon.oslo_config_glue [-] oslo_limit.endpoint_interface = public {{(pid=111730) log_opt_values /opt/stack/data/venv/lib/python3.12/site-packages/oslo_config/cfg.py:3006}}
Apr 11 17:01:05.620600 np0000165169 nova-conductor[111730]: DEBUG cotyledon.oslo_config_glue [-] oslo_limit.endpoint_override = None {{(pid=111730) log_opt_values /opt/stack/data/venv/lib/python3.12/site-packages/oslo_config/cfg.py:3006}}
Apr 11 17:01:05.620600 np0000165169 nova-conductor[111730]: DEBUG cotyledon.oslo_config_glue [-] oslo_limit.endpoint_region_name = None {{(pid=111730) log_opt_values /opt/stack/data/venv/lib/python3.12/site-packages/oslo_config/cfg.py:3006}}
Apr 11 17:01:05.620600 np0000165169 nova-conductor[111730]: DEBUG cotyledon.oslo_config_glue [-] oslo_limit.endpoint_service_name = None {{(pid=111730) log_opt_values /opt/stack/data/venv/lib/python3.12/site-packages/oslo_config/cfg.py:3006}}
Apr 11 17:01:05.620600 np0000165169 nova-conductor[111730]: DEBUG cotyledon.oslo_config_glue [-] oslo_limit.endpoint_service_type = None {{(pid=111730) log_opt_values /opt/stack/data/venv/lib/python3.12/site-packages/oslo_config/cfg.py:3006}}
Apr 11 17:01:05.620600 np0000165169 nova-conductor[111730]: DEBUG cotyledon.oslo_config_glue [-] oslo_limit.insecure = False {{(pid=111730) log_opt_values /opt/stack/data/venv/lib/python3.12/site-packages/oslo_config/cfg.py:3006}}
Apr 11 17:01:05.620807 np0000165169 nova-conductor[111730]: DEBUG cotyledon.oslo_config_glue [-] oslo_limit.keyfile = None {{(pid=111730) log_opt_values /opt/stack/data/venv/lib/python3.12/site-packages/oslo_config/cfg.py:3006}}
Apr 11 17:01:05.620807 np0000165169 nova-conductor[111730]: DEBUG cotyledon.oslo_config_glue [-] oslo_limit.max_version = None {{(pid=111730) log_opt_values /opt/stack/data/venv/lib/python3.12/site-packages/oslo_config/cfg.py:3006}}
Apr 11 17:01:05.620807 np0000165169 nova-conductor[111730]: DEBUG cotyledon.oslo_config_glue [-] oslo_limit.min_version = None {{(pid=111730) log_opt_values /opt/stack/data/venv/lib/python3.12/site-packages/oslo_config/cfg.py:3006}}
Apr 11 17:01:05.620807 np0000165169 nova-conductor[111730]: DEBUG cotyledon.oslo_config_glue [-] oslo_limit.region_name = None {{(pid=111730) log_opt_values /opt/stack/data/venv/lib/python3.12/site-packages/oslo_config/cfg.py:3006}}
Apr 11 17:01:05.620807 np0000165169 nova-conductor[111730]: DEBUG cotyledon.oslo_config_glue [-] oslo_limit.retriable_status_codes = None {{(pid=111730) log_opt_values /opt/stack/data/venv/lib/python3.12/site-packages/oslo_config/cfg.py:3006}}
Apr 11 17:01:05.620807 np0000165169 nova-conductor[111730]: DEBUG cotyledon.oslo_config_glue [-] oslo_limit.service_name = None {{(pid=111730) log_opt_values /opt/stack/data/venv/lib/python3.12/site-packages/oslo_config/cfg.py:3006}}
Apr 11 17:01:05.620807 np0000165169 nova-conductor[111730]: DEBUG cotyledon.oslo_config_glue [-] oslo_limit.service_type = None {{(pid=111730) log_opt_values /opt/stack/data/venv/lib/python3.12/site-packages/oslo_config/cfg.py:3006}}
Apr 11 17:01:05.620807 np0000165169 nova-conductor[111730]: DEBUG cotyledon.oslo_config_glue [-] oslo_limit.split_loggers = False {{(pid=111730) log_opt_values /opt/stack/data/venv/lib/python3.12/site-packages/oslo_config/cfg.py:3006}}
Apr 11 17:01:05.620807 np0000165169 nova-conductor[111730]: DEBUG cotyledon.oslo_config_glue [-] oslo_limit.status_code_retries = None {{(pid=111730) log_opt_values /opt/stack/data/venv/lib/python3.12/site-packages/oslo_config/cfg.py:3006}}
Apr 11 17:01:05.621000 np0000165169 nova-conductor[111730]: DEBUG cotyledon.oslo_config_glue [-] oslo_limit.status_code_retry_delay = None {{(pid=111730) log_opt_values /opt/stack/data/venv/lib/python3.12/site-packages/oslo_config/cfg.py:3006}}
Apr 11 17:01:05.621000 np0000165169 nova-conductor[111730]: DEBUG cotyledon.oslo_config_glue [-] oslo_limit.timeout = None {{(pid=111730) log_opt_values /opt/stack/data/venv/lib/python3.12/site-packages/oslo_config/cfg.py:3006}}
Apr 11 17:01:05.621000 np0000165169 nova-conductor[111730]: DEBUG cotyledon.oslo_config_glue [-] oslo_limit.valid_interfaces = None {{(pid=111730) log_opt_values /opt/stack/data/venv/lib/python3.12/site-packages/oslo_config/cfg.py:3006}}
Apr 11 17:01:05.621000 np0000165169 nova-conductor[111730]: DEBUG cotyledon.oslo_config_glue [-] oslo_limit.version = None {{(pid=111730) log_opt_values /opt/stack/data/venv/lib/python3.12/site-packages/oslo_config/cfg.py:3006}}
Apr 11 17:01:05.621000 np0000165169 nova-conductor[111730]: DEBUG cotyledon.oslo_config_glue [-] oslo_reports.file_event_handler = None {{(pid=111730) log_opt_values /opt/stack/data/venv/lib/python3.12/site-packages/oslo_config/cfg.py:3006}}
Apr 11 17:01:05.621000 np0000165169 nova-conductor[111730]: DEBUG cotyledon.oslo_config_glue [-] oslo_reports.file_event_handler_interval = 1 {{(pid=111730) log_opt_values /opt/stack/data/venv/lib/python3.12/site-packages/oslo_config/cfg.py:3006}}
Apr 11 17:01:05.621000 np0000165169 nova-conductor[111730]: DEBUG cotyledon.oslo_config_glue [-] oslo_reports.log_dir = None {{(pid=111730) log_opt_values /opt/stack/data/venv/lib/python3.12/site-packages/oslo_config/cfg.py:3006}}
Apr 11 17:01:05.621000 np0000165169 nova-conductor[111730]: DEBUG cotyledon.oslo_config_glue [-] ******************************************************************************** {{(pid=111730) log_opt_values /opt/stack/data/venv/lib/python3.12/site-packages/oslo_config/cfg.py:3013}}
Apr 11 17:01:05.621000 np0000165169 nova-conductor[111730]: DEBUG cotyledon._service_worker [-] Run service ServiceWrapper(2) [111730] {{(pid=111730) wait_forever /opt/stack/data/venv/lib/python3.12/site-packages/cotyledon/_service_worker.py:218}}
Apr 11 17:01:05.621226 np0000165169 nova-conductor[111730]: INFO nova.service [-] Starting conductor node (version 33.1.0)
Apr 11 17:01:05.621253 np0000165169 nova-conductor[111736]: INFO dbcounter [None req-0fbf5c54-3784-4c2d-9e0b-08727ddfdc3e None None] Registered counter for database nova_cell0
Apr 11 17:01:05.621277 np0000165169 nova-conductor[111719]: DEBUG dbcounter [-] [111719] Writer thread running {{(pid=111719) stat_writer /opt/stack/data/venv/lib/python3.12/site-packages/dbcounter.py:102}}
Apr 11 17:01:05.621306 np0000165169 nova-conductor[111736]: DEBUG oslo_db.sqlalchemy.engines [None req-0fbf5c54-3784-4c2d-9e0b-08727ddfdc3e None None] MySQL server mode set to STRICT_TRANS_TABLES,STRICT_ALL_TABLES,NO_ZERO_IN_DATE,NO_ZERO_DATE,ERROR_FOR_DIVISION_BY_ZERO,TRADITIONAL,NO_ENGINE_SUBSTITUTION {{(pid=111736) _check_effective_sql_mode /opt/stack/data/venv/lib/python3.12/site-packages/oslo_db/sqlalchemy/engines.py:325}}
Apr 11 17:01:05.622099 np0000165169 nova-conductor[111730]: INFO dbcounter [None req-0b3e2244-5c33-48e1-bd45-594e4e3267f5 None None] Registered counter for database nova_cell0
Apr 11 17:01:05.629697 np0000165169 nova-conductor[111730]: DEBUG oslo_db.sqlalchemy.engines [None req-0b3e2244-5c33-48e1-bd45-594e4e3267f5 None None] MySQL server mode set to STRICT_TRANS_TABLES,STRICT_ALL_TABLES,NO_ZERO_IN_DATE,NO_ZERO_DATE,ERROR_FOR_DIVISION_BY_ZERO,TRADITIONAL,NO_ENGINE_SUBSTITUTION {{(pid=111730) _check_effective_sql_mode /opt/stack/data/venv/lib/python3.12/site-packages/oslo_db/sqlalchemy/engines.py:325}}
Apr 11 17:01:05.630127 np0000165169 nova-conductor[111736]: DEBUG dbcounter [-] [111736] Writer thread running {{(pid=111736) stat_writer /opt/stack/data/venv/lib/python3.12/site-packages/dbcounter.py:102}}
Apr 11 17:01:05.641186 np0000165169 nova-conductor[111712]: DEBUG nova.service [None req-c71e641d-7220-4ab4-8e66-62f7a7f2f16e None None] Creating RPC server for service: nova-conductor on topic: conductor {{(pid=111712) start /opt/stack/nova/nova/service.py:195}}
Apr 11 17:01:05.642494 np0000165169 nova-conductor[111730]: DEBUG dbcounter [-] [111730] Writer thread running {{(pid=111730) stat_writer /opt/stack/data/venv/lib/python3.12/site-packages/dbcounter.py:102}}
Apr 11 17:01:05.646140 np0000165169 nova-conductor[111730]: DEBUG nova.service [None req-0b3e2244-5c33-48e1-bd45-594e4e3267f5 None None] Creating RPC server for service: nova-conductor on topic: conductor {{(pid=111730) start /opt/stack/nova/nova/service.py:195}}
Apr 11 17:01:05.647259 np0000165169 nova-conductor[111719]: DEBUG nova.service [None req-37df76cc-5502-4b02-836d-c51a38034eff None None] Creating RPC server for service: nova-conductor on topic: conductor {{(pid=111719) start /opt/stack/nova/nova/service.py:195}}
Apr 11 17:01:05.647298 np0000165169 nova-conductor[111736]: DEBUG nova.service [None req-0fbf5c54-3784-4c2d-9e0b-08727ddfdc3e None None] Creating RPC server for service: nova-conductor on topic: conductor {{(pid=111736) start /opt/stack/nova/nova/service.py:195}}
Apr 11 17:01:05.681622 np0000165169 nova-conductor[111730]: DEBUG nova.service [None req-0b3e2244-5c33-48e1-bd45-594e4e3267f5 None None] Join ServiceGroup membership for this service conductor {{(pid=111730) start /opt/stack/nova/nova/service.py:221}}
Apr 11 17:01:05.681622 np0000165169 nova-conductor[111730]: DEBUG nova.servicegroup.drivers.db [None req-0b3e2244-5c33-48e1-bd45-594e4e3267f5 None None] DB_Driver: join new ServiceGroup member np0000165169 to the conductor group, service = {{(pid=111730) join /opt/stack/nova/nova/servicegroup/drivers/db.py:44}}
Apr 11 17:01:05.682247 np0000165169 nova-conductor[111719]: DEBUG nova.service [None req-37df76cc-5502-4b02-836d-c51a38034eff None None] Join ServiceGroup membership for this service conductor {{(pid=111719) start /opt/stack/nova/nova/service.py:221}}
Apr 11 17:01:05.682614 np0000165169 nova-conductor[111719]: DEBUG nova.servicegroup.drivers.db [None req-37df76cc-5502-4b02-836d-c51a38034eff None None] DB_Driver: join new ServiceGroup member np0000165169 to the conductor group, service = {{(pid=111719) join /opt/stack/nova/nova/servicegroup/drivers/db.py:44}}
Apr 11 17:01:05.683406 np0000165169 nova-conductor[111712]: DEBUG nova.service [None req-c71e641d-7220-4ab4-8e66-62f7a7f2f16e None None] Join ServiceGroup membership for this service conductor {{(pid=111712) start /opt/stack/nova/nova/service.py:221}}
Apr 11 17:01:05.684850 np0000165169 nova-conductor[111712]: DEBUG nova.servicegroup.drivers.db [None req-c71e641d-7220-4ab4-8e66-62f7a7f2f16e None None] DB_Driver: join new ServiceGroup member np0000165169 to the conductor group, service = {{(pid=111712) join /opt/stack/nova/nova/servicegroup/drivers/db.py:44}}
Apr 11 17:01:05.687485 np0000165169 nova-conductor[111736]: DEBUG nova.service [None req-0fbf5c54-3784-4c2d-9e0b-08727ddfdc3e None None] Join ServiceGroup membership for this service conductor {{(pid=111736) start /opt/stack/nova/nova/service.py:221}}
Apr 11 17:01:05.687832 np0000165169 nova-conductor[111736]: DEBUG nova.servicegroup.drivers.db [None req-0fbf5c54-3784-4c2d-9e0b-08727ddfdc3e None None] DB_Driver: join new ServiceGroup member np0000165169 to the conductor group, service = {{(pid=111736) join /opt/stack/nova/nova/servicegroup/drivers/db.py:44}}
Apr 11 17:01:10.743273 np0000165169 nova-conductor[111719]: DEBUG oslo.service.backend._threading.loopingcall [-] Fixed interval looping call 'nova.servicegroup.drivers.db.DbDriver._report_state' sleeping for 119.94 seconds {{(pid=111719) _run_loop /opt/stack/data/venv/lib/python3.12/site-packages/oslo_service/backend/_threading/loopingcall.py:125}}
Apr 11 17:01:10.744668 np0000165169 nova-conductor[111730]: DEBUG oslo.service.backend._threading.loopingcall [-] Fixed interval looping call 'nova.servicegroup.drivers.db.DbDriver._report_state' sleeping for 119.94 seconds {{(pid=111730) _run_loop /opt/stack/data/venv/lib/python3.12/site-packages/oslo_service/backend/_threading/loopingcall.py:125}}
Apr 11 17:01:10.746629 np0000165169 nova-conductor[111736]: DEBUG oslo.service.backend._threading.loopingcall [-] Fixed interval looping call 'nova.servicegroup.drivers.db.DbDriver._report_state' sleeping for 119.94 seconds {{(pid=111736) _run_loop /opt/stack/data/venv/lib/python3.12/site-packages/oslo_service/backend/_threading/loopingcall.py:125}}
Apr 11 17:01:10.747680 np0000165169 nova-conductor[111712]: DEBUG oslo.service.backend._threading.loopingcall [-] Fixed interval looping call 'nova.servicegroup.drivers.db.DbDriver._report_state' sleeping for 119.94 seconds {{(pid=111712) _run_loop /opt/stack/data/venv/lib/python3.12/site-packages/oslo_service/backend/_threading/loopingcall.py:125}}
Apr 11 17:01:14.230342 np0000165169 nova-conductor[110853]: DEBUG dbcounter [-] [110853] Writing DB stats nova_api:SELECT=1 {{(pid=110853) stat_writer /opt/stack/data/venv/lib/python3.12/site-packages/dbcounter.py:115}}
Apr 11 17:01:14.334530 np0000165169 nova-conductor[110853]: DEBUG dbcounter [-] [110853] Writing DB stats nova_cell0:SELECT=1 {{(pid=110853) stat_writer /opt/stack/data/venv/lib/python3.12/site-packages/dbcounter.py:115}}
Apr 11 17:01:14.340344 np0000165169 nova-conductor[110853]: DEBUG dbcounter [-] [110853] Writing DB stats nova_cell1:SELECT=1 {{(pid=110853) stat_writer /opt/stack/data/venv/lib/python3.12/site-packages/dbcounter.py:115}}
Apr 11 17:01:20.694552 np0000165169 nova-conductor[111719]: DEBUG dbcounter [-] [111719] Writing DB stats nova_cell0:SELECT=5,nova_cell0:INSERT=1,nova_cell0:UPDATE=1 {{(pid=111719) stat_writer /opt/stack/data/venv/lib/python3.12/site-packages/dbcounter.py:115}}
Apr 11 17:01:20.696961 np0000165169 nova-conductor[111730]: DEBUG dbcounter [-] [111730] Writing DB stats nova_cell0:SELECT=3,nova_cell0:UPDATE=1 {{(pid=111730) stat_writer /opt/stack/data/venv/lib/python3.12/site-packages/dbcounter.py:115}}
Apr 11 17:01:20.698944 np0000165169 nova-conductor[111736]: DEBUG dbcounter [-] [111736] Writing DB stats nova_cell0:SELECT=5,nova_cell0:INSERT=1,nova_cell0:UPDATE=1 {{(pid=111736) stat_writer /opt/stack/data/venv/lib/python3.12/site-packages/dbcounter.py:115}}
Apr 11 17:01:20.700109 np0000165169 nova-conductor[111712]: DEBUG dbcounter [-] [111712] Writing DB stats nova_cell0:SELECT=4,nova_cell0:INSERT=1,nova_cell0:UPDATE=1 {{(pid=111712) stat_writer /opt/stack/data/venv/lib/python3.12/site-packages/dbcounter.py:115}}
Apr 11 17:01:28.688651 np0000165169 nova-conductor[111712]: DEBUG oslo.service.backend._threading.loopingcall [None req-f73d1d18-93f3-450e-97cc-a9d1d0b90e28 None None] Dynamic interval looping call 'nova.service.Service.periodic_tasks' sleeping for 60.00 seconds {{(pid=111712) _run_loop /opt/stack/data/venv/lib/python3.12/site-packages/oslo_service/backend/_threading/loopingcall.py:125}}
Apr 11 17:01:29.690425 np0000165169 nova-conductor[111736]: DEBUG oslo.service.backend._threading.loopingcall [None req-a0cd8039-8394-4f94-b50b-4b1c71774ffb None None] Dynamic interval looping call 'nova.service.Service.periodic_tasks' sleeping for 60.00 seconds {{(pid=111736) _run_loop /opt/stack/data/venv/lib/python3.12/site-packages/oslo_service/backend/_threading/loopingcall.py:125}}
Apr 11 17:01:36.686254 np0000165169 nova-conductor[111719]: DEBUG oslo.service.backend._threading.loopingcall [None req-02aa9679-0ce0-4f85-abfa-cbd8e35715ab None None] Dynamic interval looping call 'nova.service.Service.periodic_tasks' sleeping for 60.00 seconds {{(pid=111719) _run_loop /opt/stack/data/venv/lib/python3.12/site-packages/oslo_service/backend/_threading/loopingcall.py:125}}
Apr 11 17:01:43.685057 np0000165169 nova-conductor[111730]: DEBUG oslo.service.backend._threading.loopingcall [None req-42452a50-8966-4f3c-abe0-bf71cebcfaca None None] Dynamic interval looping call 'nova.service.Service.periodic_tasks' sleeping for 60.00 seconds {{(pid=111730) _run_loop /opt/stack/data/venv/lib/python3.12/site-packages/oslo_service/backend/_threading/loopingcall.py:125}}
Apr 11 17:02:28.689826 np0000165169 nova-conductor[111712]: DEBUG oslo.service.backend._threading.loopingcall [None req-f73d1d18-93f3-450e-97cc-a9d1d0b90e28 None None] Dynamic interval looping call 'nova.service.Service.periodic_tasks' sleeping for 60.00 seconds {{(pid=111712) _run_loop /opt/stack/data/venv/lib/python3.12/site-packages/oslo_service/backend/_threading/loopingcall.py:125}}
Apr 11 17:02:29.691541 np0000165169 nova-conductor[111736]: DEBUG oslo.service.backend._threading.loopingcall [None req-a0cd8039-8394-4f94-b50b-4b1c71774ffb None None] Dynamic interval looping call 'nova.service.Service.periodic_tasks' sleeping for 60.00 seconds {{(pid=111736) _run_loop /opt/stack/data/venv/lib/python3.12/site-packages/oslo_service/backend/_threading/loopingcall.py:125}}
Apr 11 17:02:36.686926 np0000165169 nova-conductor[111719]: DEBUG oslo.service.backend._threading.loopingcall [None req-02aa9679-0ce0-4f85-abfa-cbd8e35715ab None None] Dynamic interval looping call 'nova.service.Service.periodic_tasks' sleeping for 60.00 seconds {{(pid=111719) _run_loop /opt/stack/data/venv/lib/python3.12/site-packages/oslo_service/backend/_threading/loopingcall.py:125}}
Apr 11 17:02:43.685972 np0000165169 nova-conductor[111730]: DEBUG oslo.service.backend._threading.loopingcall [None req-42452a50-8966-4f3c-abe0-bf71cebcfaca None None] Dynamic interval looping call 'nova.service.Service.periodic_tasks' sleeping for 60.00 seconds {{(pid=111730) _run_loop /opt/stack/data/venv/lib/python3.12/site-packages/oslo_service/backend/_threading/loopingcall.py:125}}
Apr 11 17:03:10.696845 np0000165169 nova-conductor[111730]: DEBUG oslo.service.backend._threading.loopingcall [-] Fixed interval looping call 'nova.servicegroup.drivers.db.DbDriver._report_state' sleeping for 119.99 seconds {{(pid=111730) _run_loop /opt/stack/data/venv/lib/python3.12/site-packages/oslo_service/backend/_threading/loopingcall.py:125}}
Apr 11 17:03:10.697692 np0000165169 nova-conductor[111719]: DEBUG oslo.service.backend._threading.loopingcall [-] Fixed interval looping call 'nova.servicegroup.drivers.db.DbDriver._report_state' sleeping for 119.99 seconds {{(pid=111719) _run_loop /opt/stack/data/venv/lib/python3.12/site-packages/oslo_service/backend/_threading/loopingcall.py:125}}
Apr 11 17:03:10.698172 np0000165169 nova-conductor[111736]: DEBUG oslo.service.backend._threading.loopingcall [-] Fixed interval looping call 'nova.servicegroup.drivers.db.DbDriver._report_state' sleeping for 119.99 seconds {{(pid=111736) _run_loop /opt/stack/data/venv/lib/python3.12/site-packages/oslo_service/backend/_threading/loopingcall.py:125}}
Apr 11 17:03:10.698580 np0000165169 nova-conductor[111712]: DEBUG oslo.service.backend._threading.loopingcall [-] Fixed interval looping call 'nova.servicegroup.drivers.db.DbDriver._report_state' sleeping for 119.99 seconds {{(pid=111712) _run_loop /opt/stack/data/venv/lib/python3.12/site-packages/oslo_service/backend/_threading/loopingcall.py:125}}
Apr 11 17:03:20.689095 np0000165169 nova-conductor[111719]: DEBUG dbcounter [-] [111719] Writing DB stats nova_cell0:SELECT=1,nova_cell0:UPDATE=1 {{(pid=111719) stat_writer /opt/stack/data/venv/lib/python3.12/site-packages/dbcounter.py:115}}
Apr 11 17:03:20.692176 np0000165169 nova-conductor[111736]: DEBUG dbcounter [-] [111736] Writing DB stats nova_cell0:SELECT=1,nova_cell0:UPDATE=1 {{(pid=111736) stat_writer /opt/stack/data/venv/lib/python3.12/site-packages/dbcounter.py:115}}
Apr 11 17:03:20.694231 np0000165169 nova-conductor[111730]: DEBUG dbcounter [-] [111730] Writing DB stats nova_cell0:SELECT=1,nova_cell0:UPDATE=1 {{(pid=111730) stat_writer /opt/stack/data/venv/lib/python3.12/site-packages/dbcounter.py:115}}
Apr 11 17:03:20.696252 np0000165169 nova-conductor[111712]: DEBUG dbcounter [-] [111712] Writing DB stats nova_cell0:SELECT=1,nova_cell0:UPDATE=1 {{(pid=111712) stat_writer /opt/stack/data/venv/lib/python3.12/site-packages/dbcounter.py:115}}
Apr 11 17:03:28.690536 np0000165169 nova-conductor[111712]: DEBUG oslo.service.backend._threading.loopingcall [None req-f73d1d18-93f3-450e-97cc-a9d1d0b90e28 None None] Dynamic interval looping call 'nova.service.Service.periodic_tasks' sleeping for 60.00 seconds {{(pid=111712) _run_loop /opt/stack/data/venv/lib/python3.12/site-packages/oslo_service/backend/_threading/loopingcall.py:125}}
Apr 11 17:03:29.692401 np0000165169 nova-conductor[111736]: DEBUG oslo.service.backend._threading.loopingcall [None req-a0cd8039-8394-4f94-b50b-4b1c71774ffb None None] Dynamic interval looping call 'nova.service.Service.periodic_tasks' sleeping for 60.00 seconds {{(pid=111736) _run_loop /opt/stack/data/venv/lib/python3.12/site-packages/oslo_service/backend/_threading/loopingcall.py:125}}
Apr 11 17:03:36.687558 np0000165169 nova-conductor[111719]: DEBUG oslo.service.backend._threading.loopingcall [None req-02aa9679-0ce0-4f85-abfa-cbd8e35715ab None None] Dynamic interval looping call 'nova.service.Service.periodic_tasks' sleeping for 60.00 seconds {{(pid=111719) _run_loop /opt/stack/data/venv/lib/python3.12/site-packages/oslo_service/backend/_threading/loopingcall.py:125}}
Apr 11 17:03:43.686728 np0000165169 nova-conductor[111730]: DEBUG oslo.service.backend._threading.loopingcall [None req-42452a50-8966-4f3c-abe0-bf71cebcfaca None None] Dynamic interval looping call 'nova.service.Service.periodic_tasks' sleeping for 60.00 seconds {{(pid=111730) _run_loop /opt/stack/data/venv/lib/python3.12/site-packages/oslo_service/backend/_threading/loopingcall.py:125}}
Apr 11 17:04:28.691315 np0000165169 nova-conductor[111712]: DEBUG oslo.service.backend._threading.loopingcall [None req-f73d1d18-93f3-450e-97cc-a9d1d0b90e28 None None] Dynamic interval looping call 'nova.service.Service.periodic_tasks' sleeping for 60.00 seconds {{(pid=111712) _run_loop /opt/stack/data/venv/lib/python3.12/site-packages/oslo_service/backend/_threading/loopingcall.py:125}}
Apr 11 17:04:29.693467 np0000165169 nova-conductor[111736]: DEBUG oslo.service.backend._threading.loopingcall [None req-a0cd8039-8394-4f94-b50b-4b1c71774ffb None None] Dynamic interval looping call 'nova.service.Service.periodic_tasks' sleeping for 60.00 seconds {{(pid=111736) _run_loop /opt/stack/data/venv/lib/python3.12/site-packages/oslo_service/backend/_threading/loopingcall.py:125}}
Apr 11 17:04:36.688272 np0000165169 nova-conductor[111719]: DEBUG oslo.service.backend._threading.loopingcall [None req-02aa9679-0ce0-4f85-abfa-cbd8e35715ab None None] Dynamic interval looping call 'nova.service.Service.periodic_tasks' sleeping for 60.00 seconds {{(pid=111719) _run_loop /opt/stack/data/venv/lib/python3.12/site-packages/oslo_service/backend/_threading/loopingcall.py:125}}
Apr 11 17:04:43.687413 np0000165169 nova-conductor[111730]: DEBUG oslo.service.backend._threading.loopingcall [None req-42452a50-8966-4f3c-abe0-bf71cebcfaca None None] Dynamic interval looping call 'nova.service.Service.periodic_tasks' sleeping for 60.00 seconds {{(pid=111730) _run_loop /opt/stack/data/venv/lib/python3.12/site-packages/oslo_service/backend/_threading/loopingcall.py:125}}
Apr 11 17:05:10.697043 np0000165169 nova-conductor[111730]: DEBUG oslo.service.backend._threading.loopingcall [-] Fixed interval looping call 'nova.servicegroup.drivers.db.DbDriver._report_state' sleeping for 119.99 seconds {{(pid=111730) _run_loop /opt/stack/data/venv/lib/python3.12/site-packages/oslo_service/backend/_threading/loopingcall.py:125}}
Apr 11 17:05:10.698344 np0000165169 nova-conductor[111712]: DEBUG oslo.service.backend._threading.loopingcall [-] Fixed interval looping call 'nova.servicegroup.drivers.db.DbDriver._report_state' sleeping for 119.99 seconds {{(pid=111712) _run_loop /opt/stack/data/venv/lib/python3.12/site-packages/oslo_service/backend/_threading/loopingcall.py:125}}
