Apr 06 18:19:57.994138 np0000163567 systemd[1]: Starting devstack@n-api.service - Devstack devstack@n-api.service...
Apr 06 18:19:58.005825 np0000163567 devstack@n-api.service[99020]: [uWSGI] getting INI configuration from /etc/nova/nova-api-uwsgi.ini
Apr 06 18:19:58.006479 np0000163567 devstack@n-api.service[99020]: open("./http_plugin.so"): No such file or directory [core/utils.c line 3709]
Apr 06 18:19:58.006479 np0000163567 devstack@n-api.service[99020]: !!! UNABLE to load uWSGI plugin: ./http_plugin.so: cannot open shared object file: No such file or directory !!!
Apr 06 18:19:58.006479 np0000163567 devstack@n-api.service[99020]: open("./python3_plugin.so"): No such file or directory [core/utils.c line 3709]
Apr 06 18:19:58.006479 np0000163567 devstack@n-api.service[99020]: !!! UNABLE to load uWSGI plugin: ./python3_plugin.so: cannot open shared object file: No such file or directory !!!
Apr 06 18:19:58.006479 np0000163567 devstack@n-api.service[99020]: *** Starting uWSGI 2.0.31 (64bit) on [Mon Apr 6 18:19:58 2026] ***
Apr 06 18:19:58.006479 np0000163567 devstack@n-api.service[99020]: compiled with version: 13.3.0 on 06 April 2026 18:10:25
Apr 06 18:19:58.006479 np0000163567 devstack@n-api.service[99020]: os: Linux-6.8.0-107-generic #107-Ubuntu SMP PREEMPT_DYNAMIC Fri Mar 13 19:51:50 UTC 2026
Apr 06 18:19:58.006479 np0000163567 devstack@n-api.service[99020]: nodename: np0000163567
Apr 06 18:19:58.006479 np0000163567 devstack@n-api.service[99020]: machine: x86_64
Apr 06 18:19:58.006479 np0000163567 devstack@n-api.service[99020]: clock source: unix
Apr 06 18:19:58.006479 np0000163567 devstack@n-api.service[99020]: pcre jit disabled
Apr 06 18:19:58.006479 np0000163567 devstack@n-api.service[99020]: detected number of CPU cores: 16
Apr 06 18:19:58.006479 np0000163567 devstack@n-api.service[99020]: current working directory: /
Apr 06 18:19:58.006479 np0000163567 devstack@n-api.service[99020]: detected binary path: /opt/stack/data/venv/bin/uwsgi
Apr 06 18:19:58.006479 np0000163567 devstack@n-api.service[99020]: your processes number limit is 256917
Apr 06 18:19:58.006479 np0000163567 devstack@n-api.service[99020]: your memory page size is 4096 bytes
Apr 06 18:19:58.006479 np0000163567 devstack@n-api.service[99020]: detected max file descriptor number: 2048
Apr 06 18:19:58.006479 np0000163567 devstack@n-api.service[99020]: lock engine: pthread robust mutexes
Apr 06 18:19:58.006479 np0000163567 devstack@n-api.service[99020]: thunder lock: enabled
Apr 06 18:19:58.007424 np0000163567 devstack@n-api.service[99020]: uwsgi socket 0 bound to UNIX address /var/run/uwsgi/nova-api.socket fd 4
Apr 06 18:19:58.007424 np0000163567 devstack@n-api.service[99020]: Python version: 3.12.3 (main, Mar 3 2026, 12:15:18) [GCC 13.3.0]
Apr 06 18:19:58.007424 np0000163567 devstack@n-api.service[99020]: PEP 405 virtualenv detected: /opt/stack/data/venv
Apr 06 18:19:58.007424 np0000163567 devstack@n-api.service[99020]: Set PythonHome to /opt/stack/data/venv
Apr 06 18:19:58.044401 np0000163567 devstack@n-api.service[99020]: Python main interpreter initialized at 0x7110f96a3668
Apr 06 18:19:58.044401 np0000163567 devstack@n-api.service[99020]: python threads support enabled
Apr 06 18:19:58.044401 np0000163567 devstack@n-api.service[99020]: your server socket listen backlog is limited to 100 connections
Apr 06 18:19:58.044401 np0000163567 devstack@n-api.service[99020]: your mercy for graceful operations on workers is 80 seconds
Apr 06 18:19:58.044975 np0000163567 devstack@n-api.service[99020]: mapped 671795 bytes (656 KB) for 4 cores
Apr 06 18:19:58.045125 np0000163567 devstack@n-api.service[99020]: *** Operational MODE: preforking ***
Apr 06 18:19:58.045351 np0000163567 devstack@n-api.service[99020]: *** uWSGI is running in multiple interpreter mode ***
Apr 06 18:19:58.045351 np0000163567 devstack@n-api.service[99020]: spawned uWSGI master process (pid: 99020)
Apr 06 18:19:58.045555 np0000163567 systemd[1]: Started devstack@n-api.service - Devstack devstack@n-api.service.
Apr 06 18:19:58.045998 np0000163567 devstack@n-api.service[99020]: spawned uWSGI worker 1 (pid: 99021, cores: 1)
Apr 06 18:19:58.046421 np0000163567 devstack@n-api.service[99020]: spawned uWSGI worker 2 (pid: 99022, cores: 1)
Apr 06 18:19:58.046854 np0000163567 devstack@n-api.service[99020]: spawned uWSGI worker 3 (pid: 99023, cores: 1)
Apr 06 18:19:58.047688 np0000163567 devstack@n-api.service[99020]: spawned uWSGI worker 4 (pid: 99024, cores: 1)
Apr 06 18:19:58.047688 np0000163567 devstack@n-api.service[99020]: running "unix_signal:15 gracefully_kill_them_all" (master-start)...
Apr 06 18:19:58.379463 np0000163567 devstack@n-api.service[99022]: Service is starting with native threading. This is currently experimental. Do not use it in production without first testing it in pre-production.
Apr 06 18:19:58.395171 np0000163567 devstack@n-api.service[99021]: Service is starting with native threading. This is currently experimental. Do not use it in production without first testing it in pre-production.
Apr 06 18:19:58.402491 np0000163567 devstack@n-api.service[99024]: Service is starting with native threading. This is currently experimental. Do not use it in production without first testing it in pre-production.
Apr 06 18:19:58.459248 np0000163567 devstack@n-api.service[99023]: Service is starting with native threading. This is currently experimental. Do not use it in production without first testing it in pre-production.
Apr 06 18:20:00.413647 np0000163567 devstack@n-api.service[99021]: INFO dbcounter [None req-abc551d9-b745-4d51-9034-1c105e866fc7 None None] Registered counter for database nova_api
Apr 06 18:20:00.426712 np0000163567 devstack@n-api.service[99021]: DEBUG oslo_db.sqlalchemy.engines [None req-abc551d9-b745-4d51-9034-1c105e866fc7 None None] MySQL server mode set to STRICT_TRANS_TABLES,STRICT_ALL_TABLES,NO_ZERO_IN_DATE,NO_ZERO_DATE,ERROR_FOR_DIVISION_BY_ZERO,TRADITIONAL,NO_ENGINE_SUBSTITUTION {{(pid=99021) _check_effective_sql_mode /opt/stack/data/venv/lib/python3.12/site-packages/oslo_db/sqlalchemy/engines.py:325}}
Apr 06 18:20:00.456658 np0000163567 devstack@n-api.service[99024]: INFO dbcounter [None req-02975870-ee1f-4ea1-8d02-4280c4834277 None None] Registered counter for database nova_api
Apr 06 18:20:00.459524 np0000163567 devstack@n-api.service[99021]: DEBUG dbcounter [-] [99021] Writer thread running {{(pid=99021) stat_writer /opt/stack/data/venv/lib/python3.12/site-packages/dbcounter.py:102}}
Apr 06 18:20:00.461697 np0000163567 devstack@n-api.service[99021]: DEBUG nova.context [None req-abc551d9-b745-4d51-9034-1c105e866fc7 None None] Found 2 cells: 00000000-0000-0000-0000-000000000000(cell0),b406a5e2-4659-40a3-a122-5cec79d779dc(cell1) {{(pid=99021) load_cells /opt/stack/nova/nova/context.py:509}}
Apr 06 18:20:00.461926 np0000163567 devstack@n-api.service[99021]: INFO nova.utils [None req-abc551d9-b745-4d51-9034-1c105e866fc7 None None] The cell worker thread pool MainProcess.cell_worker is initialized
Apr 06 18:20:00.463680 np0000163567 devstack@n-api.service[99021]: DEBUG oslo_concurrency.lockutils [None req-abc551d9-b745-4d51-9034-1c105e866fc7 None None] Acquiring lock "00000000-0000-0000-0000-000000000000" by "nova.context.set_target_cell..get_or_set_cached_cell_and_set_connections" {{(pid=99021) inner /opt/stack/data/venv/lib/python3.12/site-packages/oslo_concurrency/lockutils.py:506}}
Apr 06 18:20:00.463843 np0000163567 devstack@n-api.service[99021]: DEBUG oslo_concurrency.lockutils [None req-abc551d9-b745-4d51-9034-1c105e866fc7 None None] Lock "00000000-0000-0000-0000-000000000000" acquired by "nova.context.set_target_cell..get_or_set_cached_cell_and_set_connections" :: waited 0.000s {{(pid=99021) inner /opt/stack/data/venv/lib/python3.12/site-packages/oslo_concurrency/lockutils.py:519}}
Apr 06 18:20:00.464199 np0000163567 devstack@n-api.service[99021]: DEBUG oslo_concurrency.lockutils [None req-abc551d9-b745-4d51-9034-1c105e866fc7 None None] Lock "00000000-0000-0000-0000-000000000000" "released" by "nova.context.set_target_cell..get_or_set_cached_cell_and_set_connections" :: held 0.000s {{(pid=99021) inner /opt/stack/data/venv/lib/python3.12/site-packages/oslo_concurrency/lockutils.py:538}}
Apr 06 18:20:00.465049 np0000163567 devstack@n-api.service[99021]: DEBUG oslo_concurrency.lockutils [None req-abc551d9-b745-4d51-9034-1c105e866fc7 None None] Acquiring lock "b406a5e2-4659-40a3-a122-5cec79d779dc" by "nova.context.set_target_cell..get_or_set_cached_cell_and_set_connections" {{(pid=99021) inner /opt/stack/data/venv/lib/python3.12/site-packages/oslo_concurrency/lockutils.py:506}}
Apr 06 18:20:00.465161 np0000163567 devstack@n-api.service[99021]: DEBUG oslo_concurrency.lockutils [None req-abc551d9-b745-4d51-9034-1c105e866fc7 None None] Lock "b406a5e2-4659-40a3-a122-5cec79d779dc" acquired by "nova.context.set_target_cell..get_or_set_cached_cell_and_set_connections" :: waited 0.000s {{(pid=99021) inner /opt/stack/data/venv/lib/python3.12/site-packages/oslo_concurrency/lockutils.py:519}}
Apr 06 18:20:00.466017 np0000163567 devstack@n-api.service[99021]: DEBUG oslo_concurrency.lockutils [None req-abc551d9-b745-4d51-9034-1c105e866fc7 None None] Lock "b406a5e2-4659-40a3-a122-5cec79d779dc" "released" by "nova.context.set_target_cell..get_or_set_cached_cell_and_set_connections" :: held 0.001s {{(pid=99021) inner /opt/stack/data/venv/lib/python3.12/site-packages/oslo_concurrency/lockutils.py:538}}
Apr 06 18:20:00.468427 np0000163567 devstack@n-api.service[99024]: DEBUG oslo_db.sqlalchemy.engines [None req-02975870-ee1f-4ea1-8d02-4280c4834277 None None] MySQL server mode set to STRICT_TRANS_TABLES,STRICT_ALL_TABLES,NO_ZERO_IN_DATE,NO_ZERO_DATE,ERROR_FOR_DIVISION_BY_ZERO,TRADITIONAL,NO_ENGINE_SUBSTITUTION {{(pid=99024) _check_effective_sql_mode /opt/stack/data/venv/lib/python3.12/site-packages/oslo_db/sqlalchemy/engines.py:325}}
Apr 06 18:20:00.468871 np0000163567 devstack@n-api.service[99022]: INFO dbcounter [None req-6c8478bc-8ffc-4096-a553-418499921759 None None] Registered counter for database nova_api
Apr 06 18:20:00.469335 np0000163567 devstack@n-api.service[99021]: INFO dbcounter [None req-abc551d9-b745-4d51-9034-1c105e866fc7 None None] Registered counter for database nova_cell0
Apr 06 18:20:00.474362 np0000163567 devstack@n-api.service[99021]: INFO dbcounter [None req-abc551d9-b745-4d51-9034-1c105e866fc7 None None] Registered counter for database nova_cell1
Apr 06 18:20:00.480707 np0000163567 devstack@n-api.service[99021]: DEBUG oslo_db.sqlalchemy.engines [None req-abc551d9-b745-4d51-9034-1c105e866fc7 None None] MySQL server mode set to STRICT_TRANS_TABLES,STRICT_ALL_TABLES,NO_ZERO_IN_DATE,NO_ZERO_DATE,ERROR_FOR_DIVISION_BY_ZERO,TRADITIONAL,NO_ENGINE_SUBSTITUTION {{(pid=99021) _check_effective_sql_mode /opt/stack/data/venv/lib/python3.12/site-packages/oslo_db/sqlalchemy/engines.py:325}}
Apr 06 18:20:00.485523 np0000163567 devstack@n-api.service[99021]: DEBUG oslo_db.sqlalchemy.engines [None req-abc551d9-b745-4d51-9034-1c105e866fc7 None None] MySQL server mode set to STRICT_TRANS_TABLES,STRICT_ALL_TABLES,NO_ZERO_IN_DATE,NO_ZERO_DATE,ERROR_FOR_DIVISION_BY_ZERO,TRADITIONAL,NO_ENGINE_SUBSTITUTION {{(pid=99021) _check_effective_sql_mode /opt/stack/data/venv/lib/python3.12/site-packages/oslo_db/sqlalchemy/engines.py:325}}
Apr 06 18:20:00.490482 np0000163567 devstack@n-api.service[99022]: DEBUG oslo_db.sqlalchemy.engines [None req-6c8478bc-8ffc-4096-a553-418499921759 None None] MySQL server mode set to STRICT_TRANS_TABLES,STRICT_ALL_TABLES,NO_ZERO_IN_DATE,NO_ZERO_DATE,ERROR_FOR_DIVISION_BY_ZERO,TRADITIONAL,NO_ENGINE_SUBSTITUTION {{(pid=99022) _check_effective_sql_mode /opt/stack/data/venv/lib/python3.12/site-packages/oslo_db/sqlalchemy/engines.py:325}}
Apr 06 18:20:00.500186 np0000163567 devstack@n-api.service[99024]: DEBUG dbcounter [-] [99024] Writer thread running {{(pid=99024) stat_writer /opt/stack/data/venv/lib/python3.12/site-packages/dbcounter.py:102}}
Apr 06 18:20:00.502672 np0000163567 devstack@n-api.service[99024]: DEBUG nova.context [None req-02975870-ee1f-4ea1-8d02-4280c4834277 None None] Found 2 cells: 00000000-0000-0000-0000-000000000000(cell0),b406a5e2-4659-40a3-a122-5cec79d779dc(cell1) {{(pid=99024) load_cells /opt/stack/nova/nova/context.py:509}}
Apr 06 18:20:00.502902 np0000163567 devstack@n-api.service[99024]: INFO nova.utils [None req-02975870-ee1f-4ea1-8d02-4280c4834277 None None] The cell worker thread pool MainProcess.cell_worker is initialized
Apr 06 18:20:00.504817 np0000163567 devstack@n-api.service[99024]: DEBUG oslo_concurrency.lockutils [None req-02975870-ee1f-4ea1-8d02-4280c4834277 None None] Acquiring lock "00000000-0000-0000-0000-000000000000" by "nova.context.set_target_cell..get_or_set_cached_cell_and_set_connections" {{(pid=99024) inner /opt/stack/data/venv/lib/python3.12/site-packages/oslo_concurrency/lockutils.py:506}}
Apr 06 18:20:00.504992 np0000163567 devstack@n-api.service[99024]: DEBUG oslo_concurrency.lockutils [None req-02975870-ee1f-4ea1-8d02-4280c4834277 None None] Lock "00000000-0000-0000-0000-000000000000" acquired by "nova.context.set_target_cell..get_or_set_cached_cell_and_set_connections" :: waited 0.000s {{(pid=99024) inner /opt/stack/data/venv/lib/python3.12/site-packages/oslo_concurrency/lockutils.py:519}}
Apr 06 18:20:00.505408 np0000163567 devstack@n-api.service[99024]: DEBUG oslo_concurrency.lockutils [None req-02975870-ee1f-4ea1-8d02-4280c4834277 None None] Lock "00000000-0000-0000-0000-000000000000" "released" by "nova.context.set_target_cell..get_or_set_cached_cell_and_set_connections" :: held 0.000s {{(pid=99024) inner /opt/stack/data/venv/lib/python3.12/site-packages/oslo_concurrency/lockutils.py:538}}
Apr 06 18:20:00.506110 np0000163567 devstack@n-api.service[99024]: DEBUG oslo_concurrency.lockutils [None req-02975870-ee1f-4ea1-8d02-4280c4834277 None None] Acquiring lock "b406a5e2-4659-40a3-a122-5cec79d779dc" by "nova.context.set_target_cell..get_or_set_cached_cell_and_set_connections" {{(pid=99024) inner /opt/stack/data/venv/lib/python3.12/site-packages/oslo_concurrency/lockutils.py:506}}
Apr 06 18:20:00.506291 np0000163567 devstack@n-api.service[99024]: DEBUG oslo_concurrency.lockutils [None req-02975870-ee1f-4ea1-8d02-4280c4834277 None None] Lock "b406a5e2-4659-40a3-a122-5cec79d779dc" acquired by "nova.context.set_target_cell..get_or_set_cached_cell_and_set_connections" :: waited 0.000s {{(pid=99024) inner /opt/stack/data/venv/lib/python3.12/site-packages/oslo_concurrency/lockutils.py:519}}
Apr 06 18:20:00.507152 np0000163567 devstack@n-api.service[99024]: DEBUG oslo_concurrency.lockutils [None req-02975870-ee1f-4ea1-8d02-4280c4834277 None None] Lock "b406a5e2-4659-40a3-a122-5cec79d779dc" "released" by "nova.context.set_target_cell..get_or_set_cached_cell_and_set_connections" :: held 0.001s {{(pid=99024) inner /opt/stack/data/venv/lib/python3.12/site-packages/oslo_concurrency/lockutils.py:538}}
Apr 06 18:20:00.508785 np0000163567 devstack@n-api.service[99024]: INFO dbcounter [None req-02975870-ee1f-4ea1-8d02-4280c4834277 None None] Registered counter for database nova_cell0
Apr 06 18:20:00.512493 np0000163567 devstack@n-api.service[99024]: INFO dbcounter [None req-02975870-ee1f-4ea1-8d02-4280c4834277 None None] Registered counter for database nova_cell1
Apr 06 18:20:00.521384 np0000163567 devstack@n-api.service[99024]: DEBUG oslo_db.sqlalchemy.engines [None req-02975870-ee1f-4ea1-8d02-4280c4834277 None None] MySQL server mode set to STRICT_TRANS_TABLES,STRICT_ALL_TABLES,NO_ZERO_IN_DATE,NO_ZERO_DATE,ERROR_FOR_DIVISION_BY_ZERO,TRADITIONAL,NO_ENGINE_SUBSTITUTION {{(pid=99024) _check_effective_sql_mode /opt/stack/data/venv/lib/python3.12/site-packages/oslo_db/sqlalchemy/engines.py:325}}
Apr 06 18:20:00.525413 np0000163567 devstack@n-api.service[99022]: DEBUG dbcounter [-] [99022] Writer thread running {{(pid=99022) stat_writer /opt/stack/data/venv/lib/python3.12/site-packages/dbcounter.py:102}}
Apr 06 18:20:00.527785 np0000163567 devstack@n-api.service[99022]: DEBUG nova.context [None req-6c8478bc-8ffc-4096-a553-418499921759 None None] Found 2 cells: 00000000-0000-0000-0000-000000000000(cell0),b406a5e2-4659-40a3-a122-5cec79d779dc(cell1) {{(pid=99022) load_cells /opt/stack/nova/nova/context.py:509}}
Apr 06 18:20:00.528002 np0000163567 devstack@n-api.service[99022]: INFO nova.utils [None req-6c8478bc-8ffc-4096-a553-418499921759 None None] The cell worker thread pool MainProcess.cell_worker is initialized
Apr 06 18:20:00.529748 np0000163567 devstack@n-api.service[99022]: DEBUG oslo_concurrency.lockutils [None req-6c8478bc-8ffc-4096-a553-418499921759 None None] Acquiring lock "00000000-0000-0000-0000-000000000000" by "nova.context.set_target_cell..get_or_set_cached_cell_and_set_connections" {{(pid=99022) inner /opt/stack/data/venv/lib/python3.12/site-packages/oslo_concurrency/lockutils.py:506}}
Apr 06 18:20:00.529914 np0000163567 devstack@n-api.service[99022]: DEBUG oslo_concurrency.lockutils [None req-6c8478bc-8ffc-4096-a553-418499921759 None None] Lock "00000000-0000-0000-0000-000000000000" acquired by "nova.context.set_target_cell..get_or_set_cached_cell_and_set_connections" :: waited 0.000s {{(pid=99022) inner /opt/stack/data/venv/lib/python3.12/site-packages/oslo_concurrency/lockutils.py:519}}
Apr 06 18:20:00.530315 np0000163567 devstack@n-api.service[99022]: DEBUG oslo_concurrency.lockutils [None req-6c8478bc-8ffc-4096-a553-418499921759 None None] Lock "00000000-0000-0000-0000-000000000000" "released" by "nova.context.set_target_cell..get_or_set_cached_cell_and_set_connections" :: held 0.000s {{(pid=99022) inner /opt/stack/data/venv/lib/python3.12/site-packages/oslo_concurrency/lockutils.py:538}}
Apr 06 18:20:00.531078 np0000163567 devstack@n-api.service[99022]: DEBUG oslo_concurrency.lockutils [None req-6c8478bc-8ffc-4096-a553-418499921759 None None] Acquiring lock "b406a5e2-4659-40a3-a122-5cec79d779dc" by "nova.context.set_target_cell..get_or_set_cached_cell_and_set_connections" {{(pid=99022) inner /opt/stack/data/venv/lib/python3.12/site-packages/oslo_concurrency/lockutils.py:506}}
Apr 06 18:20:00.531218 np0000163567 devstack@n-api.service[99022]: DEBUG oslo_concurrency.lockutils [None req-6c8478bc-8ffc-4096-a553-418499921759 None None] Lock "b406a5e2-4659-40a3-a122-5cec79d779dc" acquired by "nova.context.set_target_cell..get_or_set_cached_cell_and_set_connections" :: waited 0.000s {{(pid=99022) inner /opt/stack/data/venv/lib/python3.12/site-packages/oslo_concurrency/lockutils.py:519}}
Apr 06 18:20:00.532043 np0000163567 devstack@n-api.service[99022]: DEBUG oslo_concurrency.lockutils [None req-6c8478bc-8ffc-4096-a553-418499921759 None None] Lock "b406a5e2-4659-40a3-a122-5cec79d779dc" "released" by "nova.context.set_target_cell..get_or_set_cached_cell_and_set_connections" :: held 0.001s {{(pid=99022) inner /opt/stack/data/venv/lib/python3.12/site-packages/oslo_concurrency/lockutils.py:538}}
Apr 06 18:20:00.532379 np0000163567 devstack@n-api.service[99024]: DEBUG oslo_db.sqlalchemy.engines [None req-02975870-ee1f-4ea1-8d02-4280c4834277 None None] MySQL server mode set to STRICT_TRANS_TABLES,STRICT_ALL_TABLES,NO_ZERO_IN_DATE,NO_ZERO_DATE,ERROR_FOR_DIVISION_BY_ZERO,TRADITIONAL,NO_ENGINE_SUBSTITUTION {{(pid=99024) _check_effective_sql_mode /opt/stack/data/venv/lib/python3.12/site-packages/oslo_db/sqlalchemy/engines.py:325}}
Apr 06 18:20:00.534937 np0000163567 devstack@n-api.service[99022]: INFO dbcounter [None req-6c8478bc-8ffc-4096-a553-418499921759 None None] Registered counter for database nova_cell0
Apr 06 18:20:00.541014 np0000163567 devstack@n-api.service[99022]: INFO dbcounter [None req-6c8478bc-8ffc-4096-a553-418499921759 None None] Registered counter for database nova_cell1
Apr 06 18:20:00.552119 np0000163567 devstack@n-api.service[99022]: DEBUG oslo_db.sqlalchemy.engines [None req-6c8478bc-8ffc-4096-a553-418499921759 None None] MySQL server mode set to STRICT_TRANS_TABLES,STRICT_ALL_TABLES,NO_ZERO_IN_DATE,NO_ZERO_DATE,ERROR_FOR_DIVISION_BY_ZERO,TRADITIONAL,NO_ENGINE_SUBSTITUTION {{(pid=99022) _check_effective_sql_mode /opt/stack/data/venv/lib/python3.12/site-packages/oslo_db/sqlalchemy/engines.py:325}}
Apr 06 18:20:00.553484 np0000163567 devstack@n-api.service[99023]: INFO dbcounter [None req-651fc3f3-f7c9-4eb4-88d3-d5833910d971 None None] Registered counter for database nova_api
Apr 06 18:20:00.563247 np0000163567 devstack@n-api.service[99022]: DEBUG oslo_db.sqlalchemy.engines [None req-6c8478bc-8ffc-4096-a553-418499921759 None None] MySQL server mode set to STRICT_TRANS_TABLES,STRICT_ALL_TABLES,NO_ZERO_IN_DATE,NO_ZERO_DATE,ERROR_FOR_DIVISION_BY_ZERO,TRADITIONAL,NO_ENGINE_SUBSTITUTION {{(pid=99022) _check_effective_sql_mode /opt/stack/data/venv/lib/python3.12/site-packages/oslo_db/sqlalchemy/engines.py:325}}
Apr 06 18:20:00.569015 np0000163567 devstack@n-api.service[99023]: DEBUG oslo_db.sqlalchemy.engines [None req-651fc3f3-f7c9-4eb4-88d3-d5833910d971 None None] MySQL server mode set to STRICT_TRANS_TABLES,STRICT_ALL_TABLES,NO_ZERO_IN_DATE,NO_ZERO_DATE,ERROR_FOR_DIVISION_BY_ZERO,TRADITIONAL,NO_ENGINE_SUBSTITUTION {{(pid=99023) _check_effective_sql_mode /opt/stack/data/venv/lib/python3.12/site-packages/oslo_db/sqlalchemy/engines.py:325}}
Apr 06 18:20:00.570164 np0000163567 devstack@n-api.service[99021]: DEBUG dbcounter [-] [99021] Writer thread running {{(pid=99021) stat_writer /opt/stack/data/venv/lib/python3.12/site-packages/dbcounter.py:102}}
Apr 06 18:20:00.575209 np0000163567 devstack@n-api.service[99021]: DEBUG dbcounter [-] [99021] Writer thread running {{(pid=99021) stat_writer /opt/stack/data/venv/lib/python3.12/site-packages/dbcounter.py:102}}
Apr 06 18:20:00.579274 np0000163567 devstack@n-api.service[99021]: INFO dbcounter [None req-abc551d9-b745-4d51-9034-1c105e866fc7 None None] Registered counter for database nova_cell0
Apr 06 18:20:00.589360 np0000163567 devstack@n-api.service[99021]: DEBUG oslo_db.sqlalchemy.engines [None req-abc551d9-b745-4d51-9034-1c105e866fc7 None None] MySQL server mode set to STRICT_TRANS_TABLES,STRICT_ALL_TABLES,NO_ZERO_IN_DATE,NO_ZERO_DATE,ERROR_FOR_DIVISION_BY_ZERO,TRADITIONAL,NO_ENGINE_SUBSTITUTION {{(pid=99021) _check_effective_sql_mode /opt/stack/data/venv/lib/python3.12/site-packages/oslo_db/sqlalchemy/engines.py:325}}
Apr 06 18:20:00.598458 np0000163567 devstack@n-api.service[99021]: DEBUG dbcounter [-] [99021] Writer thread running {{(pid=99021) stat_writer /opt/stack/data/venv/lib/python3.12/site-packages/dbcounter.py:102}}
Apr 06 18:20:00.605331 np0000163567 devstack@n-api.service[99023]: DEBUG dbcounter [-] [99023] Writer thread running {{(pid=99023) stat_writer /opt/stack/data/venv/lib/python3.12/site-packages/dbcounter.py:102}}
Apr 06 18:20:00.607945 np0000163567 devstack@n-api.service[99023]: DEBUG nova.context [None req-651fc3f3-f7c9-4eb4-88d3-d5833910d971 None None] Found 2 cells: 00000000-0000-0000-0000-000000000000(cell0),b406a5e2-4659-40a3-a122-5cec79d779dc(cell1) {{(pid=99023) load_cells /opt/stack/nova/nova/context.py:509}}
Apr 06 18:20:00.608257 np0000163567 devstack@n-api.service[99023]: INFO nova.utils [None req-651fc3f3-f7c9-4eb4-88d3-d5833910d971 None None] The cell worker thread pool MainProcess.cell_worker is initialized
Apr 06 18:20:00.610878 np0000163567 devstack@n-api.service[99023]: DEBUG oslo_concurrency.lockutils [None req-651fc3f3-f7c9-4eb4-88d3-d5833910d971 None None] Acquiring lock "00000000-0000-0000-0000-000000000000" by "nova.context.set_target_cell..get_or_set_cached_cell_and_set_connections" {{(pid=99023) inner /opt/stack/data/venv/lib/python3.12/site-packages/oslo_concurrency/lockutils.py:506}}
Apr 06 18:20:00.611042 np0000163567 devstack@n-api.service[99023]: DEBUG oslo_concurrency.lockutils [None req-651fc3f3-f7c9-4eb4-88d3-d5833910d971 None None] Lock "00000000-0000-0000-0000-000000000000" acquired by "nova.context.set_target_cell..get_or_set_cached_cell_and_set_connections" :: waited 0.000s {{(pid=99023) inner /opt/stack/data/venv/lib/python3.12/site-packages/oslo_concurrency/lockutils.py:519}}
Apr 06 18:20:00.611396 np0000163567 devstack@n-api.service[99023]: DEBUG oslo_concurrency.lockutils [None req-651fc3f3-f7c9-4eb4-88d3-d5833910d971 None None] Lock "00000000-0000-0000-0000-000000000000" "released" by "nova.context.set_target_cell..get_or_set_cached_cell_and_set_connections" :: held 0.000s {{(pid=99023) inner /opt/stack/data/venv/lib/python3.12/site-packages/oslo_concurrency/lockutils.py:538}}
Apr 06 18:20:00.612104 np0000163567 devstack@n-api.service[99023]: DEBUG oslo_concurrency.lockutils [None req-651fc3f3-f7c9-4eb4-88d3-d5833910d971 None None] Acquiring lock "b406a5e2-4659-40a3-a122-5cec79d779dc" by "nova.context.set_target_cell..get_or_set_cached_cell_and_set_connections" {{(pid=99023) inner /opt/stack/data/venv/lib/python3.12/site-packages/oslo_concurrency/lockutils.py:506}}
Apr 06 18:20:00.612251 np0000163567 devstack@n-api.service[99023]: DEBUG oslo_concurrency.lockutils [None req-651fc3f3-f7c9-4eb4-88d3-d5833910d971 None None] Lock "b406a5e2-4659-40a3-a122-5cec79d779dc" acquired by "nova.context.set_target_cell..get_or_set_cached_cell_and_set_connections" :: waited 0.000s {{(pid=99023) inner /opt/stack/data/venv/lib/python3.12/site-packages/oslo_concurrency/lockutils.py:519}}
Apr 06 18:20:00.613058 np0000163567 devstack@n-api.service[99023]: DEBUG oslo_concurrency.lockutils [None req-651fc3f3-f7c9-4eb4-88d3-d5833910d971 None None] Lock "b406a5e2-4659-40a3-a122-5cec79d779dc" "released" by "nova.context.set_target_cell..get_or_set_cached_cell_and_set_connections" :: held 0.001s {{(pid=99023) inner /opt/stack/data/venv/lib/python3.12/site-packages/oslo_concurrency/lockutils.py:538}}
Apr 06 18:20:00.617900 np0000163567 devstack@n-api.service[99023]: INFO dbcounter [None req-651fc3f3-f7c9-4eb4-88d3-d5833910d971 None None] Registered counter for database nova_cell0
Apr 06 18:20:00.620779 np0000163567 devstack@n-api.service[99023]: INFO dbcounter [None req-651fc3f3-f7c9-4eb4-88d3-d5833910d971 None None] Registered counter for database nova_cell1
Apr 06 18:20:00.621553 np0000163567 devstack@n-api.service[99024]: DEBUG dbcounter [-] [99024] Writer thread running {{(pid=99024) stat_writer /opt/stack/data/venv/lib/python3.12/site-packages/dbcounter.py:102}}
Apr 06 18:20:00.624925 np0000163567 devstack@n-api.service[99024]: DEBUG dbcounter [-] [99024] Writer thread running {{(pid=99024) stat_writer /opt/stack/data/venv/lib/python3.12/site-packages/dbcounter.py:102}}
Apr 06 18:20:00.631105 np0000163567 devstack@n-api.service[99023]: DEBUG oslo_db.sqlalchemy.engines [None req-651fc3f3-f7c9-4eb4-88d3-d5833910d971 None None] MySQL server mode set to STRICT_TRANS_TABLES,STRICT_ALL_TABLES,NO_ZERO_IN_DATE,NO_ZERO_DATE,ERROR_FOR_DIVISION_BY_ZERO,TRADITIONAL,NO_ENGINE_SUBSTITUTION {{(pid=99023) _check_effective_sql_mode /opt/stack/data/venv/lib/python3.12/site-packages/oslo_db/sqlalchemy/engines.py:325}}
Apr 06 18:20:00.634756 np0000163567 devstack@n-api.service[99023]: DEBUG oslo_db.sqlalchemy.engines [None req-651fc3f3-f7c9-4eb4-88d3-d5833910d971 None None] MySQL server mode set to STRICT_TRANS_TABLES,STRICT_ALL_TABLES,NO_ZERO_IN_DATE,NO_ZERO_DATE,ERROR_FOR_DIVISION_BY_ZERO,TRADITIONAL,NO_ENGINE_SUBSTITUTION {{(pid=99023) _check_effective_sql_mode /opt/stack/data/venv/lib/python3.12/site-packages/oslo_db/sqlalchemy/engines.py:325}}
Apr 06 18:20:00.654836 np0000163567 devstack@n-api.service[99022]: DEBUG dbcounter [-] [99022] Writer thread running {{(pid=99022) stat_writer /opt/stack/data/venv/lib/python3.12/site-packages/dbcounter.py:102}}
Apr 06 18:20:00.657152 np0000163567 devstack@n-api.service[99022]: DEBUG dbcounter [-] [99022] Writer thread running {{(pid=99022) stat_writer /opt/stack/data/venv/lib/python3.12/site-packages/dbcounter.py:102}}
Apr 06 18:20:00.680829 np0000163567 devstack@n-api.service[99024]: INFO dbcounter [None req-02975870-ee1f-4ea1-8d02-4280c4834277 None None] Registered counter for database nova_cell0
Apr 06 18:20:00.683012 np0000163567 devstack@n-api.service[99022]: INFO dbcounter [None req-6c8478bc-8ffc-4096-a553-418499921759 None None] Registered counter for database nova_cell0
Apr 06 18:20:00.692942 np0000163567 devstack@n-api.service[99024]: DEBUG oslo_db.sqlalchemy.engines [None req-02975870-ee1f-4ea1-8d02-4280c4834277 None None] MySQL server mode set to STRICT_TRANS_TABLES,STRICT_ALL_TABLES,NO_ZERO_IN_DATE,NO_ZERO_DATE,ERROR_FOR_DIVISION_BY_ZERO,TRADITIONAL,NO_ENGINE_SUBSTITUTION {{(pid=99024) _check_effective_sql_mode /opt/stack/data/venv/lib/python3.12/site-packages/oslo_db/sqlalchemy/engines.py:325}}
Apr 06 18:20:00.697973 np0000163567 devstack@n-api.service[99022]: DEBUG oslo_db.sqlalchemy.engines [None req-6c8478bc-8ffc-4096-a553-418499921759 None None] MySQL server mode set to STRICT_TRANS_TABLES,STRICT_ALL_TABLES,NO_ZERO_IN_DATE,NO_ZERO_DATE,ERROR_FOR_DIVISION_BY_ZERO,TRADITIONAL,NO_ENGINE_SUBSTITUTION {{(pid=99022) _check_effective_sql_mode /opt/stack/data/venv/lib/python3.12/site-packages/oslo_db/sqlalchemy/engines.py:325}}
Apr 06 18:20:00.701356 np0000163567 devstack@n-api.service[99024]: DEBUG dbcounter [-] [99024] Writer thread running {{(pid=99024) stat_writer /opt/stack/data/venv/lib/python3.12/site-packages/dbcounter.py:102}}
Apr 06 18:20:00.711530 np0000163567 devstack@n-api.service[99022]: DEBUG dbcounter [-] [99022] Writer thread running {{(pid=99022) stat_writer /opt/stack/data/venv/lib/python3.12/site-packages/dbcounter.py:102}}
Apr 06 18:20:00.730119 np0000163567 devstack@n-api.service[99023]: DEBUG dbcounter [-] [99023] Writer thread running {{(pid=99023) stat_writer /opt/stack/data/venv/lib/python3.12/site-packages/dbcounter.py:102}}
Apr 06 18:20:00.731119 np0000163567 devstack@n-api.service[99023]: DEBUG dbcounter [-] [99023] Writer thread running {{(pid=99023) stat_writer /opt/stack/data/venv/lib/python3.12/site-packages/dbcounter.py:102}}
Apr 06 18:20:00.737493 np0000163567 devstack@n-api.service[99023]: INFO dbcounter [None req-651fc3f3-f7c9-4eb4-88d3-d5833910d971 None None] Registered counter for database nova_cell0
Apr 06 18:20:00.748406 np0000163567 devstack@n-api.service[99023]: DEBUG oslo_db.sqlalchemy.engines [None req-651fc3f3-f7c9-4eb4-88d3-d5833910d971 None None] MySQL server mode set to STRICT_TRANS_TABLES,STRICT_ALL_TABLES,NO_ZERO_IN_DATE,NO_ZERO_DATE,ERROR_FOR_DIVISION_BY_ZERO,TRADITIONAL,NO_ENGINE_SUBSTITUTION {{(pid=99023) _check_effective_sql_mode /opt/stack/data/venv/lib/python3.12/site-packages/oslo_db/sqlalchemy/engines.py:325}}
Apr 06 18:20:00.756106 np0000163567 devstack@n-api.service[99023]: DEBUG dbcounter [-] [99023] Writer thread running {{(pid=99023) stat_writer /opt/stack/data/venv/lib/python3.12/site-packages/dbcounter.py:102}}
Apr 06 18:20:01.053098 np0000163567 devstack@n-api.service[99021]: DEBUG oslo_concurrency.processutils [None req-abc551d9-b745-4d51-9034-1c105e866fc7 None None] Running cmd (subprocess): grep -F node.session.scan /sbin/iscsiadm {{(pid=99021) execute /opt/stack/data/venv/lib/python3.12/site-packages/oslo_concurrency/processutils.py:440}}
Apr 06 18:20:01.070441 np0000163567 devstack@n-api.service[99021]: DEBUG oslo_concurrency.processutils [None req-abc551d9-b745-4d51-9034-1c105e866fc7 None None] CMD "grep -F node.session.scan /sbin/iscsiadm" returned: 0 in 0.018s {{(pid=99021) execute /opt/stack/data/venv/lib/python3.12/site-packages/oslo_concurrency/processutils.py:468}}
Apr 06 18:20:01.136352 np0000163567 devstack@n-api.service[99022]: DEBUG oslo_concurrency.processutils [None req-6c8478bc-8ffc-4096-a553-418499921759 None None] Running cmd (subprocess): grep -F node.session.scan /sbin/iscsiadm {{(pid=99022) execute /opt/stack/data/venv/lib/python3.12/site-packages/oslo_concurrency/processutils.py:440}}
Apr 06 18:20:01.139039 np0000163567 devstack@n-api.service[99024]: DEBUG oslo_concurrency.processutils [None req-02975870-ee1f-4ea1-8d02-4280c4834277 None None] Running cmd (subprocess): grep -F node.session.scan /sbin/iscsiadm {{(pid=99024) execute /opt/stack/data/venv/lib/python3.12/site-packages/oslo_concurrency/processutils.py:440}}
Apr 06 18:20:01.155186 np0000163567 devstack@n-api.service[99022]: DEBUG oslo_concurrency.processutils [None req-6c8478bc-8ffc-4096-a553-418499921759 None None] CMD "grep -F node.session.scan /sbin/iscsiadm" returned: 0 in 0.019s {{(pid=99022) execute /opt/stack/data/venv/lib/python3.12/site-packages/oslo_concurrency/processutils.py:468}}
Apr 06 18:20:01.158241 np0000163567 devstack@n-api.service[99024]: DEBUG oslo_concurrency.processutils [None req-02975870-ee1f-4ea1-8d02-4280c4834277 None None] CMD "grep -F node.session.scan /sbin/iscsiadm" returned: 0 in 0.019s {{(pid=99024) execute /opt/stack/data/venv/lib/python3.12/site-packages/oslo_concurrency/processutils.py:468}}
Apr 06 18:20:01.182794 np0000163567 devstack@n-api.service[99023]: DEBUG oslo_concurrency.processutils [None req-651fc3f3-f7c9-4eb4-88d3-d5833910d971 None None] Running cmd (subprocess): grep -F node.session.scan /sbin/iscsiadm {{(pid=99023) execute /opt/stack/data/venv/lib/python3.12/site-packages/oslo_concurrency/processutils.py:440}}
Apr 06 18:20:01.201391 np0000163567 devstack@n-api.service[99023]: DEBUG oslo_concurrency.processutils [None req-651fc3f3-f7c9-4eb4-88d3-d5833910d971 None None] CMD "grep -F node.session.scan /sbin/iscsiadm" returned: 0 in 0.018s {{(pid=99023) execute /opt/stack/data/venv/lib/python3.12/site-packages/oslo_concurrency/processutils.py:468}}
Apr 06 18:20:01.477377 np0000163567 devstack@n-api.service[99024]: WARNING keystonemiddleware.auth_token [None req-02975870-ee1f-4ea1-8d02-4280c4834277 None None] AuthToken middleware is set with keystone_authtoken.service_token_roles_required set to False. This is backwards compatible but deprecated behaviour. Please set this to True.
Apr 06 18:20:01.478312 np0000163567 devstack@n-api.service[99023]: WARNING keystonemiddleware.auth_token [None req-651fc3f3-f7c9-4eb4-88d3-d5833910d971 None None] AuthToken middleware is set with keystone_authtoken.service_token_roles_required set to False. This is backwards compatible but deprecated behaviour. Please set this to True.
Apr 06 18:20:01.483105 np0000163567 devstack@n-api.service[99021]: WARNING keystonemiddleware.auth_token [None req-abc551d9-b745-4d51-9034-1c105e866fc7 None None] AuthToken middleware is set with keystone_authtoken.service_token_roles_required set to False. This is backwards compatible but deprecated behaviour. Please set this to True.
Apr 06 18:20:01.484069 np0000163567 devstack@n-api.service[99022]: WARNING keystonemiddleware.auth_token [None req-6c8478bc-8ffc-4096-a553-418499921759 None None] AuthToken middleware is set with keystone_authtoken.service_token_roles_required set to False. This is backwards compatible but deprecated behaviour. Please set this to True.
Apr 06 18:20:01.657432 np0000163567 devstack@n-api.service[99024]: WARNING keystonemiddleware.auth_token [None req-02975870-ee1f-4ea1-8d02-4280c4834277 None None] AuthToken middleware is set with keystone_authtoken.service_token_roles_required set to False. This is backwards compatible but deprecated behaviour. Please set this to True.
Apr 06 18:20:01.662492 np0000163567 devstack@n-api.service[99024]: DEBUG nova.api.openstack.wsgi_app [None req-02975870-ee1f-4ea1-8d02-4280c4834277 None None] ******************************************************************************** {{(pid=99024) log_opt_values /opt/stack/data/venv/lib/python3.12/site-packages/oslo_config/cfg.py:2979}}
Apr 06 18:20:01.662667 np0000163567 devstack@n-api.service[99024]: DEBUG nova.api.openstack.wsgi_app [None req-02975870-ee1f-4ea1-8d02-4280c4834277 None None] Configuration options gathered from: {{(pid=99024) log_opt_values /opt/stack/data/venv/lib/python3.12/site-packages/oslo_config/cfg.py:2980}}
Apr 06 18:20:01.663006 np0000163567 devstack@n-api.service[99024]: DEBUG nova.api.openstack.wsgi_app [None req-02975870-ee1f-4ea1-8d02-4280c4834277 None None] command line args: [] {{(pid=99024) log_opt_values /opt/stack/data/venv/lib/python3.12/site-packages/oslo_config/cfg.py:2981}}
Apr 06 18:20:01.663162 np0000163567 devstack@n-api.service[99024]: DEBUG nova.api.openstack.wsgi_app [None req-02975870-ee1f-4ea1-8d02-4280c4834277 None None] config files: ['/etc/nova/api-paste.ini', '/etc/nova/nova.conf'] {{(pid=99024) log_opt_values /opt/stack/data/venv/lib/python3.12/site-packages/oslo_config/cfg.py:2982}}
Apr 06 18:20:01.663271 np0000163567 devstack@n-api.service[99024]: DEBUG nova.api.openstack.wsgi_app [None req-02975870-ee1f-4ea1-8d02-4280c4834277 None None] ================================================================================ {{(pid=99024) log_opt_values /opt/stack/data/venv/lib/python3.12/site-packages/oslo_config/cfg.py:2987}}
Apr 06 18:20:01.663427 np0000163567 devstack@n-api.service[99024]: DEBUG nova.api.openstack.wsgi_app [None req-02975870-ee1f-4ea1-8d02-4280c4834277 None None] allow_resize_to_same_host = True {{(pid=99024) log_opt_values /opt/stack/data/venv/lib/python3.12/site-packages/oslo_config/cfg.py:2995}}
Apr 06 18:20:01.663557 np0000163567 devstack@n-api.service[99024]: DEBUG nova.api.openstack.wsgi_app [None req-02975870-ee1f-4ea1-8d02-4280c4834277 None None] arq_binding_timeout = 300 {{(pid=99024) log_opt_values /opt/stack/data/venv/lib/python3.12/site-packages/oslo_config/cfg.py:2995}}
Apr 06 18:20:01.663683 np0000163567 devstack@n-api.service[99024]: DEBUG nova.api.openstack.wsgi_app [None req-02975870-ee1f-4ea1-8d02-4280c4834277 None None] block_device_allocate_retries = 60 {{(pid=99024) log_opt_values /opt/stack/data/venv/lib/python3.12/site-packages/oslo_config/cfg.py:2995}}
Apr 06 18:20:01.663840 np0000163567 devstack@n-api.service[99024]: DEBUG nova.api.openstack.wsgi_app [None req-02975870-ee1f-4ea1-8d02-4280c4834277 None None] block_device_allocate_retries_interval = 3 {{(pid=99024) log_opt_values /opt/stack/data/venv/lib/python3.12/site-packages/oslo_config/cfg.py:2995}}
Apr 06 18:20:01.664043 np0000163567 devstack@n-api.service[99024]: DEBUG nova.api.openstack.wsgi_app [None req-02975870-ee1f-4ea1-8d02-4280c4834277 None None] cell_worker_thread_pool_size = 5 {{(pid=99024) log_opt_values /opt/stack/data/venv/lib/python3.12/site-packages/oslo_config/cfg.py:2995}}
Apr 06 18:20:01.664157 np0000163567 devstack@n-api.service[99024]: DEBUG nova.api.openstack.wsgi_app [None req-02975870-ee1f-4ea1-8d02-4280c4834277 None None] cert = self.pem {{(pid=99024) log_opt_values /opt/stack/data/venv/lib/python3.12/site-packages/oslo_config/cfg.py:2995}}
Apr 06 18:20:01.664229 np0000163567 devstack@n-api.service[99024]: DEBUG nova.api.openstack.wsgi_app [None req-02975870-ee1f-4ea1-8d02-4280c4834277 None None] compute_driver = libvirt.LibvirtDriver {{(pid=99024) log_opt_values /opt/stack/data/venv/lib/python3.12/site-packages/oslo_config/cfg.py:2995}}
Apr 06 18:20:01.664342 np0000163567 devstack@n-api.service[99024]: DEBUG nova.api.openstack.wsgi_app [None req-02975870-ee1f-4ea1-8d02-4280c4834277 None None] compute_monitors = [] {{(pid=99024) log_opt_values /opt/stack/data/venv/lib/python3.12/site-packages/oslo_config/cfg.py:2995}}
Apr 06 18:20:01.664471 np0000163567 devstack@n-api.service[99024]: DEBUG nova.api.openstack.wsgi_app [None req-02975870-ee1f-4ea1-8d02-4280c4834277 None None] config_dir = [] {{(pid=99024) log_opt_values /opt/stack/data/venv/lib/python3.12/site-packages/oslo_config/cfg.py:2995}}
Apr 06 18:20:01.664616 np0000163567 devstack@n-api.service[99024]: DEBUG nova.api.openstack.wsgi_app [None req-02975870-ee1f-4ea1-8d02-4280c4834277 None None] config_drive_format = iso9660 {{(pid=99024) log_opt_values /opt/stack/data/venv/lib/python3.12/site-packages/oslo_config/cfg.py:2995}}
Apr 06 18:20:01.664731 np0000163567 devstack@n-api.service[99024]: DEBUG nova.api.openstack.wsgi_app [None req-02975870-ee1f-4ea1-8d02-4280c4834277 None None] config_file = ['/etc/nova/api-paste.ini', '/etc/nova/nova.conf'] {{(pid=99024) log_opt_values /opt/stack/data/venv/lib/python3.12/site-packages/oslo_config/cfg.py:2995}}
Apr 06 18:20:01.664883 np0000163567 devstack@n-api.service[99024]: DEBUG nova.api.openstack.wsgi_app [None req-02975870-ee1f-4ea1-8d02-4280c4834277 None None] config_source = [] {{(pid=99024) log_opt_values /opt/stack/data/venv/lib/python3.12/site-packages/oslo_config/cfg.py:2995}}
Apr 06 18:20:01.664991 np0000163567 devstack@n-api.service[99024]: DEBUG nova.api.openstack.wsgi_app [None req-02975870-ee1f-4ea1-8d02-4280c4834277 None None] console_host = np0000163567 {{(pid=99024) log_opt_values /opt/stack/data/venv/lib/python3.12/site-packages/oslo_config/cfg.py:2995}}
Apr 06 18:20:01.665125 np0000163567 devstack@n-api.service[99024]: DEBUG nova.api.openstack.wsgi_app [None req-02975870-ee1f-4ea1-8d02-4280c4834277 None None] control_exchange = nova {{(pid=99024) log_opt_values /opt/stack/data/venv/lib/python3.12/site-packages/oslo_config/cfg.py:2995}}
Apr 06 18:20:01.665253 np0000163567 devstack@n-api.service[99024]: DEBUG nova.api.openstack.wsgi_app [None req-02975870-ee1f-4ea1-8d02-4280c4834277 None None] cpu_allocation_ratio = None {{(pid=99024) log_opt_values /opt/stack/data/venv/lib/python3.12/site-packages/oslo_config/cfg.py:2995}}
Apr 06 18:20:01.665374 np0000163567 devstack@n-api.service[99024]: DEBUG nova.api.openstack.wsgi_app [None req-02975870-ee1f-4ea1-8d02-4280c4834277 None None] daemon = False {{(pid=99024) log_opt_values /opt/stack/data/venv/lib/python3.12/site-packages/oslo_config/cfg.py:2995}}
Apr 06 18:20:01.665502 np0000163567 devstack@n-api.service[99024]: DEBUG nova.api.openstack.wsgi_app [None req-02975870-ee1f-4ea1-8d02-4280c4834277 None None] debug = True {{(pid=99024) log_opt_values /opt/stack/data/venv/lib/python3.12/site-packages/oslo_config/cfg.py:2995}}
Apr 06 18:20:01.665646 np0000163567 devstack@n-api.service[99024]: DEBUG nova.api.openstack.wsgi_app [None req-02975870-ee1f-4ea1-8d02-4280c4834277 None None] default_access_ip_network_name = None {{(pid=99024) log_opt_values /opt/stack/data/venv/lib/python3.12/site-packages/oslo_config/cfg.py:2995}}
Apr 06 18:20:01.665777 np0000163567 devstack@n-api.service[99024]: DEBUG nova.api.openstack.wsgi_app [None req-02975870-ee1f-4ea1-8d02-4280c4834277 None None] default_availability_zone = nova {{(pid=99024) log_opt_values /opt/stack/data/venv/lib/python3.12/site-packages/oslo_config/cfg.py:2995}}
Apr 06 18:20:01.665904 np0000163567 devstack@n-api.service[99024]: DEBUG nova.api.openstack.wsgi_app [None req-02975870-ee1f-4ea1-8d02-4280c4834277 None None] default_ephemeral_format = ext4 {{(pid=99024) log_opt_values /opt/stack/data/venv/lib/python3.12/site-packages/oslo_config/cfg.py:2995}}
Apr 06 18:20:01.666033 np0000163567 devstack@n-api.service[99024]: DEBUG nova.api.openstack.wsgi_app [None req-02975870-ee1f-4ea1-8d02-4280c4834277 None None] default_green_pool_size = 1000 {{(pid=99024) log_opt_values /opt/stack/data/venv/lib/python3.12/site-packages/oslo_config/cfg.py:2995}}
Apr 06 18:20:01.666246 np0000163567 devstack@n-api.service[99024]: DEBUG nova.api.openstack.wsgi_app [None req-02975870-ee1f-4ea1-8d02-4280c4834277 None None] default_log_levels = ['amqp=WARN', 'boto=WARN', 'sqlalchemy=WARN', 'suds=INFO', 'oslo.messaging=INFO', 'oslo_messaging=INFO', 'iso8601=WARN', 'requests.packages.urllib3.connectionpool=WARN', 'urllib3.connectionpool=WARN', 'websocket=WARN', 'requests.packages.urllib3.util.retry=WARN', 'urllib3.util.retry=WARN', 'keystonemiddleware=WARN', 'routes.middleware=WARN', 'stevedore=WARN', 'taskflow=WARN', 'keystoneauth=WARN', 'oslo.cache=INFO', 'oslo_policy=INFO', 'dogpile.core.dogpile=INFO', 'glanceclient=WARN', 'oslo.privsep.daemon=INFO'] {{(pid=99024) log_opt_values /opt/stack/data/venv/lib/python3.12/site-packages/oslo_config/cfg.py:2995}}
Apr 06 18:20:01.666350 np0000163567 devstack@n-api.service[99024]: DEBUG nova.api.openstack.wsgi_app [None req-02975870-ee1f-4ea1-8d02-4280c4834277 None None] default_schedule_zone = None {{(pid=99024) log_opt_values /opt/stack/data/venv/lib/python3.12/site-packages/oslo_config/cfg.py:2995}}
Apr 06 18:20:01.666486 np0000163567 devstack@n-api.service[99024]: DEBUG nova.api.openstack.wsgi_app [None req-02975870-ee1f-4ea1-8d02-4280c4834277 None None] default_thread_pool_size = 10 {{(pid=99024) log_opt_values /opt/stack/data/venv/lib/python3.12/site-packages/oslo_config/cfg.py:2995}}
Apr 06 18:20:01.666620 np0000163567 devstack@n-api.service[99024]: DEBUG nova.api.openstack.wsgi_app [None req-02975870-ee1f-4ea1-8d02-4280c4834277 None None] disk_allocation_ratio = None {{(pid=99024) log_opt_values /opt/stack/data/venv/lib/python3.12/site-packages/oslo_config/cfg.py:2995}}
Apr 06 18:20:01.666766 np0000163567 devstack@n-api.service[99024]: DEBUG nova.api.openstack.wsgi_app [None req-02975870-ee1f-4ea1-8d02-4280c4834277 None None] enable_new_services = True {{(pid=99024) log_opt_values /opt/stack/data/venv/lib/python3.12/site-packages/oslo_config/cfg.py:2995}}
Apr 06 18:20:01.666889 np0000163567 devstack@n-api.service[99024]: DEBUG nova.api.openstack.wsgi_app [None req-02975870-ee1f-4ea1-8d02-4280c4834277 None None] flat_injected = False {{(pid=99024) log_opt_values /opt/stack/data/venv/lib/python3.12/site-packages/oslo_config/cfg.py:2995}}
Apr 06 18:20:01.667020 np0000163567 devstack@n-api.service[99024]: DEBUG nova.api.openstack.wsgi_app [None req-02975870-ee1f-4ea1-8d02-4280c4834277 None None] force_config_drive = False {{(pid=99024) log_opt_values /opt/stack/data/venv/lib/python3.12/site-packages/oslo_config/cfg.py:2995}}
Apr 06 18:20:01.667147 np0000163567 devstack@n-api.service[99024]: DEBUG nova.api.openstack.wsgi_app [None req-02975870-ee1f-4ea1-8d02-4280c4834277 None None] force_raw_images = True {{(pid=99024) log_opt_values /opt/stack/data/venv/lib/python3.12/site-packages/oslo_config/cfg.py:2995}}
Apr 06 18:20:01.667281 np0000163567 devstack@n-api.service[99024]: DEBUG nova.api.openstack.wsgi_app [None req-02975870-ee1f-4ea1-8d02-4280c4834277 None None] graceful_shutdown_timeout = 5 {{(pid=99024) log_opt_values /opt/stack/data/venv/lib/python3.12/site-packages/oslo_config/cfg.py:2995}}
Apr 06 18:20:01.667408 np0000163567 devstack@n-api.service[99024]: DEBUG nova.api.openstack.wsgi_app [None req-02975870-ee1f-4ea1-8d02-4280c4834277 None None] heal_instance_info_cache_interval = -1 {{(pid=99024) log_opt_values /opt/stack/data/venv/lib/python3.12/site-packages/oslo_config/cfg.py:2995}}
Apr 06 18:20:01.667569 np0000163567 devstack@n-api.service[99024]: DEBUG nova.api.openstack.wsgi_app [None req-02975870-ee1f-4ea1-8d02-4280c4834277 None None] host = np0000163567 {{(pid=99024) log_opt_values /opt/stack/data/venv/lib/python3.12/site-packages/oslo_config/cfg.py:2995}}
Apr 06 18:20:01.667723 np0000163567 devstack@n-api.service[99024]: DEBUG nova.api.openstack.wsgi_app [None req-02975870-ee1f-4ea1-8d02-4280c4834277 None None] initial_cpu_allocation_ratio = 4.0 {{(pid=99024) log_opt_values /opt/stack/data/venv/lib/python3.12/site-packages/oslo_config/cfg.py:2995}}
Apr 06 18:20:01.667851 np0000163567 devstack@n-api.service[99024]: DEBUG nova.api.openstack.wsgi_app [None req-02975870-ee1f-4ea1-8d02-4280c4834277 None None] initial_disk_allocation_ratio = 1.0 {{(pid=99024) log_opt_values /opt/stack/data/venv/lib/python3.12/site-packages/oslo_config/cfg.py:2995}}
Apr 06 18:20:01.667977 np0000163567 devstack@n-api.service[99024]: DEBUG nova.api.openstack.wsgi_app [None req-02975870-ee1f-4ea1-8d02-4280c4834277 None None] initial_ram_allocation_ratio = 1.0 {{(pid=99024) log_opt_values /opt/stack/data/venv/lib/python3.12/site-packages/oslo_config/cfg.py:2995}}
Apr 06 18:20:01.668145 np0000163567 devstack@n-api.service[99024]: DEBUG nova.api.openstack.wsgi_app [None req-02975870-ee1f-4ea1-8d02-4280c4834277 None None] injected_network_template = /opt/stack/nova/nova/virt/interfaces.template {{(pid=99024) log_opt_values /opt/stack/data/venv/lib/python3.12/site-packages/oslo_config/cfg.py:2995}}
Apr 06 18:20:01.668273 np0000163567 devstack@n-api.service[99024]: DEBUG nova.api.openstack.wsgi_app [None req-02975870-ee1f-4ea1-8d02-4280c4834277 None None] instance_build_timeout = 0 {{(pid=99024) log_opt_values /opt/stack/data/venv/lib/python3.12/site-packages/oslo_config/cfg.py:2995}}
Apr 06 18:20:01.668398 np0000163567 devstack@n-api.service[99024]: DEBUG nova.api.openstack.wsgi_app [None req-02975870-ee1f-4ea1-8d02-4280c4834277 None None] instance_delete_interval = 300 {{(pid=99024) log_opt_values /opt/stack/data/venv/lib/python3.12/site-packages/oslo_config/cfg.py:2995}}
Apr 06 18:20:01.668528 np0000163567 devstack@n-api.service[99024]: DEBUG nova.api.openstack.wsgi_app [None req-02975870-ee1f-4ea1-8d02-4280c4834277 None None] instance_format = [instance: %(uuid)s] {{(pid=99024) log_opt_values /opt/stack/data/venv/lib/python3.12/site-packages/oslo_config/cfg.py:2995}}
Apr 06 18:20:01.668669 np0000163567 devstack@n-api.service[99024]: DEBUG nova.api.openstack.wsgi_app [None req-02975870-ee1f-4ea1-8d02-4280c4834277 None None] instance_name_template = instance-%08x {{(pid=99024) log_opt_values /opt/stack/data/venv/lib/python3.12/site-packages/oslo_config/cfg.py:2995}}
Apr 06 18:20:01.668794 np0000163567 devstack@n-api.service[99024]: DEBUG nova.api.openstack.wsgi_app [None req-02975870-ee1f-4ea1-8d02-4280c4834277 None None] instance_usage_audit = False {{(pid=99024) log_opt_values /opt/stack/data/venv/lib/python3.12/site-packages/oslo_config/cfg.py:2995}}
Apr 06 18:20:01.668924 np0000163567 devstack@n-api.service[99024]: DEBUG nova.api.openstack.wsgi_app [None req-02975870-ee1f-4ea1-8d02-4280c4834277 None None] instance_usage_audit_period = month {{(pid=99024) log_opt_values /opt/stack/data/venv/lib/python3.12/site-packages/oslo_config/cfg.py:2995}}
Apr 06 18:20:01.669052 np0000163567 devstack@n-api.service[99024]: DEBUG nova.api.openstack.wsgi_app [None req-02975870-ee1f-4ea1-8d02-4280c4834277 None None] instance_uuid_format = [instance: %(uuid)s] {{(pid=99024) log_opt_values /opt/stack/data/venv/lib/python3.12/site-packages/oslo_config/cfg.py:2995}}
