May 29 01:35:31.441768 np0000177371 systemd[1]: Starting devstack@n-api-meta.service - Devstack devstack@n-api-meta.service...
May 29 01:35:31.450981 np0000177371 devstack@n-api-meta.service[108475]: [uWSGI] getting INI configuration from /etc/nova/nova-metadata-uwsgi.ini
May 29 01:35:31.453338 np0000177371 devstack@n-api-meta.service[108475]: *** Starting uWSGI 2.0.24-debian (64bit) on [Fri May 29 01:35:31 2026] ***
May 29 01:35:31.453338 np0000177371 devstack@n-api-meta.service[108475]: compiled with version: 13.2.0 on 17 April 2024 16:23:48
May 29 01:35:31.453338 np0000177371 devstack@n-api-meta.service[108475]: os: Linux-6.8.0-117-generic #117-Ubuntu SMP PREEMPT_DYNAMIC Tue May 5 19:26:24 UTC 2026
May 29 01:35:31.453338 np0000177371 devstack@n-api-meta.service[108475]: nodename: np0000177371
May 29 01:35:31.453338 np0000177371 devstack@n-api-meta.service[108475]: machine: x86_64
May 29 01:35:31.453338 np0000177371 devstack@n-api-meta.service[108475]: clock source: unix
May 29 01:35:31.453338 np0000177371 devstack@n-api-meta.service[108475]: pcre jit disabled
May 29 01:35:31.453338 np0000177371 devstack@n-api-meta.service[108475]: detected number of CPU cores: 16
May 29 01:35:31.453338 np0000177371 devstack@n-api-meta.service[108475]: current working directory: /
May 29 01:35:31.453338 np0000177371 devstack@n-api-meta.service[108475]: detected binary path: /usr/bin/uwsgi-core
May 29 01:35:31.453338 np0000177371 devstack@n-api-meta.service[108475]: your processes number limit is 256917
May 29 01:35:31.453338 np0000177371 devstack@n-api-meta.service[108475]: your memory page size is 4096 bytes
May 29 01:35:31.453338 np0000177371 devstack@n-api-meta.service[108475]: detected max file descriptor number: 2048
May 29 01:35:31.453338 np0000177371 devstack@n-api-meta.service[108475]: lock engine: pthread robust mutexes
May 29 01:35:31.454118 np0000177371 devstack@n-api-meta.service[108475]: thunder lock: enabled
May 29 01:35:31.454118 np0000177371 devstack@n-api-meta.service[108475]: uWSGI http bound on 0.0.0.0:8775 fd 5
May 29 01:35:31.454118 np0000177371 devstack@n-api-meta.service[108475]: uwsgi socket 0 bound to TCP address 127.0.0.1:44779 (port auto-assigned) fd 4
May 29 01:35:31.454118 np0000177371 devstack@n-api-meta.service[108475]: Python version: 3.12.3 (main, Mar 23 2026, 19:04:32) [GCC 13.3.0]
May 29 01:35:31.454118 np0000177371 devstack@n-api-meta.service[108475]: PEP 405 virtualenv detected: /opt/stack/data/venv
May 29 01:35:31.454118 np0000177371 devstack@n-api-meta.service[108475]: Set PythonHome to /opt/stack/data/venv
May 29 01:35:31.487244 np0000177371 devstack@n-api-meta.service[108475]: Python main interpreter initialized at 0x7b9a2b2a3668
May 29 01:35:31.487244 np0000177371 devstack@n-api-meta.service[108475]: python threads support enabled
May 29 01:35:31.487244 np0000177371 devstack@n-api-meta.service[108475]: your server socket listen backlog is limited to 100 connections
May 29 01:35:31.487244 np0000177371 devstack@n-api-meta.service[108475]: your mercy for graceful operations on workers is 80 seconds
May 29 01:35:31.487813 np0000177371 devstack@n-api-meta.service[108475]: mapped 671795 bytes (656 KB) for 4 cores
May 29 01:35:31.487975 np0000177371 devstack@n-api-meta.service[108475]: *** Operational MODE: preforking ***
May 29 01:35:31.488093 np0000177371 devstack@n-api-meta.service[108475]: *** uWSGI is running in multiple interpreter mode ***
May 29 01:35:31.488093 np0000177371 devstack@n-api-meta.service[108475]: spawned uWSGI master process (pid: 108475)
May 29 01:35:31.488370 np0000177371 systemd[1]: Started devstack@n-api-meta.service - Devstack devstack@n-api-meta.service.
May 29 01:35:31.488802 np0000177371 devstack@n-api-meta.service[108475]: spawned uWSGI worker 1 (pid: 108476, cores: 1)
May 29 01:35:31.489532 np0000177371 devstack@n-api-meta.service[108475]: spawned uWSGI worker 2 (pid: 108477, cores: 1)
May 29 01:35:31.490048 np0000177371 devstack@n-api-meta.service[108475]: spawned uWSGI worker 3 (pid: 108478, cores: 1)
May 29 01:35:31.490499 np0000177371 devstack@n-api-meta.service[108475]: spawned uWSGI worker 4 (pid: 108479, cores: 1)
May 29 01:35:31.491003 np0000177371 devstack@n-api-meta.service[108475]: spawned uWSGI http 1 (pid: 108480)
May 29 01:35:31.491003 np0000177371 devstack@n-api-meta.service[108475]: running "unix_signal:15 gracefully_kill_them_all" (master-start)...
May 29 01:35:33.254085 np0000177371 devstack@n-api-meta.service[108479]: INFO dbcounter [None req-a9c71853-9850-4134-809c-6de3fd08fda3 None None] Registered counter for database nova_api
May 29 01:35:33.305210 np0000177371 devstack@n-api-meta.service[108479]: DEBUG oslo_db.sqlalchemy.engines [None req-a9c71853-9850-4134-809c-6de3fd08fda3 None None] MySQL server mode set to STRICT_TRANS_TABLES,STRICT_ALL_TABLES,NO_ZERO_IN_DATE,NO_ZERO_DATE,ERROR_FOR_DIVISION_BY_ZERO,TRADITIONAL,NO_ENGINE_SUBSTITUTION {{(pid=108479) _check_effective_sql_mode /opt/stack/data/venv/lib/python3.12/site-packages/oslo_db/sqlalchemy/engines.py:325}}
May 29 01:35:33.337403 np0000177371 devstack@n-api-meta.service[108479]: DEBUG dbcounter [-] [108479] Writer thread running {{(pid=108479) stat_writer /opt/stack/data/venv/lib/python3.12/site-packages/dbcounter.py:102}}
May 29 01:35:33.339951 np0000177371 devstack@n-api-meta.service[108479]: DEBUG nova.context [None req-a9c71853-9850-4134-809c-6de3fd08fda3 None None] Found 2 cells: 00000000-0000-0000-0000-000000000000(cell0),4ade17bc-3c04-4804-8263-8e17204f2d75(cell1) {{(pid=108479) load_cells /opt/stack/nova/nova/context.py:509}}
May 29 01:35:33.340170 np0000177371 devstack@n-api-meta.service[108479]: INFO nova.utils [None req-a9c71853-9850-4134-809c-6de3fd08fda3 None None] The cell worker thread pool MainProcess.cell_worker is initialized
May 29 01:35:33.341914 np0000177371 devstack@n-api-meta.service[108479]: DEBUG oslo_concurrency.lockutils [None req-a9c71853-9850-4134-809c-6de3fd08fda3 None None] Acquiring lock "00000000-0000-0000-0000-000000000000" by "nova.context.set_target_cell..get_or_set_cached_cell_and_set_connections" {{(pid=108479) inner /opt/stack/data/venv/lib/python3.12/site-packages/oslo_concurrency/lockutils.py:511}}
May 29 01:35:33.342066 np0000177371 devstack@n-api-meta.service[108479]: DEBUG oslo_concurrency.lockutils [None req-a9c71853-9850-4134-809c-6de3fd08fda3 None None] Lock "00000000-0000-0000-0000-000000000000" acquired by "nova.context.set_target_cell..get_or_set_cached_cell_and_set_connections" :: waited 0.000s {{(pid=108479) inner /opt/stack/data/venv/lib/python3.12/site-packages/oslo_concurrency/lockutils.py:524}}
May 29 01:35:33.342439 np0000177371 devstack@n-api-meta.service[108479]: DEBUG oslo_concurrency.lockutils [None req-a9c71853-9850-4134-809c-6de3fd08fda3 None None] Lock "00000000-0000-0000-0000-000000000000" "released" by "nova.context.set_target_cell..get_or_set_cached_cell_and_set_connections" :: held 0.000s {{(pid=108479) inner /opt/stack/data/venv/lib/python3.12/site-packages/oslo_concurrency/lockutils.py:543}}
May 29 01:35:33.343211 np0000177371 devstack@n-api-meta.service[108479]: DEBUG oslo_concurrency.lockutils [None req-a9c71853-9850-4134-809c-6de3fd08fda3 None None] Acquiring lock "4ade17bc-3c04-4804-8263-8e17204f2d75" by "nova.context.set_target_cell..get_or_set_cached_cell_and_set_connections" {{(pid=108479) inner /opt/stack/data/venv/lib/python3.12/site-packages/oslo_concurrency/lockutils.py:511}}
May 29 01:35:33.343393 np0000177371 devstack@n-api-meta.service[108479]: DEBUG oslo_concurrency.lockutils [None req-a9c71853-9850-4134-809c-6de3fd08fda3 None None] Lock "4ade17bc-3c04-4804-8263-8e17204f2d75" acquired by "nova.context.set_target_cell..get_or_set_cached_cell_and_set_connections" :: waited 0.000s {{(pid=108479) inner /opt/stack/data/venv/lib/python3.12/site-packages/oslo_concurrency/lockutils.py:524}}
May 29 01:35:33.344406 np0000177371 devstack@n-api-meta.service[108479]: DEBUG oslo_concurrency.lockutils [None req-a9c71853-9850-4134-809c-6de3fd08fda3 None None] Lock "4ade17bc-3c04-4804-8263-8e17204f2d75" "released" by "nova.context.set_target_cell..get_or_set_cached_cell_and_set_connections" :: held 0.001s {{(pid=108479) inner /opt/stack/data/venv/lib/python3.12/site-packages/oslo_concurrency/lockutils.py:543}}
May 29 01:35:33.345668 np0000177371 devstack@n-api-meta.service[108477]: INFO dbcounter [None req-622c2fe0-eab3-43cb-a3fc-d753b36a6283 None None] Registered counter for database nova_api
May 29 01:35:33.347779 np0000177371 devstack@n-api-meta.service[108479]: INFO dbcounter [None req-a9c71853-9850-4134-809c-6de3fd08fda3 None None] Registered counter for database nova_cell0
May 29 01:35:33.353264 np0000177371 devstack@n-api-meta.service[108479]: INFO dbcounter [None req-a9c71853-9850-4134-809c-6de3fd08fda3 None None] Registered counter for database nova_cell1
May 29 01:35:33.353461 np0000177371 devstack@n-api-meta.service[108476]: INFO dbcounter [None req-e5fbed91-f863-4f10-b381-bd278cdee84c None None] Registered counter for database nova_api
May 29 01:35:33.395398 np0000177371 devstack@n-api-meta.service[108477]: DEBUG oslo_db.sqlalchemy.engines [None req-622c2fe0-eab3-43cb-a3fc-d753b36a6283 None None] MySQL server mode set to STRICT_TRANS_TABLES,STRICT_ALL_TABLES,NO_ZERO_IN_DATE,NO_ZERO_DATE,ERROR_FOR_DIVISION_BY_ZERO,TRADITIONAL,NO_ENGINE_SUBSTITUTION {{(pid=108477) _check_effective_sql_mode /opt/stack/data/venv/lib/python3.12/site-packages/oslo_db/sqlalchemy/engines.py:325}}
May 29 01:35:33.401232 np0000177371 devstack@n-api-meta.service[108476]: DEBUG oslo_db.sqlalchemy.engines [None req-e5fbed91-f863-4f10-b381-bd278cdee84c None None] MySQL server mode set to STRICT_TRANS_TABLES,STRICT_ALL_TABLES,NO_ZERO_IN_DATE,NO_ZERO_DATE,ERROR_FOR_DIVISION_BY_ZERO,TRADITIONAL,NO_ENGINE_SUBSTITUTION {{(pid=108476) _check_effective_sql_mode /opt/stack/data/venv/lib/python3.12/site-packages/oslo_db/sqlalchemy/engines.py:325}}
May 29 01:35:33.421587 np0000177371 devstack@n-api-meta.service[108479]: DEBUG oslo_db.sqlalchemy.engines [None req-a9c71853-9850-4134-809c-6de3fd08fda3 None None] MySQL server mode set to STRICT_TRANS_TABLES,STRICT_ALL_TABLES,NO_ZERO_IN_DATE,NO_ZERO_DATE,ERROR_FOR_DIVISION_BY_ZERO,TRADITIONAL,NO_ENGINE_SUBSTITUTION {{(pid=108479) _check_effective_sql_mode /opt/stack/data/venv/lib/python3.12/site-packages/oslo_db/sqlalchemy/engines.py:325}}
May 29 01:35:33.426474 np0000177371 devstack@n-api-meta.service[108479]: DEBUG oslo_db.sqlalchemy.engines [None req-a9c71853-9850-4134-809c-6de3fd08fda3 None None] MySQL server mode set to STRICT_TRANS_TABLES,STRICT_ALL_TABLES,NO_ZERO_IN_DATE,NO_ZERO_DATE,ERROR_FOR_DIVISION_BY_ZERO,TRADITIONAL,NO_ENGINE_SUBSTITUTION {{(pid=108479) _check_effective_sql_mode /opt/stack/data/venv/lib/python3.12/site-packages/oslo_db/sqlalchemy/engines.py:325}}
May 29 01:35:33.426545 np0000177371 devstack@n-api-meta.service[108477]: DEBUG dbcounter [-] [108477] Writer thread running {{(pid=108477) stat_writer /opt/stack/data/venv/lib/python3.12/site-packages/dbcounter.py:102}}
May 29 01:35:33.428799 np0000177371 devstack@n-api-meta.service[108477]: DEBUG nova.context [None req-622c2fe0-eab3-43cb-a3fc-d753b36a6283 None None] Found 2 cells: 00000000-0000-0000-0000-000000000000(cell0),4ade17bc-3c04-4804-8263-8e17204f2d75(cell1) {{(pid=108477) load_cells /opt/stack/nova/nova/context.py:509}}
May 29 01:35:33.429018 np0000177371 devstack@n-api-meta.service[108477]: INFO nova.utils [None req-622c2fe0-eab3-43cb-a3fc-d753b36a6283 None None] The cell worker thread pool MainProcess.cell_worker is initialized
May 29 01:35:33.431007 np0000177371 devstack@n-api-meta.service[108477]: DEBUG oslo_concurrency.lockutils [None req-622c2fe0-eab3-43cb-a3fc-d753b36a6283 None None] Acquiring lock "00000000-0000-0000-0000-000000000000" by "nova.context.set_target_cell..get_or_set_cached_cell_and_set_connections" {{(pid=108477) inner /opt/stack/data/venv/lib/python3.12/site-packages/oslo_concurrency/lockutils.py:511}}
May 29 01:35:33.431175 np0000177371 devstack@n-api-meta.service[108477]: DEBUG oslo_concurrency.lockutils [None req-622c2fe0-eab3-43cb-a3fc-d753b36a6283 None None] Lock "00000000-0000-0000-0000-000000000000" acquired by "nova.context.set_target_cell..get_or_set_cached_cell_and_set_connections" :: waited 0.000s {{(pid=108477) inner /opt/stack/data/venv/lib/python3.12/site-packages/oslo_concurrency/lockutils.py:524}}
May 29 01:35:33.431556 np0000177371 devstack@n-api-meta.service[108477]: DEBUG oslo_concurrency.lockutils [None req-622c2fe0-eab3-43cb-a3fc-d753b36a6283 None None] Lock "00000000-0000-0000-0000-000000000000" "released" by "nova.context.set_target_cell..get_or_set_cached_cell_and_set_connections" :: held 0.000s {{(pid=108477) inner /opt/stack/data/venv/lib/python3.12/site-packages/oslo_concurrency/lockutils.py:543}}
May 29 01:35:33.432313 np0000177371 devstack@n-api-meta.service[108477]: DEBUG oslo_concurrency.lockutils [None req-622c2fe0-eab3-43cb-a3fc-d753b36a6283 None None] Acquiring lock "4ade17bc-3c04-4804-8263-8e17204f2d75" by "nova.context.set_target_cell..get_or_set_cached_cell_and_set_connections" {{(pid=108477) inner /opt/stack/data/venv/lib/python3.12/site-packages/oslo_concurrency/lockutils.py:511}}
May 29 01:35:33.432437 np0000177371 devstack@n-api-meta.service[108477]: DEBUG oslo_concurrency.lockutils [None req-622c2fe0-eab3-43cb-a3fc-d753b36a6283 None None] Lock "4ade17bc-3c04-4804-8263-8e17204f2d75" acquired by "nova.context.set_target_cell..get_or_set_cached_cell_and_set_connections" :: waited 0.000s {{(pid=108477) inner /opt/stack/data/venv/lib/python3.12/site-packages/oslo_concurrency/lockutils.py:524}}
May 29 01:35:33.433307 np0000177371 devstack@n-api-meta.service[108477]: DEBUG oslo_concurrency.lockutils [None req-622c2fe0-eab3-43cb-a3fc-d753b36a6283 None None] Lock "4ade17bc-3c04-4804-8263-8e17204f2d75" "released" by "nova.context.set_target_cell..get_or_set_cached_cell_and_set_connections" :: held 0.001s {{(pid=108477) inner /opt/stack/data/venv/lib/python3.12/site-packages/oslo_concurrency/lockutils.py:543}}
May 29 01:35:33.436507 np0000177371 devstack@n-api-meta.service[108477]: INFO dbcounter [None req-622c2fe0-eab3-43cb-a3fc-d753b36a6283 None None] Registered counter for database nova_cell0
May 29 01:35:33.437533 np0000177371 devstack@n-api-meta.service[108476]: DEBUG dbcounter [-] [108476] Writer thread running {{(pid=108476) stat_writer /opt/stack/data/venv/lib/python3.12/site-packages/dbcounter.py:102}}
May 29 01:35:33.439879 np0000177371 devstack@n-api-meta.service[108476]: DEBUG nova.context [None req-e5fbed91-f863-4f10-b381-bd278cdee84c None None] Found 2 cells: 00000000-0000-0000-0000-000000000000(cell0),4ade17bc-3c04-4804-8263-8e17204f2d75(cell1) {{(pid=108476) load_cells /opt/stack/nova/nova/context.py:509}}
May 29 01:35:33.440080 np0000177371 devstack@n-api-meta.service[108476]: INFO nova.utils [None req-e5fbed91-f863-4f10-b381-bd278cdee84c None None] The cell worker thread pool MainProcess.cell_worker is initialized
May 29 01:35:33.441807 np0000177371 devstack@n-api-meta.service[108476]: DEBUG oslo_concurrency.lockutils [None req-e5fbed91-f863-4f10-b381-bd278cdee84c None None] Acquiring lock "00000000-0000-0000-0000-000000000000" by "nova.context.set_target_cell..get_or_set_cached_cell_and_set_connections" {{(pid=108476) inner /opt/stack/data/venv/lib/python3.12/site-packages/oslo_concurrency/lockutils.py:511}}
May 29 01:35:33.441979 np0000177371 devstack@n-api-meta.service[108476]: DEBUG oslo_concurrency.lockutils [None req-e5fbed91-f863-4f10-b381-bd278cdee84c None None] Lock "00000000-0000-0000-0000-000000000000" acquired by "nova.context.set_target_cell..get_or_set_cached_cell_and_set_connections" :: waited 0.000s {{(pid=108476) inner /opt/stack/data/venv/lib/python3.12/site-packages/oslo_concurrency/lockutils.py:524}}
May 29 01:35:33.442374 np0000177371 devstack@n-api-meta.service[108476]: DEBUG oslo_concurrency.lockutils [None req-e5fbed91-f863-4f10-b381-bd278cdee84c None None] Lock "00000000-0000-0000-0000-000000000000" "released" by "nova.context.set_target_cell..get_or_set_cached_cell_and_set_connections" :: held 0.000s {{(pid=108476) inner /opt/stack/data/venv/lib/python3.12/site-packages/oslo_concurrency/lockutils.py:543}}
May 29 01:35:33.446207 np0000177371 devstack@n-api-meta.service[108477]: INFO dbcounter [None req-622c2fe0-eab3-43cb-a3fc-d753b36a6283 None None] Registered counter for database nova_cell1
May 29 01:35:33.446300 np0000177371 devstack@n-api-meta.service[108476]: DEBUG oslo_concurrency.lockutils [None req-e5fbed91-f863-4f10-b381-bd278cdee84c None None] Acquiring lock "4ade17bc-3c04-4804-8263-8e17204f2d75" by "nova.context.set_target_cell..get_or_set_cached_cell_and_set_connections" {{(pid=108476) inner /opt/stack/data/venv/lib/python3.12/site-packages/oslo_concurrency/lockutils.py:511}}
May 29 01:35:33.446300 np0000177371 devstack@n-api-meta.service[108476]: DEBUG oslo_concurrency.lockutils [None req-e5fbed91-f863-4f10-b381-bd278cdee84c None None] Lock "4ade17bc-3c04-4804-8263-8e17204f2d75" acquired by "nova.context.set_target_cell..get_or_set_cached_cell_and_set_connections" :: waited 0.000s {{(pid=108476) inner /opt/stack/data/venv/lib/python3.12/site-packages/oslo_concurrency/lockutils.py:524}}
May 29 01:35:33.446300 np0000177371 devstack@n-api-meta.service[108476]: DEBUG oslo_concurrency.lockutils [None req-e5fbed91-f863-4f10-b381-bd278cdee84c None None] Lock "4ade17bc-3c04-4804-8263-8e17204f2d75" "released" by "nova.context.set_target_cell..get_or_set_cached_cell_and_set_connections" :: held 0.001s {{(pid=108476) inner /opt/stack/data/venv/lib/python3.12/site-packages/oslo_concurrency/lockutils.py:543}}
May 29 01:35:33.446498 np0000177371 devstack@n-api-meta.service[108478]: INFO dbcounter [None req-114579ee-42b0-4883-bee2-0134209ecb1e None None] Registered counter for database nova_api
May 29 01:35:33.447468 np0000177371 devstack@n-api-meta.service[108476]: INFO dbcounter [None req-e5fbed91-f863-4f10-b381-bd278cdee84c None None] Registered counter for database nova_cell0
May 29 01:35:33.451790 np0000177371 devstack@n-api-meta.service[108476]: INFO dbcounter [None req-e5fbed91-f863-4f10-b381-bd278cdee84c None None] Registered counter for database nova_cell1
May 29 01:35:33.497806 np0000177371 devstack@n-api-meta.service[108478]: DEBUG oslo_db.sqlalchemy.engines [None req-114579ee-42b0-4883-bee2-0134209ecb1e None None] MySQL server mode set to STRICT_TRANS_TABLES,STRICT_ALL_TABLES,NO_ZERO_IN_DATE,NO_ZERO_DATE,ERROR_FOR_DIVISION_BY_ZERO,TRADITIONAL,NO_ENGINE_SUBSTITUTION {{(pid=108478) _check_effective_sql_mode /opt/stack/data/venv/lib/python3.12/site-packages/oslo_db/sqlalchemy/engines.py:325}}
May 29 01:35:33.508998 np0000177371 devstack@n-api-meta.service[108476]: DEBUG oslo_db.sqlalchemy.engines [None req-e5fbed91-f863-4f10-b381-bd278cdee84c None None] MySQL server mode set to STRICT_TRANS_TABLES,STRICT_ALL_TABLES,NO_ZERO_IN_DATE,NO_ZERO_DATE,ERROR_FOR_DIVISION_BY_ZERO,TRADITIONAL,NO_ENGINE_SUBSTITUTION {{(pid=108476) _check_effective_sql_mode /opt/stack/data/venv/lib/python3.12/site-packages/oslo_db/sqlalchemy/engines.py:325}}
May 29 01:35:33.530450 np0000177371 devstack@n-api-meta.service[108477]: DEBUG oslo_db.sqlalchemy.engines [None req-622c2fe0-eab3-43cb-a3fc-d753b36a6283 None None] MySQL server mode set to STRICT_TRANS_TABLES,STRICT_ALL_TABLES,NO_ZERO_IN_DATE,NO_ZERO_DATE,ERROR_FOR_DIVISION_BY_ZERO,TRADITIONAL,NO_ENGINE_SUBSTITUTION {{(pid=108477) _check_effective_sql_mode /opt/stack/data/venv/lib/python3.12/site-packages/oslo_db/sqlalchemy/engines.py:325}}
May 29 01:35:33.539098 np0000177371 devstack@n-api-meta.service[108479]: DEBUG dbcounter [-] [108479] Writer thread running {{(pid=108479) stat_writer /opt/stack/data/venv/lib/python3.12/site-packages/dbcounter.py:102}}
May 29 01:35:33.540527 np0000177371 devstack@n-api-meta.service[108478]: DEBUG dbcounter [-] [108478] Writer thread running {{(pid=108478) stat_writer /opt/stack/data/venv/lib/python3.12/site-packages/dbcounter.py:102}}
May 29 01:35:33.545102 np0000177371 devstack@n-api-meta.service[108478]: DEBUG nova.context [None req-114579ee-42b0-4883-bee2-0134209ecb1e None None] Found 2 cells: 00000000-0000-0000-0000-000000000000(cell0),4ade17bc-3c04-4804-8263-8e17204f2d75(cell1) {{(pid=108478) load_cells /opt/stack/nova/nova/context.py:509}}
May 29 01:35:33.545102 np0000177371 devstack@n-api-meta.service[108478]: INFO nova.utils [None req-114579ee-42b0-4883-bee2-0134209ecb1e None None] The cell worker thread pool MainProcess.cell_worker is initialized
May 29 01:35:33.545654 np0000177371 devstack@n-api-meta.service[108478]: DEBUG oslo_concurrency.lockutils [None req-114579ee-42b0-4883-bee2-0134209ecb1e None None] Acquiring lock "00000000-0000-0000-0000-000000000000" by "nova.context.set_target_cell..get_or_set_cached_cell_and_set_connections" {{(pid=108478) inner /opt/stack/data/venv/lib/python3.12/site-packages/oslo_concurrency/lockutils.py:511}}
May 29 01:35:33.545878 np0000177371 devstack@n-api-meta.service[108478]: DEBUG oslo_concurrency.lockutils [None req-114579ee-42b0-4883-bee2-0134209ecb1e None None] Lock "00000000-0000-0000-0000-000000000000" acquired by "nova.context.set_target_cell..get_or_set_cached_cell_and_set_connections" :: waited 0.000s {{(pid=108478) inner /opt/stack/data/venv/lib/python3.12/site-packages/oslo_concurrency/lockutils.py:524}}
May 29 01:35:33.545952 np0000177371 devstack@n-api-meta.service[108479]: DEBUG dbcounter [-] [108479] Writer thread running {{(pid=108479) stat_writer /opt/stack/data/venv/lib/python3.12/site-packages/dbcounter.py:102}}
May 29 01:35:33.546375 np0000177371 devstack@n-api-meta.service[108478]: DEBUG oslo_concurrency.lockutils [None req-114579ee-42b0-4883-bee2-0134209ecb1e None None] Lock "00000000-0000-0000-0000-000000000000" "released" by "nova.context.set_target_cell..get_or_set_cached_cell_and_set_connections" :: held 0.000s {{(pid=108478) inner /opt/stack/data/venv/lib/python3.12/site-packages/oslo_concurrency/lockutils.py:543}}
May 29 01:35:33.547163 np0000177371 devstack@n-api-meta.service[108478]: DEBUG oslo_concurrency.lockutils [None req-114579ee-42b0-4883-bee2-0134209ecb1e None None] Acquiring lock "4ade17bc-3c04-4804-8263-8e17204f2d75" by "nova.context.set_target_cell..get_or_set_cached_cell_and_set_connections" {{(pid=108478) inner /opt/stack/data/venv/lib/python3.12/site-packages/oslo_concurrency/lockutils.py:511}}
May 29 01:35:33.547387 np0000177371 devstack@n-api-meta.service[108478]: DEBUG oslo_concurrency.lockutils [None req-114579ee-42b0-4883-bee2-0134209ecb1e None None] Lock "4ade17bc-3c04-4804-8263-8e17204f2d75" acquired by "nova.context.set_target_cell..get_or_set_cached_cell_and_set_connections" :: waited 0.000s {{(pid=108478) inner /opt/stack/data/venv/lib/python3.12/site-packages/oslo_concurrency/lockutils.py:524}}
May 29 01:35:33.548477 np0000177371 devstack@n-api-meta.service[108478]: DEBUG oslo_concurrency.lockutils [None req-114579ee-42b0-4883-bee2-0134209ecb1e None None] Lock "4ade17bc-3c04-4804-8263-8e17204f2d75" "released" by "nova.context.set_target_cell..get_or_set_cached_cell_and_set_connections" :: held 0.001s {{(pid=108478) inner /opt/stack/data/venv/lib/python3.12/site-packages/oslo_concurrency/lockutils.py:543}}
May 29 01:35:33.552007 np0000177371 devstack@n-api-meta.service[108477]: DEBUG oslo_db.sqlalchemy.engines [None req-622c2fe0-eab3-43cb-a3fc-d753b36a6283 None None] MySQL server mode set to STRICT_TRANS_TABLES,STRICT_ALL_TABLES,NO_ZERO_IN_DATE,NO_ZERO_DATE,ERROR_FOR_DIVISION_BY_ZERO,TRADITIONAL,NO_ENGINE_SUBSTITUTION {{(pid=108477) _check_effective_sql_mode /opt/stack/data/venv/lib/python3.12/site-packages/oslo_db/sqlalchemy/engines.py:325}}
May 29 01:35:33.552080 np0000177371 devstack@n-api-meta.service[108478]: INFO dbcounter [None req-114579ee-42b0-4883-bee2-0134209ecb1e None None] Registered counter for database nova_cell0
May 29 01:35:33.552911 np0000177371 devstack@n-api-meta.service[108478]: INFO dbcounter [None req-114579ee-42b0-4883-bee2-0134209ecb1e None None] Registered counter for database nova_cell1
May 29 01:35:33.555198 np0000177371 devstack@n-api-meta.service[108479]: INFO dbcounter [None req-a9c71853-9850-4134-809c-6de3fd08fda3 None None] Registered counter for database nova_cell0
May 29 01:35:33.580938 np0000177371 devstack@n-api-meta.service[108476]: DEBUG oslo_db.sqlalchemy.engines [None req-e5fbed91-f863-4f10-b381-bd278cdee84c None None] MySQL server mode set to STRICT_TRANS_TABLES,STRICT_ALL_TABLES,NO_ZERO_IN_DATE,NO_ZERO_DATE,ERROR_FOR_DIVISION_BY_ZERO,TRADITIONAL,NO_ENGINE_SUBSTITUTION {{(pid=108476) _check_effective_sql_mode /opt/stack/data/venv/lib/python3.12/site-packages/oslo_db/sqlalchemy/engines.py:325}}
May 29 01:35:33.603724 np0000177371 devstack@n-api-meta.service[108476]: DEBUG dbcounter [-] [108476] Writer thread running {{(pid=108476) stat_writer /opt/stack/data/venv/lib/python3.12/site-packages/dbcounter.py:102}}
May 29 01:35:33.607476 np0000177371 devstack@n-api-meta.service[108479]: DEBUG oslo_db.sqlalchemy.engines [None req-a9c71853-9850-4134-809c-6de3fd08fda3 None None] MySQL server mode set to STRICT_TRANS_TABLES,STRICT_ALL_TABLES,NO_ZERO_IN_DATE,NO_ZERO_DATE,ERROR_FOR_DIVISION_BY_ZERO,TRADITIONAL,NO_ENGINE_SUBSTITUTION {{(pid=108479) _check_effective_sql_mode /opt/stack/data/venv/lib/python3.12/site-packages/oslo_db/sqlalchemy/engines.py:325}}
May 29 01:35:33.611062 np0000177371 devstack@n-api-meta.service[108478]: DEBUG oslo_db.sqlalchemy.engines [None req-114579ee-42b0-4883-bee2-0134209ecb1e None None] MySQL server mode set to STRICT_TRANS_TABLES,STRICT_ALL_TABLES,NO_ZERO_IN_DATE,NO_ZERO_DATE,ERROR_FOR_DIVISION_BY_ZERO,TRADITIONAL,NO_ENGINE_SUBSTITUTION {{(pid=108478) _check_effective_sql_mode /opt/stack/data/venv/lib/python3.12/site-packages/oslo_db/sqlalchemy/engines.py:325}}
May 29 01:35:33.615716 np0000177371 devstack@n-api-meta.service[108476]: DEBUG dbcounter [-] [108476] Writer thread running {{(pid=108476) stat_writer /opt/stack/data/venv/lib/python3.12/site-packages/dbcounter.py:102}}
May 29 01:35:33.616314 np0000177371 devstack@n-api-meta.service[108479]: DEBUG dbcounter [-] [108479] Writer thread running {{(pid=108479) stat_writer /opt/stack/data/venv/lib/python3.12/site-packages/dbcounter.py:102}}
May 29 01:35:33.620254 np0000177371 devstack@n-api-meta.service[108476]: INFO dbcounter [None req-e5fbed91-f863-4f10-b381-bd278cdee84c None None] Registered counter for database nova_cell0
May 29 01:35:33.627888 np0000177371 devstack@n-api-meta.service[108478]: DEBUG oslo_db.sqlalchemy.engines [None req-114579ee-42b0-4883-bee2-0134209ecb1e None None] MySQL server mode set to STRICT_TRANS_TABLES,STRICT_ALL_TABLES,NO_ZERO_IN_DATE,NO_ZERO_DATE,ERROR_FOR_DIVISION_BY_ZERO,TRADITIONAL,NO_ENGINE_SUBSTITUTION {{(pid=108478) _check_effective_sql_mode /opt/stack/data/venv/lib/python3.12/site-packages/oslo_db/sqlalchemy/engines.py:325}}
May 29 01:35:33.650279 np0000177371 devstack@n-api-meta.service[108477]: DEBUG dbcounter [-] [108477] Writer thread running {{(pid=108477) stat_writer /opt/stack/data/venv/lib/python3.12/site-packages/dbcounter.py:102}}
May 29 01:35:33.654722 np0000177371 devstack@n-api-meta.service[108477]: DEBUG dbcounter [-] [108477] Writer thread running {{(pid=108477) stat_writer /opt/stack/data/venv/lib/python3.12/site-packages/dbcounter.py:102}}
May 29 01:35:33.663648 np0000177371 devstack@n-api-meta.service[108477]: INFO dbcounter [None req-622c2fe0-eab3-43cb-a3fc-d753b36a6283 None None] Registered counter for database nova_cell0
May 29 01:35:33.663887 np0000177371 devstack@n-api-meta.service[108479]: WARNING nova.api.metadata.handler [None req-a9c71853-9850-4134-809c-6de3fd08fda3 None None] metadata_proxy_shared_secret is not configured, the metadata information returned by the proxy cannot be trusted
May 29 01:35:33.666305 np0000177371 devstack@n-api-meta.service[108479]: DEBUG nova.api.openstack.wsgi_app [None req-a9c71853-9850-4134-809c-6de3fd08fda3 None None] ******************************************************************************** {{(pid=108479) log_opt_values /opt/stack/data/venv/lib/python3.12/site-packages/oslo_config/cfg.py:3229}}
May 29 01:35:33.666423 np0000177371 devstack@n-api-meta.service[108479]: DEBUG nova.api.openstack.wsgi_app [None req-a9c71853-9850-4134-809c-6de3fd08fda3 None None] Configuration options gathered from: {{(pid=108479) log_opt_values /opt/stack/data/venv/lib/python3.12/site-packages/oslo_config/cfg.py:3230}}
May 29 01:35:33.666535 np0000177371 devstack@n-api-meta.service[108479]: DEBUG nova.api.openstack.wsgi_app [None req-a9c71853-9850-4134-809c-6de3fd08fda3 None None] command line args: [] {{(pid=108479) log_opt_values /opt/stack/data/venv/lib/python3.12/site-packages/oslo_config/cfg.py:3231}}
May 29 01:35:33.666688 np0000177371 devstack@n-api-meta.service[108479]: DEBUG nova.api.openstack.wsgi_app [None req-a9c71853-9850-4134-809c-6de3fd08fda3 None None] config files: ['/etc/nova/api-paste.ini', '/etc/nova/nova.conf'] {{(pid=108479) log_opt_values /opt/stack/data/venv/lib/python3.12/site-packages/oslo_config/cfg.py:3232}}
May 29 01:35:33.666836 np0000177371 devstack@n-api-meta.service[108479]: DEBUG nova.api.openstack.wsgi_app [None req-a9c71853-9850-4134-809c-6de3fd08fda3 None None] ================================================================================ {{(pid=108479) log_opt_values /opt/stack/data/venv/lib/python3.12/site-packages/oslo_config/cfg.py:3237}}
May 29 01:35:33.666974 np0000177371 devstack@n-api-meta.service[108479]: DEBUG nova.api.openstack.wsgi_app [None req-a9c71853-9850-4134-809c-6de3fd08fda3 None None] allow_resize_to_same_host = True {{(pid=108479) log_opt_values /opt/stack/data/venv/lib/python3.12/site-packages/oslo_config/cfg.py:3245}}
May 29 01:35:33.667105 np0000177371 devstack@n-api-meta.service[108479]: DEBUG nova.api.openstack.wsgi_app [None req-a9c71853-9850-4134-809c-6de3fd08fda3 None None] arq_binding_timeout = 300 {{(pid=108479) log_opt_values /opt/stack/data/venv/lib/python3.12/site-packages/oslo_config/cfg.py:3245}}
May 29 01:35:33.667270 np0000177371 devstack@n-api-meta.service[108479]: DEBUG nova.api.openstack.wsgi_app [None req-a9c71853-9850-4134-809c-6de3fd08fda3 None None] block_device_allocate_retries = 60 {{(pid=108479) log_opt_values /opt/stack/data/venv/lib/python3.12/site-packages/oslo_config/cfg.py:3245}}
May 29 01:35:33.667501 np0000177371 devstack@n-api-meta.service[108479]: DEBUG nova.api.openstack.wsgi_app [None req-a9c71853-9850-4134-809c-6de3fd08fda3 None None] block_device_allocate_retries_interval = 3 {{(pid=108479) log_opt_values /opt/stack/data/venv/lib/python3.12/site-packages/oslo_config/cfg.py:3245}}
May 29 01:35:33.668029 np0000177371 devstack@n-api-meta.service[108479]: DEBUG nova.api.openstack.wsgi_app [None req-a9c71853-9850-4134-809c-6de3fd08fda3 None None] cell_worker_thread_pool_size = 5 {{(pid=108479) log_opt_values /opt/stack/data/venv/lib/python3.12/site-packages/oslo_config/cfg.py:3245}}
May 29 01:35:33.668029 np0000177371 devstack@n-api-meta.service[108479]: DEBUG nova.api.openstack.wsgi_app [None req-a9c71853-9850-4134-809c-6de3fd08fda3 None None] cert = self.pem {{(pid=108479) log_opt_values /opt/stack/data/venv/lib/python3.12/site-packages/oslo_config/cfg.py:3245}}
May 29 01:35:33.668029 np0000177371 devstack@n-api-meta.service[108479]: DEBUG nova.api.openstack.wsgi_app [None req-a9c71853-9850-4134-809c-6de3fd08fda3 None None] compute_driver = libvirt.LibvirtDriver {{(pid=108479) log_opt_values /opt/stack/data/venv/lib/python3.12/site-packages/oslo_config/cfg.py:3245}}
May 29 01:35:33.668168 np0000177371 devstack@n-api-meta.service[108479]: DEBUG nova.api.openstack.wsgi_app [None req-a9c71853-9850-4134-809c-6de3fd08fda3 None None] compute_monitors = [] {{(pid=108479) log_opt_values /opt/stack/data/venv/lib/python3.12/site-packages/oslo_config/cfg.py:3245}}
May 29 01:35:33.668227 np0000177371 devstack@n-api-meta.service[108479]: DEBUG nova.api.openstack.wsgi_app [None req-a9c71853-9850-4134-809c-6de3fd08fda3 None None] config_dir = [] {{(pid=108479) log_opt_values /opt/stack/data/venv/lib/python3.12/site-packages/oslo_config/cfg.py:3245}}
May 29 01:35:33.668392 np0000177371 devstack@n-api-meta.service[108479]: DEBUG nova.api.openstack.wsgi_app [None req-a9c71853-9850-4134-809c-6de3fd08fda3 None None] config_drive_format = iso9660 {{(pid=108479) log_opt_values /opt/stack/data/venv/lib/python3.12/site-packages/oslo_config/cfg.py:3245}}
May 29 01:35:33.668517 np0000177371 devstack@n-api-meta.service[108479]: DEBUG nova.api.openstack.wsgi_app [None req-a9c71853-9850-4134-809c-6de3fd08fda3 None None] config_file = ['/etc/nova/api-paste.ini', '/etc/nova/nova.conf'] {{(pid=108479) log_opt_values /opt/stack/data/venv/lib/python3.12/site-packages/oslo_config/cfg.py:3245}}
May 29 01:35:33.668653 np0000177371 devstack@n-api-meta.service[108479]: DEBUG nova.api.openstack.wsgi_app [None req-a9c71853-9850-4134-809c-6de3fd08fda3 None None] config_source = [] {{(pid=108479) log_opt_values /opt/stack/data/venv/lib/python3.12/site-packages/oslo_config/cfg.py:3245}}
May 29 01:35:33.668794 np0000177371 devstack@n-api-meta.service[108479]: DEBUG nova.api.openstack.wsgi_app [None req-a9c71853-9850-4134-809c-6de3fd08fda3 None None] console_host = np0000177371 {{(pid=108479) log_opt_values /opt/stack/data/venv/lib/python3.12/site-packages/oslo_config/cfg.py:3245}}
May 29 01:35:33.668930 np0000177371 devstack@n-api-meta.service[108479]: DEBUG nova.api.openstack.wsgi_app [None req-a9c71853-9850-4134-809c-6de3fd08fda3 None None] control_exchange = nova {{(pid=108479) log_opt_values /opt/stack/data/venv/lib/python3.12/site-packages/oslo_config/cfg.py:3245}}
May 29 01:35:33.669058 np0000177371 devstack@n-api-meta.service[108479]: DEBUG nova.api.openstack.wsgi_app [None req-a9c71853-9850-4134-809c-6de3fd08fda3 None None] cpu_allocation_ratio = None {{(pid=108479) log_opt_values /opt/stack/data/venv/lib/python3.12/site-packages/oslo_config/cfg.py:3245}}
May 29 01:35:33.669196 np0000177371 devstack@n-api-meta.service[108479]: DEBUG nova.api.openstack.wsgi_app [None req-a9c71853-9850-4134-809c-6de3fd08fda3 None None] daemon = False {{(pid=108479) log_opt_values /opt/stack/data/venv/lib/python3.12/site-packages/oslo_config/cfg.py:3245}}
May 29 01:35:33.669337 np0000177371 devstack@n-api-meta.service[108479]: DEBUG nova.api.openstack.wsgi_app [None req-a9c71853-9850-4134-809c-6de3fd08fda3 None None] debug = True {{(pid=108479) log_opt_values /opt/stack/data/venv/lib/python3.12/site-packages/oslo_config/cfg.py:3245}}
May 29 01:35:33.669617 np0000177371 devstack@n-api-meta.service[108479]: DEBUG nova.api.openstack.wsgi_app [None req-a9c71853-9850-4134-809c-6de3fd08fda3 None None] default_access_ip_network_name = None {{(pid=108479) log_opt_values /opt/stack/data/venv/lib/python3.12/site-packages/oslo_config/cfg.py:3245}}
May 29 01:35:33.669617 np0000177371 devstack@n-api-meta.service[108479]: DEBUG nova.api.openstack.wsgi_app [None req-a9c71853-9850-4134-809c-6de3fd08fda3 None None] default_availability_zone = nova {{(pid=108479) log_opt_values /opt/stack/data/venv/lib/python3.12/site-packages/oslo_config/cfg.py:3245}}
May 29 01:35:33.669852 np0000177371 devstack@n-api-meta.service[108479]: DEBUG nova.api.openstack.wsgi_app [None req-a9c71853-9850-4134-809c-6de3fd08fda3 None None] default_ephemeral_format = ext4 {{(pid=108479) log_opt_values /opt/stack/data/venv/lib/python3.12/site-packages/oslo_config/cfg.py:3245}}
May 29 01:35:33.669852 np0000177371 devstack@n-api-meta.service[108479]: DEBUG nova.api.openstack.wsgi_app [None req-a9c71853-9850-4134-809c-6de3fd08fda3 None None] default_green_pool_size = 1000 {{(pid=108479) log_opt_values /opt/stack/data/venv/lib/python3.12/site-packages/oslo_config/cfg.py:3245}}
May 29 01:35:33.671245 np0000177371 devstack@n-api-meta.service[108479]: DEBUG nova.api.openstack.wsgi_app [None req-a9c71853-9850-4134-809c-6de3fd08fda3 None None] default_log_levels = ['amqp=WARN', 'boto=WARN', 'sqlalchemy=WARN', 'suds=INFO', 'oslo.messaging=INFO', 'oslo_messaging=INFO', 'iso8601=WARN', 'requests.packages.urllib3.connectionpool=WARN', 'urllib3.connectionpool=WARN', 'websocket=WARN', 'requests.packages.urllib3.util.retry=WARN', 'urllib3.util.retry=WARN', 'keystonemiddleware=WARN', 'routes.middleware=WARN', 'stevedore=WARN', 'taskflow=WARN', 'keystoneauth=WARN', 'oslo.cache=INFO', 'oslo_policy=INFO', 'dogpile.core.dogpile=INFO', 'glanceclient=WARN', 'oslo.privsep.daemon=INFO'] {{(pid=108479) log_opt_values /opt/stack/data/venv/lib/python3.12/site-packages/oslo_config/cfg.py:3245}}
May 29 01:35:33.671245 np0000177371 devstack@n-api-meta.service[108479]: DEBUG nova.api.openstack.wsgi_app [None req-a9c71853-9850-4134-809c-6de3fd08fda3 None None] default_schedule_zone = None {{(pid=108479) log_opt_values /opt/stack/data/venv/lib/python3.12/site-packages/oslo_config/cfg.py:3245}}
May 29 01:35:33.671245 np0000177371 devstack@n-api-meta.service[108479]: DEBUG nova.api.openstack.wsgi_app [None req-a9c71853-9850-4134-809c-6de3fd08fda3 None None] default_thread_pool_size = 10 {{(pid=108479) log_opt_values /opt/stack/data/venv/lib/python3.12/site-packages/oslo_config/cfg.py:3245}}
May 29 01:35:33.671245 np0000177371 devstack@n-api-meta.service[108479]: DEBUG nova.api.openstack.wsgi_app [None req-a9c71853-9850-4134-809c-6de3fd08fda3 None None] disk_allocation_ratio = None {{(pid=108479) log_opt_values /opt/stack/data/venv/lib/python3.12/site-packages/oslo_config/cfg.py:3245}}
May 29 01:35:33.671245 np0000177371 devstack@n-api-meta.service[108479]: DEBUG nova.api.openstack.wsgi_app [None req-a9c71853-9850-4134-809c-6de3fd08fda3 None None] enable_new_services = True {{(pid=108479) log_opt_values /opt/stack/data/venv/lib/python3.12/site-packages/oslo_config/cfg.py:3245}}
May 29 01:35:33.671674 np0000177371 devstack@n-api-meta.service[108479]: DEBUG nova.api.openstack.wsgi_app [None req-a9c71853-9850-4134-809c-6de3fd08fda3 None None] flat_injected = False {{(pid=108479) log_opt_values /opt/stack/data/venv/lib/python3.12/site-packages/oslo_config/cfg.py:3245}}
May 29 01:35:33.671674 np0000177371 devstack@n-api-meta.service[108479]: DEBUG nova.api.openstack.wsgi_app [None req-a9c71853-9850-4134-809c-6de3fd08fda3 None None] force_config_drive = False {{(pid=108479) log_opt_values /opt/stack/data/venv/lib/python3.12/site-packages/oslo_config/cfg.py:3245}}
May 29 01:35:33.671674 np0000177371 devstack@n-api-meta.service[108479]: DEBUG nova.api.openstack.wsgi_app [None req-a9c71853-9850-4134-809c-6de3fd08fda3 None None] force_raw_images = True {{(pid=108479) log_opt_values /opt/stack/data/venv/lib/python3.12/site-packages/oslo_config/cfg.py:3245}}
May 29 01:35:33.671674 np0000177371 devstack@n-api-meta.service[108479]: DEBUG nova.api.openstack.wsgi_app [None req-a9c71853-9850-4134-809c-6de3fd08fda3 None None] graceful_shutdown_timeout = 5 {{(pid=108479) log_opt_values /opt/stack/data/venv/lib/python3.12/site-packages/oslo_config/cfg.py:3245}}
May 29 01:35:33.671674 np0000177371 devstack@n-api-meta.service[108479]: DEBUG nova.api.openstack.wsgi_app [None req-a9c71853-9850-4134-809c-6de3fd08fda3 None None] heal_instance_info_cache_interval = -1 {{(pid=108479) log_opt_values /opt/stack/data/venv/lib/python3.12/site-packages/oslo_config/cfg.py:3245}}
May 29 01:35:33.671674 np0000177371 devstack@n-api-meta.service[108479]: DEBUG nova.api.openstack.wsgi_app [None req-a9c71853-9850-4134-809c-6de3fd08fda3 None None] host = np0000177371 {{(pid=108479) log_opt_values /opt/stack/data/venv/lib/python3.12/site-packages/oslo_config/cfg.py:3245}}
May 29 01:35:33.671674 np0000177371 devstack@n-api-meta.service[108479]: DEBUG nova.api.openstack.wsgi_app [None req-a9c71853-9850-4134-809c-6de3fd08fda3 None None] initial_cpu_allocation_ratio = 4.0 {{(pid=108479) log_opt_values /opt/stack/data/venv/lib/python3.12/site-packages/oslo_config/cfg.py:3245}}
May 29 01:35:33.672063 np0000177371 devstack@n-api-meta.service[108479]: DEBUG nova.api.openstack.wsgi_app [None req-a9c71853-9850-4134-809c-6de3fd08fda3 None None] initial_disk_allocation_ratio = 1.0 {{(pid=108479) log_opt_values /opt/stack/data/venv/lib/python3.12/site-packages/oslo_config/cfg.py:3245}}
May 29 01:35:33.672063 np0000177371 devstack@n-api-meta.service[108479]: DEBUG nova.api.openstack.wsgi_app [None req-a9c71853-9850-4134-809c-6de3fd08fda3 None None] initial_ram_allocation_ratio = 1.0 {{(pid=108479) log_opt_values /opt/stack/data/venv/lib/python3.12/site-packages/oslo_config/cfg.py:3245}}
May 29 01:35:33.672063 np0000177371 devstack@n-api-meta.service[108479]: DEBUG nova.api.openstack.wsgi_app [None req-a9c71853-9850-4134-809c-6de3fd08fda3 None None] injected_network_template = /opt/stack/nova/nova/virt/interfaces.template {{(pid=108479) log_opt_values /opt/stack/data/venv/lib/python3.12/site-packages/oslo_config/cfg.py:3245}}
May 29 01:35:33.672333 np0000177371 devstack@n-api-meta.service[108479]: DEBUG nova.api.openstack.wsgi_app [None req-a9c71853-9850-4134-809c-6de3fd08fda3 None None] instance_build_timeout = 0 {{(pid=108479) log_opt_values /opt/stack/data/venv/lib/python3.12/site-packages/oslo_config/cfg.py:3245}}
May 29 01:35:33.672333 np0000177371 devstack@n-api-meta.service[108479]: DEBUG nova.api.openstack.wsgi_app [None req-a9c71853-9850-4134-809c-6de3fd08fda3 None None] instance_delete_interval = 300 {{(pid=108479) log_opt_values /opt/stack/data/venv/lib/python3.12/site-packages/oslo_config/cfg.py:3245}}
May 29 01:35:33.672644 np0000177371 devstack@n-api-meta.service[108479]: DEBUG nova.api.openstack.wsgi_app [None req-a9c71853-9850-4134-809c-6de3fd08fda3 None None] instance_format = [instance: %(uuid)s] {{(pid=108479) log_opt_values /opt/stack/data/venv/lib/python3.12/site-packages/oslo_config/cfg.py:3245}}
May 29 01:35:33.672644 np0000177371 devstack@n-api-meta.service[108479]: DEBUG nova.api.openstack.wsgi_app [None req-a9c71853-9850-4134-809c-6de3fd08fda3 None None] instance_name_template = instance-%08x {{(pid=108479) log_opt_values /opt/stack/data/venv/lib/python3.12/site-packages/oslo_config/cfg.py:3245}}
May 29 01:35:33.672841 np0000177371 devstack@n-api-meta.service[108479]: DEBUG nova.api.openstack.wsgi_app [None req-a9c71853-9850-4134-809c-6de3fd08fda3 None None] instance_usage_audit = False {{(pid=108479) log_opt_values /opt/stack/data/venv/lib/python3.12/site-packages/oslo_config/cfg.py:3245}}
May 29 01:35:33.672841 np0000177371 devstack@n-api-meta.service[108479]: DEBUG nova.api.openstack.wsgi_app [None req-a9c71853-9850-4134-809c-6de3fd08fda3 None None] instance_usage_audit_period = month {{(pid=108479) log_opt_values /opt/stack/data/venv/lib/python3.12/site-packages/oslo_config/cfg.py:3245}}
May 29 01:35:33.672996 np0000177371 devstack@n-api-meta.service[108479]: DEBUG nova.api.openstack.wsgi_app [None req-a9c71853-9850-4134-809c-6de3fd08fda3 None None] instance_uuid_format = [instance: %(uuid)s] {{(pid=108479) log_opt_values /opt/stack/data/venv/lib/python3.12/site-packages/oslo_config/cfg.py:3245}}
May 29 01:35:33.673657 np0000177371 devstack@n-api-meta.service[108479]: DEBUG nova.api.openstack.wsgi_app [None req-a9c71853-9850-4134-809c-6de3fd08fda3 None None] instances_path = /opt/stack/data/nova/instances {{(pid=108479) log_opt_values /opt/stack/data/venv/lib/python3.12/site-packages/oslo_config/cfg.py:3245}}
May 29 01:35:33.673657 np0000177371 devstack@n-api-meta.service[108479]: DEBUG nova.api.openstack.wsgi_app [None req-a9c71853-9850-4134-809c-6de3fd08fda3 None None] internal_service_availability_zone = internal {{(pid=108479) log_opt_values /opt/stack/data/venv/lib/python3.12/site-packages/oslo_config/cfg.py:3245}}
May 29 01:35:33.673657 np0000177371 devstack@n-api-meta.service[108479]: DEBUG nova.api.openstack.wsgi_app [None req-a9c71853-9850-4134-809c-6de3fd08fda3 None None] key = None {{(pid=108479) log_opt_values /opt/stack/data/venv/lib/python3.12/site-packages/oslo_config/cfg.py:3245}}
May 29 01:35:33.673657 np0000177371 devstack@n-api-meta.service[108479]: DEBUG nova.api.openstack.wsgi_app [None req-a9c71853-9850-4134-809c-6de3fd08fda3 None None] live_migration_retry_count = 30 {{(pid=108479) log_opt_values /opt/stack/data/venv/lib/python3.12/site-packages/oslo_config/cfg.py:3245}}
May 29 01:35:33.673657 np0000177371 devstack@n-api-meta.service[108479]: DEBUG nova.api.openstack.wsgi_app [None req-a9c71853-9850-4134-809c-6de3fd08fda3 None None] log_color = False {{(pid=108479) log_opt_values /opt/stack/data/venv/lib/python3.12/site-packages/oslo_config/cfg.py:3245}}
May 29 01:35:33.674105 np0000177371 devstack@n-api-meta.service[108479]: DEBUG nova.api.openstack.wsgi_app [None req-a9c71853-9850-4134-809c-6de3fd08fda3 None None] log_config_append = None {{(pid=108479) log_opt_values /opt/stack/data/venv/lib/python3.12/site-packages/oslo_config/cfg.py:3245}}
May 29 01:35:33.674105 np0000177371 devstack@n-api-meta.service[108479]: DEBUG nova.api.openstack.wsgi_app [None req-a9c71853-9850-4134-809c-6de3fd08fda3 None None] log_date_format = %Y-%m-%d %H:%M:%S {{(pid=108479) log_opt_values /opt/stack/data/venv/lib/python3.12/site-packages/oslo_config/cfg.py:3245}}
May 29 01:35:33.674105 np0000177371 devstack@n-api-meta.service[108479]: DEBUG nova.api.openstack.wsgi_app [None req-a9c71853-9850-4134-809c-6de3fd08fda3 None None] log_dir = None {{(pid=108479) log_opt_values /opt/stack/data/venv/lib/python3.12/site-packages/oslo_config/cfg.py:3245}}
May 29 01:35:33.674388 np0000177371 devstack@n-api-meta.service[108479]: DEBUG nova.api.openstack.wsgi_app [None req-a9c71853-9850-4134-809c-6de3fd08fda3 None None] log_file = None {{(pid=108479) log_opt_values /opt/stack/data/venv/lib/python3.12/site-packages/oslo_config/cfg.py:3245}}
May 29 01:35:33.674388 np0000177371 devstack@n-api-meta.service[108479]: DEBUG nova.api.openstack.wsgi_app [None req-a9c71853-9850-4134-809c-6de3fd08fda3 None None] log_options = True {{(pid=108479) log_opt_values /opt/stack/data/venv/lib/python3.12/site-packages/oslo_config/cfg.py:3245}}
May 29 01:35:33.674388 np0000177371 devstack@n-api-meta.service[108479]: DEBUG nova.api.openstack.wsgi_app [None req-a9c71853-9850-4134-809c-6de3fd08fda3 None None] log_rotate_interval = 1 {{(pid=108479) log_opt_values /opt/stack/data/venv/lib/python3.12/site-packages/oslo_config/cfg.py:3245}}
May 29 01:35:33.674626 np0000177371 devstack@n-api-meta.service[108479]: DEBUG nova.api.openstack.wsgi_app [None req-a9c71853-9850-4134-809c-6de3fd08fda3 None None] log_rotate_interval_type = days {{(pid=108479) log_opt_values /opt/stack/data/venv/lib/python3.12/site-packages/oslo_config/cfg.py:3245}}
May 29 01:35:33.674701 np0000177371 devstack@n-api-meta.service[108479]: DEBUG nova.api.openstack.wsgi_app [None req-a9c71853-9850-4134-809c-6de3fd08fda3 None None] log_rotation_type = none {{(pid=108479) log_opt_values /opt/stack/data/venv/lib/python3.12/site-packages/oslo_config/cfg.py:3245}}
May 29 01:35:33.674770 np0000177371 devstack@n-api-meta.service[108479]: DEBUG nova.api.openstack.wsgi_app [None req-a9c71853-9850-4134-809c-6de3fd08fda3 None None] logging_context_format_string = %(color)s%(levelname)s %(name)s [%(global_request_id)s %(request_id)s %(project_name)s %(user_name)s%(color)s] %(instance)s%(color)s%(message)s {{(pid=108479) log_opt_values /opt/stack/data/venv/lib/python3.12/site-packages/oslo_config/cfg.py:3245}}
May 29 01:35:33.674953 np0000177371 devstack@n-api-meta.service[108479]: DEBUG nova.api.openstack.wsgi_app [None req-a9c71853-9850-4134-809c-6de3fd08fda3 None None] logging_debug_format_suffix = {{(pid=%(process)d) %(funcName)s %(pathname)s:%(lineno)d}} {{(pid=108479) log_opt_values /opt/stack/data/venv/lib/python3.12/site-packages/oslo_config/cfg.py:3245}}
May 29 01:35:33.675085 np0000177371 devstack@n-api-meta.service[108479]: DEBUG nova.api.openstack.wsgi_app [None req-a9c71853-9850-4134-809c-6de3fd08fda3 None None] logging_default_format_string = %(color)s%(levelname)s %(name)s [-%(color)s] %(instance)s%(color)s%(message)s {{(pid=108479) log_opt_values /opt/stack/data/venv/lib/python3.12/site-packages/oslo_config/cfg.py:3245}}
May 29 01:35:33.675268 np0000177371 devstack@n-api-meta.service[108479]: DEBUG nova.api.openstack.wsgi_app [None req-a9c71853-9850-4134-809c-6de3fd08fda3 None None] logging_exception_prefix = ERROR %(name)s %(instance)s {{(pid=108479) log_opt_values /opt/stack/data/venv/lib/python3.12/site-packages/oslo_config/cfg.py:3245}}
May 29 01:35:33.675424 np0000177371 devstack@n-api-meta.service[108479]: DEBUG nova.api.openstack.wsgi_app [None req-a9c71853-9850-4134-809c-6de3fd08fda3 None None] logging_user_identity_format = %(user)s %(project)s %(domain)s %(system_scope)s %(user_domain)s %(project_domain)s {{(pid=108479) log_opt_values /opt/stack/data/venv/lib/python3.12/site-packages/oslo_config/cfg.py:3245}}
May 29 01:35:33.675519 np0000177371 devstack@n-api-meta.service[108479]: DEBUG nova.api.openstack.wsgi_app [None req-a9c71853-9850-4134-809c-6de3fd08fda3 None None] long_rpc_timeout = 1800 {{(pid=108479) log_opt_values /opt/stack/data/venv/lib/python3.12/site-packages/oslo_config/cfg.py:3245}}
May 29 01:35:33.675683 np0000177371 devstack@n-api-meta.service[108479]: DEBUG nova.api.openstack.wsgi_app [None req-a9c71853-9850-4134-809c-6de3fd08fda3 None None] manager_shutdown_timeout = 160 {{(pid=108479) log_opt_values /opt/stack/data/venv/lib/python3.12/site-packages/oslo_config/cfg.py:3245}}
May 29 01:35:33.675779 np0000177371 devstack@n-api-meta.service[108479]: DEBUG nova.api.openstack.wsgi_app [None req-a9c71853-9850-4134-809c-6de3fd08fda3 None None] max_concurrent_builds = 10 {{(pid=108479) log_opt_values /opt/stack/data/venv/lib/python3.12/site-packages/oslo_config/cfg.py:3245}}
May 29 01:35:33.675967 np0000177371 devstack@n-api-meta.service[108479]: DEBUG nova.api.openstack.wsgi_app [None req-a9c71853-9850-4134-809c-6de3fd08fda3 None None] max_concurrent_live_migrations = 1 {{(pid=108479) log_opt_values /opt/stack/data/venv/lib/python3.12/site-packages/oslo_config/cfg.py:3245}}
