+ COMMAND=start + start + for KEYSTONE_WSGI_SCRIPT in keystone-wsgi-public ++ type -p keystone-wsgi-public + cp -a /var/lib/openstack/bin/keystone-wsgi-public /var/www/cgi-bin/keystone/ + '[' -f /etc/apache2/envvars ']' + source /etc/apache2/envvars ++ unset HOME ++ '[' '' '!=' '' ']' ++ SUFFIX= ++ export APACHE_RUN_USER=www-data ++ APACHE_RUN_USER=www-data ++ export APACHE_RUN_GROUP=www-data ++ APACHE_RUN_GROUP=www-data ++ export APACHE_PID_FILE=/var/run/apache2/apache2.pid ++ APACHE_PID_FILE=/var/run/apache2/apache2.pid ++ export APACHE_RUN_DIR=/var/run/apache2 ++ APACHE_RUN_DIR=/var/run/apache2 ++ export APACHE_LOCK_DIR=/var/lock/apache2 ++ APACHE_LOCK_DIR=/var/lock/apache2 ++ export APACHE_LOG_DIR=/var/log/apache2 ++ APACHE_LOG_DIR=/var/log/apache2 ++ export LANG=C ++ LANG=C ++ export LANG + '[' -f /var/run/apache2/apache2.pid ']' + exec apache2 -DFOREGROUND AH00558: apache2: Could not reliably determine the server's fully qualified domain name, using 10.0.0.92. Set the 'ServerName' directive globally to suppress this message AH00558: apache2: Could not reliably determine the server's fully qualified domain name, using 10.0.0.92. Set the 'ServerName' directive globally to suppress this message
[Sat May 16 09:32:36.566371 2026] [mpm_event:notice] [pid 1:tid 139766506071936] AH00489: Apache/2.4.58 (Ubuntu) mod_wsgi/5.0.0 Python/3.12 configured -- resuming normal operations
[Sat May 16 09:32:36.566484 2026] [core:notice] [pid 1:tid 139766506071936] AH00094: Command line: 'apache2 -D FOREGROUND'
[Sat May 16 09:33:33.836275 2026] [wsgi:error] [pid 12:tid 139765869299392] /var/lib/openstack/lib/python3.12/site-packages/oslo_utils/importutils.py:77: EventletDeprecationWarning:
[Sat May 16 09:33:33.836321 2026] [wsgi:error] [pid 12:tid 139765869299392] Eventlet is deprecated. It is currently being maintained in bugfix mode, and
[Sat May 16 09:33:33.836323 2026] [wsgi:error] [pid 12:tid 139765869299392] we strongly recommend against using it for new projects.
[Sat May 16 09:33:33.836324 2026] [wsgi:error] [pid 12:tid 139765869299392]
[Sat May 16 09:33:33.836325 2026] [wsgi:error] [pid 12:tid 139765869299392] If you are already using Eventlet, we recommend migrating to a different
[Sat May 16 09:33:33.836326 2026] [wsgi:error] [pid 12:tid 139765869299392] framework. For more detail see
[Sat May 16 09:33:33.836327 2026] [wsgi:error] [pid 12:tid 139765869299392] https://eventlet.readthedocs.io/en/latest/asyncio/migration.html
[Sat May 16 09:33:33.836329 2026] [wsgi:error] [pid 12:tid 139765869299392]
[Sat May 16 09:33:33.836330 2026] [wsgi:error] [pid 12:tid 139765869299392] __import__(import_str)
[Sat May 16 09:33:33.855247 2026] [wsgi:error] [pid 9:tid 139765869299392] /var/lib/openstack/lib/python3.12/site-packages/oslo_utils/importutils.py:77: EventletDeprecationWarning:
[Sat May 16 09:33:33.855291 2026] [wsgi:error] [pid 9:tid 139765869299392] Eventlet is deprecated. It is currently being maintained in bugfix mode, and
[Sat May 16 09:33:33.855293 2026] [wsgi:error] [pid 9:tid 139765869299392] we strongly recommend against using it for new projects.
[Sat May 16 09:33:33.855294 2026] [wsgi:error] [pid 9:tid 139765869299392]
[Sat May 16 09:33:33.855296 2026] [wsgi:error] [pid 9:tid 139765869299392] If you are already using Eventlet, we recommend migrating to a different
[Sat May 16 09:33:33.855297 2026] [wsgi:error] [pid 9:tid 139765869299392] framework. For more detail see
[Sat May 16 09:33:33.855298 2026] [wsgi:error] [pid 9:tid 139765869299392] https://eventlet.readthedocs.io/en/latest/asyncio/migration.html
[Sat May 16 09:33:33.855300 2026] [wsgi:error] [pid 9:tid 139765869299392]
[Sat May 16 09:33:33.855301 2026] [wsgi:error] [pid 9:tid 139765869299392] __import__(import_str) 10.0.0.194 - - [16/May/2026:09:33:32 +0000] "GET /v3/ HTTP/1.1" 200 249 10.0.0.194 - - [16/May/2026:09:33:32 +0000] "GET /v3/ HTTP/1.1" 200 249
[Sat May 16 09:33:47.295033 2026] [wsgi:error] [pid 10:tid 139765869299392] /var/lib/openstack/lib/python3.12/site-packages/oslo_utils/importutils.py:77: EventletDeprecationWarning:
[Sat May 16 09:33:47.295097 2026] [wsgi:error] [pid 10:tid 139765869299392] Eventlet is deprecated. It is currently being maintained in bugfix mode, and
[Sat May 16 09:33:47.295099 2026] [wsgi:error] [pid 10:tid 139765869299392] we strongly recommend against using it for new projects.
[Sat May 16 09:33:47.295101 2026] [wsgi:error] [pid 10:tid 139765869299392]
[Sat May 16 09:33:47.295102 2026] [wsgi:error] [pid 10:tid 139765869299392] If you are already using Eventlet, we recommend migrating to a different
[Sat May 16 09:33:47.295103 2026] [wsgi:error] [pid 10:tid 139765869299392] framework. For more detail see
[Sat May 16 09:33:47.295105 2026] [wsgi:error] [pid 10:tid 139765869299392] https://eventlet.readthedocs.io/en/latest/asyncio/migration.html
[Sat May 16 09:33:47.295106 2026] [wsgi:error] [pid 10:tid 139765869299392]
[Sat May 16 09:33:47.295107 2026] [wsgi:error] [pid 10:tid 139765869299392] __import__(import_str) 10.0.0.77 - - [16/May/2026:09:33:46 +0000] "GET / HTTP/1.1" 300 295
[Sat May 16 09:33:52.828306 2026] [wsgi:error] [pid 11:tid 139765869299392] /var/lib/openstack/lib/python3.12/site-packages/oslo_utils/importutils.py:77: EventletDeprecationWarning:
[Sat May 16 09:33:52.828341 2026] [wsgi:error] [pid 11:tid 139765869299392] Eventlet is deprecated. It is currently being maintained in bugfix mode, and
[Sat May 16 09:33:52.828342 2026] [wsgi:error] [pid 11:tid 139765869299392] we strongly recommend against using it for new projects.
[Sat May 16 09:33:52.828343 2026] [wsgi:error] [pid 11:tid 139765869299392]
[Sat May 16 09:33:52.828345 2026] [wsgi:error] [pid 11:tid 139765869299392] If you are already using Eventlet, we recommend migrating to a different
[Sat May 16 09:33:52.828346 2026] [wsgi:error] [pid 11:tid 139765869299392] framework. For more detail see
[Sat May 16 09:33:52.828347 2026] [wsgi:error] [pid 11:tid 139765869299392] https://eventlet.readthedocs.io/en/latest/asyncio/migration.html
[Sat May 16 09:33:52.828348 2026] [wsgi:error] [pid 11:tid 139765869299392]
[Sat May 16 09:33:52.828349 2026] [wsgi:error] [pid 11:tid 139765869299392] __import__(import_str)
[Sat May 16 09:33:57.607997 2026] [wsgi:error] [pid 11:tid 139765869299392] [remote 10.0.0.77:39148] 2026-05-16 09:33:57.605 11 WARNING keystone.identity.core [None req-8850b2c7-13e7-4cfe-b1d4-eba1cbb729c7 - - - - - -] Invalid domain name (atmosphere) found in config file name: keystone.exception.DomainNotFound: Could not find domain: atmosphere.
[Sat May 16 09:33:57.662380 2026] [wsgi:error] [pid 11:tid 139765869299392] [remote 10.0.0.77:39148] 2026-05-16 09:33:57.661 11 WARNING keystone.common.password_hashing [None req-8850b2c7-13e7-4cfe-b1d4-eba1cbb729c7 - - - - - -] Truncating password to algorithm specific maximum length 72 characters.
[Sat May 16 09:33:57.944092 2026] [wsgi:error] [pid 11:tid 139765869299392] [remote 10.0.0.77:39148] 2026-05-16 09:33:57.943 11 WARNING keystone.common.fernet_utils [None req-8850b2c7-13e7-4cfe-b1d4-eba1cbb729c7 - - - - - -] key_repository is world readable: /etc/keystone/fernet-keys/ 10.0.0.77 - - [16/May/2026:09:33:51 +0000] "POST /v3/auth/tokens HTTP/1.1" 201 1359
[Sat May 16 09:33:58.286432 2026] [wsgi:error] [pid 9:tid 139765869299392] [remote 10.0.0.77:39148] 2026-05-16 09:33:58.284 9 WARNING keystone.identity.core [None req-a1b91ac5-4b0f-413c-a4aa-b89f4555452b - - - - - -] Invalid domain name (atmosphere) found in config file name: keystone.exception.DomainNotFound: Could not find domain: atmosphere. 10.0.0.77 - - [16/May/2026:09:33:58 +0000] "POST /v3/domains HTTP/1.1" 201 261 10.0.0.251 - - [16/May/2026:09:34:10 +0000] "GET / HTTP/1.1" 300 295
[Sat May 16 09:34:10.992062 2026] [wsgi:error] [pid 10:tid 139765869299392] [remote 10.0.0.251:47408] 2026-05-16 09:34:10.991 10 WARNING keystone.common.password_hashing [None req-8da53fee-e291-4d39-82cd-d65e39ffeb1f - - - - - -] Truncating password to algorithm specific maximum length 72 characters.
[Sat May 16 09:34:11.280629 2026] [wsgi:error] [pid 10:tid 139765869299392] [remote 10.0.0.251:47408] 2026-05-16 09:34:11.280 10 WARNING keystone.common.fernet_utils [None req-8da53fee-e291-4d39-82cd-d65e39ffeb1f - - - - - -] key_repository is world readable: /etc/keystone/fernet-keys/ 10.0.0.251 - - [16/May/2026:09:34:10 +0000] "POST /v3/auth/tokens HTTP/1.1" 201 1359 10.0.0.251 - - [16/May/2026:09:34:11 +0000] "GET /v3/roles/admin HTTP/1.1" 404 83
[Sat May 16 09:34:11.498847 2026] [wsgi:error] [pid 9:tid 139765869299392] [remote 10.0.0.251:47408] 2026-05-16 09:34:11.498 9 WARNING keystone.common.rbac_enforcer.enforcer [None req-ac36f8fa-110e-4a50-b5b2-7dfefaca8938 23cc5b8230414ea5a032da141d2149a5 ada88431e4e9414d91b9cd15861c0c44 - - default default] Deprecated policy rules found. Use oslopolicy-policy-generator and oslopolicy-policy-upgrade to detect and resolve deprecated policies in your configuration. 10.0.0.251 - - [16/May/2026:09:34:11 +0000] "GET /v3/roles?name=admin HTTP/1.1" 200 389
[Sat May 16 09:34:11.902105 2026] [wsgi:error] [pid 12:tid 139765869299392] [remote 10.0.0.251:47408] 2026-05-16 09:34:11.901 12 WARNING keystone.common.rbac_enforcer.enforcer [None req-051c8465-febb-493d-a28a-29985cec0eff 23cc5b8230414ea5a032da141d2149a5 ada88431e4e9414d91b9cd15861c0c44 - - default default] Deprecated policy rules found. Use oslopolicy-policy-generator and oslopolicy-policy-upgrade to detect and resolve deprecated policies in your configuration. 10.0.0.251 - - [16/May/2026:09:34:11 +0000] "GET /v3/users/admin-RegionOne HTTP/1.1" 404 93
[Sat May 16 09:34:12.062680 2026] [wsgi:error] [pid 10:tid 139765869299392] [remote 10.0.0.251:47408] 2026-05-16 09:34:12.062 10 WARNING keystone.common.rbac_enforcer.enforcer [None req-5b3c3f92-4272-424d-bff5-0561b4683813 23cc5b8230414ea5a032da141d2149a5 ada88431e4e9414d91b9cd15861c0c44 - - default default] Deprecated policy rules found. Use oslopolicy-policy-generator and oslopolicy-policy-upgrade to detect and resolve deprecated policies in your configuration. 10.0.0.251 - - [16/May/2026:09:34:11 +0000] "GET /v3/users?name=admin-RegionOne HTTP/1.1" 200 422
[Sat May 16 09:34:12.257622 2026] [wsgi:error] [pid 11:tid 139765869299392] [remote 10.0.0.251:47408] 2026-05-16 09:34:12.257 11 WARNING keystone.common.rbac_enforcer.enforcer [None req-58af9789-44fb-48f2-be19-f951152919e8 23cc5b8230414ea5a032da141d2149a5 ada88431e4e9414d91b9cd15861c0c44 - - default default] Deprecated policy rules found. Use oslopolicy-policy-generator and oslopolicy-policy-upgrade to detect and resolve deprecated policies in your configuration. 10.0.0.251 - - [16/May/2026:09:34:12 +0000] "GET /v3/domains/default HTTP/1.1" 200 224 10.0.0.251 - - [16/May/2026:09:34:12 +0000] "PUT /v3/domains/default/users/23cc5b8230414ea5a032da141d2149a5/roles/3214366ee6324e068e1f7c17e6031bc6 HTTP/1.1" 204 - 10.0.0.194 - - [16/May/2026:09:34:22 +0000] "GET / HTTP/1.1" 300 280 10.0.0.194 - - [16/May/2026:09:34:23 +0000] "GET /v3 HTTP/1.1" 200 265
[Sat May 16 09:34:23.496380 2026] [wsgi:error] [pid 11:tid 139765869299392] [remote 10.0.0.194:33038] 2026-05-16 09:34:23.496 11 WARNING keystone.common.password_hashing [None req-078a5669-0344-4550-97b0-d2894a295961 - - - - - -] Truncating password to algorithm specific maximum length 72 characters.
[Sat May 16 09:34:23.787314 2026] [wsgi:error] [pid 11:tid 139765869299392] [remote 10.0.0.194:33038] 2026-05-16 09:34:23.787 11 WARNING keystone.common.fernet_utils [None req-078a5669-0344-4550-97b0-d2894a295961 - - - - - -] key_repository is world readable: /etc/keystone/fernet-keys/ 10.0.0.194 - - [16/May/2026:09:34:23 +0000] "POST /v3/auth/tokens HTTP/1.1" 201 1359 10.0.0.194 - - [16/May/2026:09:34:23 +0000] "GET / HTTP/1.1" 300 280 10.0.0.194 - - [16/May/2026:09:34:23 +0000] "GET /v3/domains/atmosphere HTTP/1.1" 404 90 10.0.0.194 - - [16/May/2026:09:34:23 +0000] "GET /v3/domains?name=atmosphere HTTP/1.1" 200 368 10.0.0.194 - - [16/May/2026:09:34:23 +0000] "GET /v3/domains/4c4dbcfddab14d969e2126967d570f66 HTTP/1.1" 200 246 10.0.0.194 - - [16/May/2026:09:34:24 +0000] "GET /v3 HTTP/1.1" 200 265
[Sat May 16 09:34:25.000532 2026] [wsgi:error] [pid 12:tid 139765869299392] [remote 10.0.0.194:33038] 2026-05-16 09:34:24.999 12 WARNING keystone.common.password_hashing [None req-a78e088e-5ae6-409b-b966-817cbec84b8c - - - - - -] Truncating password to algorithm specific maximum length 72 characters.
[Sat May 16 09:34:25.289526 2026] [wsgi:error] [pid 12:tid 139765869299392] [remote 10.0.0.194:33038] 2026-05-16 09:34:25.289 12 WARNING keystone.common.fernet_utils [None req-a78e088e-5ae6-409b-b966-817cbec84b8c - - - - - -] key_repository is world readable: /etc/keystone/fernet-keys/ 10.0.0.194 - - [16/May/2026:09:34:24 +0000] "POST /v3/auth/tokens HTTP/1.1" 201 1359 10.0.0.194 - - [16/May/2026:09:34:25 +0000] "GET / HTTP/1.1" 300 280 10.0.0.194 - - [16/May/2026:09:34:25 +0000] "GET /v3/OS-FEDERATION/identity_providers/atmosphere HTTP/1.1" 404 101 10.0.0.194 - - [16/May/2026:09:34:25 +0000] "GET /v3/OS-FEDERATION/identity_providers HTTP/1.1" 200 155 10.0.0.194 - - [16/May/2026:09:34:25 +0000] "PUT /v3/OS-FEDERATION/identity_providers/atmosphere HTTP/1.1" 201 340 10.0.0.194 - - [16/May/2026:09:34:26 +0000] "GET /v3 HTTP/1.1" 200 265
[Sat May 16 09:34:26.256155 2026] [wsgi:error] [pid 11:tid 139765869299392] [remote 10.0.0.194:33038] 2026-05-16 09:34:26.255 11 WARNING keystone.common.password_hashing [None req-3e574d5b-715e-4151-aa57-1ef45e348d8c - - - - - -] Truncating password to algorithm specific maximum length 72 characters.
[Sat May 16 09:34:26.539059 2026] [wsgi:error] [pid 11:tid 139765869299392] [remote 10.0.0.194:33038] 2026-05-16 09:34:26.538 11 WARNING keystone.common.fernet_utils [None req-3e574d5b-715e-4151-aa57-1ef45e348d8c - - - - - -] key_repository is world readable: /etc/keystone/fernet-keys/ 10.0.0.194 - - [16/May/2026:09:34:26 +0000] "POST /v3/auth/tokens HTTP/1.1" 201 1359 10.0.0.194 - - [16/May/2026:09:34:26 +0000] "GET / HTTP/1.1" 300 280 10.0.0.194 - - [16/May/2026:09:34:26 +0000] "GET /v3/OS-FEDERATION/mappings/atmosphere-openid HTTP/1.1" 404 98 10.0.0.194 - - [16/May/2026:09:34:26 +0000] "GET /v3/OS-FEDERATION/mappings HTTP/1.1" 200 135 10.0.0.194 - - [16/May/2026:09:34:26 +0000] "PUT /v3/OS-FEDERATION/mappings/atmosphere-openid HTTP/1.1" 201 356 10.0.0.194 - - [16/May/2026:09:34:27 +0000] "GET /v3 HTTP/1.1" 200 265
[Sat May 16 09:34:27.343244 2026] [wsgi:error] [pid 12:tid 139765869299392] [remote 10.0.0.194:33038] 2026-05-16 09:34:27.343 12 WARNING keystone.common.password_hashing [None req-fc0d406a-fe5f-4c81-bd66-38be1593f18e - - - - - -] Truncating password to algorithm specific maximum length 72 characters.
[Sat May 16 09:34:27.634437 2026] [wsgi:error] [pid 12:tid 139765869299392] [remote 10.0.0.194:33038] 2026-05-16 09:34:27.634 12 WARNING keystone.common.fernet_utils [None req-fc0d406a-fe5f-4c81-bd66-38be1593f18e - - - - - -] key_repository is world readable: /etc/keystone/fernet-keys/ 10.0.0.194 - - [16/May/2026:09:34:27 +0000] "POST /v3/auth/tokens HTTP/1.1" 201 1359 10.0.0.194 - - [16/May/2026:09:34:27 +0000] "GET / HTTP/1.1" 300 280 10.0.0.194 - - [16/May/2026:09:34:27 +0000] "GET /v3/OS-FEDERATION/identity_providers/atmosphere/protocols/openid?idp_id=atmosphere HTTP/1.1" 404 131 10.0.0.194 - - [16/May/2026:09:34:27 +0000] "GET /v3/OS-FEDERATION/identity_providers/atmosphere/protocols HTTP/1.1" 200 167 10.0.0.194 - - [16/May/2026:09:34:27 +0000] "PUT /v3/OS-FEDERATION/identity_providers/atmosphere/protocols/openid HTTP/1.1" 201 222 10.0.0.194 - - [16/May/2026:09:34:32 +0000] "GET /v3/ HTTP/1.1" 200 249 10.0.0.194 - - [16/May/2026:09:34:32 +0000] "GET /v3/ HTTP/1.1" 200 249 10.0.0.194 - - [16/May/2026:09:35:32 +0000] "GET /v3/ HTTP/1.1" 200 249 10.0.0.194 - - [16/May/2026:09:35:32 +0000] "GET /v3/ HTTP/1.1" 200 249 10.0.0.78 - - [16/May/2026:09:35:53 +0000] "GET / HTTP/1.1" 300 295
[Sat May 16 09:35:53.609826 2026] [wsgi:error] [pid 11:tid 139765869299392] [remote 10.0.0.78:40162] 2026-05-16 09:35:53.609 11 WARNING keystone.common.password_hashing [None req-4848b8ec-c9dc-4d61-9402-7099cea52c58 - - - - - -] Truncating password to algorithm specific maximum length 72 characters.
[Sat May 16 09:35:53.902496 2026] [wsgi:error] [pid 11:tid 139765869299392] [remote 10.0.0.78:40162] 2026-05-16 09:35:53.902 11 WARNING keystone.common.fernet_utils [None req-4848b8ec-c9dc-4d61-9402-7099cea52c58 - - - - - -] key_repository is world readable: /etc/keystone/fernet-keys/ 10.0.0.78 - - [16/May/2026:09:35:53 +0000] "POST /v3/auth/tokens HTTP/1.1" 201 1359 10.0.0.78 - - [16/May/2026:09:35:54 +0000] "GET /v3/services HTTP/1.1" 200 355 10.0.0.78 - - [16/May/2026:09:35:57 +0000] "GET / HTTP/1.1" 300 295
[Sat May 16 09:35:57.516932 2026] [wsgi:error] [pid 10:tid 139765869299392] [remote 10.0.0.78:40166] 2026-05-16 09:35:57.516 10 WARNING keystone.common.password_hashing [None req-66a2c66e-51b5-4684-854a-3da96733954e - - - - - -] Truncating password to algorithm specific maximum length 72 characters.
[Sat May 16 09:35:57.795099 2026] [wsgi:error] [pid 10:tid 139765869299392] [remote 10.0.0.78:40166] 2026-05-16 09:35:57.794 10 WARNING keystone.common.fernet_utils [None req-66a2c66e-51b5-4684-854a-3da96733954e - - - - - -] key_repository is world readable: /etc/keystone/fernet-keys/ 10.0.0.78 - - [16/May/2026:09:35:57 +0000] "POST /v3/auth/tokens HTTP/1.1" 201 1359 10.0.0.78 - - [16/May/2026:09:35:57 +0000] "GET /v3/services HTTP/1.1" 200 355 10.0.0.78 - - [16/May/2026:09:36:01 +0000] "GET / HTTP/1.1" 300 295
[Sat May 16 09:36:01.293553 2026] [wsgi:error] [pid 12:tid 139765869299392] [remote 10.0.0.78:41862] 2026-05-16 09:36:01.293 12 WARNING keystone.common.password_hashing [None req-5696b9c5-bf41-44f6-8a3d-bfab211c8387 - - - - - -] Truncating password to algorithm specific maximum length 72 characters.
[Sat May 16 09:36:01.569195 2026] [wsgi:error] [pid 12:tid 139765869299392] [remote 10.0.0.78:41862] 2026-05-16 09:36:01.569 12 WARNING keystone.common.fernet_utils [None req-5696b9c5-bf41-44f6-8a3d-bfab211c8387 - - - - - -] key_repository is world readable: /etc/keystone/fernet-keys/ 10.0.0.78 - - [16/May/2026:09:36:01 +0000] "POST /v3/auth/tokens HTTP/1.1" 201 1359 10.0.0.78 - - [16/May/2026:09:36:01 +0000] "GET /v3/services HTTP/1.1" 200 355 10.0.0.78 - - [16/May/2026:09:36:05 +0000] "GET / HTTP/1.1" 300 295
[Sat May 16 09:36:05.154151 2026] [wsgi:error] [pid 9:tid 139765869299392] [remote 10.0.0.78:41866] 2026-05-16 09:36:05.153 9 WARNING keystone.common.password_hashing [None req-70dbe4a3-82eb-453f-b5b8-b29bf824518f - - - - - -] Truncating password to algorithm specific maximum length 72 characters.
[Sat May 16 09:36:05.427816 2026] [wsgi:error] [pid 9:tid 139765869299392] [remote 10.0.0.78:41866] 2026-05-16 09:36:05.427 9 WARNING keystone.common.fernet_utils [None req-70dbe4a3-82eb-453f-b5b8-b29bf824518f - - - - - -] key_repository is world readable: /etc/keystone/fernet-keys/ 10.0.0.78 - - [16/May/2026:09:36:05 +0000] "POST /v3/auth/tokens HTTP/1.1" 201 1359 10.0.0.78 - - [16/May/2026:09:36:05 +0000] "POST /v3/services HTTP/1.1" 201 296 10.0.0.126 - - [16/May/2026:09:36:15 +0000] "GET / HTTP/1.1" 300 295
[Sat May 16 09:36:15.770429 2026] [wsgi:error] [pid 11:tid 139765869299392] [remote 10.0.0.126:53816] 2026-05-16 09:36:15.770 11 WARNING keystone.common.password_hashing [None req-c7acf754-2b4a-48c7-8851-abcbf8bce8b6 - - - - - -] Truncating password to algorithm specific maximum length 72 characters. 10.0.0.126 - - [16/May/2026:09:36:15 +0000] "GET / HTTP/1.1" 300 295
[Sat May 16 09:36:15.836159 2026] [wsgi:error] [pid 12:tid 139765869299392] [remote 10.0.0.126:53824] 2026-05-16 09:36:15.835 12 WARNING keystone.common.password_hashing [None req-d7bed9a6-05ed-4e29-93c5-b9c5451d98e2 - - - - - -] Truncating password to algorithm specific maximum length 72 characters. 10.0.0.126 - - [16/May/2026:09:36:15 +0000] "GET / HTTP/1.1" 300 295
[Sat May 16 09:36:16.006867 2026] [wsgi:error] [pid 9:tid 139765869299392] [remote 10.0.0.126:53834] 2026-05-16 09:36:16.006 9 WARNING keystone.common.password_hashing [None req-209f7e11-500d-480d-89d7-3936ca0b154a - - - - - -] Truncating password to algorithm specific maximum length 72 characters.
[Sat May 16 09:36:16.078318 2026] [wsgi:error] [pid 11:tid 139765869299392] [remote 10.0.0.126:53816] 2026-05-16 09:36:16.078 11 WARNING keystone.common.fernet_utils [None req-c7acf754-2b4a-48c7-8851-abcbf8bce8b6 - - - - - -] key_repository is world readable: /etc/keystone/fernet-keys/ 10.0.0.126 - - [16/May/2026:09:36:15 +0000] "POST /v3/auth/tokens HTTP/1.1" 201 1463
[Sat May 16 09:36:16.140432 2026] [wsgi:error] [pid 12:tid 139765869299392] [remote 10.0.0.126:53824] 2026-05-16 09:36:16.140 12 WARNING keystone.common.fernet_utils [None req-d7bed9a6-05ed-4e29-93c5-b9c5451d98e2 - - - - - -] key_repository is world readable: /etc/keystone/fernet-keys/ 10.0.0.126 - - [16/May/2026:09:36:15 +0000] "POST /v3/auth/tokens HTTP/1.1" 201 1463 10.0.0.126 - - [16/May/2026:09:36:16 +0000] "GET /v3/services HTTP/1.1" 200 639 10.0.0.126 - - [16/May/2026:09:36:16 +0000] "GET /v3/services HTTP/1.1" 200 639
[Sat May 16 09:36:16.303372 2026] [wsgi:error] [pid 9:tid 139765869299392] [remote 10.0.0.126:53834] 2026-05-16 09:36:16.303 9 WARNING keystone.common.fernet_utils [None req-209f7e11-500d-480d-89d7-3936ca0b154a - - - - - -] key_repository is world readable: /etc/keystone/fernet-keys/ 10.0.0.126 - - [16/May/2026:09:36:15 +0000] "POST /v3/auth/tokens HTTP/1.1" 201 1463 10.0.0.126 - - [16/May/2026:09:36:16 +0000] "GET /v3/services HTTP/1.1" 200 639 10.0.0.126 - - [16/May/2026:09:36:17 +0000] "GET / HTTP/1.1" 300 295
[Sat May 16 09:36:17.749501 2026] [wsgi:error] [pid 11:tid 139765869299392] [remote 10.0.0.126:53840] 2026-05-16 09:36:17.749 11 WARNING keystone.common.password_hashing [None req-40afd738-f91a-442a-aaa8-598b2cb2365e - - - - - -] Truncating password to algorithm specific maximum length 72 characters. 10.0.0.126 - - [16/May/2026:09:36:17 +0000] "GET / HTTP/1.1" 300 295
[Sat May 16 09:36:17.788134 2026] [wsgi:error] [pid 12:tid 139765869299392] [remote 10.0.0.126:53842] 2026-05-16 09:36:17.787 12 WARNING keystone.common.password_hashing [None req-a6c6ebfc-dfc8-4812-9ff5-a387552ab098 - - - - - -] Truncating password to algorithm specific maximum length 72 characters. 10.0.0.126 - - [16/May/2026:09:36:17 +0000] "GET / HTTP/1.1" 300 295
[Sat May 16 09:36:17.894924 2026] [wsgi:error] [pid 9:tid 139765869299392] [remote 10.0.0.126:48968] 2026-05-16 09:36:17.894 9 WARNING keystone.common.password_hashing [None req-59da53eb-6f22-42fc-b96c-6da40fcbe660 - - - - - -] Truncating password to algorithm specific maximum length 72 characters.
[Sat May 16 09:36:18.041621 2026] [wsgi:error] [pid 11:tid 139765869299392] [remote 10.0.0.126:53840] 2026-05-16 09:36:18.041 11 WARNING keystone.common.fernet_utils [None req-40afd738-f91a-442a-aaa8-598b2cb2365e - - - - - -] key_repository is world readable: /etc/keystone/fernet-keys/ 10.0.0.126 - - [16/May/2026:09:36:17 +0000] "POST /v3/auth/tokens HTTP/1.1" 201 1463
[Sat May 16 09:36:18.068579 2026] [wsgi:error] [pid 12:tid 139765869299392] [remote 10.0.0.126:53842] 2026-05-16 09:36:18.068 12 WARNING keystone.common.fernet_utils [None req-a6c6ebfc-dfc8-4812-9ff5-a387552ab098 - - - - - -] key_repository is world readable: /etc/keystone/fernet-keys/ 10.0.0.126 - - [16/May/2026:09:36:17 +0000] "POST /v3/auth/tokens HTTP/1.1" 201 1463 10.0.0.126 - - [16/May/2026:09:36:18 +0000] "GET /v3/endpoints HTTP/1.1" 200 1226
[Sat May 16 09:36:18.183007 2026] [wsgi:error] [pid 9:tid 139765869299392] [remote 10.0.0.126:48968] 2026-05-16 09:36:18.182 9 WARNING keystone.common.fernet_utils [None req-59da53eb-6f22-42fc-b96c-6da40fcbe660 - - - - - -] key_repository is world readable: /etc/keystone/fernet-keys/ 10.0.0.126 - - [16/May/2026:09:36:17 +0000] "POST /v3/auth/tokens HTTP/1.1" 201 1463 10.0.0.126 - - [16/May/2026:09:36:18 +0000] "GET /v3/endpoints HTTP/1.1" 200 1226 10.0.0.126 - - [16/May/2026:09:36:18 +0000] "GET /v3/services/045821fd336b42939b4e7b1702fb1ae4 HTTP/1.1" 200 233 10.0.0.126 - - [16/May/2026:09:36:18 +0000] "GET /v3/services/045821fd336b42939b4e7b1702fb1ae4 HTTP/1.1" 200 233 10.0.0.126 - - [16/May/2026:09:36:18 +0000] "GET /v3/services/045821fd336b42939b4e7b1702fb1ae4 HTTP/1.1" 200 233 10.0.0.126 - - [16/May/2026:09:36:18 +0000] "GET /v3/services/045821fd336b42939b4e7b1702fb1ae4 HTTP/1.1" 200 233 10.0.0.126 - - [16/May/2026:09:36:18 +0000] "GET /v3/services/045821fd336b42939b4e7b1702fb1ae4 HTTP/1.1" 200 233 10.0.0.126 - - [16/May/2026:09:36:18 +0000] "GET /v3/services/045821fd336b42939b4e7b1702fb1ae4 HTTP/1.1" 200 233 10.0.0.126 - - [16/May/2026:09:36:18 +0000] "GET /v3/endpoints HTTP/1.1" 200 1226 10.0.0.126 - - [16/May/2026:09:36:18 +0000] "GET /v3/services/045821fd336b42939b4e7b1702fb1ae4 HTTP/1.1" 200 233 10.0.0.126 - - [16/May/2026:09:36:18 +0000] "GET /v3/services/045821fd336b42939b4e7b1702fb1ae4 HTTP/1.1" 200 233 10.0.0.126 - - [16/May/2026:09:36:18 +0000] "GET /v3/services/045821fd336b42939b4e7b1702fb1ae4 HTTP/1.1" 200 233 10.0.0.126 - - [16/May/2026:09:36:19 +0000] "GET / HTTP/1.1" 300 295
[Sat May 16 09:36:19.586301 2026] [wsgi:error] [pid 11:tid 139765869299392] [remote 10.0.0.126:48970] 2026-05-16 09:36:19.586 11 WARNING keystone.common.password_hashing [None req-5e346636-8ca8-4acf-8b80-0f79ed08edd9 - - - - - -] Truncating password to algorithm specific maximum length 72 characters. 10.0.0.126 - - [16/May/2026:09:36:19 +0000] "GET / HTTP/1.1" 300 295
[Sat May 16 09:36:19.695215 2026] [wsgi:error] [pid 10:tid 139765869299392] [remote 10.0.0.126:48974] 2026-05-16 09:36:19.695 10 WARNING keystone.common.password_hashing [None req-2e4620f3-b6dd-4928-bcbf-cf0beb4fdbc2 - - - - - -] Truncating password to algorithm specific maximum length 72 characters.
[Sat May 16 09:36:19.862656 2026] [wsgi:error] [pid 11:tid 139765869299392] [remote 10.0.0.126:48970] 2026-05-16 09:36:19.862 11 WARNING keystone.common.fernet_utils [None req-5e346636-8ca8-4acf-8b80-0f79ed08edd9 - - - - - -] key_repository is world readable: /etc/keystone/fernet-keys/ 10.0.0.126 - - [16/May/2026:09:36:19 +0000] "POST /v3/auth/tokens HTTP/1.1" 201 1463 10.0.0.126 - - [16/May/2026:09:36:19 +0000] "GET / HTTP/1.1" 300 295
[Sat May 16 09:36:19.941584 2026] [wsgi:error] [pid 12:tid 139765869299392] [remote 10.0.0.126:48976] 2026-05-16 09:36:19.941 12 WARNING keystone.common.password_hashing [None req-a54aef39-5718-416c-864d-c5e871d17072 - - - - - -] Truncating password to algorithm specific maximum length 72 characters.
[Sat May 16 09:36:19.988539 2026] [wsgi:error] [pid 10:tid 139765869299392] [remote 10.0.0.126:48974] 2026-05-16 09:36:19.988 10 WARNING keystone.common.fernet_utils [None req-2e4620f3-b6dd-4928-bcbf-cf0beb4fdbc2 - - - - - -] key_repository is world readable: /etc/keystone/fernet-keys/ 10.0.0.126 - - [16/May/2026:09:36:19 +0000] "POST /v3/auth/tokens HTTP/1.1" 201 1463 10.0.0.126 - - [16/May/2026:09:36:19 +0000] "GET /v3/services/10470e11aedf4c53b1dd7ff2095862e2 HTTP/1.1" 200 296 10.0.0.126 - - [16/May/2026:09:36:20 +0000] "GET /v3/regions/RegionOne HTTP/1.1" 200 173 10.0.0.126 - - [16/May/2026:09:36:20 +0000] "GET /v3/services/10470e11aedf4c53b1dd7ff2095862e2 HTTP/1.1" 200 296 10.0.0.126 - - [16/May/2026:09:36:20 +0000] "GET /v3/regions/RegionOne HTTP/1.1" 200 173 10.0.0.126 - - [16/May/2026:09:36:20 +0000] "POST /v3/endpoints HTTP/1.1" 201 383
[Sat May 16 09:36:20.226030 2026] [wsgi:error] [pid 12:tid 139765869299392] [remote 10.0.0.126:48976] 2026-05-16 09:36:20.225 12 WARNING keystone.common.fernet_utils [None req-a54aef39-5718-416c-864d-c5e871d17072 - - - - - -] key_repository is world readable: /etc/keystone/fernet-keys/ 10.0.0.126 - - [16/May/2026:09:36:19 +0000] "POST /v3/auth/tokens HTTP/1.1" 201 1822 10.0.0.126 - - [16/May/2026:09:36:20 +0000] "POST /v3/endpoints HTTP/1.1" 201 380 10.0.0.126 - - [16/May/2026:09:36:20 +0000] "GET /v3/services/10470e11aedf4c53b1dd7ff2095862e2 HTTP/1.1" 200 296 10.0.0.126 - - [16/May/2026:09:36:20 +0000] "GET /v3/regions/RegionOne HTTP/1.1" 200 173 10.0.0.126 - - [16/May/2026:09:36:20 +0000] "POST /v3/endpoints HTTP/1.1" 201 369 10.0.0.126 - - [16/May/2026:09:36:21 +0000] "GET / HTTP/1.1" 300 295
[Sat May 16 09:36:21.664109 2026] [wsgi:error] [pid 9:tid 139765869299392] [remote 10.0.0.126:48980] 2026-05-16 09:36:21.663 9 WARNING keystone.common.password_hashing [None req-8a97291e-4648-4d2a-b1c9-8688bfebd454 - - - - - -] Truncating password to algorithm specific maximum length 72 characters. 10.0.0.126 - - [16/May/2026:09:36:21 +0000] "GET / HTTP/1.1" 300 295
[Sat May 16 09:36:21.704043 2026] [wsgi:error] [pid 12:tid 139765869299392] [remote 10.0.0.126:48996] 2026-05-16 09:36:21.703 12 WARNING keystone.common.password_hashing [None req-790d8bb7-3992-4d28-86e3-04028f0bdc51 - - - - - -] Truncating password to algorithm specific maximum length 72 characters. 10.0.0.126 - - [16/May/2026:09:36:21 +0000] "GET / HTTP/1.1" 300 295
[Sat May 16 09:36:21.936069 2026] [wsgi:error] [pid 10:tid 139765869299392] [remote 10.0.0.126:49004] 2026-05-16 09:36:21.935 10 WARNING keystone.common.password_hashing [None req-271f61eb-e6ba-4de6-8e37-d3a1173b4e6e - - - - - -] Truncating password to algorithm specific maximum length 72 characters.
[Sat May 16 09:36:21.941954 2026] [wsgi:error] [pid 9:tid 139765869299392] [remote 10.0.0.126:48980] 2026-05-16 09:36:21.941 9 WARNING keystone.common.fernet_utils [None req-8a97291e-4648-4d2a-b1c9-8688bfebd454 - - - - - -] key_repository is world readable: /etc/keystone/fernet-keys/ 10.0.0.126 - - [16/May/2026:09:36:21 +0000] "POST /v3/auth/tokens HTTP/1.1" 201 1990
[Sat May 16 09:36:21.979204 2026] [wsgi:error] [pid 12:tid 139765869299392] [remote 10.0.0.126:48996] 2026-05-16 09:36:21.978 12 WARNING keystone.common.fernet_utils [None req-790d8bb7-3992-4d28-86e3-04028f0bdc51 - - - - - -] key_repository is world readable: /etc/keystone/fernet-keys/ 10.0.0.126 - - [16/May/2026:09:36:21 +0000] "POST /v3/auth/tokens HTTP/1.1" 201 1990 10.0.0.126 - - [16/May/2026:09:36:22 +0000] "GET /v3/endpoints/551ff956b8594aa695b5f759f6857a8a HTTP/1.1" 200 383 10.0.0.126 - - [16/May/2026:09:36:22 +0000] "GET /v3/endpoints/00cba9dcfe904edf8c496e393ac91400 HTTP/1.1" 200 380 10.0.0.126 - - [16/May/2026:09:36:22 +0000] "GET /v3/services/10470e11aedf4c53b1dd7ff2095862e2 HTTP/1.1" 200 296 10.0.0.126 - - [16/May/2026:09:36:22 +0000] "GET /v3/services/10470e11aedf4c53b1dd7ff2095862e2 HTTP/1.1" 200 296
[Sat May 16 09:36:22.221496 2026] [wsgi:error] [pid 10:tid 139765869299392] [remote 10.0.0.126:49004] 2026-05-16 09:36:22.221 10 WARNING keystone.common.fernet_utils [None req-271f61eb-e6ba-4de6-8e37-d3a1173b4e6e - - - - - -] key_repository is world readable: /etc/keystone/fernet-keys/ 10.0.0.126 - - [16/May/2026:09:36:21 +0000] "POST /v3/auth/tokens HTTP/1.1" 201 1990 10.0.0.126 - - [16/May/2026:09:36:22 +0000] "GET /v3/endpoints/908cf30cdcc441698ab3f18138a7c9b4 HTTP/1.1" 200 369 10.0.0.126 - - [16/May/2026:09:36:22 +0000] "GET /v3/services/10470e11aedf4c53b1dd7ff2095862e2 HTTP/1.1" 200 296 10.0.0.194 - - [16/May/2026:09:36:32 +0000] "GET /v3/ HTTP/1.1" 200 249 10.0.0.194 - - [16/May/2026:09:36:32 +0000] "GET /v3/ HTTP/1.1" 200 249 10.0.0.99 - - [16/May/2026:09:36:33 +0000] "GET / HTTP/1.1" 300 295
[Sat May 16 09:36:33.850436 2026] [wsgi:error] [pid 12:tid 139765869299392] [remote 10.0.0.99:34882] 2026-05-16 09:36:33.850 12 WARNING keystone.common.password_hashing [None req-cf22c14e-c675-4314-ab32-69e104c52a83 - - - - - -] Truncating password to algorithm specific maximum length 72 characters.
[Sat May 16 09:36:34.139258 2026] [wsgi:error] [pid 12:tid 139765869299392] [remote 10.0.0.99:34882] 2026-05-16 09:36:34.139 12 WARNING keystone.common.fernet_utils [None req-cf22c14e-c675-4314-ab32-69e104c52a83 - - - - - -] key_repository is world readable: /etc/keystone/fernet-keys/ 10.0.0.99 - - [16/May/2026:09:36:33 +0000] "POST /v3/auth/tokens HTTP/1.1" 201 1990 10.0.0.99 - - [16/May/2026:09:36:34 +0000] "POST /v3/domains HTTP/1.1" 201 284 10.0.0.99 - - [16/May/2026:09:36:35 +0000] "GET / HTTP/1.1" 300 295
[Sat May 16 09:36:35.654046 2026] [wsgi:error] [pid 9:tid 139765869299392] [remote 10.0.0.99:34888] 2026-05-16 09:36:35.653 9 WARNING keystone.common.password_hashing [None req-984f42b8-a103-4a89-8dcb-b0ca58c8ea86 - - - - - -] Truncating password to algorithm specific maximum length 72 characters.
[Sat May 16 09:36:35.935046 2026] [wsgi:error] [pid 9:tid 139765869299392] [remote 10.0.0.99:34888] 2026-05-16 09:36:35.934 9 WARNING keystone.common.fernet_utils [None req-984f42b8-a103-4a89-8dcb-b0ca58c8ea86 - - - - - -] key_repository is world readable: /etc/keystone/fernet-keys/ 10.0.0.99 - - [16/May/2026:09:36:35 +0000] "POST /v3/auth/tokens HTTP/1.1" 201 1990
[Sat May 16 09:36:36.137880 2026] [wsgi:error] [pid 12:tid 139765869299392] [remote 10.0.0.99:34888] 2026-05-16 09:36:36.119 12 ERROR keystone.server.flask.application [None req-6b5e43b6-e962-47f1-9177-5d545d92ef6c 23cc5b8230414ea5a032da141d2149a5 ada88431e4e9414d91b9cd15861c0c44 - - default default] Conflict occurred attempting to store project - it is not permitted to have two projects acting as domains with the same name: service.: keystone.exception.Conflict: Conflict occurred attempting to store project - it is not permitted to have two projects acting as domains with the same name: service.
[Sat May 16 09:36:36.137907 2026] [wsgi:error] [pid 12:tid 139765869299392] [remote 10.0.0.99:34888] 2026-05-16 09:36:36.119 12 ERROR keystone.server.flask.application
Traceback (most recent call last):
[Sat May 16 09:36:36.137909 2026] [wsgi:error] [pid 12:tid 139765869299392] [remote 10.0.0.99:34888] 2026-05-16 09:36:36.119 12 ERROR keystone.server.flask.application
File "/var/lib/openstack/lib/python3.12/site-packages/sqlalchemy/engine/base.py", line 1967, in _exec_single_context
[Sat May 16 09:36:36.137911 2026] [wsgi:error] [pid 12:tid 139765869299392] [remote 10.0.0.99:34888] 2026-05-16 09:36:36.119 12 ERROR keystone.server.flask.application self.dialect.do_execute(
[Sat May 16 09:36:36.137912 2026] [wsgi:error] [pid 12:tid 139765869299392] [remote 10.0.0.99:34888] 2026-05-16 09:36:36.119 12 ERROR keystone.server.flask.application
File "/var/lib/openstack/lib/python3.12/site-packages/sqlalchemy/engine/default.py", line 952, in do_execute
[Sat May 16 09:36:36.137914 2026] [wsgi:error] [pid 12:tid 139765869299392] [remote 10.0.0.99:34888] 2026-05-16 09:36:36.119 12 ERROR keystone.server.flask.application cursor.execute(statement, parameters)
[Sat May 16 09:36:36.137916 2026] [wsgi:error] [pid 12:tid 139765869299392] [remote 10.0.0.99:34888] 2026-05-16 09:36:36.119 12 ERROR keystone.server.flask.application
File "/var/lib/openstack/lib/python3.12/site-packages/pymysql/cursors.py", line 157, in execute
[Sat May 16 09:36:36.137917 2026] [wsgi:error] [pid 12:tid 139765869299392] [remote 10.0.0.99:34888] 2026-05-16 09:36:36.119 12 ERROR keystone.server.flask.application result = self._query(query)
[Sat May 16 09:36:36.137918 2026] [wsgi:error] [pid 12:tid 139765869299392] [remote 10.0.0.99:34888] 2026-05-16 09:36:36.119 12 ERROR keystone.server.flask.application ^^^^^^^^^^^^^^^^^^
[Sat May 16 09:36:36.137920 2026] [wsgi:error] [pid 12:tid 139765869299392] [remote 10.0.0.99:34888] 2026-05-16 09:36:36.119 12 ERROR keystone.server.flask.application
File "/var/lib/openstack/lib/python3.12/site-packages/pymysql/cursors.py", line 328, in _query
[Sat May 16 09:36:36.137921 2026] [wsgi:error] [pid 12:tid 139765869299392] [remote 10.0.0.99:34888] 2026-05-16 09:36:36.119 12 ERROR keystone.server.flask.application conn.query(q)
[Sat May 16 09:36:36.137923 2026] [wsgi:error] [pid 12:tid 139765869299392] [remote 10.0.0.99:34888] 2026-05-16 09:36:36.119 12 ERROR keystone.server.flask.application
File "/var/lib/openstack/lib/python3.12/site-packages/pymysql/connections.py", line 575, in query
[Sat May 16 09:36:36.137924 2026] [wsgi:error] [pid 12:tid 139765869299392] [remote 10.0.0.99:34888] 2026-05-16 09:36:36.119 12 ERROR keystone.server.flask.application self._affected_rows = self._read_query_result(unbuffered=unbuffered)
[Sat May 16 09:36:36.137926 2026] [wsgi:error] [pid 12:tid 139765869299392] [remote 10.0.0.99:34888] 2026-05-16 09:36:36.119 12 ERROR keystone.server.flask.application ^^^^^^^^^^^^^^^^^^^^^^^^^^^^^^^^^^^^^^^^^^^^^^
[Sat May 16 09:36:36.137927 2026] [wsgi:error] [pid 12:tid 139765869299392] [remote 10.0.0.99:34888] 2026-05-16 09:36:36.119 12 ERROR keystone.server.flask.application
File "/var/lib/openstack/lib/python3.12/site-packages/pymysql/connections.py", line 826, in _read_query_result
[Sat May 16 09:36:36.137929 2026] [wsgi:error] [pid 12:tid 139765869299392] [remote 10.0.0.99:34888] 2026-05-16 09:36:36.119 12 ERROR keystone.server.flask.application result.read()
[Sat May 16 09:36:36.137931 2026] [wsgi:error] [pid 12:tid 139765869299392] [remote 10.0.0.99:34888] 2026-05-16 09:36:36.119 12 ERROR keystone.server.flask.application
File "/var/lib/openstack/lib/python3.12/site-packages/pymysql/connections.py", line 1203, in read
[Sat May 16 09:36:36.137933 2026] [wsgi:error] [pid 12:tid 139765869299392] [remote 10.0.0.99:34888] 2026-05-16 09:36:36.119 12 ERROR keystone.server.flask.application first_packet = self.connection._read_packet()
[Sat May 16 09:36:36.137934 2026] [wsgi:error] [pid 12:tid 139765869299392] [remote 10.0.0.99:34888] 2026-05-16 09:36:36.119 12 ERROR keystone.server.flask.application ^^^^^^^^^^^^^^^^^^^^^^^^^^^^^^
[Sat May 16 09:36:36.137935 2026] [wsgi:error] [pid 12:tid 139765869299392] [remote 10.0.0.99:34888] 2026-05-16 09:36:36.119 12 ERROR keystone.server.flask.application
File "/var/lib/openstack/lib/python3.12/site-packages/pymysql/connections.py", line 782, in _read_packet
[Sat May 16 09:36:36.137937 2026] [wsgi:error] [pid 12:tid 139765869299392] [remote 10.0.0.99:34888] 2026-05-16 09:36:36.119 12 ERROR keystone.server.flask.application packet.raise_for_error()
[Sat May 16 09:36:36.137938 2026] [wsgi:error] [pid 12:tid 139765869299392] [remote 10.0.0.99:34888] 2026-05-16 09:36:36.119 12 ERROR keystone.server.flask.application
File "/var/lib/openstack/lib/python3.12/site-packages/pymysql/protocol.py", line 219, in raise_for_error
[Sat May 16 09:36:36.137940 2026] [wsgi:error] [pid 12:tid 139765869299392] [remote 10.0.0.99:34888] 2026-05-16 09:36:36.119 12 ERROR keystone.server.flask.application err.raise_mysql_exception(self._data)
[Sat May 16 09:36:36.137941 2026] [wsgi:error] [pid 12:tid 139765869299392] [remote 10.0.0.99:34888] 2026-05-16 09:36:36.119 12 ERROR keystone.server.flask.application
File "/var/lib/openstack/lib/python3.12/site-packages/pymysql/err.py", line 150, in raise_mysql_exception
[Sat May 16 09:36:36.137942 2026] [wsgi:error] [pid 12:tid 139765869299392] [remote 10.0.0.99:34888] 2026-05-16 09:36:36.119 12 ERROR keystone.server.flask.application raise errorclass(errno, errval)
[Sat May 16 09:36:36.137944 2026] [wsgi:error] [pid 12:tid 139765869299392] [remote 10.0.0.99:34888] 2026-05-16 09:36:36.119 12 ERROR keystone.server.flask.application pymysql.err.IntegrityError: (1062, "Duplicate entry '<>-service' for key 'project.ixu_project_name_domain_id'")
[Sat May 16 09:36:36.137945 2026] [wsgi:error] [pid 12:tid 139765869299392] [remote 10.0.0.99:34888] 2026-05-16 09:36:36.119 12 ERROR keystone.server.flask.application
[Sat May 16 09:36:36.137947 2026] [wsgi:error] [pid 12:tid 139765869299392] [remote 10.0.0.99:34888] 2026-05-16 09:36:36.119 12 ERROR keystone.server.flask.application The above exception was the direct cause of the following exception:
[Sat May 16 09:36:36.137948 2026] [wsgi:error] [pid 12:tid 139765869299392] [remote 10.0.0.99:34888] 2026-05-16 09:36:36.119 12 ERROR keystone.server.flask.application
[Sat May 16 09:36:36.137949 2026] [wsgi:error] [pid 12:tid 139765869299392] [remote 10.0.0.99:34888] 2026-05-16 09:36:36.119 12 ERROR keystone.server.flask.application
Traceback (most recent call last):
[Sat May 16 09:36:36.137951 2026] [wsgi:error] [pid 12:tid 139765869299392] [remote 10.0.0.99:34888] 2026-05-16 09:36:36.119 12 ERROR keystone.server.flask.application
File "/var/lib/openstack/lib/python3.12/site-packages/keystone/common/sql/core.py", line 575, in wrapper
[Sat May 16 09:36:36.137952 2026] [wsgi:error] [pid 12:tid 139765869299392] [remote 10.0.0.99:34888] 2026-05-16 09:36:36.119 12 ERROR keystone.server.flask.application return method(*args, **kwargs)
[Sat May 16 09:36:36.137954 2026] [wsgi:error] [pid 12:tid 139765869299392] [remote 10.0.0.99:34888] 2026-05-16 09:36:36.119 12 ERROR keystone.server.flask.application ^^^^^^^^^^^^^^^^^^^^^^^
[Sat May 16 09:36:36.137955 2026] [wsgi:error] [pid 12:tid 139765869299392] [remote 10.0.0.99:34888] 2026-05-16 09:36:36.119 12 ERROR keystone.server.flask.application
File "/var/lib/openstack/lib/python3.12/site-packages/keystone/resource/backends/sql.py", line 278, in create_project
[Sat May 16 09:36:36.137958 2026] [wsgi:error] [pid 12:tid 139765869299392] [remote 10.0.0.99:34888] 2026-05-16 09:36:36.119 12 ERROR keystone.server.flask.application with sql.session_for_write() as session:
[Sat May 16 09:36:36.137959 2026] [wsgi:error] [pid 12:tid 139765869299392] [remote 10.0.0.99:34888] 2026-05-16 09:36:36.119 12 ERROR keystone.server.flask.application
File "/usr/lib/python3.12/contextlib.py", line 144, in __exit__
[Sat May 16 09:36:36.137960 2026] [wsgi:error] [pid 12:tid 139765869299392] [remote 10.0.0.99:34888] 2026-05-16 09:36:36.119 12 ERROR keystone.server.flask.application next(self.gen)
[Sat May 16 09:36:36.137962 2026] [wsgi:error] [pid 12:tid 139765869299392] [remote 10.0.0.99:34888] 2026-05-16 09:36:36.119 12 ERROR keystone.server.flask.application
File "/var/lib/openstack/lib/python3.12/site-packages/oslo_db/sqlalchemy/enginefacade.py", line 1175, in _transaction_scope
[Sat May 16 09:36:36.137963 2026] [wsgi:error] [pid 12:tid 139765869299392] [remote 10.0.0.99:34888] 2026-05-16 09:36:36.119 12 ERROR keystone.server.flask.application with current._produce_block(
[Sat May 16 09:36:36.137964 2026] [wsgi:error] [pid 12:tid 139765869299392] [remote 10.0.0.99:34888] 2026-05-16 09:36:36.119 12 ERROR keystone.server.flask.application
File "/usr/lib/python3.12/contextlib.py", line 144, in __exit__
[Sat May 16 09:36:36.137966 2026] [wsgi:error] [pid 12:tid 139765869299392] [remote 10.0.0.99:34888] 2026-05-16 09:36:36.119 12 ERROR keystone.server.flask.application next(self.gen)
[Sat May 16 09:36:36.137967 2026] [wsgi:error] [pid 12:tid 139765869299392] [remote 10.0.0.99:34888] 2026-05-16 09:36:36.119 12 ERROR keystone.server.flask.application
File "/var/lib/openstack/lib/python3.12/site-packages/oslo_db/sqlalchemy/enginefacade.py", line 837, in _session
[Sat May 16 09:36:36.137969 2026] [wsgi:error] [pid 12:tid 139765869299392] [remote 10.0.0.99:34888] 2026-05-16 09:36:36.119 12 ERROR keystone.server.flask.application with excutils.save_and_reraise_exception():
[Sat May 16 09:36:36.137970 2026] [wsgi:error] [pid 12:tid 139765869299392] [remote 10.0.0.99:34888] 2026-05-16 09:36:36.119 12 ERROR keystone.server.flask.application
File "/var/lib/openstack/lib/python3.12/site-packages/oslo_utils/excutils.py", line 271, in __exit__
[Sat May 16 09:36:36.137971 2026] [wsgi:error] [pid 12:tid 139765869299392] [remote 10.0.0.99:34888] 2026-05-16 09:36:36.119 12 ERROR keystone.server.flask.application self.force_reraise()
[Sat May 16 09:36:36.137973 2026] [wsgi:error] [pid 12:tid 139765869299392] [remote 10.0.0.99:34888] 2026-05-16 09:36:36.119 12 ERROR keystone.server.flask.application
File "/var/lib/openstack/lib/python3.12/site-packages/oslo_utils/excutils.py", line 233, in force_reraise
[Sat May 16 09:36:36.137974 2026] [wsgi:error] [pid 12:tid 139765869299392] [remote 10.0.0.99:34888] 2026-05-16 09:36:36.119 12 ERROR keystone.server.flask.application raise self.value
[Sat May 16 09:36:36.137975 2026] [wsgi:error] [pid 12:tid 139765869299392] [remote 10.0.0.99:34888] 2026-05-16 09:36:36.119 12 ERROR keystone.server.flask.application
File "/var/lib/openstack/lib/python3.12/site-packages/oslo_db/sqlalchemy/enginefacade.py", line 835, in _session
[Sat May 16 09:36:36.137977 2026] [wsgi:error] [pid 12:tid 139765869299392] [remote 10.0.0.99:34888] 2026-05-16 09:36:36.119 12 ERROR keystone.server.flask.application self._end_session_transaction(self.session)
[Sat May 16 09:36:36.137978 2026] [wsgi:error] [pid 12:tid 139765869299392] [remote 10.0.0.99:34888] 2026-05-16 09:36:36.119 12 ERROR keystone.server.flask.application
File "/var/lib/openstack/lib/python3.12/site-packages/oslo_db/sqlalchemy/enginefacade.py", line 748, in _end_session_transaction
[Sat May 16 09:36:36.137979 2026] [wsgi:error] [pid 12:tid 139765869299392] [remote 10.0.0.99:34888] 2026-05-16 09:36:36.119 12 ERROR keystone.server.flask.application session.commit()
[Sat May 16 09:36:36.137981 2026] [wsgi:error] [pid 12:tid 139765869299392] [remote 10.0.0.99:34888] 2026-05-16 09:36:36.119 12 ERROR keystone.server.flask.application
File "/var/lib/openstack/lib/python3.12/site-packages/sqlalchemy/orm/session.py", line 2030, in commit
[Sat May 16 09:36:36.137983 2026] [wsgi:error] [pid 12:tid 139765869299392] [remote 10.0.0.99:34888] 2026-05-16 09:36:36.119 12 ERROR keystone.server.flask.application trans.commit(_to_root=True)
[Sat May 16 09:36:36.137984 2026] [wsgi:error] [pid 12:tid 139765869299392] [remote 10.0.0.99:34888] 2026-05-16 09:36:36.119 12 ERROR keystone.server.flask.application File "", line 2, in commit
[Sat May 16 09:36:36.137986 2026] [wsgi:error] [pid 12:tid 139765869299392] [remote 10.0.0.99:34888] 2026-05-16 09:36:36.119 12 ERROR keystone.server.flask.application
File "/var/lib/openstack/lib/python3.12/site-packages/sqlalchemy/orm/state_changes.py", line 137, in _go
[Sat May 16 09:36:36.137987 2026] [wsgi:error] [pid 12:tid 139765869299392] [remote 10.0.0.99:34888] 2026-05-16 09:36:36.119 12 ERROR keystone.server.flask.application ret_value = fn(self, *arg, **kw)
[Sat May 16 09:36:36.138000 2026] [wsgi:error] [pid 12:tid 139765869299392] [remote 10.0.0.99:34888] 2026-05-16 09:36:36.119 12 ERROR keystone.server.flask.application ^^^^^^^^^^^^^^^^^^^^
[Sat May 16 09:36:36.138002 2026] [wsgi:error] [pid 12:tid 139765869299392] [remote 10.0.0.99:34888] 2026-05-16 09:36:36.119 12 ERROR keystone.server.flask.application
File "/var/lib/openstack/lib/python3.12/site-packages/sqlalchemy/orm/session.py", line 1311, in commit
[Sat May 16 09:36:36.138003 2026] [wsgi:error] [pid 12:tid 139765869299392] [remote 10.0.0.99:34888] 2026-05-16 09:36:36.119 12 ERROR keystone.server.flask.application self._prepare_impl()
[Sat May 16 09:36:36.138005 2026] [wsgi:error] [pid 12:tid 139765869299392] [remote 10.0.0.99:34888] 2026-05-16 09:36:36.119 12 ERROR keystone.server.flask.application File "", line 2, in _prepare_impl
[Sat May 16 09:36:36.138006 2026] [wsgi:error] [pid 12:tid 139765869299392] [remote 10.0.0.99:34888] 2026-05-16 09:36:36.119 12 ERROR keystone.server.flask.application
File "/var/lib/openstack/lib/python3.12/site-packages/sqlalchemy/orm/state_changes.py", line 137, in _go
[Sat May 16 09:36:36.138008 2026] [wsgi:error] [pid 12:tid 139765869299392] [remote 10.0.0.99:34888] 2026-05-16 09:36:36.119 12 ERROR keystone.server.flask.application ret_value = fn(self, *arg, **kw)
[Sat May 16 09:36:36.138009 2026] [wsgi:error] [pid 12:tid 139765869299392] [remote 10.0.0.99:34888] 2026-05-16 09:36:36.119 12 ERROR keystone.server.flask.application ^^^^^^^^^^^^^^^^^^^^
[Sat May 16 09:36:36.138011 2026] [wsgi:error] [pid 12:tid 139765869299392] [remote 10.0.0.99:34888] 2026-05-16 09:36:36.119 12 ERROR keystone.server.flask.application
File "/var/lib/openstack/lib/python3.12/site-packages/sqlalchemy/orm/session.py", line 1286, in _prepare_impl
[Sat May 16 09:36:36.138012 2026] [wsgi:error] [pid 12:tid 139765869299392] [remote 10.0.0.99:34888] 2026-05-16 09:36:36.119 12 ERROR keystone.server.flask.application self.session.flush()
[Sat May 16 09:36:36.138014 2026] [wsgi:error] [pid 12:tid 139765869299392] [remote 10.0.0.99:34888] 2026-05-16 09:36:36.119 12 ERROR keystone.server.flask.application
File "/var/lib/openstack/lib/python3.12/site-packages/sqlalchemy/orm/session.py", line 4331, in flush
[Sat May 16 09:36:36.138015 2026] [wsgi:error] [pid 12:tid 139765869299392] [remote 10.0.0.99:34888] 2026-05-16 09:36:36.119 12 ERROR keystone.server.flask.application self._flush(objects)
[Sat May 16 09:36:36.138017 2026] [wsgi:error] [pid 12:tid 139765869299392] [remote 10.0.0.99:34888] 2026-05-16 09:36:36.119 12 ERROR keystone.server.flask.application
File "/var/lib/openstack/lib/python3.12/site-packages/sqlalchemy/orm/session.py", line 4466, in _flush
[Sat May 16 09:36:36.138018 2026] [wsgi:error] [pid 12:tid 139765869299392] [remote 10.0.0.99:34888] 2026-05-16 09:36:36.119 12 ERROR keystone.server.flask.application with util.safe_reraise():
[Sat May 16 09:36:36.138020 2026] [wsgi:error] [pid 12:tid 139765869299392] [remote 10.0.0.99:34888] 2026-05-16 09:36:36.119 12 ERROR keystone.server.flask.application
File "/var/lib/openstack/lib/python3.12/site-packages/sqlalchemy/util/langhelpers.py", line 121, in __exit__
[Sat May 16 09:36:36.138021 2026] [wsgi:error] [pid 12:tid 139765869299392] [remote 10.0.0.99:34888] 2026-05-16 09:36:36.119 12 ERROR keystone.server.flask.application raise exc_value.with_traceback(exc_tb)
[Sat May 16 09:36:36.138023 2026] [wsgi:error] [pid 12:tid 139765869299392] [remote 10.0.0.99:34888] 2026-05-16 09:36:36.119 12 ERROR keystone.server.flask.application
File "/var/lib/openstack/lib/python3.12/site-packages/sqlalchemy/orm/session.py", line 4427, in _flush
[Sat May 16 09:36:36.138024 2026] [wsgi:error] [pid 12:tid 139765869299392] [remote 10.0.0.99:34888] 2026-05-16 09:36:36.119 12 ERROR keystone.server.flask.application flush_context.execute()
[Sat May 16 09:36:36.138027 2026] [wsgi:error] [pid 12:tid 139765869299392] [remote 10.0.0.99:34888] 2026-05-16 09:36:36.119 12 ERROR keystone.server.flask.application
