2026-05-16 10:33:16.479 7 WARNING neutron.scheduler.dhcp_agent_scheduler [None req-31f8dce5-57ec-436c-b6b9-60629d146c0d 4ffc2ecd9ec843669ffd269a8cb954e3 36cd3e3ab63d420abb9c5917773bcb41 - - default default] No more DHCP agents
2026-05-16 10:33:16.480 7 WARNING neutron.api.rpc.agentnotifiers.dhcp_rpc_agent_api [None req-31f8dce5-57ec-436c-b6b9-60629d146c0d 4ffc2ecd9ec843669ffd269a8cb954e3 36cd3e3ab63d420abb9c5917773bcb41 - - default default] Unable to schedule network f90d3006-adea-484e-84a7-1dfdb03d6fe0: no agents available; will retry on subsequent port and subnet creation events.
2026-05-16 10:33:16.502 8 INFO neutron_taas.services.taas.taas_plugin [None req-643443ae-ba50-4030-97f2-64f286961e2e 23cc5b8230414ea5a032da141d2149a5 ada88431e4e9414d91b9cd15861c0c44 - - default default] TaaS: Handle Delete Port: 8a8cd7da-ec5e-472d-9981-bcf0d425ac4f
2026-05-16 10:33:16.505 8 INFO neutron_taas.services.taas.tap_mirror_plugin [None req-643443ae-ba50-4030-97f2-64f286961e2e 23cc5b8230414ea5a032da141d2149a5 ada88431e4e9414d91b9cd15861c0c44 - - default default] Tap Mirror: Handle Delete Port: 8a8cd7da-ec5e-472d-9981-bcf0d425ac4f
2026-05-16 10:33:16.672 7 INFO neutron.db.ovn_revision_numbers_db [None req-31f8dce5-57ec-436c-b6b9-60629d146c0d 4ffc2ecd9ec843669ffd269a8cb954e3 36cd3e3ab63d420abb9c5917773bcb41 - - default default] Successfully bumped revision number for resource c89dd617-6f5c-4598-8da3-7df1ff294af2 (type: router_ports) to 1 [pid: 7|app: 0|req: 551/1105] 10.0.0.11 () {34 vars in 782 bytes} [Sat May 16 10:33:15 2026] PUT /v2.0/routers/858eeeab-1053-4985-86fd-58b6a8788379/add_router_interface => generated 310 bytes in 1524 msecs (HTTP/1.1 200) 4 headers in 157 bytes (1 switches on core 0)
2026-05-16 10:33:16.717 7 INFO neutron.services.segments.plugin [-] Segment ac28a05f-0d68-4fc7-a365-b857a384170a resource provider aggregate not found
2026-05-16 10:33:16.722 7 INFO neutron.services.segments.plugin [-] Segment ac28a05f-0d68-4fc7-a365-b857a384170a resource provider aggregate not found [pid: 7|app: 0|req: 552/1106] 10.0.0.11 () {32 vars in 648 bytes} [Sat May 16 10:33:16 2026] GET /v2.0/networks => generated 1384 bytes in 59 msecs (HTTP/1.1 200) 4 headers in 158 bytes (1 switches on core 0)
2026-05-16 10:33:16.738 7 INFO neutron.services.segments.plugin [-] Segment ac28a05f-0d68-4fc7-a365-b857a384170a resource provider not found; error: Placement Client Error (4xx): {"errors": [{"status": 404, "title": "Not Found", "detail": "The resource could not be found.\n\n No resource provider with uuid ac28a05f-0d68-4fc7-a365-b857a384170a found for delete ", "request_id": "req-c6164ac5-1f74-4cca-9e0b-eb1d1a3bc491"}]}
2026-05-16 10:33:16.739 7 INFO neutron.services.segments.plugin [-] Segment ac28a05f-0d68-4fc7-a365-b857a384170a resource provider not found; error: Placement Client Error (4xx): {"errors": [{"status": 404, "title": "Not Found", "detail": "The resource could not be found.\n\n No resource provider with uuid ac28a05f-0d68-4fc7-a365-b857a384170a found for delete ", "request_id": "req-ece5843c-ec12-4dc9-925d-4f0a9f31950a"}]}
2026-05-16 10:33:16.787 8 INFO neutron.services.segments.plugin [-] Segment 558bc3f4-7ef2-4ed0-a9ad-f12ce266b3b9 resource provider aggregate not found
2026-05-16 10:33:16.793 8 INFO neutron.services.segments.plugin [-] Segment 558bc3f4-7ef2-4ed0-a9ad-f12ce266b3b9 resource provider aggregate not found [pid: 7|app: 0|req: 553/1107] 10.0.0.11 () {32 vars in 716 bytes} [Sat May 16 10:33:16 2026] GET /v2.0/ports/c89dd617-6f5c-4598-8da3-7df1ff294af2 => generated 941 bytes in 71 msecs (HTTP/1.1 200) 4 headers in 157 bytes (1 switches on core 0)
2026-05-16 10:33:16.814 8 INFO neutron.services.segments.plugin [-] Segment 558bc3f4-7ef2-4ed0-a9ad-f12ce266b3b9 resource provider not found; error: Placement Client Error (4xx): {"errors": [{"status": 404, "title": "Not Found", "detail": "The resource could not be found.\n\n No resource provider with uuid 558bc3f4-7ef2-4ed0-a9ad-f12ce266b3b9 found for delete ", "request_id": "req-ebee3602-54d3-4e0d-8430-3c9d9948eb27"}]}
2026-05-16 10:33:16.815 8 INFO neutron.services.segments.plugin [-] Segment 558bc3f4-7ef2-4ed0-a9ad-f12ce266b3b9 resource provider not found; error: Placement Client Error (4xx): {"errors": [{"status": 404, "title": "Not Found", "detail": "The resource could not be found.\n\n No resource provider with uuid 558bc3f4-7ef2-4ed0-a9ad-f12ce266b3b9 found for delete ", "request_id": "req-58d46402-777d-4930-b2e8-4c7bc2b73c03"}]} [pid: 8|app: 0|req: 555/1108] 10.0.0.11 () {32 vars in 725 bytes} [Sat May 16 10:33:16 2026] DELETE /v2.0/networks/f3d4cc98-6e5d-4d1d-93b3-b8de4d93a77f => generated 0 bytes in 503 msecs (HTTP/1.1 204) 3 headers in 131 bytes (1 switches on core 0) [pid: 7|app: 0|req: 554/1109] 10.0.0.11 () {32 vars in 646 bytes} [Sat May 16 10:33:16 2026] GET /v2.0/subnets => generated 1280 bytes in 39 msecs (HTTP/1.1 200) 4 headers in 158 bytes (1 switches on core 0) [pid: 8|app: 0|req: 556/1110] 10.0.0.11 () {32 vars in 716 bytes} [Sat May 16 10:33:16 2026] GET /v2.0/ports/c89dd617-6f5c-4598-8da3-7df1ff294af2 => generated 941 bytes in 44 msecs (HTTP/1.1 200) 4 headers in 157 bytes (1 switches on core 0) [pid: 7|app: 0|req: 555/1111] 10.0.0.11 () {32 vars in 722 bytes} [Sat May 16 10:33:16 2026] GET /v2.0/networks/af03cab6-3164-4a09-9f57-dd918a66de68 => generated 706 bytes in 40 msecs (HTTP/1.1 200) 4 headers in 157 bytes (1 switches on core 0) [pid: 8|app: 0|req: 557/1112] 10.0.0.11 () {32 vars in 720 bytes} [Sat May 16 10:33:16 2026] GET /v2.0/subnets/5100227a-b24c-407c-bd38-5c8555018393 => generated 641 bytes in 26 msecs (HTTP/1.1 200) 4 headers in 157 bytes (1 switches on core 0)
2026-05-16 10:33:16.937 7 WARNING neutron.db.securitygroups_db [None req-7caff716-ab33-4c35-beeb-54dcfe4e58c7 23cc5b8230414ea5a032da141d2149a5 ada88431e4e9414d91b9cd15861c0c44 - - default default] project_id key not found in filters, using tenant_id instead. This support has been deprecated and will be removed in a future release.
2026-05-16 10:33:16.943 8 INFO neutron.pecan_wsgi.hooks.translation [None req-90829799-cac3-47fb-80a3-7d952130df68 21bf8f45bd78482bb2183d7aa29155cf 88f89919ecc542da91f0f4e611becb31 - - default default] DELETE failed (client error): The resource could not be found. [pid: 8|app: 0|req: 558/1113] 10.0.0.11 () {32 vars in 723 bytes} [Sat May 16 10:33:16 2026] DELETE /v2.0/subnets/1fff00a7-acf5-4629-8c61-ef1d85daad94 => generated 136 bytes in 15 msecs (HTTP/1.1 404) 4 headers in 164 bytes (1 switches on core 0)
2026-05-16 10:33:16.964 8 INFO neutron.pecan_wsgi.hooks.translation [None req-15efff36-2d85-428a-8681-5152816bf13c 21bf8f45bd78482bb2183d7aa29155cf 88f89919ecc542da91f0f4e611becb31 - - default default] DELETE failed (client error): The resource could not be found. [pid: 7|app: 0|req: 556/1114] 10.0.0.11 () {32 vars in 773 bytes} [Sat May 16 10:33:16 2026] GET /v2.0/security-groups?tenant_id=0e905495e6c54a3d86f29a253ef80aa3&name=default => generated 2925 bytes in 34 msecs (HTTP/1.1 200) 4 headers in 158 bytes (1 switches on core 0) [pid: 8|app: 0|req: 559/1115] 10.0.0.11 () {32 vars in 725 bytes} [Sat May 16 10:33:16 2026] DELETE /v2.0/networks/9d93ee62-fb43-4cba-8623-c84d0ccecf51 => generated 138 bytes in 16 msecs (HTTP/1.1 404) 4 headers in 164 bytes (1 switches on core 0) [pid: 8|app: 0|req: 560/1116] 10.0.0.11 () {32 vars in 723 bytes} [Sat May 16 10:33:16 2026] DELETE /v2.0/subnets/5100227a-b24c-407c-bd38-5c8555018393 => generated 0 bytes in 168 msecs (HTTP/1.1 204) 3 headers in 131 bytes (1 switches on core 0) [pid: 7|app: 0|req: 557/1117] 10.0.0.11 () {32 vars in 739 bytes} [Sat May 16 10:33:16 2026] DELETE /v2.0/security-groups/06b0d0a5-2ae9-4084-b054-8ab6456419e6 => generated 0 bytes in 169 msecs (HTTP/1.1 204) 2 headers in 112 bytes (1 switches on core 0)
2026-05-16 10:33:17.250 8 INFO neutron_taas.services.taas.taas_plugin [None req-9ae0a5cd-2366-4eb7-aadf-b2e42d692e9d 21bf8f45bd78482bb2183d7aa29155cf 88f89919ecc542da91f0f4e611becb31 - - default default] TaaS: Handle Delete Port: e3fb00e1-4767-44c3-829f-eb4bf6640bd9
2026-05-16 10:33:17.253 8 INFO neutron_taas.services.taas.tap_mirror_plugin [None req-9ae0a5cd-2366-4eb7-aadf-b2e42d692e9d 21bf8f45bd78482bb2183d7aa29155cf 88f89919ecc542da91f0f4e611becb31 - - default default] Tap Mirror: Handle Delete Port: e3fb00e1-4767-44c3-829f-eb4bf6640bd9 [pid: 8|app: 0|req: 561/1118] 10.0.0.11 () {32 vars in 725 bytes} [Sat May 16 10:33:17 2026] DELETE /v2.0/networks/af03cab6-3164-4a09-9f57-dd918a66de68 => generated 0 bytes in 319 msecs (HTTP/1.1 204) 3 headers in 131 bytes (1 switches on core 0) [pid: 7|app: 0|req: 558/1119] 10.0.0.11 () {32 vars in 716 bytes} [Sat May 16 10:33:17 2026] GET /v2.0/ports/c89dd617-6f5c-4598-8da3-7df1ff294af2 => generated 941 bytes in 40 msecs (HTTP/1.1 200) 4 headers in 157 bytes (1 switches on core 0)
2026-05-16 10:33:18.123 8 WARNING neutron.db.securitygroups_db [None req-fa995715-5b44-436d-b4b5-f29d99261baa 23cc5b8230414ea5a032da141d2149a5 ada88431e4e9414d91b9cd15861c0c44 - - default default] project_id key not found in filters, using tenant_id instead. This support has been deprecated and will be removed in a future release. [pid: 8|app: 0|req: 562/1120] 10.0.0.11 () {32 vars in 773 bytes} [Sat May 16 10:33:17 2026] GET /v2.0/security-groups?tenant_id=88f89919ecc542da91f0f4e611becb31&name=default => generated 2925 bytes in 176 msecs (HTTP/1.1 200) 4 headers in 158 bytes (1 switches on core 0) [pid: 8|app: 0|req: 563/1121] 10.0.0.11 () {32 vars in 739 bytes} [Sat May 16 10:33:18 2026] DELETE /v2.0/security-groups/bbb61658-21c2-4c7f-a59d-c8a4ccb0f249 => generated 0 bytes in 184 msecs (HTTP/1.1 204) 2 headers in 112 bytes (1 switches on core 0)
2026-05-16 10:33:18.391 7 INFO neutron.db.ovn_revision_numbers_db [None req-eb512635-6345-4283-8445-4984f667a76a 23cc5b8230414ea5a032da141d2149a5 ada88431e4e9414d91b9cd15861c0c44 - - default default] Successfully bumped revision number for resource b8701cc0-148c-46af-943c-0aa63ff73cf1 (type: security_groups) to 1
2026-05-16 10:33:18.406 7 INFO neutron.db.ovn_revision_numbers_db [None req-eb512635-6345-4283-8445-4984f667a76a 23cc5b8230414ea5a032da141d2149a5 ada88431e4e9414d91b9cd15861c0c44 - - default default] Successfully bumped revision number for resource 002a873a-a418-4aa5-a9e4-9970314593ab (type: security_group_rules) to 0
2026-05-16 10:33:18.419 7 INFO neutron.db.ovn_revision_numbers_db [None req-eb512635-6345-4283-8445-4984f667a76a 23cc5b8230414ea5a032da141d2149a5 ada88431e4e9414d91b9cd15861c0c44 - - default default] Successfully bumped revision number for resource 888e6a17-ed0a-42f8-a5b7-c80f13aeb66b (type: security_group_rules) to 0
2026-05-16 10:33:18.432 7 INFO neutron.db.ovn_revision_numbers_db [None req-eb512635-6345-4283-8445-4984f667a76a 23cc5b8230414ea5a032da141d2149a5 ada88431e4e9414d91b9cd15861c0c44 - - default default] Successfully bumped revision number for resource da0f362a-7666-48b4-a1be-bfd3020fb34e (type: security_group_rules) to 0
2026-05-16 10:33:18.449 7 INFO neutron.db.ovn_revision_numbers_db [None req-eb512635-6345-4283-8445-4984f667a76a 23cc5b8230414ea5a032da141d2149a5 ada88431e4e9414d91b9cd15861c0c44 - - default default] Successfully bumped revision number for resource fddf982f-baf9-4efa-9d37-f9553b7c4159 (type: security_group_rules) to 0
2026-05-16 10:33:18.532 7 INFO neutron.db.segments_db [None req-eb512635-6345-4283-8445-4984f667a76a 23cc5b8230414ea5a032da141d2149a5 ada88431e4e9414d91b9cd15861c0c44 - - default default] Added segment 021b250b-ff74-4496-a91a-8b939f63a905 of type geneve for network 6d211ee5-200b-444a-890d-defb7b18817a
2026-05-16 10:33:18.638 7 INFO neutron.db.ovn_revision_numbers_db [None req-eb512635-6345-4283-8445-4984f667a76a 23cc5b8230414ea5a032da141d2149a5 ada88431e4e9414d91b9cd15861c0c44 - - default default] Successfully bumped revision number for resource 6d211ee5-200b-444a-890d-defb7b18817a (type: networks) to 1
2026-05-16 10:33:18.780 7 WARNING neutron.scheduler.dhcp_agent_scheduler [None req-eb512635-6345-4283-8445-4984f667a76a 23cc5b8230414ea5a032da141d2149a5 ada88431e4e9414d91b9cd15861c0c44 - - default default] No more DHCP agents
2026-05-16 10:33:18.781 7 WARNING neutron.api.rpc.agentnotifiers.dhcp_rpc_agent_api [None req-eb512635-6345-4283-8445-4984f667a76a 23cc5b8230414ea5a032da141d2149a5 ada88431e4e9414d91b9cd15861c0c44 - - default default] Unable to schedule network 6d211ee5-200b-444a-890d-defb7b18817a: no agents available; will retry on subsequent port and subnet creation events.
2026-05-16 10:33:18.842 7 INFO neutron.plugins.ml2.drivers.ovn.mech_driver.mech_driver [None req-92133eb6-ca59-4d91-bb9d-2ac45d0db332 - - - - - -] OVN reports status down for port: f8a7c4ba-60bf-44d7-90d0-a092578fa222
2026-05-16 10:33:18.863 8 INFO neutron.services.segments.plugin [-] Segment f8245e15-ec7c-48b8-8d88-bc587a5ece3c resource provider aggregate not found
2026-05-16 10:33:18.867 8 INFO neutron.services.segments.plugin [-] Segment f8245e15-ec7c-48b8-8d88-bc587a5ece3c resource provider aggregate not found
2026-05-16 10:33:18.880 8 INFO neutron.services.segments.plugin [-] Segment f8245e15-ec7c-48b8-8d88-bc587a5ece3c resource provider not found; error: Placement Client Error (4xx): {"errors": [{"status": 404, "title": "Not Found", "detail": "The resource could not be found.\n\n No resource provider with uuid f8245e15-ec7c-48b8-8d88-bc587a5ece3c found for delete ", "request_id": "req-adcdacd2-a7c2-4587-9ebc-9ba3f15a1a6d"}]}
2026-05-16 10:33:18.887 8 INFO neutron.services.segments.plugin [-] Segment f8245e15-ec7c-48b8-8d88-bc587a5ece3c resource provider not found; error: Placement Client Error (4xx): {"errors": [{"status": 404, "title": "Not Found", "detail": "The resource could not be found.\n\n No resource provider with uuid f8245e15-ec7c-48b8-8d88-bc587a5ece3c found for delete ", "request_id": "req-07d14816-bc96-40b3-8b92-982fd05cab44"}]}
2026-05-16 10:33:18.903 7 INFO neutron.db.ovn_revision_numbers_db [None req-eb512635-6345-4283-8445-4984f667a76a 23cc5b8230414ea5a032da141d2149a5 ada88431e4e9414d91b9cd15861c0c44 - - default default] Successfully bumped revision number for resource f8a7c4ba-60bf-44d7-90d0-a092578fa222 (type: ports) to 1 [pid: 7|app: 0|req: 559/1122] 10.0.0.11 () {34 vars in 670 bytes} [Sat May 16 10:33:18 2026] POST /v2.0/networks => generated 788 bytes in 793 msecs (HTTP/1.1 201) 4 headers in 162 bytes (1 switches on core 0) [pid: 7|app: 0|req: 560/1123] 10.0.0.11 () {32 vars in 716 bytes} [Sat May 16 10:33:18 2026] GET /v2.0/ports/c89dd617-6f5c-4598-8da3-7df1ff294af2 => generated 941 bytes in 41 msecs (HTTP/1.1 200) 4 headers in 157 bytes (1 switches on core 0)
2026-05-16 10:33:19.087 8 INFO neutron.db.ovn_revision_numbers_db [None req-4a310896-1a70-4c45-b71b-69d4504c3434 23cc5b8230414ea5a032da141d2149a5 ada88431e4e9414d91b9cd15861c0c44 - - default default] Successfully bumped revision number for resource 7649da3f-bdf8-45c9-beae-b2f94878474d (type: security_groups) to 1
2026-05-16 10:33:19.099 8 INFO neutron.db.ovn_revision_numbers_db [None req-4a310896-1a70-4c45-b71b-69d4504c3434 23cc5b8230414ea5a032da141d2149a5 ada88431e4e9414d91b9cd15861c0c44 - - default default] Successfully bumped revision number for resource 868f2b82-a3db-43c8-9ae7-dadbf99561e4 (type: security_group_rules) to 0
2026-05-16 10:33:19.113 8 INFO neutron.db.ovn_revision_numbers_db [None req-4a310896-1a70-4c45-b71b-69d4504c3434 23cc5b8230414ea5a032da141d2149a5 ada88431e4e9414d91b9cd15861c0c44 - - default default] Successfully bumped revision number for resource a27dbc1c-aa27-4199-abcb-0b67d592ff56 (type: security_group_rules) to 0
2026-05-16 10:33:19.123 7 WARNING neutron.scheduler.dhcp_agent_scheduler [None req-a0e2e571-5c46-4986-a201-ba32524cb0a7 23cc5b8230414ea5a032da141d2149a5 ada88431e4e9414d91b9cd15861c0c44 - - default default] No more DHCP agents
2026-05-16 10:33:19.124 7 WARNING neutron.api.rpc.agentnotifiers.dhcp_rpc_agent_api [None req-a0e2e571-5c46-4986-a201-ba32524cb0a7 23cc5b8230414ea5a032da141d2149a5 ada88431e4e9414d91b9cd15861c0c44 - - default default] Unable to schedule network 6d211ee5-200b-444a-890d-defb7b18817a: no agents available; will retry on subsequent port and subnet creation events.
2026-05-16 10:33:19.125 8 INFO neutron.db.ovn_revision_numbers_db [None req-4a310896-1a70-4c45-b71b-69d4504c3434 23cc5b8230414ea5a032da141d2149a5 ada88431e4e9414d91b9cd15861c0c44 - - default default] Successfully bumped revision number for resource a3bff959-2c04-4c64-958d-a7bc26620dc2 (type: security_group_rules) to 0
2026-05-16 10:33:19.138 8 INFO neutron.db.ovn_revision_numbers_db [None req-4a310896-1a70-4c45-b71b-69d4504c3434 23cc5b8230414ea5a032da141d2149a5 ada88431e4e9414d91b9cd15861c0c44 - - default default] Successfully bumped revision number for resource dc06b8bd-7f6b-48ff-8313-1e2e7611f228 (type: security_group_rules) to 0
2026-05-16 10:33:19.215 8 INFO neutron.db.segments_db [None req-4a310896-1a70-4c45-b71b-69d4504c3434 23cc5b8230414ea5a032da141d2149a5 ada88431e4e9414d91b9cd15861c0c44 - - default default] Added segment e8b2d01c-f356-4842-ad1d-2d2903fab014 of type geneve for network 3f974382-f139-47a8-8432-497a6c81ecd7
2026-05-16 10:33:19.316 8 INFO neutron.db.ovn_revision_numbers_db [None req-4a310896-1a70-4c45-b71b-69d4504c3434 23cc5b8230414ea5a032da141d2149a5 ada88431e4e9414d91b9cd15861c0c44 - - default default] Successfully bumped revision number for resource 3f974382-f139-47a8-8432-497a6c81ecd7 (type: networks) to 1
2026-05-16 10:33:19.466 8 WARNING neutron.scheduler.dhcp_agent_scheduler [None req-4a310896-1a70-4c45-b71b-69d4504c3434 23cc5b8230414ea5a032da141d2149a5 ada88431e4e9414d91b9cd15861c0c44 - - default default] No more DHCP agents
2026-05-16 10:33:19.467 8 WARNING neutron.api.rpc.agentnotifiers.dhcp_rpc_agent_api [None req-4a310896-1a70-4c45-b71b-69d4504c3434 23cc5b8230414ea5a032da141d2149a5 ada88431e4e9414d91b9cd15861c0c44 - - default default] Unable to schedule network 3f974382-f139-47a8-8432-497a6c81ecd7: no agents available; will retry on subsequent port and subnet creation events.
2026-05-16 10:33:19.563 7 INFO neutron.db.ovn_revision_numbers_db [None req-a0e2e571-5c46-4986-a201-ba32524cb0a7 23cc5b8230414ea5a032da141d2149a5 ada88431e4e9414d91b9cd15861c0c44 - - default default] Successfully bumped revision number for resource f8a7c4ba-60bf-44d7-90d0-a092578fa222 (type: ports) to 2
2026-05-16 10:33:19.564 8 INFO neutron.db.ovn_revision_numbers_db [None req-4a310896-1a70-4c45-b71b-69d4504c3434 23cc5b8230414ea5a032da141d2149a5 ada88431e4e9414d91b9cd15861c0c44 - - default default] Successfully bumped revision number for resource b2f45894-75b1-4dba-a579-a6f0b68f8970 (type: ports) to 1 [pid: 8|app: 0|req: 564/1124] 10.0.0.11 () {34 vars in 670 bytes} [Sat May 16 10:33:18 2026] POST /v2.0/networks => generated 785 bytes in 734 msecs (HTTP/1.1 201) 4 headers in 162 bytes (1 switches on core 0)
2026-05-16 10:33:19.593 7 INFO neutron.db.ovn_revision_numbers_db [None req-a0e2e571-5c46-4986-a201-ba32524cb0a7 23cc5b8230414ea5a032da141d2149a5 ada88431e4e9414d91b9cd15861c0c44 - - default default] Successfully bumped revision number for resource df6a0dbf-861e-4ba8-8845-f67184192640 (type: subnets) to 0 [pid: 7|app: 0|req: 561/1127] 10.0.0.11 () {34 vars in 668 bytes} [Sat May 16 10:33:18 2026] POST /v2.0/subnets => generated 694 bytes in 628 msecs (HTTP/1.1 201) 4 headers in 162 bytes (1 switches on core 0)
2026-05-16 10:33:19.752 8 WARNING neutron.scheduler.dhcp_agent_scheduler [None req-a8d49171-1ccd-4391-b533-8d2a8302fecf 23cc5b8230414ea5a032da141d2149a5 ada88431e4e9414d91b9cd15861c0c44 - - default default] No more DHCP agents
2026-05-16 10:33:19.754 8 WARNING neutron.api.rpc.agentnotifiers.dhcp_rpc_agent_api [None req-a8d49171-1ccd-4391-b533-8d2a8302fecf 23cc5b8230414ea5a032da141d2149a5 ada88431e4e9414d91b9cd15861c0c44 - - default default] Unable to schedule network 3f974382-f139-47a8-8432-497a6c81ecd7: no agents available; will retry on subsequent port and subnet creation events.
2026-05-16 10:33:19.818 8 WARNING neutron.plugins.ml2.drivers.ovn.mech_driver.ovsdb.ovn_client [None req-da94db34-1e6b-4ac7-813d-d7603f4b256c - - - - - -] No hosting information found for port df1a6eae-9f42-4828-92ea-bc7d89795ff5: RuntimeError: No hosting information found for port df1a6eae-9f42-4828-92ea-bc7d89795ff5
2026-05-16 10:33:19.961 8 INFO neutron.db.ovn_revision_numbers_db [None req-da94db34-1e6b-4ac7-813d-d7603f4b256c - - - - - -] Successfully bumped revision number for resource df1a6eae-9f42-4828-92ea-bc7d89795ff5 (type: router_ports) to 2
2026-05-16 10:33:20.026 7 WARNING neutron.scheduler.dhcp_agent_scheduler [None req-de2d36e6-5262-423e-bfa7-cea36cca4b3b 23cc5b8230414ea5a032da141d2149a5 ada88431e4e9414d91b9cd15861c0c44 - - default default] No more DHCP agents
2026-05-16 10:33:20.028 7 WARNING neutron.api.rpc.agentnotifiers.dhcp_rpc_agent_api [None req-de2d36e6-5262-423e-bfa7-cea36cca4b3b 23cc5b8230414ea5a032da141d2149a5 ada88431e4e9414d91b9cd15861c0c44 - - default default] Unable to schedule network 2830a369-76e0-47d0-a664-ca0064b95c72: no agents available; will retry on subsequent port and subnet creation events.
2026-05-16 10:33:20.052 8 INFO neutron.plugins.ml2.drivers.ovn.mech_driver.mech_driver [None req-da94db34-1e6b-4ac7-813d-d7603f4b256c - - - - - -] OVN reports status down for port: c89dd617-6f5c-4598-8da3-7df1ff294af2
2026-05-16 10:33:20.195 7 INFO neutron.db.ovn_revision_numbers_db [None req-de2d36e6-5262-423e-bfa7-cea36cca4b3b 23cc5b8230414ea5a032da141d2149a5 ada88431e4e9414d91b9cd15861c0c44 - - default default] Successfully bumped revision number for resource 3413411d-ea39-45a1-a56d-7c256a42541a (type: ports) to 1
2026-05-16 10:33:20.240 8 WARNING neutron.plugins.ml2.drivers.ovn.mech_driver.ovsdb.ovn_client [None req-da94db34-1e6b-4ac7-813d-d7603f4b256c - - - - - -] Logical_Switch_Port c89dd617-6f5c-4598-8da3-7df1ff294af2 host information not removed, the port state is up
2026-05-16 10:33:20.240 8 INFO neutron.plugins.ml2.drivers.ovn.mech_driver.mech_driver [None req-da94db34-1e6b-4ac7-813d-d7603f4b256c - - - - - -] OVN reports status up for port: c89dd617-6f5c-4598-8da3-7df1ff294af2
2026-05-16 10:33:20.265 8 INFO neutron.plugins.ml2.plugin [None req-da94db34-1e6b-4ac7-813d-d7603f4b256c - - - - - -] Attempt 1 to provision port c89dd617-6f5c-4598-8da3-7df1ff294af2
2026-05-16 10:33:20.630 8 INFO neutron.db.ovn_revision_numbers_db [None req-a8d49171-1ccd-4391-b533-8d2a8302fecf 23cc5b8230414ea5a032da141d2149a5 ada88431e4e9414d91b9cd15861c0c44 - - default default] Successfully bumped revision number for resource b2f45894-75b1-4dba-a579-a6f0b68f8970 (type: ports) to 2
2026-05-16 10:33:20.697 8 INFO neutron.db.ovn_revision_numbers_db [None req-a8d49171-1ccd-4391-b533-8d2a8302fecf 23cc5b8230414ea5a032da141d2149a5 ada88431e4e9414d91b9cd15861c0c44 - - default default] Successfully bumped revision number for resource b57cd070-29d7-4663-bdeb-56ba5d6dd087 (type: subnets) to 0 [pid: 8|app: 0|req: 567/1128] 10.0.0.11 () {34 vars in 668 bytes} [Sat May 16 10:33:19 2026] POST /v2.0/subnets => generated 691 bytes in 1137 msecs (HTTP/1.1 201) 4 headers in 162 bytes (1 switches on core 0)
2026-05-16 10:33:20.975 7 INFO neutron.plugins.ml2.drivers.ovn.mech_driver.ovsdb.ovsdb_monitor [None req-1d2e6655-e53d-4883-b3e9-b7c517bee5aa - - - - - -] Router 4dfe6c50-8e77-4482-a401-f292094eb1ea is bound to host instance [pid: 8|app: 0|req: 568/1129] 10.0.0.11 () {32 vars in 716 bytes} [Sat May 16 10:33:20 2026] GET /v2.0/ports/c89dd617-6f5c-4598-8da3-7df1ff294af2 => generated 943 bytes in 277 msecs (HTTP/1.1 200) 4 headers in 157 bytes (1 switches on core 0)
2026-05-16 10:33:21.018 7 INFO neutron.db.ovn_revision_numbers_db [None req-de2d36e6-5262-423e-bfa7-cea36cca4b3b 23cc5b8230414ea5a032da141d2149a5 ada88431e4e9414d91b9cd15861c0c44 - - default default] Successfully bumped revision number for resource 3413411d-ea39-45a1-a56d-7c256a42541a (type: router_ports) to 1
2026-05-16 10:33:21.019 8 INFO neutron.db.ovn_revision_numbers_db [None req-da94db34-1e6b-4ac7-813d-d7603f4b256c - - - - - -] Successfully bumped revision number for resource c89dd617-6f5c-4598-8da3-7df1ff294af2 (type: ports) to 2
2026-05-16 10:33:21.150 7 INFO neutron.db.ovn_revision_numbers_db [None req-de2d36e6-5262-423e-bfa7-cea36cca4b3b 23cc5b8230414ea5a032da141d2149a5 ada88431e4e9414d91b9cd15861c0c44 - - default default] Successfully bumped revision number for resource 4dfe6c50-8e77-4482-a401-f292094eb1ea (type: routers) to 2 [pid: 7|app: 0|req: 562/1130] 10.0.0.11 () {34 vars in 668 bytes} [Sat May 16 10:33:19 2026] POST /v2.0/routers => generated 993 bytes in 1558 msecs (HTTP/1.1 201) 4 headers in 162 bytes (1 switches on core 0) [pid: 8|app: 0|req: 569/1131] 10.0.0.138 () {28 vars in 583 bytes} [Sat May 16 10:33:21 2026] GET /v2.0/routers => generated 1634 bytes in 277 msecs (HTTP/1.1 200) 4 headers in 158 bytes (1 switches on core 0)
2026-05-16 10:33:21.551 8 INFO neutron_taas.services.taas.taas_plugin [None req-7e33faa1-ad7b-468e-b114-f485f9b2f388 4ffc2ecd9ec843669ffd269a8cb954e3 36cd3e3ab63d420abb9c5917773bcb41 - - default default] TaaS: Handle Delete Port: c89dd617-6f5c-4598-8da3-7df1ff294af2
2026-05-16 10:33:21.554 8 INFO neutron_taas.services.taas.tap_mirror_plugin [None req-7e33faa1-ad7b-468e-b114-f485f9b2f388 4ffc2ecd9ec843669ffd269a8cb954e3 36cd3e3ab63d420abb9c5917773bcb41 - - default default] Tap Mirror: Handle Delete Port: c89dd617-6f5c-4598-8da3-7df1ff294af2
2026-05-16 10:33:21.864 7 WARNING neutron.scheduler.dhcp_agent_scheduler [None req-76bbf302-026b-477c-8df6-7bfbca65b067 23cc5b8230414ea5a032da141d2149a5 ada88431e4e9414d91b9cd15861c0c44 - - default default] No more DHCP agents
2026-05-16 10:33:21.866 7 WARNING neutron.api.rpc.agentnotifiers.dhcp_rpc_agent_api [None req-76bbf302-026b-477c-8df6-7bfbca65b067 23cc5b8230414ea5a032da141d2149a5 ada88431e4e9414d91b9cd15861c0c44 - - default default] Unable to schedule network 2830a369-76e0-47d0-a664-ca0064b95c72: no agents available; will retry on subsequent port and subnet creation events. [pid: 8|app: 0|req: 570/1132] 10.0.0.11 () {34 vars in 788 bytes} [Sat May 16 10:33:21 2026] PUT /v2.0/routers/858eeeab-1053-4985-86fd-58b6a8788379/remove_router_interface => generated 310 bytes in 598 msecs (HTTP/1.1 200) 4 headers in 157 bytes (1 switches on core 0) /var/lib/openstack/lib/python3.12/site-packages/pycadf/identifier.py:70: UserWarning: Invalid uuid: neutron. To ensure interoperability, identifiers should be a valid uuid. warnings.warn(('Invalid uuid: %s. To ensure interoperability, '
2026-05-16 10:33:22.077 7 INFO neutron.plugins.ml2.drivers.ovn.mech_driver.mech_driver [None req-92133eb6-ca59-4d91-bb9d-2ac45d0db332 - - - - - -] OVN reports status down for port: db4f0193-0076-4c32-8175-bcc4c9c7e4bc
2026-05-16 10:33:22.154 7 INFO neutron.db.ovn_revision_numbers_db [None req-76bbf302-026b-477c-8df6-7bfbca65b067 23cc5b8230414ea5a032da141d2149a5 ada88431e4e9414d91b9cd15861c0c44 - - default default] Successfully bumped revision number for resource db4f0193-0076-4c32-8175-bcc4c9c7e4bc (type: ports) to 1
2026-05-16 10:33:22.348 8 WARNING neutron.scheduler.dhcp_agent_scheduler [None req-1f80093d-434c-47c1-99ab-9e58721804be 23cc5b8230414ea5a032da141d2149a5 ada88431e4e9414d91b9cd15861c0c44 - - default default] No more DHCP agents
2026-05-16 10:33:22.349 8 WARNING neutron.api.rpc.agentnotifiers.dhcp_rpc_agent_api [None req-1f80093d-434c-47c1-99ab-9e58721804be 23cc5b8230414ea5a032da141d2149a5 ada88431e4e9414d91b9cd15861c0c44 - - default default] Unable to schedule network 6d211ee5-200b-444a-890d-defb7b18817a: no agents available; will retry on subsequent port and subnet creation events.
2026-05-16 10:33:22.475 7 INFO neutron.plugins.ml2.drivers.ovn.mech_driver.mech_driver [None req-92133eb6-ca59-4d91-bb9d-2ac45d0db332 - - - - - -] OVN reports status down for port: fa345a5c-8dbd-46ea-9fa2-801e15b165d4
2026-05-16 10:33:22.502 8 INFO neutron.db.ovn_revision_numbers_db [None req-1f80093d-434c-47c1-99ab-9e58721804be 23cc5b8230414ea5a032da141d2149a5 ada88431e4e9414d91b9cd15861c0c44 - - default default] Successfully bumped revision number for resource fa345a5c-8dbd-46ea-9fa2-801e15b165d4 (type: ports) to 1
2026-05-16 10:33:22.803 7 INFO neutron.db.ovn_revision_numbers_db [None req-f24fe552-2ccb-4da6-9cd5-70f241c92887 - - - - - -] Successfully bumped revision number for resource 3413411d-ea39-45a1-a56d-7c256a42541a (type: ports) to 4
2026-05-16 10:33:23.106 7 INFO neutron.plugins.ml2.drivers.ovn.mech_driver.mech_driver [None req-92133eb6-ca59-4d91-bb9d-2ac45d0db332 - - - - - -] OVN reports status up for port: fa345a5c-8dbd-46ea-9fa2-801e15b165d4
2026-05-16 10:33:23.152 7 INFO neutron.plugins.ml2.plugin [None req-92133eb6-ca59-4d91-bb9d-2ac45d0db332 - - - - - -] Attempt 1 to provision port fa345a5c-8dbd-46ea-9fa2-801e15b165d4
2026-05-16 10:33:23.177 8 WARNING neutron.scheduler.dhcp_agent_scheduler [None req-1f80093d-434c-47c1-99ab-9e58721804be 23cc5b8230414ea5a032da141d2149a5 ada88431e4e9414d91b9cd15861c0c44 - - default default] No more DHCP agents
2026-05-16 10:33:23.178 8 WARNING neutron.api.rpc.agentnotifiers.dhcp_rpc_agent_api [None req-1f80093d-434c-47c1-99ab-9e58721804be 23cc5b8230414ea5a032da141d2149a5 ada88431e4e9414d91b9cd15861c0c44 - - default default] Unable to schedule network 6d211ee5-200b-444a-890d-defb7b18817a: no agents available; will retry on subsequent port and subnet creation events.
2026-05-16 10:33:23.561 8 INFO neutron.db.ovn_revision_numbers_db [None req-1f80093d-434c-47c1-99ab-9e58721804be 23cc5b8230414ea5a032da141d2149a5 ada88431e4e9414d91b9cd15861c0c44 - - default default] Successfully bumped revision number for resource fa345a5c-8dbd-46ea-9fa2-801e15b165d4 (type: router_ports) to 1 [pid: 8|app: 0|req: 571/1133] 10.0.0.11 () {34 vars in 782 bytes} [Sat May 16 10:33:21 2026] PUT /v2.0/routers/4dfe6c50-8e77-4482-a401-f292094eb1ea/add_router_interface => generated 310 bytes in 1686 msecs (HTTP/1.1 200) 4 headers in 157 bytes (1 switches on core 0) [pid: 8|app: 0|req: 572/1134] 10.0.0.138 () {28 vars in 624 bytes} [Sat May 16 10:33:23 2026] GET /v2.0/agents?binary=ovn-controller => generated 416 bytes in 18 msecs (HTTP/1.1 200) 4 headers in 157 bytes (1 switches on core 0)
2026-05-16 10:33:23.663 7 INFO neutron.db.ovn_revision_numbers_db [None req-f24fe552-2ccb-4da6-9cd5-70f241c92887 - - - - - -] Successfully bumped revision number for resource 3413411d-ea39-45a1-a56d-7c256a42541a (type: ports) to 5 [pid: 8|app: 0|req: 573/1135] 10.0.0.11 () {32 vars in 716 bytes} [Sat May 16 10:33:23 2026] GET /v2.0/ports/df1a6eae-9f42-4828-92ea-bc7d89795ff5 => generated 943 bytes in 82 msecs (HTTP/1.1 200) 4 headers in 157 bytes (1 switches on core 0)
2026-05-16 10:33:23.784 8 WARNING neutron.db.securitygroups_db [None req-ff4a9eec-8abc-4a94-be60-d8f7ae3e6c33 23cc5b8230414ea5a032da141d2149a5 ada88431e4e9414d91b9cd15861c0c44 - - default default] project_id key not found in filters, using tenant_id instead. This support has been deprecated and will be removed in a future release.
2026-05-16 10:33:23.857 8 INFO neutron.plugins.ml2.drivers.ovn.mech_driver.ovsdb.ovsdb_monitor [None req-1cd1bfbb-4fc8-4a13-91b5-1cb851782b52 - - - - - -] Router 7582c2d0-31f6-4ae6-ae11-193ec294fa29 is bound to host instance
2026-05-16 10:33:23.947 8 INFO neutron.db.ovn_revision_numbers_db [None req-ff4a9eec-8abc-4a94-be60-d8f7ae3e6c33 23cc5b8230414ea5a032da141d2149a5 ada88431e4e9414d91b9cd15861c0c44 - - default default] Successfully bumped revision number for resource 3835292f-f8c7-4534-b19d-fd32186d573e (type: security_groups) to 1
2026-05-16 10:33:23.956 7 INFO neutron.db.ovn_revision_numbers_db [None req-76bbf302-026b-477c-8df6-7bfbca65b067 23cc5b8230414ea5a032da141d2149a5 ada88431e4e9414d91b9cd15861c0c44 - - default default] Successfully bumped revision number for resource db4f0193-0076-4c32-8175-bcc4c9c7e4bc (type: router_ports) to 1
2026-05-16 10:33:23.980 8 INFO neutron.db.ovn_revision_numbers_db [None req-ff4a9eec-8abc-4a94-be60-d8f7ae3e6c33 23cc5b8230414ea5a032da141d2149a5 ada88431e4e9414d91b9cd15861c0c44 - - default default] Successfully bumped revision number for resource 176209ed-1860-484e-adb1-05820eb3da80 (type: security_group_rules) to 0
2026-05-16 10:33:24.017 8 INFO neutron.db.ovn_revision_numbers_db [None req-ff4a9eec-8abc-4a94-be60-d8f7ae3e6c33 23cc5b8230414ea5a032da141d2149a5 ada88431e4e9414d91b9cd15861c0c44 - - default default] Successfully bumped revision number for resource 66966bda-67ea-4e77-8887-dc4b1e5ebd0a (type: security_group_rules) to 0
2026-05-16 10:33:24.041 8 INFO neutron.db.ovn_revision_numbers_db [None req-ff4a9eec-8abc-4a94-be60-d8f7ae3e6c33 23cc5b8230414ea5a032da141d2149a5 ada88431e4e9414d91b9cd15861c0c44 - - default default] Successfully bumped revision number for resource afd7d137-5e71-4a49-a56b-ebc26b3d02bb (type: security_group_rules) to 0
2026-05-16 10:33:24.067 8 INFO neutron.db.ovn_revision_numbers_db [None req-ff4a9eec-8abc-4a94-be60-d8f7ae3e6c33 23cc5b8230414ea5a032da141d2149a5 ada88431e4e9414d91b9cd15861c0c44 - - default default] Successfully bumped revision number for resource f01ddd61-b44c-4e6b-9b89-d1cc0a529d15 (type: security_group_rules) to 0
2026-05-16 10:33:24.116 7 INFO neutron.db.ovn_revision_numbers_db [None req-76bbf302-026b-477c-8df6-7bfbca65b067 23cc5b8230414ea5a032da141d2149a5 ada88431e4e9414d91b9cd15861c0c44 - - default default] Successfully bumped revision number for resource 7582c2d0-31f6-4ae6-ae11-193ec294fa29 (type: routers) to 2 [pid: 8|app: 0|req: 574/1136] 10.0.0.11 () {32 vars in 773 bytes} [Sat May 16 10:33:23 2026] GET /v2.0/security-groups?tenant_id=3475bd66137b4b3fa5898707f3068fd9&name=default => generated 2925 bytes in 471 msecs (HTTP/1.1 200) 4 headers in 158 bytes (1 switches on core 0) [pid: 7|app: 0|req: 563/1137] 10.0.0.11 () {34 vars in 668 bytes} [Sat May 16 10:33:21 2026] POST /v2.0/routers => generated 990 bytes in 2967 msecs (HTTP/1.1 201) 4 headers in 162 bytes (1 switches on core 0) [pid: 8|app: 0|req: 575/1138] 10.0.0.138 () {28 vars in 619 bytes} [Sat May 16 10:33:24 2026] GET /v2.0/network-ip-availabilities => generated 4862 bytes in 48 msecs (HTTP/1.1 200) 4 headers in 158 bytes (1 switches on core 0)
2026-05-16 10:33:24.313 7 INFO neutron.db.ovn_revision_numbers_db [None req-92133eb6-ca59-4d91-bb9d-2ac45d0db332 - - - - - -] Successfully bumped revision number for resource fa345a5c-8dbd-46ea-9fa2-801e15b165d4 (type: ports) to 2
2026-05-16 10:33:24.376 8 INFO neutron.db.ovn_revision_numbers_db [None req-cce24c8a-fde0-4f94-bb15-fea1b6c477c9 1c303bdeaf294c77bd531c72605dd4fe 89793748bdbf45c0ab507c0f7a012eb6 - - default default] Successfully bumped revision number for resource 49262ac3-32db-4223-ba07-d4100f5c2567 (type: security_groups) to 1
2026-05-16 10:33:24.391 8 INFO neutron.db.ovn_revision_numbers_db [None req-cce24c8a-fde0-4f94-bb15-fea1b6c477c9 1c303bdeaf294c77bd531c72605dd4fe 89793748bdbf45c0ab507c0f7a012eb6 - - default default] Successfully bumped revision number for resource 5169051c-24c4-41bc-8f3c-9f8924d6fa2e (type: security_group_rules) to 0
2026-05-16 10:33:24.410 8 INFO neutron.db.ovn_revision_numbers_db [None req-cce24c8a-fde0-4f94-bb15-fea1b6c477c9 1c303bdeaf294c77bd531c72605dd4fe 89793748bdbf45c0ab507c0f7a012eb6 - - default default] Successfully bumped revision number for resource 5c361d77-7259-4ad2-bf61-a443562e2c11 (type: security_group_rules) to 0 [pid: 8|app: 0|req: 576/1139] 10.0.0.11 () {34 vars in 684 bytes} [Sat May 16 10:33:24 2026] POST /v2.0/security-groups => generated 1660 bytes in 295 msecs (HTTP/1.1 201) 4 headers in 163 bytes (1 switches on core 0)
2026-05-16 10:33:24.571 7 INFO neutron_taas.services.taas.taas_plugin [None req-00ae863a-b57e-4c3d-b994-48a1a85f4d79 4ffc2ecd9ec843669ffd269a8cb954e3 36cd3e3ab63d420abb9c5917773bcb41 - - default default] TaaS: Handle Delete Port: df1a6eae-9f42-4828-92ea-bc7d89795ff5
2026-05-16 10:33:24.576 7 INFO neutron_taas.services.taas.tap_mirror_plugin [None req-00ae863a-b57e-4c3d-b994-48a1a85f4d79 4ffc2ecd9ec843669ffd269a8cb954e3 36cd3e3ab63d420abb9c5917773bcb41 - - default default] Tap Mirror: Handle Delete Port: df1a6eae-9f42-4828-92ea-bc7d89795ff5 [pid: 8|app: 0|req: 577/1140] 10.0.0.11 () {32 vars in 739 bytes} [Sat May 16 10:33:24 2026] DELETE /v2.0/security-groups/3835292f-f8c7-4534-b19d-fd32186d573e => generated 0 bytes in 284 msecs (HTTP/1.1 204) 2 headers in 112 bytes (1 switches on core 0) [pid: 7|app: 0|req: 564/1141] 10.0.0.11 () {34 vars in 788 bytes} [Sat May 16 10:33:24 2026] PUT /v2.0/routers/858eeeab-1053-4985-86fd-58b6a8788379/remove_router_interface => generated 310 bytes in 735 msecs (HTTP/1.1 200) 4 headers in 157 bytes (1 switches on core 0) /var/lib/openstack/lib/python3.12/site-packages/pycadf/identifier.py:70: UserWarning: Invalid uuid: neutron. To ensure interoperability, identifiers should be a valid uuid. warnings.warn(('Invalid uuid: %s. To ensure interoperability, ' [pid: 7|app: 0|req: 565/1142] 10.0.0.138 () {28 vars in 599 bytes} [Sat May 16 10:33:24 2026] GET /v2.0/security-groups => generated 27753 bytes in 37 msecs (HTTP/1.1 200) 4 headers in 159 bytes (1 switches on core 0)
2026-05-16 10:33:25.019 7 INFO neutron.db.ovn_revision_numbers_db [None req-3a0af244-661d-49a1-96dc-5dd90de0748f 1c303bdeaf294c77bd531c72605dd4fe 89793748bdbf45c0ab507c0f7a012eb6 - - default default] Successfully bumped revision number for resource a8dbcfbc-78c4-4f27-82da-b1d3ef1e99c1 (type: security_group_rules) to 0 [pid: 7|app: 0|req: 566/1143] 10.0.0.11 () {34 vars in 694 bytes} [Sat May 16 10:33:24 2026] POST /v2.0/security-group-rules => generated 597 bytes in 137 msecs (HTTP/1.1 201) 4 headers in 162 bytes (1 switches on core 0)
2026-05-16 10:33:25.058 7 WARNING neutron.db.securitygroups_db [None req-f23abcec-ac5e-46eb-bde3-fc66b68b3409 23cc5b8230414ea5a032da141d2149a5 ada88431e4e9414d91b9cd15861c0c44 - - default default] project_id key not found in filters, using tenant_id instead. This support has been deprecated and will be removed in a future release.
2026-05-16 10:33:25.180 7 INFO neutron.db.ovn_revision_numbers_db [None req-f23abcec-ac5e-46eb-bde3-fc66b68b3409 23cc5b8230414ea5a032da141d2149a5 ada88431e4e9414d91b9cd15861c0c44 - - default default] Successfully bumped revision number for resource f095a230-2294-4332-97d6-804bd487e273 (type: security_groups) to 1
2026-05-16 10:33:25.196 7 INFO neutron.db.ovn_revision_numbers_db [None req-f23abcec-ac5e-46eb-bde3-fc66b68b3409 23cc5b8230414ea5a032da141d2149a5 ada88431e4e9414d91b9cd15861c0c44 - - default default] Successfully bumped revision number for resource 42dee321-18a2-4105-9e57-48fe95004627 (type: security_group_rules) to 0
2026-05-16 10:33:25.216 7 INFO neutron.db.ovn_revision_numbers_db [None req-f23abcec-ac5e-46eb-bde3-fc66b68b3409 23cc5b8230414ea5a032da141d2149a5 ada88431e4e9414d91b9cd15861c0c44 - - default default] Successfully bumped revision number for resource a704c813-33f4-4a5d-a352-29043604af2d (type: security_group_rules) to 0
2026-05-16 10:33:25.231 7 INFO neutron.db.ovn_revision_numbers_db [None req-f23abcec-ac5e-46eb-bde3-fc66b68b3409 23cc5b8230414ea5a032da141d2149a5 ada88431e4e9414d91b9cd15861c0c44 - - default default] Successfully bumped revision number for resource ce0cddff-65c1-48b5-97f6-d2ec507a3ac8 (type: security_group_rules) to 0
2026-05-16 10:33:25.244 7 INFO neutron.db.ovn_revision_numbers_db [None req-f23abcec-ac5e-46eb-bde3-fc66b68b3409 23cc5b8230414ea5a032da141d2149a5 ada88431e4e9414d91b9cd15861c0c44 - - default default] Successfully bumped revision number for resource e4fcf8bf-6ddc-43f9-88e5-3901801e8672 (type: security_group_rules) to 0
2026-05-16 10:33:25.250 8 INFO neutron.db.ovn_revision_numbers_db [None req-968545a8-1952-4c29-b5d6-3e2e2a740db7 - - - - - -] Successfully bumped revision number for resource db4f0193-0076-4c32-8175-bcc4c9c7e4bc (type: ports) to 4 [pid: 7|app: 0|req: 567/1144] 10.0.0.11 () {32 vars in 773 bytes} [Sat May 16 10:33:25 2026] GET /v2.0/security-groups?tenant_id=0c40da6c2ed94bf49048f4c452200192&name=default => generated 2925 bytes in 242 msecs (HTTP/1.1 200) 4 headers in 158 bytes (1 switches on core 0) [pid: 7|app: 0|req: 568/1145] 10.0.0.11 () {32 vars in 735 bytes} [Sat May 16 10:33:25 2026] GET /v2.0/ports?device_id=858eeeab-1053-4985-86fd-58b6a8788379 => generated 12 bytes in 30 msecs (HTTP/1.1 200) 4 headers in 156 bytes (1 switches on core 0) [pid: 7|app: 0|req: 569/1146] 10.0.0.138 () {28 vars in 583 bytes} [Sat May 16 10:33:25 2026] GET /v2.0/subnets => generated 3941 bytes in 46 msecs (HTTP/1.1 200) 4 headers in 158 bytes (1 switches on core 0)
2026-05-16 10:33:25.491 7 INFO neutron.db.ovn_revision_numbers_db [None req-c7f8f24f-1e86-45ab-9c48-1a7e40304066 1c303bdeaf294c77bd531c72605dd4fe 89793748bdbf45c0ab507c0f7a012eb6 - - default default] Successfully bumped revision number for resource 369bdd25-c52b-441e-92ec-121124273ba3 (type: security_group_rules) to 0 [pid: 7|app: 0|req: 570/1147] 10.0.0.11 () {34 vars in 694 bytes} [Sat May 16 10:33:25 2026] POST /v2.0/security-group-rules => generated 602 bytes in 153 msecs (HTTP/1.1 201) 4 headers in 162 bytes (1 switches on core 0)
2026-05-16 10:33:25.570 8 WARNING neutron.scheduler.dhcp_agent_scheduler [None req-d9e994f7-3d49-4ff6-9813-485a4b0b09d0 23cc5b8230414ea5a032da141d2149a5 ada88431e4e9414d91b9cd15861c0c44 - - default default] No more DHCP agents
2026-05-16 10:33:25.572 8 WARNING neutron.api.rpc.agentnotifiers.dhcp_rpc_agent_api [None req-d9e994f7-3d49-4ff6-9813-485a4b0b09d0 23cc5b8230414ea5a032da141d2149a5 ada88431e4e9414d91b9cd15861c0c44 - - default default] Unable to schedule network 3f974382-f139-47a8-8432-497a6c81ecd7: no agents available; will retry on subsequent port and subnet creation events. [pid: 7|app: 0|req: 571/1148] 10.0.0.11 () {32 vars in 739 bytes} [Sat May 16 10:33:25 2026] DELETE /v2.0/security-groups/f095a230-2294-4332-97d6-804bd487e273 => generated 0 bytes in 165 msecs (HTTP/1.1 204) 2 headers in 112 bytes (1 switches on core 0)
2026-05-16 10:33:25.844 8 INFO neutron.db.ovn_revision_numbers_db [None req-d9e994f7-3d49-4ff6-9813-485a4b0b09d0 23cc5b8230414ea5a032da141d2149a5 ada88431e4e9414d91b9cd15861c0c44 - - default default] Successfully bumped revision number for resource fd7d9ccc-cc40-4ddc-a267-d0796bb19f7b (type: ports) to 1
2026-05-16 10:33:25.857 8 INFO neutron.db.ovn_revision_numbers_db [None req-968545a8-1952-4c29-b5d6-3e2e2a740db7 - - - - - -] Successfully bumped revision number for resource db4f0193-0076-4c32-8175-bcc4c9c7e4bc (type: ports) to 5 [pid: 7|app: 0|req: 572/1149] 10.0.0.11 () {32 vars in 723 bytes} [Sat May 16 10:33:25 2026] DELETE /v2.0/routers/858eeeab-1053-4985-86fd-58b6a8788379 => generated 0 bytes in 233 msecs (HTTP/1.1 204) 2 headers in 112 bytes (1 switches on core 0) [pid: 7|app: 0|req: 573/1150] 10.0.0.138 () {28 vars in 579 bytes} [Sat May 16 10:33:25 2026] GET /v2.0/ports => generated 13817 bytes in 84 msecs (HTTP/1.1 200) 4 headers in 159 bytes (1 switches on core 0)
2026-05-16 10:33:26.246 7 WARNING neutron.scheduler.dhcp_agent_scheduler [None req-7b52c303-d31c-4c64-9147-ab38dd426698 1c303bdeaf294c77bd531c72605dd4fe 89793748bdbf45c0ab507c0f7a012eb6 - - default default] No more DHCP agents
2026-05-16 10:33:26.247 7 WARNING neutron.api.rpc.agentnotifiers.dhcp_rpc_agent_api [None req-7b52c303-d31c-4c64-9147-ab38dd426698 1c303bdeaf294c77bd531c72605dd4fe 89793748bdbf45c0ab507c0f7a012eb6 - - default default] Unable to schedule network 2830a369-76e0-47d0-a664-ca0064b95c72: no agents available; will retry on subsequent port and subnet creation events.
2026-05-16 10:33:26.275 8 WARNING neutron.plugins.ml2.drivers.ovn.mech_driver.ovsdb.ovn_client [None req-54a860bb-c397-44e5-bd97-d4a3ad1a8970 - - - - - -] No port found with ID c89dd617-6f5c-4598-8da3-7df1ff294af2: RuntimeError: No port found with ID c89dd617-6f5c-4598-8da3-7df1ff294af2
2026-05-16 10:33:26.291 8 INFO neutron.plugins.ml2.drivers.ovn.mech_driver.mech_driver [None req-54a860bb-c397-44e5-bd97-d4a3ad1a8970 - - - - - -] OVN reports status down for port: b2f45894-75b1-4dba-a579-a6f0b68f8970
2026-05-16 10:33:26.430 8 INFO neutron.plugins.ml2.drivers.ovn.mech_driver.mech_driver [None req-54a860bb-c397-44e5-bd97-d4a3ad1a8970 - - - - - -] OVN reports status down for port: 3413411d-ea39-45a1-a56d-7c256a42541a [pid: 7|app: 0|req: 574/1151] 10.0.0.11 () {34 vars in 675 bytes} [Sat May 16 10:33:26 2026] POST /v2.0/floatingips => generated 552 bytes in 557 msecs (HTTP/1.1 201) 4 headers in 162 bytes (1 switches on core 0) [pid: 7|app: 0|req: 575/1152] 10.0.0.11 () {32 vars in 723 bytes} [Sat May 16 10:33:26 2026] DELETE /v2.0/subnets/dfb41fe4-3047-4fbf-993f-52e0119d5a17 => generated 0 bytes in 133 msecs (HTTP/1.1 204) 3 headers in 131 bytes (1 switches on core 0) [pid: 7|app: 0|req: 576/1153] 10.0.0.138 () {28 vars in 585 bytes} [Sat May 16 10:33:26 2026] GET /v2.0/networks => generated 5410 bytes in 65 msecs (HTTP/1.1 200) 4 headers in 158 bytes (1 switches on core 0)
2026-05-16 10:33:26.920 8 WARNING neutron.scheduler.dhcp_agent_scheduler [None req-d9e994f7-3d49-4ff6-9813-485a4b0b09d0 23cc5b8230414ea5a032da141d2149a5 ada88431e4e9414d91b9cd15861c0c44 - - default default] No more DHCP agents
2026-05-16 10:33:26.930 8 WARNING neutron.api.rpc.agentnotifiers.dhcp_rpc_agent_api [None req-d9e994f7-3d49-4ff6-9813-485a4b0b09d0 23cc5b8230414ea5a032da141d2149a5 ada88431e4e9414d91b9cd15861c0c44 - - default default] Unable to schedule network 3f974382-f139-47a8-8432-497a6c81ecd7: no agents available; will retry on subsequent port and subnet creation events. [pid: 7|app: 0|req: 577/1154] 10.0.0.11 () {32 vars in 723 bytes} [Sat May 16 10:33:26 2026] DELETE /v2.0/subnets/3cd5a110-2c37-4223-a4ea-ecc00b2da4ef => generated 0 bytes in 183 msecs (HTTP/1.1 204) 3 headers in 131 bytes (1 switches on core 0) [pid: 7|app: 0|req: 578/1155] 10.0.0.138 () {28 vars in 581 bytes} [Sat May 16 10:33:26 2026] GET /v2.0/agents => generated 1214 bytes in 10 msecs (HTTP/1.1 200) 4 headers in 158 bytes (1 switches on core 0)
2026-05-16 10:33:27.052 8 INFO neutron.db.ovn_revision_numbers_db [None req-54a860bb-c397-44e5-bd97-d4a3ad1a8970 - - - - - -] Successfully bumped revision number for resource 3413411d-ea39-45a1-a56d-7c256a42541a (type: ports) to 6
2026-05-16 10:33:27.083 7 INFO neutron_taas.services.taas.taas_plugin [None req-e2399fd7-334b-4ad4-a158-e2679164fe0f 4ffc2ecd9ec843669ffd269a8cb954e3 36cd3e3ab63d420abb9c5917773bcb41 - - default default] TaaS: Handle Delete Port: 2a841154-41f2-4730-b824-a7a5b49baf2e
2026-05-16 10:33:27.085 7 INFO neutron_taas.services.taas.tap_mirror_plugin [None req-e2399fd7-334b-4ad4-a158-e2679164fe0f 4ffc2ecd9ec843669ffd269a8cb954e3 36cd3e3ab63d420abb9c5917773bcb41 - - default default] Tap Mirror: Handle Delete Port: 2a841154-41f2-4730-b824-a7a5b49baf2e
2026-05-16 10:33:27.217 8 WARNING neutron.plugins.ml2.drivers.ovn.mech_driver.ovsdb.ovn_client [None req-8cc5802f-7a3f-4a7d-9822-d9892a54a384 - - - - - -] Logical_Switch_Port 3413411d-ea39-45a1-a56d-7c256a42541a host information not removed, the port state is up
2026-05-16 10:33:27.227 8 INFO neutron.plugins.ml2.drivers.ovn.mech_driver.mech_driver [None req-8cc5802f-7a3f-4a7d-9822-d9892a54a384 - - - - - -] OVN reports status up for port: 3413411d-ea39-45a1-a56d-7c256a42541a
2026-05-16 10:33:27.247 8 INFO neutron.plugins.ml2.plugin [None req-8cc5802f-7a3f-4a7d-9822-d9892a54a384 - - - - - -] Attempt 1 to provision port 3413411d-ea39-45a1-a56d-7c256a42541a
2026-05-16 10:33:27.279 7 INFO neutron.services.segments.plugin [-] Segment 0e601b2f-5c42-45cc-81ca-97570188fb50 resource provider aggregate not found
2026-05-16 10:33:27.286 7 INFO neutron.services.segments.plugin [-] Segment 0e601b2f-5c42-45cc-81ca-97570188fb50 resource provider aggregate not found
2026-05-16 10:33:27.299 7 INFO neutron.services.segments.plugin [-] Segment 0e601b2f-5c42-45cc-81ca-97570188fb50 resource provider not found; error: Placement Client Error (4xx): {"errors": [{"status": 404, "title": "Not Found", "detail": "The resource could not be found.\n\n No resource provider with uuid 0e601b2f-5c42-45cc-81ca-97570188fb50 found for delete ", "request_id": "req-dbf214fd-b684-42f1-9d0a-18072d30b770"}]}
2026-05-16 10:33:27.310 7 INFO neutron.services.segments.plugin [-] Segment 0e601b2f-5c42-45cc-81ca-97570188fb50 resource provider not found; error: Placement Client Error (4xx): {"errors": [{"status": 404, "title": "Not Found", "detail": "The resource could not be found.\n\n No resource provider with uuid 0e601b2f-5c42-45cc-81ca-97570188fb50 found for delete ", "request_id": "req-b8275845-07b6-4349-a834-c6531578dca7"}]} [pid: 7|app: 0|req: 579/1156] 10.0.0.11 () {32 vars in 725 bytes} [Sat May 16 10:33:26 2026] DELETE /v2.0/networks/f90d3006-adea-484e-84a7-1dfdb03d6fe0 => generated 0 bytes in 364 msecs (HTTP/1.1 204) 3 headers in 131 bytes (1 switches on core 0) [pid: 7|app: 0|req: 580/1157] 10.0.0.138 () {28 vars in 583 bytes} [Sat May 16 10:33:27 2026] GET /v2.0/subnets => generated 2673 bytes in 27 msecs (HTTP/1.1 200) 4 headers in 158 bytes (1 switches on core 0)
2026-05-16 10:33:27.466 7 INFO neutron_taas.services.taas.taas_plugin [None req-517c965a-559e-423f-9506-393c7f7268ef 4ffc2ecd9ec843669ffd269a8cb954e3 36cd3e3ab63d420abb9c5917773bcb41 - - default default] TaaS: Handle Delete Port: cf691e56-da58-472e-b9cb-ca2e4264baca
2026-05-16 10:33:27.469 7 INFO neutron_taas.services.taas.tap_mirror_plugin [None req-517c965a-559e-423f-9506-393c7f7268ef 4ffc2ecd9ec843669ffd269a8cb954e3 36cd3e3ab63d420abb9c5917773bcb41 - - default default] Tap Mirror: Handle Delete Port: cf691e56-da58-472e-b9cb-ca2e4264baca [pid: 7|app: 0|req: 581/1158] 10.0.0.11 () {32 vars in 725 bytes} [Sat May 16 10:33:27 2026] DELETE /v2.0/networks/837d44a3-6daf-4336-be3b-aec80b00f6f6 => generated 0 bytes in 336 msecs (HTTP/1.1 204) 3 headers in 131 bytes (1 switches on core 0) [pid: 7|app: 0|req: 582/1159] 10.0.0.138 () {28 vars in 591 bytes} [Sat May 16 10:33:27 2026] GET /v2.0/subnetpools => generated 19 bytes in 9 msecs (HTTP/1.1 200) 4 headers in 156 bytes (1 switches on core 0)
