2026-05-16 10:36:01.561 8 INFO neutron.services.segments.plugin [-] Segment 03d2f450-2d75-48b6-9d83-d78c818e771e resource provider aggregate not found
2026-05-16 10:36:01.564 8 INFO neutron.services.segments.plugin [-] Segment 03d2f450-2d75-48b6-9d83-d78c818e771e resource provider not found; error: Placement Client Error (4xx): {"errors": [{"status": 404, "title": "Not Found", "detail": "The resource could not be found.\n\n No resource provider with uuid 03d2f450-2d75-48b6-9d83-d78c818e771e found for delete ", "request_id": "req-59eeeeb9-37df-4f22-9402-864c684f82b7"}]}
2026-05-16 10:36:01.579 8 INFO neutron.services.segments.plugin [-] Segment 8d78051e-797f-4d53-a4c0-e4733eb7985d resource provider aggregate not found
2026-05-16 10:36:01.581 8 INFO neutron.services.segments.plugin [-] Segment 03d2f450-2d75-48b6-9d83-d78c818e771e resource provider not found; error: Placement Client Error (4xx): {"errors": [{"status": 404, "title": "Not Found", "detail": "The resource could not be found.\n\n No resource provider with uuid 03d2f450-2d75-48b6-9d83-d78c818e771e found for delete ", "request_id": "req-0e1808cd-6fc0-4632-ad25-fc797693a48e"}]}
2026-05-16 10:36:01.600 8 INFO neutron.services.segments.plugin [-] Segment 8d78051e-797f-4d53-a4c0-e4733eb7985d resource provider not found; error: Placement Client Error (4xx): {"errors": [{"status": 404, "title": "Not Found", "detail": "The resource could not be found.\n\n No resource provider with uuid 8d78051e-797f-4d53-a4c0-e4733eb7985d found for delete ", "request_id": "req-1bf005a8-ea1e-477c-8b8d-c2a4233633b7"}]}
2026-05-16 10:36:01.603 7 INFO neutron.db.ovn_revision_numbers_db [None req-2b51b0be-43b2-43fe-8fa0-7f3f95d296fb 1f96477a8bc1411d980900f7c87c808e 0e0fc93e8a91405ea4603bf7bfd838a7 - - default default] Successfully bumped revision number for resource 36f500d1-9f1a-4f7f-b63a-7d2974d123fd (type: security_group_rules) to 0
2026-05-16 10:36:01.607 8 INFO neutron.services.segments.plugin [-] Segment 8d78051e-797f-4d53-a4c0-e4733eb7985d resource provider aggregate not found
2026-05-16 10:36:01.627 8 INFO neutron.services.segments.plugin [-] Segment 8d78051e-797f-4d53-a4c0-e4733eb7985d resource provider not found; error: Placement Client Error (4xx): {"errors": [{"status": 404, "title": "Not Found", "detail": "The resource could not be found.\n\n No resource provider with uuid 8d78051e-797f-4d53-a4c0-e4733eb7985d found for delete ", "request_id": "req-92bcf448-9227-4abb-b3b2-f4a9202cd9da"}]} [pid: 7|app: 0|req: 1234/2398] 10.0.0.11 () {34 vars in 694 bytes} [Sat May 16 10:36:01 2026] POST /v2.0/security-group-rules => generated 602 bytes in 119 msecs (HTTP/1.1 201) 4 headers in 162 bytes (1 switches on core 0)
2026-05-16 10:36:01.869 8 WARNING neutron.scheduler.dhcp_agent_scheduler [None req-01b234f6-96cc-44ad-9cde-1794f025c3d4 1f96477a8bc1411d980900f7c87c808e 0e0fc93e8a91405ea4603bf7bfd838a7 - - default default] No more DHCP agents
2026-05-16 10:36:01.873 8 WARNING neutron.api.rpc.agentnotifiers.dhcp_rpc_agent_api [None req-01b234f6-96cc-44ad-9cde-1794f025c3d4 1f96477a8bc1411d980900f7c87c808e 0e0fc93e8a91405ea4603bf7bfd838a7 - - default default] Unable to schedule network 2830a369-76e0-47d0-a664-ca0064b95c72: no agents available; will retry on subsequent port and subnet creation events.
2026-05-16 10:36:02.080 7 INFO neutron.services.segments.plugin [-] Segment 61e309e3-d542-4604-a350-bfadf6b613a5 resource provider aggregate not found
2026-05-16 10:36:02.088 7 INFO neutron.services.segments.plugin [-] Segment 61e309e3-d542-4604-a350-bfadf6b613a5 resource provider aggregate not found
2026-05-16 10:36:02.103 7 INFO neutron.services.segments.plugin [-] Segment 61e309e3-d542-4604-a350-bfadf6b613a5 resource provider not found; error: Placement Client Error (4xx): {"errors": [{"status": 404, "title": "Not Found", "detail": "The resource could not be found.\n\n No resource provider with uuid 61e309e3-d542-4604-a350-bfadf6b613a5 found for delete ", "request_id": "req-29c3fee3-6e34-46e9-bc85-94a25cf7f63c"}]}
2026-05-16 10:36:02.103 7 INFO neutron.services.segments.plugin [-] Segment 61e309e3-d542-4604-a350-bfadf6b613a5 resource provider not found; error: Placement Client Error (4xx): {"errors": [{"status": 404, "title": "Not Found", "detail": "The resource could not be found.\n\n No resource provider with uuid 61e309e3-d542-4604-a350-bfadf6b613a5 found for delete ", "request_id": "req-a55c4a58-586c-4440-ae14-8dcf73569d47"}]} [pid: 8|app: 0|req: 1165/2399] 10.0.0.11 () {34 vars in 675 bytes} [Sat May 16 10:36:01 2026] POST /v2.0/floatingips => generated 552 bytes in 520 msecs (HTTP/1.1 201) 4 headers in 162 bytes (1 switches on core 0)
2026-05-16 10:36:02.240 8 WARNING neutron.db.securitygroups_db [req-98813ac5-cc62-4f68-88e4-95d3872dc3d1 req-6336ddb2-0ae7-474e-8f1d-3c3331a186aa 1f96477a8bc1411d980900f7c87c808e 0e0fc93e8a91405ea4603bf7bfd838a7 - - default default] project_id key not found in filters, using tenant_id instead. This support has been deprecated and will be removed in a future release. [pid: 8|app: 0|req: 1166/2400] 10.0.0.84 () {34 vars in 1097 bytes} [Sat May 16 10:36:02 2026] GET /v2.0/security-groups?name=tempest-securitygroup--754363748&fields=id&tenant_id=0e0fc93e8a91405ea4603bf7bfd838a7 => generated 69 bytes in 35 msecs (HTTP/1.1 200) 4 headers in 156 bytes (1 switches on core 0)
2026-05-16 10:36:02.282 8 WARNING neutron.db.securitygroups_db [req-98813ac5-cc62-4f68-88e4-95d3872dc3d1 req-db8bdfaf-081c-4810-85a3-b9c6fba455ae 1f96477a8bc1411d980900f7c87c808e 0e0fc93e8a91405ea4603bf7bfd838a7 - - default default] project_id key not found in filters, using tenant_id instead. This support has been deprecated and will be removed in a future release. [pid: 8|app: 0|req: 1167/2401] 10.0.0.84 () {34 vars in 1099 bytes} [Sat May 16 10:36:02 2026] GET /v2.0/security-groups?name=tempest-secgroup-smoke-1471188434&fields=id&tenant_id=0e0fc93e8a91405ea4603bf7bfd838a7 => generated 69 bytes in 30 msecs (HTTP/1.1 200) 4 headers in 156 bytes (1 switches on core 0) [pid: 8|app: 0|req: 1168/2402] 10.0.0.84 () {34 vars in 981 bytes} [Sat May 16 10:36:02 2026] GET /v2.0/networks?id=182eddf3-406c-40a2-a1e5-160593043e43 => generated 710 bytes in 50 msecs (HTTP/1.1 200) 4 headers in 157 bytes (1 switches on core 0)
2026-05-16 10:36:02.371 7 WARNING neutron.db.securitygroups_db [None req-45459d4b-6958-4fd2-81bb-3df40f975c73 23cc5b8230414ea5a032da141d2149a5 ada88431e4e9414d91b9cd15861c0c44 - - default default] project_id key not found in filters, using tenant_id instead. This support has been deprecated and will be removed in a future release. [pid: 8|app: 0|req: 1169/2403] 10.0.0.84 () {34 vars in 964 bytes} [Sat May 16 10:36:02 2026] GET /v2.0/quotas/0e0fc93e8a91405ea4603bf7bfd838a7 => generated 292 bytes in 12 msecs (HTTP/1.1 200) 4 headers in 157 bytes (1 switches on core 0) [pid: 8|app: 0|req: 1170/2404] 10.0.0.84 () {34 vars in 1001 bytes} [Sat May 16 10:36:02 2026] GET /v2.0/ports?tenant_id=0e0fc93e8a91405ea4603bf7bfd838a7&fields=id => generated 103 bytes in 61 msecs (HTTP/1.1 200) 4 headers in 157 bytes (1 switches on core 0)
2026-05-16 10:36:02.516 7 INFO neutron.db.ovn_revision_numbers_db [None req-45459d4b-6958-4fd2-81bb-3df40f975c73 23cc5b8230414ea5a032da141d2149a5 ada88431e4e9414d91b9cd15861c0c44 - - default default] Successfully bumped revision number for resource 7d7d376a-5c9f-4907-9344-58f8cd690fbc (type: security_groups) to 1 [pid: 8|app: 0|req: 1171/2405] 10.0.0.84 () {34 vars in 1007 bytes} [Sat May 16 10:36:02 2026] GET /v2.0/networks/182eddf3-406c-40a2-a1e5-160593043e43?fields=segments => generated 14 bytes in 51 msecs (HTTP/1.1 200) 4 headers in 156 bytes (1 switches on core 0)
2026-05-16 10:36:02.529 7 INFO neutron.db.ovn_revision_numbers_db [None req-45459d4b-6958-4fd2-81bb-3df40f975c73 23cc5b8230414ea5a032da141d2149a5 ada88431e4e9414d91b9cd15861c0c44 - - default default] Successfully bumped revision number for resource 99c39232-fab3-47be-964f-a66ccbe221bc (type: security_group_rules) to 0
2026-05-16 10:36:02.543 7 INFO neutron.db.ovn_revision_numbers_db [None req-45459d4b-6958-4fd2-81bb-3df40f975c73 23cc5b8230414ea5a032da141d2149a5 ada88431e4e9414d91b9cd15861c0c44 - - default default] Successfully bumped revision number for resource a5f86ede-57d5-441a-8a05-04b698f1a148 (type: security_group_rules) to 0
2026-05-16 10:36:02.555 7 INFO neutron.db.ovn_revision_numbers_db [None req-45459d4b-6958-4fd2-81bb-3df40f975c73 23cc5b8230414ea5a032da141d2149a5 ada88431e4e9414d91b9cd15861c0c44 - - default default] Successfully bumped revision number for resource a8a8683c-555d-44ee-aa9f-e9c0dfc5c404 (type: security_group_rules) to 0
2026-05-16 10:36:02.566 7 INFO neutron.db.ovn_revision_numbers_db [None req-45459d4b-6958-4fd2-81bb-3df40f975c73 23cc5b8230414ea5a032da141d2149a5 ada88431e4e9414d91b9cd15861c0c44 - - default default] Successfully bumped revision number for resource c810bb37-c7ae-4bc1-ad99-40644ae0669f (type: security_group_rules) to 0 [pid: 8|app: 0|req: 1172/2406] 10.0.0.84 () {34 vars in 1107 bytes} [Sat May 16 10:36:02 2026] GET /v2.0/networks/182eddf3-406c-40a2-a1e5-160593043e43?fields=provider%3Aphysical_network&fields=provider%3Anetwork_type => generated 79 bytes in 42 msecs (HTTP/1.1 200) 4 headers in 156 bytes (1 switches on core 0) [pid: 7|app: 0|req: 1235/2407] 10.0.0.11 () {32 vars in 773 bytes} [Sat May 16 10:36:02 2026] GET /v2.0/security-groups?tenant_id=22594959f031483b809f466d8cd3c379&name=default => generated 2925 bytes in 409 msecs (HTTP/1.1 200) 4 headers in 158 bytes (1 switches on core 0) [pid: 7|app: 0|req: 1236/2408] 10.0.0.84 () {34 vars in 989 bytes} [Sat May 16 10:36:02 2026] GET /v2.0/ports?device_id=50c74006-67bc-4f73-96d1-95802209d713 => generated 12 bytes in 40 msecs (HTTP/1.1 200) 4 headers in 156 bytes (1 switches on core 0) [pid: 8|app: 0|req: 1173/2409] 10.0.0.11 () {32 vars in 739 bytes} [Sat May 16 10:36:02 2026] DELETE /v2.0/security-groups/7d7d376a-5c9f-4907-9344-58f8cd690fbc => generated 0 bytes in 220 msecs (HTTP/1.1 204) 2 headers in 112 bytes (1 switches on core 0)
2026-05-16 10:36:02.988 7 WARNING neutron.db.securitygroups_db [None req-c4e2c3cf-c449-42f2-b25a-0e4767e7579d 23cc5b8230414ea5a032da141d2149a5 ada88431e4e9414d91b9cd15861c0c44 - - default default] project_id key not found in filters, using tenant_id instead. This support has been deprecated and will be removed in a future release.
2026-05-16 10:36:03.133 7 INFO neutron.db.ovn_revision_numbers_db [None req-c4e2c3cf-c449-42f2-b25a-0e4767e7579d 23cc5b8230414ea5a032da141d2149a5 ada88431e4e9414d91b9cd15861c0c44 - - default default] Successfully bumped revision number for resource 9b703211-8005-45b7-a374-7a7422620910 (type: security_groups) to 1
2026-05-16 10:36:03.149 7 INFO neutron.db.ovn_revision_numbers_db [None req-c4e2c3cf-c449-42f2-b25a-0e4767e7579d 23cc5b8230414ea5a032da141d2149a5 ada88431e4e9414d91b9cd15861c0c44 - - default default] Successfully bumped revision number for resource 46c9591d-62c3-4401-83ca-c9afc25da399 (type: security_group_rules) to 0
2026-05-16 10:36:03.165 7 INFO neutron.db.ovn_revision_numbers_db [None req-c4e2c3cf-c449-42f2-b25a-0e4767e7579d 23cc5b8230414ea5a032da141d2149a5 ada88431e4e9414d91b9cd15861c0c44 - - default default] Successfully bumped revision number for resource 889803bc-d3c2-431d-a2d4-10a5ece5bf84 (type: security_group_rules) to 0
2026-05-16 10:36:03.181 7 INFO neutron.db.ovn_revision_numbers_db [None req-c4e2c3cf-c449-42f2-b25a-0e4767e7579d 23cc5b8230414ea5a032da141d2149a5 ada88431e4e9414d91b9cd15861c0c44 - - default default] Successfully bumped revision number for resource bcde26a8-b7d2-4fa3-b82d-2f1eb5b04b55 (type: security_group_rules) to 0
2026-05-16 10:36:03.195 7 INFO neutron.db.ovn_revision_numbers_db [None req-c4e2c3cf-c449-42f2-b25a-0e4767e7579d 23cc5b8230414ea5a032da141d2149a5 ada88431e4e9414d91b9cd15861c0c44 - - default default] Successfully bumped revision number for resource f832d223-eddb-475a-9d8b-7f4d18297448 (type: security_group_rules) to 0 [pid: 7|app: 0|req: 1237/2410] 10.0.0.11 () {32 vars in 773 bytes} [Sat May 16 10:36:02 2026] GET /v2.0/security-groups?tenant_id=3600cfc998bb480b8be4840e93326957&name=default => generated 2925 bytes in 258 msecs (HTTP/1.1 200) 4 headers in 158 bytes (1 switches on core 0) [pid: 8|app: 0|req: 1174/2411] 10.0.0.11 () {32 vars in 739 bytes} [Sat May 16 10:36:03 2026] DELETE /v2.0/security-groups/9b703211-8005-45b7-a374-7a7422620910 => generated 0 bytes in 181 msecs (HTTP/1.1 204) 2 headers in 112 bytes (1 switches on core 0)
2026-05-16 10:36:03.559 7 WARNING neutron.db.securitygroups_db [None req-ff7c0346-cf88-4cc8-a666-e249890cdbe7 23cc5b8230414ea5a032da141d2149a5 ada88431e4e9414d91b9cd15861c0c44 - - default default] project_id key not found in filters, using tenant_id instead. This support has been deprecated and will be removed in a future release. [pid: 7|app: 0|req: 1238/2412] 10.0.0.11 () {32 vars in 773 bytes} [Sat May 16 10:36:03 2026] GET /v2.0/security-groups?tenant_id=95460c965c3e46b582f1b40e755e4e74&name=default => generated 2925 bytes in 26 msecs (HTTP/1.1 200) 4 headers in 158 bytes (1 switches on core 0) [pid: 8|app: 0|req: 1175/2413] 10.0.0.11 () {32 vars in 739 bytes} [Sat May 16 10:36:03 2026] DELETE /v2.0/security-groups/7e1912a5-1ade-4d01-911f-2456a180d5d0 => generated 0 bytes in 197 msecs (HTTP/1.1 204) 2 headers in 112 bytes (1 switches on core 0) [pid: 7|app: 0|req: 1239/2414] 10.0.0.84 () {34 vars in 989 bytes} [Sat May 16 10:36:03 2026] GET /v2.0/ports?device_id=50c74006-67bc-4f73-96d1-95802209d713 => generated 12 bytes in 20 msecs (HTTP/1.1 200) 4 headers in 156 bytes (1 switches on core 0)
2026-05-16 10:36:04.570 7 WARNING neutron.plugins.ml2.drivers.ovn.mech_driver.ovsdb.ovn_client [None req-804388f3-63da-4da6-8355-ddbfe7051867 - - - - - -] No hosting information found for port 4c25a269-440d-488f-aea9-7c8230b2a90d: RuntimeError: No hosting information found for port 4c25a269-440d-488f-aea9-7c8230b2a90d
2026-05-16 10:36:04.640 7 INFO neutron.common.ovn.utils [None req-804388f3-63da-4da6-8355-ddbfe7051867 - - - - - -] HA Chassis Group neutron-fff2f440-0a41-4be2-af28-7a3cace9c57c synchronized; highest priority chassis 0d39c279-28e9-46a3-b517-45a037b6fa0d
2026-05-16 10:36:04.713 7 INFO neutron.db.ovn_revision_numbers_db [None req-f27838ec-694a-4e7a-89e6-273bf7726792 dc1266619bf248c5bef3c49d148df65c 1411923ae9e54a59978330fcb1a413a7 - - default default] Successfully bumped revision number for resource 1d9bcae7-b89f-46c6-958d-c30633056864 (type: security_groups) to 1
2026-05-16 10:36:04.735 7 INFO neutron.db.ovn_revision_numbers_db [None req-f27838ec-694a-4e7a-89e6-273bf7726792 dc1266619bf248c5bef3c49d148df65c 1411923ae9e54a59978330fcb1a413a7 - - default default] Successfully bumped revision number for resource 1b876c2a-dd9f-4aa4-bc17-20f0032fd9dc (type: security_group_rules) to 0
2026-05-16 10:36:04.758 7 INFO neutron.db.ovn_revision_numbers_db [None req-f27838ec-694a-4e7a-89e6-273bf7726792 dc1266619bf248c5bef3c49d148df65c 1411923ae9e54a59978330fcb1a413a7 - - default default] Successfully bumped revision number for resource 2bb304c9-efcb-48ad-9511-4c38cd1c0e89 (type: security_group_rules) to 0
2026-05-16 10:36:04.776 7 INFO neutron.db.ovn_revision_numbers_db [None req-f27838ec-694a-4e7a-89e6-273bf7726792 dc1266619bf248c5bef3c49d148df65c 1411923ae9e54a59978330fcb1a413a7 - - default default] Successfully bumped revision number for resource bb16fbab-8a8d-4ad3-8f5e-3545aa2c4b97 (type: security_group_rules) to 0
2026-05-16 10:36:04.782 7 INFO neutron.db.ovn_revision_numbers_db [None req-804388f3-63da-4da6-8355-ddbfe7051867 - - - - - -] Successfully bumped revision number for resource 4c25a269-440d-488f-aea9-7c8230b2a90d (type: router_ports) to 2
2026-05-16 10:36:04.799 7 INFO neutron.db.ovn_revision_numbers_db [None req-f27838ec-694a-4e7a-89e6-273bf7726792 dc1266619bf248c5bef3c49d148df65c 1411923ae9e54a59978330fcb1a413a7 - - default default] Successfully bumped revision number for resource f6fb8235-cb72-4eb2-a746-037f7c4580e0 (type: security_group_rules) to 0
2026-05-16 10:36:04.902 7 INFO neutron.db.segments_db [None req-f27838ec-694a-4e7a-89e6-273bf7726792 dc1266619bf248c5bef3c49d148df65c 1411923ae9e54a59978330fcb1a413a7 - - default default] Added segment bfa8935a-c47f-45f7-a418-a2253b31e1a9 of type geneve for network da32087b-7d4c-4b87-a538-0f5c73d97da8 [pid: 8|app: 0|req: 1177/2417] 10.0.0.84 () {34 vars in 989 bytes} [Sat May 16 10:36:04 2026] GET /v2.0/ports?device_id=50c74006-67bc-4f73-96d1-95802209d713 => generated 12 bytes in 23 msecs (HTTP/1.1 200) 4 headers in 156 bytes (1 switches on core 0)
2026-05-16 10:36:05.028 7 INFO neutron.db.ovn_revision_numbers_db [None req-f27838ec-694a-4e7a-89e6-273bf7726792 dc1266619bf248c5bef3c49d148df65c 1411923ae9e54a59978330fcb1a413a7 - - default default] Successfully bumped revision number for resource da32087b-7d4c-4b87-a538-0f5c73d97da8 (type: networks) to 1
2026-05-16 10:36:05.188 7 WARNING neutron.scheduler.dhcp_agent_scheduler [None req-f27838ec-694a-4e7a-89e6-273bf7726792 dc1266619bf248c5bef3c49d148df65c 1411923ae9e54a59978330fcb1a413a7 - - default default] No more DHCP agents
2026-05-16 10:36:05.189 7 WARNING neutron.api.rpc.agentnotifiers.dhcp_rpc_agent_api [None req-f27838ec-694a-4e7a-89e6-273bf7726792 dc1266619bf248c5bef3c49d148df65c 1411923ae9e54a59978330fcb1a413a7 - - default default] Unable to schedule network da32087b-7d4c-4b87-a538-0f5c73d97da8: no agents available; will retry on subsequent port and subnet creation events.
2026-05-16 10:36:05.241 7 INFO neutron.plugins.ml2.drivers.ovn.mech_driver.mech_driver [None req-804388f3-63da-4da6-8355-ddbfe7051867 - - - - - -] OVN reports status down for port: 8cc28ca4-7575-47f8-a840-d1bd7d37cc93
2026-05-16 10:36:05.307 7 INFO neutron.db.ovn_revision_numbers_db [None req-f27838ec-694a-4e7a-89e6-273bf7726792 dc1266619bf248c5bef3c49d148df65c 1411923ae9e54a59978330fcb1a413a7 - - default default] Successfully bumped revision number for resource 8cc28ca4-7575-47f8-a840-d1bd7d37cc93 (type: ports) to 1 [pid: 7|app: 0|req: 1241/2418] 10.0.0.11 () {34 vars in 669 bytes} [Sat May 16 10:36:04 2026] POST /v2.0/networks => generated 664 bytes in 1006 msecs (HTTP/1.1 201) 4 headers in 162 bytes (1 switches on core 0)
2026-05-16 10:36:05.555 8 WARNING neutron.scheduler.dhcp_agent_scheduler [None req-7f0ba2b8-52b9-4502-9b06-07f1fcfa6d08 dc1266619bf248c5bef3c49d148df65c 1411923ae9e54a59978330fcb1a413a7 - - default default] No more DHCP agents
2026-05-16 10:36:05.556 8 WARNING neutron.api.rpc.agentnotifiers.dhcp_rpc_agent_api [None req-7f0ba2b8-52b9-4502-9b06-07f1fcfa6d08 dc1266619bf248c5bef3c49d148df65c 1411923ae9e54a59978330fcb1a413a7 - - default default] Unable to schedule network da32087b-7d4c-4b87-a538-0f5c73d97da8: no agents available; will retry on subsequent port and subnet creation events.
2026-05-16 10:36:05.965 8 INFO neutron.db.ovn_revision_numbers_db [None req-7f0ba2b8-52b9-4502-9b06-07f1fcfa6d08 dc1266619bf248c5bef3c49d148df65c 1411923ae9e54a59978330fcb1a413a7 - - default default] Successfully bumped revision number for resource 8cc28ca4-7575-47f8-a840-d1bd7d37cc93 (type: ports) to 2
2026-05-16 10:36:05.996 8 INFO neutron.db.ovn_revision_numbers_db [None req-7f0ba2b8-52b9-4502-9b06-07f1fcfa6d08 dc1266619bf248c5bef3c49d148df65c 1411923ae9e54a59978330fcb1a413a7 - - default default] Successfully bumped revision number for resource 0088707b-3bc0-490d-93a3-52d5fb669ce9 (type: subnets) to 0 [pid: 8|app: 0|req: 1178/2419] 10.0.0.11 () {34 vars in 668 bytes} [Sat May 16 10:36:05 2026] POST /v2.0/subnets => generated 626 bytes in 664 msecs (HTTP/1.1 201) 4 headers in 162 bytes (1 switches on core 0) [pid: 8|app: 0|req: 1179/2420] 10.0.0.84 () {34 vars in 989 bytes} [Sat May 16 10:36:06 2026] GET /v2.0/ports?device_id=50c74006-67bc-4f73-96d1-95802209d713 => generated 12 bytes in 21 msecs (HTTP/1.1 200) 4 headers in 156 bytes (1 switches on core 0)
2026-05-16 10:36:06.402 7 WARNING neutron.scheduler.dhcp_agent_scheduler [None req-750c7583-474c-4529-a989-652aa521b101 dc1266619bf248c5bef3c49d148df65c 1411923ae9e54a59978330fcb1a413a7 - - default default] No more DHCP agents
2026-05-16 10:36:06.404 7 WARNING neutron.api.rpc.agentnotifiers.dhcp_rpc_agent_api [None req-750c7583-474c-4529-a989-652aa521b101 dc1266619bf248c5bef3c49d148df65c 1411923ae9e54a59978330fcb1a413a7 - - default default] Unable to schedule network 2830a369-76e0-47d0-a664-ca0064b95c72: no agents available; will retry on subsequent port and subnet creation events.
2026-05-16 10:36:06.525 7 INFO neutron.plugins.ml2.drivers.ovn.mech_driver.mech_driver [None req-804388f3-63da-4da6-8355-ddbfe7051867 - - - - - -] OVN reports status down for port: 6d58e35d-1611-4702-b0a3-6aaacb2f76ce
2026-05-16 10:36:06.583 7 INFO neutron.db.ovn_revision_numbers_db [None req-750c7583-474c-4529-a989-652aa521b101 dc1266619bf248c5bef3c49d148df65c 1411923ae9e54a59978330fcb1a413a7 - - default default] Successfully bumped revision number for resource 6d58e35d-1611-4702-b0a3-6aaacb2f76ce (type: ports) to 1 [pid: 8|app: 0|req: 1180/2421] 199.204.45.30 () {34 vars in 985 bytes} [Sat May 16 10:36:06 2026] GET /v2.0/networks?id=182eddf3-406c-40a2-a1e5-160593043e43 => generated 710 bytes in 41 msecs (HTTP/1.1 200) 4 headers in 157 bytes (1 switches on core 0)
2026-05-16 10:36:07.036 8 WARNING neutron.db.securitygroups_db [req-98813ac5-cc62-4f68-88e4-95d3872dc3d1 req-05d4cc2e-4f30-466c-8578-91bd6c47ba9b 1f96477a8bc1411d980900f7c87c808e 0e0fc93e8a91405ea4603bf7bfd838a7 - - default default] project_id key not found in filters, using tenant_id instead. This support has been deprecated and will be removed in a future release. [pid: 8|app: 0|req: 1181/2422] 199.204.45.30 () {34 vars in 1049 bytes} [Sat May 16 10:36:07 2026] GET /v2.0/security-groups?fields=id&fields=name&tenant_id=0e0fc93e8a91405ea4603bf7bfd838a7 => generated 273 bytes in 31 msecs (HTTP/1.1 200) 4 headers in 157 bytes (1 switches on core 0)
2026-05-16 10:36:07.277 7 INFO neutron.plugins.ml2.drivers.ovn.mech_driver.mech_driver [None req-804388f3-63da-4da6-8355-ddbfe7051867 - - - - - -] OVN reports status up for port: 6d58e35d-1611-4702-b0a3-6aaacb2f76ce
2026-05-16 10:36:07.313 7 INFO neutron.plugins.ml2.plugin [None req-804388f3-63da-4da6-8355-ddbfe7051867 - - - - - -] Attempt 1 to provision port 6d58e35d-1611-4702-b0a3-6aaacb2f76ce
2026-05-16 10:36:07.347 7 INFO neutron.db.ovn_revision_numbers_db [None req-750c7583-474c-4529-a989-652aa521b101 dc1266619bf248c5bef3c49d148df65c 1411923ae9e54a59978330fcb1a413a7 - - default default] Successfully bumped revision number for resource 6d58e35d-1611-4702-b0a3-6aaacb2f76ce (type: router_ports) to 1
2026-05-16 10:36:07.403 8 WARNING neutron.scheduler.dhcp_agent_scheduler [req-98813ac5-cc62-4f68-88e4-95d3872dc3d1 req-b6203ea0-07ac-4d9f-a931-d008760b8909 1f96477a8bc1411d980900f7c87c808e 0e0fc93e8a91405ea4603bf7bfd838a7 - - default default] No more DHCP agents
2026-05-16 10:36:07.405 8 WARNING neutron.api.rpc.agentnotifiers.dhcp_rpc_agent_api [req-98813ac5-cc62-4f68-88e4-95d3872dc3d1 req-b6203ea0-07ac-4d9f-a931-d008760b8909 1f96477a8bc1411d980900f7c87c808e 0e0fc93e8a91405ea4603bf7bfd838a7 - - default default] Unable to schedule network 182eddf3-406c-40a2-a1e5-160593043e43: no agents available; will retry on subsequent port and subnet creation events.
2026-05-16 10:36:07.454 7 INFO neutron.db.ovn_revision_numbers_db [None req-750c7583-474c-4529-a989-652aa521b101 dc1266619bf248c5bef3c49d148df65c 1411923ae9e54a59978330fcb1a413a7 - - default default] Successfully bumped revision number for resource a6b500f8-ce81-49e2-9dd5-c30955d29132 (type: routers) to 2 [pid: 7|app: 0|req: 1242/2423] 10.0.0.11 () {34 vars in 668 bytes} [Sat May 16 10:36:06 2026] POST /v2.0/routers => generated 957 bytes in 1455 msecs (HTTP/1.1 201) 4 headers in 162 bytes (1 switches on core 0)
2026-05-16 10:36:07.539 8 INFO neutron.plugins.ml2.drivers.ovn.mech_driver.mech_driver [None req-00554a9b-61b5-418c-aa2f-581f4efa3552 - - - - - -] OVN reports status down for port: 00494be9-94ef-4f21-ad5b-493a48669176 [pid: 7|app: 0|req: 1243/2424] 10.0.0.84 () {34 vars in 989 bytes} [Sat May 16 10:36:07 2026] GET /v2.0/ports?device_id=50c74006-67bc-4f73-96d1-95802209d713 => generated 1000 bytes in 99 msecs (HTTP/1.1 200) 4 headers in 158 bytes (1 switches on core 0)
2026-05-16 10:36:07.599 8 INFO neutron.db.ovn_revision_numbers_db [req-98813ac5-cc62-4f68-88e4-95d3872dc3d1 req-b6203ea0-07ac-4d9f-a931-d008760b8909 1f96477a8bc1411d980900f7c87c808e 0e0fc93e8a91405ea4603bf7bfd838a7 - - default default] Successfully bumped revision number for resource 00494be9-94ef-4f21-ad5b-493a48669176 (type: ports) to 1 [pid: 8|app: 0|req: 1182/2425] 199.204.45.30 () {38 vars in 954 bytes} [Sat May 16 10:36:07 2026] POST /v2.0/ports => generated 997 bytes in 616 msecs (HTTP/1.1 201) 4 headers in 162 bytes (1 switches on core 0) /var/lib/openstack/lib/python3.12/site-packages/pycadf/identifier.py:70: UserWarning: Invalid uuid: neutron. To ensure interoperability, identifiers should be a valid uuid. warnings.warn(('Invalid uuid: %s. To ensure interoperability, ' [pid: 8|app: 0|req: 1183/2426] 10.0.0.84 () {34 vars in 1119 bytes} [Sat May 16 10:36:07 2026] GET /v2.0/security-groups?id=a1db43f8-406a-466d-8796-87fe69129ad8&id=4bcd525d-fc9b-4b71-a3dc-90c22473f48d&fields=id&fields=name => generated 206 bytes in 35 msecs (HTTP/1.1 200) 4 headers in 157 bytes (1 switches on core 0)
2026-05-16 10:36:08.066 8 INFO neutron.db.ovn_revision_numbers_db [req-98813ac5-cc62-4f68-88e4-95d3872dc3d1 req-96556bd8-18a9-4c03-b09d-a30f2a8eb69e dabed0190bf640c2be57b9d0b2440230 11ff9a14a70340ca813d4ea5270ba7df - - 2b6bdcd0d5f24253a285b4cf03fb6016 2b6bdcd0d5f24253a285b4cf03fb6016] Successfully bumped revision number for resource 00494be9-94ef-4f21-ad5b-493a48669176 (type: ports) to 2
2026-05-16 10:36:08.075 7 WARNING neutron.scheduler.dhcp_agent_scheduler [None req-fd649ffb-f1e5-4b7a-a86e-47dd5eec2aff dc1266619bf248c5bef3c49d148df65c 1411923ae9e54a59978330fcb1a413a7 - - default default] No more DHCP agents
2026-05-16 10:36:08.076 7 WARNING neutron.api.rpc.agentnotifiers.dhcp_rpc_agent_api [None req-fd649ffb-f1e5-4b7a-a86e-47dd5eec2aff dc1266619bf248c5bef3c49d148df65c 1411923ae9e54a59978330fcb1a413a7 - - default default] Unable to schedule network da32087b-7d4c-4b87-a538-0f5c73d97da8: no agents available; will retry on subsequent port and subnet creation events.
2026-05-16 10:36:08.224 7 INFO neutron.db.ovn_revision_numbers_db [None req-fd649ffb-f1e5-4b7a-a86e-47dd5eec2aff dc1266619bf248c5bef3c49d148df65c 1411923ae9e54a59978330fcb1a413a7 - - default default] Successfully bumped revision number for resource 9299134d-993d-4488-bbc6-c867dca1f3ac (type: ports) to 1
2026-05-16 10:36:08.239 8 INFO neutron.plugins.ml2.drivers.ovn.mech_driver.mech_driver [None req-00554a9b-61b5-418c-aa2f-581f4efa3552 - - - - - -] OVN reports status down for port: 9299134d-993d-4488-bbc6-c867dca1f3ac
2026-05-16 10:36:08.364 8 INFO neutron.db.ovn_revision_numbers_db [req-98813ac5-cc62-4f68-88e4-95d3872dc3d1 req-96556bd8-18a9-4c03-b09d-a30f2a8eb69e dabed0190bf640c2be57b9d0b2440230 11ff9a14a70340ca813d4ea5270ba7df - - 2b6bdcd0d5f24253a285b4cf03fb6016 2b6bdcd0d5f24253a285b4cf03fb6016] Successfully bumped revision number for resource 00494be9-94ef-4f21-ad5b-493a48669176 (type: ports) to 4 [pid: 8|app: 0|req: 1184/2427] 199.204.45.30 () {38 vars in 1027 bytes} [Sat May 16 10:36:07 2026] PUT /v2.0/ports/00494be9-94ef-4f21-ad5b-493a48669176 => generated 1270 bytes in 668 msecs (HTTP/1.1 200) 4 headers in 158 bytes (1 switches on core 0)
2026-05-16 10:36:08.413 8 INFO neutron.notifiers.nova [-] Nova event matching ['req-eb0b8a42-6e93-488c-91d2-244b2dec7e15'] response: {'name': 'network-changed', 'server_uuid': '50c74006-67bc-4f73-96d1-95802209d713', 'tag': '00494be9-94ef-4f21-ad5b-493a48669176', 'status': 'completed', 'code': 200} /var/lib/openstack/lib/python3.12/site-packages/pycadf/identifier.py:70: UserWarning: Invalid uuid: neutron. To ensure interoperability, identifiers should be a valid uuid. warnings.warn(('Invalid uuid: %s. To ensure interoperability, '
2026-05-16 10:36:08.683 8 INFO neutron.db.ovn_revision_numbers_db [None req-9cfd7a48-075a-47ed-ae3a-684b75f4034c c4ee2277d06a45428772261e32b154d9 98760893281744ffa043b89f7e3bf2ab - - default default] Successfully bumped revision number for resource 64375caa-2d61-4900-b577-188b38a8350b (type: security_groups) to 1
2026-05-16 10:36:08.694 8 INFO neutron.db.ovn_revision_numbers_db [None req-9cfd7a48-075a-47ed-ae3a-684b75f4034c c4ee2277d06a45428772261e32b154d9 98760893281744ffa043b89f7e3bf2ab - - default default] Successfully bumped revision number for resource 36ba8c39-6f5f-4fd4-a255-fcc6e48fe99e (type: security_group_rules) to 0
2026-05-16 10:36:08.705 8 INFO neutron.db.ovn_revision_numbers_db [None req-9cfd7a48-075a-47ed-ae3a-684b75f4034c c4ee2277d06a45428772261e32b154d9 98760893281744ffa043b89f7e3bf2ab - - default default] Successfully bumped revision number for resource 37a6c7d8-f6e7-424e-bacc-072265416fd4 (type: security_group_rules) to 0
2026-05-16 10:36:08.717 8 INFO neutron.db.ovn_revision_numbers_db [None req-9cfd7a48-075a-47ed-ae3a-684b75f4034c c4ee2277d06a45428772261e32b154d9 98760893281744ffa043b89f7e3bf2ab - - default default] Successfully bumped revision number for resource 4c1b0522-6e38-43f8-993b-569019b6e4f7 (type: security_group_rules) to 0
2026-05-16 10:36:08.734 8 INFO neutron.db.ovn_revision_numbers_db [None req-9cfd7a48-075a-47ed-ae3a-684b75f4034c c4ee2277d06a45428772261e32b154d9 98760893281744ffa043b89f7e3bf2ab - - default default] Successfully bumped revision number for resource d9fe8de0-9fe4-4207-bff6-c69393d2db71 (type: security_group_rules) to 0
2026-05-16 10:36:08.809 8 INFO neutron.db.segments_db [None req-9cfd7a48-075a-47ed-ae3a-684b75f4034c c4ee2277d06a45428772261e32b154d9 98760893281744ffa043b89f7e3bf2ab - - default default] Added segment 08981e3a-7008-4938-bb32-4e5f86c17b57 of type geneve for network a2b1f141-e624-4497-a201-c9bcef437965
2026-05-16 10:36:08.923 8 INFO neutron.plugins.ml2.drivers.ovn.mech_driver.mech_driver [None req-00554a9b-61b5-418c-aa2f-581f4efa3552 - - - - - -] OVN reports status up for port: 9299134d-993d-4488-bbc6-c867dca1f3ac
2026-05-16 10:36:08.956 8 INFO neutron.plugins.ml2.plugin [None req-00554a9b-61b5-418c-aa2f-581f4efa3552 - - - - - -] Attempt 1 to provision port 9299134d-993d-4488-bbc6-c867dca1f3ac
2026-05-16 10:36:08.972 8 INFO neutron.db.ovn_revision_numbers_db [None req-9cfd7a48-075a-47ed-ae3a-684b75f4034c c4ee2277d06a45428772261e32b154d9 98760893281744ffa043b89f7e3bf2ab - - default default] Successfully bumped revision number for resource a2b1f141-e624-4497-a201-c9bcef437965 (type: networks) to 1
2026-05-16 10:36:08.996 7 WARNING neutron.scheduler.dhcp_agent_scheduler [None req-fd649ffb-f1e5-4b7a-a86e-47dd5eec2aff dc1266619bf248c5bef3c49d148df65c 1411923ae9e54a59978330fcb1a413a7 - - default default] No more DHCP agents
2026-05-16 10:36:08.997 7 WARNING neutron.api.rpc.agentnotifiers.dhcp_rpc_agent_api [None req-fd649ffb-f1e5-4b7a-a86e-47dd5eec2aff dc1266619bf248c5bef3c49d148df65c 1411923ae9e54a59978330fcb1a413a7 - - default default] Unable to schedule network da32087b-7d4c-4b87-a538-0f5c73d97da8: no agents available; will retry on subsequent port and subnet creation events.
2026-05-16 10:36:09.313 8 WARNING neutron.scheduler.dhcp_agent_scheduler [None req-9cfd7a48-075a-47ed-ae3a-684b75f4034c c4ee2277d06a45428772261e32b154d9 98760893281744ffa043b89f7e3bf2ab - - default default] No more DHCP agents
2026-05-16 10:36:09.323 8 WARNING neutron.api.rpc.agentnotifiers.dhcp_rpc_agent_api [None req-9cfd7a48-075a-47ed-ae3a-684b75f4034c c4ee2277d06a45428772261e32b154d9 98760893281744ffa043b89f7e3bf2ab - - default default] Unable to schedule network a2b1f141-e624-4497-a201-c9bcef437965: no agents available; will retry on subsequent port and subnet creation events.
2026-05-16 10:36:09.349 7 INFO neutron.db.ovn_revision_numbers_db [None req-fd649ffb-f1e5-4b7a-a86e-47dd5eec2aff dc1266619bf248c5bef3c49d148df65c 1411923ae9e54a59978330fcb1a413a7 - - default default] Successfully bumped revision number for resource 9299134d-993d-4488-bbc6-c867dca1f3ac (type: router_ports) to 1 [pid: 7|app: 0|req: 1244/2428] 10.0.0.11 () {34 vars in 782 bytes} [Sat May 16 10:36:07 2026] PUT /v2.0/routers/a6b500f8-ce81-49e2-9dd5-c30955d29132/add_router_interface => generated 310 bytes in 1783 msecs (HTTP/1.1 200) 4 headers in 157 bytes (1 switches on core 0) [pid: 7|app: 0|req: 1245/2429] 10.0.0.84 () {34 vars in 989 bytes} [Sat May 16 10:36:09 2026] GET /v2.0/ports?device_id=50c74006-67bc-4f73-96d1-95802209d713 => generated 1012 bytes in 46 msecs (HTTP/1.1 200) 4 headers in 158 bytes (1 switches on core 0) [pid: 7|app: 0|req: 1246/2430] 199.204.45.30 () {34 vars in 1079 bytes} [Sat May 16 10:36:09 2026] GET /v2.0/ports?tenant_id=0e0fc93e8a91405ea4603bf7bfd838a7&device_id=50c74006-67bc-4f73-96d1-95802209d713 => generated 1273 bytes in 36 msecs (HTTP/1.1 200) 4 headers in 158 bytes (1 switches on core 0)
2026-05-16 10:36:09.525 8 INFO neutron.db.ovn_revision_numbers_db [None req-9cfd7a48-075a-47ed-ae3a-684b75f4034c c4ee2277d06a45428772261e32b154d9 98760893281744ffa043b89f7e3bf2ab - - default default] Successfully bumped revision number for resource 1e055589-11ae-4ac3-a40a-ae002149bb08 (type: ports) to 1 [pid: 8|app: 0|req: 1185/2431] 10.0.0.11 () {34 vars in 669 bytes} [Sat May 16 10:36:08 2026] POST /v2.0/networks => generated 669 bytes in 1180 msecs (HTTP/1.1 201) 4 headers in 162 bytes (1 switches on core 0) [pid: 8|app: 0|req: 1186/2432] 10.0.0.84 () {34 vars in 1119 bytes} [Sat May 16 10:36:09 2026] GET /v2.0/security-groups?id=a1db43f8-406a-466d-8796-87fe69129ad8&id=4bcd525d-fc9b-4b71-a3dc-90c22473f48d&fields=id&fields=name => generated 206 bytes in 67 msecs (HTTP/1.1 200) 4 headers in 157 bytes (1 switches on core 0) [pid: 8|app: 0|req: 1187/2433] 199.204.45.30 () {34 vars in 1017 bytes} [Sat May 16 10:36:09 2026] GET /v2.0/networks?tenant_id=0e0fc93e8a91405ea4603bf7bfd838a7&shared=False => generated 809 bytes in 142 msecs (HTTP/1.1 200) 4 headers in 157 bytes (1 switches on core 0)
2026-05-16 10:36:09.809 8 INFO neutron.db.ovn_revision_numbers_db [None req-00554a9b-61b5-418c-aa2f-581f4efa3552 - - - - - -] Successfully bumped revision number for resource 9299134d-993d-4488-bbc6-c867dca1f3ac (type: ports) to 2
2026-05-16 10:36:10.004 8 WARNING neutron.scheduler.dhcp_agent_scheduler [None req-1b21cb94-a18e-4e9d-9c39-5e0c0b710f75 c4ee2277d06a45428772261e32b154d9 98760893281744ffa043b89f7e3bf2ab - - default default] No more DHCP agents
2026-05-16 10:36:10.005 8 WARNING neutron.api.rpc.agentnotifiers.dhcp_rpc_agent_api [None req-1b21cb94-a18e-4e9d-9c39-5e0c0b710f75 c4ee2277d06a45428772261e32b154d9 98760893281744ffa043b89f7e3bf2ab - - default default] Unable to schedule network a2b1f141-e624-4497-a201-c9bcef437965: no agents available; will retry on subsequent port and subnet creation events.
2026-05-16 10:36:10.076 7 WARNING neutron.scheduler.dhcp_agent_scheduler [None req-fa5c2a8c-8626-4d2c-9a2c-887a1ff0c2d5 - - - - - -] No more DHCP agents
2026-05-16 10:36:10.078 7 WARNING neutron.api.rpc.agentnotifiers.dhcp_rpc_agent_api [None req-fa5c2a8c-8626-4d2c-9a2c-887a1ff0c2d5 - - - - - -] Unable to schedule network 2830a369-76e0-47d0-a664-ca0064b95c72: no agents available; will retry on subsequent port and subnet creation events.
2026-05-16 10:36:10.237 7 INFO neutron.db.ovn_revision_numbers_db [None req-fa5c2a8c-8626-4d2c-9a2c-887a1ff0c2d5 - - - - - -] Successfully bumped revision number for resource e50708d2-d7c9-4bd4-9328-08643bcaa50a (type: ports) to 1
2026-05-16 10:36:10.519 7 INFO neutron.db.ovn_revision_numbers_db [None req-fa5c2a8c-8626-4d2c-9a2c-887a1ff0c2d5 - - - - - -] Successfully bumped revision number for resource e50708d2-d7c9-4bd4-9328-08643bcaa50a (type: ports) to 3
2026-05-16 10:36:10.552 8 INFO neutron.db.ovn_revision_numbers_db [None req-1b21cb94-a18e-4e9d-9c39-5e0c0b710f75 c4ee2277d06a45428772261e32b154d9 98760893281744ffa043b89f7e3bf2ab - - default default] Successfully bumped revision number for resource 1e055589-11ae-4ac3-a40a-ae002149bb08 (type: ports) to 2
2026-05-16 10:36:10.575 8 INFO neutron.db.ovn_revision_numbers_db [None req-1b21cb94-a18e-4e9d-9c39-5e0c0b710f75 c4ee2277d06a45428772261e32b154d9 98760893281744ffa043b89f7e3bf2ab - - default default] Successfully bumped revision number for resource 85cc1448-2538-4618-a755-c6878f803db4 (type: subnets) to 0 [pid: 8|app: 0|req: 1188/2434] 10.0.0.11 () {34 vars in 668 bytes} [Sat May 16 10:36:09 2026] POST /v2.0/subnets => generated 626 bytes in 812 msecs (HTTP/1.1 201) 4 headers in 162 bytes (1 switches on core 0)
2026-05-16 10:36:10.598 7 INFO neutron.db.segments_db [None req-fa5c2a8c-8626-4d2c-9a2c-887a1ff0c2d5 - - - - - -] Added segment 07d979d8-59cc-4289-94d0-1efc27610614 of type geneve for network 841e63ba-22e1-445e-9559-5be74e3f5621 [pid: 8|app: 0|req: 1189/2435] 199.204.45.30 () {34 vars in 929 bytes} [Sat May 16 10:36:10 2026] GET /v2.0/networks?shared=True => generated 791 bytes in 43 msecs (HTTP/1.1 200) 4 headers in 157 bytes (1 switches on core 0)
2026-05-16 10:36:10.727 7 INFO neutron.db.ovn_revision_numbers_db [None req-8d1220ec-8efd-4ad3-919f-5186e73ddd1f - - - - - -] Successfully bumped revision number for resource 841e63ba-22e1-445e-9559-5be74e3f5621 (type: networks) to 1
2026-05-16 10:36:10.738 8 INFO neutron.db.segments_db [None req-dbaba4ad-a5a5-4f16-8e68-17740d8486cb c4ee2277d06a45428772261e32b154d9 98760893281744ffa043b89f7e3bf2ab - - default default] Added segment 2337ad44-b326-45ac-b3d4-db1f12e5e471 of type geneve for network e36b5d6b-5e54-4fb6-9bea-cb3c9af694a9
2026-05-16 10:36:10.851 8 INFO neutron.db.ovn_revision_numbers_db [None req-dbaba4ad-a5a5-4f16-8e68-17740d8486cb c4ee2277d06a45428772261e32b154d9 98760893281744ffa043b89f7e3bf2ab - - default default] Successfully bumped revision number for resource e36b5d6b-5e54-4fb6-9bea-cb3c9af694a9 (type: networks) to 1
2026-05-16 10:36:10.854 7 WARNING neutron.scheduler.dhcp_agent_scheduler [None req-8d1220ec-8efd-4ad3-919f-5186e73ddd1f - - - - - -] No more DHCP agents
2026-05-16 10:36:10.855 7 WARNING neutron.api.rpc.agentnotifiers.dhcp_rpc_agent_api [None req-8d1220ec-8efd-4ad3-919f-5186e73ddd1f - - - - - -] Unable to schedule network 841e63ba-22e1-445e-9559-5be74e3f5621: no agents available; will retry on subsequent port and subnet creation events.
2026-05-16 10:36:10.957 7 INFO neutron.db.ovn_revision_numbers_db [None req-8d1220ec-8efd-4ad3-919f-5186e73ddd1f - - - - - -] Successfully bumped revision number for resource 6b6930be-69ff-4ec4-afce-9f78d28fc62d (type: ports) to 1
2026-05-16 10:36:11.050 8 WARNING neutron.scheduler.dhcp_agent_scheduler [None req-dbaba4ad-a5a5-4f16-8e68-17740d8486cb c4ee2277d06a45428772261e32b154d9 98760893281744ffa043b89f7e3bf2ab - - default default] No more DHCP agents
2026-05-16 10:36:11.052 8 WARNING neutron.api.rpc.agentnotifiers.dhcp_rpc_agent_api [None req-dbaba4ad-a5a5-4f16-8e68-17740d8486cb c4ee2277d06a45428772261e32b154d9 98760893281744ffa043b89f7e3bf2ab - - default default] Unable to schedule network e36b5d6b-5e54-4fb6-9bea-cb3c9af694a9: no agents available; will retry on subsequent port and subnet creation events.
2026-05-16 10:36:11.072 7 WARNING neutron.scheduler.dhcp_agent_scheduler [None req-8d1220ec-8efd-4ad3-919f-5186e73ddd1f - - - - - -] No more DHCP agents
2026-05-16 10:36:11.074 7 WARNING neutron.api.rpc.agentnotifiers.dhcp_rpc_agent_api [None req-8d1220ec-8efd-4ad3-919f-5186e73ddd1f - - - - - -] Unable to schedule network 841e63ba-22e1-445e-9559-5be74e3f5621: no agents available; will retry on subsequent port and subnet creation events.
2026-05-16 10:36:11.113 7 INFO neutron.db.ovn_revision_numbers_db [None req-8d1220ec-8efd-4ad3-919f-5186e73ddd1f - - - - - -] Successfully bumped revision number for resource f514ec6d-4e7c-4ee1-a7a0-145b8499830a (type: subnets) to 0
2026-05-16 10:36:11.162 8 INFO neutron.db.ovn_revision_numbers_db [None req-dbaba4ad-a5a5-4f16-8e68-17740d8486cb c4ee2277d06a45428772261e32b154d9 98760893281744ffa043b89f7e3bf2ab - - default default] Successfully bumped revision number for resource 7db79399-9072-4357-80fd-2c77c2da0981 (type: ports) to 1 [pid: 8|app: 0|req: 1190/2436] 10.0.0.11 () {34 vars in 669 bytes} [Sat May 16 10:36:10 2026] POST /v2.0/networks => generated 669 bytes in 551 msecs (HTTP/1.1 201) 4 headers in 162 bytes (1 switches on core 0) [pid: 8|app: 0|req: 1191/2437] 10.0.0.84 () {34 vars in 989 bytes} [Sat May 16 10:36:11 2026] GET /v2.0/ports?device_id=50c74006-67bc-4f73-96d1-95802209d713 => generated 1012 bytes in 32 msecs (HTTP/1.1 200) 4 headers in 158 bytes (1 switches on core 0)
2026-05-16 10:36:11.406 8 WARNING neutron.scheduler.dhcp_agent_scheduler [None req-33422869-5295-423e-8f7c-ab518d9e0f4f c4ee2277d06a45428772261e32b154d9 98760893281744ffa043b89f7e3bf2ab - - default default] No more DHCP agents
2026-05-16 10:36:11.407 8 WARNING neutron.api.rpc.agentnotifiers.dhcp_rpc_agent_api [None req-33422869-5295-423e-8f7c-ab518d9e0f4f c4ee2277d06a45428772261e32b154d9 98760893281744ffa043b89f7e3bf2ab - - default default] Unable to schedule network e36b5d6b-5e54-4fb6-9bea-cb3c9af694a9: no agents available; will retry on subsequent port and subnet creation events.
2026-05-16 10:36:11.582 7 WARNING neutron.scheduler.dhcp_agent_scheduler [None req-8d1220ec-8efd-4ad3-919f-5186e73ddd1f - - - - - -] No more DHCP agents
2026-05-16 10:36:11.585 7 WARNING neutron.api.rpc.agentnotifiers.dhcp_rpc_agent_api [None req-8d1220ec-8efd-4ad3-919f-5186e73ddd1f - - - - - -] Unable to schedule network 841e63ba-22e1-445e-9559-5be74e3f5621: no agents available; will retry on subsequent port and subnet creation events.
2026-05-16 10:36:11.744 7 INFO neutron.db.ovn_revision_numbers_db [None req-8d1220ec-8efd-4ad3-919f-5186e73ddd1f - - - - - -] Successfully bumped revision number for resource bce95b2f-98ed-4f26-8a10-fa3fcdf148ee (type: ports) to 1
2026-05-16 10:36:11.949 8 INFO neutron.db.ovn_revision_numbers_db [None req-33422869-5295-423e-8f7c-ab518d9e0f4f c4ee2277d06a45428772261e32b154d9 98760893281744ffa043b89f7e3bf2ab - - default default] Successfully bumped revision number for resource 7db79399-9072-4357-80fd-2c77c2da0981 (type: ports) to 2
2026-05-16 10:36:11.982 8 INFO neutron.db.ovn_revision_numbers_db [None req-33422869-5295-423e-8f7c-ab518d9e0f4f c4ee2277d06a45428772261e32b154d9 98760893281744ffa043b89f7e3bf2ab - - default default] Successfully bumped revision number for resource b2c75cef-3285-4f4d-8844-d8ce523da086 (type: subnets) to 0 [pid: 8|app: 0|req: 1192/2438] 10.0.0.11 () {34 vars in 668 bytes} [Sat May 16 10:36:11 2026] POST /v2.0/subnets => generated 629 bytes in 788 msecs (HTTP/1.1 201) 4 headers in 162 bytes (1 switches on core 0) [pid: 8|app: 0|req: 1193/2439] 10.0.0.84 () {34 vars in 1119 bytes} [Sat May 16 10:36:12 2026] GET /v2.0/security-groups?id=a1db43f8-406a-466d-8796-87fe69129ad8&id=4bcd525d-fc9b-4b71-a3dc-90c22473f48d&fields=id&fields=name => generated 206 bytes in 79 msecs (HTTP/1.1 200) 4 headers in 157 bytes (1 switches on core 0) [pid: 8|app: 0|req: 1194/2440] 199.204.45.30 () {34 vars in 1079 bytes} [Sat May 16 10:36:12 2026] GET /v2.0/ports?tenant_id=0e0fc93e8a91405ea4603bf7bfd838a7&device_id=50c74006-67bc-4f73-96d1-95802209d713 => generated 1273 bytes in 30 msecs (HTTP/1.1 200) 4 headers in 158 bytes (1 switches on core 0)
2026-05-16 10:36:12.191 8 INFO neutron.db.segments_db [None req-363ca0ea-1b40-43fd-b1f8-6c13d0f780f9 c4ee2277d06a45428772261e32b154d9 98760893281744ffa043b89f7e3bf2ab - - default default] Added segment 7d7fd122-573b-4dfb-a2e9-7c101e945516 of type geneve for network 3384ae86-c2fc-4b66-ba78-734934e2a2f3
2026-05-16 10:36:12.297 8 INFO neutron.db.ovn_revision_numbers_db [None req-363ca0ea-1b40-43fd-b1f8-6c13d0f780f9 c4ee2277d06a45428772261e32b154d9 98760893281744ffa043b89f7e3bf2ab - - default default] Successfully bumped revision number for resource 3384ae86-c2fc-4b66-ba78-734934e2a2f3 (type: networks) to 1
2026-05-16 10:36:12.503 7 WARNING neutron.scheduler.dhcp_agent_scheduler [None req-8d1220ec-8efd-4ad3-919f-5186e73ddd1f - - - - - -] No more DHCP agents
2026-05-16 10:36:12.506 7 WARNING neutron.api.rpc.agentnotifiers.dhcp_rpc_agent_api [None req-8d1220ec-8efd-4ad3-919f-5186e73ddd1f - - - - - -] Unable to schedule network 841e63ba-22e1-445e-9559-5be74e3f5621: no agents available; will retry on subsequent port and subnet creation events.
2026-05-16 10:36:12.517 8 WARNING neutron.scheduler.dhcp_agent_scheduler [None req-363ca0ea-1b40-43fd-b1f8-6c13d0f780f9 c4ee2277d06a45428772261e32b154d9 98760893281744ffa043b89f7e3bf2ab - - default default] No more DHCP agents
2026-05-16 10:36:12.518 8 WARNING neutron.api.rpc.agentnotifiers.dhcp_rpc_agent_api [None req-363ca0ea-1b40-43fd-b1f8-6c13d0f780f9 c4ee2277d06a45428772261e32b154d9 98760893281744ffa043b89f7e3bf2ab - - default default] Unable to schedule network 3384ae86-c2fc-4b66-ba78-734934e2a2f3: no agents available; will retry on subsequent port and subnet creation events.
2026-05-16 10:36:12.521 7 WARNING neutron.plugins.ml2.drivers.ovn.mech_driver.ovsdb.ovn_client [None req-804388f3-63da-4da6-8355-ddbfe7051867 - - - - - -] No hosting information found for port 6d58e35d-1611-4702-b0a3-6aaacb2f76ce: RuntimeError: No hosting information found for port 6d58e35d-1611-4702-b0a3-6aaacb2f76ce
2026-05-16 10:36:12.608 8 INFO neutron.db.ovn_revision_numbers_db [None req-363ca0ea-1b40-43fd-b1f8-6c13d0f780f9 c4ee2277d06a45428772261e32b154d9 98760893281744ffa043b89f7e3bf2ab - - default default] Successfully bumped revision number for resource 7ed46142-403b-4e0a-9cdd-af46568341d3 (type: ports) to 1 [pid: 8|app: 0|req: 1195/2441] 10.0.0.11 () {34 vars in 669 bytes} [Sat May 16 10:36:12 2026] POST /v2.0/networks => generated 669 bytes in 515 msecs (HTTP/1.1 201) 4 headers in 162 bytes (1 switches on core 0)
2026-05-16 10:36:12.644 7 INFO neutron.common.ovn.utils [None req-804388f3-63da-4da6-8355-ddbfe7051867 - - - - - -] HA Chassis Group neutron-da32087b-7d4c-4b87-a538-0f5c73d97da8 synchronized; highest priority chassis 0d39c279-28e9-46a3-b517-45a037b6fa0d [pid: 8|app: 0|req: 1196/2442] 199.204.45.30 () {34 vars in 1059 bytes} [Sat May 16 10:36:12 2026] GET /v2.0/floatingips?fixed_ip_address=10.100.0.12&port_id=00494be9-94ef-4f21-ad5b-493a48669176 => generated 19 bytes in 25 msecs (HTTP/1.1 200) 4 headers in 156 bytes (1 switches on core 0)
2026-05-16 10:36:12.672 7 INFO neutron.plugins.ml2.drivers.ovn.mech_driver.mech_driver [None req-804388f3-63da-4da6-8355-ddbfe7051867 - - - - - -] OVN reports status down for port: 1e055589-11ae-4ac3-a40a-ae002149bb08
2026-05-16 10:36:12.789 7 INFO neutron.plugins.ml2.drivers.ovn.mech_driver.mech_driver [None req-804388f3-63da-4da6-8355-ddbfe7051867 - - - - - -] OVN reports status down for port: 6b6930be-69ff-4ec4-afce-9f78d28fc62d
2026-05-16 10:36:12.800 8 WARNING neutron.scheduler.dhcp_agent_scheduler [None req-474f7de5-5700-47dd-bf83-337906740aa0 c4ee2277d06a45428772261e32b154d9 98760893281744ffa043b89f7e3bf2ab - - default default] No more DHCP agents
2026-05-16 10:36:12.802 8 WARNING neutron.api.rpc.agentnotifiers.dhcp_rpc_agent_api [None req-474f7de5-5700-47dd-bf83-337906740aa0 c4ee2277d06a45428772261e32b154d9 98760893281744ffa043b89f7e3bf2ab - - default default] Unable to schedule network 3384ae86-c2fc-4b66-ba78-734934e2a2f3: no agents available; will retry on subsequent port and subnet creation events.
2026-05-16 10:36:12.953 7 INFO neutron.plugins.ml2.drivers.ovn.mech_driver.mech_driver [None req-804388f3-63da-4da6-8355-ddbfe7051867 - - - - - -] OVN reports status down for port: 7db79399-9072-4357-80fd-2c77c2da0981
2026-05-16 10:36:13.088 7 INFO neutron.plugins.ml2.drivers.ovn.mech_driver.mech_driver [None req-804388f3-63da-4da6-8355-ddbfe7051867 - - - - - -] OVN reports status down for port: 7ed46142-403b-4e0a-9cdd-af46568341d3
2026-05-16 10:36:13.335 7 INFO neutron.db.ovn_revision_numbers_db [None req-8d1220ec-8efd-4ad3-919f-5186e73ddd1f - - - - - -] Successfully bumped revision number for resource bce95b2f-98ed-4f26-8a10-fa3fcdf148ee (type: router_ports) to 1
2026-05-16 10:36:13.339 7 INFO neutron.common.ovn.utils [None req-804388f3-63da-4da6-8355-ddbfe7051867 - - - - - -] HA Chassis Group neutron-841e63ba-22e1-445e-9559-5be74e3f5621 synchronized; highest priority chassis 0d39c279-28e9-46a3-b517-45a037b6fa0d
2026-05-16 10:36:13.431 8 INFO neutron.db.ovn_revision_numbers_db [None req-474f7de5-5700-47dd-bf83-337906740aa0 c4ee2277d06a45428772261e32b154d9 98760893281744ffa043b89f7e3bf2ab - - default default] Successfully bumped revision number for resource 7ed46142-403b-4e0a-9cdd-af46568341d3 (type: ports) to 2
2026-05-16 10:36:13.477 8 INFO neutron.db.ovn_revision_numbers_db [None req-474f7de5-5700-47dd-bf83-337906740aa0 c4ee2277d06a45428772261e32b154d9 98760893281744ffa043b89f7e3bf2ab - - default default] Successfully bumped revision number for resource 14ad8651-5f4b-4836-aa8e-3ac68356ea2f (type: subnets) to 0 [pid: 8|app: 0|req: 1197/2443] 10.0.0.11 () {34 vars in 668 bytes} [Sat May 16 10:36:12 2026] POST /v2.0/subnets => generated 629 bytes in 832 msecs (HTTP/1.1 201) 4 headers in 162 bytes (1 switches on core 0) [pid: 8|app: 0|req: 1198/2444] 199.204.45.30 () {34 vars in 983 bytes} [Sat May 16 10:36:13 2026] GET /v2.0/subnets?id=f8254bb3-f806-4fa2-9171-fb6acdd0d8a5 => generated 690 bytes in 34 msecs (HTTP/1.1 200) 4 headers in 157 bytes (1 switches on core 0)
2026-05-16 10:36:13.565 7 WARNING neutron.scheduler.dhcp_agent_scheduler [None req-8d1220ec-8efd-4ad3-919f-5186e73ddd1f - - - - - -] No more DHCP agents
