May 22 05:10:20.426963 np0000176181 devstack@neutron-api.service[103129]: DEBUG neutron_lib.callbacks.manager [None req-7cd499ff-b7a0-4ef6-84fe-56a2ce285692 None None] Subscribe: > router before_create 55550100, False {{(pid=103129) subscribe /opt/stack/data/venv/lib/python3.12/site-packages/neutron_lib/callbacks/manager.py:52}}
May 22 05:10:20.427140 np0000176181 devstack@neutron-api.service[103127]: INFO neutron.plugins.ml2.plugin [None req-5f83dbf7-b3ea-42c4-9a97-85fa574d9d05 None None] Modular L2 Plugin initialization complete
May 22 05:10:20.427312 np0000176181 devstack@neutron-api.service[103129]: DEBUG neutron_lib.callbacks.manager [None req-7cd499ff-b7a0-4ef6-84fe-56a2ce285692 None None] Subscribe: > router precommit_delete 55550100, False {{(pid=103129) subscribe /opt/stack/data/venv/lib/python3.12/site-packages/neutron_lib/callbacks/manager.py:52}}
May 22 05:10:20.427521 np0000176181 devstack@neutron-api.service[103127]: DEBUG neutron.manager [None req-5f83dbf7-b3ea-42c4-9a97-85fa574d9d05 None None] Loading services supported by the core plugin {{(pid=103127) _load_services_from_core_plugin /opt/stack/neutron/neutron/manager.py:170}}
May 22 05:10:20.428042 np0000176181 devstack@neutron-api.service[103129]: DEBUG neutron_lib.callbacks.manager [None req-7cd499ff-b7a0-4ef6-84fe-56a2ce285692 None None] Subscribe: > router precommit_create 55550100, False {{(pid=103129) subscribe /opt/stack/data/venv/lib/python3.12/site-packages/neutron_lib/callbacks/manager.py:52}}
May 22 05:10:20.428341 np0000176181 devstack@neutron-api.service[103127]: INFO neutron.plugins.ml2.managers [None req-5f83dbf7-b3ea-42c4-9a97-85fa574d9d05 None None] Got port-security extension from driver 'port_security'
May 22 05:10:20.428521 np0000176181 devstack@neutron-api.service[103129]: DEBUG neutron_lib.callbacks.manager [None req-7cd499ff-b7a0-4ef6-84fe-56a2ce285692 None None] Subscribe: > router precommit_update 55550100, False {{(pid=103129) subscribe /opt/stack/data/venv/lib/python3.12/site-packages/neutron_lib/callbacks/manager.py:52}}
May 22 05:10:20.429016 np0000176181 devstack@neutron-api.service[103127]: DEBUG neutron.manager [None req-5f83dbf7-b3ea-42c4-9a97-85fa574d9d05 None None] Loading service plugins: ['ovn-router', 'auto_allocate', 'tag', 'timestamp', 'network_ip_availability', 'flavors', 'revisions'] {{(pid=103127) _load_service_plugins /opt/stack/neutron/neutron/manager.py:195}}
May 22 05:10:20.429016 np0000176181 devstack@neutron-api.service[103127]: INFO neutron.manager [None req-5f83dbf7-b3ea-42c4-9a97-85fa574d9d05 None None] Loading Plugin: ovn-router
May 22 05:10:20.430373 np0000176181 devstack@neutron-api.service[103129]: DEBUG neutron.services.provider_configuration [None req-7cd499ff-b7a0-4ef6-84fe-56a2ce285692 None None] Service providers = [] {{(pid=103129) parse_service_provider_opt /opt/stack/neutron/neutron/services/provider_configuration.py:170}}
May 22 05:10:20.430502 np0000176181 devstack@neutron-api.service[103129]: DEBUG neutron.db.servicetype_db [None req-7cd499ff-b7a0-4ef6-84fe-56a2ce285692 None None] Adding provider configuration for service L3_ROUTER_NAT {{(pid=103129) add_provider_configuration /opt/stack/neutron/neutron/db/servicetype_db.py:45}}
May 22 05:10:20.431780 np0000176181 devstack@neutron-api.service[103129]: DEBUG neutron_lib.callbacks.manager [None req-7cd499ff-b7a0-4ef6-84fe-56a2ce285692 None None] Subscribe: > router precommit_create 55549900, False {{(pid=103129) subscribe /opt/stack/data/venv/lib/python3.12/site-packages/neutron_lib/callbacks/manager.py:52}}
May 22 05:10:20.431939 np0000176181 devstack@neutron-api.service[103129]: DEBUG neutron_lib.callbacks.manager [None req-7cd499ff-b7a0-4ef6-84fe-56a2ce285692 None None] Subscribe: > router_interface after_create 55550000, False {{(pid=103129) subscribe /opt/stack/data/venv/lib/python3.12/site-packages/neutron_lib/callbacks/manager.py:52}}
May 22 05:10:20.432015 np0000176181 devstack@neutron-api.service[103129]: DEBUG neutron_lib.callbacks.manager [None req-7cd499ff-b7a0-4ef6-84fe-56a2ce285692 None None] Subscribe: > floatingip after_create 55550000, False {{(pid=103129) subscribe /opt/stack/data/venv/lib/python3.12/site-packages/neutron_lib/callbacks/manager.py:52}}
May 22 05:10:20.432134 np0000176181 devstack@neutron-api.service[103129]: DEBUG neutron_lib.callbacks.manager [None req-7cd499ff-b7a0-4ef6-84fe-56a2ce285692 None None] Subscribe: > floatingip precommit_create 55550000, False {{(pid=103129) subscribe /opt/stack/data/venv/lib/python3.12/site-packages/neutron_lib/callbacks/manager.py:52}}
May 22 05:10:20.432323 np0000176181 devstack@neutron-api.service[103129]: DEBUG neutron_lib.callbacks.manager [None req-7cd499ff-b7a0-4ef6-84fe-56a2ce285692 None None] Subscribe: > floatingip precommit_update 55550000, False {{(pid=103129) subscribe /opt/stack/data/venv/lib/python3.12/site-packages/neutron_lib/callbacks/manager.py:52}}
May 22 05:10:20.432323 np0000176181 devstack@neutron-api.service[103129]: DEBUG neutron_lib.callbacks.manager [None req-7cd499ff-b7a0-4ef6-84fe-56a2ce285692 None None] Subscribe: > floatingip after_delete 55550000, False {{(pid=103129) subscribe /opt/stack/data/venv/lib/python3.12/site-packages/neutron_lib/callbacks/manager.py:52}}
May 22 05:10:20.432498 np0000176181 devstack@neutron-api.service[103129]: DEBUG neutron_lib.callbacks.manager [None req-7cd499ff-b7a0-4ef6-84fe-56a2ce285692 None None] Subscribe: > floatingip after_status_update 55550000, False {{(pid=103129) subscribe /opt/stack/data/venv/lib/python3.12/site-packages/neutron_lib/callbacks/manager.py:52}}
May 22 05:10:20.432892 np0000176181 devstack@neutron-api.service[103129]: DEBUG neutron_lib.callbacks.manager [None req-7cd499ff-b7a0-4ef6-84fe-56a2ce285692 None None] Subscribe: > floatingip after_update 55550000, False {{(pid=103129) subscribe /opt/stack/data/venv/lib/python3.12/site-packages/neutron_lib/callbacks/manager.py:52}}
May 22 05:10:20.433054 np0000176181 devstack@neutron-api.service[103129]: DEBUG neutron_lib.callbacks.manager [None req-7cd499ff-b7a0-4ef6-84fe-56a2ce285692 None None] Subscribe: > port_forwarding after_create 55550000, False {{(pid=103129) subscribe /opt/stack/data/venv/lib/python3.12/site-packages/neutron_lib/callbacks/manager.py:52}}
May 22 05:10:20.433364 np0000176181 devstack@neutron-api.service[103129]: DEBUG neutron_lib.callbacks.manager [None req-7cd499ff-b7a0-4ef6-84fe-56a2ce285692 None None] Subscribe: > router_interface after_delete 55550000, False {{(pid=103129) subscribe /opt/stack/data/venv/lib/python3.12/site-packages/neutron_lib/callbacks/manager.py:52}}
May 22 05:10:20.433529 np0000176181 devstack@neutron-api.service[103129]: DEBUG neutron_lib.callbacks.manager [None req-7cd499ff-b7a0-4ef6-84fe-56a2ce285692 None None] Subscribe: > router after_create 55550000, False {{(pid=103129) subscribe /opt/stack/data/venv/lib/python3.12/site-packages/neutron_lib/callbacks/manager.py:52}}
May 22 05:10:20.433589 np0000176181 devstack@neutron-api.service[103129]: DEBUG neutron_lib.callbacks.manager [None req-7cd499ff-b7a0-4ef6-84fe-56a2ce285692 None None] Subscribe: > router precommit_create 55550000, False {{(pid=103129) subscribe /opt/stack/data/venv/lib/python3.12/site-packages/neutron_lib/callbacks/manager.py:52}}
May 22 05:10:20.433725 np0000176181 devstack@neutron-api.service[103129]: DEBUG neutron_lib.callbacks.manager [None req-7cd499ff-b7a0-4ef6-84fe-56a2ce285692 None None] Subscribe: > router after_delete 55550000, False {{(pid=103129) subscribe /opt/stack/data/venv/lib/python3.12/site-packages/neutron_lib/callbacks/manager.py:52}}
May 22 05:10:20.433796 np0000176181 devstack@neutron-api.service[103129]: DEBUG neutron_lib.callbacks.manager [None req-7cd499ff-b7a0-4ef6-84fe-56a2ce285692 None None] Subscribe: > router after_update 55550000, False {{(pid=103129) subscribe /opt/stack/data/venv/lib/python3.12/site-packages/neutron_lib/callbacks/manager.py:52}}
May 22 05:10:20.433910 np0000176181 devstack@neutron-api.service[103129]: DEBUG neutron.services.service_base [None req-7cd499ff-b7a0-4ef6-84fe-56a2ce285692 None None] Loaded 'neutron.services.ovn_l3.service_providers.ovn.OvnDriver' provider for service L3_ROUTER_NAT {{(pid=103129) load_drivers /opt/stack/neutron/neutron/services/service_base.py:49}}
May 22 05:10:20.437443 np0000176181 devstack@neutron-api.service[103129]: DEBUG neutron_lib.callbacks.manager [None req-7cd499ff-b7a0-4ef6-84fe-56a2ce285692 None None] Subscribe: > process after_init 55550001, True {{(pid=103129) subscribe /opt/stack/data/venv/lib/python3.12/site-packages/neutron_lib/callbacks/manager.py:52}}
May 22 05:10:20.437443 np0000176181 devstack@neutron-api.service[103129]: DEBUG neutron.manager [None req-7cd499ff-b7a0-4ef6-84fe-56a2ce285692 None None] Successfully loaded L3_ROUTER_NAT plugin. Description: L3 Router Service Plugin for basic L3 forwarding using OVN {{(pid=103129) _create_and_add_service_plugin /opt/stack/neutron/neutron/manager.py:239}}
May 22 05:10:20.437443 np0000176181 devstack@neutron-api.service[103129]: INFO neutron.manager [None req-7cd499ff-b7a0-4ef6-84fe-56a2ce285692 None None] Loading Plugin: auto_allocate
May 22 05:10:20.437443 np0000176181 devstack@neutron-api.service[103129]: DEBUG neutron_lib.callbacks.manager [None req-7cd499ff-b7a0-4ef6-84fe-56a2ce285692 None None] Subscribe: network precommit_update 55550000, False {{(pid=103129) subscribe /opt/stack/data/venv/lib/python3.12/site-packages/neutron_lib/callbacks/manager.py:52}}
May 22 05:10:20.437443 np0000176181 devstack@neutron-api.service[103129]: DEBUG neutron_lib.callbacks.manager [None req-7cd499ff-b7a0-4ef6-84fe-56a2ce285692 None None] Subscribe: network precommit_create 55550000, False {{(pid=103129) subscribe /opt/stack/data/venv/lib/python3.12/site-packages/neutron_lib/callbacks/manager.py:52}}
May 22 05:10:20.437443 np0000176181 devstack@neutron-api.service[103129]: DEBUG neutron.manager [None req-7cd499ff-b7a0-4ef6-84fe-56a2ce285692 None None] Successfully loaded auto-allocated-topology plugin. Description: Auto Allocated Topology - aka get me a network. {{(pid=103129) _create_and_add_service_plugin /opt/stack/neutron/neutron/manager.py:239}}
May 22 05:10:20.437838 np0000176181 devstack@neutron-api.service[103129]: INFO neutron.manager [None req-7cd499ff-b7a0-4ef6-84fe-56a2ce285692 None None] Loading Plugin: tag
May 22 05:10:20.438043 np0000176181 devstack@neutron-api.service[103127]: DEBUG neutron_lib.callbacks.manager [None req-5f83dbf7-b3ea-42c4-9a97-85fa574d9d05 None None] Subscribe: > router before_delete 55550000, False {{(pid=103127) subscribe /opt/stack/data/venv/lib/python3.12/site-packages/neutron_lib/callbacks/manager.py:52}}
May 22 05:10:20.438043 np0000176181 devstack@neutron-api.service[103127]: DEBUG neutron_lib.callbacks.manager [None req-5f83dbf7-b3ea-42c4-9a97-85fa574d9d05 None None] Subscribe: port before_update 55550000, False {{(pid=103127) subscribe /opt/stack/data/venv/lib/python3.12/site-packages/neutron_lib/callbacks/manager.py:52}}
May 22 05:10:20.438043 np0000176181 devstack@neutron-api.service[103127]: DEBUG neutron_lib.callbacks.manager [None req-5f83dbf7-b3ea-42c4-9a97-85fa574d9d05 None None] Subscribe: port after_update 55550000, False {{(pid=103127) subscribe /opt/stack/data/venv/lib/python3.12/site-packages/neutron_lib/callbacks/manager.py:52}}
May 22 05:10:20.438043 np0000176181 devstack@neutron-api.service[103127]: DEBUG neutron_lib.callbacks.manager [None req-5f83dbf7-b3ea-42c4-9a97-85fa574d9d05 None None] Subscribe: > port precommit_delete 55550000, False {{(pid=103127) subscribe /opt/stack/data/venv/lib/python3.12/site-packages/neutron_lib/callbacks/manager.py:52}}
May 22 05:10:20.438043 np0000176181 devstack@neutron-api.service[103127]: DEBUG neutron_lib.callbacks.manager [None req-5f83dbf7-b3ea-42c4-9a97-85fa574d9d05 None None] Subscribe: port before_update 55550000, False {{(pid=103127) subscribe /opt/stack/data/venv/lib/python3.12/site-packages/neutron_lib/callbacks/manager.py:52}}
May 22 05:10:20.438393 np0000176181 devstack@neutron-api.service[103127]: DEBUG neutron_lib.callbacks.manager [None req-5f83dbf7-b3ea-42c4-9a97-85fa574d9d05 None None] Subscribe: port before_delete 55550000, False {{(pid=103127) subscribe /opt/stack/data/venv/lib/python3.12/site-packages/neutron_lib/callbacks/manager.py:52}}
May 22 05:10:20.438393 np0000176181 devstack@neutron-api.service[103127]: DEBUG neutron_lib.callbacks.manager [None req-5f83dbf7-b3ea-42c4-9a97-85fa574d9d05 None None] Subscribe: > router precommit_create 55550000, False {{(pid=103127) subscribe /opt/stack/data/venv/lib/python3.12/site-packages/neutron_lib/callbacks/manager.py:52}}
May 22 05:10:20.438393 np0000176181 devstack@neutron-api.service[103127]: DEBUG neutron_lib.callbacks.manager [None req-5f83dbf7-b3ea-42c4-9a97-85fa574d9d05 None None] Subscribe: > router precommit_create 55550000, False {{(pid=103127) subscribe /opt/stack/data/venv/lib/python3.12/site-packages/neutron_lib/callbacks/manager.py:52}}
May 22 05:10:20.438393 np0000176181 devstack@neutron-api.service[103127]: DEBUG neutron_lib.callbacks.manager [None req-5f83dbf7-b3ea-42c4-9a97-85fa574d9d05 None None] Subscribe: > router precommit_update 55550000, False {{(pid=103127) subscribe /opt/stack/data/venv/lib/python3.12/site-packages/neutron_lib/callbacks/manager.py:52}}
May 22 05:10:20.438771 np0000176181 devstack@neutron-api.service[103127]: DEBUG neutron_lib.callbacks.manager [None req-5f83dbf7-b3ea-42c4-9a97-85fa574d9d05 None None] Subscribe: subnet after_update 55550000, False {{(pid=103127) subscribe /opt/stack/data/venv/lib/python3.12/site-packages/neutron_lib/callbacks/manager.py:52}}
May 22 05:10:20.438771 np0000176181 devstack@neutron-api.service[103127]: DEBUG neutron.quota.resource_registry [None req-5f83dbf7-b3ea-42c4-9a97-85fa574d9d05 None None] Tracking information for resource: router configured {{(pid=103127) set_tracked_resource /opt/stack/neutron/neutron/quota/resource_registry.py:203}}
May 22 05:10:20.438771 np0000176181 devstack@neutron-api.service[103127]: DEBUG neutron.quota.resource_registry [None req-5f83dbf7-b3ea-42c4-9a97-85fa574d9d05 None None] Tracking information for resource: floatingip configured {{(pid=103127) set_tracked_resource /opt/stack/neutron/neutron/quota/resource_registry.py:203}}
May 22 05:10:20.438771 np0000176181 devstack@neutron-api.service[103127]: INFO neutron.services.ovn_l3.plugin [None req-5f83dbf7-b3ea-42c4-9a97-85fa574d9d05 None None] Starting OVNL3RouterPlugin
May 22 05:10:20.438771 np0000176181 devstack@neutron-api.service[103127]: DEBUG neutron_lib.callbacks.manager [None req-5f83dbf7-b3ea-42c4-9a97-85fa574d9d05 None None] Subscribe: > port_forwarding_plugin after_init 55550000, False {{(pid=103127) subscribe /opt/stack/data/venv/lib/python3.12/site-packages/neutron_lib/callbacks/manager.py:52}}
May 22 05:10:20.438771 np0000176181 devstack@neutron-api.service[103127]: DEBUG neutron_lib.callbacks.manager [None req-5f83dbf7-b3ea-42c4-9a97-85fa574d9d05 None None] Subscribe: > router before_create 55550100, False {{(pid=103127) subscribe /opt/stack/data/venv/lib/python3.12/site-packages/neutron_lib/callbacks/manager.py:52}}
May 22 05:10:20.439139 np0000176181 devstack@neutron-api.service[103127]: DEBUG neutron_lib.callbacks.manager [None req-5f83dbf7-b3ea-42c4-9a97-85fa574d9d05 None None] Subscribe: > router precommit_delete 55550100, False {{(pid=103127) subscribe /opt/stack/data/venv/lib/python3.12/site-packages/neutron_lib/callbacks/manager.py:52}}
May 22 05:10:20.439139 np0000176181 devstack@neutron-api.service[103127]: DEBUG neutron_lib.callbacks.manager [None req-5f83dbf7-b3ea-42c4-9a97-85fa574d9d05 None None] Subscribe: > router precommit_create 55550100, False {{(pid=103127) subscribe /opt/stack/data/venv/lib/python3.12/site-packages/neutron_lib/callbacks/manager.py:52}}
May 22 05:10:20.439304 np0000176181 devstack@neutron-api.service[103129]: DEBUG neutron.manager [None req-7cd499ff-b7a0-4ef6-84fe-56a2ce285692 None None] Successfully loaded TAG plugin. Description: Tag support {{(pid=103129) _create_and_add_service_plugin /opt/stack/neutron/neutron/manager.py:239}}
May 22 05:10:20.439369 np0000176181 devstack@neutron-api.service[103127]: DEBUG neutron_lib.callbacks.manager [None req-5f83dbf7-b3ea-42c4-9a97-85fa574d9d05 None None] Subscribe: > router precommit_update 55550100, False {{(pid=103127) subscribe /opt/stack/data/venv/lib/python3.12/site-packages/neutron_lib/callbacks/manager.py:52}}
May 22 05:10:20.439444 np0000176181 devstack@neutron-api.service[103129]: INFO neutron.manager [None req-7cd499ff-b7a0-4ef6-84fe-56a2ce285692 None None] Loading Plugin: timestamp
May 22 05:10:20.439444 np0000176181 devstack@neutron-api.service[103129]: DEBUG neutron.manager [None req-7cd499ff-b7a0-4ef6-84fe-56a2ce285692 None None] Successfully loaded timestamp plugin. Description: Adds timestamps to Neutron resources with standard attributes {{(pid=103129) _create_and_add_service_plugin /opt/stack/neutron/neutron/manager.py:239}}
May 22 05:10:20.439543 np0000176181 devstack@neutron-api.service[103129]: INFO neutron.manager [None req-7cd499ff-b7a0-4ef6-84fe-56a2ce285692 None None] Loading Plugin: network_ip_availability
May 22 05:10:20.441001 np0000176181 devstack@neutron-api.service[103129]: DEBUG neutron.manager [None req-7cd499ff-b7a0-4ef6-84fe-56a2ce285692 None None] Successfully loaded network-ip-availability plugin. Description: Provides IP availability data for each network and subnet. {{(pid=103129) _create_and_add_service_plugin /opt/stack/neutron/neutron/manager.py:239}}
May 22 05:10:20.441109 np0000176181 devstack@neutron-api.service[103129]: INFO neutron.manager [None req-7cd499ff-b7a0-4ef6-84fe-56a2ce285692 None None] Loading Plugin: flavors
May 22 05:10:20.444730 np0000176181 devstack@neutron-api.service[103127]: DEBUG neutron.services.provider_configuration [None req-5f83dbf7-b3ea-42c4-9a97-85fa574d9d05 None None] Service providers = [] {{(pid=103127) parse_service_provider_opt /opt/stack/neutron/neutron/services/provider_configuration.py:170}}
May 22 05:10:20.444730 np0000176181 devstack@neutron-api.service[103127]: DEBUG neutron.db.servicetype_db [None req-5f83dbf7-b3ea-42c4-9a97-85fa574d9d05 None None] Adding provider configuration for service L3_ROUTER_NAT {{(pid=103127) add_provider_configuration /opt/stack/neutron/neutron/db/servicetype_db.py:45}}
May 22 05:10:20.444997 np0000176181 devstack@neutron-api.service[103129]: DEBUG neutron.manager [None req-7cd499ff-b7a0-4ef6-84fe-56a2ce285692 None None] Successfully loaded FLAVORS plugin. Description: Neutron Flavors and Service Profiles manager plugin {{(pid=103129) _create_and_add_service_plugin /opt/stack/neutron/neutron/manager.py:239}}
May 22 05:10:20.444997 np0000176181 devstack@neutron-api.service[103129]: INFO neutron.manager [None req-7cd499ff-b7a0-4ef6-84fe-56a2ce285692 None None] Loading Plugin: revisions
May 22 05:10:20.444997 np0000176181 devstack@neutron-api.service[103129]: DEBUG neutron.manager [None req-7cd499ff-b7a0-4ef6-84fe-56a2ce285692 None None] Successfully loaded revision_plugin plugin. Description: Adds revision numbers to resources. {{(pid=103129) _create_and_add_service_plugin /opt/stack/neutron/neutron/manager.py:239}}
May 22 05:10:20.445253 np0000176181 devstack@neutron-api.service[103127]: DEBUG neutron_lib.callbacks.manager [None req-5f83dbf7-b3ea-42c4-9a97-85fa574d9d05 None None] Subscribe: > router precommit_create 55549900, False {{(pid=103127) subscribe /opt/stack/data/venv/lib/python3.12/site-packages/neutron_lib/callbacks/manager.py:52}}
May 22 05:10:20.445491 np0000176181 devstack@neutron-api.service[103129]: DEBUG oslo_concurrency.lockutils [None req-7cd499ff-b7a0-4ef6-84fe-56a2ce285692 None None] Lock "manager" "released" by "neutron.manager.NeutronManager._create_instance" :: held 4.471s {{(pid=103129) inner /opt/stack/data/venv/lib/python3.12/site-packages/oslo_concurrency/lockutils.py:543}}
May 22 05:10:20.445581 np0000176181 devstack@neutron-api.service[103127]: DEBUG neutron_lib.callbacks.manager [None req-5f83dbf7-b3ea-42c4-9a97-85fa574d9d05 None None] Subscribe: > router_interface after_create 55550000, False {{(pid=103127) subscribe /opt/stack/data/venv/lib/python3.12/site-packages/neutron_lib/callbacks/manager.py:52}}
May 22 05:10:20.445581 np0000176181 devstack@neutron-api.service[103127]: DEBUG neutron_lib.callbacks.manager [None req-5f83dbf7-b3ea-42c4-9a97-85fa574d9d05 None None] Subscribe: > floatingip after_create 55550000, False {{(pid=103127) subscribe /opt/stack/data/venv/lib/python3.12/site-packages/neutron_lib/callbacks/manager.py:52}}
May 22 05:10:20.445682 np0000176181 devstack@neutron-api.service[103129]: DEBUG neutron.api.extensions [None req-7cd499ff-b7a0-4ef6-84fe-56a2ce285692 None None] get_extension_paths = OrderedDict({'/opt/stack/neutron/neutron/extensions': 1}) {{(pid=103129) get_extensions_path /opt/stack/neutron/neutron/api/extensions.py:640}}
May 22 05:10:20.445713 np0000176181 devstack@neutron-api.service[103127]: DEBUG neutron_lib.callbacks.manager [None req-5f83dbf7-b3ea-42c4-9a97-85fa574d9d05 None None] Subscribe: > floatingip precommit_create 55550000, False {{(pid=103127) subscribe /opt/stack/data/venv/lib/python3.12/site-packages/neutron_lib/callbacks/manager.py:52}}
May 22 05:10:20.445779 np0000176181 devstack@neutron-api.service[103129]: INFO neutron.api.extensions [None req-7cd499ff-b7a0-4ef6-84fe-56a2ce285692 None None] Initializing extension manager.
May 22 05:10:20.445808 np0000176181 devstack@neutron-api.service[103127]: DEBUG neutron_lib.callbacks.manager [None req-5f83dbf7-b3ea-42c4-9a97-85fa574d9d05 None None] Subscribe: > floatingip precommit_update 55550000, False {{(pid=103127) subscribe /opt/stack/data/venv/lib/python3.12/site-packages/neutron_lib/callbacks/manager.py:52}}
May 22 05:10:20.445808 np0000176181 devstack@neutron-api.service[103127]: DEBUG neutron_lib.callbacks.manager [None req-5f83dbf7-b3ea-42c4-9a97-85fa574d9d05 None None] Subscribe: > floatingip after_delete 55550000, False {{(pid=103127) subscribe /opt/stack/data/venv/lib/python3.12/site-packages/neutron_lib/callbacks/manager.py:52}}
May 22 05:10:20.445808 np0000176181 devstack@neutron-api.service[103127]: DEBUG neutron_lib.callbacks.manager [None req-5f83dbf7-b3ea-42c4-9a97-85fa574d9d05 None None] Subscribe: > floatingip after_status_update 55550000, False {{(pid=103127) subscribe /opt/stack/data/venv/lib/python3.12/site-packages/neutron_lib/callbacks/manager.py:52}}
May 22 05:10:20.445951 np0000176181 devstack@neutron-api.service[103129]: DEBUG neutron.api.extensions [None req-7cd499ff-b7a0-4ef6-84fe-56a2ce285692 None None] Loading extension file: __init__.py {{(pid=103129) _load_all_extensions_from_path /opt/stack/neutron/neutron/api/extensions.py:449}}
May 22 05:10:20.445985 np0000176181 devstack@neutron-api.service[103127]: DEBUG neutron_lib.callbacks.manager [None req-5f83dbf7-b3ea-42c4-9a97-85fa574d9d05 None None] Subscribe: > floatingip after_update 55550000, False {{(pid=103127) subscribe /opt/stack/data/venv/lib/python3.12/site-packages/neutron_lib/callbacks/manager.py:52}}
May 22 05:10:20.446021 np0000176181 devstack@neutron-api.service[103129]: DEBUG neutron.api.extensions [None req-7cd499ff-b7a0-4ef6-84fe-56a2ce285692 None None] Loading extension file: __pycache__ {{(pid=103129) _load_all_extensions_from_path /opt/stack/neutron/neutron/api/extensions.py:449}}
May 22 05:10:20.446090 np0000176181 devstack@neutron-api.service[103127]: DEBUG neutron_lib.callbacks.manager [None req-5f83dbf7-b3ea-42c4-9a97-85fa574d9d05 None None] Subscribe: > port_forwarding after_create 55550000, False {{(pid=103127) subscribe /opt/stack/data/venv/lib/python3.12/site-packages/neutron_lib/callbacks/manager.py:52}}
May 22 05:10:20.446125 np0000176181 devstack@neutron-api.service[103129]: DEBUG neutron.api.extensions [None req-7cd499ff-b7a0-4ef6-84fe-56a2ce285692 None None] Loading extension file: aap_reject_multicast.py {{(pid=103129) _load_all_extensions_from_path /opt/stack/neutron/neutron/api/extensions.py:449}}
May 22 05:10:20.446186 np0000176181 devstack@neutron-api.service[103127]: DEBUG neutron_lib.callbacks.manager [None req-5f83dbf7-b3ea-42c4-9a97-85fa574d9d05 None None] Subscribe: > router_interface after_delete 55550000, False {{(pid=103127) subscribe /opt/stack/data/venv/lib/python3.12/site-packages/neutron_lib/callbacks/manager.py:52}}
May 22 05:10:20.446217 np0000176181 devstack@neutron-api.service[103129]: DEBUG neutron.api.extensions [None req-7cd499ff-b7a0-4ef6-84fe-56a2ce285692 None None] Ext name="Allowed address pairs reject multicast extension" alias="aap-reject-multicast" description="Reject multicast addresses in Allowed Address Pairs" updated="2026-04-01T00:00:00-00:00" {{(pid=103129) _check_extension /opt/stack/neutron/neutron/api/extensions.py:415}}
May 22 05:10:20.446249 np0000176181 devstack@neutron-api.service[103127]: DEBUG neutron_lib.callbacks.manager [None req-5f83dbf7-b3ea-42c4-9a97-85fa574d9d05 None None] Subscribe: > router after_create 55550000, False {{(pid=103127) subscribe /opt/stack/data/venv/lib/python3.12/site-packages/neutron_lib/callbacks/manager.py:52}}
May 22 05:10:20.446249 np0000176181 devstack@neutron-api.service[103127]: DEBUG neutron_lib.callbacks.manager [None req-5f83dbf7-b3ea-42c4-9a97-85fa574d9d05 None None] Subscribe: > router precommit_create 55550000, False {{(pid=103127) subscribe /opt/stack/data/venv/lib/python3.12/site-packages/neutron_lib/callbacks/manager.py:52}}
May 22 05:10:20.446345 np0000176181 devstack@neutron-api.service[103129]: INFO neutron.api.extensions [None req-7cd499ff-b7a0-4ef6-84fe-56a2ce285692 None None] Extension aap-reject-multicast not supported by any of loaded plugins
May 22 05:10:20.446406 np0000176181 devstack@neutron-api.service[103127]: DEBUG neutron_lib.callbacks.manager [None req-5f83dbf7-b3ea-42c4-9a97-85fa574d9d05 None None] Subscribe: > router after_delete 55550000, False {{(pid=103127) subscribe /opt/stack/data/venv/lib/python3.12/site-packages/neutron_lib/callbacks/manager.py:52}}
May 22 05:10:20.446456 np0000176181 devstack@neutron-api.service[103129]: DEBUG neutron.api.extensions [None req-7cd499ff-b7a0-4ef6-84fe-56a2ce285692 None None] Loading extension file: address_group.py {{(pid=103129) _load_all_extensions_from_path /opt/stack/neutron/neutron/api/extensions.py:449}}
May 22 05:10:20.446488 np0000176181 devstack@neutron-api.service[103127]: DEBUG neutron_lib.callbacks.manager [None req-5f83dbf7-b3ea-42c4-9a97-85fa574d9d05 None None] Subscribe: > router after_update 55550000, False {{(pid=103127) subscribe /opt/stack/data/venv/lib/python3.12/site-packages/neutron_lib/callbacks/manager.py:52}}
May 22 05:10:20.446488 np0000176181 devstack@neutron-api.service[103127]: DEBUG neutron.services.service_base [None req-5f83dbf7-b3ea-42c4-9a97-85fa574d9d05 None None] Loaded 'neutron.services.ovn_l3.service_providers.ovn.OvnDriver' provider for service L3_ROUTER_NAT {{(pid=103127) load_drivers /opt/stack/neutron/neutron/services/service_base.py:49}}
May 22 05:10:20.446580 np0000176181 devstack@neutron-api.service[103129]: DEBUG neutron.api.extensions [None req-7cd499ff-b7a0-4ef6-84fe-56a2ce285692 None None] Ext name="Address group" alias="address-group" description="Support address group" updated="2020-07-15T10:00:00-00:00" {{(pid=103129) _check_extension /opt/stack/neutron/neutron/api/extensions.py:415}}
May 22 05:10:20.446642 np0000176181 devstack@neutron-api.service[103127]: DEBUG neutron_lib.callbacks.manager [None req-5f83dbf7-b3ea-42c4-9a97-85fa574d9d05 None None] Subscribe: > process after_init 55550001, True {{(pid=103127) subscribe /opt/stack/data/venv/lib/python3.12/site-packages/neutron_lib/callbacks/manager.py:52}}
May 22 05:10:20.446642 np0000176181 devstack@neutron-api.service[103127]: DEBUG neutron.manager [None req-5f83dbf7-b3ea-42c4-9a97-85fa574d9d05 None None] Successfully loaded L3_ROUTER_NAT plugin. Description: L3 Router Service Plugin for basic L3 forwarding using OVN {{(pid=103127) _create_and_add_service_plugin /opt/stack/neutron/neutron/manager.py:239}}
May 22 05:10:20.446703 np0000176181 devstack@neutron-api.service[103129]: INFO neutron.api.extensions [None req-7cd499ff-b7a0-4ef6-84fe-56a2ce285692 None None] Loaded extension: address-group
May 22 05:10:20.446769 np0000176181 devstack@neutron-api.service[103127]: INFO neutron.manager [None req-5f83dbf7-b3ea-42c4-9a97-85fa574d9d05 None None] Loading Plugin: auto_allocate
May 22 05:10:20.446795 np0000176181 devstack@neutron-api.service[103129]: DEBUG neutron.api.extensions [None req-7cd499ff-b7a0-4ef6-84fe-56a2ce285692 None None] Loading extension file: address_scope.py {{(pid=103129) _load_all_extensions_from_path /opt/stack/neutron/neutron/api/extensions.py:449}}
May 22 05:10:20.446795 np0000176181 devstack@neutron-api.service[103129]: DEBUG neutron.api.extensions [None req-7cd499ff-b7a0-4ef6-84fe-56a2ce285692 None None] Ext name="Address scope" alias="address-scope" description="Address scopes extension." updated="2015-07-26T10:00:00-00:00" {{(pid=103129) _check_extension /opt/stack/neutron/neutron/api/extensions.py:415}}
May 22 05:10:20.446795 np0000176181 devstack@neutron-api.service[103129]: INFO neutron.api.extensions [None req-7cd499ff-b7a0-4ef6-84fe-56a2ce285692 None None] Loaded extension: address-scope
May 22 05:10:20.446795 np0000176181 devstack@neutron-api.service[103129]: DEBUG neutron.api.extensions [None req-7cd499ff-b7a0-4ef6-84fe-56a2ce285692 None None] Loading extension file: admin_state_down_before_update.py {{(pid=103129) _load_all_extensions_from_path /opt/stack/neutron/neutron/api/extensions.py:449}}
May 22 05:10:20.446795 np0000176181 devstack@neutron-api.service[103129]: DEBUG neutron.api.extensions [None req-7cd499ff-b7a0-4ef6-84fe-56a2ce285692 None None] Ext name="Enforce Router's Admin State Down Before Update Extension" alias="router-admin-state-down-before-update" description="Ensure that the admin state of a router is DOWN (admin_state_up=False) before updating the distributed attribute" updated="2019-07-02T15:56:00" {{(pid=103129) _check_extension /opt/stack/neutron/neutron/api/extensions.py:415}}
May 22 05:10:20.446985 np0000176181 devstack@neutron-api.service[103127]: DEBUG neutron_lib.callbacks.manager [None req-5f83dbf7-b3ea-42c4-9a97-85fa574d9d05 None None] Subscribe: network precommit_update 55550000, False {{(pid=103127) subscribe /opt/stack/data/venv/lib/python3.12/site-packages/neutron_lib/callbacks/manager.py:52}}
May 22 05:10:20.447023 np0000176181 devstack@neutron-api.service[103129]: INFO neutron.api.extensions [None req-7cd499ff-b7a0-4ef6-84fe-56a2ce285692 None None] Extension router-admin-state-down-before-update not supported by any of loaded plugins
May 22 05:10:20.447085 np0000176181 devstack@neutron-api.service[103127]: DEBUG neutron_lib.callbacks.manager [None req-5f83dbf7-b3ea-42c4-9a97-85fa574d9d05 None None] Subscribe: network precommit_create 55550000, False {{(pid=103127) subscribe /opt/stack/data/venv/lib/python3.12/site-packages/neutron_lib/callbacks/manager.py:52}}
May 22 05:10:20.447116 np0000176181 devstack@neutron-api.service[103129]: DEBUG neutron.api.extensions [None req-7cd499ff-b7a0-4ef6-84fe-56a2ce285692 None None] Loading extension file: agent.py {{(pid=103129) _load_all_extensions_from_path /opt/stack/neutron/neutron/api/extensions.py:449}}
May 22 05:10:20.447142 np0000176181 devstack@neutron-api.service[103127]: DEBUG neutron.manager [None req-5f83dbf7-b3ea-42c4-9a97-85fa574d9d05 None None] Successfully loaded auto-allocated-topology plugin. Description: Auto Allocated Topology - aka get me a network. {{(pid=103127) _create_and_add_service_plugin /opt/stack/neutron/neutron/manager.py:239}}
May 22 05:10:20.447142 np0000176181 devstack@neutron-api.service[103127]: INFO neutron.manager [None req-5f83dbf7-b3ea-42c4-9a97-85fa574d9d05 None None] Loading Plugin: tag
May 22 05:10:20.447229 np0000176181 devstack@neutron-api.service[103129]: DEBUG neutron.api.extensions [None req-7cd499ff-b7a0-4ef6-84fe-56a2ce285692 None None] Ext name="agent" alias="agent" description="The agent management extension." updated="2013-02-03T10:00:00-00:00" {{(pid=103129) _check_extension /opt/stack/neutron/neutron/api/extensions.py:415}}
May 22 05:10:20.447229 np0000176181 devstack@neutron-api.service[103129]: INFO neutron.api.extensions [None req-7cd499ff-b7a0-4ef6-84fe-56a2ce285692 None None] Loaded extension: agent
May 22 05:10:20.447229 np0000176181 devstack@neutron-api.service[103129]: DEBUG neutron.api.extensions [None req-7cd499ff-b7a0-4ef6-84fe-56a2ce285692 None None] Loading extension file: agent_resources_synced.py {{(pid=103129) _load_all_extensions_from_path /opt/stack/neutron/neutron/api/extensions.py:449}}
May 22 05:10:20.447337 np0000176181 devstack@neutron-api.service[103129]: DEBUG neutron.api.extensions [None req-7cd499ff-b7a0-4ef6-84fe-56a2ce285692 None None] Ext name="Agent's Resource View Synced to Placement" alias="agent-resources-synced" description="Stores success/failure of last sync to Placement" updated="2018-12-19T00:00:00-00:00" {{(pid=103129) _check_extension /opt/stack/neutron/neutron/api/extensions.py:415}}
May 22 05:10:20.447746 np0000176181 devstack@neutron-api.service[103129]: INFO neutron.api.extensions [None req-7cd499ff-b7a0-4ef6-84fe-56a2ce285692 None None] Extension agent-resources-synced not supported by any of loaded plugins
May 22 05:10:20.447746 np0000176181 devstack@neutron-api.service[103129]: DEBUG neutron.api.extensions [None req-7cd499ff-b7a0-4ef6-84fe-56a2ce285692 None None] Loading extension file: agent_sort_key.py {{(pid=103129) _load_all_extensions_from_path /opt/stack/neutron/neutron/api/extensions.py:449}}
May 22 05:10:20.449377 np0000176181 devstack@neutron-api.service[103129]: DEBUG neutron.api.extensions [None req-7cd499ff-b7a0-4ef6-84fe-56a2ce285692 None None] Ext name="Agents Sort Key" alias="agent_sort_key" description="Enabling the keyword sort_key for sorting in agents." updated="2013-02-03T10:00:00-00:00" {{(pid=103129) _check_extension /opt/stack/neutron/neutron/api/extensions.py:415}}
May 22 05:10:20.449377 np0000176181 devstack@neutron-api.service[103129]: INFO neutron.api.extensions [None req-7cd499ff-b7a0-4ef6-84fe-56a2ce285692 None None] Extension agent_sort_key not supported by any of loaded plugins
May 22 05:10:20.449377 np0000176181 devstack@neutron-api.service[103129]: DEBUG neutron.api.extensions [None req-7cd499ff-b7a0-4ef6-84fe-56a2ce285692 None None] Loading extension file: allowedaddresspairs.py {{(pid=103129) _load_all_extensions_from_path /opt/stack/neutron/neutron/api/extensions.py:449}}
May 22 05:10:20.449377 np0000176181 devstack@neutron-api.service[103129]: DEBUG neutron.api.extensions [None req-7cd499ff-b7a0-4ef6-84fe-56a2ce285692 None None] Ext name="Allowed Address Pairs" alias="allowed-address-pairs" description="Provides allowed address pairs" updated="2013-07-23T10:00:00-00:00" {{(pid=103129) _check_extension /opt/stack/neutron/neutron/api/extensions.py:415}}
May 22 05:10:20.449377 np0000176181 devstack@neutron-api.service[103129]: INFO neutron.api.extensions [None req-7cd499ff-b7a0-4ef6-84fe-56a2ce285692 None None] Loaded extension: allowed-address-pairs
May 22 05:10:20.449377 np0000176181 devstack@neutron-api.service[103129]: DEBUG neutron.api.extensions [None req-7cd499ff-b7a0-4ef6-84fe-56a2ce285692 None None] Loading extension file: auto_allocated_topology.py {{(pid=103129) _load_all_extensions_from_path /opt/stack/neutron/neutron/api/extensions.py:449}}
May 22 05:10:20.449377 np0000176181 devstack@neutron-api.service[103129]: DEBUG neutron.api.extensions [None req-7cd499ff-b7a0-4ef6-84fe-56a2ce285692 None None] Ext name="Auto Allocated Topology Services" alias="auto-allocated-topology" description="Auto Allocated Topology Services." updated="2016-01-01T00:00:00-00:00" {{(pid=103129) _check_extension /opt/stack/neutron/neutron/api/extensions.py:415}}
May 22 05:10:20.449928 np0000176181 devstack@neutron-api.service[103129]: INFO neutron.api.extensions [None req-7cd499ff-b7a0-4ef6-84fe-56a2ce285692 None None] Loaded extension: auto-allocated-topology
May 22 05:10:20.449928 np0000176181 devstack@neutron-api.service[103129]: DEBUG neutron.api.extensions [None req-7cd499ff-b7a0-4ef6-84fe-56a2ce285692 None None] Loading extension file: availability_zone.py {{(pid=103129) _load_all_extensions_from_path /opt/stack/neutron/neutron/api/extensions.py:449}}
May 22 05:10:20.450136 np0000176181 devstack@neutron-api.service[103129]: DEBUG neutron.api.extensions [None req-7cd499ff-b7a0-4ef6-84fe-56a2ce285692 None None] Ext name="Availability Zone" alias="availability_zone" description="The availability zone extension." updated="2015-01-01T10:00:00-00:00" {{(pid=103129) _check_extension /opt/stack/neutron/neutron/api/extensions.py:415}}
May 22 05:10:20.450136 np0000176181 devstack@neutron-api.service[103129]: INFO neutron.api.extensions [None req-7cd499ff-b7a0-4ef6-84fe-56a2ce285692 None None] Loaded extension: availability_zone
May 22 05:10:20.450362 np0000176181 devstack@neutron-api.service[103129]: DEBUG neutron.api.extensions [None req-7cd499ff-b7a0-4ef6-84fe-56a2ce285692 None None] Loading extension file: availability_zone_filter.py {{(pid=103129) _load_all_extensions_from_path /opt/stack/neutron/neutron/api/extensions.py:449}}
May 22 05:10:20.450559 np0000176181 devstack@neutron-api.service[103129]: DEBUG neutron.api.extensions [None req-7cd499ff-b7a0-4ef6-84fe-56a2ce285692 None None] Ext name="Availability Zone Filter Extension" alias="availability_zone_filter" description="Add filter parameters to AvailabilityZone resource" updated="2018-06-22T10:00:00-00:00" {{(pid=103129) _check_extension /opt/stack/neutron/neutron/api/extensions.py:415}}
May 22 05:10:20.450711 np0000176181 devstack@neutron-api.service[103129]: INFO neutron.api.extensions [None req-7cd499ff-b7a0-4ef6-84fe-56a2ce285692 None None] Extension availability_zone_filter not supported by any of loaded plugins
May 22 05:10:20.450711 np0000176181 devstack@neutron-api.service[103129]: DEBUG neutron.api.extensions [None req-7cd499ff-b7a0-4ef6-84fe-56a2ce285692 None None] Loading extension file: data_plane_status.py {{(pid=103129) _load_all_extensions_from_path /opt/stack/neutron/neutron/api/extensions.py:449}}
May 22 05:10:20.450976 np0000176181 devstack@neutron-api.service[103127]: DEBUG neutron.manager [None req-5f83dbf7-b3ea-42c4-9a97-85fa574d9d05 None None] Successfully loaded TAG plugin. Description: Tag support {{(pid=103127) _create_and_add_service_plugin /opt/stack/neutron/neutron/manager.py:239}}
May 22 05:10:20.451150 np0000176181 devstack@neutron-api.service[103129]: DEBUG neutron.api.extensions [None req-7cd499ff-b7a0-4ef6-84fe-56a2ce285692 None None] Ext name="Port data plane status extension" alias="data-plane-status" description="Expose status of underlying data plane" updated="2017-01-24T10:00:00-00:00" {{(pid=103129) _check_extension /opt/stack/neutron/neutron/api/extensions.py:415}}
May 22 05:10:20.451267 np0000176181 devstack@neutron-api.service[103127]: INFO neutron.manager [None req-5f83dbf7-b3ea-42c4-9a97-85fa574d9d05 None None] Loading Plugin: timestamp
May 22 05:10:20.451494 np0000176181 devstack@neutron-api.service[103129]: INFO neutron.api.extensions [None req-7cd499ff-b7a0-4ef6-84fe-56a2ce285692 None None] Extension data-plane-status not supported by any of loaded plugins
May 22 05:10:20.451494 np0000176181 devstack@neutron-api.service[103129]: DEBUG neutron.api.extensions [None req-7cd499ff-b7a0-4ef6-84fe-56a2ce285692 None None] Loading extension file: default_subnetpools.py {{(pid=103129) _load_all_extensions_from_path /opt/stack/neutron/neutron/api/extensions.py:449}}
May 22 05:10:20.451494 np0000176181 devstack@neutron-api.service[103129]: DEBUG neutron.api.extensions [None req-7cd499ff-b7a0-4ef6-84fe-56a2ce285692 None None] Ext name="Default Subnetpools" alias="default-subnetpools" description="Provides ability to mark and use a subnetpool as the default." updated="2016-02-18T18:00:00-00:00" {{(pid=103129) _check_extension /opt/stack/neutron/neutron/api/extensions.py:415}}
May 22 05:10:20.451820 np0000176181 devstack@neutron-api.service[103129]: INFO neutron.api.extensions [None req-7cd499ff-b7a0-4ef6-84fe-56a2ce285692 None None] Loaded extension: default-subnetpools
May 22 05:10:20.451820 np0000176181 devstack@neutron-api.service[103129]: DEBUG neutron.api.extensions [None req-7cd499ff-b7a0-4ef6-84fe-56a2ce285692 None None] Loading extension file: dhcpagentscheduler.py {{(pid=103129) _load_all_extensions_from_path /opt/stack/neutron/neutron/api/extensions.py:449}}
May 22 05:10:20.452181 np0000176181 devstack@neutron-api.service[103129]: DEBUG neutron.api.extensions [None req-7cd499ff-b7a0-4ef6-84fe-56a2ce285692 None None] Ext name="DHCP Agent Scheduler" alias="dhcp_agent_scheduler" description="Schedule networks among dhcp agents" updated="2013-02-07T10:00:00-00:00" {{(pid=103129) _check_extension /opt/stack/neutron/neutron/api/extensions.py:415}}
May 22 05:10:20.452181 np0000176181 devstack@neutron-api.service[103129]: INFO neutron.api.extensions [None req-7cd499ff-b7a0-4ef6-84fe-56a2ce285692 None None] Loaded extension: dhcp_agent_scheduler
May 22 05:10:20.452367 np0000176181 devstack@neutron-api.service[103129]: DEBUG neutron.api.extensions [None req-7cd499ff-b7a0-4ef6-84fe-56a2ce285692 None None] Loading extension file: dns.py {{(pid=103129) _load_all_extensions_from_path /opt/stack/neutron/neutron/api/extensions.py:449}}
May 22 05:10:20.452628 np0000176181 devstack@neutron-api.service[103129]: DEBUG neutron.api.extensions [None req-7cd499ff-b7a0-4ef6-84fe-56a2ce285692 None None] Ext name="DNS Integration" alias="dns-integration" description="Provides integration with DNS." updated="2015-08-15T18:00:00-00:00" {{(pid=103129) _check_extension /opt/stack/neutron/neutron/api/extensions.py:415}}
May 22 05:10:20.452799 np0000176181 devstack@neutron-api.service[103129]: INFO neutron.api.extensions [None req-7cd499ff-b7a0-4ef6-84fe-56a2ce285692 None None] Loaded extension: dns-integration
May 22 05:10:20.452799 np0000176181 devstack@neutron-api.service[103129]: DEBUG neutron.api.extensions [None req-7cd499ff-b7a0-4ef6-84fe-56a2ce285692 None None] Loading extension file: dns_domain_ports.py {{(pid=103129) _load_all_extensions_from_path /opt/stack/neutron/neutron/api/extensions.py:449}}
May 22 05:10:20.453113 np0000176181 devstack@neutron-api.service[103129]: DEBUG neutron.api.extensions [None req-7cd499ff-b7a0-4ef6-84fe-56a2ce285692 None None] Ext name="dns_domain for ports" alias="dns-domain-ports" description="Allows the DNS domain to be specified for a network port." updated="2017-04-24T10:00:00-00:00" {{(pid=103129) _check_extension /opt/stack/neutron/neutron/api/extensions.py:415}}
May 22 05:10:20.453282 np0000176181 devstack@neutron-api.service[103129]: INFO neutron.api.extensions [None req-7cd499ff-b7a0-4ef6-84fe-56a2ce285692 None None] Loaded extension: dns-domain-ports
May 22 05:10:20.453282 np0000176181 devstack@neutron-api.service[103129]: DEBUG neutron.api.extensions [None req-7cd499ff-b7a0-4ef6-84fe-56a2ce285692 None None] Loading extension file: dns_integration_domain_keywords.py {{(pid=103129) _load_all_extensions_from_path /opt/stack/neutron/neutron/api/extensions.py:449}}
May 22 05:10:20.453574 np0000176181 devstack@neutron-api.service[103129]: DEBUG neutron.api.extensions [None req-7cd499ff-b7a0-4ef6-84fe-56a2ce285692 None None] Ext name="DNS domain names with keywords allowed" alias="dns-integration-domain-keywords" description="Allows to use keywords like , , and as DNS domain name" updated="2020-06-15T18:00:00-00:00" {{(pid=103129) _check_extension /opt/stack/neutron/neutron/api/extensions.py:415}}
May 22 05:10:20.453715 np0000176181 devstack@neutron-api.service[103127]: DEBUG neutron.manager [None req-5f83dbf7-b3ea-42c4-9a97-85fa574d9d05 None None] Successfully loaded timestamp plugin. Description: Adds timestamps to Neutron resources with standard attributes {{(pid=103127) _create_and_add_service_plugin /opt/stack/neutron/neutron/manager.py:239}}
May 22 05:10:20.453896 np0000176181 devstack@neutron-api.service[103129]: INFO neutron.api.extensions [None req-7cd499ff-b7a0-4ef6-84fe-56a2ce285692 None None] Loaded extension: dns-integration-domain-keywords
May 22 05:10:20.454058 np0000176181 devstack@neutron-api.service[103127]: INFO neutron.manager [None req-5f83dbf7-b3ea-42c4-9a97-85fa574d9d05 None None] Loading Plugin: network_ip_availability
May 22 05:10:20.454208 np0000176181 devstack@neutron-api.service[103129]: DEBUG neutron.api.extensions [None req-7cd499ff-b7a0-4ef6-84fe-56a2ce285692 None None] Loading extension file: dvr.py {{(pid=103129) _load_all_extensions_from_path /opt/stack/neutron/neutron/api/extensions.py:449}}
May 22 05:10:20.454208 np0000176181 devstack@neutron-api.service[103129]: DEBUG neutron.api.extensions [None req-7cd499ff-b7a0-4ef6-84fe-56a2ce285692 None None] Ext name="Distributed Virtual Router" alias="dvr" description="Enables configuration of Distributed Virtual Routers." updated="2014-06-1T10:00:00-00:00" {{(pid=103129) _check_extension /opt/stack/neutron/neutron/api/extensions.py:415}}
May 22 05:10:20.454208 np0000176181 devstack@neutron-api.service[103129]: INFO neutron.api.extensions [None req-7cd499ff-b7a0-4ef6-84fe-56a2ce285692 None None] Extension dvr not supported by any of loaded plugins
May 22 05:10:20.454208 np0000176181 devstack@neutron-api.service[103129]: DEBUG neutron.api.extensions [None req-7cd499ff-b7a0-4ef6-84fe-56a2ce285692 None None] Loading extension file: ecmp_routes.py {{(pid=103129) _load_all_extensions_from_path /opt/stack/neutron/neutron/api/extensions.py:449}}
May 22 05:10:20.454743 np0000176181 devstack@neutron-api.service[103129]: DEBUG neutron.api.extensions [None req-7cd499ff-b7a0-4ef6-84fe-56a2ce285692 None None] Ext name="Equal Cost Multipath Routing" alias="ecmp_routes" description="Allows traffic to reach thesame destination via multiple different links " updated="2020-11-26T18:00:00-00:00" {{(pid=103129) _check_extension /opt/stack/neutron/neutron/api/extensions.py:415}}
May 22 05:10:20.454743 np0000176181 devstack@neutron-api.service[103129]: INFO neutron.api.extensions [None req-7cd499ff-b7a0-4ef6-84fe-56a2ce285692 None None] Extension ecmp_routes not supported by any of loaded plugins
May 22 05:10:20.454996 np0000176181 devstack@neutron-api.service[103129]: DEBUG neutron.api.extensions [None req-7cd499ff-b7a0-4ef6-84fe-56a2ce285692 None None] Loading extension file: empty_string_filtering.py {{(pid=103129) _load_all_extensions_from_path /opt/stack/neutron/neutron/api/extensions.py:449}}
May 22 05:10:20.455338 np0000176181 devstack@neutron-api.service[103129]: DEBUG neutron.api.extensions [None req-7cd499ff-b7a0-4ef6-84fe-56a2ce285692 None None] Ext name="Empty String Filtering Extension" alias="empty-string-filtering" description="Allow filtering by attributes with empty string value" updated="2018-05-01T10:00:00-00:00" {{(pid=103129) _check_extension /opt/stack/neutron/neutron/api/extensions.py:415}}
May 22 05:10:20.455338 np0000176181 devstack@neutron-api.service[103129]: INFO neutron.api.extensions [None req-7cd499ff-b7a0-4ef6-84fe-56a2ce285692 None None] Loaded extension: empty-string-filtering
May 22 05:10:20.455639 np0000176181 devstack@neutron-api.service[103129]: DEBUG neutron.api.extensions [None req-7cd499ff-b7a0-4ef6-84fe-56a2ce285692 None None] Loading extension file: evpn.py {{(pid=103129) _load_all_extensions_from_path /opt/stack/neutron/neutron/api/extensions.py:449}}
May 22 05:10:20.455942 np0000176181 devstack@neutron-api.service[103129]: DEBUG neutron.api.extensions [None req-7cd499ff-b7a0-4ef6-84fe-56a2ce285692 None None] Ext name="EVPN" alias="evpn" description="Router extension to support EVPN Type-5 route advertisement" updated="2026-04-28T00:00:00-00:00" {{(pid=103129) _check_extension /opt/stack/neutron/neutron/api/extensions.py:415}}
May 22 05:10:20.455942 np0000176181 devstack@neutron-api.service[103129]: INFO neutron.api.extensions [None req-7cd499ff-b7a0-4ef6-84fe-56a2ce285692 None None] Extension evpn not supported by any of loaded plugins
May 22 05:10:20.456608 np0000176181 devstack@neutron-api.service[103127]: DEBUG neutron.manager [None req-5f83dbf7-b3ea-42c4-9a97-85fa574d9d05 None None] Successfully loaded network-ip-availability plugin. Description: Provides IP availability data for each network and subnet. {{(pid=103127) _create_and_add_service_plugin /opt/stack/neutron/neutron/manager.py:239}}
May 22 05:10:20.456973 np0000176181 devstack@neutron-api.service[103129]: DEBUG neutron.api.extensions [None req-7cd499ff-b7a0-4ef6-84fe-56a2ce285692 None None] Loading extension file: expose_l3_conntrack_helper.py {{(pid=103129) _load_all_extensions_from_path /opt/stack/neutron/neutron/api/extensions.py:449}}
May 22 05:10:20.457168 np0000176181 devstack@neutron-api.service[103127]: INFO neutron.manager [None req-5f83dbf7-b3ea-42c4-9a97-85fa574d9d05 None None] Loading Plugin: flavors
May 22 05:10:20.457434 np0000176181 devstack@neutron-api.service[103129]: DEBUG neutron.api.extensions [None req-7cd499ff-b7a0-4ef6-84fe-56a2ce285692 None None] Ext name="Expose CT target rules for conntrack helper" alias="expose-l3-conntrack-helper" description="Expose allow adding CT target rules for conntrack helper" updated="2019-04-04T10:00:00-00:00" {{(pid=103129) _check_extension /opt/stack/neutron/neutron/api/extensions.py:415}}
May 22 05:10:20.457434 np0000176181 devstack@neutron-api.service[103129]: INFO neutron.api.extensions [None req-7cd499ff-b7a0-4ef6-84fe-56a2ce285692 None None] Extension expose-l3-conntrack-helper not supported by any of loaded plugins
May 22 05:10:20.457434 np0000176181 devstack@neutron-api.service[103129]: DEBUG neutron.api.extensions [None req-7cd499ff-b7a0-4ef6-84fe-56a2ce285692 None None] Loading extension file: expose_port_forwarding_in_fip.py {{(pid=103129) _load_all_extensions_from_path /opt/stack/neutron/neutron/api/extensions.py:449}}
