Apr 09 14:06:10.640974 np0000164513 neutron-periodic-workers[103867]: DEBUG cotyledon.oslo_config_glue [-] ml2.path_mtu = 0 {{(pid=103867) log_opt_values /opt/stack/data/venv/lib/python3.12/site-packages/oslo_config/cfg.py:3006}}
Apr 09 14:06:10.641000 np0000164513 neutron-periodic-workers[103867]: DEBUG cotyledon.oslo_config_glue [-] ml2.physical_network_mtus = {} {{(pid=103867) log_opt_values /opt/stack/data/venv/lib/python3.12/site-packages/oslo_config/cfg.py:3006}}
Apr 09 14:06:10.641057 np0000164513 neutron-periodic-workers[103867]: DEBUG cotyledon.oslo_config_glue [-] ml2.project_network_types = ['geneve'] {{(pid=103867) log_opt_values /opt/stack/data/venv/lib/python3.12/site-packages/oslo_config/cfg.py:3006}}
Apr 09 14:06:10.641099 np0000164513 neutron-periodic-workers[103867]: DEBUG cotyledon.oslo_config_glue [-] ml2.tunnelled_network_rp_name = rp_tunnelled {{(pid=103867) log_opt_values /opt/stack/data/venv/lib/python3.12/site-packages/oslo_config/cfg.py:3006}}
Apr 09 14:06:10.641153 np0000164513 neutron-periodic-workers[103867]: DEBUG cotyledon.oslo_config_glue [-] ml2.type_drivers = ['local', 'flat', 'vlan', 'geneve'] {{(pid=103867) log_opt_values /opt/stack/data/venv/lib/python3.12/site-packages/oslo_config/cfg.py:3006}}
Apr 09 14:06:10.641248 np0000164513 neutron-periodic-workers[103867]: DEBUG cotyledon.oslo_config_glue [-] ml2_type_flat.flat_networks = ['public'] {{(pid=103867) log_opt_values /opt/stack/data/venv/lib/python3.12/site-packages/oslo_config/cfg.py:3006}}
Apr 09 14:06:10.641303 np0000164513 neutron-periodic-workers[103867]: DEBUG cotyledon.oslo_config_glue [-] ml2_type_geneve.max_header_size = 38 {{(pid=103867) log_opt_values /opt/stack/data/venv/lib/python3.12/site-packages/oslo_config/cfg.py:3006}}
Apr 09 14:06:10.641336 np0000164513 neutron-periodic-workers[103867]: DEBUG cotyledon.oslo_config_glue [-] ml2_type_geneve.vni_ranges = ['1:65536'] {{(pid=103867) log_opt_values /opt/stack/data/venv/lib/python3.12/site-packages/oslo_config/cfg.py:3006}}
Apr 09 14:06:10.641399 np0000164513 neutron-periodic-workers[103867]: DEBUG cotyledon.oslo_config_glue [-] ml2_type_vlan.network_vlan_ranges = ['public'] {{(pid=103867) log_opt_values /opt/stack/data/venv/lib/python3.12/site-packages/oslo_config/cfg.py:3006}}
Apr 09 14:06:10.641466 np0000164513 neutron-periodic-workers[103867]: DEBUG cotyledon.oslo_config_glue [-] network_log.burst_limit = 25 {{(pid=103867) log_opt_values /opt/stack/data/venv/lib/python3.12/site-packages/oslo_config/cfg.py:3006}}
Apr 09 14:06:10.641507 np0000164513 neutron-periodic-workers[103867]: DEBUG cotyledon.oslo_config_glue [-] network_log.local_output_log_base = None {{(pid=103867) log_opt_values /opt/stack/data/venv/lib/python3.12/site-packages/oslo_config/cfg.py:3006}}
Apr 09 14:06:10.641559 np0000164513 neutron-periodic-workers[103867]: DEBUG cotyledon.oslo_config_glue [-] network_log.rate_limit = 100 {{(pid=103867) log_opt_values /opt/stack/data/venv/lib/python3.12/site-packages/oslo_config/cfg.py:3006}}
Apr 09 14:06:10.641618 np0000164513 neutron-periodic-workers[103867]: DEBUG cotyledon.oslo_config_glue [-] database.asyncio_connection = **** {{(pid=103867) log_opt_values /opt/stack/data/venv/lib/python3.12/site-packages/oslo_config/cfg.py:3006}}
Apr 09 14:06:10.641656 np0000164513 neutron-periodic-workers[103867]: DEBUG cotyledon.oslo_config_glue [-] database.asyncio_slave_connection = **** {{(pid=103867) log_opt_values /opt/stack/data/venv/lib/python3.12/site-packages/oslo_config/cfg.py:3006}}
Apr 09 14:06:10.641704 np0000164513 neutron-periodic-workers[103867]: DEBUG cotyledon.oslo_config_glue [-] database.backend = sqlalchemy {{(pid=103867) log_opt_values /opt/stack/data/venv/lib/python3.12/site-packages/oslo_config/cfg.py:3006}}
Apr 09 14:06:10.641760 np0000164513 neutron-periodic-workers[103867]: DEBUG cotyledon.oslo_config_glue [-] database.connection = **** {{(pid=103867) log_opt_values /opt/stack/data/venv/lib/python3.12/site-packages/oslo_config/cfg.py:3006}}
Apr 09 14:06:10.641800 np0000164513 neutron-periodic-workers[103867]: DEBUG cotyledon.oslo_config_glue [-] database.connection_debug = 0 {{(pid=103867) log_opt_values /opt/stack/data/venv/lib/python3.12/site-packages/oslo_config/cfg.py:3006}}
Apr 09 14:06:10.641848 np0000164513 neutron-periodic-workers[103867]: DEBUG cotyledon.oslo_config_glue [-] database.connection_parameters = {{(pid=103867) log_opt_values /opt/stack/data/venv/lib/python3.12/site-packages/oslo_config/cfg.py:3006}}
Apr 09 14:06:10.641900 np0000164513 neutron-periodic-workers[103867]: DEBUG cotyledon.oslo_config_glue [-] database.connection_recycle_time = 3600 {{(pid=103867) log_opt_values /opt/stack/data/venv/lib/python3.12/site-packages/oslo_config/cfg.py:3006}}
Apr 09 14:06:10.641931 np0000164513 neutron-periodic-workers[103867]: DEBUG cotyledon.oslo_config_glue [-] database.connection_trace = False {{(pid=103867) log_opt_values /opt/stack/data/venv/lib/python3.12/site-packages/oslo_config/cfg.py:3006}}
Apr 09 14:06:10.641982 np0000164513 neutron-periodic-workers[103867]: DEBUG cotyledon.oslo_config_glue [-] database.db_inc_retry_interval = True {{(pid=103867) log_opt_values /opt/stack/data/venv/lib/python3.12/site-packages/oslo_config/cfg.py:3006}}
Apr 09 14:06:10.642028 np0000164513 neutron-periodic-workers[103867]: DEBUG cotyledon.oslo_config_glue [-] database.db_max_retries = 20 {{(pid=103867) log_opt_values /opt/stack/data/venv/lib/python3.12/site-packages/oslo_config/cfg.py:3006}}
Apr 09 14:06:10.642119 np0000164513 neutron-periodic-workers[103867]: DEBUG cotyledon.oslo_config_glue [-] database.db_max_retry_interval = 10 {{(pid=103867) log_opt_values /opt/stack/data/venv/lib/python3.12/site-packages/oslo_config/cfg.py:3006}}
Apr 09 14:06:10.642165 np0000164513 neutron-periodic-workers[103867]: DEBUG cotyledon.oslo_config_glue [-] database.db_retry_interval = 1 {{(pid=103867) log_opt_values /opt/stack/data/venv/lib/python3.12/site-packages/oslo_config/cfg.py:3006}}
Apr 09 14:06:10.642204 np0000164513 neutron-periodic-workers[103867]: DEBUG cotyledon.oslo_config_glue [-] database.max_overflow = 50 {{(pid=103867) log_opt_values /opt/stack/data/venv/lib/python3.12/site-packages/oslo_config/cfg.py:3006}}
Apr 09 14:06:10.642238 np0000164513 neutron-periodic-workers[103867]: DEBUG cotyledon.oslo_config_glue [-] database.max_pool_size = 5 {{(pid=103867) log_opt_values /opt/stack/data/venv/lib/python3.12/site-packages/oslo_config/cfg.py:3006}}
Apr 09 14:06:10.642280 np0000164513 neutron-periodic-workers[103867]: DEBUG cotyledon.oslo_config_glue [-] database.max_retries = 10 {{(pid=103867) log_opt_values /opt/stack/data/venv/lib/python3.12/site-packages/oslo_config/cfg.py:3006}}
Apr 09 14:06:10.642329 np0000164513 neutron-periodic-workers[103867]: DEBUG cotyledon.oslo_config_glue [-] database.mysql_sql_mode = TRADITIONAL {{(pid=103867) log_opt_values /opt/stack/data/venv/lib/python3.12/site-packages/oslo_config/cfg.py:3006}}
Apr 09 14:06:10.642362 np0000164513 neutron-periodic-workers[103867]: DEBUG cotyledon.oslo_config_glue [-] database.mysql_wsrep_sync_wait = None {{(pid=103867) log_opt_values /opt/stack/data/venv/lib/python3.12/site-packages/oslo_config/cfg.py:3006}}
Apr 09 14:06:10.642403 np0000164513 neutron-periodic-workers[103867]: DEBUG cotyledon.oslo_config_glue [-] database.pool_timeout = None {{(pid=103867) log_opt_values /opt/stack/data/venv/lib/python3.12/site-packages/oslo_config/cfg.py:3006}}
Apr 09 14:06:10.642449 np0000164513 neutron-periodic-workers[103867]: DEBUG cotyledon.oslo_config_glue [-] database.retry_interval = 10 {{(pid=103867) log_opt_values /opt/stack/data/venv/lib/python3.12/site-packages/oslo_config/cfg.py:3006}}
Apr 09 14:06:10.642494 np0000164513 neutron-periodic-workers[103867]: DEBUG cotyledon.oslo_config_glue [-] database.slave_connection = **** {{(pid=103867) log_opt_values /opt/stack/data/venv/lib/python3.12/site-packages/oslo_config/cfg.py:3006}}
Apr 09 14:06:10.642548 np0000164513 neutron-periodic-workers[103867]: DEBUG cotyledon.oslo_config_glue [-] database.sqlite_synchronous = True {{(pid=103867) log_opt_values /opt/stack/data/venv/lib/python3.12/site-packages/oslo_config/cfg.py:3006}}
Apr 09 14:06:10.642582 np0000164513 neutron-periodic-workers[103867]: DEBUG cotyledon.oslo_config_glue [-] database.synchronous_reader = True {{(pid=103867) log_opt_values /opt/stack/data/venv/lib/python3.12/site-packages/oslo_config/cfg.py:3006}}
Apr 09 14:06:10.642627 np0000164513 neutron-periodic-workers[103867]: DEBUG cotyledon.oslo_config_glue [-] database.use_db_reconnect = False {{(pid=103867) log_opt_values /opt/stack/data/venv/lib/python3.12/site-packages/oslo_config/cfg.py:3006}}
Apr 09 14:06:10.642695 np0000164513 neutron-periodic-workers[103867]: DEBUG cotyledon.oslo_config_glue [-] ovn.bfd_min_rx = 1000 {{(pid=103867) log_opt_values /opt/stack/data/venv/lib/python3.12/site-packages/oslo_config/cfg.py:3006}}
Apr 09 14:06:10.642732 np0000164513 neutron-periodic-workers[103867]: DEBUG cotyledon.oslo_config_glue [-] ovn.bfd_min_tx = 100 {{(pid=103867) log_opt_values /opt/stack/data/venv/lib/python3.12/site-packages/oslo_config/cfg.py:3006}}
Apr 09 14:06:10.642777 np0000164513 neutron-periodic-workers[103867]: DEBUG cotyledon.oslo_config_glue [-] ovn.bfd_mult = 3 {{(pid=103867) log_opt_values /opt/stack/data/venv/lib/python3.12/site-packages/oslo_config/cfg.py:3006}}
Apr 09 14:06:10.642817 np0000164513 neutron-periodic-workers[103867]: DEBUG cotyledon.oslo_config_glue [-] ovn.broadcast_arps_to_all_routers = True {{(pid=103867) log_opt_values /opt/stack/data/venv/lib/python3.12/site-packages/oslo_config/cfg.py:3006}}
Apr 09 14:06:10.642870 np0000164513 neutron-periodic-workers[103867]: DEBUG cotyledon.oslo_config_glue [-] ovn.dhcp_default_lease_time = 43200 {{(pid=103867) log_opt_values /opt/stack/data/venv/lib/python3.12/site-packages/oslo_config/cfg.py:3006}}
Apr 09 14:06:10.642910 np0000164513 neutron-periodic-workers[103867]: DEBUG cotyledon.oslo_config_glue [-] ovn.disable_ovn_dhcp_for_baremetal_ports = False {{(pid=103867) log_opt_values /opt/stack/data/venv/lib/python3.12/site-packages/oslo_config/cfg.py:3006}}
Apr 09 14:06:10.642941 np0000164513 neutron-periodic-workers[103867]: DEBUG cotyledon.oslo_config_glue [-] ovn.dns_records_ovn_owned = False {{(pid=103867) log_opt_values /opt/stack/data/venv/lib/python3.12/site-packages/oslo_config/cfg.py:3006}}
Apr 09 14:06:10.642997 np0000164513 neutron-periodic-workers[103867]: DEBUG cotyledon.oslo_config_glue [-] ovn.dns_servers = [] {{(pid=103867) log_opt_values /opt/stack/data/venv/lib/python3.12/site-packages/oslo_config/cfg.py:3006}}
Apr 09 14:06:10.643030 np0000164513 neutron-periodic-workers[103867]: DEBUG cotyledon.oslo_config_glue [-] ovn.enable_distributed_floating_ip = False {{(pid=103867) log_opt_values /opt/stack/data/venv/lib/python3.12/site-packages/oslo_config/cfg.py:3006}}
Apr 09 14:06:10.643090 np0000164513 neutron-periodic-workers[103867]: DEBUG cotyledon.oslo_config_glue [-] ovn.fdb_age_threshold = 300 {{(pid=103867) log_opt_values /opt/stack/data/venv/lib/python3.12/site-packages/oslo_config/cfg.py:3006}}
Apr 09 14:06:10.643127 np0000164513 neutron-periodic-workers[103867]: DEBUG cotyledon.oslo_config_glue [-] ovn.ha_failover_strategy = normal {{(pid=103867) log_opt_values /opt/stack/data/venv/lib/python3.12/site-packages/oslo_config/cfg.py:3006}}
Apr 09 14:06:10.643171 np0000164513 neutron-periodic-workers[103867]: DEBUG cotyledon.oslo_config_glue [-] ovn.live_migration_activation_strategy = rarp {{(pid=103867) log_opt_values /opt/stack/data/venv/lib/python3.12/site-packages/oslo_config/cfg.py:3006}}
Apr 09 14:06:10.643212 np0000164513 neutron-periodic-workers[103867]: DEBUG cotyledon.oslo_config_glue [-] ovn.localnet_learn_fdb = False {{(pid=103867) log_opt_values /opt/stack/data/venv/lib/python3.12/site-packages/oslo_config/cfg.py:3006}}
Apr 09 14:06:10.643259 np0000164513 neutron-periodic-workers[103867]: DEBUG cotyledon.oslo_config_glue [-] ovn.mac_binding_age_threshold = 300 {{(pid=103867) log_opt_values /opt/stack/data/venv/lib/python3.12/site-packages/oslo_config/cfg.py:3006}}
Apr 09 14:06:10.643309 np0000164513 neutron-periodic-workers[103867]: DEBUG cotyledon.oslo_config_glue [-] ovn.neutron_sync_mode = log {{(pid=103867) log_opt_values /opt/stack/data/venv/lib/python3.12/site-packages/oslo_config/cfg.py:3006}}
Apr 09 14:06:10.643352 np0000164513 neutron-periodic-workers[103867]: DEBUG cotyledon.oslo_config_glue [-] ovn.ovn_dhcp4_global_options = {} {{(pid=103867) log_opt_values /opt/stack/data/venv/lib/python3.12/site-packages/oslo_config/cfg.py:3006}}
Apr 09 14:06:10.643398 np0000164513 neutron-periodic-workers[103867]: DEBUG cotyledon.oslo_config_glue [-] ovn.ovn_dhcp6_global_options = {} {{(pid=103867) log_opt_values /opt/stack/data/venv/lib/python3.12/site-packages/oslo_config/cfg.py:3006}}
Apr 09 14:06:10.643440 np0000164513 neutron-periodic-workers[103867]: DEBUG cotyledon.oslo_config_glue [-] ovn.ovn_l3_scheduler = leastloaded {{(pid=103867) log_opt_values /opt/stack/data/venv/lib/python3.12/site-packages/oslo_config/cfg.py:3006}}
Apr 09 14:06:10.643478 np0000164513 neutron-periodic-workers[103867]: DEBUG cotyledon.oslo_config_glue [-] ovn.ovn_metadata_enabled = True {{(pid=103867) log_opt_values /opt/stack/data/venv/lib/python3.12/site-packages/oslo_config/cfg.py:3006}}
Apr 09 14:06:10.643528 np0000164513 neutron-periodic-workers[103867]: DEBUG cotyledon.oslo_config_glue [-] ovn.ovn_nb_ca_cert = /opt/stack/data/CA/int-ca/ca-chain.pem {{(pid=103867) log_opt_values /opt/stack/data/venv/lib/python3.12/site-packages/oslo_config/cfg.py:3006}}
Apr 09 14:06:10.643578 np0000164513 neutron-periodic-workers[103867]: DEBUG cotyledon.oslo_config_glue [-] ovn.ovn_nb_certificate = /opt/stack/data/CA/int-ca/devstack-cert.crt {{(pid=103867) log_opt_values /opt/stack/data/venv/lib/python3.12/site-packages/oslo_config/cfg.py:3006}}
Apr 09 14:06:10.643638 np0000164513 neutron-periodic-workers[103867]: DEBUG cotyledon.oslo_config_glue [-] ovn.ovn_nb_connection = ['ssl:199.204.45.140:6641'] {{(pid=103867) log_opt_values /opt/stack/data/venv/lib/python3.12/site-packages/oslo_config/cfg.py:3006}}
Apr 09 14:06:10.643667 np0000164513 neutron-periodic-workers[103867]: DEBUG cotyledon.oslo_config_glue [-] ovn.ovn_nb_private_key = /opt/stack/data/CA/int-ca/private/devstack-cert.key {{(pid=103867) log_opt_values /opt/stack/data/venv/lib/python3.12/site-packages/oslo_config/cfg.py:3006}}
Apr 09 14:06:10.643721 np0000164513 neutron-periodic-workers[103867]: DEBUG cotyledon.oslo_config_glue [-] ovn.ovn_router_indirect_snat = False {{(pid=103867) log_opt_values /opt/stack/data/venv/lib/python3.12/site-packages/oslo_config/cfg.py:3006}}
Apr 09 14:06:10.643753 np0000164513 neutron-periodic-workers[103867]: DEBUG cotyledon.oslo_config_glue [-] ovn.ovn_sb_ca_cert = /opt/stack/data/CA/int-ca/ca-chain.pem {{(pid=103867) log_opt_values /opt/stack/data/venv/lib/python3.12/site-packages/oslo_config/cfg.py:3006}}
Apr 09 14:06:10.643793 np0000164513 neutron-periodic-workers[103867]: DEBUG cotyledon.oslo_config_glue [-] ovn.ovn_sb_certificate = /opt/stack/data/CA/int-ca/devstack-cert.crt {{(pid=103867) log_opt_values /opt/stack/data/venv/lib/python3.12/site-packages/oslo_config/cfg.py:3006}}
Apr 09 14:06:10.643825 np0000164513 neutron-periodic-workers[103867]: DEBUG cotyledon.oslo_config_glue [-] ovn.ovn_sb_connection = ['ssl:199.204.45.140:6642'] {{(pid=103867) log_opt_values /opt/stack/data/venv/lib/python3.12/site-packages/oslo_config/cfg.py:3006}}
Apr 09 14:06:10.643882 np0000164513 neutron-periodic-workers[103867]: DEBUG cotyledon.oslo_config_glue [-] ovn.ovn_sb_private_key = /opt/stack/data/CA/int-ca/private/devstack-cert.key {{(pid=103867) log_opt_values /opt/stack/data/venv/lib/python3.12/site-packages/oslo_config/cfg.py:3006}}
Apr 09 14:06:10.643915 np0000164513 neutron-periodic-workers[103867]: DEBUG cotyledon.oslo_config_glue [-] ovn.ovs_create_tap = False {{(pid=103867) log_opt_values /opt/stack/data/venv/lib/python3.12/site-packages/oslo_config/cfg.py:3006}}
Apr 09 14:06:10.643967 np0000164513 neutron-periodic-workers[103867]: DEBUG cotyledon.oslo_config_glue [-] ovn.ovsdb_connection_timeout = 180 {{(pid=103867) log_opt_values /opt/stack/data/venv/lib/python3.12/site-packages/oslo_config/cfg.py:3006}}
Apr 09 14:06:10.644019 np0000164513 neutron-periodic-workers[103867]: DEBUG cotyledon.oslo_config_glue [-] ovn.ovsdb_log_level = INFO {{(pid=103867) log_opt_values /opt/stack/data/venv/lib/python3.12/site-packages/oslo_config/cfg.py:3006}}
Apr 09 14:06:10.644060 np0000164513 neutron-periodic-workers[103867]: DEBUG cotyledon.oslo_config_glue [-] ovn.ovsdb_probe_interval = 60000 {{(pid=103867) log_opt_values /opt/stack/data/venv/lib/python3.12/site-packages/oslo_config/cfg.py:3006}}
Apr 09 14:06:10.644086 np0000164513 neutron-periodic-workers[103867]: DEBUG cotyledon.oslo_config_glue [-] ovn.ovsdb_retry_max_interval = 180 {{(pid=103867) log_opt_values /opt/stack/data/venv/lib/python3.12/site-packages/oslo_config/cfg.py:3006}}
Apr 09 14:06:10.644134 np0000164513 neutron-periodic-workers[103867]: DEBUG cotyledon.oslo_config_glue [-] ovn.stateless_nat_enabled = False {{(pid=103867) log_opt_values /opt/stack/data/venv/lib/python3.12/site-packages/oslo_config/cfg.py:3006}}
Apr 09 14:06:10.644181 np0000164513 neutron-periodic-workers[103867]: DEBUG cotyledon.oslo_config_glue [-] ovn.vhost_sock_dir = /var/run/openvswitch {{(pid=103867) log_opt_values /opt/stack/data/venv/lib/python3.12/site-packages/oslo_config/cfg.py:3006}}
Apr 09 14:06:10.644459 np0000164513 neutron-periodic-workers[103867]: DEBUG cotyledon.oslo_config_glue [-] OVS.bridge_mac_table_size = 50000 {{(pid=103867) log_opt_values /opt/stack/data/venv/lib/python3.12/site-packages/oslo_config/cfg.py:3006}}
Apr 09 14:06:10.644489 np0000164513 neutron-periodic-workers[103867]: DEBUG cotyledon.oslo_config_glue [-] OVS.igmp_flood = False {{(pid=103867) log_opt_values /opt/stack/data/venv/lib/python3.12/site-packages/oslo_config/cfg.py:3006}}
Apr 09 14:06:10.644545 np0000164513 neutron-periodic-workers[103867]: DEBUG cotyledon.oslo_config_glue [-] OVS.igmp_flood_reports = True {{(pid=103867) log_opt_values /opt/stack/data/venv/lib/python3.12/site-packages/oslo_config/cfg.py:3006}}
Apr 09 14:06:10.644576 np0000164513 neutron-periodic-workers[103867]: DEBUG cotyledon.oslo_config_glue [-] OVS.igmp_flood_unregistered = False {{(pid=103867) log_opt_values /opt/stack/data/venv/lib/python3.12/site-packages/oslo_config/cfg.py:3006}}
Apr 09 14:06:10.644619 np0000164513 neutron-periodic-workers[103867]: DEBUG cotyledon.oslo_config_glue [-] OVS.igmp_snooping_enable = False {{(pid=103867) log_opt_values /opt/stack/data/venv/lib/python3.12/site-packages/oslo_config/cfg.py:3006}}
Apr 09 14:06:10.644669 np0000164513 neutron-periodic-workers[103867]: DEBUG cotyledon.oslo_config_glue [-] OVS.ovsdb_timeout = 10 {{(pid=103867) log_opt_values /opt/stack/data/venv/lib/python3.12/site-packages/oslo_config/cfg.py:3006}}
Apr 09 14:06:10.644706 np0000164513 neutron-periodic-workers[103867]: DEBUG cotyledon.oslo_config_glue [-] ovn_nb_global.fdb_removal_limit = 0 {{(pid=103867) log_opt_values /opt/stack/data/venv/lib/python3.12/site-packages/oslo_config/cfg.py:3006}}
Apr 09 14:06:10.644737 np0000164513 neutron-periodic-workers[103867]: DEBUG cotyledon.oslo_config_glue [-] ovn_nb_global.ignore_lsp_down = False {{(pid=103867) log_opt_values /opt/stack/data/venv/lib/python3.12/site-packages/oslo_config/cfg.py:3006}}
Apr 09 14:06:10.644782 np0000164513 neutron-periodic-workers[103867]: DEBUG cotyledon.oslo_config_glue [-] ovn_nb_global.mac_binding_removal_limit = 0 {{(pid=103867) log_opt_values /opt/stack/data/venv/lib/python3.12/site-packages/oslo_config/cfg.py:3006}}
Apr 09 14:06:10.644820 np0000164513 neutron-periodic-workers[103867]: DEBUG cotyledon.oslo_config_glue [-] ******************************************************************************** {{(pid=103867) log_opt_values /opt/stack/data/venv/lib/python3.12/site-packages/oslo_config/cfg.py:3013}}
Apr 09 14:06:10.644989 np0000164513 neutron-periodic-workers[103867]: DEBUG cotyledon._service_worker [-] Run service ServiceWrapper(0) [103867] {{(pid=103867) wait_forever /opt/stack/data/venv/lib/python3.12/site-packages/cotyledon/_service_worker.py:218}}
Apr 09 14:06:20.300813 np0000164513 neutron-periodic-workers[103270]: DEBUG dbcounter [-] [103270] Writing DB stats neutron:SELECT=4 {{(pid=103270) stat_writer /opt/stack/data/venv/lib/python3.12/site-packages/dbcounter.py:115}}
Apr 09 14:07:05.634222 np0000164513 neutron-periodic-workers[103849]: DEBUG oslo_db.sqlalchemy.engines [None req-3188cbc8-6943-4d2f-8fb3-b19ab72ca596 None None] Parent process 103270 forked (103849) with an open database connection, which is being discarded and recreated. {{(pid=103849) checkout /opt/stack/data/venv/lib/python3.12/site-packages/oslo_db/sqlalchemy/engines.py:402}}
Apr 09 14:07:05.643322 np0000164513 neutron-periodic-workers[103849]: DEBUG dbcounter [-] [103849] Writer thread running {{(pid=103849) stat_writer /opt/stack/data/venv/lib/python3.12/site-packages/dbcounter.py:102}}
Apr 09 14:07:05.646544 np0000164513 neutron-periodic-workers[103849]: DEBUG neutron.db.agents_db [None req-3188cbc8-6943-4d2f-8fb3-b19ab72ca596 None None] Agent healthcheck: found 0 active agents {{(pid=103849) agent_health_check /opt/stack/neutron/neutron/db/agents_db.py:317}}
Apr 09 14:07:05.646700 np0000164513 neutron-periodic-workers[103849]: DEBUG oslo.service.backend._threading.loopingcall [None req-3188cbc8-6943-4d2f-8fb3-b19ab72ca596 None None] Fixed interval looping call 'neutron.plugins.ml2.plugin.AgentDbMixin.agent_health_check' sleeping for 36.98 seconds {{(pid=103849) _run_loop /opt/stack/data/venv/lib/python3.12/site-packages/oslo_service/backend/_threading/loopingcall.py:125}}
Apr 09 14:07:13.632455 np0000164513 neutron-periodic-workers[103846]: DEBUG dbcounter [-] [103846] Writer thread running {{(pid=103846) stat_writer /opt/stack/data/venv/lib/python3.12/site-packages/dbcounter.py:102}}
Apr 09 14:07:13.643547 np0000164513 neutron-periodic-workers[103846]: DEBUG oslo.service.backend._threading.loopingcall [None req-077a01b6-1af8-4120-9375-6f502798c1a8 None None] Fixed interval looping call 'neutron.plugins.ml2.plugin.DhcpAgentSchedulerDbMixin.remove_networks_from_down_agents' sleeping for 36.97 seconds {{(pid=103846) _run_loop /opt/stack/data/venv/lib/python3.12/site-packages/oslo_service/backend/_threading/loopingcall.py:125}}
Apr 09 14:07:15.643978 np0000164513 neutron-periodic-workers[103849]: DEBUG dbcounter [-] [103849] Writing DB stats neutron:SELECT=1 {{(pid=103849) stat_writer /opt/stack/data/venv/lib/python3.12/site-packages/dbcounter.py:115}}
Apr 09 14:07:23.642608 np0000164513 neutron-periodic-workers[103846]: DEBUG dbcounter [-] [103846] Writing DB stats neutron:SELECT=3 {{(pid=103846) stat_writer /opt/stack/data/venv/lib/python3.12/site-packages/dbcounter.py:115}}
Apr 09 14:07:42.630254 np0000164513 neutron-periodic-workers[103849]: DEBUG neutron.db.agents_db [None req-3188cbc8-6943-4d2f-8fb3-b19ab72ca596 None None] Agent healthcheck: found 0 active agents {{(pid=103849) agent_health_check /opt/stack/neutron/neutron/db/agents_db.py:317}}
Apr 09 14:07:42.630696 np0000164513 neutron-periodic-workers[103849]: DEBUG oslo.service.backend._threading.loopingcall [None req-3188cbc8-6943-4d2f-8fb3-b19ab72ca596 None None] Fixed interval looping call 'neutron.plugins.ml2.plugin.AgentDbMixin.agent_health_check' sleeping for 37.00 seconds {{(pid=103849) _run_loop /opt/stack/data/venv/lib/python3.12/site-packages/oslo_service/backend/_threading/loopingcall.py:125}}
Apr 09 14:07:50.623239 np0000164513 neutron-periodic-workers[103846]: DEBUG oslo.service.backend._threading.loopingcall [None req-077a01b6-1af8-4120-9375-6f502798c1a8 None None] Fixed interval looping call 'neutron.plugins.ml2.plugin.DhcpAgentSchedulerDbMixin.remove_networks_from_down_agents' sleeping for 36.99 seconds {{(pid=103846) _run_loop /opt/stack/data/venv/lib/python3.12/site-packages/oslo_service/backend/_threading/loopingcall.py:125}}
Apr 09 14:07:52.629226 np0000164513 neutron-periodic-workers[103849]: DEBUG dbcounter [-] [103849] Writing DB stats neutron:SELECT=1 {{(pid=103849) stat_writer /opt/stack/data/venv/lib/python3.12/site-packages/dbcounter.py:115}}
Apr 09 14:08:00.621947 np0000164513 neutron-periodic-workers[103846]: DEBUG dbcounter [-] [103846] Writing DB stats neutron:SELECT=3 {{(pid=103846) stat_writer /opt/stack/data/venv/lib/python3.12/site-packages/dbcounter.py:115}}
Apr 09 14:08:10.651037 np0000164513 neutron-periodic-workers[103857]: DEBUG dbcounter [-] [103857] Writer thread running {{(pid=103857) stat_writer /opt/stack/data/venv/lib/python3.12/site-packages/dbcounter.py:102}}
Apr 09 14:08:10.653556 np0000164513 neutron-periodic-workers[103857]: DEBUG oslo.service.backend._threading.loopingcall [None req-e0ba9f30-71f5-4c67-91c2-b3f62f87865c None None] Fixed interval looping call 'neutron.db.quota.driver_nolock.DbQuotaNoLockDriver._remove_expired_reservations' sleeping for 119.98 seconds {{(pid=103857) _run_loop /opt/stack/data/venv/lib/python3.12/site-packages/oslo_service/backend/_threading/loopingcall.py:125}}
Apr 09 14:08:19.635998 np0000164513 neutron-periodic-workers[103849]: DEBUG neutron.db.agents_db [None req-3188cbc8-6943-4d2f-8fb3-b19ab72ca596 None None] Agent healthcheck: found 0 active agents {{(pid=103849) agent_health_check /opt/stack/neutron/neutron/db/agents_db.py:317}}
Apr 09 14:08:19.636512 np0000164513 neutron-periodic-workers[103849]: DEBUG oslo.service.backend._threading.loopingcall [None req-3188cbc8-6943-4d2f-8fb3-b19ab72ca596 None None] Fixed interval looping call 'neutron.plugins.ml2.plugin.AgentDbMixin.agent_health_check' sleeping for 36.99 seconds {{(pid=103849) _run_loop /opt/stack/data/venv/lib/python3.12/site-packages/oslo_service/backend/_threading/loopingcall.py:125}}
Apr 09 14:08:27.622956 np0000164513 neutron-periodic-workers[103846]: DEBUG oslo.service.backend._threading.loopingcall [None req-077a01b6-1af8-4120-9375-6f502798c1a8 None None] Fixed interval looping call 'neutron.plugins.ml2.plugin.DhcpAgentSchedulerDbMixin.remove_networks_from_down_agents' sleeping for 36.99 seconds {{(pid=103846) _run_loop /opt/stack/data/venv/lib/python3.12/site-packages/oslo_service/backend/_threading/loopingcall.py:125}}
Apr 09 14:08:29.634261 np0000164513 neutron-periodic-workers[103849]: DEBUG dbcounter [-] [103849] Writing DB stats neutron:SELECT=1 {{(pid=103849) stat_writer /opt/stack/data/venv/lib/python3.12/site-packages/dbcounter.py:115}}
Apr 09 14:08:30.668566 np0000164513 neutron-periodic-workers[103857]: DEBUG dbcounter [-] [103857] Writing DB stats neutron:DELETE=1 {{(pid=103857) stat_writer /opt/stack/data/venv/lib/python3.12/site-packages/dbcounter.py:115}}
Apr 09 14:08:37.621973 np0000164513 neutron-periodic-workers[103846]: DEBUG dbcounter [-] [103846] Writing DB stats neutron:SELECT=3 {{(pid=103846) stat_writer /opt/stack/data/venv/lib/python3.12/site-packages/dbcounter.py:115}}
Apr 09 14:08:56.634101 np0000164513 neutron-periodic-workers[103849]: DEBUG neutron.db.agents_db [None req-3188cbc8-6943-4d2f-8fb3-b19ab72ca596 None None] Agent healthcheck: found 0 active agents {{(pid=103849) agent_health_check /opt/stack/neutron/neutron/db/agents_db.py:317}}
Apr 09 14:08:56.634742 np0000164513 neutron-periodic-workers[103849]: DEBUG oslo.service.backend._threading.loopingcall [None req-3188cbc8-6943-4d2f-8fb3-b19ab72ca596 None None] Fixed interval looping call 'neutron.plugins.ml2.plugin.AgentDbMixin.agent_health_check' sleeping for 36.99 seconds {{(pid=103849) _run_loop /opt/stack/data/venv/lib/python3.12/site-packages/oslo_service/backend/_threading/loopingcall.py:125}}
Apr 09 14:09:04.624084 np0000164513 neutron-periodic-workers[103846]: DEBUG oslo.service.backend._threading.loopingcall [None req-077a01b6-1af8-4120-9375-6f502798c1a8 None None] Fixed interval looping call 'neutron.plugins.ml2.plugin.DhcpAgentSchedulerDbMixin.remove_networks_from_down_agents' sleeping for 36.99 seconds {{(pid=103846) _run_loop /opt/stack/data/venv/lib/python3.12/site-packages/oslo_service/backend/_threading/loopingcall.py:125}}
Apr 09 14:09:06.631391 np0000164513 neutron-periodic-workers[103849]: DEBUG dbcounter [-] [103849] Writing DB stats neutron:SELECT=1 {{(pid=103849) stat_writer /opt/stack/data/venv/lib/python3.12/site-packages/dbcounter.py:115}}
Apr 09 14:09:14.622979 np0000164513 neutron-periodic-workers[103846]: DEBUG dbcounter [-] [103846] Writing DB stats neutron:SELECT=3 {{(pid=103846) stat_writer /opt/stack/data/venv/lib/python3.12/site-packages/dbcounter.py:115}}
Apr 09 14:09:33.631160 np0000164513 neutron-periodic-workers[103849]: DEBUG neutron.db.agents_db [None req-3188cbc8-6943-4d2f-8fb3-b19ab72ca596 None None] Agent healthcheck: found 0 active agents {{(pid=103849) agent_health_check /opt/stack/neutron/neutron/db/agents_db.py:317}}
Apr 09 14:09:33.631867 np0000164513 neutron-periodic-workers[103849]: DEBUG oslo.service.backend._threading.loopingcall [None req-3188cbc8-6943-4d2f-8fb3-b19ab72ca596 None None] Fixed interval looping call 'neutron.plugins.ml2.plugin.AgentDbMixin.agent_health_check' sleeping for 36.99 seconds {{(pid=103849) _run_loop /opt/stack/data/venv/lib/python3.12/site-packages/oslo_service/backend/_threading/loopingcall.py:125}}
Apr 09 14:09:41.624268 np0000164513 neutron-periodic-workers[103846]: DEBUG oslo.service.backend._threading.loopingcall [None req-077a01b6-1af8-4120-9375-6f502798c1a8 None None] Fixed interval looping call 'neutron.plugins.ml2.plugin.DhcpAgentSchedulerDbMixin.remove_networks_from_down_agents' sleeping for 36.99 seconds {{(pid=103846) _run_loop /opt/stack/data/venv/lib/python3.12/site-packages/oslo_service/backend/_threading/loopingcall.py:125}}
Apr 09 14:09:43.628495 np0000164513 neutron-periodic-workers[103849]: DEBUG dbcounter [-] [103849] Writing DB stats neutron:SELECT=1 {{(pid=103849) stat_writer /opt/stack/data/venv/lib/python3.12/site-packages/dbcounter.py:115}}
Apr 09 14:09:51.622631 np0000164513 neutron-periodic-workers[103846]: DEBUG dbcounter [-] [103846] Writing DB stats neutron:SELECT=3 {{(pid=103846) stat_writer /opt/stack/data/venv/lib/python3.12/site-packages/dbcounter.py:115}}
Apr 09 14:10:10.624784 np0000164513 neutron-periodic-workers[103849]: DEBUG neutron.db.agents_db [None req-3188cbc8-6943-4d2f-8fb3-b19ab72ca596 None None] Agent healthcheck: found 0 active agents {{(pid=103849) agent_health_check /opt/stack/neutron/neutron/db/agents_db.py:317}}
Apr 09 14:10:10.625110 np0000164513 neutron-periodic-workers[103849]: DEBUG oslo.service.backend._threading.loopingcall [None req-3188cbc8-6943-4d2f-8fb3-b19ab72ca596 None None] Fixed interval looping call 'neutron.plugins.ml2.plugin.AgentDbMixin.agent_health_check' sleeping for 37.00 seconds {{(pid=103849) _run_loop /opt/stack/data/venv/lib/python3.12/site-packages/oslo_service/backend/_threading/loopingcall.py:125}}
Apr 09 14:10:10.638716 np0000164513 neutron-periodic-workers[103857]: DEBUG oslo.service.backend._threading.loopingcall [None req-e0ba9f30-71f5-4c67-91c2-b3f62f87865c None None] Fixed interval looping call 'neutron.db.quota.driver_nolock.DbQuotaNoLockDriver._remove_expired_reservations' sleeping for 120.00 seconds {{(pid=103857) _run_loop /opt/stack/data/venv/lib/python3.12/site-packages/oslo_service/backend/_threading/loopingcall.py:125}}
Apr 09 14:10:18.624548 np0000164513 neutron-periodic-workers[103846]: DEBUG oslo.service.backend._threading.loopingcall [None req-077a01b6-1af8-4120-9375-6f502798c1a8 None None] Fixed interval looping call 'neutron.plugins.ml2.plugin.DhcpAgentSchedulerDbMixin.remove_networks_from_down_agents' sleeping for 36.99 seconds {{(pid=103846) _run_loop /opt/stack/data/venv/lib/python3.12/site-packages/oslo_service/backend/_threading/loopingcall.py:125}}
Apr 09 14:10:20.623829 np0000164513 neutron-periodic-workers[103849]: DEBUG dbcounter [-] [103849] Writing DB stats neutron:SELECT=1 {{(pid=103849) stat_writer /opt/stack/data/venv/lib/python3.12/site-packages/dbcounter.py:115}}
Apr 09 14:10:20.637701 np0000164513 neutron-periodic-workers[103857]: DEBUG dbcounter [-] [103857] Writing DB stats neutron:DELETE=1 {{(pid=103857) stat_writer /opt/stack/data/venv/lib/python3.12/site-packages/dbcounter.py:115}}
Apr 09 14:10:28.623154 np0000164513 neutron-periodic-workers[103846]: DEBUG dbcounter [-] [103846] Writing DB stats neutron:SELECT=3 {{(pid=103846) stat_writer /opt/stack/data/venv/lib/python3.12/site-packages/dbcounter.py:115}}
Apr 09 14:10:47.631578 np0000164513 neutron-periodic-workers[103849]: DEBUG neutron.db.agents_db [None req-3188cbc8-6943-4d2f-8fb3-b19ab72ca596 None None] Agent healthcheck: found 0 active agents {{(pid=103849) agent_health_check /opt/stack/neutron/neutron/db/agents_db.py:317}}
Apr 09 14:10:47.632164 np0000164513 neutron-periodic-workers[103849]: DEBUG oslo.service.backend._threading.loopingcall [None req-3188cbc8-6943-4d2f-8fb3-b19ab72ca596 None None] Fixed interval looping call 'neutron.plugins.ml2.plugin.AgentDbMixin.agent_health_check' sleeping for 36.99 seconds {{(pid=103849) _run_loop /opt/stack/data/venv/lib/python3.12/site-packages/oslo_service/backend/_threading/loopingcall.py:125}}
Apr 09 14:10:55.625986 np0000164513 neutron-periodic-workers[103846]: DEBUG oslo.service.backend._threading.loopingcall [None req-077a01b6-1af8-4120-9375-6f502798c1a8 None None] Fixed interval looping call 'neutron.plugins.ml2.plugin.DhcpAgentSchedulerDbMixin.remove_networks_from_down_agents' sleeping for 36.99 seconds {{(pid=103846) _run_loop /opt/stack/data/venv/lib/python3.12/site-packages/oslo_service/backend/_threading/loopingcall.py:125}}
Apr 09 14:10:57.629078 np0000164513 neutron-periodic-workers[103849]: DEBUG dbcounter [-] [103849] Writing DB stats neutron:SELECT=1 {{(pid=103849) stat_writer /opt/stack/data/venv/lib/python3.12/site-packages/dbcounter.py:115}}
Apr 09 14:11:05.624226 np0000164513 neutron-periodic-workers[103846]: DEBUG dbcounter [-] [103846] Writing DB stats neutron:SELECT=3 {{(pid=103846) stat_writer /opt/stack/data/venv/lib/python3.12/site-packages/dbcounter.py:115}}
Apr 09 14:11:06.677364 np0000164513 neutron-periodic-workers[103867]: DEBUG dbcounter [-] [103867] Writer thread running {{(pid=103867) stat_writer /opt/stack/data/venv/lib/python3.12/site-packages/dbcounter.py:102}}
Apr 09 14:11:06.686422 np0000164513 neutron-periodic-workers[103867]: DEBUG oslo.service.backend._threading.loopingcall [None req-85171015-63af-45d0-96c8-5afe2af297cd None None] Fixed interval looping call 'neutron.services.ovn_l3.plugin.L3_NAT_dbonly_mixin._clean_garbage' sleeping for 299.96 seconds {{(pid=103867) _run_loop /opt/stack/data/venv/lib/python3.12/site-packages/oslo_service/backend/_threading/loopingcall.py:125}}
Apr 09 14:11:16.678238 np0000164513 neutron-periodic-workers[103867]: DEBUG dbcounter [-] [103867] Writing DB stats neutron:SELECT=1 {{(pid=103867) stat_writer /opt/stack/data/venv/lib/python3.12/site-packages/dbcounter.py:115}}
Apr 09 14:11:24.628559 np0000164513 neutron-periodic-workers[103849]: DEBUG neutron.db.agents_db [None req-3188cbc8-6943-4d2f-8fb3-b19ab72ca596 None None] Agent healthcheck: found 0 active agents {{(pid=103849) agent_health_check /opt/stack/neutron/neutron/db/agents_db.py:317}}
Apr 09 14:11:24.629071 np0000164513 neutron-periodic-workers[103849]: DEBUG oslo.service.backend._threading.loopingcall [None req-3188cbc8-6943-4d2f-8fb3-b19ab72ca596 None None] Fixed interval looping call 'neutron.plugins.ml2.plugin.AgentDbMixin.agent_health_check' sleeping for 36.99 seconds {{(pid=103849) _run_loop /opt/stack/data/venv/lib/python3.12/site-packages/oslo_service/backend/_threading/loopingcall.py:125}}
Apr 09 14:11:32.623142 np0000164513 neutron-periodic-workers[103846]: DEBUG oslo.service.backend._threading.loopingcall [None req-077a01b6-1af8-4120-9375-6f502798c1a8 None None] Fixed interval looping call 'neutron.plugins.ml2.plugin.DhcpAgentSchedulerDbMixin.remove_networks_from_down_agents' sleeping for 36.99 seconds {{(pid=103846) _run_loop /opt/stack/data/venv/lib/python3.12/site-packages/oslo_service/backend/_threading/loopingcall.py:125}}
Apr 09 14:11:34.627348 np0000164513 neutron-periodic-workers[103849]: DEBUG dbcounter [-] [103849] Writing DB stats neutron:SELECT=1 {{(pid=103849) stat_writer /opt/stack/data/venv/lib/python3.12/site-packages/dbcounter.py:115}}
Apr 09 14:11:42.622181 np0000164513 neutron-periodic-workers[103846]: DEBUG dbcounter [-] [103846] Writing DB stats neutron:SELECT=3 {{(pid=103846) stat_writer /opt/stack/data/venv/lib/python3.12/site-packages/dbcounter.py:115}}
Apr 09 14:12:01.622835 np0000164513 neutron-periodic-workers[103849]: DEBUG neutron.db.agents_db [None req-3188cbc8-6943-4d2f-8fb3-b19ab72ca596 None None] Agent healthcheck: found 0 active agents {{(pid=103849) agent_health_check /opt/stack/neutron/neutron/db/agents_db.py:317}}
Apr 09 14:12:01.622835 np0000164513 neutron-periodic-workers[103849]: DEBUG oslo.service.backend._threading.loopingcall [None req-3188cbc8-6943-4d2f-8fb3-b19ab72ca596 None None] Fixed interval looping call 'neutron.plugins.ml2.plugin.AgentDbMixin.agent_health_check' sleeping for 37.00 seconds {{(pid=103849) _run_loop /opt/stack/data/venv/lib/python3.12/site-packages/oslo_service/backend/_threading/loopingcall.py:125}}
Apr 09 14:12:09.619940 np0000164513 neutron-periodic-workers[103846]: DEBUG oslo.service.backend._threading.loopingcall [None req-077a01b6-1af8-4120-9375-6f502798c1a8 None None] Fixed interval looping call 'neutron.plugins.ml2.plugin.DhcpAgentSchedulerDbMixin.remove_networks_from_down_agents' sleeping for 36.99 seconds {{(pid=103846) _run_loop /opt/stack/data/venv/lib/python3.12/site-packages/oslo_service/backend/_threading/loopingcall.py:125}}
Apr 09 14:12:10.643607 np0000164513 neutron-periodic-workers[103857]: DEBUG oslo.service.backend._threading.loopingcall [None req-e0ba9f30-71f5-4c67-91c2-b3f62f87865c None None] Fixed interval looping call 'neutron.db.quota.driver_nolock.DbQuotaNoLockDriver._remove_expired_reservations' sleeping for 120.00 seconds {{(pid=103857) _run_loop /opt/stack/data/venv/lib/python3.12/site-packages/oslo_service/backend/_threading/loopingcall.py:125}}
Apr 09 14:12:11.621329 np0000164513 neutron-periodic-workers[103849]: DEBUG dbcounter [-] [103849] Writing DB stats neutron:SELECT=1 {{(pid=103849) stat_writer /opt/stack/data/venv/lib/python3.12/site-packages/dbcounter.py:115}}
Apr 09 14:12:19.619294 np0000164513 neutron-periodic-workers[103846]: DEBUG dbcounter [-] [103846] Writing DB stats neutron:SELECT=3 {{(pid=103846) stat_writer /opt/stack/data/venv/lib/python3.12/site-packages/dbcounter.py:115}}
Apr 09 14:12:20.642294 np0000164513 neutron-periodic-workers[103857]: DEBUG dbcounter [-] [103857] Writing DB stats neutron:DELETE=1 {{(pid=103857) stat_writer /opt/stack/data/venv/lib/python3.12/site-packages/dbcounter.py:115}}
Apr 09 14:12:38.627433 np0000164513 neutron-periodic-workers[103849]: DEBUG neutron.db.agents_db [None req-3188cbc8-6943-4d2f-8fb3-b19ab72ca596 None None] Agent healthcheck: found 0 active agents {{(pid=103849) agent_health_check /opt/stack/neutron/neutron/db/agents_db.py:317}}
Apr 09 14:12:38.628018 np0000164513 neutron-periodic-workers[103849]: DEBUG oslo.service.backend._threading.loopingcall [None req-3188cbc8-6943-4d2f-8fb3-b19ab72ca596 None None] Fixed interval looping call 'neutron.plugins.ml2.plugin.AgentDbMixin.agent_health_check' sleeping for 37.00 seconds {{(pid=103849) _run_loop /opt/stack/data/venv/lib/python3.12/site-packages/oslo_service/backend/_threading/loopingcall.py:125}}
Apr 09 14:12:46.619848 np0000164513 neutron-periodic-workers[103846]: DEBUG oslo.service.backend._threading.loopingcall [None req-077a01b6-1af8-4120-9375-6f502798c1a8 None None] Fixed interval looping call 'neutron.plugins.ml2.plugin.DhcpAgentSchedulerDbMixin.remove_networks_from_down_agents' sleeping for 36.99 seconds {{(pid=103846) _run_loop /opt/stack/data/venv/lib/python3.12/site-packages/oslo_service/backend/_threading/loopingcall.py:125}}
Apr 09 14:12:48.626419 np0000164513 neutron-periodic-workers[103849]: DEBUG dbcounter [-] [103849] Writing DB stats neutron:SELECT=1 {{(pid=103849) stat_writer /opt/stack/data/venv/lib/python3.12/site-packages/dbcounter.py:115}}
Apr 09 14:12:56.619320 np0000164513 neutron-periodic-workers[103846]: DEBUG dbcounter [-] [103846] Writing DB stats neutron:SELECT=3 {{(pid=103846) stat_writer /opt/stack/data/venv/lib/python3.12/site-packages/dbcounter.py:115}}
Apr 09 14:13:15.634323 np0000164513 neutron-periodic-workers[103849]: DEBUG neutron.db.agents_db [None req-3188cbc8-6943-4d2f-8fb3-b19ab72ca596 None None] Agent healthcheck: found 0 active agents {{(pid=103849) agent_health_check /opt/stack/neutron/neutron/db/agents_db.py:317}}
Apr 09 14:13:15.634832 np0000164513 neutron-periodic-workers[103849]: DEBUG oslo.service.backend._threading.loopingcall [None req-3188cbc8-6943-4d2f-8fb3-b19ab72ca596 None None] Fixed interval looping call 'neutron.plugins.ml2.plugin.AgentDbMixin.agent_health_check' sleeping for 36.99 seconds {{(pid=103849) _run_loop /opt/stack/data/venv/lib/python3.12/site-packages/oslo_service/backend/_threading/loopingcall.py:125}}
Apr 09 14:13:23.618730 np0000164513 neutron-periodic-workers[103846]: DEBUG oslo.service.backend._threading.loopingcall [None req-077a01b6-1af8-4120-9375-6f502798c1a8 None None] Fixed interval looping call 'neutron.plugins.ml2.plugin.DhcpAgentSchedulerDbMixin.remove_networks_from_down_agents' sleeping for 36.99 seconds {{(pid=103846) _run_loop /opt/stack/data/venv/lib/python3.12/site-packages/oslo_service/backend/_threading/loopingcall.py:125}}
Apr 09 14:13:25.632214 np0000164513 neutron-periodic-workers[103849]: DEBUG dbcounter [-] [103849] Writing DB stats neutron:SELECT=1 {{(pid=103849) stat_writer /opt/stack/data/venv/lib/python3.12/site-packages/dbcounter.py:115}}
Apr 09 14:13:33.617930 np0000164513 neutron-periodic-workers[103846]: DEBUG dbcounter [-] [103846] Writing DB stats neutron:SELECT=3 {{(pid=103846) stat_writer /opt/stack/data/venv/lib/python3.12/site-packages/dbcounter.py:115}}
Apr 09 14:13:52.630503 np0000164513 neutron-periodic-workers[103849]: DEBUG neutron.db.agents_db [None req-3188cbc8-6943-4d2f-8fb3-b19ab72ca596 None None] Agent healthcheck: found 0 active agents {{(pid=103849) agent_health_check /opt/stack/neutron/neutron/db/agents_db.py:317}}
Apr 09 14:13:52.631301 np0000164513 neutron-periodic-workers[103849]: DEBUG oslo.service.backend._threading.loopingcall [None req-3188cbc8-6943-4d2f-8fb3-b19ab72ca596 None None] Fixed interval looping call 'neutron.plugins.ml2.plugin.AgentDbMixin.agent_health_check' sleeping for 36.99 seconds {{(pid=103849) _run_loop /opt/stack/data/venv/lib/python3.12/site-packages/oslo_service/backend/_threading/loopingcall.py:125}}
Apr 09 14:14:00.622876 np0000164513 neutron-periodic-workers[103846]: DEBUG oslo.service.backend._threading.loopingcall [None req-077a01b6-1af8-4120-9375-6f502798c1a8 None None] Fixed interval looping call 'neutron.plugins.ml2.plugin.DhcpAgentSchedulerDbMixin.remove_networks_from_down_agents' sleeping for 36.99 seconds {{(pid=103846) _run_loop /opt/stack/data/venv/lib/python3.12/site-packages/oslo_service/backend/_threading/loopingcall.py:125}}
Apr 09 14:14:02.628971 np0000164513 neutron-periodic-workers[103849]: DEBUG dbcounter [-] [103849] Writing DB stats neutron:SELECT=1 {{(pid=103849) stat_writer /opt/stack/data/venv/lib/python3.12/site-packages/dbcounter.py:115}}
Apr 09 14:14:10.621625 np0000164513 neutron-periodic-workers[103846]: DEBUG dbcounter [-] [103846] Writing DB stats neutron:SELECT=3 {{(pid=103846) stat_writer /opt/stack/data/venv/lib/python3.12/site-packages/dbcounter.py:115}}
Apr 09 14:14:10.647786 np0000164513 neutron-periodic-workers[103857]: DEBUG oslo.service.backend._threading.loopingcall [None req-e0ba9f30-71f5-4c67-91c2-b3f62f87865c None None] Fixed interval looping call 'neutron.db.quota.driver_nolock.DbQuotaNoLockDriver._remove_expired_reservations' sleeping for 120.00 seconds {{(pid=103857) _run_loop /opt/stack/data/venv/lib/python3.12/site-packages/oslo_service/backend/_threading/loopingcall.py:125}}
Apr 09 14:14:20.646028 np0000164513 neutron-periodic-workers[103857]: DEBUG dbcounter [-] [103857] Writing DB stats neutron:DELETE=1 {{(pid=103857) stat_writer /opt/stack/data/venv/lib/python3.12/site-packages/dbcounter.py:115}}
Apr 09 14:14:29.625708 np0000164513 neutron-periodic-workers[103849]: DEBUG neutron.db.agents_db [None req-3188cbc8-6943-4d2f-8fb3-b19ab72ca596 None None] Agent healthcheck: found 0 active agents {{(pid=103849) agent_health_check /opt/stack/neutron/neutron/db/agents_db.py:317}}
Apr 09 14:14:29.626332 np0000164513 neutron-periodic-workers[103849]: DEBUG oslo.service.backend._threading.loopingcall [None req-3188cbc8-6943-4d2f-8fb3-b19ab72ca596 None None] Fixed interval looping call 'neutron.plugins.ml2.plugin.AgentDbMixin.agent_health_check' sleeping for 37.00 seconds {{(pid=103849) _run_loop /opt/stack/data/venv/lib/python3.12/site-packages/oslo_service/backend/_threading/loopingcall.py:125}}
Apr 09 14:14:37.624096 np0000164513 neutron-periodic-workers[103846]: DEBUG oslo.service.backend._threading.loopingcall [None req-077a01b6-1af8-4120-9375-6f502798c1a8 None None] Fixed interval looping call 'neutron.plugins.ml2.plugin.DhcpAgentSchedulerDbMixin.remove_networks_from_down_agents' sleeping for 36.99 seconds {{(pid=103846) _run_loop /opt/stack/data/venv/lib/python3.12/site-packages/oslo_service/backend/_threading/loopingcall.py:125}}
Apr 09 14:14:39.624433 np0000164513 neutron-periodic-workers[103849]: DEBUG dbcounter [-] [103849] Writing DB stats neutron:SELECT=1 {{(pid=103849) stat_writer /opt/stack/data/venv/lib/python3.12/site-packages/dbcounter.py:115}}
Apr 09 14:14:47.623156 np0000164513 neutron-periodic-workers[103846]: DEBUG dbcounter [-] [103846] Writing DB stats neutron:SELECT=3 {{(pid=103846) stat_writer /opt/stack/data/venv/lib/python3.12/site-packages/dbcounter.py:115}}
Apr 09 14:15:06.631393 np0000164513 neutron-periodic-workers[103849]: DEBUG neutron.db.agents_db [None req-3188cbc8-6943-4d2f-8fb3-b19ab72ca596 None None] Agent healthcheck: found 0 active agents {{(pid=103849) agent_health_check /opt/stack/neutron/neutron/db/agents_db.py:317}}
Apr 09 14:15:06.631393 np0000164513 neutron-periodic-workers[103849]: DEBUG oslo.service.backend._threading.loopingcall [None req-3188cbc8-6943-4d2f-8fb3-b19ab72ca596 None None] Fixed interval looping call 'neutron.plugins.ml2.plugin.AgentDbMixin.agent_health_check' sleeping for 36.99 seconds {{(pid=103849) _run_loop /opt/stack/data/venv/lib/python3.12/site-packages/oslo_service/backend/_threading/loopingcall.py:125}}
Apr 09 14:15:14.624937 np0000164513 neutron-periodic-workers[103846]: DEBUG oslo.service.backend._threading.loopingcall [None req-077a01b6-1af8-4120-9375-6f502798c1a8 None None] Fixed interval looping call 'neutron.plugins.ml2.plugin.DhcpAgentSchedulerDbMixin.remove_networks_from_down_agents' sleeping for 36.99 seconds {{(pid=103846) _run_loop /opt/stack/data/venv/lib/python3.12/site-packages/oslo_service/backend/_threading/loopingcall.py:125}}
Apr 09 14:15:16.630691 np0000164513 neutron-periodic-workers[103849]: DEBUG dbcounter [-] [103849] Writing DB stats neutron:SELECT=1 {{(pid=103849) stat_writer /opt/stack/data/venv/lib/python3.12/site-packages/dbcounter.py:115}}
Apr 09 14:15:24.623579 np0000164513 neutron-periodic-workers[103846]: DEBUG dbcounter [-] [103846] Writing DB stats neutron:SELECT=3 {{(pid=103846) stat_writer /opt/stack/data/venv/lib/python3.12/site-packages/dbcounter.py:115}}
Apr 09 14:15:43.627013 np0000164513 neutron-periodic-workers[103849]: DEBUG neutron.db.agents_db [None req-3188cbc8-6943-4d2f-8fb3-b19ab72ca596 None None] Agent healthcheck: found 0 active agents {{(pid=103849) agent_health_check /opt/stack/neutron/neutron/db/agents_db.py:317}}
Apr 09 14:15:43.627662 np0000164513 neutron-periodic-workers[103849]: DEBUG oslo.service.backend._threading.loopingcall [None req-3188cbc8-6943-4d2f-8fb3-b19ab72ca596 None None] Fixed interval looping call 'neutron.plugins.ml2.plugin.AgentDbMixin.agent_health_check' sleeping for 36.99 seconds {{(pid=103849) _run_loop /opt/stack/data/venv/lib/python3.12/site-packages/oslo_service/backend/_threading/loopingcall.py:125}}
Apr 09 14:15:51.622921 np0000164513 neutron-periodic-workers[103846]: DEBUG oslo.service.backend._threading.loopingcall [None req-077a01b6-1af8-4120-9375-6f502798c1a8 None None] Fixed interval looping call 'neutron.plugins.ml2.plugin.DhcpAgentSchedulerDbMixin.remove_networks_from_down_agents' sleeping for 36.99 seconds {{(pid=103846) _run_loop /opt/stack/data/venv/lib/python3.12/site-packages/oslo_service/backend/_threading/loopingcall.py:125}}
Apr 09 14:15:53.624801 np0000164513 neutron-periodic-workers[103849]: DEBUG dbcounter [-] [103849] Writing DB stats neutron:SELECT=1 {{(pid=103849) stat_writer /opt/stack/data/venv/lib/python3.12/site-packages/dbcounter.py:115}}
Apr 09 14:16:01.622179 np0000164513 neutron-periodic-workers[103846]: DEBUG dbcounter [-] [103846] Writing DB stats neutron:SELECT=3 {{(pid=103846) stat_writer /opt/stack/data/venv/lib/python3.12/site-packages/dbcounter.py:115}}
Apr 09 14:16:06.658505 np0000164513 neutron-periodic-workers[103867]: DEBUG oslo.service.backend._threading.loopingcall [None req-85171015-63af-45d0-96c8-5afe2af297cd None None] Fixed interval looping call 'neutron.services.ovn_l3.plugin.L3_NAT_dbonly_mixin._clean_garbage' sleeping for 299.99 seconds {{(pid=103867) _run_loop /opt/stack/data/venv/lib/python3.12/site-packages/oslo_service/backend/_threading/loopingcall.py:125}}
