2026-09-09 00:10:01.875 7 INFO neutron.services.segments.plugin [-] Client error retrieving segment ca2782af-a189-43c9-8766-aa0c301546cc resource provider; error: Placement Client Error (4xx): {"errors": [{"status": 404, "title": "Not Found", "detail": "The resource could not be found.\n\n No resource provider with uuid ca2782af-a189-43c9-8766-aa0c301546cc found for delete ", "request_id": "req-3de84cf9-e5d9-41ee-8051-ff42991d1e8e"}]}
2026-09-09 00:10:01.877 7 INFO neutron.services.segments.plugin [-] Client error retrieving segment ca2782af-a189-43c9-8766-aa0c301546cc resource provider; error: Placement Client Error (4xx): {"errors": [{"status": 404, "title": "Not Found", "detail": "The resource could not be found.\n\n No resource provider with uuid ca2782af-a189-43c9-8766-aa0c301546cc found for delete ", "request_id": "req-270422c3-cd22-42c2-957f-9706ba4614f3"}]} [pid: 7|app: 0|req: 789/1776] 10.0.0.221 () {32 vars in 726 bytes} [Wed Sep 9 00:10:01 2026] DELETE /v2.0/networks/974bbcb7-9a99-41d6-aeb6-6a1375df1a42 => generated 0 bytes in 452 msecs (HTTP/1.1 204) 3 headers in 131 bytes (1 switches on core 0)
2026-09-09 00:10:02.078 7 INFO neutron_taas.services.taas.taas_plugin [None req-65a56592-b7d3-443c-b079-0dbad74914d6 2e914cdfdff140689227b323ff93c867 ce684f0fdf5a42b4be5b474b2dce7d60 - - default default] TaaS: Handle Delete Port: e36268d3-6d32-4dd2-b61d-76b28c1b1a76
2026-09-09 00:10:02.081 7 INFO neutron_taas.services.taas.tap_mirror_plugin [None req-65a56592-b7d3-443c-b079-0dbad74914d6 2e914cdfdff140689227b323ff93c867 ce684f0fdf5a42b4be5b474b2dce7d60 - - default default] Tap Mirror: Handle Delete Port: e36268d3-6d32-4dd2-b61d-76b28c1b1a76 [pid: 7|app: 0|req: 790/1777] 10.0.0.221 () {32 vars in 726 bytes} [Wed Sep 9 00:10:01 2026] DELETE /v2.0/networks/16e1f81c-027d-4ae1-8adf-d10de0bcc406 => generated 0 bytes in 340 msecs (HTTP/1.1 204) 3 headers in 131 bytes (1 switches on core 0)
2026-09-09 00:10:02.248 8 INFO neutron.db.ovn_revision_numbers_db [None req-91515ff6-aec3-478b-a1e5-d47b612ce882 - - - - - -] Successfully bumped revision number for resource 0407b1f1-498f-44b6-89bd-f7f84e246ecb (type: ports) to 2 [pid: 7|app: 0|req: 791/1778] 10.0.0.217 () {34 vars in 990 bytes} [Wed Sep 9 00:10:02 2026] GET /v2.0/ports?device_id=bffc6b94-6519-4526-8c1b-3a579aeb5eb5 => generated 12 bytes in 31 msecs (HTTP/1.1 200) 4 headers in 156 bytes (1 switches on core 0)
2026-09-09 00:10:02.306 8 INFO neutron.db.ovn_revision_numbers_db [None req-91515ff6-aec3-478b-a1e5-d47b612ce882 - - - - - -] Successfully bumped revision number for resource 8f80a303-5886-41be-a752-30125f9751d9 (type: subnets) to 0 [pid: 8|app: 0|req: 988/1779] 10.0.0.221 () {34 vars in 669 bytes} [Wed Sep 9 00:10:01 2026] POST /v2.0/subnets => generated 626 bytes in 907 msecs (HTTP/1.1 201) 4 headers in 162 bytes (1 switches on core 0)
2026-09-09 00:10:02.426 7 INFO neutron.db.segments_db [None req-35d6f1bf-d150-46ea-8856-4f1a6fca5fe5 536000fdbab54aba936c5ae1a31f2a3a 79551ecee31a44188ddfbf604cc7b683 - - default default] Added segment f168a941-b03b-431c-a4d5-4cc62b9f3653 of type geneve for network dae370df-e88d-4481-a1ad-878f86d28c30
2026-09-09 00:10:02.480 8 INFO neutron.db.segments_db [None req-2d67660a-cd8a-46db-95d7-4f45555ab080 20bbe77759234be1a8873021049f134d 12fc3ca8329c47638907abf97522c97e - - default default] Added segment 4aaca949-a4e9-4216-bdb1-3228abb38283 of type geneve for network c32f361e-1c07-431d-baa0-dfec99834868
2026-09-09 00:10:02.557 7 INFO neutron.db.ovn_revision_numbers_db [None req-35d6f1bf-d150-46ea-8856-4f1a6fca5fe5 536000fdbab54aba936c5ae1a31f2a3a 79551ecee31a44188ddfbf604cc7b683 - - default default] Successfully bumped revision number for resource dae370df-e88d-4481-a1ad-878f86d28c30 (type: networks) to 1
2026-09-09 00:10:02.612 8 INFO neutron.db.ovn_revision_numbers_db [None req-2d67660a-cd8a-46db-95d7-4f45555ab080 20bbe77759234be1a8873021049f134d 12fc3ca8329c47638907abf97522c97e - - default default] Successfully bumped revision number for resource c32f361e-1c07-431d-baa0-dfec99834868 (type: networks) to 1
2026-09-09 00:10:02.723 7 WARNING neutron.scheduler.dhcp_agent_scheduler [None req-35d6f1bf-d150-46ea-8856-4f1a6fca5fe5 536000fdbab54aba936c5ae1a31f2a3a 79551ecee31a44188ddfbf604cc7b683 - - default default] No more DHCP agents
2026-09-09 00:10:02.725 7 WARNING neutron.api.rpc.agentnotifiers.dhcp_rpc_agent_api [None req-35d6f1bf-d150-46ea-8856-4f1a6fca5fe5 536000fdbab54aba936c5ae1a31f2a3a 79551ecee31a44188ddfbf604cc7b683 - - default default] Unable to schedule network dae370df-e88d-4481-a1ad-878f86d28c30: no agents available; will retry on subsequent port and subnet creation events.
2026-09-09 00:10:02.761 7 INFO neutron.plugins.ml2.drivers.ovn.mech_driver.mech_driver [None req-7f203eda-4e77-4c34-bc69-17c9bf88d4de - - - - - -] OVN reports status down for port: bc6e46ad-830c-466f-aa2f-78ee4c9190f4
2026-09-09 00:10:02.823 8 WARNING neutron.scheduler.dhcp_agent_scheduler [None req-2d67660a-cd8a-46db-95d7-4f45555ab080 20bbe77759234be1a8873021049f134d 12fc3ca8329c47638907abf97522c97e - - default default] No more DHCP agents
2026-09-09 00:10:02.824 7 INFO neutron.db.ovn_revision_numbers_db [None req-35d6f1bf-d150-46ea-8856-4f1a6fca5fe5 536000fdbab54aba936c5ae1a31f2a3a 79551ecee31a44188ddfbf604cc7b683 - - default default] Successfully bumped revision number for resource bc6e46ad-830c-466f-aa2f-78ee4c9190f4 (type: ports) to 1
2026-09-09 00:10:02.827 8 WARNING neutron.api.rpc.agentnotifiers.dhcp_rpc_agent_api [None req-2d67660a-cd8a-46db-95d7-4f45555ab080 20bbe77759234be1a8873021049f134d 12fc3ca8329c47638907abf97522c97e - - default default] Unable to schedule network c32f361e-1c07-431d-baa0-dfec99834868: no agents available; will retry on subsequent port and subnet creation events.
2026-09-09 00:10:02.893 8 INFO neutron.plugins.ml2.drivers.ovn.mech_driver.mech_driver [None req-38180543-5561-44c5-8455-c2cdc871d758 - - - - - -] OVN reports status down for port: fe4d4549-0f0e-43f4-9045-aabb39a1f4e6 [pid: 7|app: 0|req: 792/1780] 10.0.0.221 () {34 vars in 670 bytes} [Wed Sep 9 00:10:02 2026] POST /v2.0/networks => generated 729 bytes in 647 msecs (HTTP/1.1 201) 4 headers in 162 bytes (1 switches on core 0)
2026-09-09 00:10:02.959 8 INFO neutron.db.ovn_revision_numbers_db [None req-2d67660a-cd8a-46db-95d7-4f45555ab080 20bbe77759234be1a8873021049f134d 12fc3ca8329c47638907abf97522c97e - - default default] Successfully bumped revision number for resource fe4d4549-0f0e-43f4-9045-aabb39a1f4e6 (type: ports) to 1 [pid: 7|app: 0|req: 793/1781] 10.0.0.221 () {32 vars in 774 bytes} [Wed Sep 9 00:10:02 2026] GET /v2.0/security-groups?tenant_id=08127ead3d8a4a69bc692a44e077172c&name=default => generated 2925 bytes in 38 msecs (HTTP/1.1 200) 4 headers in 158 bytes (1 switches on core 0) [pid: 8|app: 0|req: 989/1782] 10.0.0.221 () {34 vars in 670 bytes} [Wed Sep 9 00:10:02 2026] POST /v2.0/networks => generated 632 bytes in 658 msecs (HTTP/1.1 201) 4 headers in 162 bytes (1 switches on core 0)
2026-09-09 00:10:03.080 7 WARNING neutron.scheduler.dhcp_agent_scheduler [None req-f5fd8bbc-c699-4351-b0f8-d3c120a60ad8 536000fdbab54aba936c5ae1a31f2a3a 79551ecee31a44188ddfbf604cc7b683 - - default default] No more DHCP agents
2026-09-09 00:10:03.082 7 WARNING neutron.api.rpc.agentnotifiers.dhcp_rpc_agent_api [None req-f5fd8bbc-c699-4351-b0f8-d3c120a60ad8 536000fdbab54aba936c5ae1a31f2a3a 79551ecee31a44188ddfbf604cc7b683 - - default default] Unable to schedule network dae370df-e88d-4481-a1ad-878f86d28c30: no agents available; will retry on subsequent port and subnet creation events. [pid: 8|app: 0|req: 990/1783] 10.0.0.221 () {32 vars in 740 bytes} [Wed Sep 9 00:10:03 2026] DELETE /v2.0/security-groups/1405bd6a-5bad-4f51-9e7b-e12b229229bb => generated 0 bytes in 227 msecs (HTTP/1.1 204) 2 headers in 112 bytes (1 switches on core 0)
2026-09-09 00:10:03.493 8 WARNING neutron.scheduler.dhcp_agent_scheduler [None req-28ae906f-09a4-4e46-b2b3-d598b0a07a05 20bbe77759234be1a8873021049f134d 12fc3ca8329c47638907abf97522c97e - - default default] No more DHCP agents
2026-09-09 00:10:03.495 8 WARNING neutron.api.rpc.agentnotifiers.dhcp_rpc_agent_api [None req-28ae906f-09a4-4e46-b2b3-d598b0a07a05 20bbe77759234be1a8873021049f134d 12fc3ca8329c47638907abf97522c97e - - default default] Unable to schedule network c32f361e-1c07-431d-baa0-dfec99834868: no agents available; will retry on subsequent port and subnet creation events.
2026-09-09 00:10:03.698 7 INFO neutron.db.ovn_revision_numbers_db [None req-6e9edc71-5412-47ad-8f9e-79d4a6895fe8 - - - - - -] Successfully bumped revision number for resource bc6e46ad-830c-466f-aa2f-78ee4c9190f4 (type: ports) to 2
2026-09-09 00:10:03.728 7 INFO neutron.db.ovn_revision_numbers_db [None req-6e9edc71-5412-47ad-8f9e-79d4a6895fe8 - - - - - -] Successfully bumped revision number for resource 0bba34b5-24e9-4c20-b638-afcd80b13e8a (type: subnets) to 0 [pid: 7|app: 0|req: 794/1784] 10.0.0.221 () {34 vars in 669 bytes} [Wed Sep 9 00:10:02 2026] POST /v2.0/subnets => generated 647 bytes in 780 msecs (HTTP/1.1 201) 4 headers in 162 bytes (1 switches on core 0)
2026-09-09 00:10:03.757 7 WARNING neutron.api.v2.base [None req-87a4cf7b-6687-45b8-8bac-b6bd4bce0a31 536000fdbab54aba936c5ae1a31f2a3a 79551ecee31a44188ddfbf604cc7b683 - - default default] An exception happened while processing the request body. The exception message is [Invalid input for target_tenant. Reason: '1234123412341234123412341234123412341234123412341234123412341234123412341234123412341234123412341234123412341234123412341234123412341234123412341234123412341234123412341234123412341234123412341234123412341234123412341234123412341234123412341234123412341234123412341234123412341234123412341234123412341234123412341234123412341234123412341234123412341234123412341234123412341234123412341234123412341234' exceeds maximum length of 255.].: webob.exc.HTTPBadRequest: Invalid input for target_tenant. Reason: '1234123412341234123412341234123412341234123412341234123412341234123412341234123412341234123412341234123412341234123412341234123412341234123412341234123412341234123412341234123412341234123412341234123412341234123412341234123412341234123412341234123412341234123412341234123412341234123412341234123412341234123412341234123412341234123412341234123412341234123412341234123412341234123412341234123412341234' exceeds maximum length of 255.
2026-09-09 00:10:03.758 7 INFO neutron.api.v2.resource [None req-87a4cf7b-6687-45b8-8bac-b6bd4bce0a31 536000fdbab54aba936c5ae1a31f2a3a 79551ecee31a44188ddfbf604cc7b683 - - default default] create failed (client error): Invalid input for target_tenant. Reason: '1234123412341234123412341234123412341234123412341234123412341234123412341234123412341234123412341234123412341234123412341234123412341234123412341234123412341234123412341234123412341234123412341234123412341234123412341234123412341234123412341234123412341234123412341234123412341234123412341234123412341234123412341234123412341234123412341234123412341234123412341234123412341234123412341234123412341234' exceeds maximum length of 255. [pid: 7|app: 0|req: 795/1785] 10.0.0.221 () {34 vars in 681 bytes} [Wed Sep 9 00:10:03 2026] POST /v2.0/rbac-policies => generated 547 bytes in 7 msecs (HTTP/1.1 400) 4 headers in 166 bytes (1 switches on core 0)
2026-09-09 00:10:03.903 7 INFO neutron.services.segments.plugin [-] Segment 0ceaa3e2-4e4c-4cdf-9ef2-cc6380263bab resource provider aggregate not found
2026-09-09 00:10:03.908 7 INFO neutron.services.segments.plugin [-] Segment 0ceaa3e2-4e4c-4cdf-9ef2-cc6380263bab resource provider aggregate not found
2026-09-09 00:10:03.923 7 INFO neutron.services.segments.plugin [-] Client error retrieving segment 0ceaa3e2-4e4c-4cdf-9ef2-cc6380263bab resource provider; error: Placement Client Error (4xx): {"errors": [{"status": 404, "title": "Not Found", "detail": "The resource could not be found.\n\n No resource provider with uuid 0ceaa3e2-4e4c-4cdf-9ef2-cc6380263bab found for delete ", "request_id": "req-8211dd19-beee-41af-9bd8-99dc733d106f"}]}
2026-09-09 00:10:03.931 7 INFO neutron.services.segments.plugin [-] Client error retrieving segment 0ceaa3e2-4e4c-4cdf-9ef2-cc6380263bab resource provider; error: Placement Client Error (4xx): {"errors": [{"status": 404, "title": "Not Found", "detail": "The resource could not be found.\n\n No resource provider with uuid 0ceaa3e2-4e4c-4cdf-9ef2-cc6380263bab found for delete ", "request_id": "req-8c850c23-4637-4de6-a8a1-1bd6117060ba"}]}
2026-09-09 00:10:03.938 7 INFO neutron_taas.services.taas.taas_plugin [None req-f2ac6ccb-91ee-4aa2-9704-76ccd24c4ab8 536000fdbab54aba936c5ae1a31f2a3a 79551ecee31a44188ddfbf604cc7b683 - - default default] TaaS: Handle Delete Port: bc6e46ad-830c-466f-aa2f-78ee4c9190f4
2026-09-09 00:10:03.941 7 INFO neutron_taas.services.taas.tap_mirror_plugin [None req-f2ac6ccb-91ee-4aa2-9704-76ccd24c4ab8 536000fdbab54aba936c5ae1a31f2a3a 79551ecee31a44188ddfbf604cc7b683 - - default default] Tap Mirror: Handle Delete Port: bc6e46ad-830c-466f-aa2f-78ee4c9190f4
2026-09-09 00:10:04.001 8 INFO neutron.db.ovn_revision_numbers_db [None req-c214707d-1431-4409-a8fa-cab908acb3d7 - - - - - -] Successfully bumped revision number for resource fe4d4549-0f0e-43f4-9045-aabb39a1f4e6 (type: ports) to 2
2026-09-09 00:10:04.047 8 INFO neutron.db.ovn_revision_numbers_db [None req-c214707d-1431-4409-a8fa-cab908acb3d7 - - - - - -] Successfully bumped revision number for resource e15e38de-42f4-472e-b718-3678caa98f61 (type: subnets) to 0 [pid: 8|app: 0|req: 991/1786] 10.0.0.221 () {34 vars in 669 bytes} [Wed Sep 9 00:10:03 2026] POST /v2.0/subnets => generated 629 bytes in 836 msecs (HTTP/1.1 201) 4 headers in 162 bytes (1 switches on core 0)
2026-09-09 00:10:04.188 8 INFO neutron.db.segments_db [None req-2c056c13-ca1c-488c-be1d-e04571ed50aa 20bbe77759234be1a8873021049f134d 12fc3ca8329c47638907abf97522c97e - - default default] Added segment 91f9e085-8364-4c5f-b960-8943f505c1ad of type geneve for network 06ad164a-6b9f-4260-a680-bb33fe462455
2026-09-09 00:10:04.350 8 INFO neutron.db.ovn_revision_numbers_db [None req-2c056c13-ca1c-488c-be1d-e04571ed50aa 20bbe77759234be1a8873021049f134d 12fc3ca8329c47638907abf97522c97e - - default default] Successfully bumped revision number for resource 06ad164a-6b9f-4260-a680-bb33fe462455 (type: networks) to 1
2026-09-09 00:10:04.534 8 WARNING neutron.scheduler.dhcp_agent_scheduler [None req-2c056c13-ca1c-488c-be1d-e04571ed50aa 20bbe77759234be1a8873021049f134d 12fc3ca8329c47638907abf97522c97e - - default default] No more DHCP agents
2026-09-09 00:10:04.539 8 WARNING neutron.api.rpc.agentnotifiers.dhcp_rpc_agent_api [None req-2c056c13-ca1c-488c-be1d-e04571ed50aa 20bbe77759234be1a8873021049f134d 12fc3ca8329c47638907abf97522c97e - - default default] Unable to schedule network 06ad164a-6b9f-4260-a680-bb33fe462455: no agents available; will retry on subsequent port and subnet creation events.
2026-09-09 00:10:04.597 7 INFO neutron.plugins.ml2.drivers.ovn.mech_driver.mech_driver [None req-7f203eda-4e77-4c34-bc69-17c9bf88d4de - - - - - -] OVN reports status down for port: 4234c757-16c9-442f-83d2-0227cc224405
2026-09-09 00:10:04.617 8 INFO neutron.db.ovn_revision_numbers_db [None req-2c056c13-ca1c-488c-be1d-e04571ed50aa 20bbe77759234be1a8873021049f134d 12fc3ca8329c47638907abf97522c97e - - default default] Successfully bumped revision number for resource 4234c757-16c9-442f-83d2-0227cc224405 (type: ports) to 1 [pid: 8|app: 0|req: 992/1787] 10.0.0.221 () {34 vars in 670 bytes} [Wed Sep 9 00:10:04 2026] POST /v2.0/networks => generated 632 bytes in 587 msecs (HTTP/1.1 201) 4 headers in 162 bytes (1 switches on core 0) [pid: 7|app: 0|req: 796/1788] 10.0.0.221 () {32 vars in 726 bytes} [Wed Sep 9 00:10:03 2026] DELETE /v2.0/networks/dae370df-e88d-4481-a1ad-878f86d28c30 => generated 0 bytes in 1040 msecs (HTTP/1.1 204) 3 headers in 131 bytes (1 switches on core 0)
2026-09-09 00:10:05.050 7 WARNING neutron.scheduler.dhcp_agent_scheduler [None req-34cf00e8-4d30-4d29-957a-8b1eceb1d4ca 20bbe77759234be1a8873021049f134d 12fc3ca8329c47638907abf97522c97e - - default default] No more DHCP agents
2026-09-09 00:10:05.051 7 WARNING neutron.api.rpc.agentnotifiers.dhcp_rpc_agent_api [None req-34cf00e8-4d30-4d29-957a-8b1eceb1d4ca 20bbe77759234be1a8873021049f134d 12fc3ca8329c47638907abf97522c97e - - default default] Unable to schedule network 06ad164a-6b9f-4260-a680-bb33fe462455: no agents available; will retry on subsequent port and subnet creation events.
2026-09-09 00:10:05.566 8 INFO neutron_taas.services.taas.taas_plugin [None req-097b22a1-7ea7-44eb-ade7-6f37f0ebe89f 2e914cdfdff140689227b323ff93c867 ce684f0fdf5a42b4be5b474b2dce7d60 - - default default] TaaS: Handle Delete Port: d810f5ef-1065-477d-b3ce-51890c93c19e
2026-09-09 00:10:05.570 8 INFO neutron_taas.services.taas.tap_mirror_plugin [None req-097b22a1-7ea7-44eb-ade7-6f37f0ebe89f 2e914cdfdff140689227b323ff93c867 ce684f0fdf5a42b4be5b474b2dce7d60 - - default default] Tap Mirror: Handle Delete Port: d810f5ef-1065-477d-b3ce-51890c93c19e
2026-09-09 00:10:05.581 7 INFO neutron.db.ovn_revision_numbers_db [None req-98d78c9e-1919-4941-bcd6-e3a0557ba44d - - - - - -] Successfully bumped revision number for resource 4234c757-16c9-442f-83d2-0227cc224405 (type: ports) to 2
2026-09-09 00:10:05.615 7 INFO neutron.db.ovn_revision_numbers_db [None req-98d78c9e-1919-4941-bcd6-e3a0557ba44d - - - - - -] Successfully bumped revision number for resource c0c18846-6930-4e81-9e63-c4e6c0bda32a (type: subnets) to 0 [pid: 7|app: 0|req: 797/1789] 10.0.0.221 () {34 vars in 669 bytes} [Wed Sep 9 00:10:04 2026] POST /v2.0/subnets => generated 629 bytes in 843 msecs (HTTP/1.1 201) 4 headers in 162 bytes (1 switches on core 0)
2026-09-09 00:10:05.783 7 INFO neutron.db.segments_db [None req-815d4279-c79b-4a5a-a3b5-6bd29a988415 536000fdbab54aba936c5ae1a31f2a3a 79551ecee31a44188ddfbf604cc7b683 - - default default] Added segment d58cb745-f2c0-4be2-8666-bd3b3245cd93 of type geneve for network 8f093a70-b999-4acc-af1d-8acd1aed72e1
2026-09-09 00:10:05.935 7 INFO neutron.db.ovn_revision_numbers_db [None req-815d4279-c79b-4a5a-a3b5-6bd29a988415 536000fdbab54aba936c5ae1a31f2a3a 79551ecee31a44188ddfbf604cc7b683 - - default default] Successfully bumped revision number for resource 8f093a70-b999-4acc-af1d-8acd1aed72e1 (type: networks) to 1
2026-09-09 00:10:05.947 7 INFO neutron.services.segments.plugin [-] Segment f168a941-b03b-431c-a4d5-4cc62b9f3653 resource provider aggregate not found
2026-09-09 00:10:05.951 7 INFO neutron.services.segments.plugin [-] Segment f168a941-b03b-431c-a4d5-4cc62b9f3653 resource provider aggregate not found
2026-09-09 00:10:05.969 7 INFO neutron.services.segments.plugin [-] Client error retrieving segment f168a941-b03b-431c-a4d5-4cc62b9f3653 resource provider; error: Placement Client Error (4xx): {"errors": [{"status": 404, "title": "Not Found", "detail": "The resource could not be found.\n\n No resource provider with uuid f168a941-b03b-431c-a4d5-4cc62b9f3653 found for delete ", "request_id": "req-f8f050a4-1958-4635-81b2-44dbd588d746"}]}
2026-09-09 00:10:05.976 7 INFO neutron.services.segments.plugin [-] Client error retrieving segment f168a941-b03b-431c-a4d5-4cc62b9f3653 resource provider; error: Placement Client Error (4xx): {"errors": [{"status": 404, "title": "Not Found", "detail": "The resource could not be found.\n\n No resource provider with uuid f168a941-b03b-431c-a4d5-4cc62b9f3653 found for delete ", "request_id": "req-e19569d6-ad0a-443c-851c-0f297a3646a7"}]}
2026-09-09 00:10:06.138 7 WARNING neutron.scheduler.dhcp_agent_scheduler [None req-815d4279-c79b-4a5a-a3b5-6bd29a988415 536000fdbab54aba936c5ae1a31f2a3a 79551ecee31a44188ddfbf604cc7b683 - - default default] No more DHCP agents
2026-09-09 00:10:06.139 7 WARNING neutron.api.rpc.agentnotifiers.dhcp_rpc_agent_api [None req-815d4279-c79b-4a5a-a3b5-6bd29a988415 536000fdbab54aba936c5ae1a31f2a3a 79551ecee31a44188ddfbf604cc7b683 - - default default] Unable to schedule network 8f093a70-b999-4acc-af1d-8acd1aed72e1: no agents available; will retry on subsequent port and subnet creation events.
2026-09-09 00:10:06.201 8 INFO neutron.plugins.ml2.drivers.ovn.mech_driver.mech_driver [None req-38180543-5561-44c5-8455-c2cdc871d758 - - - - - -] OVN reports status down for port: 5e16b3af-de2e-477c-9282-81649fefc625
2026-09-09 00:10:06.274 7 INFO neutron.db.ovn_revision_numbers_db [None req-815d4279-c79b-4a5a-a3b5-6bd29a988415 536000fdbab54aba936c5ae1a31f2a3a 79551ecee31a44188ddfbf604cc7b683 - - default default] Successfully bumped revision number for resource 5e16b3af-de2e-477c-9282-81649fefc625 (type: ports) to 1 [pid: 8|app: 0|req: 993/1790] 10.0.0.221 () {34 vars in 789 bytes} [Wed Sep 9 00:10:04 2026] PUT /v2.0/routers/f5e1e64a-d1e1-4a84-bf38-c2bc0893e71c/remove_router_interface => generated 309 bytes in 1629 msecs (HTTP/1.1 200) 4 headers in 157 bytes (1 switches on core 0) /var/lib/openstack/lib/python3.12/site-packages/pycadf/identifier.py:70: UserWarning: Invalid uuid: neutron. To ensure interoperability, identifiers should be a valid uuid. warnings.warn(('Invalid uuid: %s. To ensure interoperability, ' [pid: 7|app: 0|req: 798/1791] 10.0.0.221 () {34 vars in 670 bytes} [Wed Sep 9 00:10:05 2026] POST /v2.0/networks => generated 728 bytes in 685 msecs (HTTP/1.1 201) 4 headers in 162 bytes (1 switches on core 0)
2026-09-09 00:10:06.417 8 INFO neutron.db.segments_db [None req-9fabef5b-3594-4f0b-9339-a39e45b4dbb8 20bbe77759234be1a8873021049f134d 12fc3ca8329c47638907abf97522c97e - - default default] Added segment b77f161e-b209-4b39-b19e-55a4030f7917 of type geneve for network 74bea0ae-6129-4b46-bfc6-e442122daee0
2026-09-09 00:10:06.525 8 INFO neutron.db.ovn_revision_numbers_db [None req-9fabef5b-3594-4f0b-9339-a39e45b4dbb8 20bbe77759234be1a8873021049f134d 12fc3ca8329c47638907abf97522c97e - - default default] Successfully bumped revision number for resource 74bea0ae-6129-4b46-bfc6-e442122daee0 (type: networks) to 1
2026-09-09 00:10:06.676 8 WARNING neutron.scheduler.dhcp_agent_scheduler [None req-9fabef5b-3594-4f0b-9339-a39e45b4dbb8 20bbe77759234be1a8873021049f134d 12fc3ca8329c47638907abf97522c97e - - default default] No more DHCP agents
2026-09-09 00:10:06.678 8 WARNING neutron.api.rpc.agentnotifiers.dhcp_rpc_agent_api [None req-9fabef5b-3594-4f0b-9339-a39e45b4dbb8 20bbe77759234be1a8873021049f134d 12fc3ca8329c47638907abf97522c97e - - default default] Unable to schedule network 74bea0ae-6129-4b46-bfc6-e442122daee0: no agents available; will retry on subsequent port and subnet creation events.
2026-09-09 00:10:06.741 7 INFO neutron.plugins.ml2.drivers.ovn.mech_driver.mech_driver [None req-7f203eda-4e77-4c34-bc69-17c9bf88d4de - - - - - -] OVN reports status down for port: e2c03777-a928-4efa-852a-a56998a0eb12
2026-09-09 00:10:06.744 8 INFO neutron.db.ovn_revision_numbers_db [None req-9fabef5b-3594-4f0b-9339-a39e45b4dbb8 20bbe77759234be1a8873021049f134d 12fc3ca8329c47638907abf97522c97e - - default default] Successfully bumped revision number for resource e2c03777-a928-4efa-852a-a56998a0eb12 (type: ports) to 1 [pid: 8|app: 0|req: 994/1792] 10.0.0.221 () {34 vars in 670 bytes} [Wed Sep 9 00:10:06 2026] POST /v2.0/networks => generated 631 bytes in 481 msecs (HTTP/1.1 201) 4 headers in 162 bytes (1 switches on core 0)
2026-09-09 00:10:06.811 7 INFO neutron_taas.services.taas.taas_plugin [None req-01ec09a2-e808-44c9-aa58-cae9f11bccd9 2e914cdfdff140689227b323ff93c867 ce684f0fdf5a42b4be5b474b2dce7d60 - - default default] TaaS: Handle Delete Port: 61fad6fa-db3a-418e-a46f-c39bbf82828d
2026-09-09 00:10:06.817 7 INFO neutron_taas.services.taas.tap_mirror_plugin [None req-01ec09a2-e808-44c9-aa58-cae9f11bccd9 2e914cdfdff140689227b323ff93c867 ce684f0fdf5a42b4be5b474b2dce7d60 - - default default] Tap Mirror: Handle Delete Port: 61fad6fa-db3a-418e-a46f-c39bbf82828d
2026-09-09 00:10:06.896 8 WARNING neutron.scheduler.dhcp_agent_scheduler [None req-99b701eb-2e9e-466e-b546-046eabb79f7e 536000fdbab54aba936c5ae1a31f2a3a 79551ecee31a44188ddfbf604cc7b683 - - default default] No more DHCP agents
2026-09-09 00:10:06.897 8 WARNING neutron.api.rpc.agentnotifiers.dhcp_rpc_agent_api [None req-99b701eb-2e9e-466e-b546-046eabb79f7e 536000fdbab54aba936c5ae1a31f2a3a 79551ecee31a44188ddfbf604cc7b683 - - default default] Unable to schedule network 8f093a70-b999-4acc-af1d-8acd1aed72e1: no agents available; will retry on subsequent port and subnet creation events.
2026-09-09 00:10:07.273 8 INFO neutron.db.ovn_revision_numbers_db [None req-74032f60-7f0d-4c6c-83ba-5e4554f1bec2 - - - - - -] Successfully bumped revision number for resource 5e16b3af-de2e-477c-9282-81649fefc625 (type: ports) to 2
2026-09-09 00:10:07.299 8 INFO neutron.db.ovn_revision_numbers_db [None req-74032f60-7f0d-4c6c-83ba-5e4554f1bec2 - - - - - -] Successfully bumped revision number for resource e46ccd8c-a5f5-4da8-8e70-05bcdcea6016 (type: subnets) to 0 [pid: 8|app: 0|req: 995/1793] 10.0.0.221 () {34 vars in 669 bytes} [Wed Sep 9 00:10:06 2026] POST /v2.0/subnets => generated 647 bytes in 563 msecs (HTTP/1.1 201) 4 headers in 162 bytes (1 switches on core 0)
2026-09-09 00:10:07.596 8 WARNING neutron.scheduler.dhcp_agent_scheduler [None req-7648dc45-b8dc-409b-b22b-33316669e7b9 20bbe77759234be1a8873021049f134d 12fc3ca8329c47638907abf97522c97e - - default default] No more DHCP agents
2026-09-09 00:10:07.598 8 WARNING neutron.api.rpc.agentnotifiers.dhcp_rpc_agent_api [None req-7648dc45-b8dc-409b-b22b-33316669e7b9 20bbe77759234be1a8873021049f134d 12fc3ca8329c47638907abf97522c97e - - default default] Unable to schedule network 74bea0ae-6129-4b46-bfc6-e442122daee0: no agents available; will retry on subsequent port and subnet creation events. [pid: 7|app: 0|req: 799/1794] 10.0.0.221 () {32 vars in 724 bytes} [Wed Sep 9 00:10:06 2026] DELETE /v2.0/routers/f5e1e64a-d1e1-4a84-bf38-c2bc0893e71c => generated 0 bytes in 1619 msecs (HTTP/1.1 204) 2 headers in 112 bytes (1 switches on core 0) [pid: 7|app: 0|req: 800/1795] 10.0.0.221 () {34 vars in 681 bytes} [Wed Sep 9 00:10:07 2026] POST /v2.0/rbac-policies => generated 324 bytes in 250 msecs (HTTP/1.1 201) 4 headers in 162 bytes (1 switches on core 0)
2026-09-09 00:10:08.202 8 INFO neutron.db.ovn_revision_numbers_db [None req-469f7081-84ed-4a01-aa88-42770d5fd11d - - - - - -] Successfully bumped revision number for resource e2c03777-a928-4efa-852a-a56998a0eb12 (type: ports) to 2
2026-09-09 00:10:08.235 8 INFO neutron.db.ovn_revision_numbers_db [None req-469f7081-84ed-4a01-aa88-42770d5fd11d - - - - - -] Successfully bumped revision number for resource de0bc3f3-4c00-4ffe-bc49-49949be91f83 (type: subnets) to 0 [pid: 8|app: 0|req: 996/1796] 10.0.0.221 () {34 vars in 669 bytes} [Wed Sep 9 00:10:07 2026] POST /v2.0/subnets => generated 629 bytes in 922 msecs (HTTP/1.1 201) 4 headers in 162 bytes (1 switches on core 0) [pid: 8|app: 0|req: 997/1797] 10.0.0.221 () {32 vars in 724 bytes} [Wed Sep 9 00:10:08 2026] DELETE /v2.0/subnets/5a223481-69a6-49eb-90bf-30ecec5dc961 => generated 0 bytes in 135 msecs (HTTP/1.1 204) 3 headers in 131 bytes (1 switches on core 0)
2026-09-09 00:10:08.485 8 INFO neutron.db.segments_db [None req-c048fec4-1ebc-4f17-8494-c806bf53e490 20bbe77759234be1a8873021049f134d 12fc3ca8329c47638907abf97522c97e - - default default] Added segment 5f5a38fb-8abf-4471-aa3d-b900a73e6e0b of type geneve for network 39036031-0e7e-4cd8-9283-d1a98c188f0f
2026-09-09 00:10:08.601 7 INFO neutron.db.ovn_revision_numbers_db [None req-647c823d-668b-46e7-96bb-a6f930cfd654 2e914cdfdff140689227b323ff93c867 ce684f0fdf5a42b4be5b474b2dce7d60 - - default default] Successfully bumped revision number for resource a3c68831-5fc3-4cfc-bf73-c3d5adbc7d4a (type: security_groups) to 1
2026-09-09 00:10:08.617 7 INFO neutron.db.ovn_revision_numbers_db [None req-647c823d-668b-46e7-96bb-a6f930cfd654 2e914cdfdff140689227b323ff93c867 ce684f0fdf5a42b4be5b474b2dce7d60 - - default default] Successfully bumped revision number for resource 8c595c13-f4d6-40f9-9b44-ad630d7ebb8f (type: security_group_rules) to 0
2026-09-09 00:10:08.630 8 INFO neutron.db.ovn_revision_numbers_db [None req-c048fec4-1ebc-4f17-8494-c806bf53e490 20bbe77759234be1a8873021049f134d 12fc3ca8329c47638907abf97522c97e - - default default] Successfully bumped revision number for resource 39036031-0e7e-4cd8-9283-d1a98c188f0f (type: networks) to 1
2026-09-09 00:10:08.633 7 INFO neutron.db.ovn_revision_numbers_db [None req-647c823d-668b-46e7-96bb-a6f930cfd654 2e914cdfdff140689227b323ff93c867 ce684f0fdf5a42b4be5b474b2dce7d60 - - default default] Successfully bumped revision number for resource ae33785f-6617-448f-8dd7-c2ea77fa42dd (type: security_group_rules) to 0
2026-09-09 00:10:08.650 7 INFO neutron.db.ovn_revision_numbers_db [None req-647c823d-668b-46e7-96bb-a6f930cfd654 2e914cdfdff140689227b323ff93c867 ce684f0fdf5a42b4be5b474b2dce7d60 - - default default] Successfully bumped revision number for resource d100a58f-8809-4579-a907-e0ae6c5691f8 (type: security_group_rules) to 0
2026-09-09 00:10:08.667 7 INFO neutron.db.ovn_revision_numbers_db [None req-647c823d-668b-46e7-96bb-a6f930cfd654 2e914cdfdff140689227b323ff93c867 ce684f0fdf5a42b4be5b474b2dce7d60 - - default default] Successfully bumped revision number for resource e1666068-3067-44cd-b9b8-786cf38787fd (type: security_group_rules) to 0 [pid: 7|app: 0|req: 801/1798] 10.0.0.221 () {32 vars in 774 bytes} [Wed Sep 9 00:10:08 2026] GET /v2.0/security-groups?tenant_id=a719c825caba46b1a95037f5aac028d5&name=default => generated 2925 bytes in 516 msecs (HTTP/1.1 200) 4 headers in 158 bytes (1 switches on core 0)
2026-09-09 00:10:08.845 7 INFO neutron_taas.services.taas.taas_plugin [None req-4ec4016b-ec87-470e-949c-876f5ef55300 2e914cdfdff140689227b323ff93c867 ce684f0fdf5a42b4be5b474b2dce7d60 - - default default] TaaS: Handle Delete Port: 83d11920-8591-410c-bd06-445e7168b5c9
2026-09-09 00:10:08.848 7 INFO neutron_taas.services.taas.tap_mirror_plugin [None req-4ec4016b-ec87-470e-949c-876f5ef55300 2e914cdfdff140689227b323ff93c867 ce684f0fdf5a42b4be5b474b2dce7d60 - - default default] Tap Mirror: Handle Delete Port: 83d11920-8591-410c-bd06-445e7168b5c9
2026-09-09 00:10:08.862 8 WARNING neutron.scheduler.dhcp_agent_scheduler [None req-c048fec4-1ebc-4f17-8494-c806bf53e490 20bbe77759234be1a8873021049f134d 12fc3ca8329c47638907abf97522c97e - - default default] No more DHCP agents
2026-09-09 00:10:08.864 8 WARNING neutron.api.rpc.agentnotifiers.dhcp_rpc_agent_api [None req-c048fec4-1ebc-4f17-8494-c806bf53e490 20bbe77759234be1a8873021049f134d 12fc3ca8329c47638907abf97522c97e - - default default] Unable to schedule network 39036031-0e7e-4cd8-9283-d1a98c188f0f: no agents available; will retry on subsequent port and subnet creation events.
2026-09-09 00:10:08.927 7 INFO neutron.plugins.ml2.drivers.ovn.mech_driver.mech_driver [None req-7f203eda-4e77-4c34-bc69-17c9bf88d4de - - - - - -] OVN reports status down for port: c57510a4-b087-41e0-8e24-f1599e5a9550
2026-09-09 00:10:08.958 8 INFO neutron.db.ovn_revision_numbers_db [None req-c048fec4-1ebc-4f17-8494-c806bf53e490 20bbe77759234be1a8873021049f134d 12fc3ca8329c47638907abf97522c97e - - default default] Successfully bumped revision number for resource c57510a4-b087-41e0-8e24-f1599e5a9550 (type: ports) to 1 [pid: 8|app: 0|req: 998/1799] 10.0.0.221 () {34 vars in 670 bytes} [Wed Sep 9 00:10:08 2026] POST /v2.0/networks => generated 632 bytes in 594 msecs (HTTP/1.1 201) 4 headers in 162 bytes (1 switches on core 0) [pid: 8|app: 0|req: 999/1800] 10.0.0.221 () {32 vars in 723 bytes} [Wed Sep 9 00:10:08 2026] GET /v2.0/networks/8f093a70-b999-4acc-af1d-8acd1aed72e1 => generated 654 bytes in 104 msecs (HTTP/1.1 200) 4 headers in 157 bytes (1 switches on core 0)
2026-09-09 00:10:09.109 7 INFO neutron.services.segments.plugin [-] Segment cedb51ac-b015-4593-87b6-33776dafe768 resource provider aggregate not found
2026-09-09 00:10:09.115 7 INFO neutron.services.segments.plugin [-] Segment cedb51ac-b015-4593-87b6-33776dafe768 resource provider aggregate not found
2026-09-09 00:10:09.131 7 INFO neutron.services.segments.plugin [-] Client error retrieving segment cedb51ac-b015-4593-87b6-33776dafe768 resource provider; error: Placement Client Error (4xx): {"errors": [{"status": 404, "title": "Not Found", "detail": "The resource could not be found.\n\n No resource provider with uuid cedb51ac-b015-4593-87b6-33776dafe768 found for delete ", "request_id": "req-2dc454d4-6adc-46d1-a51f-cbb11b73dedc"}]}
2026-09-09 00:10:09.141 7 INFO neutron.services.segments.plugin [-] Client error retrieving segment cedb51ac-b015-4593-87b6-33776dafe768 resource provider; error: Placement Client Error (4xx): {"errors": [{"status": 404, "title": "Not Found", "detail": "The resource could not be found.\n\n No resource provider with uuid cedb51ac-b015-4593-87b6-33776dafe768 found for delete ", "request_id": "req-1f983bf4-7009-443f-b943-dfdd4f819f08"}]} [pid: 7|app: 0|req: 802/1801] 10.0.0.221 () {32 vars in 726 bytes} [Wed Sep 9 00:10:08 2026] DELETE /v2.0/networks/e1ad354d-1731-4713-8e95-a8786446ee29 => generated 0 bytes in 444 msecs (HTTP/1.1 204) 3 headers in 131 bytes (1 switches on core 0) [pid: 8|app: 0|req: 1000/1802] 10.0.0.221 () {32 vars in 740 bytes} [Wed Sep 9 00:10:09 2026] DELETE /v2.0/security-groups/a3c68831-5fc3-4cfc-bf73-c3d5adbc7d4a => generated 0 bytes in 264 msecs (HTTP/1.1 204) 2 headers in 112 bytes (1 switches on core 0) [pid: 8|app: 0|req: 1001/1803] 10.0.0.221 () {32 vars in 774 bytes} [Wed Sep 9 00:10:09 2026] GET /v2.0/security-groups?tenant_id=5a037302008f49ffa5519c64a24b5053&name=default => generated 2925 bytes in 48 msecs (HTTP/1.1 200) 4 headers in 158 bytes (1 switches on core 0)
2026-09-09 00:10:09.444 7 WARNING neutron.scheduler.dhcp_agent_scheduler [None req-d3851640-fb84-4d57-9a9d-ed9f3f8cbee5 20bbe77759234be1a8873021049f134d 12fc3ca8329c47638907abf97522c97e - - default default] No more DHCP agents
2026-09-09 00:10:09.446 7 WARNING neutron.api.rpc.agentnotifiers.dhcp_rpc_agent_api [None req-d3851640-fb84-4d57-9a9d-ed9f3f8cbee5 20bbe77759234be1a8873021049f134d 12fc3ca8329c47638907abf97522c97e - - default default] Unable to schedule network 39036031-0e7e-4cd8-9283-d1a98c188f0f: no agents available; will retry on subsequent port and subnet creation events. [pid: 8|app: 0|req: 1002/1804] 10.0.0.221 () {32 vars in 740 bytes} [Wed Sep 9 00:10:09 2026] DELETE /v2.0/security-groups/1c64be47-98cf-4811-9d8a-8c5806f2155d => generated 0 bytes in 269 msecs (HTTP/1.1 204) 2 headers in 112 bytes (1 switches on core 0)
2026-09-09 00:10:09.878 7 INFO neutron.db.ovn_revision_numbers_db [None req-27bd2a5d-0c3d-45a9-afff-1bb73c5bb47f - - - - - -] Successfully bumped revision number for resource c57510a4-b087-41e0-8e24-f1599e5a9550 (type: ports) to 2
2026-09-09 00:10:09.879 8 INFO neutron.pecan_wsgi.hooks.translation [None req-616d49b8-df63-44c7-8ab3-e09df078eeef 89d8bdac05594a05a96c4e772f5a211b 40f5d132adbf44a0bfd311e1f1376ecb - - default default] GET failed (client error): The resource could not be found. [pid: 8|app: 0|req: 1003/1805] 10.0.0.221 () {32 vars in 723 bytes} [Wed Sep 9 00:10:09 2026] GET /v2.0/networks/8f093a70-b999-4acc-af1d-8acd1aed72e1 => generated 138 bytes in 206 msecs (HTTP/1.1 404) 4 headers in 164 bytes (1 switches on core 0)
2026-09-09 00:10:09.907 7 INFO neutron.db.ovn_revision_numbers_db [None req-27bd2a5d-0c3d-45a9-afff-1bb73c5bb47f - - - - - -] Successfully bumped revision number for resource da45c080-6901-4c6a-a8c4-cb76ff869842 (type: subnets) to 0 [pid: 7|app: 0|req: 803/1806] 10.0.0.221 () {34 vars in 669 bytes} [Wed Sep 9 00:10:09 2026] POST /v2.0/subnets => generated 629 bytes in 759 msecs (HTTP/1.1 201) 4 headers in 162 bytes (1 switches on core 0) [pid: 7|app: 0|req: 804/1807] 10.0.0.221 () {34 vars in 751 bytes} [Wed Sep 9 00:10:09 2026] PUT /v2.0/subnets/8f80a303-5886-41be-a752-30125f9751d9/tags => generated 17 bytes in 49 msecs (HTTP/1.1 200) 4 headers in 156 bytes (1 switches on core 0) [pid: 7|app: 0|req: 805/1808] 10.0.0.221 () {34 vars in 751 bytes} [Wed Sep 9 00:10:09 2026] PUT /v2.0/subnets/e15e38de-42f4-472e-b718-3678caa98f61/tags => generated 25 bytes in 41 msecs (HTTP/1.1 200) 4 headers in 156 bytes (1 switches on core 0)
2026-09-09 00:10:10.048 8 INFO neutron_taas.services.taas.taas_plugin [None req-c43be2a3-22da-4a61-aff6-f9f4886ec9a2 536000fdbab54aba936c5ae1a31f2a3a 79551ecee31a44188ddfbf604cc7b683 - - default default] TaaS: Handle Delete Port: 5e16b3af-de2e-477c-9282-81649fefc625
2026-09-09 00:10:10.052 8 INFO neutron_taas.services.taas.tap_mirror_plugin [None req-c43be2a3-22da-4a61-aff6-f9f4886ec9a2 536000fdbab54aba936c5ae1a31f2a3a 79551ecee31a44188ddfbf604cc7b683 - - default default] Tap Mirror: Handle Delete Port: 5e16b3af-de2e-477c-9282-81649fefc625 [pid: 7|app: 0|req: 806/1809] 10.0.0.221 () {34 vars in 751 bytes} [Wed Sep 9 00:10:10 2026] PUT /v2.0/subnets/c0c18846-6930-4e81-9e63-c4e6c0bda32a/tags => generated 34 bytes in 41 msecs (HTTP/1.1 200) 4 headers in 156 bytes (1 switches on core 0) [pid: 7|app: 0|req: 807/1810] 10.0.0.221 () {34 vars in 751 bytes} [Wed Sep 9 00:10:10 2026] PUT /v2.0/subnets/de0bc3f3-4c00-4ffe-bc49-49949be91f83/tags => generated 19 bytes in 40 msecs (HTTP/1.1 200) 4 headers in 156 bytes (1 switches on core 0) [pid: 7|app: 0|req: 808/1811] 10.0.0.221 () {32 vars in 664 bytes} [Wed Sep 9 00:10:10 2026] GET /v2.0/subnets?tags=red => generated 1904 bytes in 40 msecs (HTTP/1.1 200) 4 headers in 158 bytes (1 switches on core 0) [pid: 7|app: 0|req: 809/1812] 10.0.0.221 () {32 vars in 678 bytes} [Wed Sep 9 00:10:10 2026] GET /v2.0/subnets?tags=red%2Cblue => generated 1283 bytes in 43 msecs (HTTP/1.1 200) 4 headers in 158 bytes (1 switches on core 0) [pid: 7|app: 0|req: 810/1813] 10.0.0.221 () {32 vars in 674 bytes} [Wed Sep 9 00:10:10 2026] GET /v2.0/subnets?tags-any=blue => generated 1283 bytes in 85 msecs (HTTP/1.1 200) 4 headers in 158 bytes (1 switches on core 0) [pid: 7|app: 0|req: 811/1814] 10.0.0.221 () {32 vars in 686 bytes} [Wed Sep 9 00:10:10 2026] GET /v2.0/subnets?tags-any=red%2Cblue => generated 1904 bytes in 45 msecs (HTTP/1.1 200) 4 headers in 158 bytes (1 switches on core 0)
2026-09-09 00:10:10.394 8 INFO neutron.services.segments.plugin [-] Segment d58cb745-f2c0-4be2-8666-bd3b3245cd93 resource provider aggregate not found
2026-09-09 00:10:10.395 8 INFO neutron.services.segments.plugin [-] Segment d58cb745-f2c0-4be2-8666-bd3b3245cd93 resource provider aggregate not found [pid: 7|app: 0|req: 812/1815] 10.0.0.221 () {32 vars in 672 bytes} [Wed Sep 9 00:10:10 2026] GET /v2.0/subnets?not-tags=red => generated 1894 bytes in 46 msecs (HTTP/1.1 200) 4 headers in 158 bytes (1 switches on core 0)
2026-09-09 00:10:10.420 8 INFO neutron.services.segments.plugin [-] Client error retrieving segment d58cb745-f2c0-4be2-8666-bd3b3245cd93 resource provider; error: Placement Client Error (4xx): {"errors": [{"status": 404, "title": "Not Found", "detail": "The resource could not be found.\n\n No resource provider with uuid d58cb745-f2c0-4be2-8666-bd3b3245cd93 found for delete ", "request_id": "req-24c1775a-57a4-4726-bb31-bd5577e2dfec"}]}
2026-09-09 00:10:10.422 8 INFO neutron.services.segments.plugin [-] Client error retrieving segment d58cb745-f2c0-4be2-8666-bd3b3245cd93 resource provider; error: Placement Client Error (4xx): {"errors": [{"status": 404, "title": "Not Found", "detail": "The resource could not be found.\n\n No resource provider with uuid d58cb745-f2c0-4be2-8666-bd3b3245cd93 found for delete ", "request_id": "req-44afb2c7-93ad-497c-a2f5-5b104216c64e"}]} [pid: 8|app: 0|req: 1004/1816] 10.0.0.221 () {32 vars in 726 bytes} [Wed Sep 9 00:10:09 2026] DELETE /v2.0/networks/8f093a70-b999-4acc-af1d-8acd1aed72e1 => generated 0 bytes in 546 msecs (HTTP/1.1 204) 3 headers in 131 bytes (1 switches on core 0)
2026-09-09 00:10:10.463 8 INFO neutron.pecan_wsgi.hooks.translation [None req-cca0d5f2-be05-4b6e-8cf3-ec544e15a2ec 536000fdbab54aba936c5ae1a31f2a3a 79551ecee31a44188ddfbf604cc7b683 - - default default] DELETE failed (client error): The resource could not be found. [pid: 8|app: 0|req: 1005/1817] 10.0.0.221 () {32 vars in 724 bytes} [Wed Sep 9 00:10:10 2026] DELETE /v2.0/subnets/291cfe86-aaba-4109-adc2-5affcc143550 => generated 136 bytes in 21 msecs (HTTP/1.1 404) 4 headers in 164 bytes (1 switches on core 0) [pid: 7|app: 0|req: 813/1818] 10.0.0.221 () {32 vars in 686 bytes} [Wed Sep 9 00:10:10 2026] GET /v2.0/subnets?not-tags=red%2Cblue => generated 2515 bytes in 55 msecs (HTTP/1.1 200) 4 headers in 158 bytes (1 switches on core 0)
2026-09-09 00:10:10.481 7 INFO neutron.pecan_wsgi.hooks.translation [None req-c8994189-634f-447c-a807-972b5ac126f1 536000fdbab54aba936c5ae1a31f2a3a 79551ecee31a44188ddfbf604cc7b683 - - default default] DELETE failed (client error): The resource could not be found. [pid: 7|app: 0|req: 814/1819] 10.0.0.221 () {32 vars in 724 bytes} [Wed Sep 9 00:10:10 2026] DELETE /v2.0/subnets/0bba34b5-24e9-4c20-b638-afcd80b13e8a => generated 136 bytes in 9 msecs (HTTP/1.1 404) 4 headers in 164 bytes (1 switches on core 0)
2026-09-09 00:10:10.503 7 INFO neutron.pecan_wsgi.hooks.translation [None req-40aea78d-1d34-4d29-88ac-fbe048c12c36 536000fdbab54aba936c5ae1a31f2a3a 79551ecee31a44188ddfbf604cc7b683 - - default default] DELETE failed (client error): The resource could not be found. [pid: 7|app: 0|req: 815/1820] 10.0.0.221 () {32 vars in 724 bytes} [Wed Sep 9 00:10:10 2026] DELETE /v2.0/subnets/e46ccd8c-a5f5-4da8-8e70-05bcdcea6016 => generated 136 bytes in 14 msecs (HTTP/1.1 404) 4 headers in 164 bytes (1 switches on core 0) [pid: 8|app: 0|req: 1006/1821] 10.0.0.221 () {32 vars in 682 bytes} [Wed Sep 9 00:10:10 2026] GET /v2.0/subnets?not-tags-any=blue => generated 2515 bytes in 44 msecs (HTTP/1.1 200) 4 headers in 158 bytes (1 switches on core 0) [pid: 7|app: 0|req: 816/1822] 10.0.0.221 () {32 vars in 694 bytes} [Wed Sep 9 00:10:10 2026] GET /v2.0/subnets?not-tags-any=red%2Cblue => generated 1894 bytes in 48 msecs (HTTP/1.1 200) 4 headers in 158 bytes (1 switches on core 0) [pid: 8|app: 0|req: 1007/1823] 10.0.0.221 () {32 vars in 724 bytes} [Wed Sep 9 00:10:10 2026] DELETE /v2.0/subnets/8f80a303-5886-41be-a752-30125f9751d9 => generated 0 bytes in 152 msecs (HTTP/1.1 204) 3 headers in 131 bytes (1 switches on core 0) [pid: 7|app: 0|req: 817/1824] 10.0.0.221 () {32 vars in 724 bytes} [Wed Sep 9 00:10:10 2026] DELETE /v2.0/subnets/e15e38de-42f4-472e-b718-3678caa98f61 => generated 0 bytes in 203 msecs (HTTP/1.1 204) 3 headers in 131 bytes (1 switches on core 0) [pid: 8|app: 0|req: 1008/1825] 10.0.0.221 () {32 vars in 724 bytes} [Wed Sep 9 00:10:10 2026] DELETE /v2.0/subnets/c0c18846-6930-4e81-9e63-c4e6c0bda32a => generated 0 bytes in 239 msecs (HTTP/1.1 204) 3 headers in 131 bytes (1 switches on core 0) [pid: 7|app: 0|req: 818/1826] 10.0.0.221 () {32 vars in 724 bytes} [Wed Sep 9 00:10:11 2026] DELETE /v2.0/subnets/de0bc3f3-4c00-4ffe-bc49-49949be91f83 => generated 0 bytes in 258 msecs (HTTP/1.1 204) 3 headers in 131 bytes (1 switches on core 0)
2026-09-09 00:10:11.531 8 INFO neutron.db.ovn_revision_numbers_db [None req-446bc0c7-2486-46c7-8221-3b03a5353172 2e914cdfdff140689227b323ff93c867 ce684f0fdf5a42b4be5b474b2dce7d60 - - default default] Successfully bumped revision number for resource c03e2df3-da2d-43e1-9b87-f7255aa47414 (type: security_groups) to 1
2026-09-09 00:10:11.543 8 INFO neutron.db.ovn_revision_numbers_db [None req-446bc0c7-2486-46c7-8221-3b03a5353172 2e914cdfdff140689227b323ff93c867 ce684f0fdf5a42b4be5b474b2dce7d60 - - default default] Successfully bumped revision number for resource 3adb78a5-1e6f-45d9-87f0-eb95517c07bc (type: security_group_rules) to 0
2026-09-09 00:10:11.554 8 INFO neutron.db.ovn_revision_numbers_db [None req-446bc0c7-2486-46c7-8221-3b03a5353172 2e914cdfdff140689227b323ff93c867 ce684f0fdf5a42b4be5b474b2dce7d60 - - default default] Successfully bumped revision number for resource 50b0c6d3-74aa-4240-88b2-395259002e03 (type: security_group_rules) to 0
2026-09-09 00:10:11.564 8 INFO neutron.db.ovn_revision_numbers_db [None req-446bc0c7-2486-46c7-8221-3b03a5353172 2e914cdfdff140689227b323ff93c867 ce684f0fdf5a42b4be5b474b2dce7d60 - - default default] Successfully bumped revision number for resource 8d8cd1f2-21a4-4653-bc54-a99c18573ab9 (type: security_group_rules) to 0
2026-09-09 00:10:11.577 8 INFO neutron.db.ovn_revision_numbers_db [None req-446bc0c7-2486-46c7-8221-3b03a5353172 2e914cdfdff140689227b323ff93c867 ce684f0fdf5a42b4be5b474b2dce7d60 - - default default] Successfully bumped revision number for resource c65bf2cc-a456-48df-8d5c-cd95a2a8e4ef (type: security_group_rules) to 0 [pid: 8|app: 0|req: 1009/1827] 10.0.0.221 () {32 vars in 774 bytes} [Wed Sep 9 00:10:11 2026] GET /v2.0/security-groups?tenant_id=40f5d132adbf44a0bfd311e1f1376ecb&name=default => generated 2925 bytes in 363 msecs (HTTP/1.1 200) 4 headers in 158 bytes (1 switches on core 0) [pid: 8|app: 0|req: 1010/1828] 10.0.0.221 () {32 vars in 724 bytes} [Wed Sep 9 00:10:11 2026] DELETE /v2.0/subnets/da45c080-6901-4c6a-a8c4-cb76ff869842 => generated 0 bytes in 121 msecs (HTTP/1.1 204) 3 headers in 131 bytes (1 switches on core 0)
2026-09-09 00:10:11.884 7 INFO neutron.db.ovn_revision_numbers_db [None req-eeab8f52-64d9-49ea-a0ab-15a329f1edab 258cb78ea3f84d39a49f758543565f47 ec74e826182440fa88d646a19d02a649 - - default default] Successfully bumped revision number for resource e7c7da98-5c2e-48ef-ae2c-8122b86d44e7 (type: security_groups) to 1
2026-09-09 00:10:11.903 7 INFO neutron.db.ovn_revision_numbers_db [None req-eeab8f52-64d9-49ea-a0ab-15a329f1edab 258cb78ea3f84d39a49f758543565f47 ec74e826182440fa88d646a19d02a649 - - default default] Successfully bumped revision number for resource 04c54525-4b66-4d07-831a-52e30dd536b5 (type: security_group_rules) to 0
2026-09-09 00:10:11.924 7 INFO neutron.db.ovn_revision_numbers_db [None req-eeab8f52-64d9-49ea-a0ab-15a329f1edab 258cb78ea3f84d39a49f758543565f47 ec74e826182440fa88d646a19d02a649 - - default default] Successfully bumped revision number for resource 065ac4f1-f9fa-43f8-8068-ccdde5423b1b (type: security_group_rules) to 0
2026-09-09 00:10:11.938 7 INFO neutron.db.ovn_revision_numbers_db [None req-eeab8f52-64d9-49ea-a0ab-15a329f1edab 258cb78ea3f84d39a49f758543565f47 ec74e826182440fa88d646a19d02a649 - - default default] Successfully bumped revision number for resource 15a9a868-6efc-4e2c-ac7f-fe92ee41a5f1 (type: security_group_rules) to 0 [pid: 8|app: 0|req: 1013/1831] 10.0.0.221 () {32 vars in 740 bytes} [Wed Sep 9 00:10:11 2026] DELETE /v2.0/security-groups/c03e2df3-da2d-43e1-9b87-f7255aa47414 => generated 0 bytes in 210 msecs (HTTP/1.1 204) 2 headers in 112 bytes (1 switches on core 0)
2026-09-09 00:10:11.950 7 INFO neutron.db.ovn_revision_numbers_db [None req-eeab8f52-64d9-49ea-a0ab-15a329f1edab 258cb78ea3f84d39a49f758543565f47 ec74e826182440fa88d646a19d02a649 - - default default] Successfully bumped revision number for resource 96b5d6cf-8fe2-4496-9921-ea929ff639d6 (type: security_group_rules) to 0
2026-09-09 00:10:12.075 7 INFO neutron.db.segments_db [None req-eeab8f52-64d9-49ea-a0ab-15a329f1edab 258cb78ea3f84d39a49f758543565f47 ec74e826182440fa88d646a19d02a649 - - default default] Added segment 33ce249f-c28a-4ed2-af0f-0bb8cd7c00cf of type geneve for network c15699e9-20d9-4e0a-9f51-a3bfa1771c8b
2026-09-09 00:10:12.084 8 INFO neutron_taas.services.taas.taas_plugin [None req-9ddbd808-a95f-4e2d-8940-e1f3c9b00726 20bbe77759234be1a8873021049f134d 12fc3ca8329c47638907abf97522c97e - - default default] TaaS: Handle Delete Port: 0407b1f1-498f-44b6-89bd-f7f84e246ecb
2026-09-09 00:10:12.087 8 INFO neutron_taas.services.taas.tap_mirror_plugin [None req-9ddbd808-a95f-4e2d-8940-e1f3c9b00726 20bbe77759234be1a8873021049f134d 12fc3ca8329c47638907abf97522c97e - - default default] Tap Mirror: Handle Delete Port: 0407b1f1-498f-44b6-89bd-f7f84e246ecb
2026-09-09 00:10:12.205 7 INFO neutron.db.segments_db [None req-eeab8f52-64d9-49ea-a0ab-15a329f1edab 258cb78ea3f84d39a49f758543565f47 ec74e826182440fa88d646a19d02a649 - - default default] Added segment 087f7047-0290-4437-ab3f-67fd7867ee9f of type geneve for network db1886e4-998a-492d-a371-2344da38d1f4 [pid: 8|app: 0|req: 1014/1832] 10.0.0.221 () {32 vars in 726 bytes} [Wed Sep 9 00:10:11 2026] DELETE /v2.0/networks/cefa82c1-94f3-45b8-8f2e-4c52e3216665 => generated 0 bytes in 368 msecs (HTTP/1.1 204) 3 headers in 131 bytes (1 switches on core 0)
2026-09-09 00:10:12.404 7 INFO neutron.db.ovn_revision_numbers_db [None req-eeab8f52-64d9-49ea-a0ab-15a329f1edab 258cb78ea3f84d39a49f758543565f47 ec74e826182440fa88d646a19d02a649 - - default default] Successfully bumped revision number for resource c15699e9-20d9-4e0a-9f51-a3bfa1771c8b (type: networks) to 1
2026-09-09 00:10:12.446 8 INFO neutron.services.segments.plugin [-] Segment 911f3590-7d83-4ac7-9d7e-dd8855b5a41e resource provider aggregate not found
2026-09-09 00:10:12.452 8 INFO neutron.services.segments.plugin [-] Segment 911f3590-7d83-4ac7-9d7e-dd8855b5a41e resource provider aggregate not found
2026-09-09 00:10:12.478 8 INFO neutron.services.segments.plugin [-] Client error retrieving segment 911f3590-7d83-4ac7-9d7e-dd8855b5a41e resource provider; error: Placement Client Error (4xx): {"errors": [{"status": 404, "title": "Not Found", "detail": "The resource could not be found.\n\n No resource provider with uuid 911f3590-7d83-4ac7-9d7e-dd8855b5a41e found for delete ", "request_id": "req-b01159df-c67b-46e1-8fac-4992acdab992"}]}
2026-09-09 00:10:12.478 8 INFO neutron.services.segments.plugin [-] Client error retrieving segment 911f3590-7d83-4ac7-9d7e-dd8855b5a41e resource provider; error: Placement Client Error (4xx): {"errors": [{"status": 404, "title": "Not Found", "detail": "The resource could not be found.\n\n No resource provider with uuid 911f3590-7d83-4ac7-9d7e-dd8855b5a41e found for delete ", "request_id": "req-c81df6ea-eb87-4786-acff-78c331a41da9"}]}
2026-09-09 00:10:12.503 8 INFO neutron.db.ovn_revision_numbers_db [None req-1ee00ebf-ea6d-4e86-90be-9463d7a22d99 2e914cdfdff140689227b323ff93c867 ce684f0fdf5a42b4be5b474b2dce7d60 - - default default] Successfully bumped revision number for resource 1fd73bf0-2fbc-4ad7-836d-7a74a357fa0c (type: security_groups) to 1
