2026-09-09 00:08:57.993 8 WARNING neutron.scheduler.dhcp_agent_scheduler [None req-6829f876-1160-41d1-9e6b-e5eb21dd697f a1d93652536d44168e797f13340cb29e 904fdbfe07df4324a090ddb6740c7b14 - - default default] No more DHCP agents
2026-09-09 00:08:57.994 8 WARNING neutron.api.rpc.agentnotifiers.dhcp_rpc_agent_api [None req-6829f876-1160-41d1-9e6b-e5eb21dd697f a1d93652536d44168e797f13340cb29e 904fdbfe07df4324a090ddb6740c7b14 - - default default] Unable to schedule network 681bd97e-80a7-47b4-9187-802455270d12: no agents available; will retry on subsequent port and subnet creation events.
2026-09-09 00:08:58.524 8 INFO neutron.db.ovn_revision_numbers_db [None req-e7ac975d-7c4d-4b76-982a-c570ed9b19b9 - - - - - -] Successfully bumped revision number for resource 4098eccb-cc5e-4f79-ab91-c122da4b353c (type: ports) to 2
2026-09-09 00:08:58.560 8 INFO neutron.db.ovn_revision_numbers_db [None req-e7ac975d-7c4d-4b76-982a-c570ed9b19b9 - - - - - -] Successfully bumped revision number for resource a9149b17-96e8-4aa1-bc9b-78f327291a1d (type: subnets) to 0 [pid: 8|app: 0|req: 691/1300] 10.0.0.221 () {34 vars in 669 bytes} [Wed Sep 9 00:08:57 2026] POST /v2.0/subnets => generated 626 bytes in 827 msecs (HTTP/1.1 201) 4 headers in 162 bytes (1 switches on core 0)
2026-09-09 00:08:58.682 7 INFO neutron.db.ovn_revision_numbers_db [None req-0c750540-1395-4802-b5f7-5a62fc7a981f - - - - - -] Successfully bumped revision number for resource 5ce60765-e71f-4eef-8edb-935d6f73005b (type: ports) to 3
2026-09-09 00:08:58.818 8 WARNING neutron.scheduler.dhcp_agent_scheduler [None req-0e4984cc-7a70-4111-b1d2-3e8c057268a5 a1d93652536d44168e797f13340cb29e 904fdbfe07df4324a090ddb6740c7b14 - - default default] No more DHCP agents
2026-09-09 00:08:58.819 8 WARNING neutron.api.rpc.agentnotifiers.dhcp_rpc_agent_api [None req-0e4984cc-7a70-4111-b1d2-3e8c057268a5 a1d93652536d44168e797f13340cb29e 904fdbfe07df4324a090ddb6740c7b14 - - default default] Unable to schedule network 681bd97e-80a7-47b4-9187-802455270d12: no agents available; will retry on subsequent port and subnet creation events.
2026-09-09 00:08:58.915 7 INFO neutron.plugins.ml2.drivers.ovn.mech_driver.mech_driver [None req-f0e761c0-675a-4161-9811-91e7074114da - - - - - -] OVN reports status down for port: 6c311115-af68-4200-8bb1-658a3bff10d5
2026-09-09 00:08:58.950 8 INFO neutron.db.ovn_revision_numbers_db [None req-0e4984cc-7a70-4111-b1d2-3e8c057268a5 a1d93652536d44168e797f13340cb29e 904fdbfe07df4324a090ddb6740c7b14 - - default default] Successfully bumped revision number for resource 6c311115-af68-4200-8bb1-658a3bff10d5 (type: ports) to 1 [pid: 8|app: 0|req: 692/1301] 10.0.0.221 () {34 vars in 665 bytes} [Wed Sep 9 00:08:58 2026] POST /v2.0/ports => generated 911 bytes in 407 msecs (HTTP/1.1 201) 4 headers in 162 bytes (1 switches on core 0)
2026-09-09 00:08:59.130 7 WARNING neutron.scheduler.dhcp_agent_scheduler [None req-b0bf9bc1-6328-430d-9b13-0567660ba97e 4f731f1b7b6a434f872947de713edf58 e490af4938604417a7122e37719ac18e - - default default] No more DHCP agents
2026-09-09 00:08:59.132 7 WARNING neutron.api.rpc.agentnotifiers.dhcp_rpc_agent_api [None req-b0bf9bc1-6328-430d-9b13-0567660ba97e 4f731f1b7b6a434f872947de713edf58 e490af4938604417a7122e37719ac18e - - default default] Unable to schedule network 849d1431-5b95-4aff-89db-82fac4842a2e: no agents available; will retry on subsequent port and subnet creation events.
2026-09-09 00:08:59.380 8 INFO neutron.db.ovn_revision_numbers_db [None req-e571a772-97e1-47f5-a772-9e8acb77b810 2e914cdfdff140689227b323ff93c867 ce684f0fdf5a42b4be5b474b2dce7d60 - - default default] Successfully bumped revision number for resource dfd7bbfa-2cc4-46d6-a43d-ce17919d6dfc (type: security_groups) to 1
2026-09-09 00:08:59.395 8 INFO neutron.db.ovn_revision_numbers_db [None req-e571a772-97e1-47f5-a772-9e8acb77b810 2e914cdfdff140689227b323ff93c867 ce684f0fdf5a42b4be5b474b2dce7d60 - - default default] Successfully bumped revision number for resource 955a86c1-fb97-4819-be43-7b75b59d7ecc (type: security_group_rules) to 0
2026-09-09 00:08:59.420 8 INFO neutron.db.ovn_revision_numbers_db [None req-e571a772-97e1-47f5-a772-9e8acb77b810 2e914cdfdff140689227b323ff93c867 ce684f0fdf5a42b4be5b474b2dce7d60 - - default default] Successfully bumped revision number for resource b4708df8-2f44-4949-932d-b9d1fb5d1d41 (type: security_group_rules) to 0
2026-09-09 00:08:59.442 8 INFO neutron.db.ovn_revision_numbers_db [None req-e571a772-97e1-47f5-a772-9e8acb77b810 2e914cdfdff140689227b323ff93c867 ce684f0fdf5a42b4be5b474b2dce7d60 - - default default] Successfully bumped revision number for resource c8d4c8b3-b0d2-4226-adbe-cadabb656892 (type: security_group_rules) to 0
2026-09-09 00:08:59.456 8 INFO neutron.db.ovn_revision_numbers_db [None req-e571a772-97e1-47f5-a772-9e8acb77b810 2e914cdfdff140689227b323ff93c867 ce684f0fdf5a42b4be5b474b2dce7d60 - - default default] Successfully bumped revision number for resource e4aaa2a2-d9c8-4b92-8fa1-9b7bda598ce0 (type: security_group_rules) to 0
2026-09-09 00:08:59.463 7 INFO neutron.db.ovn_revision_numbers_db [None req-b0bf9bc1-6328-430d-9b13-0567660ba97e 4f731f1b7b6a434f872947de713edf58 e490af4938604417a7122e37719ac18e - - default default] Successfully bumped revision number for resource 5ce60765-e71f-4eef-8edb-935d6f73005b (type: router_ports) to 3 [pid: 7|app: 0|req: 610/1302] 10.0.0.221 () {34 vars in 783 bytes} [Wed Sep 9 00:08:57 2026] PUT /v2.0/routers/a430311d-e62c-495f-b9e2-0a99a7a6ef98/add_router_interface => generated 309 bytes in 2297 msecs (HTTP/1.1 200) 4 headers in 157 bytes (1 switches on core 0) /var/lib/openstack/lib/python3.12/site-packages/pycadf/identifier.py:70: UserWarning: Invalid uuid: neutron. To ensure interoperability, identifiers should be a valid uuid. warnings.warn(('Invalid uuid: %s. To ensure interoperability, ' [pid: 8|app: 0|req: 693/1303] 10.0.0.221 () {32 vars in 774 bytes} [Wed Sep 9 00:08:58 2026] GET /v2.0/security-groups?tenant_id=90fea415400b4d3abc0034989812a5c6&name=default => generated 2925 bytes in 511 msecs (HTTP/1.1 200) 4 headers in 158 bytes (1 switches on core 0) [pid: 8|app: 0|req: 694/1304] 10.0.0.221 () {32 vars in 717 bytes} [Wed Sep 9 00:08:59 2026] GET /v2.0/ports/5ce60765-e71f-4eef-8edb-935d6f73005b => generated 1014 bytes in 59 msecs (HTTP/1.1 200) 4 headers in 158 bytes (1 switches on core 0)
2026-09-09 00:08:59.681 7 INFO neutron_taas.services.taas.taas_plugin [None req-7f0a0ba0-c420-4972-907f-57d8ade193af a1d93652536d44168e797f13340cb29e 904fdbfe07df4324a090ddb6740c7b14 - - default default] TaaS: Handle Delete Port: 6c311115-af68-4200-8bb1-658a3bff10d5
2026-09-09 00:08:59.693 7 INFO neutron_taas.services.taas.tap_mirror_plugin [None req-7f0a0ba0-c420-4972-907f-57d8ade193af a1d93652536d44168e797f13340cb29e 904fdbfe07df4324a090ddb6740c7b14 - - default default] Tap Mirror: Handle Delete Port: 6c311115-af68-4200-8bb1-658a3bff10d5 [pid: 8|app: 0|req: 695/1305] 10.0.0.221 () {32 vars in 740 bytes} [Wed Sep 9 00:08:59 2026] DELETE /v2.0/security-groups/dfd7bbfa-2cc4-46d6-a43d-ce17919d6dfc => generated 0 bytes in 268 msecs (HTTP/1.1 204) 2 headers in 112 bytes (1 switches on core 0) [pid: 7|app: 0|req: 611/1306] 10.0.0.221 () {32 vars in 720 bytes} [Wed Sep 9 00:08:59 2026] DELETE /v2.0/ports/6c311115-af68-4200-8bb1-658a3bff10d5 => generated 0 bytes in 431 msecs (HTTP/1.1 204) 3 headers in 131 bytes (1 switches on core 0)
2026-09-09 00:08:59.935 7 INFO neutron.pecan_wsgi.hooks.translation [None req-bb166a67-dfd3-4804-9ee0-3ae141b05632 a1d93652536d44168e797f13340cb29e 904fdbfe07df4324a090ddb6740c7b14 - - default default] GET failed (client error): The resource could not be found. [pid: 7|app: 0|req: 612/1307] 10.0.0.221 () {32 vars in 717 bytes} [Wed Sep 9 00:08:59 2026] GET /v2.0/ports/6c311115-af68-4200-8bb1-658a3bff10d5 => generated 132 bytes in 22 msecs (HTTP/1.1 404) 4 headers in 164 bytes (1 switches on core 0)
2026-09-09 00:09:00.056 7 INFO neutron.db.ovn_revision_numbers_db [None req-a205eebc-ea2c-4c58-8293-e520d992d835 2e914cdfdff140689227b323ff93c867 ce684f0fdf5a42b4be5b474b2dce7d60 - - default default] Successfully bumped revision number for resource 90e3ac1c-4762-4617-bf19-e6b3d51f1ab1 (type: security_groups) to 1
2026-09-09 00:09:00.067 7 INFO neutron.db.ovn_revision_numbers_db [None req-a205eebc-ea2c-4c58-8293-e520d992d835 2e914cdfdff140689227b323ff93c867 ce684f0fdf5a42b4be5b474b2dce7d60 - - default default] Successfully bumped revision number for resource 29cd25a3-6bdc-4148-89d5-c0f7c950180d (type: security_group_rules) to 0
2026-09-09 00:09:00.080 7 INFO neutron.db.ovn_revision_numbers_db [None req-a205eebc-ea2c-4c58-8293-e520d992d835 2e914cdfdff140689227b323ff93c867 ce684f0fdf5a42b4be5b474b2dce7d60 - - default default] Successfully bumped revision number for resource 4eecc181-ccf7-4302-ab33-1a30418dc220 (type: security_group_rules) to 0
2026-09-09 00:09:00.092 7 INFO neutron.db.ovn_revision_numbers_db [None req-a205eebc-ea2c-4c58-8293-e520d992d835 2e914cdfdff140689227b323ff93c867 ce684f0fdf5a42b4be5b474b2dce7d60 - - default default] Successfully bumped revision number for resource 6e1ac0c5-57fa-4c9b-8368-07e29e3fafde (type: security_group_rules) to 0
2026-09-09 00:09:00.103 7 INFO neutron.db.ovn_revision_numbers_db [None req-a205eebc-ea2c-4c58-8293-e520d992d835 2e914cdfdff140689227b323ff93c867 ce684f0fdf5a42b4be5b474b2dce7d60 - - default default] Successfully bumped revision number for resource c1728419-e09b-4a64-943a-a0c138d14235 (type: security_group_rules) to 0
2026-09-09 00:09:00.113 8 INFO neutron_taas.services.taas.taas_plugin [None req-39c7b16d-224a-4f26-a6ed-0605643fb588 4f731f1b7b6a434f872947de713edf58 e490af4938604417a7122e37719ac18e - - default default] TaaS: Handle Delete Port: 5ce60765-e71f-4eef-8edb-935d6f73005b
2026-09-09 00:09:00.116 8 INFO neutron_taas.services.taas.tap_mirror_plugin [None req-39c7b16d-224a-4f26-a6ed-0605643fb588 4f731f1b7b6a434f872947de713edf58 e490af4938604417a7122e37719ac18e - - default default] Tap Mirror: Handle Delete Port: 5ce60765-e71f-4eef-8edb-935d6f73005b [pid: 7|app: 0|req: 613/1308] 10.0.0.221 () {32 vars in 774 bytes} [Wed Sep 9 00:08:59 2026] GET /v2.0/security-groups?tenant_id=a10fabc960974d6a894a36c7fecf8562&name=default => generated 2925 bytes in 214 msecs (HTTP/1.1 200) 4 headers in 158 bytes (1 switches on core 0) [pid: 7|app: 0|req: 614/1309] 10.0.0.221 () {32 vars in 724 bytes} [Wed Sep 9 00:09:00 2026] DELETE /v2.0/subnets/a9149b17-96e8-4aa1-bc9b-78f327291a1d => generated 0 bytes in 261 msecs (HTTP/1.1 204) 3 headers in 131 bytes (1 switches on core 0) [pid: 8|app: 0|req: 696/1310] 10.0.0.221 () {34 vars in 789 bytes} [Wed Sep 9 00:08:59 2026] PUT /v2.0/routers/a430311d-e62c-495f-b9e2-0a99a7a6ef98/remove_router_interface => generated 309 bytes in 738 msecs (HTTP/1.1 200) 4 headers in 157 bytes (1 switches on core 0) /var/lib/openstack/lib/python3.12/site-packages/pycadf/identifier.py:70: UserWarning: Invalid uuid: neutron. To ensure interoperability, identifiers should be a valid uuid. warnings.warn(('Invalid uuid: %s. To ensure interoperability, ' [pid: 7|app: 0|req: 615/1311] 10.0.0.221 () {32 vars in 740 bytes} [Wed Sep 9 00:09:00 2026] DELETE /v2.0/security-groups/90e3ac1c-4762-4617-bf19-e6b3d51f1ab1 => generated 0 bytes in 282 msecs (HTTP/1.1 204) 2 headers in 112 bytes (1 switches on core 0)
2026-09-09 00:09:00.767 8 INFO neutron_taas.services.taas.taas_plugin [None req-8e89e213-ebf0-4142-a30f-9ba3bfd12528 a1d93652536d44168e797f13340cb29e 904fdbfe07df4324a090ddb6740c7b14 - - default default] TaaS: Handle Delete Port: 4098eccb-cc5e-4f79-ab91-c122da4b353c
2026-09-09 00:09:00.773 8 INFO neutron_taas.services.taas.tap_mirror_plugin [None req-8e89e213-ebf0-4142-a30f-9ba3bfd12528 a1d93652536d44168e797f13340cb29e 904fdbfe07df4324a090ddb6740c7b14 - - default default] Tap Mirror: Handle Delete Port: 4098eccb-cc5e-4f79-ab91-c122da4b353c
2026-09-09 00:09:00.814 7 INFO neutron.api.v2.resource [None req-b26efe8b-1619-4334-88d2-18b41bf89baf 4f731f1b7b6a434f872947de713edf58 e490af4938604417a7122e37719ac18e - - default default] remove_router_interface failed (client error): The resource could not be found. [pid: 7|app: 0|req: 616/1312] 10.0.0.221 () {34 vars in 789 bytes} [Wed Sep 9 00:09:00 2026] PUT /v2.0/routers/a430311d-e62c-495f-b9e2-0a99a7a6ef98/remove_router_interface => generated 197 bytes in 118 msecs (HTTP/1.1 404) 4 headers in 164 bytes (1 switches on core 0) [pid: 7|app: 0|req: 617/1313] 10.0.0.221 () {32 vars in 736 bytes} [Wed Sep 9 00:09:00 2026] GET /v2.0/ports?device_id=a430311d-e62c-495f-b9e2-0a99a7a6ef98 => generated 12 bytes in 18 msecs (HTTP/1.1 200) 4 headers in 156 bytes (1 switches on core 0)
2026-09-09 00:09:01.000 8 INFO neutron.services.segments.plugin [-] Segment 9c701222-8dfb-4380-badf-cbd97781bddc resource provider aggregate not found
2026-09-09 00:09:01.010 8 INFO neutron.services.segments.plugin [-] Segment 9c701222-8dfb-4380-badf-cbd97781bddc resource provider aggregate not found [pid: 7|app: 0|req: 618/1314] 10.0.0.221 () {32 vars in 724 bytes} [Wed Sep 9 00:09:00 2026] DELETE /v2.0/routers/a430311d-e62c-495f-b9e2-0a99a7a6ef98 => generated 0 bytes in 161 msecs (HTTP/1.1 204) 2 headers in 112 bytes (1 switches on core 0)
2026-09-09 00:09:01.025 8 INFO neutron.services.segments.plugin [-] Client error retrieving segment 9c701222-8dfb-4380-badf-cbd97781bddc resource provider; error: Placement Client Error (4xx): {"errors": [{"status": 404, "title": "Not Found", "detail": "The resource could not be found.\n\n No resource provider with uuid 9c701222-8dfb-4380-badf-cbd97781bddc found for delete ", "request_id": "req-d71af1e1-5a95-4d30-b865-aede68b7a15c"}]}
2026-09-09 00:09:01.043 8 INFO neutron.services.segments.plugin [-] Client error retrieving segment 9c701222-8dfb-4380-badf-cbd97781bddc resource provider; error: Placement Client Error (4xx): {"errors": [{"status": 404, "title": "Not Found", "detail": "The resource could not be found.\n\n No resource provider with uuid 9c701222-8dfb-4380-badf-cbd97781bddc found for delete ", "request_id": "req-9fe9e765-76fb-4d61-81a4-3462ea617236"}]} [pid: 8|app: 0|req: 697/1315] 10.0.0.221 () {32 vars in 726 bytes} [Wed Sep 9 00:09:00 2026] DELETE /v2.0/networks/681bd97e-80a7-47b4-9187-802455270d12 => generated 0 bytes in 489 msecs (HTTP/1.1 204) 3 headers in 131 bytes (1 switches on core 0) [pid: 7|app: 0|req: 619/1316] 10.0.0.221 () {32 vars in 724 bytes} [Wed Sep 9 00:09:01 2026] DELETE /v2.0/subnets/685749b8-3180-4565-b6b0-eeef8150dc4f => generated 0 bytes in 144 msecs (HTTP/1.1 204) 3 headers in 131 bytes (1 switches on core 0)
2026-09-09 00:09:01.346 7 INFO neutron_taas.services.taas.taas_plugin [None req-8ade213c-c143-462f-a1a6-b38f00e79fca 4f731f1b7b6a434f872947de713edf58 e490af4938604417a7122e37719ac18e - - default default] TaaS: Handle Delete Port: f4a08702-525f-4689-947f-609ed14a967d
2026-09-09 00:09:01.351 7 INFO neutron_taas.services.taas.tap_mirror_plugin [None req-8ade213c-c143-462f-a1a6-b38f00e79fca 4f731f1b7b6a434f872947de713edf58 e490af4938604417a7122e37719ac18e - - default default] Tap Mirror: Handle Delete Port: f4a08702-525f-4689-947f-609ed14a967d
2026-09-09 00:09:01.361 8 WARNING neutron.scheduler.dhcp_agent_scheduler [None req-a7603e19-29b7-482b-87b7-604d08ce57fd a1d93652536d44168e797f13340cb29e 904fdbfe07df4324a090ddb6740c7b14 - - default default] No more DHCP agents
2026-09-09 00:09:01.364 8 WARNING neutron.api.rpc.agentnotifiers.dhcp_rpc_agent_api [None req-a7603e19-29b7-482b-87b7-604d08ce57fd a1d93652536d44168e797f13340cb29e 904fdbfe07df4324a090ddb6740c7b14 - - default default] Unable to schedule network 40b3c11a-0ef4-48be-a868-5c183a7dbf70: no agents available; will retry on subsequent port and subnet creation events.
2026-09-09 00:09:01.431 7 INFO neutron.plugins.ml2.drivers.ovn.mech_driver.mech_driver [None req-f0e761c0-675a-4161-9811-91e7074114da - - - - - -] OVN reports status down for port: 08b15e0f-4437-4417-9762-82bf4b0f3be8
2026-09-09 00:09:01.478 8 INFO neutron.db.ovn_revision_numbers_db [None req-a7603e19-29b7-482b-87b7-604d08ce57fd a1d93652536d44168e797f13340cb29e 904fdbfe07df4324a090ddb6740c7b14 - - default default] Successfully bumped revision number for resource 08b15e0f-4437-4417-9762-82bf4b0f3be8 (type: ports) to 1 [pid: 8|app: 0|req: 698/1317] 10.0.0.221 () {34 vars in 665 bytes} [Wed Sep 9 00:09:01 2026] POST /v2.0/ports => generated 774 bytes in 483 msecs (HTTP/1.1 201) 4 headers in 162 bytes (1 switches on core 0) /var/lib/openstack/lib/python3.12/site-packages/pycadf/identifier.py:70: UserWarning: Invalid uuid: neutron. To ensure interoperability, identifiers should be a valid uuid. warnings.warn(('Invalid uuid: %s. To ensure interoperability, '
2026-09-09 00:09:01.651 7 INFO neutron.services.segments.plugin [-] Segment 89380764-5197-466e-a6f1-2c1a496c6ec1 resource provider aggregate not found
2026-09-09 00:09:01.660 7 INFO neutron.services.segments.plugin [-] Segment 89380764-5197-466e-a6f1-2c1a496c6ec1 resource provider aggregate not found
2026-09-09 00:09:01.679 7 INFO neutron.services.segments.plugin [-] Client error retrieving segment 89380764-5197-466e-a6f1-2c1a496c6ec1 resource provider; error: Placement Client Error (4xx): {"errors": [{"status": 404, "title": "Not Found", "detail": "The resource could not be found.\n\n No resource provider with uuid 89380764-5197-466e-a6f1-2c1a496c6ec1 found for delete ", "request_id": "req-73fdcacb-8c2c-4da0-b6e8-fd6ca6db186d"}]}
2026-09-09 00:09:01.684 7 INFO neutron.services.segments.plugin [-] Client error retrieving segment 89380764-5197-466e-a6f1-2c1a496c6ec1 resource provider; error: Placement Client Error (4xx): {"errors": [{"status": 404, "title": "Not Found", "detail": "The resource could not be found.\n\n No resource provider with uuid 89380764-5197-466e-a6f1-2c1a496c6ec1 found for delete ", "request_id": "req-dd23e444-d8b4-489a-8c32-9d810119c68e"}]} [pid: 7|app: 0|req: 620/1318] 10.0.0.221 () {32 vars in 726 bytes} [Wed Sep 9 00:09:01 2026] DELETE /v2.0/networks/849d1431-5b95-4aff-89db-82fac4842a2e => generated 0 bytes in 543 msecs (HTTP/1.1 204) 3 headers in 131 bytes (1 switches on core 0)
2026-09-09 00:09:01.783 7 INFO neutron.plugins.ml2.drivers.ovn.mech_driver.mech_driver [None req-f0e761c0-675a-4161-9811-91e7074114da - - - - - -] OVN reports status down for port: 08b15e0f-4437-4417-9762-82bf4b0f3be8
2026-09-09 00:09:01.812 8 INFO neutron.db.ovn_revision_numbers_db [None req-d679f209-bd00-426f-86a1-68ed89a3c671 a1d93652536d44168e797f13340cb29e 904fdbfe07df4324a090ddb6740c7b14 - - default default] Successfully bumped revision number for resource 08b15e0f-4437-4417-9762-82bf4b0f3be8 (type: ports) to 2 [pid: 8|app: 0|req: 699/1319] 10.0.0.221 () {34 vars in 737 bytes} [Wed Sep 9 00:09:01 2026] PUT /v2.0/ports/08b15e0f-4437-4417-9762-82bf4b0f3be8 => generated 752 bytes in 275 msecs (HTTP/1.1 200) 4 headers in 157 bytes (1 switches on core 0) /var/lib/openstack/lib/python3.12/site-packages/pycadf/identifier.py:70: UserWarning: Invalid uuid: neutron. To ensure interoperability, identifiers should be a valid uuid. warnings.warn(('Invalid uuid: %s. To ensure interoperability, '
2026-09-09 00:09:01.877 7 INFO neutron.db.segments_db [None req-9b1dfc29-5444-416e-9aef-125641ebfa18 4f731f1b7b6a434f872947de713edf58 e490af4938604417a7122e37719ac18e - - default default] Added segment 7092a963-2480-4919-8455-cdb8f42b5571 of type geneve for network c127f0c2-24bf-4705-9a17-1617fee07d20
2026-09-09 00:09:02.000 8 INFO neutron_taas.services.taas.taas_plugin [None req-003eddce-b4c1-46ec-afd2-da88d8fffcbb a1d93652536d44168e797f13340cb29e 904fdbfe07df4324a090ddb6740c7b14 - - default default] TaaS: Handle Delete Port: 08b15e0f-4437-4417-9762-82bf4b0f3be8
2026-09-09 00:09:02.006 8 INFO neutron_taas.services.taas.tap_mirror_plugin [None req-003eddce-b4c1-46ec-afd2-da88d8fffcbb a1d93652536d44168e797f13340cb29e 904fdbfe07df4324a090ddb6740c7b14 - - default default] Tap Mirror: Handle Delete Port: 08b15e0f-4437-4417-9762-82bf4b0f3be8
2026-09-09 00:09:02.095 7 INFO neutron.db.ovn_revision_numbers_db [None req-9b1dfc29-5444-416e-9aef-125641ebfa18 4f731f1b7b6a434f872947de713edf58 e490af4938604417a7122e37719ac18e - - default default] Successfully bumped revision number for resource c127f0c2-24bf-4705-9a17-1617fee07d20 (type: networks) to 1 [pid: 8|app: 0|req: 700/1320] 10.0.0.221 () {32 vars in 720 bytes} [Wed Sep 9 00:09:01 2026] DELETE /v2.0/ports/08b15e0f-4437-4417-9762-82bf4b0f3be8 => generated 0 bytes in 336 msecs (HTTP/1.1 204) 3 headers in 131 bytes (1 switches on core 0) [pid: 8|app: 0|req: 701/1321] 10.0.0.221 () {32 vars in 643 bytes} [Wed Sep 9 00:09:02 2026] GET /v2.0/ports => generated 1533 bytes in 78 msecs (HTTP/1.1 200) 4 headers in 158 bytes (1 switches on core 0)
2026-09-09 00:09:02.285 8 INFO neutron.pecan_wsgi.hooks.translation [None req-b17e814e-9451-484f-9212-69dba1427628 a1d93652536d44168e797f13340cb29e 904fdbfe07df4324a090ddb6740c7b14 - - default default] GET failed (client error): The resource could not be found. [pid: 8|app: 0|req: 702/1322] 10.0.0.221 () {32 vars in 717 bytes} [Wed Sep 9 00:09:02 2026] GET /v2.0/ports/08b15e0f-4437-4417-9762-82bf4b0f3be8 => generated 132 bytes in 26 msecs (HTTP/1.1 404) 4 headers in 164 bytes (1 switches on core 0)
2026-09-09 00:09:02.349 7 WARNING neutron.scheduler.dhcp_agent_scheduler [None req-9b1dfc29-5444-416e-9aef-125641ebfa18 4f731f1b7b6a434f872947de713edf58 e490af4938604417a7122e37719ac18e - - default default] No more DHCP agents
2026-09-09 00:09:02.350 7 WARNING neutron.api.rpc.agentnotifiers.dhcp_rpc_agent_api [None req-9b1dfc29-5444-416e-9aef-125641ebfa18 4f731f1b7b6a434f872947de713edf58 e490af4938604417a7122e37719ac18e - - default default] Unable to schedule network c127f0c2-24bf-4705-9a17-1617fee07d20: no agents available; will retry on subsequent port and subnet creation events. [pid: 8|app: 0|req: 703/1323] 10.0.0.221 () {32 vars in 643 bytes} [Wed Sep 9 00:09:02 2026] GET /v2.0/ports => generated 1533 bytes in 54 msecs (HTTP/1.1 200) 4 headers in 158 bytes (1 switches on core 0)
2026-09-09 00:09:02.394 7 INFO neutron.plugins.ml2.drivers.ovn.mech_driver.mech_driver [None req-f0e761c0-675a-4161-9811-91e7074114da - - - - - -] OVN reports status down for port: 3d28e473-0ef2-4803-bc1e-f967283cc7e2 [pid: 8|app: 0|req: 704/1324] 10.0.0.221 () {32 vars in 717 bytes} [Wed Sep 9 00:09:02 2026] GET /v2.0/ports/ac3edf54-0374-45ce-b9a7-24dc649f0692 => generated 774 bytes in 51 msecs (HTTP/1.1 200) 4 headers in 157 bytes (1 switches on core 0)
2026-09-09 00:09:02.449 8 INFO neutron.pecan_wsgi.hooks.translation [None req-13ac4b81-4189-416a-9c3c-aa06c985facb a1d93652536d44168e797f13340cb29e 904fdbfe07df4324a090ddb6740c7b14 - - default default] DELETE failed (client error): The resource could not be found.
2026-09-09 00:09:02.450 7 INFO neutron.db.ovn_revision_numbers_db [None req-9b1dfc29-5444-416e-9aef-125641ebfa18 4f731f1b7b6a434f872947de713edf58 e490af4938604417a7122e37719ac18e - - default default] Successfully bumped revision number for resource 3d28e473-0ef2-4803-bc1e-f967283cc7e2 (type: ports) to 1 [pid: 8|app: 0|req: 705/1325] 10.0.0.221 () {32 vars in 720 bytes} [Wed Sep 9 00:09:02 2026] DELETE /v2.0/ports/6c311115-af68-4200-8bb1-658a3bff10d5 => generated 132 bytes in 33 msecs (HTTP/1.1 404) 4 headers in 164 bytes (1 switches on core 0) [pid: 7|app: 0|req: 621/1326] 10.0.0.221 () {34 vars in 670 bytes} [Wed Sep 9 00:09:01 2026] POST /v2.0/networks => generated 630 bytes in 764 msecs (HTTP/1.1 201) 4 headers in 162 bytes (1 switches on core 0)
2026-09-09 00:09:02.484 8 INFO neutron.pecan_wsgi.hooks.translation [None req-7b3ade8b-0aa7-41df-98ee-362216ad5790 a1d93652536d44168e797f13340cb29e 904fdbfe07df4324a090ddb6740c7b14 - - default default] DELETE failed (client error): The resource could not be found. [pid: 8|app: 0|req: 706/1327] 10.0.0.221 () {32 vars in 724 bytes} [Wed Sep 9 00:09:02 2026] DELETE /v2.0/subnets/a9149b17-96e8-4aa1-bc9b-78f327291a1d => generated 136 bytes in 28 msecs (HTTP/1.1 404) 4 headers in 164 bytes (1 switches on core 0)
2026-09-09 00:09:02.511 8 INFO neutron.pecan_wsgi.hooks.translation [None req-78d42724-bcdc-475e-b46d-f92002344f43 a1d93652536d44168e797f13340cb29e 904fdbfe07df4324a090ddb6740c7b14 - - default default] DELETE failed (client error): The resource could not be found. [pid: 8|app: 0|req: 707/1328] 10.0.0.221 () {32 vars in 724 bytes} [Wed Sep 9 00:09:02 2026] DELETE /v2.0/subnets/98b02c87-061e-4102-bd5d-0a55d710c0dc => generated 136 bytes in 21 msecs (HTTP/1.1 404) 4 headers in 164 bytes (1 switches on core 0)
2026-09-09 00:09:02.629 8 INFO neutron_taas.services.taas.taas_plugin [None req-38f3a988-0525-4ef1-90f8-26e5c95c4591 a1d93652536d44168e797f13340cb29e 904fdbfe07df4324a090ddb6740c7b14 - - default default] TaaS: Handle Delete Port: ac3edf54-0374-45ce-b9a7-24dc649f0692
2026-09-09 00:09:02.632 8 INFO neutron_taas.services.taas.tap_mirror_plugin [None req-38f3a988-0525-4ef1-90f8-26e5c95c4591 a1d93652536d44168e797f13340cb29e 904fdbfe07df4324a090ddb6740c7b14 - - default default] Tap Mirror: Handle Delete Port: ac3edf54-0374-45ce-b9a7-24dc649f0692
2026-09-09 00:09:02.688 7 WARNING neutron.scheduler.dhcp_agent_scheduler [None req-c66c3abf-355a-4454-b03e-526fea5d6854 4f731f1b7b6a434f872947de713edf58 e490af4938604417a7122e37719ac18e - - default default] No more DHCP agents
2026-09-09 00:09:02.690 7 WARNING neutron.api.rpc.agentnotifiers.dhcp_rpc_agent_api [None req-c66c3abf-355a-4454-b03e-526fea5d6854 4f731f1b7b6a434f872947de713edf58 e490af4938604417a7122e37719ac18e - - default default] Unable to schedule network c127f0c2-24bf-4705-9a17-1617fee07d20: no agents available; will retry on subsequent port and subnet creation events. [pid: 8|app: 0|req: 708/1329] 10.0.0.221 () {32 vars in 720 bytes} [Wed Sep 9 00:09:02 2026] DELETE /v2.0/ports/ac3edf54-0374-45ce-b9a7-24dc649f0692 => generated 0 bytes in 209 msecs (HTTP/1.1 204) 3 headers in 131 bytes (1 switches on core 0)
2026-09-09 00:09:02.912 8 INFO neutron_taas.services.taas.taas_plugin [None req-e7a8c27b-82f9-45ae-9b75-1fc927812b8d a1d93652536d44168e797f13340cb29e 904fdbfe07df4324a090ddb6740c7b14 - - default default] TaaS: Handle Delete Port: 81ef00f0-7892-414e-9968-7b455750e949
2026-09-09 00:09:02.915 8 INFO neutron_taas.services.taas.tap_mirror_plugin [None req-e7a8c27b-82f9-45ae-9b75-1fc927812b8d a1d93652536d44168e797f13340cb29e 904fdbfe07df4324a090ddb6740c7b14 - - default default] Tap Mirror: Handle Delete Port: 81ef00f0-7892-414e-9968-7b455750e949
2026-09-09 00:09:03.079 8 INFO neutron.services.segments.plugin [-] Segment 0bbb4bc8-f807-46dd-b59b-25758339ec19 resource provider aggregate not found
2026-09-09 00:09:03.085 8 INFO neutron.services.segments.plugin [-] Segment 0bbb4bc8-f807-46dd-b59b-25758339ec19 resource provider aggregate not found
2026-09-09 00:09:03.110 8 INFO neutron.services.segments.plugin [-] Client error retrieving segment 0bbb4bc8-f807-46dd-b59b-25758339ec19 resource provider; error: Placement Client Error (4xx): {"errors": [{"status": 404, "title": "Not Found", "detail": "The resource could not be found.\n\n No resource provider with uuid 0bbb4bc8-f807-46dd-b59b-25758339ec19 found for delete ", "request_id": "req-466973bf-7d47-4b2c-b760-f4c2ec7c2911"}]}
2026-09-09 00:09:03.114 8 INFO neutron.services.segments.plugin [-] Client error retrieving segment 0bbb4bc8-f807-46dd-b59b-25758339ec19 resource provider; error: Placement Client Error (4xx): {"errors": [{"status": 404, "title": "Not Found", "detail": "The resource could not be found.\n\n No resource provider with uuid 0bbb4bc8-f807-46dd-b59b-25758339ec19 found for delete ", "request_id": "req-da6ac254-2277-4fcf-a86c-825f211a6312"}]} [pid: 8|app: 0|req: 709/1330] 10.0.0.221 () {32 vars in 726 bytes} [Wed Sep 9 00:09:02 2026] DELETE /v2.0/networks/40b3c11a-0ef4-48be-a868-5c183a7dbf70 => generated 0 bytes in 393 msecs (HTTP/1.1 204) 3 headers in 131 bytes (1 switches on core 0)
2026-09-09 00:09:03.192 7 INFO neutron.db.ovn_revision_numbers_db [None req-847465a6-4ce8-4766-8664-d29ed3dc9bbb - - - - - -] Successfully bumped revision number for resource 3d28e473-0ef2-4803-bc1e-f967283cc7e2 (type: ports) to 2
2026-09-09 00:09:03.227 7 INFO neutron.db.ovn_revision_numbers_db [None req-847465a6-4ce8-4766-8664-d29ed3dc9bbb - - - - - -] Successfully bumped revision number for resource a42d509f-0ed2-48bb-9411-5d5cfa87de74 (type: subnets) to 0 [pid: 7|app: 0|req: 622/1331] 10.0.0.221 () {34 vars in 669 bytes} [Wed Sep 9 00:09:02 2026] POST /v2.0/subnets => generated 626 bytes in 765 msecs (HTTP/1.1 201) 4 headers in 162 bytes (1 switches on core 0)
2026-09-09 00:09:03.411 8 INFO neutron.db.ovn_revision_numbers_db [None req-fbc7680c-677b-4dd6-85a2-6272494725a0 4f731f1b7b6a434f872947de713edf58 e490af4938604417a7122e37719ac18e - - default default] Successfully bumped revision number for resource 07fa63e5-06bf-43b7-9a1b-e26f74420c4e (type: routers) to 1 [pid: 8|app: 0|req: 710/1332] 10.0.0.221 () {34 vars in 669 bytes} [Wed Sep 9 00:09:03 2026] POST /v2.0/routers => generated 603 bytes in 168 msecs (HTTP/1.1 201) 4 headers in 162 bytes (1 switches on core 0)
2026-09-09 00:09:03.751 7 WARNING neutron.scheduler.dhcp_agent_scheduler [None req-90b8edef-e1b6-4201-bbf1-2981855c661d 4f731f1b7b6a434f872947de713edf58 e490af4938604417a7122e37719ac18e - - default default] No more DHCP agents
2026-09-09 00:09:03.752 7 WARNING neutron.api.rpc.agentnotifiers.dhcp_rpc_agent_api [None req-90b8edef-e1b6-4201-bbf1-2981855c661d 4f731f1b7b6a434f872947de713edf58 e490af4938604417a7122e37719ac18e - - default default] Unable to schedule network c127f0c2-24bf-4705-9a17-1617fee07d20: no agents available; will retry on subsequent port and subnet creation events.
2026-09-09 00:09:03.904 8 INFO neutron.plugins.ml2.drivers.ovn.mech_driver.mech_driver [None req-a4a7e59a-24b9-40a2-902d-e8f59dc1c059 - - - - - -] OVN reports status down for port: f0dba848-d410-4f66-9a31-145b272880e5
2026-09-09 00:09:03.946 7 INFO neutron.db.ovn_revision_numbers_db [None req-90b8edef-e1b6-4201-bbf1-2981855c661d 4f731f1b7b6a434f872947de713edf58 e490af4938604417a7122e37719ac18e - - default default] Successfully bumped revision number for resource f0dba848-d410-4f66-9a31-145b272880e5 (type: ports) to 1 [pid: 8|app: 0|req: 711/1333] 10.0.0.221 () {32 vars in 774 bytes} [Wed Sep 9 00:09:03 2026] GET /v2.0/security-groups?tenant_id=904fdbfe07df4324a090ddb6740c7b14&name=default => generated 2925 bytes in 292 msecs (HTTP/1.1 200) 4 headers in 158 bytes (1 switches on core 0) [pid: 8|app: 0|req: 712/1334] 10.0.0.221 () {32 vars in 740 bytes} [Wed Sep 9 00:09:03 2026] DELETE /v2.0/security-groups/0aca2b37-5969-4c63-95e5-f0854249b0dc => generated 0 bytes in 274 msecs (HTTP/1.1 204) 2 headers in 112 bytes (1 switches on core 0)
2026-09-09 00:09:04.599 8 INFO neutron.plugins.ml2.drivers.ovn.mech_driver.mech_driver [None req-a4a7e59a-24b9-40a2-902d-e8f59dc1c059 - - - - - -] OVN reports status up for port: f0dba848-d410-4f66-9a31-145b272880e5
2026-09-09 00:09:04.617 8 INFO neutron.plugins.ml2.plugin [None req-a4a7e59a-24b9-40a2-902d-e8f59dc1c059 - - - - - -] Attempt 1 to provision port f0dba848-d410-4f66-9a31-145b272880e5
2026-09-09 00:09:04.664 7 WARNING neutron.scheduler.dhcp_agent_scheduler [None req-90b8edef-e1b6-4201-bbf1-2981855c661d 4f731f1b7b6a434f872947de713edf58 e490af4938604417a7122e37719ac18e - - default default] No more DHCP agents
2026-09-09 00:09:04.665 7 WARNING neutron.api.rpc.agentnotifiers.dhcp_rpc_agent_api [None req-90b8edef-e1b6-4201-bbf1-2981855c661d 4f731f1b7b6a434f872947de713edf58 e490af4938604417a7122e37719ac18e - - default default] Unable to schedule network c127f0c2-24bf-4705-9a17-1617fee07d20: no agents available; will retry on subsequent port and subnet creation events.
2026-09-09 00:09:04.860 7 INFO neutron.db.ovn_revision_numbers_db [None req-90b8edef-e1b6-4201-bbf1-2981855c661d 4f731f1b7b6a434f872947de713edf58 e490af4938604417a7122e37719ac18e - - default default] Successfully bumped revision number for resource f0dba848-d410-4f66-9a31-145b272880e5 (type: router_ports) to 1 [pid: 7|app: 0|req: 623/1335] 10.0.0.221 () {34 vars in 783 bytes} [Wed Sep 9 00:09:03 2026] PUT /v2.0/routers/07fa63e5-06bf-43b7-9a1b-e26f74420c4e/add_router_interface => generated 309 bytes in 1436 msecs (HTTP/1.1 200) 4 headers in 157 bytes (1 switches on core 0) [pid: 8|app: 0|req: 713/1336] 10.0.0.221 () {32 vars in 717 bytes} [Wed Sep 9 00:09:04 2026] GET /v2.0/ports/f0dba848-d410-4f66-9a31-145b272880e5 => generated 943 bytes in 120 msecs (HTTP/1.1 200) 4 headers in 157 bytes (1 switches on core 0) [pid: 7|app: 0|req: 624/1337] 10.0.0.221 () {32 vars in 717 bytes} [Wed Sep 9 00:09:04 2026] GET /v2.0/ports/f0dba848-d410-4f66-9a31-145b272880e5 => generated 943 bytes in 57 msecs (HTTP/1.1 200) 4 headers in 157 bytes (1 switches on core 0)
2026-09-09 00:09:05.309 8 INFO neutron.db.ovn_revision_numbers_db [None req-a4a7e59a-24b9-40a2-902d-e8f59dc1c059 - - - - - -] Successfully bumped revision number for resource f0dba848-d410-4f66-9a31-145b272880e5 (type: ports) to 2
2026-09-09 00:09:05.598 7 INFO neutron.db.ovn_revision_numbers_db [None req-ec855aa7-4a15-4240-af5a-3c4875791c8a 2e914cdfdff140689227b323ff93c867 ce684f0fdf5a42b4be5b474b2dce7d60 - - default default] Successfully bumped revision number for resource e4ca17b1-c878-45ef-af87-540f7afbfa18 (type: security_groups) to 1
2026-09-09 00:09:05.618 7 INFO neutron.db.ovn_revision_numbers_db [None req-ec855aa7-4a15-4240-af5a-3c4875791c8a 2e914cdfdff140689227b323ff93c867 ce684f0fdf5a42b4be5b474b2dce7d60 - - default default] Successfully bumped revision number for resource 3faa7971-e085-4ead-a759-ac7e3b949c44 (type: security_group_rules) to 0
2026-09-09 00:09:05.637 7 INFO neutron.db.ovn_revision_numbers_db [None req-ec855aa7-4a15-4240-af5a-3c4875791c8a 2e914cdfdff140689227b323ff93c867 ce684f0fdf5a42b4be5b474b2dce7d60 - - default default] Successfully bumped revision number for resource 472c7d8b-dac7-462e-906a-f2c73f340791 (type: security_group_rules) to 0
2026-09-09 00:09:05.651 8 INFO neutron.db.ovn_revision_numbers_db [None req-d4c5c8bb-34e5-49bf-baf2-7e03ed5722e1 - - - - - -] Successfully bumped revision number for resource f0dba848-d410-4f66-9a31-145b272880e5 (type: router_ports) to 2
2026-09-09 00:09:05.653 7 INFO neutron.db.ovn_revision_numbers_db [None req-ec855aa7-4a15-4240-af5a-3c4875791c8a 2e914cdfdff140689227b323ff93c867 ce684f0fdf5a42b4be5b474b2dce7d60 - - default default] Successfully bumped revision number for resource c6f5bf24-8373-41df-918a-6750805270df (type: security_group_rules) to 0
2026-09-09 00:09:05.669 7 INFO neutron.db.ovn_revision_numbers_db [None req-ec855aa7-4a15-4240-af5a-3c4875791c8a 2e914cdfdff140689227b323ff93c867 ce684f0fdf5a42b4be5b474b2dce7d60 - - default default] Successfully bumped revision number for resource dd41f721-a709-4270-ae3b-ba376efb7a33 (type: security_group_rules) to 0
2026-09-09 00:09:05.708 8 INFO neutron_taas.services.taas.taas_plugin [None req-7a72349f-8ee1-4cd9-a9d1-ce7cfec3c2a0 4f731f1b7b6a434f872947de713edf58 e490af4938604417a7122e37719ac18e - - default default] TaaS: Handle Delete Port: f0dba848-d410-4f66-9a31-145b272880e5
2026-09-09 00:09:05.712 8 INFO neutron_taas.services.taas.tap_mirror_plugin [None req-7a72349f-8ee1-4cd9-a9d1-ce7cfec3c2a0 4f731f1b7b6a434f872947de713edf58 e490af4938604417a7122e37719ac18e - - default default] Tap Mirror: Handle Delete Port: f0dba848-d410-4f66-9a31-145b272880e5 [pid: 7|app: 0|req: 625/1338] 10.0.0.221 () {32 vars in 774 bytes} [Wed Sep 9 00:09:05 2026] GET /v2.0/security-groups?tenant_id=9c5b750b8f244b2e9e842696f3cabb4d&name=default => generated 2925 bytes in 560 msecs (HTTP/1.1 200) 4 headers in 158 bytes (1 switches on core 0) [pid: 7|app: 0|req: 626/1339] 10.0.0.57 () {34 vars in 989 bytes} [Wed Sep 9 00:09:05 2026] GET /v2.0/ports?device_id=ad53d56c-2ab4-4a9c-a364-fff5056e969f => generated 1209 bytes in 72 msecs (HTTP/1.1 200) 4 headers in 158 bytes (1 switches on core 0) [pid: 7|app: 0|req: 627/1340] 10.0.0.221 () {32 vars in 740 bytes} [Wed Sep 9 00:09:05 2026] DELETE /v2.0/security-groups/e4ca17b1-c878-45ef-af87-540f7afbfa18 => generated 0 bytes in 252 msecs (HTTP/1.1 204) 2 headers in 112 bytes (1 switches on core 0) [pid: 8|app: 0|req: 714/1341] 10.0.0.221 () {34 vars in 789 bytes} [Wed Sep 9 00:09:05 2026] PUT /v2.0/routers/07fa63e5-06bf-43b7-9a1b-e26f74420c4e/remove_router_interface => generated 309 bytes in 1002 msecs (HTTP/1.1 200) 4 headers in 157 bytes (1 switches on core 0) /var/lib/openstack/lib/python3.12/site-packages/pycadf/identifier.py:70: UserWarning: Invalid uuid: neutron. To ensure interoperability, identifiers should be a valid uuid. warnings.warn(('Invalid uuid: %s. To ensure interoperability, ' [pid: 8|app: 0|req: 715/1342] 10.0.0.221 () {32 vars in 736 bytes} [Wed Sep 9 00:09:06 2026] GET /v2.0/ports?device_id=07fa63e5-06bf-43b7-9a1b-e26f74420c4e => generated 12 bytes in 19 msecs (HTTP/1.1 200) 4 headers in 156 bytes (1 switches on core 0) [pid: 7|app: 0|req: 628/1343] 10.0.0.57 () {34 vars in 1039 bytes} [Wed Sep 9 00:09:06 2026] GET /v2.0/security-groups?id=8fe44122-78a8-45f9-9145-0b90a904bbc3&fields=id&fields=name => generated 113 bytes in 52 msecs (HTTP/1.1 200) 4 headers in 157 bytes (1 switches on core 0) [pid: 8|app: 0|req: 716/1344] 10.0.0.221 () {32 vars in 724 bytes} [Wed Sep 9 00:09:06 2026] DELETE /v2.0/routers/07fa63e5-06bf-43b7-9a1b-e26f74420c4e => generated 0 bytes in 323 msecs (HTTP/1.1 204) 2 headers in 112 bytes (1 switches on core 0)
2026-09-09 00:09:06.508 7 INFO neutron.db.ovn_revision_numbers_db [None req-efca70f9-650f-4efd-ae0a-06f412d1fb7a 2e84c8e831664e96bb3713c53a2a19b1 10e444dcbd6340a4ada6a31ed8264a90 - - default default] Successfully bumped revision number for resource fde38407-6145-4fc4-a807-c70054a70cb1 (type: security_groups) to 1
2026-09-09 00:09:06.524 7 INFO neutron.db.ovn_revision_numbers_db [None req-efca70f9-650f-4efd-ae0a-06f412d1fb7a 2e84c8e831664e96bb3713c53a2a19b1 10e444dcbd6340a4ada6a31ed8264a90 - - default default] Successfully bumped revision number for resource 4e37795b-9a6a-4652-85e1-723ba67b9b08 (type: security_group_rules) to 0
2026-09-09 00:09:06.540 7 INFO neutron.db.ovn_revision_numbers_db [None req-efca70f9-650f-4efd-ae0a-06f412d1fb7a 2e84c8e831664e96bb3713c53a2a19b1 10e444dcbd6340a4ada6a31ed8264a90 - - default default] Successfully bumped revision number for resource 6be7acd0-d938-4c1d-88c4-cfd46315ab1c (type: security_group_rules) to 0
2026-09-09 00:09:06.557 7 INFO neutron.db.ovn_revision_numbers_db [None req-efca70f9-650f-4efd-ae0a-06f412d1fb7a 2e84c8e831664e96bb3713c53a2a19b1 10e444dcbd6340a4ada6a31ed8264a90 - - default default] Successfully bumped revision number for resource f1478688-6455-4101-925c-e69af1f4435f (type: security_group_rules) to 0
2026-09-09 00:09:06.572 7 INFO neutron.db.ovn_revision_numbers_db [None req-efca70f9-650f-4efd-ae0a-06f412d1fb7a 2e84c8e831664e96bb3713c53a2a19b1 10e444dcbd6340a4ada6a31ed8264a90 - - default default] Successfully bumped revision number for resource f2cb7afc-7170-4eec-830f-77da2265f257 (type: security_group_rules) to 0
2026-09-09 00:09:06.630 8 INFO neutron.db.ovn_revision_numbers_db [None req-9382fd67-be56-489c-a406-1a39c7f71c75 2e914cdfdff140689227b323ff93c867 ce684f0fdf5a42b4be5b474b2dce7d60 - - default default] Successfully bumped revision number for resource 78e95806-5c5d-44a0-a155-3420f215e738 (type: security_groups) to 1
2026-09-09 00:09:06.641 8 INFO neutron.db.ovn_revision_numbers_db [None req-9382fd67-be56-489c-a406-1a39c7f71c75 2e914cdfdff140689227b323ff93c867 ce684f0fdf5a42b4be5b474b2dce7d60 - - default default] Successfully bumped revision number for resource 0ae03e24-7f59-4805-81c6-afc02f9f7866 (type: security_group_rules) to 0
2026-09-09 00:09:06.653 8 INFO neutron.db.ovn_revision_numbers_db [None req-9382fd67-be56-489c-a406-1a39c7f71c75 2e914cdfdff140689227b323ff93c867 ce684f0fdf5a42b4be5b474b2dce7d60 - - default default] Successfully bumped revision number for resource 4a1aa3d5-163e-4c08-a357-3549d2458382 (type: security_group_rules) to 0
2026-09-09 00:09:06.666 8 INFO neutron.db.ovn_revision_numbers_db [None req-9382fd67-be56-489c-a406-1a39c7f71c75 2e914cdfdff140689227b323ff93c867 ce684f0fdf5a42b4be5b474b2dce7d60 - - default default] Successfully bumped revision number for resource d66b02ae-1c60-460b-b03e-df37d5bb904e (type: security_group_rules) to 0
2026-09-09 00:09:06.677 8 INFO neutron.db.ovn_revision_numbers_db [None req-9382fd67-be56-489c-a406-1a39c7f71c75 2e914cdfdff140689227b323ff93c867 ce684f0fdf5a42b4be5b474b2dce7d60 - - default default] Successfully bumped revision number for resource fa961012-fa2f-4926-abc5-010aafef1b35 (type: security_group_rules) to 0
2026-09-09 00:09:06.717 7 INFO neutron.db.ovn_revision_numbers_db [None req-efca70f9-650f-4efd-ae0a-06f412d1fb7a 2e84c8e831664e96bb3713c53a2a19b1 10e444dcbd6340a4ada6a31ed8264a90 - - default default] Successfully bumped revision number for resource 79acb82e-d897-41e0-9b9b-feed4192c17b (type: security_groups) to 1
2026-09-09 00:09:06.729 7 INFO neutron.db.ovn_revision_numbers_db [None req-efca70f9-650f-4efd-ae0a-06f412d1fb7a 2e84c8e831664e96bb3713c53a2a19b1 10e444dcbd6340a4ada6a31ed8264a90 - - default default] Successfully bumped revision number for resource 1f505e09-3d4e-4e03-94cf-b2a809460502 (type: security_group_rules) to 0
2026-09-09 00:09:06.744 7 INFO neutron.db.ovn_revision_numbers_db [None req-efca70f9-650f-4efd-ae0a-06f412d1fb7a 2e84c8e831664e96bb3713c53a2a19b1 10e444dcbd6340a4ada6a31ed8264a90 - - default default] Successfully bumped revision number for resource f40d67f4-12ab-4bfb-b312-c6281417c822 (type: security_group_rules) to 0 [pid: 8|app: 0|req: 717/1345] 10.0.0.221 () {32 vars in 774 bytes} [Wed Sep 9 00:09:06 2026] GET /v2.0/security-groups?tenant_id=f6e0985ee0c64a149a6f135480941453&name=default => generated 2925 bytes in 339 msecs (HTTP/1.1 200) 4 headers in 158 bytes (1 switches on core 0) [pid: 7|app: 0|req: 629/1346] 10.0.0.221 () {34 vars in 684 bytes} [Wed Sep 9 00:09:06 2026] POST /v2.0/security-groups => generated 1624 bytes in 608 msecs (HTTP/1.1 201) 4 headers in 163 bytes (1 switches on core 0) [pid: 8|app: 0|req: 718/1347] 10.0.0.221 () {32 vars in 724 bytes} [Wed Sep 9 00:09:06 2026] DELETE /v2.0/subnets/a42d509f-0ed2-48bb-9411-5d5cfa87de74 => generated 0 bytes in 193 msecs (HTTP/1.1 204) 3 headers in 131 bytes (1 switches on core 0) [pid: 7|app: 0|req: 630/1348] 10.0.0.221 () {32 vars in 740 bytes} [Wed Sep 9 00:09:06 2026] DELETE /v2.0/security-groups/78e95806-5c5d-44a0-a155-3420f215e738 => generated 0 bytes in 192 msecs (HTTP/1.1 204) 2 headers in 112 bytes (1 switches on core 0) [pid: 8|app: 0|req: 719/1349] 10.0.0.221 () {32 vars in 663 bytes} [Wed Sep 9 00:09:06 2026] GET /v2.0/security-groups => generated 4529 bytes in 42 msecs (HTTP/1.1 200) 4 headers in 158 bytes (1 switches on core 0)
2026-09-09 00:09:07.060 7 INFO neutron_taas.services.taas.taas_plugin [None req-58d00498-972d-43b1-8cb5-e87e8d538ae6 4f731f1b7b6a434f872947de713edf58 e490af4938604417a7122e37719ac18e - - default default] TaaS: Handle Delete Port: 3d28e473-0ef2-4803-bc1e-f967283cc7e2
2026-09-09 00:09:07.062 7 INFO neutron_taas.services.taas.tap_mirror_plugin [None req-58d00498-972d-43b1-8cb5-e87e8d538ae6 4f731f1b7b6a434f872947de713edf58 e490af4938604417a7122e37719ac18e - - default default] Tap Mirror: Handle Delete Port: 3d28e473-0ef2-4803-bc1e-f967283cc7e2
2026-09-09 00:09:07.071 8 INFO neutron.db.ovn_revision_numbers_db [None req-fa660868-3d9f-4e9b-a83b-01ca4254059b 2e84c8e831664e96bb3713c53a2a19b1 10e444dcbd6340a4ada6a31ed8264a90 - - default default] Successfully bumped revision number for resource 79acb82e-d897-41e0-9b9b-feed4192c17b (type: security_groups) to 2 [pid: 8|app: 0|req: 720/1350] 10.0.0.221 () {34 vars in 758 bytes} [Wed Sep 9 00:09:07 2026] PUT /v2.0/security-groups/79acb82e-d897-41e0-9b9b-feed4192c17b => generated 1662 bytes in 88 msecs (HTTP/1.1 200) 4 headers in 158 bytes (1 switches on core 0) [pid: 8|app: 0|req: 721/1351] 10.0.0.221 () {32 vars in 737 bytes} [Wed Sep 9 00:09:07 2026] GET /v2.0/security-groups/79acb82e-d897-41e0-9b9b-feed4192c17b => generated 1662 bytes in 21 msecs (HTTP/1.1 200) 4 headers in 158 bytes (1 switches on core 0)
2026-09-09 00:09:07.218 7 INFO neutron.services.segments.plugin [-] Segment 7092a963-2480-4919-8455-cdb8f42b5571 resource provider aggregate not found
2026-09-09 00:09:07.222 7 INFO neutron.services.segments.plugin [-] Segment 7092a963-2480-4919-8455-cdb8f42b5571 resource provider aggregate not found
2026-09-09 00:09:07.241 7 INFO neutron.services.segments.plugin [-] Client error retrieving segment 7092a963-2480-4919-8455-cdb8f42b5571 resource provider; error: Placement Client Error (4xx): {"errors": [{"status": 404, "title": "Not Found", "detail": "The resource could not be found.\n\n No resource provider with uuid 7092a963-2480-4919-8455-cdb8f42b5571 found for delete ", "request_id": "req-f60d2fb3-de01-4dd6-b3dd-29b3f6618679"}]}
2026-09-09 00:09:07.246 7 INFO neutron.services.segments.plugin [-] Client error retrieving segment 7092a963-2480-4919-8455-cdb8f42b5571 resource provider; error: Placement Client Error (4xx): {"errors": [{"status": 404, "title": "Not Found", "detail": "The resource could not be found.\n\n No resource provider with uuid 7092a963-2480-4919-8455-cdb8f42b5571 found for delete ", "request_id": "req-847486fb-d752-48bc-8072-049e070a5018"}]} [pid: 7|app: 0|req: 631/1352] 10.0.0.221 () {32 vars in 726 bytes} [Wed Sep 9 00:09:06 2026] DELETE /v2.0/networks/c127f0c2-24bf-4705-9a17-1617fee07d20 => generated 0 bytes in 301 msecs (HTTP/1.1 204) 3 headers in 131 bytes (1 switches on core 0) [pid: 8|app: 0|req: 722/1353] 10.0.0.221 () {32 vars in 740 bytes} [Wed Sep 9 00:09:07 2026] DELETE /v2.0/security-groups/79acb82e-d897-41e0-9b9b-feed4192c17b => generated 0 bytes in 222 msecs (HTTP/1.1 204) 2 headers in 112 bytes (1 switches on core 0) [pid: 8|app: 0|req: 723/1354] 10.0.0.221 () {32 vars in 663 bytes} [Wed Sep 9 00:09:07 2026] GET /v2.0/security-groups => generated 2925 bytes in 45 msecs (HTTP/1.1 200) 4 headers in 158 bytes (1 switches on core 0)
2026-09-09 00:09:07.417 8 INFO neutron.api.v2.resource [None req-2657430a-0c79-4d24-b69b-87c4c990306d 2e84c8e831664e96bb3713c53a2a19b1 10e444dcbd6340a4ada6a31ed8264a90 - - default default] delete failed (client error): The resource could not be found. [pid: 8|app: 0|req: 724/1355] 10.0.0.221 () {32 vars in 740 bytes} [Wed Sep 9 00:09:07 2026] DELETE /v2.0/security-groups/79acb82e-d897-41e0-9b9b-feed4192c17b => generated 146 bytes in 13 msecs (HTTP/1.1 404) 4 headers in 164 bytes (1 switches on core 0)
2026-09-09 00:09:07.563 8 INFO neutron.db.ovn_revision_numbers_db [None req-f6d3a595-8f4f-445b-b7d5-9b0034f246f5 2e84c8e831664e96bb3713c53a2a19b1 10e444dcbd6340a4ada6a31ed8264a90 - - default default] Successfully bumped revision number for resource 21a05017-a807-4ab6-b6aa-dbaa53556a89 (type: security_groups) to 1
2026-09-09 00:09:07.579 8 INFO neutron.db.ovn_revision_numbers_db [None req-f6d3a595-8f4f-445b-b7d5-9b0034f246f5 2e84c8e831664e96bb3713c53a2a19b1 10e444dcbd6340a4ada6a31ed8264a90 - - default default] Successfully bumped revision number for resource 0e335902-f1f1-4572-b0bc-719536d4d996 (type: security_group_rules) to 0
2026-09-09 00:09:07.593 8 INFO neutron.db.ovn_revision_numbers_db [None req-f6d3a595-8f4f-445b-b7d5-9b0034f246f5 2e84c8e831664e96bb3713c53a2a19b1 10e444dcbd6340a4ada6a31ed8264a90 - - default default] Successfully bumped revision number for resource bf53c223-c8c7-481c-8e58-1a9fbfd095cb (type: security_group_rules) to 0
2026-09-09 00:09:07.639 7 WARNING neutron.scheduler.dhcp_agent_scheduler [None req-a2f7795c-6e74-4337-b4e5-8019f74383ba 4f731f1b7b6a434f872947de713edf58 e490af4938604417a7122e37719ac18e - - default default] No more DHCP agents
2026-09-09 00:09:07.640 7 WARNING neutron.api.rpc.agentnotifiers.dhcp_rpc_agent_api [None req-a2f7795c-6e74-4337-b4e5-8019f74383ba 4f731f1b7b6a434f872947de713edf58 e490af4938604417a7122e37719ac18e - - default default] Unable to schedule network a241e96f-fa25-4c6f-8970-4571b707bd0b: no agents available; will retry on subsequent port and subnet creation events. [pid: 8|app: 0|req: 725/1356] 10.0.0.221 () {34 vars in 684 bytes} [Wed Sep 9 00:09:07 2026] POST /v2.0/security-groups => generated 1624 bytes in 240 msecs (HTTP/1.1 201) 4 headers in 163 bytes (1 switches on core 0)
2026-09-09 00:09:07.763 7 INFO neutron.plugins.ml2.drivers.ovn.mech_driver.mech_driver [None req-f0e761c0-675a-4161-9811-91e7074114da - - - - - -] OVN reports status down for port: 0f06fba2-f015-4a2f-b43e-53db2513dc0f
2026-09-09 00:09:07.821 8 INFO neutron.db.ovn_revision_numbers_db [None req-b2d8e450-a67f-4d7e-b1f2-24b1cf9931d4 2e84c8e831664e96bb3713c53a2a19b1 10e444dcbd6340a4ada6a31ed8264a90 - - default default] Successfully bumped revision number for resource 127b9173-de7a-48ab-8567-3f1e9cb4663d (type: security_group_rules) to 0
