2026-09-09 00:10:12.522 8 INFO neutron.db.ovn_revision_numbers_db [None req-1ee00ebf-ea6d-4e86-90be-9463d7a22d99 2e914cdfdff140689227b323ff93c867 ce684f0fdf5a42b4be5b474b2dce7d60 - - default default] Successfully bumped revision number for resource 4af63a57-832c-449c-9095-dc49be480100 (type: security_group_rules) to 0
2026-09-09 00:10:12.538 8 INFO neutron.db.ovn_revision_numbers_db [None req-1ee00ebf-ea6d-4e86-90be-9463d7a22d99 2e914cdfdff140689227b323ff93c867 ce684f0fdf5a42b4be5b474b2dce7d60 - - default default] Successfully bumped revision number for resource 6d3fd309-883e-487b-bd58-86525adff5c3 (type: security_group_rules) to 0
2026-09-09 00:10:12.554 8 INFO neutron.db.ovn_revision_numbers_db [None req-1ee00ebf-ea6d-4e86-90be-9463d7a22d99 2e914cdfdff140689227b323ff93c867 ce684f0fdf5a42b4be5b474b2dce7d60 - - default default] Successfully bumped revision number for resource ce70cc61-0ce3-484a-b7a2-9eb5dd6a5f32 (type: security_group_rules) to 0
2026-09-09 00:10:12.568 8 INFO neutron.db.ovn_revision_numbers_db [None req-1ee00ebf-ea6d-4e86-90be-9463d7a22d99 2e914cdfdff140689227b323ff93c867 ce684f0fdf5a42b4be5b474b2dce7d60 - - default default] Successfully bumped revision number for resource f5bbddce-657f-4878-b640-5abda2aae18d (type: security_group_rules) to 0 [pid: 8|app: 0|req: 1015/1833] 10.0.0.221 () {32 vars in 774 bytes} [Wed Sep 9 00:10:12 2026] GET /v2.0/security-groups?tenant_id=b92d6fc887af4ed38f555d0d949a7bbd&name=default => generated 2925 bytes in 288 msecs (HTTP/1.1 200) 4 headers in 158 bytes (1 switches on core 0)
2026-09-09 00:10:12.635 7 WARNING neutron.scheduler.dhcp_agent_scheduler [None req-eeab8f52-64d9-49ea-a0ab-15a329f1edab 258cb78ea3f84d39a49f758543565f47 ec74e826182440fa88d646a19d02a649 - - default default] No more DHCP agents
2026-09-09 00:10:12.637 7 WARNING neutron.api.rpc.agentnotifiers.dhcp_rpc_agent_api [None req-eeab8f52-64d9-49ea-a0ab-15a329f1edab 258cb78ea3f84d39a49f758543565f47 ec74e826182440fa88d646a19d02a649 - - default default] Unable to schedule network c15699e9-20d9-4e0a-9f51-a3bfa1771c8b: no agents available; will retry on subsequent port and subnet creation events.
2026-09-09 00:10:12.713 8 INFO neutron.plugins.ml2.drivers.ovn.mech_driver.mech_driver [None req-38180543-5561-44c5-8455-c2cdc871d758 - - - - - -] OVN reports status down for port: 9b95f6fb-16be-43a6-a6f7-8fb51912519f
2026-09-09 00:10:12.740 7 INFO neutron.db.ovn_revision_numbers_db [None req-eeab8f52-64d9-49ea-a0ab-15a329f1edab 258cb78ea3f84d39a49f758543565f47 ec74e826182440fa88d646a19d02a649 - - default default] Successfully bumped revision number for resource 9b95f6fb-16be-43a6-a6f7-8fb51912519f (type: ports) to 1
2026-09-09 00:10:12.757 8 INFO neutron_taas.services.taas.taas_plugin [None req-f77a3066-e2fd-4ea9-975c-8182550f72b7 20bbe77759234be1a8873021049f134d 12fc3ca8329c47638907abf97522c97e - - default default] TaaS: Handle Delete Port: fe4d4549-0f0e-43f4-9045-aabb39a1f4e6
2026-09-09 00:10:12.762 8 INFO neutron_taas.services.taas.tap_mirror_plugin [None req-f77a3066-e2fd-4ea9-975c-8182550f72b7 20bbe77759234be1a8873021049f134d 12fc3ca8329c47638907abf97522c97e - - default default] Tap Mirror: Handle Delete Port: fe4d4549-0f0e-43f4-9045-aabb39a1f4e6
2026-09-09 00:10:12.841 7 INFO neutron.db.ovn_revision_numbers_db [None req-eeab8f52-64d9-49ea-a0ab-15a329f1edab 258cb78ea3f84d39a49f758543565f47 ec74e826182440fa88d646a19d02a649 - - default default] Successfully bumped revision number for resource db1886e4-998a-492d-a371-2344da38d1f4 (type: networks) to 1
2026-09-09 00:10:13.083 7 WARNING neutron.scheduler.dhcp_agent_scheduler [None req-eeab8f52-64d9-49ea-a0ab-15a329f1edab 258cb78ea3f84d39a49f758543565f47 ec74e826182440fa88d646a19d02a649 - - default default] No more DHCP agents
2026-09-09 00:10:13.085 7 WARNING neutron.api.rpc.agentnotifiers.dhcp_rpc_agent_api [None req-eeab8f52-64d9-49ea-a0ab-15a329f1edab 258cb78ea3f84d39a49f758543565f47 ec74e826182440fa88d646a19d02a649 - - default default] Unable to schedule network db1886e4-998a-492d-a371-2344da38d1f4: no agents available; will retry on subsequent port and subnet creation events. [pid: 8|app: 0|req: 1016/1834] 10.0.0.221 () {32 vars in 726 bytes} [Wed Sep 9 00:10:12 2026] DELETE /v2.0/networks/c32f361e-1c07-431d-baa0-dfec99834868 => generated 0 bytes in 487 msecs (HTTP/1.1 204) 3 headers in 131 bytes (1 switches on core 0)
2026-09-09 00:10:13.141 7 INFO neutron.plugins.ml2.drivers.ovn.mech_driver.mech_driver [None req-7f203eda-4e77-4c34-bc69-17c9bf88d4de - - - - - -] OVN reports status down for port: 8ae5c149-b516-472c-984f-e49caa05abc8
2026-09-09 00:10:13.216 7 INFO neutron.db.ovn_revision_numbers_db [None req-eeab8f52-64d9-49ea-a0ab-15a329f1edab 258cb78ea3f84d39a49f758543565f47 ec74e826182440fa88d646a19d02a649 - - default default] Successfully bumped revision number for resource 8ae5c149-b516-472c-984f-e49caa05abc8 (type: ports) to 1 [pid: 7|app: 0|req: 819/1835] 10.0.0.221 () {34 vars in 670 bytes} [Wed Sep 9 00:10:11 2026] POST /v2.0/networks => generated 1245 bytes in 1847 msecs (HTTP/1.1 201) 4 headers in 163 bytes (1 switches on core 0) [pid: 8|app: 0|req: 1017/1836] 10.0.0.221 () {32 vars in 740 bytes} [Wed Sep 9 00:10:13 2026] DELETE /v2.0/security-groups/1fd73bf0-2fbc-4ad7-836d-7a74a357fa0c => generated 0 bytes in 352 msecs (HTTP/1.1 204) 2 headers in 112 bytes (1 switches on core 0)
2026-09-09 00:10:13.482 7 INFO neutron_taas.services.taas.taas_plugin [None req-a13a51f7-24be-450b-95e2-c8bb6f80d71b 20bbe77759234be1a8873021049f134d 12fc3ca8329c47638907abf97522c97e - - default default] TaaS: Handle Delete Port: 4234c757-16c9-442f-83d2-0227cc224405
2026-09-09 00:10:13.485 7 INFO neutron_taas.services.taas.tap_mirror_plugin [None req-a13a51f7-24be-450b-95e2-c8bb6f80d71b 20bbe77759234be1a8873021049f134d 12fc3ca8329c47638907abf97522c97e - - default default] Tap Mirror: Handle Delete Port: 4234c757-16c9-442f-83d2-0227cc224405 [pid: 8|app: 0|req: 1018/1837] 10.0.0.221 () {32 vars in 649 bytes} [Wed Sep 9 00:10:13 2026] GET /v2.0/networks => generated 1856 bytes in 52 msecs (HTTP/1.1 200) 4 headers in 158 bytes (1 switches on core 0)
2026-09-09 00:10:13.611 8 INFO neutron_taas.services.taas.taas_plugin [None req-0d6f0b95-f38a-42ca-b66c-ba8b551737bb 258cb78ea3f84d39a49f758543565f47 ec74e826182440fa88d646a19d02a649 - - default default] TaaS: Handle Delete Port: 9b95f6fb-16be-43a6-a6f7-8fb51912519f
2026-09-09 00:10:13.614 8 INFO neutron_taas.services.taas.tap_mirror_plugin [None req-0d6f0b95-f38a-42ca-b66c-ba8b551737bb 258cb78ea3f84d39a49f758543565f47 ec74e826182440fa88d646a19d02a649 - - default default] Tap Mirror: Handle Delete Port: 9b95f6fb-16be-43a6-a6f7-8fb51912519f
2026-09-09 00:10:13.691 7 INFO neutron.services.segments.plugin [-] Segment 91f9e085-8364-4c5f-b960-8943f505c1ad resource provider aggregate not found
2026-09-09 00:10:13.696 7 INFO neutron.services.segments.plugin [-] Segment 91f9e085-8364-4c5f-b960-8943f505c1ad resource provider aggregate not found
2026-09-09 00:10:13.722 7 INFO neutron.services.segments.plugin [-] Client error retrieving segment 91f9e085-8364-4c5f-b960-8943f505c1ad resource provider; error: Placement Client Error (4xx): {"errors": [{"status": 404, "title": "Not Found", "detail": "The resource could not be found.\n\n No resource provider with uuid 91f9e085-8364-4c5f-b960-8943f505c1ad found for delete ", "request_id": "req-f95d7bb8-54ba-423e-8088-4d86a18818da"}]}
2026-09-09 00:10:13.726 7 INFO neutron.services.segments.plugin [-] Client error retrieving segment 91f9e085-8364-4c5f-b960-8943f505c1ad resource provider; error: Placement Client Error (4xx): {"errors": [{"status": 404, "title": "Not Found", "detail": "The resource could not be found.\n\n No resource provider with uuid 91f9e085-8364-4c5f-b960-8943f505c1ad found for delete ", "request_id": "req-53edb0da-ab34-4d81-a5af-037ec3b87035"}]} [pid: 7|app: 0|req: 820/1838] 10.0.0.221 () {32 vars in 726 bytes} [Wed Sep 9 00:10:13 2026] DELETE /v2.0/networks/06ad164a-6b9f-4260-a680-bb33fe462455 => generated 0 bytes in 458 msecs (HTTP/1.1 204) 3 headers in 131 bytes (1 switches on core 0) [pid: 7|app: 0|req: 821/1839] 10.0.0.221 () {32 vars in 774 bytes} [Wed Sep 9 00:10:13 2026] GET /v2.0/security-groups?tenant_id=79551ecee31a44188ddfbf604cc7b683&name=default => generated 2925 bytes in 52 msecs (HTTP/1.1 200) 4 headers in 158 bytes (1 switches on core 0) [pid: 8|app: 0|req: 1019/1840] 10.0.0.221 () {32 vars in 726 bytes} [Wed Sep 9 00:10:13 2026] DELETE /v2.0/networks/c15699e9-20d9-4e0a-9f51-a3bfa1771c8b => generated 0 bytes in 317 msecs (HTTP/1.1 204) 3 headers in 131 bytes (1 switches on core 0)
2026-09-09 00:10:13.924 7 INFO neutron_taas.services.taas.taas_plugin [None req-5be80c68-1887-409d-8043-c1df55681c88 20bbe77759234be1a8873021049f134d 12fc3ca8329c47638907abf97522c97e - - default default] TaaS: Handle Delete Port: e2c03777-a928-4efa-852a-a56998a0eb12
2026-09-09 00:10:13.926 7 INFO neutron_taas.services.taas.tap_mirror_plugin [None req-5be80c68-1887-409d-8043-c1df55681c88 20bbe77759234be1a8873021049f134d 12fc3ca8329c47638907abf97522c97e - - default default] Tap Mirror: Handle Delete Port: e2c03777-a928-4efa-852a-a56998a0eb12 [pid: 8|app: 0|req: 1020/1841] 10.0.0.221 () {32 vars in 740 bytes} [Wed Sep 9 00:10:13 2026] DELETE /v2.0/security-groups/48c68806-b233-4eb9-ba26-02e5668848f5 => generated 0 bytes in 247 msecs (HTTP/1.1 204) 2 headers in 112 bytes (1 switches on core 0)
2026-09-09 00:10:14.198 8 INFO neutron_taas.services.taas.taas_plugin [None req-20135b74-55d8-4ea8-8413-ba2227bb6952 258cb78ea3f84d39a49f758543565f47 ec74e826182440fa88d646a19d02a649 - - default default] TaaS: Handle Delete Port: 8ae5c149-b516-472c-984f-e49caa05abc8
2026-09-09 00:10:14.201 8 INFO neutron_taas.services.taas.tap_mirror_plugin [None req-20135b74-55d8-4ea8-8413-ba2227bb6952 258cb78ea3f84d39a49f758543565f47 ec74e826182440fa88d646a19d02a649 - - default default] Tap Mirror: Handle Delete Port: 8ae5c149-b516-472c-984f-e49caa05abc8 [pid: 7|app: 0|req: 822/1842] 10.0.0.221 () {32 vars in 726 bytes} [Wed Sep 9 00:10:13 2026] DELETE /v2.0/networks/74bea0ae-6129-4b46-bfc6-e442122daee0 => generated 0 bytes in 429 msecs (HTTP/1.1 204) 3 headers in 131 bytes (1 switches on core 0)
2026-09-09 00:10:14.381 7 INFO neutron_taas.services.taas.taas_plugin [None req-ac23d331-9592-42b1-b6d9-be3d29a7d5ee 20bbe77759234be1a8873021049f134d 12fc3ca8329c47638907abf97522c97e - - default default] TaaS: Handle Delete Port: c57510a4-b087-41e0-8e24-f1599e5a9550
2026-09-09 00:10:14.383 7 INFO neutron_taas.services.taas.tap_mirror_plugin [None req-ac23d331-9592-42b1-b6d9-be3d29a7d5ee 20bbe77759234be1a8873021049f134d 12fc3ca8329c47638907abf97522c97e - - default default] Tap Mirror: Handle Delete Port: c57510a4-b087-41e0-8e24-f1599e5a9550 [pid: 8|app: 0|req: 1021/1843] 10.0.0.221 () {32 vars in 726 bytes} [Wed Sep 9 00:10:14 2026] DELETE /v2.0/networks/db1886e4-998a-492d-a371-2344da38d1f4 => generated 0 bytes in 354 msecs (HTTP/1.1 204) 3 headers in 131 bytes (1 switches on core 0) [pid: 8|app: 0|req: 1022/1844] 10.0.0.221 () {32 vars in 649 bytes} [Wed Sep 9 00:10:14 2026] GET /v2.0/networks => generated 651 bytes in 47 msecs (HTTP/1.1 200) 4 headers in 157 bytes (1 switches on core 0)
2026-09-09 00:10:14.499 8 INFO neutron.services.segments.plugin [-] Segment 4aaca949-a4e9-4216-bdb1-3228abb38283 resource provider aggregate not found
2026-09-09 00:10:14.507 8 INFO neutron.services.segments.plugin [-] Segment 4aaca949-a4e9-4216-bdb1-3228abb38283 resource provider aggregate not found
2026-09-09 00:10:14.512 8 INFO neutron.services.segments.plugin [-] Client error retrieving segment 4aaca949-a4e9-4216-bdb1-3228abb38283 resource provider; error: Placement Client Error (4xx): {"errors": [{"status": 404, "title": "Not Found", "detail": "The resource could not be found.\n\n No resource provider with uuid 4aaca949-a4e9-4216-bdb1-3228abb38283 found for delete ", "request_id": "req-c1441a2f-de67-4b63-8204-4ddd864b89f7"}]}
2026-09-09 00:10:14.528 8 INFO neutron.services.segments.plugin [-] Segment 33ce249f-c28a-4ed2-af0f-0bb8cd7c00cf resource provider aggregate not found
2026-09-09 00:10:14.533 8 INFO neutron.services.segments.plugin [-] Client error retrieving segment 4aaca949-a4e9-4216-bdb1-3228abb38283 resource provider; error: Placement Client Error (4xx): {"errors": [{"status": 404, "title": "Not Found", "detail": "The resource could not be found.\n\n No resource provider with uuid 4aaca949-a4e9-4216-bdb1-3228abb38283 found for delete ", "request_id": "req-7c3e8c75-b385-437c-a6f7-2b75f72cc664"}]}
2026-09-09 00:10:14.546 8 INFO neutron.services.segments.plugin [-] Client error retrieving segment 33ce249f-c28a-4ed2-af0f-0bb8cd7c00cf resource provider; error: Placement Client Error (4xx): {"errors": [{"status": 404, "title": "Not Found", "detail": "The resource could not be found.\n\n No resource provider with uuid 33ce249f-c28a-4ed2-af0f-0bb8cd7c00cf found for delete ", "request_id": "req-3f93e867-dcd9-4744-94d6-2cbdac8eb98e"}]}
2026-09-09 00:10:14.559 8 INFO neutron.services.segments.plugin [-] Segment 33ce249f-c28a-4ed2-af0f-0bb8cd7c00cf resource provider aggregate not found
2026-09-09 00:10:14.563 8 INFO neutron.services.segments.plugin [-] Segment 087f7047-0290-4437-ab3f-67fd7867ee9f resource provider aggregate not found
2026-09-09 00:10:14.573 8 INFO neutron.services.segments.plugin [-] Client error retrieving segment 087f7047-0290-4437-ab3f-67fd7867ee9f resource provider; error: Placement Client Error (4xx): {"errors": [{"status": 404, "title": "Not Found", "detail": "The resource could not be found.\n\n No resource provider with uuid 087f7047-0290-4437-ab3f-67fd7867ee9f found for delete ", "request_id": "req-c4fd217e-69da-4b38-88e3-893be8e5c16a"}]}
2026-09-09 00:10:14.577 8 INFO neutron.services.segments.plugin [-] Client error retrieving segment 33ce249f-c28a-4ed2-af0f-0bb8cd7c00cf resource provider; error: Placement Client Error (4xx): {"errors": [{"status": 404, "title": "Not Found", "detail": "The resource could not be found.\n\n No resource provider with uuid 33ce249f-c28a-4ed2-af0f-0bb8cd7c00cf found for delete ", "request_id": "req-edb758df-411e-4a55-b8fc-0dc9aaa2420e"}]}
2026-09-09 00:10:14.591 8 INFO neutron.services.segments.plugin [-] Segment 087f7047-0290-4437-ab3f-67fd7867ee9f resource provider aggregate not found
2026-09-09 00:10:14.598 8 INFO neutron.db.segments_db [None req-98573457-3115-47c3-9726-30a32fcb4044 258cb78ea3f84d39a49f758543565f47 ec74e826182440fa88d646a19d02a649 - - default default] Added segment efcccad1-d3af-4c51-9cc4-4c9b5e8c9b24 of type geneve for network 76e568ae-3da9-40ca-a318-ffc4b86cee81
2026-09-09 00:10:14.613 8 INFO neutron.services.segments.plugin [-] Client error retrieving segment 087f7047-0290-4437-ab3f-67fd7867ee9f resource provider; error: Placement Client Error (4xx): {"errors": [{"status": 404, "title": "Not Found", "detail": "The resource could not be found.\n\n No resource provider with uuid 087f7047-0290-4437-ab3f-67fd7867ee9f found for delete ", "request_id": "req-8478e21d-dfd3-4f68-aa66-b2b3f74eb253"}]} [pid: 7|app: 0|req: 823/1845] 10.0.0.221 () {32 vars in 726 bytes} [Wed Sep 9 00:10:14 2026] DELETE /v2.0/networks/39036031-0e7e-4cd8-9283-d1a98c188f0f => generated 0 bytes in 396 msecs (HTTP/1.1 204) 3 headers in 131 bytes (1 switches on core 0)
2026-09-09 00:10:14.756 8 INFO neutron.db.ovn_revision_numbers_db [None req-98573457-3115-47c3-9726-30a32fcb4044 258cb78ea3f84d39a49f758543565f47 ec74e826182440fa88d646a19d02a649 - - default default] Successfully bumped revision number for resource 76e568ae-3da9-40ca-a318-ffc4b86cee81 (type: networks) to 1
2026-09-09 00:10:14.937 8 WARNING neutron.scheduler.dhcp_agent_scheduler [None req-98573457-3115-47c3-9726-30a32fcb4044 258cb78ea3f84d39a49f758543565f47 ec74e826182440fa88d646a19d02a649 - - default default] No more DHCP agents
2026-09-09 00:10:14.939 8 WARNING neutron.api.rpc.agentnotifiers.dhcp_rpc_agent_api [None req-98573457-3115-47c3-9726-30a32fcb4044 258cb78ea3f84d39a49f758543565f47 ec74e826182440fa88d646a19d02a649 - - default default] Unable to schedule network 76e568ae-3da9-40ca-a318-ffc4b86cee81: no agents available; will retry on subsequent port and subnet creation events.
2026-09-09 00:10:15.012 7 INFO neutron.plugins.ml2.drivers.ovn.mech_driver.mech_driver [None req-7f203eda-4e77-4c34-bc69-17c9bf88d4de - - - - - -] OVN reports status down for port: e8e1378a-b3aa-4063-996c-f56c794e34c4
2026-09-09 00:10:15.037 8 INFO neutron.db.ovn_revision_numbers_db [None req-98573457-3115-47c3-9726-30a32fcb4044 258cb78ea3f84d39a49f758543565f47 ec74e826182440fa88d646a19d02a649 - - default default] Successfully bumped revision number for resource e8e1378a-b3aa-4063-996c-f56c794e34c4 (type: ports) to 1 [pid: 8|app: 0|req: 1023/1846] 10.0.0.221 () {34 vars in 670 bytes} [Wed Sep 9 00:10:14 2026] POST /v2.0/networks => generated 649 bytes in 582 msecs (HTTP/1.1 201) 4 headers in 162 bytes (1 switches on core 0)
2026-09-09 00:10:15.202 7 INFO neutron.db.segments_db [None req-a70150e7-5433-4a00-a502-f0426f7e1291 258cb78ea3f84d39a49f758543565f47 ec74e826182440fa88d646a19d02a649 - - default default] Added segment 6dad591d-d4aa-433c-b5d4-eec5cef4653a of type geneve for network 77aa453a-3e81-4f5b-b0d8-f1f2cbe113ec
2026-09-09 00:10:15.360 7 INFO neutron.db.ovn_revision_numbers_db [None req-a70150e7-5433-4a00-a502-f0426f7e1291 258cb78ea3f84d39a49f758543565f47 ec74e826182440fa88d646a19d02a649 - - default default] Successfully bumped revision number for resource 77aa453a-3e81-4f5b-b0d8-f1f2cbe113ec (type: networks) to 1
2026-09-09 00:10:15.559 7 WARNING neutron.scheduler.dhcp_agent_scheduler [None req-a70150e7-5433-4a00-a502-f0426f7e1291 258cb78ea3f84d39a49f758543565f47 ec74e826182440fa88d646a19d02a649 - - default default] No more DHCP agents
2026-09-09 00:10:15.561 7 WARNING neutron.api.rpc.agentnotifiers.dhcp_rpc_agent_api [None req-a70150e7-5433-4a00-a502-f0426f7e1291 258cb78ea3f84d39a49f758543565f47 ec74e826182440fa88d646a19d02a649 - - default default] Unable to schedule network 77aa453a-3e81-4f5b-b0d8-f1f2cbe113ec: no agents available; will retry on subsequent port and subnet creation events.
2026-09-09 00:10:15.629 7 INFO neutron.plugins.ml2.drivers.ovn.mech_driver.mech_driver [None req-7f203eda-4e77-4c34-bc69-17c9bf88d4de - - - - - -] OVN reports status down for port: db9549fb-754d-459e-9ddd-7d8857a42dfa
2026-09-09 00:10:15.703 7 INFO neutron.db.ovn_revision_numbers_db [None req-a70150e7-5433-4a00-a502-f0426f7e1291 258cb78ea3f84d39a49f758543565f47 ec74e826182440fa88d646a19d02a649 - - default default] Successfully bumped revision number for resource db9549fb-754d-459e-9ddd-7d8857a42dfa (type: ports) to 1
2026-09-09 00:10:15.761 7 INFO neutron.services.segments.plugin [-] Segment b77f161e-b209-4b39-b19e-55a4030f7917 resource provider aggregate not found
2026-09-09 00:10:15.769 7 INFO neutron.services.segments.plugin [-] Segment b77f161e-b209-4b39-b19e-55a4030f7917 resource provider aggregate not found [pid: 7|app: 0|req: 824/1847] 10.0.0.221 () {34 vars in 670 bytes} [Wed Sep 9 00:10:15 2026] POST /v2.0/networks => generated 649 bytes in 736 msecs (HTTP/1.1 201) 4 headers in 162 bytes (1 switches on core 0)
2026-09-09 00:10:15.805 7 INFO neutron.services.segments.plugin [-] Client error retrieving segment b77f161e-b209-4b39-b19e-55a4030f7917 resource provider; error: Placement Client Error (4xx): {"errors": [{"status": 404, "title": "Not Found", "detail": "The resource could not be found.\n\n No resource provider with uuid b77f161e-b209-4b39-b19e-55a4030f7917 found for delete ", "request_id": "req-9f8b9c21-a9f8-4578-ad0d-6d4552975495"}]}
2026-09-09 00:10:15.831 7 INFO neutron.services.segments.plugin [-] Client error retrieving segment b77f161e-b209-4b39-b19e-55a4030f7917 resource provider; error: Placement Client Error (4xx): {"errors": [{"status": 404, "title": "Not Found", "detail": "The resource could not be found.\n\n No resource provider with uuid b77f161e-b209-4b39-b19e-55a4030f7917 found for delete ", "request_id": "req-a5a7c1ce-fe92-4af7-84ca-f97fee45dac7"}]} [pid: 8|app: 0|req: 1024/1848] 10.0.0.221 () {32 vars in 774 bytes} [Wed Sep 9 00:10:15 2026] GET /v2.0/security-groups?tenant_id=12fc3ca8329c47638907abf97522c97e&name=default => generated 2925 bytes in 300 msecs (HTTP/1.1 200) 4 headers in 158 bytes (1 switches on core 0)
2026-09-09 00:10:15.858 7 INFO neutron.services.segments.plugin [-] Segment 5f5a38fb-8abf-4471-aa3d-b900a73e6e0b resource provider aggregate not found
2026-09-09 00:10:15.864 7 INFO neutron.services.segments.plugin [-] Segment 5f5a38fb-8abf-4471-aa3d-b900a73e6e0b resource provider aggregate not found
2026-09-09 00:10:15.890 7 INFO neutron.services.segments.plugin [-] Client error retrieving segment 5f5a38fb-8abf-4471-aa3d-b900a73e6e0b resource provider; error: Placement Client Error (4xx): {"errors": [{"status": 404, "title": "Not Found", "detail": "The resource could not be found.\n\n No resource provider with uuid 5f5a38fb-8abf-4471-aa3d-b900a73e6e0b found for delete ", "request_id": "req-aacfe9b5-6443-4661-b8cc-240e0ad14057"}]}
2026-09-09 00:10:15.899 7 INFO neutron.services.segments.plugin [-] Client error retrieving segment 5f5a38fb-8abf-4471-aa3d-b900a73e6e0b resource provider; error: Placement Client Error (4xx): {"errors": [{"status": 404, "title": "Not Found", "detail": "The resource could not be found.\n\n No resource provider with uuid 5f5a38fb-8abf-4471-aa3d-b900a73e6e0b found for delete ", "request_id": "req-9f65fc95-2d1b-41c7-acf3-20833e88a2f2"}]} [pid: 8|app: 0|req: 1025/1849] 10.0.0.221 () {32 vars in 740 bytes} [Wed Sep 9 00:10:15 2026] DELETE /v2.0/security-groups/9fc7e06e-dc58-42c8-a541-66d3d652b6e8 => generated 0 bytes in 262 msecs (HTTP/1.1 204) 2 headers in 112 bytes (1 switches on core 0)
2026-09-09 00:10:16.245 7 WARNING neutron.scheduler.dhcp_agent_scheduler [None req-0c8e1f47-8b80-493d-af11-477e2ba6008a 258cb78ea3f84d39a49f758543565f47 ec74e826182440fa88d646a19d02a649 - - default default] No more DHCP agents
2026-09-09 00:10:16.246 7 WARNING neutron.api.rpc.agentnotifiers.dhcp_rpc_agent_api [None req-0c8e1f47-8b80-493d-af11-477e2ba6008a 258cb78ea3f84d39a49f758543565f47 ec74e826182440fa88d646a19d02a649 - - default default] Unable to schedule network 76e568ae-3da9-40ca-a318-ffc4b86cee81: no agents available; will retry on subsequent port and subnet creation events.
2026-09-09 00:10:16.315 7 INFO neutron.plugins.ml2.drivers.ovn.mech_driver.mech_driver [None req-7f203eda-4e77-4c34-bc69-17c9bf88d4de - - - - - -] OVN reports status down for port: 134bd5fa-60ba-4f06-ace3-f137f5736e0a
2026-09-09 00:10:16.391 7 INFO neutron.db.ovn_revision_numbers_db [None req-0c8e1f47-8b80-493d-af11-477e2ba6008a 258cb78ea3f84d39a49f758543565f47 ec74e826182440fa88d646a19d02a649 - - default default] Successfully bumped revision number for resource 134bd5fa-60ba-4f06-ace3-f137f5736e0a (type: ports) to 1
2026-09-09 00:10:16.504 8 INFO neutron.db.ovn_revision_numbers_db [None req-d0beb6a0-152a-4ab2-969e-7d0ad0e5fa81 2e914cdfdff140689227b323ff93c867 ce684f0fdf5a42b4be5b474b2dce7d60 - - default default] Successfully bumped revision number for resource 9ab05140-2c0b-45d6-9173-d82f4ba88efb (type: security_groups) to 1
2026-09-09 00:10:16.505 7 WARNING neutron.scheduler.dhcp_agent_scheduler [None req-0c8e1f47-8b80-493d-af11-477e2ba6008a 258cb78ea3f84d39a49f758543565f47 ec74e826182440fa88d646a19d02a649 - - default default] No more DHCP agents
2026-09-09 00:10:16.511 7 WARNING neutron.api.rpc.agentnotifiers.dhcp_rpc_agent_api [None req-0c8e1f47-8b80-493d-af11-477e2ba6008a 258cb78ea3f84d39a49f758543565f47 ec74e826182440fa88d646a19d02a649 - - default default] Unable to schedule network 77aa453a-3e81-4f5b-b0d8-f1f2cbe113ec: no agents available; will retry on subsequent port and subnet creation events.
2026-09-09 00:10:16.524 8 INFO neutron.db.ovn_revision_numbers_db [None req-d0beb6a0-152a-4ab2-969e-7d0ad0e5fa81 2e914cdfdff140689227b323ff93c867 ce684f0fdf5a42b4be5b474b2dce7d60 - - default default] Successfully bumped revision number for resource 35609f91-a350-40dd-af31-0d11d566c138 (type: security_group_rules) to 0
2026-09-09 00:10:16.544 8 INFO neutron.db.ovn_revision_numbers_db [None req-d0beb6a0-152a-4ab2-969e-7d0ad0e5fa81 2e914cdfdff140689227b323ff93c867 ce684f0fdf5a42b4be5b474b2dce7d60 - - default default] Successfully bumped revision number for resource 94b8fc3a-d4c8-4b69-a17c-c7d805883719 (type: security_group_rules) to 0
2026-09-09 00:10:16.572 8 INFO neutron.db.ovn_revision_numbers_db [None req-d0beb6a0-152a-4ab2-969e-7d0ad0e5fa81 2e914cdfdff140689227b323ff93c867 ce684f0fdf5a42b4be5b474b2dce7d60 - - default default] Successfully bumped revision number for resource c35c28e4-7807-4717-86cf-fe8e591ac159 (type: security_group_rules) to 0
2026-09-09 00:10:16.587 7 INFO neutron.plugins.ml2.drivers.ovn.mech_driver.mech_driver [None req-7f203eda-4e77-4c34-bc69-17c9bf88d4de - - - - - -] OVN reports status down for port: 2bbd4b98-cc7f-47a8-b387-96593012d5c7
2026-09-09 00:10:16.590 8 INFO neutron.db.ovn_revision_numbers_db [None req-d0beb6a0-152a-4ab2-969e-7d0ad0e5fa81 2e914cdfdff140689227b323ff93c867 ce684f0fdf5a42b4be5b474b2dce7d60 - - default default] Successfully bumped revision number for resource e70c817a-37ec-473f-b060-19167600a5a9 (type: security_group_rules) to 0 [pid: 8|app: 0|req: 1026/1850] 10.0.0.221 () {32 vars in 774 bytes} [Wed Sep 9 00:10:16 2026] GET /v2.0/security-groups?tenant_id=debea05abbca4703aa7fff520b1c7a93&name=default => generated 2925 bytes in 316 msecs (HTTP/1.1 200) 4 headers in 158 bytes (1 switches on core 0)
2026-09-09 00:10:16.666 7 INFO neutron.db.ovn_revision_numbers_db [None req-0c8e1f47-8b80-493d-af11-477e2ba6008a 258cb78ea3f84d39a49f758543565f47 ec74e826182440fa88d646a19d02a649 - - default default] Successfully bumped revision number for resource 2bbd4b98-cc7f-47a8-b387-96593012d5c7 (type: ports) to 1 [pid: 7|app: 0|req: 825/1851] 10.0.0.221 () {34 vars in 665 bytes} [Wed Sep 9 00:10:15 2026] POST /v2.0/ports => generated 1505 bytes in 968 msecs (HTTP/1.1 201) 4 headers in 163 bytes (1 switches on core 0) /var/lib/openstack/lib/python3.12/site-packages/pycadf/identifier.py:70: UserWarning: Invalid uuid: neutron. To ensure interoperability, identifiers should be a valid uuid. warnings.warn(('Invalid uuid: %s. To ensure interoperability, ' [pid: 7|app: 0|req: 826/1852] 10.0.0.221 () {32 vars in 643 bytes} [Wed Sep 9 00:10:16 2026] GET /v2.0/ports => generated 3017 bytes in 75 msecs (HTTP/1.1 200) 4 headers in 158 bytes (1 switches on core 0) [pid: 8|app: 0|req: 1027/1853] 10.0.0.221 () {32 vars in 740 bytes} [Wed Sep 9 00:10:16 2026] DELETE /v2.0/security-groups/9ab05140-2c0b-45d6-9173-d82f4ba88efb => generated 0 bytes in 264 msecs (HTTP/1.1 204) 2 headers in 112 bytes (1 switches on core 0)
2026-09-09 00:10:17.003 7 INFO neutron_taas.services.taas.taas_plugin [None req-875bbb26-b487-464c-a516-6bda0ef81cb9 258cb78ea3f84d39a49f758543565f47 ec74e826182440fa88d646a19d02a649 - - default default] TaaS: Handle Delete Port: 134bd5fa-60ba-4f06-ace3-f137f5736e0a
2026-09-09 00:10:17.006 7 INFO neutron_taas.services.taas.tap_mirror_plugin [None req-875bbb26-b487-464c-a516-6bda0ef81cb9 258cb78ea3f84d39a49f758543565f47 ec74e826182440fa88d646a19d02a649 - - default default] Tap Mirror: Handle Delete Port: 134bd5fa-60ba-4f06-ace3-f137f5736e0a [pid: 7|app: 0|req: 827/1854] 10.0.0.221 () {32 vars in 720 bytes} [Wed Sep 9 00:10:16 2026] DELETE /v2.0/ports/134bd5fa-60ba-4f06-ace3-f137f5736e0a => generated 0 bytes in 246 msecs (HTTP/1.1 204) 3 headers in 131 bytes (1 switches on core 0)
2026-09-09 00:10:17.259 7 INFO neutron.db.ovn_revision_numbers_db [None req-69283ba4-cda0-4b1e-9ce1-1f415fe73134 2e914cdfdff140689227b323ff93c867 ce684f0fdf5a42b4be5b474b2dce7d60 - - default default] Successfully bumped revision number for resource 69cbbc21-f568-4bab-bb61-afe686d589b4 (type: security_groups) to 1
2026-09-09 00:10:17.272 7 INFO neutron.db.ovn_revision_numbers_db [None req-69283ba4-cda0-4b1e-9ce1-1f415fe73134 2e914cdfdff140689227b323ff93c867 ce684f0fdf5a42b4be5b474b2dce7d60 - - default default] Successfully bumped revision number for resource 5b0e43e0-d262-49dc-bd5d-c01e3f784cb8 (type: security_group_rules) to 0
2026-09-09 00:10:17.284 7 INFO neutron.db.ovn_revision_numbers_db [None req-69283ba4-cda0-4b1e-9ce1-1f415fe73134 2e914cdfdff140689227b323ff93c867 ce684f0fdf5a42b4be5b474b2dce7d60 - - default default] Successfully bumped revision number for resource 7a6735da-e330-4d56-bc7a-935041952266 (type: security_group_rules) to 0
2026-09-09 00:10:17.290 8 INFO neutron_taas.services.taas.taas_plugin [None req-d84e1cec-2b6f-4622-ad7b-f3d30f0ea7c6 258cb78ea3f84d39a49f758543565f47 ec74e826182440fa88d646a19d02a649 - - default default] TaaS: Handle Delete Port: 2bbd4b98-cc7f-47a8-b387-96593012d5c7
2026-09-09 00:10:17.293 8 INFO neutron_taas.services.taas.tap_mirror_plugin [None req-d84e1cec-2b6f-4622-ad7b-f3d30f0ea7c6 258cb78ea3f84d39a49f758543565f47 ec74e826182440fa88d646a19d02a649 - - default default] Tap Mirror: Handle Delete Port: 2bbd4b98-cc7f-47a8-b387-96593012d5c7
2026-09-09 00:10:17.298 7 INFO neutron.db.ovn_revision_numbers_db [None req-69283ba4-cda0-4b1e-9ce1-1f415fe73134 2e914cdfdff140689227b323ff93c867 ce684f0fdf5a42b4be5b474b2dce7d60 - - default default] Successfully bumped revision number for resource b0feae53-8ee4-484a-bece-0071448e5631 (type: security_group_rules) to 0
2026-09-09 00:10:17.310 7 INFO neutron.db.ovn_revision_numbers_db [None req-69283ba4-cda0-4b1e-9ce1-1f415fe73134 2e914cdfdff140689227b323ff93c867 ce684f0fdf5a42b4be5b474b2dce7d60 - - default default] Successfully bumped revision number for resource db159dc9-c68b-4246-bd9d-410ff7e1e42f (type: security_group_rules) to 0 [pid: 7|app: 0|req: 828/1855] 10.0.0.221 () {32 vars in 774 bytes} [Wed Sep 9 00:10:17 2026] GET /v2.0/security-groups?tenant_id=e19adce871e84b2d965adc78929c72ce&name=default => generated 2925 bytes in 247 msecs (HTTP/1.1 200) 4 headers in 158 bytes (1 switches on core 0) [pid: 8|app: 0|req: 1028/1856] 10.0.0.221 () {32 vars in 720 bytes} [Wed Sep 9 00:10:17 2026] DELETE /v2.0/ports/2bbd4b98-cc7f-47a8-b387-96593012d5c7 => generated 0 bytes in 284 msecs (HTTP/1.1 204) 3 headers in 131 bytes (1 switches on core 0) [pid: 8|app: 0|req: 1029/1857] 10.0.0.221 () {32 vars in 643 bytes} [Wed Sep 9 00:10:17 2026] GET /v2.0/ports => generated 1523 bytes in 56 msecs (HTTP/1.1 200) 4 headers in 158 bytes (1 switches on core 0)
2026-09-09 00:10:17.539 8 INFO neutron.db.segments_db [None req-389c558d-9c33-4da5-bd4d-3d326ed64990 258cb78ea3f84d39a49f758543565f47 ec74e826182440fa88d646a19d02a649 - - default default] Added segment 27823e78-c2a1-4d91-acda-68dc4a22fa4d of type geneve for network a7387654-8faf-46b4-8463-ff79df1cf1f5
2026-09-09 00:10:17.655 8 INFO neutron.db.ovn_revision_numbers_db [None req-389c558d-9c33-4da5-bd4d-3d326ed64990 258cb78ea3f84d39a49f758543565f47 ec74e826182440fa88d646a19d02a649 - - default default] Successfully bumped revision number for resource a7387654-8faf-46b4-8463-ff79df1cf1f5 (type: networks) to 1 [pid: 7|app: 0|req: 829/1858] 10.0.0.221 () {32 vars in 740 bytes} [Wed Sep 9 00:10:17 2026] DELETE /v2.0/security-groups/69cbbc21-f568-4bab-bb61-afe686d589b4 => generated 0 bytes in 319 msecs (HTTP/1.1 204) 2 headers in 112 bytes (1 switches on core 0)
2026-09-09 00:10:17.786 8 WARNING neutron.scheduler.dhcp_agent_scheduler [None req-389c558d-9c33-4da5-bd4d-3d326ed64990 258cb78ea3f84d39a49f758543565f47 ec74e826182440fa88d646a19d02a649 - - default default] No more DHCP agents
2026-09-09 00:10:17.787 8 WARNING neutron.api.rpc.agentnotifiers.dhcp_rpc_agent_api [None req-389c558d-9c33-4da5-bd4d-3d326ed64990 258cb78ea3f84d39a49f758543565f47 ec74e826182440fa88d646a19d02a649 - - default default] Unable to schedule network a7387654-8faf-46b4-8463-ff79df1cf1f5: no agents available; will retry on subsequent port and subnet creation events.
2026-09-09 00:10:17.875 8 INFO neutron.plugins.ml2.drivers.ovn.mech_driver.mech_driver [None req-38180543-5561-44c5-8455-c2cdc871d758 - - - - - -] OVN reports status down for port: 28106911-39b1-421e-beef-a68e4c69e9fd
2026-09-09 00:10:17.925 8 INFO neutron.db.ovn_revision_numbers_db [None req-389c558d-9c33-4da5-bd4d-3d326ed64990 258cb78ea3f84d39a49f758543565f47 ec74e826182440fa88d646a19d02a649 - - default default] Successfully bumped revision number for resource 28106911-39b1-421e-beef-a68e4c69e9fd (type: ports) to 1 [pid: 8|app: 0|req: 1030/1859] 10.0.0.221 () {34 vars in 670 bytes} [Wed Sep 9 00:10:17 2026] POST /v2.0/networks => generated 650 bytes in 484 msecs (HTTP/1.1 201) 4 headers in 162 bytes (1 switches on core 0)
2026-09-09 00:10:18.073 8 INFO neutron.db.segments_db [None req-03733749-9b0e-405a-ba2c-d0210be50065 258cb78ea3f84d39a49f758543565f47 ec74e826182440fa88d646a19d02a649 - - default default] Added segment d4b6a848-abc6-49db-8cb1-96a969e9bd42 of type geneve for network 0a35d94c-3515-4e4d-a05b-e8749ce69ca8
2026-09-09 00:10:18.216 8 INFO neutron.db.ovn_revision_numbers_db [None req-03733749-9b0e-405a-ba2c-d0210be50065 258cb78ea3f84d39a49f758543565f47 ec74e826182440fa88d646a19d02a649 - - default default] Successfully bumped revision number for resource 0a35d94c-3515-4e4d-a05b-e8749ce69ca8 (type: networks) to 1
2026-09-09 00:10:18.454 8 WARNING neutron.scheduler.dhcp_agent_scheduler [None req-03733749-9b0e-405a-ba2c-d0210be50065 258cb78ea3f84d39a49f758543565f47 ec74e826182440fa88d646a19d02a649 - - default default] No more DHCP agents
2026-09-09 00:10:18.456 8 WARNING neutron.api.rpc.agentnotifiers.dhcp_rpc_agent_api [None req-03733749-9b0e-405a-ba2c-d0210be50065 258cb78ea3f84d39a49f758543565f47 ec74e826182440fa88d646a19d02a649 - - default default] Unable to schedule network 0a35d94c-3515-4e4d-a05b-e8749ce69ca8: no agents available; will retry on subsequent port and subnet creation events.
2026-09-09 00:10:18.467 7 WARNING neutron.scheduler.dhcp_agent_scheduler [None req-13c7f84d-dc4b-4a17-833f-4ef06898386d ff56760577ba413a84821d0357d7f0a1 e46486689da34075a3c6c2470865091c - - default default] No more DHCP agents
2026-09-09 00:10:18.468 7 WARNING neutron.api.rpc.agentnotifiers.dhcp_rpc_agent_api [None req-13c7f84d-dc4b-4a17-833f-4ef06898386d ff56760577ba413a84821d0357d7f0a1 e46486689da34075a3c6c2470865091c - - default default] Unable to schedule network a241e96f-fa25-4c6f-8970-4571b707bd0b: no agents available; will retry on subsequent port and subnet creation events.
2026-09-09 00:10:18.528 8 INFO neutron.plugins.ml2.drivers.ovn.mech_driver.mech_driver [None req-38180543-5561-44c5-8455-c2cdc871d758 - - - - - -] OVN reports status down for port: 5fcc32f2-f213-45bc-96ec-96949aa98b78
2026-09-09 00:10:18.612 8 INFO neutron.db.ovn_revision_numbers_db [None req-03733749-9b0e-405a-ba2c-d0210be50065 258cb78ea3f84d39a49f758543565f47 ec74e826182440fa88d646a19d02a649 - - default default] Successfully bumped revision number for resource 5fcc32f2-f213-45bc-96ec-96949aa98b78 (type: ports) to 1 [pid: 8|app: 0|req: 1031/1860] 10.0.0.221 () {34 vars in 670 bytes} [Wed Sep 9 00:10:17 2026] POST /v2.0/networks => generated 650 bytes in 707 msecs (HTTP/1.1 201) 4 headers in 162 bytes (1 switches on core 0) [pid: 7|app: 0|req: 830/1861] 10.0.0.221 () {34 vars in 676 bytes} [Wed Sep 9 00:10:17 2026] POST /v2.0/floatingips => generated 552 bytes in 923 msecs (HTTP/1.1 201) 4 headers in 162 bytes (1 switches on core 0) [pid: 7|app: 0|req: 831/1862] 10.0.0.221 () {34 vars in 759 bytes} [Wed Sep 9 00:10:18 2026] PUT /v2.0/floatingips/e47af4b9-a9e9-434a-880d-bbd20e8f14f9/tags => generated 25 bytes in 69 msecs (HTTP/1.1 200) 4 headers in 156 bytes (1 switches on core 0) [pid: 7|app: 0|req: 832/1863] 10.0.0.221 () {32 vars in 739 bytes} [Wed Sep 9 00:10:18 2026] GET /v2.0/floatingips/e47af4b9-a9e9-434a-880d-bbd20e8f14f9/tags => generated 25 bytes in 33 msecs (HTTP/1.1 200) 4 headers in 156 bytes (1 switches on core 0) [pid: 7|app: 0|req: 833/1864] 10.0.0.221 () {34 vars in 770 bytes} [Wed Sep 9 00:10:18 2026] PUT /v2.0/floatingips/e47af4b9-a9e9-434a-880d-bbd20e8f14f9/tags/green => generated 4 bytes in 109 msecs (HTTP/1.1 201) 4 headers in 160 bytes (1 switches on core 0) [pid: 7|app: 0|req: 834/1865] 10.0.0.221 () {32 vars in 739 bytes} [Wed Sep 9 00:10:18 2026] GET /v2.0/floatingips/e47af4b9-a9e9-434a-880d-bbd20e8f14f9/tags => generated 34 bytes in 36 msecs (HTTP/1.1 200) 4 headers in 156 bytes (1 switches on core 0)
2026-09-09 00:10:19.072 8 WARNING neutron.scheduler.dhcp_agent_scheduler [None req-2cc76df5-81c8-4863-96d8-a55b37ea935d 258cb78ea3f84d39a49f758543565f47 ec74e826182440fa88d646a19d02a649 - - default default] No more DHCP agents [pid: 7|app: 0|req: 835/1866] 10.0.0.221 () {34 vars in 766 bytes} [Wed Sep 9 00:10:19 2026] PUT /v2.0/floatingips/e47af4b9-a9e9-434a-880d-bbd20e8f14f9/tags/red => generated 4 bytes in 48 msecs (HTTP/1.1 201) 4 headers in 160 bytes (1 switches on core 0)
2026-09-09 00:10:19.073 8 WARNING neutron.api.rpc.agentnotifiers.dhcp_rpc_agent_api [None req-2cc76df5-81c8-4863-96d8-a55b37ea935d 258cb78ea3f84d39a49f758543565f47 ec74e826182440fa88d646a19d02a649 - - default default] Unable to schedule network a7387654-8faf-46b4-8463-ff79df1cf1f5: no agents available; will retry on subsequent port and subnet creation events. [pid: 7|app: 0|req: 836/1867] 10.0.0.221 () {32 vars in 739 bytes} [Wed Sep 9 00:10:19 2026] GET /v2.0/floatingips/e47af4b9-a9e9-434a-880d-bbd20e8f14f9/tags => generated 34 bytes in 28 msecs (HTTP/1.1 200) 4 headers in 156 bytes (1 switches on core 0) [pid: 7|app: 0|req: 837/1868] 10.0.0.221 () {34 vars in 788 bytes} [Wed Sep 9 00:10:19 2026] PUT /v2.0/floatingips/e47af4b9-a9e9-434a-880d-bbd20e8f14f9/tags/black.or.white => generated 4 bytes in 58 msecs (HTTP/1.1 201) 4 headers in 160 bytes (1 switches on core 0) [pid: 7|app: 0|req: 838/1869] 10.0.0.221 () {32 vars in 739 bytes} [Wed Sep 9 00:10:19 2026] GET /v2.0/floatingips/e47af4b9-a9e9-434a-880d-bbd20e8f14f9/tags => generated 52 bytes in 36 msecs (HTTP/1.1 200) 4 headers in 156 bytes (1 switches on core 0) [pid: 7|app: 0|req: 839/1870] 10.0.0.221 () {34 vars in 759 bytes} [Wed Sep 9 00:10:19 2026] PUT /v2.0/floatingips/e47af4b9-a9e9-434a-880d-bbd20e8f14f9/tags => generated 37 bytes in 55 msecs (HTTP/1.1 200) 4 headers in 156 bytes (1 switches on core 0) [pid: 7|app: 0|req: 840/1871] 10.0.0.221 () {32 vars in 739 bytes} [Wed Sep 9 00:10:19 2026] GET /v2.0/floatingips/e47af4b9-a9e9-434a-880d-bbd20e8f14f9/tags => generated 37 bytes in 45 msecs (HTTP/1.1 200) 4 headers in 156 bytes (1 switches on core 0) [pid: 7|app: 0|req: 841/1872] 10.0.0.221 () {32 vars in 747 bytes} [Wed Sep 9 00:10:19 2026] GET /v2.0/floatingips/e47af4b9-a9e9-434a-880d-bbd20e8f14f9/tags/red => generated 0 bytes in 34 msecs (HTTP/1.1 204) 2 headers in 112 bytes (1 switches on core 0)
2026-09-09 00:10:19.407 7 INFO neutron.api.v2.resource [None req-008caa03-a880-4c99-a430-1df26e5294f1 ff56760577ba413a84821d0357d7f0a1 e46486689da34075a3c6c2470865091c - - default default] show failed (client error): The resource could not be found. [pid: 7|app: 0|req: 842/1873] 10.0.0.221 () {32 vars in 751 bytes} [Wed Sep 9 00:10:19 2026] GET /v2.0/floatingips/e47af4b9-a9e9-434a-880d-bbd20e8f14f9/tags/green => generated 99 bytes in 37 msecs (HTTP/1.1 404) 4 headers in 163 bytes (1 switches on core 0) [pid: 7|app: 0|req: 843/1874] 10.0.0.221 () {32 vars in 750 bytes} [Wed Sep 9 00:10:19 2026] DELETE /v2.0/floatingips/e47af4b9-a9e9-434a-880d-bbd20e8f14f9/tags/red => generated 0 bytes in 47 msecs (HTTP/1.1 204) 2 headers in 112 bytes (1 switches on core 0) [pid: 7|app: 0|req: 844/1875] 10.0.0.221 () {32 vars in 739 bytes} [Wed Sep 9 00:10:19 2026] GET /v2.0/floatingips/e47af4b9-a9e9-434a-880d-bbd20e8f14f9/tags => generated 30 bytes in 51 msecs (HTTP/1.1 200) 4 headers in 156 bytes (1 switches on core 0)
2026-09-09 00:10:19.542 8 INFO neutron.db.ovn_revision_numbers_db [None req-e1b8571c-628f-4d75-8e99-8169cde3829b - - - - - -] Successfully bumped revision number for resource 28106911-39b1-421e-beef-a68e4c69e9fd (type: ports) to 2
2026-09-09 00:10:19.566 7 INFO neutron.api.v2.resource [None req-f66134ca-1e50-4b50-a9a3-39cf376a8771 ff56760577ba413a84821d0357d7f0a1 e46486689da34075a3c6c2470865091c - - default default] delete failed (client error): The resource could not be found. [pid: 7|app: 0|req: 845/1876] 10.0.0.221 () {32 vars in 754 bytes} [Wed Sep 9 00:10:19 2026] DELETE /v2.0/floatingips/e47af4b9-a9e9-434a-880d-bbd20e8f14f9/tags/green => generated 99 bytes in 41 msecs (HTTP/1.1 404) 4 headers in 163 bytes (1 switches on core 0)
2026-09-09 00:10:19.580 8 INFO neutron.db.ovn_revision_numbers_db [None req-e1b8571c-628f-4d75-8e99-8169cde3829b - - - - - -] Successfully bumped revision number for resource f5f4c84b-556d-4892-a385-00f07342aafd (type: subnets) to 0
2026-09-09 00:10:19.606 8 WARNING neutron.scheduler.dhcp_agent_scheduler [None req-2cc76df5-81c8-4863-96d8-a55b37ea935d 258cb78ea3f84d39a49f758543565f47 ec74e826182440fa88d646a19d02a649 - - default default] No more DHCP agents
2026-09-09 00:10:19.607 8 WARNING neutron.api.rpc.agentnotifiers.dhcp_rpc_agent_api [None req-2cc76df5-81c8-4863-96d8-a55b37ea935d 258cb78ea3f84d39a49f758543565f47 ec74e826182440fa88d646a19d02a649 - - default default] Unable to schedule network 0a35d94c-3515-4e4d-a05b-e8749ce69ca8: no agents available; will retry on subsequent port and subnet creation events. [pid: 7|app: 0|req: 846/1877] 10.0.0.221 () {32 vars in 742 bytes} [Wed Sep 9 00:10:19 2026] DELETE /v2.0/floatingips/e47af4b9-a9e9-434a-880d-bbd20e8f14f9/tags => generated 0 bytes in 56 msecs (HTTP/1.1 204) 2 headers in 112 bytes (1 switches on core 0) [pid: 7|app: 0|req: 847/1878] 10.0.0.221 () {32 vars in 739 bytes} [Wed Sep 9 00:10:19 2026] GET /v2.0/floatingips/e47af4b9-a9e9-434a-880d-bbd20e8f14f9/tags => generated 12 bytes in 35 msecs (HTTP/1.1 200) 4 headers in 156 bytes (1 switches on core 0)
2026-09-09 00:10:19.784 7 INFO neutron_taas.services.taas.taas_plugin [None req-3dba57b1-6a75-4b22-9a29-9b14005e4837 ff56760577ba413a84821d0357d7f0a1 e46486689da34075a3c6c2470865091c - - default default] TaaS: Handle Delete Port: 2b24dcb1-755c-46d2-b45f-73572747f584
2026-09-09 00:10:19.787 7 INFO neutron_taas.services.taas.tap_mirror_plugin [None req-3dba57b1-6a75-4b22-9a29-9b14005e4837 ff56760577ba413a84821d0357d7f0a1 e46486689da34075a3c6c2470865091c - - default default] Tap Mirror: Handle Delete Port: 2b24dcb1-755c-46d2-b45f-73572747f584 [pid: 7|app: 0|req: 848/1879] 10.0.0.221 () {32 vars in 732 bytes} [Wed Sep 9 00:10:19 2026] DELETE /v2.0/floatingips/e47af4b9-a9e9-434a-880d-bbd20e8f14f9 => generated 0 bytes in 258 msecs (HTTP/1.1 204) 2 headers in 112 bytes (1 switches on core 0)
2026-09-09 00:10:20.095 8 INFO neutron.db.ovn_revision_numbers_db [None req-97e1a084-70ee-4816-a261-4f48ee6fda6c - - - - - -] Successfully bumped revision number for resource 5fcc32f2-f213-45bc-96ec-96949aa98b78 (type: ports) to 2
2026-09-09 00:10:20.133 8 INFO neutron.db.ovn_revision_numbers_db [None req-97e1a084-70ee-4816-a261-4f48ee6fda6c - - - - - -] Successfully bumped revision number for resource f29d3b59-28df-4dca-a60f-2e7750e38455 (type: subnets) to 0 [pid: 8|app: 0|req: 1032/1880] 10.0.0.221 () {34 vars in 669 bytes} [Wed Sep 9 00:10:18 2026] POST /v2.0/subnets => generated 1274 bytes in 1435 msecs (HTTP/1.1 201) 4 headers in 163 bytes (1 switches on core 0) [pid: 7|app: 0|req: 849/1881] 10.0.0.221 () {32 vars in 647 bytes} [Wed Sep 9 00:10:20 2026] GET /v2.0/subnets => generated 1910 bytes in 36 msecs (HTTP/1.1 200) 4 headers in 158 bytes (1 switches on core 0) [pid: 8|app: 0|req: 1033/1882] 10.0.0.221 () {32 vars in 724 bytes} [Wed Sep 9 00:10:20 2026] DELETE /v2.0/subnets/f5f4c84b-556d-4892-a385-00f07342aafd => generated 0 bytes in 242 msecs (HTTP/1.1 204) 3 headers in 131 bytes (1 switches on core 0) [pid: 7|app: 0|req: 850/1883] 10.0.0.221 () {32 vars in 724 bytes} [Wed Sep 9 00:10:20 2026] DELETE /v2.0/subnets/f29d3b59-28df-4dca-a60f-2e7750e38455 => generated 0 bytes in 188 msecs (HTTP/1.1 204) 3 headers in 131 bytes (1 switches on core 0) [pid: 7|app: 0|req: 851/1884] 10.0.0.221 () {32 vars in 647 bytes} [Wed Sep 9 00:10:20 2026] GET /v2.0/subnets => generated 649 bytes in 38 msecs (HTTP/1.1 200) 4 headers in 157 bytes (1 switches on core 0)
2026-09-09 00:10:20.834 8 INFO neutron.db.ovn_revision_numbers_db [None req-dd412b28-f48c-405b-8d3b-042330a554df 2e914cdfdff140689227b323ff93c867 ce684f0fdf5a42b4be5b474b2dce7d60 - - default default] Successfully bumped revision number for resource 701a0261-d3f6-4c37-ba67-bf584c4d8fc6 (type: security_groups) to 1
2026-09-09 00:10:20.859 8 INFO neutron.db.ovn_revision_numbers_db [None req-dd412b28-f48c-405b-8d3b-042330a554df 2e914cdfdff140689227b323ff93c867 ce684f0fdf5a42b4be5b474b2dce7d60 - - default default] Successfully bumped revision number for resource 3d4053b5-315b-4df4-bd80-fa8a2e366ef9 (type: security_group_rules) to 0
2026-09-09 00:10:20.892 8 INFO neutron.db.ovn_revision_numbers_db [None req-dd412b28-f48c-405b-8d3b-042330a554df 2e914cdfdff140689227b323ff93c867 ce684f0fdf5a42b4be5b474b2dce7d60 - - default default] Successfully bumped revision number for resource a2bd91e5-b631-4dab-b41e-695b76b487ff (type: security_group_rules) to 0
2026-09-09 00:10:20.905 8 INFO neutron.db.ovn_revision_numbers_db [None req-dd412b28-f48c-405b-8d3b-042330a554df 2e914cdfdff140689227b323ff93c867 ce684f0fdf5a42b4be5b474b2dce7d60 - - default default] Successfully bumped revision number for resource c0d6489d-3b31-454f-9ca8-6b12c1ee24e5 (type: security_group_rules) to 0
2026-09-09 00:10:20.918 8 INFO neutron.db.ovn_revision_numbers_db [None req-dd412b28-f48c-405b-8d3b-042330a554df 2e914cdfdff140689227b323ff93c867 ce684f0fdf5a42b4be5b474b2dce7d60 - - default default] Successfully bumped revision number for resource e44c17cf-640e-446e-8961-1a8761ec9382 (type: security_group_rules) to 0 [pid: 8|app: 0|req: 1034/1885] 10.0.0.221 () {32 vars in 774 bytes} [Wed Sep 9 00:10:20 2026] GET /v2.0/security-groups?tenant_id=ec41c3faf5104d829fea3cc224150393&name=default => generated 2925 bytes in 508 msecs (HTTP/1.1 200) 4 headers in 158 bytes (1 switches on core 0)
2026-09-09 00:10:21.004 7 INFO neutron.db.ovn_revision_numbers_db [None req-a88083c5-db32-4c50-b0a1-e23cfc2ad658 2e914cdfdff140689227b323ff93c867 ce684f0fdf5a42b4be5b474b2dce7d60 - - default default] Successfully bumped revision number for resource 23c2703e-757c-4b72-bbd8-3ea56588d179 (type: security_groups) to 1
2026-09-09 00:10:21.016 7 INFO neutron.db.ovn_revision_numbers_db [None req-a88083c5-db32-4c50-b0a1-e23cfc2ad658 2e914cdfdff140689227b323ff93c867 ce684f0fdf5a42b4be5b474b2dce7d60 - - default default] Successfully bumped revision number for resource 52e123a5-0b1a-4682-8e37-b7cd2bff0245 (type: security_group_rules) to 0
2026-09-09 00:10:21.028 7 INFO neutron.db.ovn_revision_numbers_db [None req-a88083c5-db32-4c50-b0a1-e23cfc2ad658 2e914cdfdff140689227b323ff93c867 ce684f0fdf5a42b4be5b474b2dce7d60 - - default default] Successfully bumped revision number for resource 993151cd-5dfe-4adb-b5b4-dbee12ddd6c8 (type: security_group_rules) to 0
2026-09-09 00:10:21.040 7 INFO neutron.db.ovn_revision_numbers_db [None req-a88083c5-db32-4c50-b0a1-e23cfc2ad658 2e914cdfdff140689227b323ff93c867 ce684f0fdf5a42b4be5b474b2dce7d60 - - default default] Successfully bumped revision number for resource d116ff10-9cf7-4751-a94b-262d21d44f26 (type: security_group_rules) to 0
2026-09-09 00:10:21.065 7 INFO neutron.db.ovn_revision_numbers_db [None req-a88083c5-db32-4c50-b0a1-e23cfc2ad658 2e914cdfdff140689227b323ff93c867 ce684f0fdf5a42b4be5b474b2dce7d60 - - default default] Successfully bumped revision number for resource ede7d7a4-8090-4cfb-b437-137ff51e3b70 (type: security_group_rules) to 0 [pid: 7|app: 0|req: 852/1886] 10.0.0.221 () {32 vars in 774 bytes} [Wed Sep 9 00:10:20 2026] GET /v2.0/security-groups?tenant_id=e46486689da34075a3c6c2470865091c&name=default => generated 2925 bytes in 427 msecs (HTTP/1.1 200) 4 headers in 158 bytes (1 switches on core 0)
2026-09-09 00:10:21.103 8 INFO neutron_taas.services.taas.taas_plugin [None req-d287642f-5edb-4ac0-9bbf-6750eaf99e3f 258cb78ea3f84d39a49f758543565f47 ec74e826182440fa88d646a19d02a649 - - default default] TaaS: Handle Delete Port: 5fcc32f2-f213-45bc-96ec-96949aa98b78
2026-09-09 00:10:21.105 8 INFO neutron_taas.services.taas.tap_mirror_plugin [None req-d287642f-5edb-4ac0-9bbf-6750eaf99e3f 258cb78ea3f84d39a49f758543565f47 ec74e826182440fa88d646a19d02a649 - - default default] Tap Mirror: Handle Delete Port: 5fcc32f2-f213-45bc-96ec-96949aa98b78
2026-09-09 00:10:21.304 8 INFO neutron.services.segments.plugin [-] Segment d4b6a848-abc6-49db-8cb1-96a969e9bd42 resource provider aggregate not found
2026-09-09 00:10:21.309 8 INFO neutron.services.segments.plugin [-] Segment d4b6a848-abc6-49db-8cb1-96a969e9bd42 resource provider aggregate not found
2026-09-09 00:10:21.325 8 INFO neutron.services.segments.plugin [-] Client error retrieving segment d4b6a848-abc6-49db-8cb1-96a969e9bd42 resource provider; error: Placement Client Error (4xx): {"errors": [{"status": 404, "title": "Not Found", "detail": "The resource could not be found.\n\n No resource provider with uuid d4b6a848-abc6-49db-8cb1-96a969e9bd42 found for delete ", "request_id": "req-bc8e7da8-e7ce-4627-8b3f-55ad4e5cfdb4"}]}
