2026-09-09 00:08:47.313 7 INFO neutron.api.v2.resource [None req-fa63ba81-a0e6-466b-bcad-75f76b7249ec 9d59aa02126346759668e0d9d3f838db 5f101fc1cbe64e4cb8f57a6c763edf3c - - default default] show failed (client error): The resource could not be found. [pid: 7|app: 0|req: 585/1238] 10.0.0.221 () {32 vars in 737 bytes} [Wed Sep 9 00:08:47 2026] GET /v2.0/security-groups/7ae29c53-93ad-44ba-b899-9b1fc9361516 => generated 146 bytes in 20 msecs (HTTP/1.1 404) 4 headers in 164 bytes (1 switches on core 0)
2026-09-09 00:08:47.447 7 INFO neutron_taas.services.taas.taas_plugin [None req-379c3b82-4285-4efe-bc06-71ec90a2ea14 9d59aa02126346759668e0d9d3f838db 5f101fc1cbe64e4cb8f57a6c763edf3c - - default default] TaaS: Handle Delete Port: dd0c5839-14f2-451d-97a4-80509738adf6
2026-09-09 00:08:47.450 7 INFO neutron_taas.services.taas.tap_mirror_plugin [None req-379c3b82-4285-4efe-bc06-71ec90a2ea14 9d59aa02126346759668e0d9d3f838db 5f101fc1cbe64e4cb8f57a6c763edf3c - - default default] Tap Mirror: Handle Delete Port: dd0c5839-14f2-451d-97a4-80509738adf6
2026-09-09 00:08:47.571 8 INFO neutron.plugins.ml2.drivers.ovn.mech_driver.mech_driver [None req-da1e8b18-e1d1-49b8-8626-5c4295721830 - - - - - -] OVN reports status up for port: dab8b141-48ed-40d5-8356-94cfaa978a30
2026-09-09 00:08:47.598 8 INFO neutron.plugins.ml2.plugin [None req-da1e8b18-e1d1-49b8-8626-5c4295721830 - - - - - -] Attempt 1 to provision port dab8b141-48ed-40d5-8356-94cfaa978a30 [pid: 7|app: 0|req: 586/1239] 10.0.0.221 () {32 vars in 732 bytes} [Wed Sep 9 00:08:47 2026] DELETE /v2.0/floatingips/92d308af-8983-4751-8144-f4d3d0632853 => generated 0 bytes in 343 msecs (HTTP/1.1 204) 2 headers in 112 bytes (1 switches on core 0)
2026-09-09 00:08:47.716 8 WARNING neutron.scheduler.dhcp_agent_scheduler [None req-34eda7e9-c3a3-48d6-b007-132da3da06ee 4f731f1b7b6a434f872947de713edf58 e490af4938604417a7122e37719ac18e - - default default] No more DHCP agents
2026-09-09 00:08:47.717 8 WARNING neutron.api.rpc.agentnotifiers.dhcp_rpc_agent_api [None req-34eda7e9-c3a3-48d6-b007-132da3da06ee 4f731f1b7b6a434f872947de713edf58 e490af4938604417a7122e37719ac18e - - default default] Unable to schedule network 04c6b700-495f-4cf7-a388-8b7ce2aeaab2: no agents available; will retry on subsequent port and subnet creation events. [pid: 7|app: 0|req: 587/1240] 10.0.0.217 () {34 vars in 990 bytes} [Wed Sep 9 00:08:47 2026] GET /v2.0/ports?device_id=ad53d56c-2ab4-4a9c-a364-fff5056e969f => generated 971 bytes in 72 msecs (HTTP/1.1 200) 4 headers in 157 bytes (1 switches on core 0)
2026-09-09 00:08:48.025 7 INFO neutron_taas.services.taas.taas_plugin [None req-e890ce0f-b345-4537-aa2f-672245aa1ad0 2e914cdfdff140689227b323ff93c867 ce684f0fdf5a42b4be5b474b2dce7d60 - - default default] TaaS: Handle Delete Port: 001bc5ee-5f4e-4aea-b139-3d19d4a93a1d
2026-09-09 00:08:48.027 7 INFO neutron_taas.services.taas.tap_mirror_plugin [None req-e890ce0f-b345-4537-aa2f-672245aa1ad0 2e914cdfdff140689227b323ff93c867 ce684f0fdf5a42b4be5b474b2dce7d60 - - default default] Tap Mirror: Handle Delete Port: 001bc5ee-5f4e-4aea-b139-3d19d4a93a1d
2026-09-09 00:08:48.132 8 INFO neutron.db.ovn_revision_numbers_db [None req-34eda7e9-c3a3-48d6-b007-132da3da06ee 4f731f1b7b6a434f872947de713edf58 e490af4938604417a7122e37719ac18e - - default default] Successfully bumped revision number for resource dab8b141-48ed-40d5-8356-94cfaa978a30 (type: router_ports) to 1 [pid: 8|app: 0|req: 654/1241] 10.0.0.221 () {34 vars in 783 bytes} [Wed Sep 9 00:08:46 2026] PUT /v2.0/routers/5ceed9f7-5d5d-415e-b555-9f352b77c8ae/add_router_interface => generated 309 bytes in 2098 msecs (HTTP/1.1 200) 4 headers in 157 bytes (1 switches on core 0) [pid: 8|app: 0|req: 655/1242] 10.0.0.217 () {34 vars in 1040 bytes} [Wed Sep 9 00:08:48 2026] GET /v2.0/security-groups?id=8fe44122-78a8-45f9-9145-0b90a904bbc3&fields=id&fields=name => generated 113 bytes in 85 msecs (HTTP/1.1 200) 4 headers in 157 bytes (1 switches on core 0)
2026-09-09 00:08:48.328 7 INFO neutron.plugins.ml2.drivers.ovn.mech_driver.mech_driver [None req-b36f64eb-8cab-4435-aa7c-f3a7d6524905 - - - - - -] OVN reports status down for port: 6df59fcf-8cf8-47c3-89a8-8be1ddd45649 [pid: 8|app: 0|req: 656/1243] 10.0.0.221 () {32 vars in 717 bytes} [Wed Sep 9 00:08:48 2026] GET /v2.0/ports/dab8b141-48ed-40d5-8356-94cfaa978a30 => generated 943 bytes in 251 msecs (HTTP/1.1 200) 4 headers in 157 bytes (1 switches on core 0)
2026-09-09 00:08:48.492 8 INFO neutron.db.ovn_revision_numbers_db [None req-da1e8b18-e1d1-49b8-8626-5c4295721830 - - - - - -] Successfully bumped revision number for resource dab8b141-48ed-40d5-8356-94cfaa978a30 (type: ports) to 2
2026-09-09 00:08:48.533 7 INFO neutron.notifiers.nova [-] Nova event matching ['req-c099217e-fbcd-407a-977e-ff0d6ef4555d'] response: {'server_uuid': 'ad53d56c-2ab4-4a9c-a364-fff5056e969f', 'name': 'network-vif-unplugged', 'status': 'completed', 'tag': '6df59fcf-8cf8-47c3-89a8-8be1ddd45649', 'code': 200}
2026-09-09 00:08:48.730 7 INFO neutron.db.ovn_revision_numbers_db [None req-b36f64eb-8cab-4435-aa7c-f3a7d6524905 - - - - - -] Successfully bumped revision number for resource 6df59fcf-8cf8-47c3-89a8-8be1ddd45649 (type: ports) to 6 [pid: 7|app: 0|req: 588/1244] 10.0.0.221 () {34 vars in 789 bytes} [Wed Sep 9 00:08:47 2026] PUT /v2.0/routers/62761371-d736-45b0-b086-dfff71da0d2a/remove_router_interface => generated 309 bytes in 1103 msecs (HTTP/1.1 200) 4 headers in 157 bytes (1 switches on core 0)
2026-09-09 00:08:48.928 8 INFO neutron.db.ovn_revision_numbers_db [None req-a4a7e59a-24b9-40a2-902d-e8f59dc1c059 - - - - - -] Successfully bumped revision number for resource dab8b141-48ed-40d5-8356-94cfaa978a30 (type: router_ports) to 2 /var/lib/openstack/lib/python3.12/site-packages/pycadf/identifier.py:70: UserWarning: Invalid uuid: neutron. To ensure interoperability, identifiers should be a valid uuid. warnings.warn(('Invalid uuid: %s. To ensure interoperability, '
2026-09-09 00:08:49.157 7 INFO neutron.db.ovn_revision_numbers_db [None req-732ac90a-7840-4c06-8198-9b4df2968aa7 2e914cdfdff140689227b323ff93c867 ce684f0fdf5a42b4be5b474b2dce7d60 - - default default] Successfully bumped revision number for resource 71158c63-39a6-42de-aa05-3f5f41bd0404 (type: security_groups) to 1
2026-09-09 00:08:49.168 7 INFO neutron.db.ovn_revision_numbers_db [None req-732ac90a-7840-4c06-8198-9b4df2968aa7 2e914cdfdff140689227b323ff93c867 ce684f0fdf5a42b4be5b474b2dce7d60 - - default default] Successfully bumped revision number for resource 03fc2bd9-2220-431d-b6e3-54c2baa56b00 (type: security_group_rules) to 0
2026-09-09 00:08:49.179 7 INFO neutron.db.ovn_revision_numbers_db [None req-732ac90a-7840-4c06-8198-9b4df2968aa7 2e914cdfdff140689227b323ff93c867 ce684f0fdf5a42b4be5b474b2dce7d60 - - default default] Successfully bumped revision number for resource 09e2585e-4fdb-4b0b-9efc-e585804d682f (type: security_group_rules) to 0
2026-09-09 00:08:49.190 7 INFO neutron.db.ovn_revision_numbers_db [None req-732ac90a-7840-4c06-8198-9b4df2968aa7 2e914cdfdff140689227b323ff93c867 ce684f0fdf5a42b4be5b474b2dce7d60 - - default default] Successfully bumped revision number for resource 3ce918fe-6963-4851-b169-4ac86733dc07 (type: security_group_rules) to 0
2026-09-09 00:08:49.201 7 INFO neutron.db.ovn_revision_numbers_db [None req-732ac90a-7840-4c06-8198-9b4df2968aa7 2e914cdfdff140689227b323ff93c867 ce684f0fdf5a42b4be5b474b2dce7d60 - - default default] Successfully bumped revision number for resource 790aae16-9ff3-40de-9129-9c12749413da (type: security_group_rules) to 0 [pid: 7|app: 0|req: 589/1245] 10.0.0.221 () {32 vars in 774 bytes} [Wed Sep 9 00:08:48 2026] GET /v2.0/security-groups?tenant_id=49b1399c56da49649e660fb14fb59546&name=default => generated 2925 bytes in 407 msecs (HTTP/1.1 200) 4 headers in 158 bytes (1 switches on core 0)
2026-09-09 00:08:49.361 8 WARNING neutron.scheduler.dhcp_agent_scheduler [None req-b05b194f-c336-4d26-8dfa-17d1641c2fc4 4f731f1b7b6a434f872947de713edf58 e490af4938604417a7122e37719ac18e - - default default] No more DHCP agents
2026-09-09 00:08:49.366 8 WARNING neutron.api.rpc.agentnotifiers.dhcp_rpc_agent_api [None req-b05b194f-c336-4d26-8dfa-17d1641c2fc4 4f731f1b7b6a434f872947de713edf58 e490af4938604417a7122e37719ac18e - - default default] Unable to schedule network b9803020-58b1-4445-9856-81dfa78d383d: no agents available; will retry on subsequent port and subnet creation events.
2026-09-09 00:08:49.573 7 INFO neutron.plugins.ml2.drivers.ovn.mech_driver.mech_driver [None req-e0d48bde-f2e2-4646-81c8-b18a0cf8c819 - - - - - -] OVN reports status down for port: 5fabce7d-8ab9-4f4e-ba48-003ee5ce18cb
2026-09-09 00:08:49.592 8 INFO neutron.db.ovn_revision_numbers_db [None req-b05b194f-c336-4d26-8dfa-17d1641c2fc4 4f731f1b7b6a434f872947de713edf58 e490af4938604417a7122e37719ac18e - - default default] Successfully bumped revision number for resource 5fabce7d-8ab9-4f4e-ba48-003ee5ce18cb (type: ports) to 1
2026-09-09 00:08:49.756 7 INFO neutron_taas.services.taas.taas_plugin [None req-d86d1403-7279-46b1-acf2-b64bde3493b9 2e914cdfdff140689227b323ff93c867 ce684f0fdf5a42b4be5b474b2dce7d60 - - default default] TaaS: Handle Delete Port: 996d4cf3-0a06-4911-980a-1c940f6b6fc8
2026-09-09 00:08:49.761 7 INFO neutron_taas.services.taas.tap_mirror_plugin [None req-d86d1403-7279-46b1-acf2-b64bde3493b9 2e914cdfdff140689227b323ff93c867 ce684f0fdf5a42b4be5b474b2dce7d60 - - default default] Tap Mirror: Handle Delete Port: 996d4cf3-0a06-4911-980a-1c940f6b6fc8
2026-09-09 00:08:50.170 7 INFO neutron.plugins.ml2.drivers.ovn.mech_driver.mech_driver [None req-e0d48bde-f2e2-4646-81c8-b18a0cf8c819 - - - - - -] OVN reports status up for port: 5fabce7d-8ab9-4f4e-ba48-003ee5ce18cb
2026-09-09 00:08:50.184 7 INFO neutron.plugins.ml2.plugin [None req-e0d48bde-f2e2-4646-81c8-b18a0cf8c819 - - - - - -] Attempt 1 to provision port 5fabce7d-8ab9-4f4e-ba48-003ee5ce18cb
2026-09-09 00:08:50.302 8 WARNING neutron.scheduler.dhcp_agent_scheduler [None req-b05b194f-c336-4d26-8dfa-17d1641c2fc4 4f731f1b7b6a434f872947de713edf58 e490af4938604417a7122e37719ac18e - - default default] No more DHCP agents
2026-09-09 00:08:50.304 8 WARNING neutron.api.rpc.agentnotifiers.dhcp_rpc_agent_api [None req-b05b194f-c336-4d26-8dfa-17d1641c2fc4 4f731f1b7b6a434f872947de713edf58 e490af4938604417a7122e37719ac18e - - default default] Unable to schedule network b9803020-58b1-4445-9856-81dfa78d383d: no agents available; will retry on subsequent port and subnet creation events.
2026-09-09 00:08:50.489 8 INFO neutron.db.ovn_revision_numbers_db [None req-b05b194f-c336-4d26-8dfa-17d1641c2fc4 4f731f1b7b6a434f872947de713edf58 e490af4938604417a7122e37719ac18e - - default default] Successfully bumped revision number for resource 5fabce7d-8ab9-4f4e-ba48-003ee5ce18cb (type: router_ports) to 1 [pid: 8|app: 0|req: 657/1246] 10.0.0.221 () {34 vars in 783 bytes} [Wed Sep 9 00:08:48 2026] PUT /v2.0/routers/5ceed9f7-5d5d-415e-b555-9f352b77c8ae/add_router_interface => generated 309 bytes in 2005 msecs (HTTP/1.1 200) 4 headers in 157 bytes (1 switches on core 0) [pid: 8|app: 0|req: 658/1247] 10.0.0.113 () {28 vars in 583 bytes} [Wed Sep 9 00:08:50 2026] GET /v2.0/routers => generated 2209 bytes in 80 msecs (HTTP/1.1 200) 4 headers in 158 bytes (1 switches on core 0) [pid: 8|app: 0|req: 659/1248] 10.0.0.221 () {32 vars in 740 bytes} [Wed Sep 9 00:08:50 2026] DELETE /v2.0/security-groups/71158c63-39a6-42de-aa05-3f5f41bd0404 => generated 0 bytes in 161 msecs (HTTP/1.1 204) 2 headers in 112 bytes (1 switches on core 0) [pid: 8|app: 0|req: 660/1249] 10.0.0.217 () {34 vars in 990 bytes} [Wed Sep 9 00:08:50 2026] GET /v2.0/ports?device_id=ad53d56c-2ab4-4a9c-a364-fff5056e969f => generated 969 bytes in 87 msecs (HTTP/1.1 200) 4 headers in 157 bytes (1 switches on core 0)
2026-09-09 00:08:50.885 7 INFO neutron.notifiers.nova [-] Nova event matching ['req-9acfd04d-71f0-4827-9384-9515a831f190'] response: {'server_uuid': 'ad53d56c-2ab4-4a9c-a364-fff5056e969f', 'name': 'network-vif-unplugged', 'status': 'completed', 'tag': '6df59fcf-8cf8-47c3-89a8-8be1ddd45649', 'code': 200} [pid: 8|app: 0|req: 661/1250] 10.0.0.221 () {32 vars in 717 bytes} [Wed Sep 9 00:08:50 2026] GET /v2.0/ports/5fabce7d-8ab9-4f4e-ba48-003ee5ce18cb => generated 941 bytes in 71 msecs (HTTP/1.1 200) 4 headers in 157 bytes (1 switches on core 0) [pid: 8|app: 0|req: 662/1251] 10.0.0.113 () {28 vars in 624 bytes} [Wed Sep 9 00:08:50 2026] GET /v2.0/agents?binary=ovn-controller => generated 416 bytes in 24 msecs (HTTP/1.1 200) 4 headers in 157 bytes (1 switches on core 0) [pid: 8|app: 0|req: 663/1252] 10.0.0.217 () {34 vars in 1040 bytes} [Wed Sep 9 00:08:50 2026] GET /v2.0/security-groups?id=8fe44122-78a8-45f9-9145-0b90a904bbc3&fields=id&fields=name => generated 113 bytes in 39 msecs (HTTP/1.1 200) 4 headers in 157 bytes (1 switches on core 0) [pid: 8|app: 0|req: 664/1253] 10.0.0.221 () {32 vars in 717 bytes} [Wed Sep 9 00:08:50 2026] GET /v2.0/ports/5fabce7d-8ab9-4f4e-ba48-003ee5ce18cb => generated 943 bytes in 40 msecs (HTTP/1.1 200) 4 headers in 157 bytes (1 switches on core 0) [pid: 8|app: 0|req: 665/1254] 10.0.0.113 () {28 vars in 581 bytes} [Wed Sep 9 00:08:50 2026] GET /v2.0/agents => generated 1214 bytes in 11 msecs (HTTP/1.1 200) 4 headers in 158 bytes (1 switches on core 0) [pid: 7|app: 0|req: 590/1255] 10.0.0.221 () {32 vars in 724 bytes} [Wed Sep 9 00:08:49 2026] DELETE /v2.0/routers/62761371-d736-45b0-b086-dfff71da0d2a => generated 0 bytes in 1958 msecs (HTTP/1.1 204) 2 headers in 112 bytes (1 switches on core 0)
2026-09-09 00:08:51.241 8 INFO neutron_taas.services.taas.taas_plugin [None req-df898097-83ff-4e0e-ad3d-d329ca65bf61 4f731f1b7b6a434f872947de713edf58 e490af4938604417a7122e37719ac18e - - default default] TaaS: Handle Delete Port: 5fabce7d-8ab9-4f4e-ba48-003ee5ce18cb
2026-09-09 00:08:51.244 8 INFO neutron_taas.services.taas.tap_mirror_plugin [None req-df898097-83ff-4e0e-ad3d-d329ca65bf61 4f731f1b7b6a434f872947de713edf58 e490af4938604417a7122e37719ac18e - - default default] Tap Mirror: Handle Delete Port: 5fabce7d-8ab9-4f4e-ba48-003ee5ce18cb [pid: 7|app: 0|req: 591/1256] 10.0.0.113 () {28 vars in 583 bytes} [Wed Sep 9 00:08:51 2026] GET /v2.0/subnets => generated 3938 bytes in 141 msecs (HTTP/1.1 200) 4 headers in 158 bytes (1 switches on core 0)
2026-09-09 00:08:51.583 7 INFO neutron.plugins.ml2.drivers.ovn.mech_driver.mech_driver [None req-569a9da1-c2eb-49d3-b358-37101f3b8686 - - - - - -] OVN reports status up for port: 6df59fcf-8cf8-47c3-89a8-8be1ddd45649
2026-09-09 00:08:51.628 7 INFO neutron.plugins.ml2.plugin [None req-569a9da1-c2eb-49d3-b358-37101f3b8686 - - - - - -] Attempt 1 to provision port 6df59fcf-8cf8-47c3-89a8-8be1ddd45649 [pid: 8|app: 0|req: 666/1257] 10.0.0.221 () {34 vars in 789 bytes} [Wed Sep 9 00:08:51 2026] PUT /v2.0/routers/5ceed9f7-5d5d-415e-b555-9f352b77c8ae/remove_router_interface => generated 309 bytes in 659 msecs (HTTP/1.1 200) 4 headers in 157 bytes (1 switches on core 0) /var/lib/openstack/lib/python3.12/site-packages/pycadf/identifier.py:70: UserWarning: Invalid uuid: neutron. To ensure interoperability, identifiers should be a valid uuid. warnings.warn(('Invalid uuid: %s. To ensure interoperability, ' [pid: 8|app: 0|req: 667/1258] 10.0.0.113 () {28 vars in 583 bytes} [Wed Sep 9 00:08:51 2026] GET /v2.0/subnets => generated 3938 bytes in 47 msecs (HTTP/1.1 200) 4 headers in 158 bytes (1 switches on core 0) [pid: 8|app: 0|req: 668/1259] 10.0.0.221 () {32 vars in 717 bytes} [Wed Sep 9 00:08:51 2026] GET /v2.0/ports/dab8b141-48ed-40d5-8356-94cfaa978a30 => generated 943 bytes in 52 msecs (HTTP/1.1 200) 4 headers in 157 bytes (1 switches on core 0) [pid: 7|app: 0|req: 592/1260] 10.0.0.221 () {32 vars in 724 bytes} [Wed Sep 9 00:08:51 2026] DELETE /v2.0/subnets/59b21605-f56d-4dc2-ae58-c777e57e6510 => generated 0 bytes in 431 msecs (HTTP/1.1 204) 3 headers in 131 bytes (1 switches on core 0) [pid: 8|app: 0|req: 669/1261] 10.0.0.113 () {28 vars in 591 bytes} [Wed Sep 9 00:08:51 2026] GET /v2.0/subnetpools => generated 19 bytes in 35 msecs (HTTP/1.1 200) 4 headers in 156 bytes (1 switches on core 0)
2026-09-09 00:08:51.951 8 INFO neutron_taas.services.taas.taas_plugin [None req-b60f8e49-8f43-43b8-ab7f-06649ade7c76 2e914cdfdff140689227b323ff93c867 ce684f0fdf5a42b4be5b474b2dce7d60 - - default default] TaaS: Handle Delete Port: 2f214863-caa8-4c2b-8c82-b5a5613e82b0
2026-09-09 00:08:51.954 8 INFO neutron_taas.services.taas.tap_mirror_plugin [None req-b60f8e49-8f43-43b8-ab7f-06649ade7c76 2e914cdfdff140689227b323ff93c867 ce684f0fdf5a42b4be5b474b2dce7d60 - - default default] Tap Mirror: Handle Delete Port: 2f214863-caa8-4c2b-8c82-b5a5613e82b0
2026-09-09 00:08:52.146 8 INFO neutron.services.segments.plugin [-] Segment 734e099a-3d47-4e35-89d1-9ac5b956250d resource provider aggregate not found
2026-09-09 00:08:52.160 8 INFO neutron.services.segments.plugin [-] Segment 734e099a-3d47-4e35-89d1-9ac5b956250d resource provider aggregate not found
2026-09-09 00:08:52.180 8 INFO neutron.services.segments.plugin [-] Client error retrieving segment 734e099a-3d47-4e35-89d1-9ac5b956250d resource provider; error: Placement Client Error (4xx): {"errors": [{"status": 404, "title": "Not Found", "detail": "The resource could not be found.\n\n No resource provider with uuid 734e099a-3d47-4e35-89d1-9ac5b956250d found for delete ", "request_id": "req-f56a8605-6ba5-48b0-830c-33105ffa4277"}]}
2026-09-09 00:08:52.182 7 INFO neutron.db.ovn_revision_numbers_db [None req-569a9da1-c2eb-49d3-b358-37101f3b8686 - - - - - -] Successfully bumped revision number for resource 6df59fcf-8cf8-47c3-89a8-8be1ddd45649 (type: ports) to 7
2026-09-09 00:08:52.185 8 INFO neutron.services.segments.plugin [-] Client error retrieving segment 734e099a-3d47-4e35-89d1-9ac5b956250d resource provider; error: Placement Client Error (4xx): {"errors": [{"status": 404, "title": "Not Found", "detail": "The resource could not be found.\n\n No resource provider with uuid 734e099a-3d47-4e35-89d1-9ac5b956250d found for delete ", "request_id": "req-3f523930-f2c0-4dbf-a842-ac670fc81fa8"}]} [pid: 8|app: 0|req: 670/1262] 10.0.0.221 () {32 vars in 726 bytes} [Wed Sep 9 00:08:51 2026] DELETE /v2.0/networks/e5fbc24a-4ace-4705-8727-b53aab325ea8 => generated 0 bytes in 395 msecs (HTTP/1.1 204) 3 headers in 131 bytes (1 switches on core 0) [pid: 8|app: 0|req: 671/1263] 10.0.0.113 () {28 vars in 591 bytes} [Wed Sep 9 00:08:52 2026] GET /v2.0/floatingips => generated 860 bytes in 55 msecs (HTTP/1.1 200) 4 headers in 157 bytes (1 switches on core 0) [pid: 8|app: 0|req: 672/1264] 10.0.0.217 () {34 vars in 990 bytes} [Wed Sep 9 00:08:52 2026] GET /v2.0/ports?device_id=ad53d56c-2ab4-4a9c-a364-fff5056e969f => generated 971 bytes in 58 msecs (HTTP/1.1 200) 4 headers in 157 bytes (1 switches on core 0)
2026-09-09 00:08:52.432 7 INFO neutron_taas.services.taas.taas_plugin [None req-cdf0b569-eb54-4be8-a9fa-32549f7e381c 4f731f1b7b6a434f872947de713edf58 e490af4938604417a7122e37719ac18e - - default default] TaaS: Handle Delete Port: dab8b141-48ed-40d5-8356-94cfaa978a30
2026-09-09 00:08:52.437 7 INFO neutron_taas.services.taas.tap_mirror_plugin [None req-cdf0b569-eb54-4be8-a9fa-32549f7e381c 4f731f1b7b6a434f872947de713edf58 e490af4938604417a7122e37719ac18e - - default default] Tap Mirror: Handle Delete Port: dab8b141-48ed-40d5-8356-94cfaa978a30 [pid: 8|app: 0|req: 673/1265] 10.0.0.113 () {28 vars in 579 bytes} [Wed Sep 9 00:08:52 2026] GET /v2.0/ports => generated 13741 bytes in 136 msecs (HTTP/1.1 200) 4 headers in 159 bytes (1 switches on core 0) [pid: 8|app: 0|req: 674/1266] 10.0.0.217 () {34 vars in 1040 bytes} [Wed Sep 9 00:08:52 2026] GET /v2.0/security-groups?id=8fe44122-78a8-45f9-9145-0b90a904bbc3&fields=id&fields=name => generated 113 bytes in 35 msecs (HTTP/1.1 200) 4 headers in 157 bytes (1 switches on core 0) [pid: 8|app: 0|req: 675/1267] 10.0.0.221 () {32 vars in 774 bytes} [Wed Sep 9 00:08:52 2026] GET /v2.0/security-groups?tenant_id=5f101fc1cbe64e4cb8f57a6c763edf3c&name=default => generated 2925 bytes in 32 msecs (HTTP/1.1 200) 4 headers in 158 bytes (1 switches on core 0) [pid: 8|app: 0|req: 676/1268] 10.0.0.113 () {28 vars in 619 bytes} [Wed Sep 9 00:08:52 2026] GET /v2.0/network-ip-availabilities => generated 2406 bytes in 13 msecs (HTTP/1.1 200) 4 headers in 158 bytes (1 switches on core 0) [pid: 7|app: 0|req: 593/1269] 10.0.0.221 () {34 vars in 789 bytes} [Wed Sep 9 00:08:51 2026] PUT /v2.0/routers/5ceed9f7-5d5d-415e-b555-9f352b77c8ae/remove_router_interface => generated 309 bytes in 966 msecs (HTTP/1.1 200) 4 headers in 157 bytes (1 switches on core 0) [pid: 8|app: 0|req: 677/1270] 10.0.0.221 () {32 vars in 740 bytes} [Wed Sep 9 00:08:52 2026] DELETE /v2.0/security-groups/6a6dcf8c-0370-467c-a253-002d6040cf88 => generated 0 bytes in 209 msecs (HTTP/1.1 204) 2 headers in 112 bytes (1 switches on core 0) /var/lib/openstack/lib/python3.12/site-packages/pycadf/identifier.py:70: UserWarning: Invalid uuid: neutron. To ensure interoperability, identifiers should be a valid uuid. warnings.warn(('Invalid uuid: %s. To ensure interoperability, ' [pid: 7|app: 0|req: 594/1271] 10.0.0.113 () {28 vars in 599 bytes} [Wed Sep 9 00:08:52 2026] GET /v2.0/security-groups => generated 26065 bytes in 42 msecs (HTTP/1.1 200) 4 headers in 159 bytes (1 switches on core 0) [pid: 7|app: 0|req: 595/1272] 10.0.0.221 () {32 vars in 736 bytes} [Wed Sep 9 00:08:52 2026] GET /v2.0/ports?device_id=5ceed9f7-5d5d-415e-b555-9f352b77c8ae => generated 12 bytes in 22 msecs (HTTP/1.1 200) 4 headers in 156 bytes (1 switches on core 0) [pid: 7|app: 0|req: 596/1273] 10.0.0.113 () {28 vars in 585 bytes} [Wed Sep 9 00:08:52 2026] GET /v2.0/networks => generated 4417 bytes in 84 msecs (HTTP/1.1 200) 4 headers in 158 bytes (1 switches on core 0)
2026-09-09 00:08:52.936 7 INFO neutron.notifiers.nova [-] Nova event matching ['req-40a9fc18-0798-4000-be01-cd5e4e7d2fdf'] response: {'server_uuid': 'ad53d56c-2ab4-4a9c-a364-fff5056e969f', 'name': 'network-vif-plugged', 'status': 'completed', 'tag': '6df59fcf-8cf8-47c3-89a8-8be1ddd45649', 'code': 200}
2026-09-09 00:08:52.937 7 INFO neutron.notifiers.nova [-] Nova event matching ['req-40a9fc18-0798-4000-be01-cd5e4e7d2fdf'] response: {'server_uuid': 'ad53d56c-2ab4-4a9c-a364-fff5056e969f', 'name': 'network-vif-plugged', 'status': 'completed', 'tag': '6df59fcf-8cf8-47c3-89a8-8be1ddd45649', 'code': 200} [pid: 7|app: 0|req: 597/1274] 10.0.0.221 () {32 vars in 724 bytes} [Wed Sep 9 00:08:52 2026] DELETE /v2.0/routers/5ceed9f7-5d5d-415e-b555-9f352b77c8ae => generated 0 bytes in 225 msecs (HTTP/1.1 204) 2 headers in 112 bytes (1 switches on core 0)
2026-09-09 00:08:53.160 8 INFO neutron.db.ovn_revision_numbers_db [None req-dd07fe8a-5aae-49a1-878c-09d3490897dd a1d93652536d44168e797f13340cb29e 904fdbfe07df4324a090ddb6740c7b14 - - default default] Successfully bumped revision number for resource 0aca2b37-5969-4c63-95e5-f0854249b0dc (type: security_groups) to 1
2026-09-09 00:08:53.172 8 INFO neutron.db.ovn_revision_numbers_db [None req-dd07fe8a-5aae-49a1-878c-09d3490897dd a1d93652536d44168e797f13340cb29e 904fdbfe07df4324a090ddb6740c7b14 - - default default] Successfully bumped revision number for resource 78b702a0-2a16-486c-a1d7-20e677b751f9 (type: security_group_rules) to 0
2026-09-09 00:08:53.185 8 INFO neutron.db.ovn_revision_numbers_db [None req-dd07fe8a-5aae-49a1-878c-09d3490897dd a1d93652536d44168e797f13340cb29e 904fdbfe07df4324a090ddb6740c7b14 - - default default] Successfully bumped revision number for resource 793874e1-0c62-4ac6-8fcd-228f0a6081c9 (type: security_group_rules) to 0
2026-09-09 00:08:53.199 8 INFO neutron.db.ovn_revision_numbers_db [None req-dd07fe8a-5aae-49a1-878c-09d3490897dd a1d93652536d44168e797f13340cb29e 904fdbfe07df4324a090ddb6740c7b14 - - default default] Successfully bumped revision number for resource 8fa323a8-40ba-498d-bbf0-8ca108fd2047 (type: security_group_rules) to 0
2026-09-09 00:08:53.211 8 INFO neutron.db.ovn_revision_numbers_db [None req-dd07fe8a-5aae-49a1-878c-09d3490897dd a1d93652536d44168e797f13340cb29e 904fdbfe07df4324a090ddb6740c7b14 - - default default] Successfully bumped revision number for resource d3038f68-3ecb-4c39-8cc2-80f8429490d5 (type: security_group_rules) to 0
2026-09-09 00:08:53.311 8 INFO neutron.db.segments_db [None req-dd07fe8a-5aae-49a1-878c-09d3490897dd a1d93652536d44168e797f13340cb29e 904fdbfe07df4324a090ddb6740c7b14 - - default default] Added segment 0bbb4bc8-f807-46dd-b59b-25758339ec19 of type geneve for network 40b3c11a-0ef4-48be-a868-5c183a7dbf70 [pid: 7|app: 0|req: 598/1275] 10.0.0.221 () {32 vars in 724 bytes} [Wed Sep 9 00:08:53 2026] DELETE /v2.0/subnets/bc127185-3b27-4028-accd-ea601fb3ae1d => generated 0 bytes in 234 msecs (HTTP/1.1 204) 3 headers in 131 bytes (1 switches on core 0)
2026-09-09 00:08:53.449 8 INFO neutron.db.ovn_revision_numbers_db [None req-dd07fe8a-5aae-49a1-878c-09d3490897dd a1d93652536d44168e797f13340cb29e 904fdbfe07df4324a090ddb6740c7b14 - - default default] Successfully bumped revision number for resource 40b3c11a-0ef4-48be-a868-5c183a7dbf70 (type: networks) to 1 [pid: 7|app: 0|req: 599/1276] 10.0.0.221 () {32 vars in 724 bytes} [Wed Sep 9 00:08:53 2026] DELETE /v2.0/subnets/370a6c11-4347-444b-a853-0cb738e7e796 => generated 0 bytes in 179 msecs (HTTP/1.1 204) 3 headers in 131 bytes (1 switches on core 0)
2026-09-09 00:08:53.641 8 WARNING neutron.scheduler.dhcp_agent_scheduler [None req-dd07fe8a-5aae-49a1-878c-09d3490897dd a1d93652536d44168e797f13340cb29e 904fdbfe07df4324a090ddb6740c7b14 - - default default] No more DHCP agents
2026-09-09 00:08:53.642 8 WARNING neutron.api.rpc.agentnotifiers.dhcp_rpc_agent_api [None req-dd07fe8a-5aae-49a1-878c-09d3490897dd a1d93652536d44168e797f13340cb29e 904fdbfe07df4324a090ddb6740c7b14 - - default default] Unable to schedule network 40b3c11a-0ef4-48be-a868-5c183a7dbf70: no agents available; will retry on subsequent port and subnet creation events.
2026-09-09 00:08:53.682 7 INFO neutron_taas.services.taas.taas_plugin [None req-63653a8f-f82a-4fa7-9db4-ed5c6368577c 4f731f1b7b6a434f872947de713edf58 e490af4938604417a7122e37719ac18e - - default default] TaaS: Handle Delete Port: eb23407b-c665-4b77-ae17-ee15f95cc20f
2026-09-09 00:08:53.690 7 INFO neutron.plugins.ml2.drivers.ovn.mech_driver.mech_driver [None req-0c750540-1395-4802-b5f7-5a62fc7a981f - - - - - -] OVN reports status down for port: 81ef00f0-7892-414e-9968-7b455750e949
2026-09-09 00:08:53.698 7 INFO neutron_taas.services.taas.tap_mirror_plugin [None req-63653a8f-f82a-4fa7-9db4-ed5c6368577c 4f731f1b7b6a434f872947de713edf58 e490af4938604417a7122e37719ac18e - - default default] Tap Mirror: Handle Delete Port: eb23407b-c665-4b77-ae17-ee15f95cc20f
2026-09-09 00:08:53.747 8 INFO neutron.db.ovn_revision_numbers_db [None req-dd07fe8a-5aae-49a1-878c-09d3490897dd a1d93652536d44168e797f13340cb29e 904fdbfe07df4324a090ddb6740c7b14 - - default default] Successfully bumped revision number for resource 81ef00f0-7892-414e-9968-7b455750e949 (type: ports) to 1 [pid: 8|app: 0|req: 678/1277] 10.0.0.221 () {34 vars in 670 bytes} [Wed Sep 9 00:08:52 2026] POST /v2.0/networks => generated 644 bytes in 1045 msecs (HTTP/1.1 201) 4 headers in 162 bytes (1 switches on core 0) [pid: 8|app: 0|req: 679/1278] 10.0.0.217 () {34 vars in 990 bytes} [Wed Sep 9 00:08:53 2026] GET /v2.0/ports?device_id=ad53d56c-2ab4-4a9c-a364-fff5056e969f => generated 971 bytes in 37 msecs (HTTP/1.1 200) 4 headers in 157 bytes (1 switches on core 0)
2026-09-09 00:08:54.007 8 WARNING neutron.scheduler.dhcp_agent_scheduler [None req-15f36533-f09b-497d-86c6-b7f097f325d8 a1d93652536d44168e797f13340cb29e 904fdbfe07df4324a090ddb6740c7b14 - - default default] No more DHCP agents
2026-09-09 00:08:54.008 8 WARNING neutron.api.rpc.agentnotifiers.dhcp_rpc_agent_api [None req-15f36533-f09b-497d-86c6-b7f097f325d8 a1d93652536d44168e797f13340cb29e 904fdbfe07df4324a090ddb6740c7b14 - - default default] Unable to schedule network 40b3c11a-0ef4-48be-a868-5c183a7dbf70: no agents available; will retry on subsequent port and subnet creation events.
2026-09-09 00:08:54.058 7 INFO neutron.services.segments.plugin [-] Segment 114dd2cc-247c-45cf-873b-f22440817b60 resource provider aggregate not found
2026-09-09 00:08:54.062 7 INFO neutron.services.segments.plugin [-] Segment 114dd2cc-247c-45cf-873b-f22440817b60 resource provider aggregate not found
2026-09-09 00:08:54.097 7 INFO neutron.services.segments.plugin [-] Client error retrieving segment 114dd2cc-247c-45cf-873b-f22440817b60 resource provider; error: Placement Client Error (4xx): {"errors": [{"status": 404, "title": "Not Found", "detail": "The resource could not be found.\n\n No resource provider with uuid 114dd2cc-247c-45cf-873b-f22440817b60 found for delete ", "request_id": "req-304b7488-d7e3-491f-bb5e-b5bbe80035fa"}]}
2026-09-09 00:08:54.098 7 INFO neutron.services.segments.plugin [-] Client error retrieving segment 114dd2cc-247c-45cf-873b-f22440817b60 resource provider; error: Placement Client Error (4xx): {"errors": [{"status": 404, "title": "Not Found", "detail": "The resource could not be found.\n\n No resource provider with uuid 114dd2cc-247c-45cf-873b-f22440817b60 found for delete ", "request_id": "req-d403845b-d43b-4fb4-80e5-ea6194248536"}]}
2026-09-09 00:08:54.099 8 INFO neutron.plugins.ml2.drivers.ovn.mech_driver.mech_driver [None req-a4a7e59a-24b9-40a2-902d-e8f59dc1c059 - - - - - -] OVN reports status down for port: ac3edf54-0374-45ce-b9a7-24dc649f0692 [pid: 7|app: 0|req: 600/1279] 10.0.0.221 () {32 vars in 726 bytes} [Wed Sep 9 00:08:53 2026] DELETE /v2.0/networks/b9803020-58b1-4445-9856-81dfa78d383d => generated 0 bytes in 560 msecs (HTTP/1.1 204) 3 headers in 131 bytes (1 switches on core 0) [pid: 7|app: 0|req: 601/1280] 10.0.0.217 () {34 vars in 1040 bytes} [Wed Sep 9 00:08:54 2026] GET /v2.0/security-groups?id=8fe44122-78a8-45f9-9145-0b90a904bbc3&fields=id&fields=name => generated 113 bytes in 37 msecs (HTTP/1.1 200) 4 headers in 157 bytes (1 switches on core 0)
2026-09-09 00:08:54.169 8 INFO neutron.db.ovn_revision_numbers_db [None req-15f36533-f09b-497d-86c6-b7f097f325d8 a1d93652536d44168e797f13340cb29e 904fdbfe07df4324a090ddb6740c7b14 - - default default] Successfully bumped revision number for resource ac3edf54-0374-45ce-b9a7-24dc649f0692 (type: ports) to 1 [pid: 8|app: 0|req: 680/1281] 10.0.0.221 () {34 vars in 665 bytes} [Wed Sep 9 00:08:53 2026] POST /v2.0/ports => generated 774 bytes in 437 msecs (HTTP/1.1 201) 4 headers in 162 bytes (1 switches on core 0) /var/lib/openstack/lib/python3.12/site-packages/pycadf/identifier.py:70: UserWarning: Invalid uuid: neutron. To ensure interoperability, identifiers should be a valid uuid. warnings.warn(('Invalid uuid: %s. To ensure interoperability, '
2026-09-09 00:08:54.320 7 INFO neutron_taas.services.taas.taas_plugin [None req-9cb1724b-7f1f-47ef-933f-d470cac94a9e 4f731f1b7b6a434f872947de713edf58 e490af4938604417a7122e37719ac18e - - default default] TaaS: Handle Delete Port: 96175ad7-f5f4-4c56-8fe0-1fa630487a92
2026-09-09 00:08:54.324 7 INFO neutron_taas.services.taas.tap_mirror_plugin [None req-9cb1724b-7f1f-47ef-933f-d470cac94a9e 4f731f1b7b6a434f872947de713edf58 e490af4938604417a7122e37719ac18e - - default default] Tap Mirror: Handle Delete Port: 96175ad7-f5f4-4c56-8fe0-1fa630487a92
2026-09-09 00:08:54.400 8 INFO neutron.db.segments_db [None req-05024ff8-5241-4a27-a26a-29352a447f41 a1d93652536d44168e797f13340cb29e 904fdbfe07df4324a090ddb6740c7b14 - - default default] Added segment cbb46878-f6a1-4ddf-aaa2-b50a7878c0a4 of type geneve for network 6d84ca75-4cbf-4203-93ea-7e4643bba0aa
2026-09-09 00:08:54.532 8 INFO neutron.db.ovn_revision_numbers_db [None req-05024ff8-5241-4a27-a26a-29352a447f41 a1d93652536d44168e797f13340cb29e 904fdbfe07df4324a090ddb6740c7b14 - - default default] Successfully bumped revision number for resource 6d84ca75-4cbf-4203-93ea-7e4643bba0aa (type: networks) to 1 [pid: 7|app: 0|req: 602/1282] 10.0.0.221 () {32 vars in 726 bytes} [Wed Sep 9 00:08:54 2026] DELETE /v2.0/networks/04c6b700-495f-4cf7-a388-8b7ce2aeaab2 => generated 0 bytes in 413 msecs (HTTP/1.1 204) 3 headers in 131 bytes (1 switches on core 0)
2026-09-09 00:08:54.684 8 WARNING neutron.scheduler.dhcp_agent_scheduler [None req-05024ff8-5241-4a27-a26a-29352a447f41 a1d93652536d44168e797f13340cb29e 904fdbfe07df4324a090ddb6740c7b14 - - default default] No more DHCP agents
2026-09-09 00:08:54.686 8 WARNING neutron.api.rpc.agentnotifiers.dhcp_rpc_agent_api [None req-05024ff8-5241-4a27-a26a-29352a447f41 a1d93652536d44168e797f13340cb29e 904fdbfe07df4324a090ddb6740c7b14 - - default default] Unable to schedule network 6d84ca75-4cbf-4203-93ea-7e4643bba0aa: no agents available; will retry on subsequent port and subnet creation events.
2026-09-09 00:08:54.690 7 INFO neutron.db.segments_db [None req-a3a451ba-a3cf-4aa3-ad5c-96667ca1cef1 4f731f1b7b6a434f872947de713edf58 e490af4938604417a7122e37719ac18e - - default default] Added segment 89380764-5197-466e-a6f1-2c1a496c6ec1 of type geneve for network 849d1431-5b95-4aff-89db-82fac4842a2e
2026-09-09 00:08:54.725 8 INFO neutron.plugins.ml2.drivers.ovn.mech_driver.mech_driver [None req-a4a7e59a-24b9-40a2-902d-e8f59dc1c059 - - - - - -] OVN reports status down for port: 14504c61-c2b9-4bea-844e-4e8f38d31edf
2026-09-09 00:08:54.799 8 INFO neutron.db.ovn_revision_numbers_db [None req-05024ff8-5241-4a27-a26a-29352a447f41 a1d93652536d44168e797f13340cb29e 904fdbfe07df4324a090ddb6740c7b14 - - default default] Successfully bumped revision number for resource 14504c61-c2b9-4bea-844e-4e8f38d31edf (type: ports) to 1 [pid: 8|app: 0|req: 681/1283] 10.0.0.221 () {34 vars in 670 bytes} [Wed Sep 9 00:08:54 2026] POST /v2.0/networks => generated 631 bytes in 554 msecs (HTTP/1.1 201) 4 headers in 162 bytes (1 switches on core 0)
2026-09-09 00:08:54.878 7 INFO neutron.db.ovn_revision_numbers_db [None req-a3a451ba-a3cf-4aa3-ad5c-96667ca1cef1 4f731f1b7b6a434f872947de713edf58 e490af4938604417a7122e37719ac18e - - default default] Successfully bumped revision number for resource 849d1431-5b95-4aff-89db-82fac4842a2e (type: networks) to 1
2026-09-09 00:08:55.029 8 WARNING neutron.scheduler.dhcp_agent_scheduler [None req-9e6c8126-55a4-4991-897c-0785232d4182 a1d93652536d44168e797f13340cb29e 904fdbfe07df4324a090ddb6740c7b14 - - default default] No more DHCP agents
2026-09-09 00:08:55.031 8 WARNING neutron.api.rpc.agentnotifiers.dhcp_rpc_agent_api [None req-9e6c8126-55a4-4991-897c-0785232d4182 a1d93652536d44168e797f13340cb29e 904fdbfe07df4324a090ddb6740c7b14 - - default default] Unable to schedule network 6d84ca75-4cbf-4203-93ea-7e4643bba0aa: no agents available; will retry on subsequent port and subnet creation events.
2026-09-09 00:08:55.088 7 WARNING neutron.scheduler.dhcp_agent_scheduler [None req-a3a451ba-a3cf-4aa3-ad5c-96667ca1cef1 4f731f1b7b6a434f872947de713edf58 e490af4938604417a7122e37719ac18e - - default default] No more DHCP agents
2026-09-09 00:08:55.089 7 WARNING neutron.api.rpc.agentnotifiers.dhcp_rpc_agent_api [None req-a3a451ba-a3cf-4aa3-ad5c-96667ca1cef1 4f731f1b7b6a434f872947de713edf58 e490af4938604417a7122e37719ac18e - - default default] Unable to schedule network 849d1431-5b95-4aff-89db-82fac4842a2e: no agents available; will retry on subsequent port and subnet creation events.
2026-09-09 00:08:55.143 7 INFO neutron.plugins.ml2.drivers.ovn.mech_driver.mech_driver [None req-0c750540-1395-4802-b5f7-5a62fc7a981f - - - - - -] OVN reports status down for port: f4a08702-525f-4689-947f-609ed14a967d
2026-09-09 00:08:55.216 7 INFO neutron.db.ovn_revision_numbers_db [None req-a3a451ba-a3cf-4aa3-ad5c-96667ca1cef1 4f731f1b7b6a434f872947de713edf58 e490af4938604417a7122e37719ac18e - - default default] Successfully bumped revision number for resource f4a08702-525f-4689-947f-609ed14a967d (type: ports) to 1 [pid: 7|app: 0|req: 603/1284] 10.0.0.221 () {34 vars in 670 bytes} [Wed Sep 9 00:08:54 2026] POST /v2.0/networks => generated 630 bytes in 680 msecs (HTTP/1.1 201) 4 headers in 162 bytes (1 switches on core 0) [pid: 7|app: 0|req: 604/1285] 10.0.0.217 () {34 vars in 990 bytes} [Wed Sep 9 00:08:55 2026] GET /v2.0/ports?device_id=ad53d56c-2ab4-4a9c-a364-fff5056e969f => generated 971 bytes in 115 msecs (HTTP/1.1 200) 4 headers in 157 bytes (1 switches on core 0)
2026-09-09 00:08:55.496 8 INFO neutron.db.ovn_revision_numbers_db [None req-a2a88cbb-3f01-4ef4-a59a-79a634900106 - - - - - -] Successfully bumped revision number for resource 14504c61-c2b9-4bea-844e-4e8f38d31edf (type: ports) to 2
2026-09-09 00:08:55.539 8 INFO neutron.db.ovn_revision_numbers_db [None req-a2a88cbb-3f01-4ef4-a59a-79a634900106 - - - - - -] Successfully bumped revision number for resource 98b02c87-061e-4102-bd5d-0a55d710c0dc (type: subnets) to 0 [pid: 8|app: 0|req: 682/1286] 10.0.0.221 () {34 vars in 669 bytes} [Wed Sep 9 00:08:54 2026] POST /v2.0/subnets => generated 626 bytes in 731 msecs (HTTP/1.1 201) 4 headers in 162 bytes (1 switches on core 0) [pid: 8|app: 0|req: 683/1287] 10.0.0.217 () {34 vars in 1040 bytes} [Wed Sep 9 00:08:55 2026] GET /v2.0/security-groups?id=8fe44122-78a8-45f9-9145-0b90a904bbc3&fields=id&fields=name => generated 113 bytes in 29 msecs (HTTP/1.1 200) 4 headers in 157 bytes (1 switches on core 0)
2026-09-09 00:08:55.622 7 WARNING neutron.scheduler.dhcp_agent_scheduler [None req-7fc088d8-1429-4f60-863b-281a53fbcac1 4f731f1b7b6a434f872947de713edf58 e490af4938604417a7122e37719ac18e - - default default] No more DHCP agents
2026-09-09 00:08:55.625 7 WARNING neutron.api.rpc.agentnotifiers.dhcp_rpc_agent_api [None req-7fc088d8-1429-4f60-863b-281a53fbcac1 4f731f1b7b6a434f872947de713edf58 e490af4938604417a7122e37719ac18e - - default default] Unable to schedule network 849d1431-5b95-4aff-89db-82fac4842a2e: no agents available; will retry on subsequent port and subnet creation events.
2026-09-09 00:08:55.831 8 WARNING neutron.scheduler.dhcp_agent_scheduler [None req-4896a25e-017d-4c04-9f6d-5434ea04ebd7 a1d93652536d44168e797f13340cb29e 904fdbfe07df4324a090ddb6740c7b14 - - default default] No more DHCP agents
2026-09-09 00:08:55.832 8 WARNING neutron.api.rpc.agentnotifiers.dhcp_rpc_agent_api [None req-4896a25e-017d-4c04-9f6d-5434ea04ebd7 a1d93652536d44168e797f13340cb29e 904fdbfe07df4324a090ddb6740c7b14 - - default default] Unable to schedule network 6d84ca75-4cbf-4203-93ea-7e4643bba0aa: no agents available; will retry on subsequent port and subnet creation events.
2026-09-09 00:08:55.937 7 INFO neutron.plugins.ml2.drivers.ovn.mech_driver.mech_driver [None req-0c750540-1395-4802-b5f7-5a62fc7a981f - - - - - -] OVN reports status down for port: 80e90858-c4ca-4b5b-9a64-c60627ad7458
2026-09-09 00:08:56.000 8 INFO neutron.db.ovn_revision_numbers_db [None req-4896a25e-017d-4c04-9f6d-5434ea04ebd7 a1d93652536d44168e797f13340cb29e 904fdbfe07df4324a090ddb6740c7b14 - - default default] Successfully bumped revision number for resource 80e90858-c4ca-4b5b-9a64-c60627ad7458 (type: ports) to 1 [pid: 8|app: 0|req: 684/1288] 10.0.0.221 () {34 vars in 665 bytes} [Wed Sep 9 00:08:55 2026] POST /v2.0/ports => generated 950 bytes in 450 msecs (HTTP/1.1 201) 4 headers in 162 bytes (1 switches on core 0) /var/lib/openstack/lib/python3.12/site-packages/pycadf/identifier.py:70: UserWarning: Invalid uuid: neutron. To ensure interoperability, identifiers should be a valid uuid. warnings.warn(('Invalid uuid: %s. To ensure interoperability, '
2026-09-09 00:08:56.128 7 INFO neutron.services.segments.plugin [-] Segment 9a65b70f-e98b-4daa-9e15-8d038eb78f0f resource provider aggregate not found
2026-09-09 00:08:56.147 7 INFO neutron.services.segments.plugin [-] Segment 9a65b70f-e98b-4daa-9e15-8d038eb78f0f resource provider aggregate not found
2026-09-09 00:08:56.172 7 INFO neutron.services.segments.plugin [-] Client error retrieving segment 9a65b70f-e98b-4daa-9e15-8d038eb78f0f resource provider; error: Placement Client Error (4xx): {"errors": [{"status": 404, "title": "Not Found", "detail": "The resource could not be found.\n\n No resource provider with uuid 9a65b70f-e98b-4daa-9e15-8d038eb78f0f found for delete ", "request_id": "req-f814a937-2194-44e7-9d17-df3d8a88197c"}]}
2026-09-09 00:08:56.172 7 INFO neutron.services.segments.plugin [-] Client error retrieving segment 9a65b70f-e98b-4daa-9e15-8d038eb78f0f resource provider; error: Placement Client Error (4xx): {"errors": [{"status": 404, "title": "Not Found", "detail": "The resource could not be found.\n\n No resource provider with uuid 9a65b70f-e98b-4daa-9e15-8d038eb78f0f found for delete ", "request_id": "req-e2deb00d-a9d3-4853-b56e-a737cee5be31"}]}
2026-09-09 00:08:56.199 7 INFO neutron.db.ovn_revision_numbers_db [None req-d12dedcf-3bec-423e-92dc-cc7755a425fd - - - - - -] Successfully bumped revision number for resource f4a08702-525f-4689-947f-609ed14a967d (type: ports) to 2
2026-09-09 00:08:56.228 8 INFO neutron_taas.services.taas.taas_plugin [None req-5402a5c4-7963-4891-ba1b-b8b05ec4752e a1d93652536d44168e797f13340cb29e 904fdbfe07df4324a090ddb6740c7b14 - - default default] TaaS: Handle Delete Port: 80e90858-c4ca-4b5b-9a64-c60627ad7458
2026-09-09 00:08:56.230 8 INFO neutron_taas.services.taas.tap_mirror_plugin [None req-5402a5c4-7963-4891-ba1b-b8b05ec4752e a1d93652536d44168e797f13340cb29e 904fdbfe07df4324a090ddb6740c7b14 - - default default] Tap Mirror: Handle Delete Port: 80e90858-c4ca-4b5b-9a64-c60627ad7458
2026-09-09 00:08:56.270 7 INFO neutron.db.ovn_revision_numbers_db [None req-d12dedcf-3bec-423e-92dc-cc7755a425fd - - - - - -] Successfully bumped revision number for resource 685749b8-3180-4565-b6b0-eeef8150dc4f (type: subnets) to 0 [pid: 7|app: 0|req: 605/1289] 10.0.0.221 () {34 vars in 669 bytes} [Wed Sep 9 00:08:55 2026] POST /v2.0/subnets => generated 626 bytes in 913 msecs (HTTP/1.1 201) 4 headers in 162 bytes (1 switches on core 0) [pid: 8|app: 0|req: 685/1290] 10.0.0.221 () {32 vars in 720 bytes} [Wed Sep 9 00:08:56 2026] DELETE /v2.0/ports/80e90858-c4ca-4b5b-9a64-c60627ad7458 => generated 0 bytes in 370 msecs (HTTP/1.1 204) 3 headers in 131 bytes (1 switches on core 0)
2026-09-09 00:08:56.453 8 INFO neutron.pecan_wsgi.hooks.translation [None req-92910934-a93a-4e43-bd04-6d4ca20b5ac1 a1d93652536d44168e797f13340cb29e 904fdbfe07df4324a090ddb6740c7b14 - - default default] DELETE failed (client error): The resource could not be found. [pid: 8|app: 0|req: 686/1291] 10.0.0.221 () {32 vars in 720 bytes} [Wed Sep 9 00:08:56 2026] DELETE /v2.0/ports/80e90858-c4ca-4b5b-9a64-c60627ad7458 => generated 132 bytes in 34 msecs (HTTP/1.1 404) 4 headers in 164 bytes (1 switches on core 0)
2026-09-09 00:08:56.490 8 INFO neutron.pecan_wsgi.hooks.translation [None req-6e604947-5784-4d39-a3ae-afa3f837aba1 a1d93652536d44168e797f13340cb29e 904fdbfe07df4324a090ddb6740c7b14 - - default default] GET failed (client error): The resource could not be found. [pid: 8|app: 0|req: 687/1292] 10.0.0.221 () {32 vars in 717 bytes} [Wed Sep 9 00:08:56 2026] GET /v2.0/ports/80e90858-c4ca-4b5b-9a64-c60627ad7458 => generated 132 bytes in 23 msecs (HTTP/1.1 404) 4 headers in 164 bytes (1 switches on core 0)
2026-09-09 00:08:56.525 7 INFO neutron.db.ovn_revision_numbers_db [None req-77d0bdf1-1acb-4a5a-924b-a3518a1d532e 4f731f1b7b6a434f872947de713edf58 e490af4938604417a7122e37719ac18e - - default default] Successfully bumped revision number for resource a430311d-e62c-495f-b9e2-0a99a7a6ef98 (type: routers) to 1 [pid: 7|app: 0|req: 606/1293] 10.0.0.221 () {34 vars in 669 bytes} [Wed Sep 9 00:08:56 2026] POST /v2.0/routers => generated 601 bytes in 234 msecs (HTTP/1.1 201) 4 headers in 162 bytes (1 switches on core 0) [pid: 8|app: 0|req: 688/1296] 10.0.0.221 () {32 vars in 724 bytes} [Wed Sep 9 00:08:56 2026] DELETE /v2.0/subnets/98b02c87-061e-4102-bd5d-0a55d710c0dc => generated 0 bytes in 170 msecs (HTTP/1.1 204) 3 headers in 131 bytes (1 switches on core 0)
2026-09-09 00:08:56.766 8 INFO neutron_taas.services.taas.taas_plugin [None req-8fc3902f-2c2c-4a69-b4db-d78f35d8cbdb a1d93652536d44168e797f13340cb29e 904fdbfe07df4324a090ddb6740c7b14 - - default default] TaaS: Handle Delete Port: 14504c61-c2b9-4bea-844e-4e8f38d31edf
2026-09-09 00:08:56.768 8 INFO neutron_taas.services.taas.tap_mirror_plugin [None req-8fc3902f-2c2c-4a69-b4db-d78f35d8cbdb a1d93652536d44168e797f13340cb29e 904fdbfe07df4324a090ddb6740c7b14 - - default default] Tap Mirror: Handle Delete Port: 14504c61-c2b9-4bea-844e-4e8f38d31edf
2026-09-09 00:08:56.888 7 WARNING neutron.scheduler.dhcp_agent_scheduler [None req-cdba8387-1a05-452a-bda6-f6d36f77fd0c 4f731f1b7b6a434f872947de713edf58 e490af4938604417a7122e37719ac18e - - default default] No more DHCP agents
2026-09-09 00:08:56.889 7 WARNING neutron.api.rpc.agentnotifiers.dhcp_rpc_agent_api [None req-cdba8387-1a05-452a-bda6-f6d36f77fd0c 4f731f1b7b6a434f872947de713edf58 e490af4938604417a7122e37719ac18e - - default default] Unable to schedule network 849d1431-5b95-4aff-89db-82fac4842a2e: no agents available; will retry on subsequent port and subnet creation events.
2026-09-09 00:08:56.928 8 INFO neutron.services.segments.plugin [-] Segment cbb46878-f6a1-4ddf-aaa2-b50a7878c0a4 resource provider aggregate not found
2026-09-09 00:08:56.933 8 INFO neutron.services.segments.plugin [-] Segment cbb46878-f6a1-4ddf-aaa2-b50a7878c0a4 resource provider aggregate not found
2026-09-09 00:08:56.957 8 INFO neutron.services.segments.plugin [-] Client error retrieving segment cbb46878-f6a1-4ddf-aaa2-b50a7878c0a4 resource provider; error: Placement Client Error (4xx): {"errors": [{"status": 404, "title": "Not Found", "detail": "The resource could not be found.\n\n No resource provider with uuid cbb46878-f6a1-4ddf-aaa2-b50a7878c0a4 found for delete ", "request_id": "req-cf22f348-8ae8-4575-9c26-2c318eb2e268"}]}
2026-09-09 00:08:56.963 8 INFO neutron.services.segments.plugin [-] Client error retrieving segment cbb46878-f6a1-4ddf-aaa2-b50a7878c0a4 resource provider; error: Placement Client Error (4xx): {"errors": [{"status": 404, "title": "Not Found", "detail": "The resource could not be found.\n\n No resource provider with uuid cbb46878-f6a1-4ddf-aaa2-b50a7878c0a4 found for delete ", "request_id": "req-1ace886b-cde6-462c-b2b9-f5f2e85e1fca"}]} [pid: 8|app: 0|req: 689/1297] 10.0.0.221 () {32 vars in 726 bytes} [Wed Sep 9 00:08:56 2026] DELETE /v2.0/networks/6d84ca75-4cbf-4203-93ea-7e4643bba0aa => generated 0 bytes in 311 msecs (HTTP/1.1 204) 3 headers in 131 bytes (1 switches on core 0)
2026-09-09 00:08:57.070 7 INFO neutron.plugins.ml2.drivers.ovn.mech_driver.mech_driver [None req-0c750540-1395-4802-b5f7-5a62fc7a981f - - - - - -] OVN reports status down for port: 5ce60765-e71f-4eef-8edb-935d6f73005b
2026-09-09 00:08:57.138 7 INFO neutron.db.ovn_revision_numbers_db [None req-cdba8387-1a05-452a-bda6-f6d36f77fd0c 4f731f1b7b6a434f872947de713edf58 e490af4938604417a7122e37719ac18e - - default default] Successfully bumped revision number for resource 5ce60765-e71f-4eef-8edb-935d6f73005b (type: ports) to 1
2026-09-09 00:08:57.142 8 INFO neutron.db.segments_db [None req-8b87d952-0f26-4f9d-abb4-056c08968a2d a1d93652536d44168e797f13340cb29e 904fdbfe07df4324a090ddb6740c7b14 - - default default] Added segment 9c701222-8dfb-4380-badf-cbd97781bddc of type geneve for network 681bd97e-80a7-47b4-9187-802455270d12 [pid: 7|app: 0|req: 609/1298] 10.0.0.221 () {34 vars in 665 bytes} [Wed Sep 9 00:08:56 2026] POST /v2.0/ports => generated 952 bytes in 619 msecs (HTTP/1.1 201) 4 headers in 162 bytes (1 switches on core 0) /var/lib/openstack/lib/python3.12/site-packages/pycadf/identifier.py:70: UserWarning: Invalid uuid: neutron. To ensure interoperability, identifiers should be a valid uuid. warnings.warn(('Invalid uuid: %s. To ensure interoperability, '
2026-09-09 00:08:57.291 8 INFO neutron.db.ovn_revision_numbers_db [None req-8b87d952-0f26-4f9d-abb4-056c08968a2d a1d93652536d44168e797f13340cb29e 904fdbfe07df4324a090ddb6740c7b14 - - default default] Successfully bumped revision number for resource 681bd97e-80a7-47b4-9187-802455270d12 (type: networks) to 1
2026-09-09 00:08:57.551 8 WARNING neutron.scheduler.dhcp_agent_scheduler [None req-8b87d952-0f26-4f9d-abb4-056c08968a2d a1d93652536d44168e797f13340cb29e 904fdbfe07df4324a090ddb6740c7b14 - - default default] No more DHCP agents
2026-09-09 00:08:57.554 8 WARNING neutron.api.rpc.agentnotifiers.dhcp_rpc_agent_api [None req-8b87d952-0f26-4f9d-abb4-056c08968a2d a1d93652536d44168e797f13340cb29e 904fdbfe07df4324a090ddb6740c7b14 - - default default] Unable to schedule network 681bd97e-80a7-47b4-9187-802455270d12: no agents available; will retry on subsequent port and subnet creation events.
2026-09-09 00:08:57.639 8 INFO neutron.plugins.ml2.drivers.ovn.mech_driver.mech_driver [None req-a4a7e59a-24b9-40a2-902d-e8f59dc1c059 - - - - - -] OVN reports status down for port: 4098eccb-cc5e-4f79-ab91-c122da4b353c
2026-09-09 00:08:57.699 8 INFO neutron.db.ovn_revision_numbers_db [None req-8b87d952-0f26-4f9d-abb4-056c08968a2d a1d93652536d44168e797f13340cb29e 904fdbfe07df4324a090ddb6740c7b14 - - default default] Successfully bumped revision number for resource 4098eccb-cc5e-4f79-ab91-c122da4b353c (type: ports) to 1 [pid: 8|app: 0|req: 690/1299] 10.0.0.221 () {34 vars in 670 bytes} [Wed Sep 9 00:08:56 2026] POST /v2.0/networks => generated 631 bytes in 753 msecs (HTTP/1.1 201) 4 headers in 162 bytes (1 switches on core 0)
2026-09-09 00:08:57.879 7 INFO neutron.plugins.ml2.drivers.ovn.mech_driver.mech_driver [None req-0c750540-1395-4802-b5f7-5a62fc7a981f - - - - - -] OVN reports status up for port: 5ce60765-e71f-4eef-8edb-935d6f73005b
2026-09-09 00:08:57.920 7 INFO neutron.plugins.ml2.plugin [None req-0c750540-1395-4802-b5f7-5a62fc7a981f - - - - - -] Attempt 1 to provision port 5ce60765-e71f-4eef-8edb-935d6f73005b
2026-09-09 00:08:57.949 7 INFO neutron.db.ovn_revision_numbers_db [None req-b0bf9bc1-6328-430d-9b13-0567660ba97e 4f731f1b7b6a434f872947de713edf58 e490af4938604417a7122e37719ac18e - - default default] Successfully bumped revision number for resource 5ce60765-e71f-4eef-8edb-935d6f73005b (type: ports) to 2
