2026-09-09 00:09:28.724 7 WARNING neutron.api.rpc.agentnotifiers.dhcp_rpc_agent_api [None req-76653d24-3bda-447e-bc83-ec29987af4ed 2e914cdfdff140689227b323ff93c867 ce684f0fdf5a42b4be5b474b2dce7d60 - - default default] Unable to schedule network e1ad354d-1731-4713-8e95-a8786446ee29: no agents available; will retry on subsequent port and subnet creation events.
2026-09-09 00:09:28.732 8 WARNING neutron.scheduler.dhcp_agent_scheduler [None req-2c09ecd1-2096-4d2c-b3ad-80086364629b 2e914cdfdff140689227b323ff93c867 ce684f0fdf5a42b4be5b474b2dce7d60 - - default default] No more DHCP agents
2026-09-09 00:09:28.734 8 WARNING neutron.api.rpc.agentnotifiers.dhcp_rpc_agent_api [None req-2c09ecd1-2096-4d2c-b3ad-80086364629b 2e914cdfdff140689227b323ff93c867 ce684f0fdf5a42b4be5b474b2dce7d60 - - default default] Unable to schedule network a241e96f-fa25-4c6f-8970-4571b707bd0b: no agents available; will retry on subsequent port and subnet creation events.
2026-09-09 00:09:28.850 8 INFO neutron.plugins.ml2.drivers.ovn.mech_driver.mech_driver [None req-d4c5c8bb-34e5-49bf-baf2-7e03ed5722e1 - - - - - -] OVN reports status down for port: 449a3830-874d-4e51-a0c1-900b971866ef
2026-09-09 00:09:28.926 8 INFO neutron.db.ovn_revision_numbers_db [None req-2c09ecd1-2096-4d2c-b3ad-80086364629b 2e914cdfdff140689227b323ff93c867 ce684f0fdf5a42b4be5b474b2dce7d60 - - default default] Successfully bumped revision number for resource 449a3830-874d-4e51-a0c1-900b971866ef (type: ports) to 1
2026-09-09 00:09:29.187 7 INFO neutron.db.ovn_revision_numbers_db [None req-32493d47-ef86-40e6-94d8-10c7713f077a - - - - - -] Successfully bumped revision number for resource 83d11920-8591-410c-bd06-445e7168b5c9 (type: ports) to 2
2026-09-09 00:09:29.238 7 INFO neutron.db.ovn_revision_numbers_db [None req-32493d47-ef86-40e6-94d8-10c7713f077a - - - - - -] Successfully bumped revision number for resource 5a223481-69a6-49eb-90bf-30ecec5dc961 (type: subnets) to 0 [pid: 7|app: 0|req: 672/1558] 10.0.0.221 () {34 vars in 669 bytes} [Wed Sep 9 00:09:28 2026] POST /v2.0/subnets => generated 688 bytes in 724 msecs (HTTP/1.1 201) 4 headers in 162 bytes (1 switches on core 0)
2026-09-09 00:09:29.575 7 WARNING neutron.scheduler.dhcp_agent_scheduler [None req-d5e592d4-225a-4adf-9230-6e4c823f2305 556cc8356e9c4ae4b18de1a52160b4b4 09c73d107f2644e685557584834a4897 - - default default] No more DHCP agents
2026-09-09 00:09:29.578 7 WARNING neutron.api.rpc.agentnotifiers.dhcp_rpc_agent_api [None req-d5e592d4-225a-4adf-9230-6e4c823f2305 556cc8356e9c4ae4b18de1a52160b4b4 09c73d107f2644e685557584834a4897 - - default default] Unable to schedule network 552c65ac-45ad-47f1-a282-2cabf0cb4dc0: no agents available; will retry on subsequent port and subnet creation events.
2026-09-09 00:09:29.633 7 INFO neutron.db.ovn_revision_numbers_db [None req-d5e592d4-225a-4adf-9230-6e4c823f2305 556cc8356e9c4ae4b18de1a52160b4b4 09c73d107f2644e685557584834a4897 - - default default] Successfully bumped revision number for resource 983046f6-14ad-4f80-8f02-72abc93e924f (type: subnets) to 0 [pid: 7|app: 0|req: 673/1559] 10.0.0.221 () {34 vars in 669 bytes} [Wed Sep 9 00:09:29 2026] POST /v2.0/subnets => generated 646 bytes in 385 msecs (HTTP/1.1 201) 4 headers in 162 bytes (1 switches on core 0)
2026-09-09 00:09:29.665 8 INFO neutron.plugins.ml2.drivers.ovn.mech_driver.ovsdb.commands [None req-7061adbf-5894-407f-b5eb-b55c19f1e92d - - - - - -] Schedule LRP lrp-449a3830-874d-4e51-a0c1-900b971866ef on gateway 526cecba-739a-4702-bd03-ee5a101a11b1 with priority 1
2026-09-09 00:09:29.721 8 INFO neutron.plugins.ml2.drivers.ovn.mech_driver.mech_driver [None req-d4c5c8bb-34e5-49bf-baf2-7e03ed5722e1 - - - - - -] OVN reports status up for port: 449a3830-874d-4e51-a0c1-900b971866ef
2026-09-09 00:09:29.736 7 INFO neutron.plugins.ml2.drivers.ovn.mech_driver.ovsdb.ovsdb_monitor [None req-736e188e-929a-42dd-9e8d-caaeffc9a44b - - - - - -] Router 6ec16d52-5c5d-446c-a7dd-bcf7df192b16 is bound to host instance
2026-09-09 00:09:29.760 8 INFO neutron.plugins.ml2.plugin [None req-d4c5c8bb-34e5-49bf-baf2-7e03ed5722e1 - - - - - -] Attempt 1 to provision port 449a3830-874d-4e51-a0c1-900b971866ef
2026-09-09 00:09:29.798 8 INFO neutron.db.ovn_revision_numbers_db [None req-2c09ecd1-2096-4d2c-b3ad-80086364629b 2e914cdfdff140689227b323ff93c867 ce684f0fdf5a42b4be5b474b2dce7d60 - - default default] Successfully bumped revision number for resource 449a3830-874d-4e51-a0c1-900b971866ef (type: router_ports) to 1
2026-09-09 00:09:29.958 8 INFO neutron.db.ovn_revision_numbers_db [None req-2c09ecd1-2096-4d2c-b3ad-80086364629b 2e914cdfdff140689227b323ff93c867 ce684f0fdf5a42b4be5b474b2dce7d60 - - default default] Successfully bumped revision number for resource 6ec16d52-5c5d-446c-a7dd-bcf7df192b16 (type: routers) to 2 [pid: 8|app: 0|req: 887/1560] 10.0.0.221 () {34 vars in 669 bytes} [Wed Sep 9 00:09:28 2026] POST /v2.0/routers => generated 970 bytes in 1786 msecs (HTTP/1.1 201) 4 headers in 162 bytes (1 switches on core 0)
2026-09-09 00:09:30.267 8 WARNING neutron.scheduler.dhcp_agent_scheduler [None req-1d231753-e426-414d-adf0-2352e1a16324 556cc8356e9c4ae4b18de1a52160b4b4 09c73d107f2644e685557584834a4897 - - default default] No more DHCP agents
2026-09-09 00:09:30.268 8 WARNING neutron.api.rpc.agentnotifiers.dhcp_rpc_agent_api [None req-1d231753-e426-414d-adf0-2352e1a16324 556cc8356e9c4ae4b18de1a52160b4b4 09c73d107f2644e685557584834a4897 - - default default] Unable to schedule network 552c65ac-45ad-47f1-a282-2cabf0cb4dc0: no agents available; will retry on subsequent port and subnet creation events.
2026-09-09 00:09:30.414 7 INFO neutron.plugins.ml2.drivers.ovn.mech_driver.mech_driver [None req-088a37ea-f88f-4a91-bf49-be65e93ae1b8 - - - - - -] OVN reports status down for port: 89d5e33f-e057-4c79-8129-0ed470e89188
2026-09-09 00:09:30.435 8 INFO neutron.db.ovn_revision_numbers_db [None req-1d231753-e426-414d-adf0-2352e1a16324 556cc8356e9c4ae4b18de1a52160b4b4 09c73d107f2644e685557584834a4897 - - default default] Successfully bumped revision number for resource 89d5e33f-e057-4c79-8129-0ed470e89188 (type: ports) to 1
2026-09-09 00:09:30.494 7 WARNING neutron.scheduler.dhcp_agent_scheduler [None req-2474235e-8bd4-4c53-9279-f48477d7a0b5 2e914cdfdff140689227b323ff93c867 ce684f0fdf5a42b4be5b474b2dce7d60 - - default default] No more DHCP agents
2026-09-09 00:09:30.499 7 WARNING neutron.api.rpc.agentnotifiers.dhcp_rpc_agent_api [None req-2474235e-8bd4-4c53-9279-f48477d7a0b5 2e914cdfdff140689227b323ff93c867 ce684f0fdf5a42b4be5b474b2dce7d60 - - default default] Unable to schedule network a241e96f-fa25-4c6f-8970-4571b707bd0b: no agents available; will retry on subsequent port and subnet creation events. [pid: 8|app: 0|req: 888/1561] 10.0.0.221 () {34 vars in 665 bytes} [Wed Sep 9 00:09:29 2026] POST /v2.0/ports => generated 965 bytes in 544 msecs (HTTP/1.1 201) 4 headers in 162 bytes (1 switches on core 0) /var/lib/openstack/lib/python3.12/site-packages/pycadf/identifier.py:70: UserWarning: Invalid uuid: neutron. To ensure interoperability, identifiers should be a valid uuid. warnings.warn(('Invalid uuid: %s. To ensure interoperability, '
2026-09-09 00:09:30.773 7 INFO neutron.db.ovn_revision_numbers_db [None req-2474235e-8bd4-4c53-9279-f48477d7a0b5 2e914cdfdff140689227b323ff93c867 ce684f0fdf5a42b4be5b474b2dce7d60 - - default default] Successfully bumped revision number for resource 61fad6fa-db3a-418e-a46f-c39bbf82828d (type: ports) to 1
2026-09-09 00:09:31.006 8 WARNING neutron.scheduler.dhcp_agent_scheduler [None req-69c21757-c5a5-4c06-823a-4788f66a0fb8 2e914cdfdff140689227b323ff93c867 ce684f0fdf5a42b4be5b474b2dce7d60 - - default default] No more DHCP agents
2026-09-09 00:09:31.007 8 WARNING neutron.api.rpc.agentnotifiers.dhcp_rpc_agent_api [None req-69c21757-c5a5-4c06-823a-4788f66a0fb8 2e914cdfdff140689227b323ff93c867 ce684f0fdf5a42b4be5b474b2dce7d60 - - default default] Unable to schedule network 16e1f81c-027d-4ae1-8adf-d10de0bcc406: no agents available; will retry on subsequent port and subnet creation events.
2026-09-09 00:09:31.204 8 INFO neutron.db.ovn_revision_numbers_db [None req-69c21757-c5a5-4c06-823a-4788f66a0fb8 2e914cdfdff140689227b323ff93c867 ce684f0fdf5a42b4be5b474b2dce7d60 - - default default] Successfully bumped revision number for resource 5070681c-32d0-4fca-a266-544029775ece (type: ports) to 1
2026-09-09 00:09:31.792 7 INFO neutron.db.ovn_revision_numbers_db [None req-bbdd327f-2d75-48b9-a1b2-fad3f77f6579 - - - - - -] Successfully bumped revision number for resource 449a3830-874d-4e51-a0c1-900b971866ef (type: ports) to 4
2026-09-09 00:09:31.990 8 WARNING neutron.scheduler.dhcp_agent_scheduler [None req-69c21757-c5a5-4c06-823a-4788f66a0fb8 2e914cdfdff140689227b323ff93c867 ce684f0fdf5a42b4be5b474b2dce7d60 - - default default] No more DHCP agents
2026-09-09 00:09:31.994 8 WARNING neutron.api.rpc.agentnotifiers.dhcp_rpc_agent_api [None req-69c21757-c5a5-4c06-823a-4788f66a0fb8 2e914cdfdff140689227b323ff93c867 ce684f0fdf5a42b4be5b474b2dce7d60 - - default default] Unable to schedule network 16e1f81c-027d-4ae1-8adf-d10de0bcc406: no agents available; will retry on subsequent port and subnet creation events.
2026-09-09 00:09:32.095 7 INFO neutron.plugins.ml2.drivers.ovn.mech_driver.ovsdb.commands [None req-148d76b1-59cf-4bb9-8ba3-31910dc1cfdc - - - - - -] Schedule LRP lrp-61fad6fa-db3a-418e-a46f-c39bbf82828d on gateway 526cecba-739a-4702-bd03-ee5a101a11b1 with priority 1
2026-09-09 00:09:32.186 8 INFO neutron.plugins.ml2.drivers.ovn.mech_driver.ovsdb.ovsdb_monitor [None req-ea660d2d-9175-4bb7-b1b3-a13730278b26 - - - - - -] Router f5e1e64a-d1e1-4a84-bf38-c2bc0893e71c is bound to host instance
2026-09-09 00:09:32.246 7 INFO neutron.db.ovn_revision_numbers_db [None req-2474235e-8bd4-4c53-9279-f48477d7a0b5 2e914cdfdff140689227b323ff93c867 ce684f0fdf5a42b4be5b474b2dce7d60 - - default default] Successfully bumped revision number for resource 61fad6fa-db3a-418e-a46f-c39bbf82828d (type: router_ports) to 1
2026-09-09 00:09:32.445 7 INFO neutron.db.ovn_revision_numbers_db [None req-2474235e-8bd4-4c53-9279-f48477d7a0b5 2e914cdfdff140689227b323ff93c867 ce684f0fdf5a42b4be5b474b2dce7d60 - - default default] Successfully bumped revision number for resource f5e1e64a-d1e1-4a84-bf38-c2bc0893e71c (type: routers) to 2 [pid: 7|app: 0|req: 674/1562] 10.0.0.221 () {34 vars in 669 bytes} [Wed Sep 9 00:09:29 2026] POST /v2.0/routers => generated 966 bytes in 2832 msecs (HTTP/1.1 201) 4 headers in 162 bytes (1 switches on core 0)
2026-09-09 00:09:32.599 7 INFO neutron.db.ovn_revision_numbers_db [None req-bbdd327f-2d75-48b9-a1b2-fad3f77f6579 - - - - - -] Successfully bumped revision number for resource 449a3830-874d-4e51-a0c1-900b971866ef (type: ports) to 5
2026-09-09 00:09:32.802 7 INFO neutron_taas.services.taas.taas_plugin [None req-368ded92-1cbf-41f2-9877-2ba18a8f027b 556cc8356e9c4ae4b18de1a52160b4b4 09c73d107f2644e685557584834a4897 - - default default] TaaS: Handle Delete Port: 89d5e33f-e057-4c79-8129-0ed470e89188
2026-09-09 00:09:32.808 7 INFO neutron_taas.services.taas.tap_mirror_plugin [None req-368ded92-1cbf-41f2-9877-2ba18a8f027b 556cc8356e9c4ae4b18de1a52160b4b4 09c73d107f2644e685557584834a4897 - - default default] Tap Mirror: Handle Delete Port: 89d5e33f-e057-4c79-8129-0ed470e89188
2026-09-09 00:09:32.809 8 INFO neutron.plugins.ml2.drivers.ovn.mech_driver.mech_driver [None req-d4c5c8bb-34e5-49bf-baf2-7e03ed5722e1 - - - - - -] OVN reports status down for port: 61fad6fa-db3a-418e-a46f-c39bbf82828d [pid: 7|app: 0|req: 675/1563] 10.0.0.221 () {32 vars in 720 bytes} [Wed Sep 9 00:09:32 2026] DELETE /v2.0/ports/89d5e33f-e057-4c79-8129-0ed470e89188 => generated 0 bytes in 497 msecs (HTTP/1.1 204) 3 headers in 131 bytes (1 switches on core 0)
2026-09-09 00:09:33.077 8 WARNING neutron.plugins.ml2.drivers.ovn.mech_driver.ovsdb.ovn_client [None req-d4c5c8bb-34e5-49bf-baf2-7e03ed5722e1 - - - - - -] Logical_Switch_Port 61fad6fa-db3a-418e-a46f-c39bbf82828d host information not removed, the port state is up
2026-09-09 00:09:33.077 8 INFO neutron.plugins.ml2.drivers.ovn.mech_driver.mech_driver [None req-d4c5c8bb-34e5-49bf-baf2-7e03ed5722e1 - - - - - -] OVN reports status down for port: 5070681c-32d0-4fca-a266-544029775ece
2026-09-09 00:09:33.241 8 INFO neutron.plugins.ml2.drivers.ovn.mech_driver.mech_driver [None req-d4c5c8bb-34e5-49bf-baf2-7e03ed5722e1 - - - - - -] OVN reports status up for port: 5070681c-32d0-4fca-a266-544029775ece
2026-09-09 00:09:33.338 8 INFO neutron.plugins.ml2.plugin [None req-d4c5c8bb-34e5-49bf-baf2-7e03ed5722e1 - - - - - -] Attempt 1 to provision port 5070681c-32d0-4fca-a266-544029775ece
2026-09-09 00:09:33.417 8 INFO neutron.db.ovn_revision_numbers_db [None req-69c21757-c5a5-4c06-823a-4788f66a0fb8 2e914cdfdff140689227b323ff93c867 ce684f0fdf5a42b4be5b474b2dce7d60 - - default default] Successfully bumped revision number for resource 5070681c-32d0-4fca-a266-544029775ece (type: router_ports) to 1 [pid: 8|app: 0|req: 889/1564] 10.0.0.221 () {34 vars in 783 bytes} [Wed Sep 9 00:09:30 2026] PUT /v2.0/routers/6ec16d52-5c5d-446c-a7dd-bcf7df192b16/add_router_interface => generated 309 bytes in 2905 msecs (HTTP/1.1 200) 4 headers in 157 bytes (1 switches on core 0)
2026-09-09 00:09:33.489 8 INFO neutron.pecan_wsgi.hooks.translation [None req-b69fcf80-89f6-4861-ba7e-8ba39b145b42 556cc8356e9c4ae4b18de1a52160b4b4 09c73d107f2644e685557584834a4897 - - default default] DELETE failed (client error): The resource could not be found. [pid: 8|app: 0|req: 890/1565] 10.0.0.221 () {32 vars in 720 bytes} [Wed Sep 9 00:09:33 2026] DELETE /v2.0/ports/89d5e33f-e057-4c79-8129-0ed470e89188 => generated 132 bytes in 61 msecs (HTTP/1.1 404) 4 headers in 164 bytes (1 switches on core 0)
2026-09-09 00:09:33.603 8 INFO neutron.pecan_wsgi.hooks.translation [None req-af33f642-84af-450e-ba77-39acf9fd123f 556cc8356e9c4ae4b18de1a52160b4b4 09c73d107f2644e685557584834a4897 - - default default] GET failed (client error): The resource could not be found. [pid: 8|app: 0|req: 891/1566] 10.0.0.221 () {32 vars in 717 bytes} [Wed Sep 9 00:09:33 2026] GET /v2.0/ports/89d5e33f-e057-4c79-8129-0ed470e89188 => generated 132 bytes in 104 msecs (HTTP/1.1 404) 4 headers in 164 bytes (1 switches on core 0)
2026-09-09 00:09:33.634 7 WARNING neutron.scheduler.dhcp_agent_scheduler [None req-3f063dc9-bed2-4e24-b848-e0ad2975e6aa 2e914cdfdff140689227b323ff93c867 ce684f0fdf5a42b4be5b474b2dce7d60 - - default default] No more DHCP agents
2026-09-09 00:09:33.638 7 WARNING neutron.api.rpc.agentnotifiers.dhcp_rpc_agent_api [None req-3f063dc9-bed2-4e24-b848-e0ad2975e6aa 2e914cdfdff140689227b323ff93c867 ce684f0fdf5a42b4be5b474b2dce7d60 - - default default] Unable to schedule network e1ad354d-1731-4713-8e95-a8786446ee29: no agents available; will retry on subsequent port and subnet creation events.
2026-09-09 00:09:33.808 7 INFO neutron.plugins.ml2.drivers.ovn.mech_driver.mech_driver [None req-088a37ea-f88f-4a91-bf49-be65e93ae1b8 - - - - - -] OVN reports status down for port: d810f5ef-1065-477d-b3ce-51890c93c19e
2026-09-09 00:09:33.918 7 INFO neutron.db.ovn_revision_numbers_db [None req-3f063dc9-bed2-4e24-b848-e0ad2975e6aa 2e914cdfdff140689227b323ff93c867 ce684f0fdf5a42b4be5b474b2dce7d60 - - default default] Successfully bumped revision number for resource d810f5ef-1065-477d-b3ce-51890c93c19e (type: ports) to 1 [pid: 8|app: 0|req: 892/1567] 10.0.0.221 () {32 vars in 724 bytes} [Wed Sep 9 00:09:33 2026] DELETE /v2.0/subnets/983046f6-14ad-4f80-8f02-72abc93e924f => generated 0 bytes in 421 msecs (HTTP/1.1 204) 3 headers in 131 bytes (1 switches on core 0)
2026-09-09 00:09:34.507 8 INFO neutron_taas.services.taas.taas_plugin [None req-8e1636ff-b4f9-4291-bf03-be3a854d7435 556cc8356e9c4ae4b18de1a52160b4b4 09c73d107f2644e685557584834a4897 - - default default] TaaS: Handle Delete Port: bfc72a24-698e-4800-bd04-32c5c0458f72
2026-09-09 00:09:34.512 8 INFO neutron_taas.services.taas.tap_mirror_plugin [None req-8e1636ff-b4f9-4291-bf03-be3a854d7435 556cc8356e9c4ae4b18de1a52160b4b4 09c73d107f2644e685557584834a4897 - - default default] Tap Mirror: Handle Delete Port: bfc72a24-698e-4800-bd04-32c5c0458f72
2026-09-09 00:09:34.701 7 INFO neutron.plugins.ml2.drivers.ovn.mech_driver.mech_driver [None req-088a37ea-f88f-4a91-bf49-be65e93ae1b8 - - - - - -] OVN reports status up for port: d810f5ef-1065-477d-b3ce-51890c93c19e
2026-09-09 00:09:34.739 7 INFO neutron.plugins.ml2.plugin [None req-088a37ea-f88f-4a91-bf49-be65e93ae1b8 - - - - - -] Attempt 1 to provision port d810f5ef-1065-477d-b3ce-51890c93c19e
2026-09-09 00:09:34.853 7 WARNING neutron.scheduler.dhcp_agent_scheduler [None req-3f063dc9-bed2-4e24-b848-e0ad2975e6aa 2e914cdfdff140689227b323ff93c867 ce684f0fdf5a42b4be5b474b2dce7d60 - - default default] No more DHCP agents
2026-09-09 00:09:34.855 7 WARNING neutron.api.rpc.agentnotifiers.dhcp_rpc_agent_api [None req-3f063dc9-bed2-4e24-b848-e0ad2975e6aa 2e914cdfdff140689227b323ff93c867 ce684f0fdf5a42b4be5b474b2dce7d60 - - default default] Unable to schedule network e1ad354d-1731-4713-8e95-a8786446ee29: no agents available; will retry on subsequent port and subnet creation events.
2026-09-09 00:09:34.892 8 INFO neutron.db.ovn_revision_numbers_db [None req-d4c5c8bb-34e5-49bf-baf2-7e03ed5722e1 - - - - - -] Successfully bumped revision number for resource 5070681c-32d0-4fca-a266-544029775ece (type: ports) to 2
2026-09-09 00:09:35.110 8 INFO neutron.plugins.ml2.drivers.ovn.mech_driver.mech_driver [None req-57ae903c-8e79-4191-9d75-d56b6a92f7a4 - - - - - -] OVN reports status up for port: 61fad6fa-db3a-418e-a46f-c39bbf82828d
2026-09-09 00:09:35.135 8 INFO neutron.db.ovn_revision_numbers_db [None req-2d0fb9f5-25a5-4364-8a7d-c99e0bb0f956 - - - - - -] Successfully bumped revision number for resource 61fad6fa-db3a-418e-a46f-c39bbf82828d (type: ports) to 4
2026-09-09 00:09:35.142 8 INFO neutron.services.segments.plugin [-] Segment 99570c2d-a780-444f-b353-284f215a2f97 resource provider aggregate not found
2026-09-09 00:09:35.165 8 INFO neutron.services.segments.plugin [-] Segment 99570c2d-a780-444f-b353-284f215a2f97 resource provider aggregate not found
2026-09-09 00:09:35.169 8 INFO neutron.services.segments.plugin [-] Client error retrieving segment 99570c2d-a780-444f-b353-284f215a2f97 resource provider; error: Placement Client Error (4xx): {"errors": [{"status": 404, "title": "Not Found", "detail": "The resource could not be found.\n\n No resource provider with uuid 99570c2d-a780-444f-b353-284f215a2f97 found for delete ", "request_id": "req-7f7cfdd3-1fe4-4a04-8478-b4d3e9813dac"}]}
2026-09-09 00:09:35.170 8 INFO neutron.plugins.ml2.plugin [None req-57ae903c-8e79-4191-9d75-d56b6a92f7a4 - - - - - -] Attempt 1 to provision port 61fad6fa-db3a-418e-a46f-c39bbf82828d
2026-09-09 00:09:35.184 8 INFO neutron.services.segments.plugin [-] Client error retrieving segment 99570c2d-a780-444f-b353-284f215a2f97 resource provider; error: Placement Client Error (4xx): {"errors": [{"status": 404, "title": "Not Found", "detail": "The resource could not be found.\n\n No resource provider with uuid 99570c2d-a780-444f-b353-284f215a2f97 found for delete ", "request_id": "req-0ee8aa52-d42a-4c68-a30e-4954b14c7793"}]}
2026-09-09 00:09:35.203 8 INFO neutron.plugins.ml2.plugin [None req-2d0fb9f5-25a5-4364-8a7d-c99e0bb0f956 - - - - - -] Attempt 1 to provision port 61fad6fa-db3a-418e-a46f-c39bbf82828d [pid: 8|app: 0|req: 893/1568] 10.0.0.221 () {32 vars in 726 bytes} [Wed Sep 9 00:09:34 2026] DELETE /v2.0/networks/552c65ac-45ad-47f1-a282-2cabf0cb4dc0 => generated 0 bytes in 1240 msecs (HTTP/1.1 204) 3 headers in 131 bytes (1 switches on core 0) [pid: 8|app: 0|req: 894/1569] 10.0.0.217 () {34 vars in 982 bytes} [Wed Sep 9 00:09:35 2026] GET /v2.0/networks?id=16e1f81c-027d-4ae1-8adf-d10de0bcc406 => generated 677 bytes in 179 msecs (HTTP/1.1 200) 4 headers in 157 bytes (1 switches on core 0)
2026-09-09 00:09:35.540 7 INFO neutron.db.ovn_revision_numbers_db [None req-088a37ea-f88f-4a91-bf49-be65e93ae1b8 - - - - - -] Successfully bumped revision number for resource d810f5ef-1065-477d-b3ce-51890c93c19e (type: ports) to 2
2026-09-09 00:09:35.958 8 INFO neutron.db.ovn_revision_numbers_db [None req-fc2d3bf7-ea2e-4763-8c70-d5ad0285edd5 2e914cdfdff140689227b323ff93c867 ce684f0fdf5a42b4be5b474b2dce7d60 - - default default] Successfully bumped revision number for resource 875da2b6-7607-497d-9b4b-30b132a57a1a (type: security_groups) to 1
2026-09-09 00:09:35.963 7 INFO neutron.db.ovn_revision_numbers_db [None req-3f063dc9-bed2-4e24-b848-e0ad2975e6aa 2e914cdfdff140689227b323ff93c867 ce684f0fdf5a42b4be5b474b2dce7d60 - - default default] Successfully bumped revision number for resource d810f5ef-1065-477d-b3ce-51890c93c19e (type: router_ports) to 1 [pid: 7|app: 0|req: 676/1570] 10.0.0.221 () {34 vars in 783 bytes} [Wed Sep 9 00:09:32 2026] PUT /v2.0/routers/f5e1e64a-d1e1-4a84-bf38-c2bc0893e71c/add_router_interface => generated 309 bytes in 2990 msecs (HTTP/1.1 200) 4 headers in 157 bytes (1 switches on core 0)
2026-09-09 00:09:36.000 8 INFO neutron.db.ovn_revision_numbers_db [None req-fc2d3bf7-ea2e-4763-8c70-d5ad0285edd5 2e914cdfdff140689227b323ff93c867 ce684f0fdf5a42b4be5b474b2dce7d60 - - default default] Successfully bumped revision number for resource 5e78fc4f-2345-4710-aa10-f07f597e5958 (type: security_group_rules) to 0
2026-09-09 00:09:36.031 8 INFO neutron.db.ovn_revision_numbers_db [None req-fc2d3bf7-ea2e-4763-8c70-d5ad0285edd5 2e914cdfdff140689227b323ff93c867 ce684f0fdf5a42b4be5b474b2dce7d60 - - default default] Successfully bumped revision number for resource 88cd4984-6d3c-4004-8b98-a43aa5e0da15 (type: security_group_rules) to 0
2026-09-09 00:09:36.051 7 INFO neutron.db.ovn_revision_numbers_db [None req-7f203eda-4e77-4c34-bc69-17c9bf88d4de - - - - - -] Successfully bumped revision number for resource d810f5ef-1065-477d-b3ce-51890c93c19e (type: router_ports) to 2
2026-09-09 00:09:36.062 8 INFO neutron.db.ovn_revision_numbers_db [None req-fc2d3bf7-ea2e-4763-8c70-d5ad0285edd5 2e914cdfdff140689227b323ff93c867 ce684f0fdf5a42b4be5b474b2dce7d60 - - default default] Successfully bumped revision number for resource aa226aab-a0af-4be5-a6f1-d59cfb7d54b4 (type: security_group_rules) to 0
2026-09-09 00:09:36.089 8 INFO neutron.db.ovn_revision_numbers_db [None req-fc2d3bf7-ea2e-4763-8c70-d5ad0285edd5 2e914cdfdff140689227b323ff93c867 ce684f0fdf5a42b4be5b474b2dce7d60 - - default default] Successfully bumped revision number for resource eea9c58d-94ff-4276-8c25-b039a6c852d7 (type: security_group_rules) to 0
2026-09-09 00:09:36.153 7 INFO neutron.db.segments_db [None req-e6ca3126-313d-461c-9225-a3147d5961da 556cc8356e9c4ae4b18de1a52160b4b4 09c73d107f2644e685557584834a4897 - - default default] Added segment 8dbe8f36-ffa2-48f5-a5ef-b8d1a0395f7e of type geneve for network e21eda4f-8b4f-4649-b207-5901be576a2e
2026-09-09 00:09:36.159 8 INFO neutron.db.ovn_revision_numbers_db [None req-57ae903c-8e79-4191-9d75-d56b6a92f7a4 - - - - - -] Successfully bumped revision number for resource 61fad6fa-db3a-418e-a46f-c39bbf82828d (type: ports) to 5 [pid: 8|app: 0|req: 895/1571] 10.0.0.221 () {32 vars in 774 bytes} [Wed Sep 9 00:09:35 2026] GET /v2.0/security-groups?tenant_id=85ffa67a65c840c985f2f3737761cc07&name=default => generated 2925 bytes in 706 msecs (HTTP/1.1 200) 4 headers in 158 bytes (1 switches on core 0) [pid: 8|app: 0|req: 896/1572] 10.0.0.217 () {34 vars in 965 bytes} [Wed Sep 9 00:09:36 2026] GET /v2.0/quotas/08127ead3d8a4a69bc692a44e077172c => generated 292 bytes in 44 msecs (HTTP/1.1 200) 4 headers in 157 bytes (1 switches on core 0)
2026-09-09 00:09:36.316 7 INFO neutron.db.ovn_revision_numbers_db [None req-e6ca3126-313d-461c-9225-a3147d5961da 556cc8356e9c4ae4b18de1a52160b4b4 09c73d107f2644e685557584834a4897 - - default default] Successfully bumped revision number for resource e21eda4f-8b4f-4649-b207-5901be576a2e (type: networks) to 1
2026-09-09 00:09:36.556 7 WARNING neutron.scheduler.dhcp_agent_scheduler [None req-e6ca3126-313d-461c-9225-a3147d5961da 556cc8356e9c4ae4b18de1a52160b4b4 09c73d107f2644e685557584834a4897 - - default default] No more DHCP agents
2026-09-09 00:09:36.558 7 WARNING neutron.api.rpc.agentnotifiers.dhcp_rpc_agent_api [None req-e6ca3126-313d-461c-9225-a3147d5961da 556cc8356e9c4ae4b18de1a52160b4b4 09c73d107f2644e685557584834a4897 - - default default] Unable to schedule network e21eda4f-8b4f-4649-b207-5901be576a2e: no agents available; will retry on subsequent port and subnet creation events.
2026-09-09 00:09:36.622 7 INFO neutron.plugins.ml2.drivers.ovn.mech_driver.mech_driver [None req-7f203eda-4e77-4c34-bc69-17c9bf88d4de - - - - - -] OVN reports status down for port: 504e0672-7f57-4a85-a131-e2bd2b379203
2026-09-09 00:09:36.737 7 INFO neutron.db.ovn_revision_numbers_db [None req-e6ca3126-313d-461c-9225-a3147d5961da 556cc8356e9c4ae4b18de1a52160b4b4 09c73d107f2644e685557584834a4897 - - default default] Successfully bumped revision number for resource 504e0672-7f57-4a85-a131-e2bd2b379203 (type: ports) to 1
2026-09-09 00:09:36.745 8 INFO neutron.db.ovn_revision_numbers_db [None req-a80fc643-e74b-4c63-816f-fd0d755271e3 - - - - - -] Successfully bumped revision number for resource 5070681c-32d0-4fca-a266-544029775ece (type: router_ports) to 2 [pid: 7|app: 0|req: 677/1573] 10.0.0.221 () {34 vars in 670 bytes} [Wed Sep 9 00:09:35 2026] POST /v2.0/networks => generated 636 bytes in 827 msecs (HTTP/1.1 201) 4 headers in 162 bytes (1 switches on core 0) [pid: 8|app: 0|req: 897/1574] 10.0.0.221 () {32 vars in 740 bytes} [Wed Sep 9 00:09:36 2026] DELETE /v2.0/security-groups/875da2b6-7607-497d-9b4b-30b132a57a1a => generated 0 bytes in 678 msecs (HTTP/1.1 204) 2 headers in 112 bytes (1 switches on core 0) [pid: 7|app: 0|req: 678/1575] 10.0.0.217 () {34 vars in 1002 bytes} [Wed Sep 9 00:09:36 2026] GET /v2.0/ports?tenant_id=08127ead3d8a4a69bc692a44e077172c&fields=id => generated 103 bytes in 101 msecs (HTTP/1.1 200) 4 headers in 157 bytes (1 switches on core 0) [pid: 7|app: 0|req: 679/1576] 10.0.0.217 () {34 vars in 1008 bytes} [Wed Sep 9 00:09:36 2026] GET /v2.0/networks/16e1f81c-027d-4ae1-8adf-d10de0bcc406?fields=segments => generated 14 bytes in 57 msecs (HTTP/1.1 200) 4 headers in 156 bytes (1 switches on core 0) [pid: 7|app: 0|req: 680/1577] 10.0.0.217 () {34 vars in 1108 bytes} [Wed Sep 9 00:09:36 2026] GET /v2.0/networks/16e1f81c-027d-4ae1-8adf-d10de0bcc406?fields=provider%3Aphysical_network&fields=provider%3Anetwork_type => generated 79 bytes in 46 msecs (HTTP/1.1 200) 4 headers in 156 bytes (1 switches on core 0)
2026-09-09 00:09:37.190 8 WARNING neutron.scheduler.dhcp_agent_scheduler [None req-10e06182-b546-4b77-b7ec-2f703b2431f9 556cc8356e9c4ae4b18de1a52160b4b4 09c73d107f2644e685557584834a4897 - - default default] No more DHCP agents
2026-09-09 00:09:37.199 8 WARNING neutron.api.rpc.agentnotifiers.dhcp_rpc_agent_api [None req-10e06182-b546-4b77-b7ec-2f703b2431f9 556cc8356e9c4ae4b18de1a52160b4b4 09c73d107f2644e685557584834a4897 - - default default] Unable to schedule network e21eda4f-8b4f-4649-b207-5901be576a2e: no agents available; will retry on subsequent port and subnet creation events. [pid: 7|app: 0|req: 681/1578] 10.0.0.217 () {34 vars in 990 bytes} [Wed Sep 9 00:09:37 2026] GET /v2.0/ports?device_id=60988a46-f32f-4010-a65a-ee54dd463686 => generated 12 bytes in 28 msecs (HTTP/1.1 200) 4 headers in 156 bytes (1 switches on core 0)
2026-09-09 00:09:37.249 8 INFO neutron.db.ovn_revision_numbers_db [None req-10e06182-b546-4b77-b7ec-2f703b2431f9 556cc8356e9c4ae4b18de1a52160b4b4 09c73d107f2644e685557584834a4897 - - default default] Successfully bumped revision number for resource 8be10a43-6545-40ad-b88a-be6c23170846 (type: subnets) to 0 [pid: 8|app: 0|req: 898/1579] 10.0.0.221 () {34 vars in 669 bytes} [Wed Sep 9 00:09:36 2026] POST /v2.0/subnets => generated 646 bytes in 385 msecs (HTTP/1.1 201) 4 headers in 162 bytes (1 switches on core 0)
2026-09-09 00:09:37.590 7 WARNING neutron.scheduler.dhcp_agent_scheduler [None req-c520fc47-967c-4222-8807-3a7349764e25 556cc8356e9c4ae4b18de1a52160b4b4 09c73d107f2644e685557584834a4897 - - default default] No more DHCP agents
2026-09-09 00:09:37.591 7 WARNING neutron.api.rpc.agentnotifiers.dhcp_rpc_agent_api [None req-c520fc47-967c-4222-8807-3a7349764e25 556cc8356e9c4ae4b18de1a52160b4b4 09c73d107f2644e685557584834a4897 - - default default] Unable to schedule network e21eda4f-8b4f-4649-b207-5901be576a2e: no agents available; will retry on subsequent port and subnet creation events.
2026-09-09 00:09:37.669 8 INFO neutron.plugins.ml2.drivers.ovn.mech_driver.mech_driver [None req-a80fc643-e74b-4c63-816f-fd0d755271e3 - - - - - -] OVN reports status down for port: 0a803829-4c09-4e43-9b82-c8065b271f89
2026-09-09 00:09:37.706 7 INFO neutron.db.ovn_revision_numbers_db [None req-c520fc47-967c-4222-8807-3a7349764e25 556cc8356e9c4ae4b18de1a52160b4b4 09c73d107f2644e685557584834a4897 - - default default] Successfully bumped revision number for resource 0a803829-4c09-4e43-9b82-c8065b271f89 (type: ports) to 1 [pid: 7|app: 0|req: 682/1580] 10.0.0.221 () {34 vars in 665 bytes} [Wed Sep 9 00:09:37 2026] POST /v2.0/ports => generated 923 bytes in 477 msecs (HTTP/1.1 201) 4 headers in 162 bytes (1 switches on core 0)
2026-09-09 00:09:37.975 8 INFO neutron_taas.services.taas.taas_plugin [None req-563b3ebe-70bd-4075-bd5a-ce716a7e66a0 556cc8356e9c4ae4b18de1a52160b4b4 09c73d107f2644e685557584834a4897 - - default default] TaaS: Handle Delete Port: 0a803829-4c09-4e43-9b82-c8065b271f89
2026-09-09 00:09:37.979 8 INFO neutron_taas.services.taas.tap_mirror_plugin [None req-563b3ebe-70bd-4075-bd5a-ce716a7e66a0 556cc8356e9c4ae4b18de1a52160b4b4 09c73d107f2644e685557584834a4897 - - default default] Tap Mirror: Handle Delete Port: 0a803829-4c09-4e43-9b82-c8065b271f89 [pid: 8|app: 0|req: 899/1581] 10.0.0.221 () {32 vars in 720 bytes} [Wed Sep 9 00:09:37 2026] DELETE /v2.0/ports/0a803829-4c09-4e43-9b82-c8065b271f89 => generated 0 bytes in 350 msecs (HTTP/1.1 204) 3 headers in 131 bytes (1 switches on core 0)
2026-09-09 00:09:38.146 7 INFO neutron.pecan_wsgi.hooks.translation [None req-e8db3ad1-2a0c-439c-a670-5fcd0548bb7f 556cc8356e9c4ae4b18de1a52160b4b4 09c73d107f2644e685557584834a4897 - - default default] GET failed (client error): The resource could not be found. [pid: 7|app: 0|req: 683/1582] 10.0.0.221 () {32 vars in 717 bytes} [Wed Sep 9 00:09:38 2026] GET /v2.0/ports/0a803829-4c09-4e43-9b82-c8065b271f89 => generated 132 bytes in 26 msecs (HTTP/1.1 404) 4 headers in 164 bytes (1 switches on core 0) [pid: 7|app: 0|req: 684/1583] 10.0.0.217 () {34 vars in 990 bytes} [Wed Sep 9 00:09:38 2026] GET /v2.0/ports?device_id=60988a46-f32f-4010-a65a-ee54dd463686 => generated 12 bytes in 39 msecs (HTTP/1.1 200) 4 headers in 156 bytes (1 switches on core 0) [pid: 8|app: 0|req: 900/1584] 10.0.0.221 () {32 vars in 724 bytes} [Wed Sep 9 00:09:38 2026] DELETE /v2.0/subnets/8be10a43-6545-40ad-b88a-be6c23170846 => generated 0 bytes in 198 msecs (HTTP/1.1 204) 3 headers in 131 bytes (1 switches on core 0) [pid: 8|app: 0|req: 901/1585] 10.0.0.217 () {34 vars in 982 bytes} [Wed Sep 9 00:09:38 2026] GET /v2.0/networks?id=e1ad354d-1731-4713-8e95-a8786446ee29 => generated 673 bytes in 63 msecs (HTTP/1.1 200) 4 headers in 157 bytes (1 switches on core 0) [pid: 8|app: 0|req: 902/1586] 10.0.0.217 () {34 vars in 965 bytes} [Wed Sep 9 00:09:38 2026] GET /v2.0/quotas/5a037302008f49ffa5519c64a24b5053 => generated 292 bytes in 12 msecs (HTTP/1.1 200) 4 headers in 157 bytes (1 switches on core 0)
2026-09-09 00:09:38.528 7 INFO neutron_taas.services.taas.taas_plugin [None req-2391e3b4-4a22-4e0b-ba47-7c500358af8f 556cc8356e9c4ae4b18de1a52160b4b4 09c73d107f2644e685557584834a4897 - - default default] TaaS: Handle Delete Port: 504e0672-7f57-4a85-a131-e2bd2b379203
2026-09-09 00:09:38.533 7 INFO neutron_taas.services.taas.tap_mirror_plugin [None req-2391e3b4-4a22-4e0b-ba47-7c500358af8f 556cc8356e9c4ae4b18de1a52160b4b4 09c73d107f2644e685557584834a4897 - - default default] Tap Mirror: Handle Delete Port: 504e0672-7f57-4a85-a131-e2bd2b379203 [pid: 8|app: 0|req: 903/1587] 10.0.0.217 () {34 vars in 1002 bytes} [Wed Sep 9 00:09:38 2026] GET /v2.0/ports?tenant_id=5a037302008f49ffa5519c64a24b5053&fields=id => generated 103 bytes in 86 msecs (HTTP/1.1 200) 4 headers in 157 bytes (1 switches on core 0) [pid: 8|app: 0|req: 904/1588] 10.0.0.217 () {34 vars in 1008 bytes} [Wed Sep 9 00:09:38 2026] GET /v2.0/networks/e1ad354d-1731-4713-8e95-a8786446ee29?fields=segments => generated 14 bytes in 63 msecs (HTTP/1.1 200) 4 headers in 156 bytes (1 switches on core 0)
2026-09-09 00:09:38.734 7 INFO neutron.services.segments.plugin [-] Segment 8dbe8f36-ffa2-48f5-a5ef-b8d1a0395f7e resource provider aggregate not found
2026-09-09 00:09:38.740 7 INFO neutron.services.segments.plugin [-] Segment 8dbe8f36-ffa2-48f5-a5ef-b8d1a0395f7e resource provider aggregate not found [pid: 8|app: 0|req: 905/1589] 10.0.0.217 () {34 vars in 1108 bytes} [Wed Sep 9 00:09:38 2026] GET /v2.0/networks/e1ad354d-1731-4713-8e95-a8786446ee29?fields=provider%3Aphysical_network&fields=provider%3Anetwork_type => generated 79 bytes in 41 msecs (HTTP/1.1 200) 4 headers in 156 bytes (1 switches on core 0)
2026-09-09 00:09:38.758 7 INFO neutron.services.segments.plugin [-] Client error retrieving segment 8dbe8f36-ffa2-48f5-a5ef-b8d1a0395f7e resource provider; error: Placement Client Error (4xx): {"errors": [{"status": 404, "title": "Not Found", "detail": "The resource could not be found.\n\n No resource provider with uuid 8dbe8f36-ffa2-48f5-a5ef-b8d1a0395f7e found for delete ", "request_id": "req-a2509271-d386-4e39-906d-75c36d3413a2"}]}
2026-09-09 00:09:38.765 7 INFO neutron.services.segments.plugin [-] Client error retrieving segment 8dbe8f36-ffa2-48f5-a5ef-b8d1a0395f7e resource provider; error: Placement Client Error (4xx): {"errors": [{"status": 404, "title": "Not Found", "detail": "The resource could not be found.\n\n No resource provider with uuid 8dbe8f36-ffa2-48f5-a5ef-b8d1a0395f7e found for delete ", "request_id": "req-016558e7-1ad1-49b6-ad09-160fd0ec24d4"}]} [pid: 7|app: 0|req: 685/1590] 10.0.0.221 () {32 vars in 726 bytes} [Wed Sep 9 00:09:38 2026] DELETE /v2.0/networks/e21eda4f-8b4f-4649-b207-5901be576a2e => generated 0 bytes in 430 msecs (HTTP/1.1 204) 3 headers in 131 bytes (1 switches on core 0) [pid: 7|app: 0|req: 686/1591] 10.0.0.217 () {34 vars in 990 bytes} [Wed Sep 9 00:09:38 2026] GET /v2.0/ports?device_id=bffc6b94-6519-4526-8c1b-3a579aeb5eb5 => generated 12 bytes in 34 msecs (HTTP/1.1 200) 4 headers in 156 bytes (1 switches on core 0)
2026-09-09 00:09:39.023 8 WARNING neutron.scheduler.dhcp_agent_scheduler [None req-8cf422e6-801e-4567-9197-072cea50932a 556cc8356e9c4ae4b18de1a52160b4b4 09c73d107f2644e685557584834a4897 - - default default] No more DHCP agents
2026-09-09 00:09:39.024 8 WARNING neutron.api.rpc.agentnotifiers.dhcp_rpc_agent_api [None req-8cf422e6-801e-4567-9197-072cea50932a 556cc8356e9c4ae4b18de1a52160b4b4 09c73d107f2644e685557584834a4897 - - default default] Unable to schedule network e491e3ca-e977-4f19-9f66-5f493f9ddabb: no agents available; will retry on subsequent port and subnet creation events.
2026-09-09 00:09:39.081 8 INFO neutron.plugins.ml2.drivers.ovn.mech_driver.mech_driver [None req-a80fc643-e74b-4c63-816f-fd0d755271e3 - - - - - -] OVN reports status down for port: 77fc594b-8aa6-4fd2-85b4-d64b9b8f4c4e
2026-09-09 00:09:39.145 8 INFO neutron.db.ovn_revision_numbers_db [None req-8cf422e6-801e-4567-9197-072cea50932a 556cc8356e9c4ae4b18de1a52160b4b4 09c73d107f2644e685557584834a4897 - - default default] Successfully bumped revision number for resource 77fc594b-8aa6-4fd2-85b4-d64b9b8f4c4e (type: ports) to 1 [pid: 8|app: 0|req: 906/1592] 10.0.0.221 () {34 vars in 665 bytes} [Wed Sep 9 00:09:38 2026] POST /v2.0/ports => generated 779 bytes in 428 msecs (HTTP/1.1 201) 4 headers in 162 bytes (1 switches on core 0) /var/lib/openstack/lib/python3.12/site-packages/pycadf/identifier.py:70: UserWarning: Invalid uuid: neutron. To ensure interoperability, identifiers should be a valid uuid. warnings.warn(('Invalid uuid: %s. To ensure interoperability, ' [pid: 8|app: 0|req: 907/1593] 10.0.0.217 () {34 vars in 990 bytes} [Wed Sep 9 00:09:39 2026] GET /v2.0/ports?device_id=60988a46-f32f-4010-a65a-ee54dd463686 => generated 12 bytes in 30 msecs (HTTP/1.1 200) 4 headers in 156 bytes (1 switches on core 0)
2026-09-09 00:09:39.575 8 INFO neutron.plugins.ml2.drivers.ovn.mech_driver.mech_driver [None req-a80fc643-e74b-4c63-816f-fd0d755271e3 - - - - - -] OVN reports status down for port: 77fc594b-8aa6-4fd2-85b4-d64b9b8f4c4e
2026-09-09 00:09:39.609 7 INFO neutron.db.ovn_revision_numbers_db [None req-e1d1555c-a8d1-412c-91c5-1e8b24f1cc55 556cc8356e9c4ae4b18de1a52160b4b4 09c73d107f2644e685557584834a4897 - - default default] Successfully bumped revision number for resource 77fc594b-8aa6-4fd2-85b4-d64b9b8f4c4e (type: ports) to 2 [pid: 7|app: 0|req: 687/1594] 10.0.0.221 () {34 vars in 737 bytes} [Wed Sep 9 00:09:39 2026] PUT /v2.0/ports/77fc594b-8aa6-4fd2-85b4-d64b9b8f4c4e => generated 752 bytes in 430 msecs (HTTP/1.1 200) 4 headers in 157 bytes (1 switches on core 0)
2026-09-09 00:09:39.789 8 INFO neutron_taas.services.taas.taas_plugin [None req-b31efdac-0c74-4849-af21-2469a91e3cf9 556cc8356e9c4ae4b18de1a52160b4b4 09c73d107f2644e685557584834a4897 - - default default] TaaS: Handle Delete Port: 77fc594b-8aa6-4fd2-85b4-d64b9b8f4c4e
2026-09-09 00:09:39.792 8 INFO neutron_taas.services.taas.tap_mirror_plugin [None req-b31efdac-0c74-4849-af21-2469a91e3cf9 556cc8356e9c4ae4b18de1a52160b4b4 09c73d107f2644e685557584834a4897 - - default default] Tap Mirror: Handle Delete Port: 77fc594b-8aa6-4fd2-85b4-d64b9b8f4c4e [pid: 8|app: 0|req: 908/1595] 10.0.0.221 () {32 vars in 720 bytes} [Wed Sep 9 00:09:39 2026] DELETE /v2.0/ports/77fc594b-8aa6-4fd2-85b4-d64b9b8f4c4e => generated 0 bytes in 216 msecs (HTTP/1.1 204) 3 headers in 131 bytes (1 switches on core 0) /var/lib/openstack/lib/python3.12/site-packages/pycadf/identifier.py:70: UserWarning: Invalid uuid: neutron. To ensure interoperability, identifiers should be a valid uuid. warnings.warn(('Invalid uuid: %s. To ensure interoperability, ' [pid: 7|app: 0|req: 688/1596] 10.0.0.221 () {32 vars in 643 bytes} [Wed Sep 9 00:09:39 2026] GET /v2.0/ports => generated 1537 bytes in 67 msecs (HTTP/1.1 200) 4 headers in 158 bytes (1 switches on core 0)
2026-09-09 00:09:39.981 8 INFO neutron.pecan_wsgi.hooks.translation [None req-bbaa8564-c92a-4d21-b1c5-a7fcf43bbfca 556cc8356e9c4ae4b18de1a52160b4b4 09c73d107f2644e685557584834a4897 - - default default] GET failed (client error): The resource could not be found. [pid: 8|app: 0|req: 909/1597] 10.0.0.221 () {32 vars in 717 bytes} [Wed Sep 9 00:09:39 2026] GET /v2.0/ports/77fc594b-8aa6-4fd2-85b4-d64b9b8f4c4e => generated 132 bytes in 27 msecs (HTTP/1.1 404) 4 headers in 164 bytes (1 switches on core 0) [pid: 7|app: 0|req: 689/1598] 10.0.0.221 () {32 vars in 643 bytes} [Wed Sep 9 00:09:39 2026] GET /v2.0/ports => generated 1537 bytes in 53 msecs (HTTP/1.1 200) 4 headers in 158 bytes (1 switches on core 0) [pid: 8|app: 0|req: 910/1599] 10.0.0.217 () {34 vars in 990 bytes} [Wed Sep 9 00:09:40 2026] GET /v2.0/ports?device_id=bffc6b94-6519-4526-8c1b-3a579aeb5eb5 => generated 12 bytes in 36 msecs (HTTP/1.1 200) 4 headers in 156 bytes (1 switches on core 0) [pid: 7|app: 0|req: 690/1600] 10.0.0.221 () {32 vars in 717 bytes} [Wed Sep 9 00:09:40 2026] GET /v2.0/ports/e9010738-da0f-4f0c-be5b-14871d42bb48 => generated 778 bytes in 33 msecs (HTTP/1.1 200) 4 headers in 157 bytes (1 switches on core 0)
2026-09-09 00:09:40.112 8 INFO neutron.pecan_wsgi.hooks.translation [None req-b381ae0b-47c8-4df3-bf71-8b735b46a88c 556cc8356e9c4ae4b18de1a52160b4b4 09c73d107f2644e685557584834a4897 - - default default] DELETE failed (client error): The resource could not be found. [pid: 8|app: 0|req: 911/1601] 10.0.0.221 () {32 vars in 720 bytes} [Wed Sep 9 00:09:40 2026] DELETE /v2.0/ports/0a803829-4c09-4e43-9b82-c8065b271f89 => generated 132 bytes in 27 msecs (HTTP/1.1 404) 4 headers in 164 bytes (1 switches on core 0)
2026-09-09 00:09:40.137 7 INFO neutron.pecan_wsgi.hooks.translation [None req-7c85cc92-477e-4c8d-96c3-f5a64e6d5fca 556cc8356e9c4ae4b18de1a52160b4b4 09c73d107f2644e685557584834a4897 - - default default] DELETE failed (client error): The resource could not be found. [pid: 7|app: 0|req: 691/1602] 10.0.0.221 () {32 vars in 724 bytes} [Wed Sep 9 00:09:40 2026] DELETE /v2.0/subnets/8be10a43-6545-40ad-b88a-be6c23170846 => generated 136 bytes in 19 msecs (HTTP/1.1 404) 4 headers in 164 bytes (1 switches on core 0)
2026-09-09 00:09:40.160 8 INFO neutron.pecan_wsgi.hooks.translation [None req-e7f41a3e-6ac7-48ea-ad58-8d57ca59fcfc 556cc8356e9c4ae4b18de1a52160b4b4 09c73d107f2644e685557584834a4897 - - default default] DELETE failed (client error): The resource could not be found. [pid: 8|app: 0|req: 912/1603] 10.0.0.221 () {32 vars in 724 bytes} [Wed Sep 9 00:09:40 2026] DELETE /v2.0/subnets/983046f6-14ad-4f80-8f02-72abc93e924f => generated 136 bytes in 20 msecs (HTTP/1.1 404) 4 headers in 164 bytes (1 switches on core 0)
2026-09-09 00:09:40.312 7 INFO neutron_taas.services.taas.taas_plugin [None req-647c9c8f-fb35-42a0-adb1-4fcd1a4eeab9 556cc8356e9c4ae4b18de1a52160b4b4 09c73d107f2644e685557584834a4897 - - default default] TaaS: Handle Delete Port: e9010738-da0f-4f0c-be5b-14871d42bb48
2026-09-09 00:09:40.315 7 INFO neutron_taas.services.taas.tap_mirror_plugin [None req-647c9c8f-fb35-42a0-adb1-4fcd1a4eeab9 556cc8356e9c4ae4b18de1a52160b4b4 09c73d107f2644e685557584834a4897 - - default default] Tap Mirror: Handle Delete Port: e9010738-da0f-4f0c-be5b-14871d42bb48 [pid: 7|app: 0|req: 692/1604] 10.0.0.221 () {32 vars in 720 bytes} [Wed Sep 9 00:09:40 2026] DELETE /v2.0/ports/e9010738-da0f-4f0c-be5b-14871d42bb48 => generated 0 bytes in 263 msecs (HTTP/1.1 204) 3 headers in 131 bytes (1 switches on core 0) [pid: 7|app: 0|req: 693/1605] 10.0.0.217 () {34 vars in 990 bytes} [Wed Sep 9 00:09:40 2026] GET /v2.0/ports?device_id=60988a46-f32f-4010-a65a-ee54dd463686 => generated 12 bytes in 26 msecs (HTTP/1.1 200) 4 headers in 156 bytes (1 switches on core 0)
2026-09-09 00:09:40.581 8 INFO neutron_taas.services.taas.taas_plugin [None req-b6c1811c-ccdd-4922-8e8d-07ad68a547f5 556cc8356e9c4ae4b18de1a52160b4b4 09c73d107f2644e685557584834a4897 - - default default] TaaS: Handle Delete Port: 0eb3ab21-dd32-46b9-94bf-ab8cf4bd2fb9
2026-09-09 00:09:40.584 8 INFO neutron_taas.services.taas.tap_mirror_plugin [None req-b6c1811c-ccdd-4922-8e8d-07ad68a547f5 556cc8356e9c4ae4b18de1a52160b4b4 09c73d107f2644e685557584834a4897 - - default default] Tap Mirror: Handle Delete Port: 0eb3ab21-dd32-46b9-94bf-ab8cf4bd2fb9
2026-09-09 00:09:40.771 8 INFO neutron.services.segments.plugin [-] Segment d9324f55-cfe9-4675-9c68-a73ab76839a4 resource provider aggregate not found
2026-09-09 00:09:40.776 8 INFO neutron.services.segments.plugin [-] Segment d9324f55-cfe9-4675-9c68-a73ab76839a4 resource provider aggregate not found
2026-09-09 00:09:40.790 8 INFO neutron.services.segments.plugin [-] Client error retrieving segment d9324f55-cfe9-4675-9c68-a73ab76839a4 resource provider; error: Placement Client Error (4xx): {"errors": [{"status": 404, "title": "Not Found", "detail": "The resource could not be found.\n\n No resource provider with uuid d9324f55-cfe9-4675-9c68-a73ab76839a4 found for delete ", "request_id": "req-0807e9b6-fe4d-4b17-aa40-70f28a35b0cb"}]}
2026-09-09 00:09:40.794 8 INFO neutron.services.segments.plugin [-] Client error retrieving segment d9324f55-cfe9-4675-9c68-a73ab76839a4 resource provider; error: Placement Client Error (4xx): {"errors": [{"status": 404, "title": "Not Found", "detail": "The resource could not be found.\n\n No resource provider with uuid d9324f55-cfe9-4675-9c68-a73ab76839a4 found for delete ", "request_id": "req-a8be329a-f388-4f85-822e-406c879488a6"}]} [pid: 8|app: 0|req: 913/1606] 10.0.0.221 () {32 vars in 726 bytes} [Wed Sep 9 00:09:40 2026] DELETE /v2.0/networks/e491e3ca-e977-4f19-9f66-5f493f9ddabb => generated 0 bytes in 398 msecs (HTTP/1.1 204) 3 headers in 131 bytes (1 switches on core 0) [pid: 7|app: 0|req: 694/1607] 10.0.0.217 () {34 vars in 990 bytes} [Wed Sep 9 00:09:41 2026] GET /v2.0/ports?device_id=bffc6b94-6519-4526-8c1b-3a579aeb5eb5 => generated 12 bytes in 28 msecs (HTTP/1.1 200) 4 headers in 156 bytes (1 switches on core 0) [pid: 8|app: 0|req: 914/1608] 10.0.0.221 () {32 vars in 774 bytes} [Wed Sep 9 00:09:41 2026] GET /v2.0/security-groups?tenant_id=09c73d107f2644e685557584834a4897&name=default => generated 2925 bytes in 166 msecs (HTTP/1.1 200) 4 headers in 158 bytes (1 switches on core 0) [pid: 8|app: 0|req: 917/1611] 162.253.55.54 () {34 vars in 985 bytes} [Wed Sep 9 00:09:41 2026] GET /v2.0/networks?id=16e1f81c-027d-4ae1-8adf-d10de0bcc406 => generated 677 bytes in 66 msecs (HTTP/1.1 200) 4 headers in 157 bytes (1 switches on core 0)
2026-09-09 00:09:41.722 7 INFO neutron.db.ovn_revision_numbers_db [None req-8be1cbe1-a534-47eb-99db-87d29e2d9d07 aeefec65aaab41c480ee296f2d265d79 0fbc907825f2433786fd903eaae08d0d - - default default] Successfully bumped revision number for resource 458f3afa-cf2f-4fbe-a00b-4b5b82c74108 (type: security_groups) to 1
2026-09-09 00:09:41.737 7 INFO neutron.db.ovn_revision_numbers_db [None req-8be1cbe1-a534-47eb-99db-87d29e2d9d07 aeefec65aaab41c480ee296f2d265d79 0fbc907825f2433786fd903eaae08d0d - - default default] Successfully bumped revision number for resource 507f6f21-affe-4617-91d1-daf282bb2a3e (type: security_group_rules) to 0
2026-09-09 00:09:41.753 7 INFO neutron.db.ovn_revision_numbers_db [None req-8be1cbe1-a534-47eb-99db-87d29e2d9d07 aeefec65aaab41c480ee296f2d265d79 0fbc907825f2433786fd903eaae08d0d - - default default] Successfully bumped revision number for resource 56e05465-593c-4e4e-b985-bb5b1e4169de (type: security_group_rules) to 0
2026-09-09 00:09:41.768 7 INFO neutron.db.ovn_revision_numbers_db [None req-8be1cbe1-a534-47eb-99db-87d29e2d9d07 aeefec65aaab41c480ee296f2d265d79 0fbc907825f2433786fd903eaae08d0d - - default default] Successfully bumped revision number for resource e9360a0b-4f56-48d4-814c-9af97c3ef1b1 (type: security_group_rules) to 0
2026-09-09 00:09:41.784 7 INFO neutron.db.ovn_revision_numbers_db [None req-8be1cbe1-a534-47eb-99db-87d29e2d9d07 aeefec65aaab41c480ee296f2d265d79 0fbc907825f2433786fd903eaae08d0d - - default default] Successfully bumped revision number for resource e93ce0da-1a25-444f-80f0-be5d7bb43681 (type: security_group_rules) to 0
2026-09-09 00:09:41.906 7 INFO neutron.db.segments_db [None req-8be1cbe1-a534-47eb-99db-87d29e2d9d07 aeefec65aaab41c480ee296f2d265d79 0fbc907825f2433786fd903eaae08d0d - - default default] Added segment a9ca9654-3154-4f97-a735-f0f05e807701 of type geneve for network ff6c6020-fd11-4782-8aaf-4cbc6a4fbfd8 [pid: 8|app: 0|req: 918/1612] 10.0.0.221 () {32 vars in 740 bytes} [Wed Sep 9 00:09:41 2026] DELETE /v2.0/security-groups/0310aa93-8611-44c8-a4bf-8b5623b6befc => generated 0 bytes in 341 msecs (HTTP/1.1 204) 2 headers in 112 bytes (1 switches on core 0)
2026-09-09 00:09:42.092 7 INFO neutron.db.ovn_revision_numbers_db [None req-8be1cbe1-a534-47eb-99db-87d29e2d9d07 aeefec65aaab41c480ee296f2d265d79 0fbc907825f2433786fd903eaae08d0d - - default default] Successfully bumped revision number for resource ff6c6020-fd11-4782-8aaf-4cbc6a4fbfd8 (type: networks) to 1
2026-09-09 00:09:42.268 8 WARNING neutron.scheduler.dhcp_agent_scheduler [req-92e3d747-070a-4be0-b677-e451abb8b18e req-1db760d4-c6d3-4e3d-bec3-0be1137dbd96 b376540d5756412c95ddd344f14b4b8e 08127ead3d8a4a69bc692a44e077172c - - default default] No more DHCP agents
2026-09-09 00:09:42.269 8 WARNING neutron.api.rpc.agentnotifiers.dhcp_rpc_agent_api [req-92e3d747-070a-4be0-b677-e451abb8b18e req-1db760d4-c6d3-4e3d-bec3-0be1137dbd96 b376540d5756412c95ddd344f14b4b8e 08127ead3d8a4a69bc692a44e077172c - - default default] Unable to schedule network 16e1f81c-027d-4ae1-8adf-d10de0bcc406: no agents available; will retry on subsequent port and subnet creation events.
2026-09-09 00:09:42.273 7 WARNING neutron.scheduler.dhcp_agent_scheduler [None req-8be1cbe1-a534-47eb-99db-87d29e2d9d07 aeefec65aaab41c480ee296f2d265d79 0fbc907825f2433786fd903eaae08d0d - - default default] No more DHCP agents
2026-09-09 00:09:42.274 7 WARNING neutron.api.rpc.agentnotifiers.dhcp_rpc_agent_api [None req-8be1cbe1-a534-47eb-99db-87d29e2d9d07 aeefec65aaab41c480ee296f2d265d79 0fbc907825f2433786fd903eaae08d0d - - default default] Unable to schedule network ff6c6020-fd11-4782-8aaf-4cbc6a4fbfd8: no agents available; will retry on subsequent port and subnet creation events.
2026-09-09 00:09:42.351 8 INFO neutron.plugins.ml2.drivers.ovn.mech_driver.mech_driver [None req-a80fc643-e74b-4c63-816f-fd0d755271e3 - - - - - -] OVN reports status down for port: b59d543a-50ba-40c2-864f-21bdbadef637
2026-09-09 00:09:42.383 7 INFO neutron.db.ovn_revision_numbers_db [None req-8be1cbe1-a534-47eb-99db-87d29e2d9d07 aeefec65aaab41c480ee296f2d265d79 0fbc907825f2433786fd903eaae08d0d - - default default] Successfully bumped revision number for resource b59d543a-50ba-40c2-864f-21bdbadef637 (type: ports) to 1 [pid: 7|app: 0|req: 695/1613] 10.0.0.221 () {34 vars in 670 bytes} [Wed Sep 9 00:09:41 2026] POST /v2.0/networks => generated 632 bytes in 941 msecs (HTTP/1.1 201) 4 headers in 162 bytes (1 switches on core 0)
2026-09-09 00:09:42.479 8 INFO neutron.plugins.ml2.drivers.ovn.mech_driver.mech_driver [None req-a80fc643-e74b-4c63-816f-fd0d755271e3 - - - - - -] OVN reports status down for port: d5d578f0-6203-4f96-b157-2f3ba0b56bd6 [pid: 7|app: 0|req: 696/1614] 10.0.0.217 () {34 vars in 990 bytes} [Wed Sep 9 00:09:42 2026] GET /v2.0/ports?device_id=60988a46-f32f-4010-a65a-ee54dd463686 => generated 961 bytes in 117 msecs (HTTP/1.1 200) 4 headers in 157 bytes (1 switches on core 0)
