2026-03-04 16:30:03.127 8 INFO placement.requestlog [None req-395b1bf2-0b28-4421-9240-6296f269f74c c162c54858104697af4d0d3518a84d0a 71db5d77a0e248919dc5ba2517bc8d71 - - default default] 10.0.0.76 "GET /resource_providers" status: 200 len: 405 microversion: 1.0 [pid: 8|app: 0|req: 274/543] 10.0.0.76 () {28 vars in 592 bytes} [Wed Mar 4 16:30:03 2026] GET /resource_providers => generated 405 bytes in 63 msecs (HTTP/1.1 200) 6 headers in 224 bytes (1 switches on core 0)
2026-03-04 16:30:03.147 7 INFO placement.requestlog [None req-4d0250a1-55a8-4911-a216-cc832771169c c162c54858104697af4d0d3518a84d0a 71db5d77a0e248919dc5ba2517bc8d71 - - default default] 10.0.0.76 "GET /resource_providers/ac18b040-4887-4731-a765-bfaa6044656f/inventories" status: 200 len: 400 microversion: 1.0 [pid: 7|app: 0|req: 270/544] 10.0.0.76 () {28 vars in 690 bytes} [Wed Mar 4 16:30:03 2026] GET /resource_providers/ac18b040-4887-4731-a765-bfaa6044656f/inventories => generated 400 bytes in 15 msecs (HTTP/1.1 200) 6 headers in 224 bytes (1 switches on core 0)
2026-03-04 16:30:03.175 8 INFO placement.requestlog [None req-7e7f2fdd-3b77-4edf-8b1c-7f454e1baf30 c162c54858104697af4d0d3518a84d0a 71db5d77a0e248919dc5ba2517bc8d71 - - default default] 10.0.0.76 "GET /resource_providers/ac18b040-4887-4731-a765-bfaa6044656f/usages" status: 200 len: 88 microversion: 1.0 [pid: 8|app: 0|req: 275/545] 10.0.0.76 () {28 vars in 680 bytes} [Wed Mar 4 16:30:03 2026] GET /resource_providers/ac18b040-4887-4731-a765-bfaa6044656f/usages => generated 88 bytes in 23 msecs (HTTP/1.1 200) 6 headers in 223 bytes (1 switches on core 0)
2026-03-04 16:30:11.949 7 INFO placement.requestlog [None req-bf485d5c-fe5f-4e1a-8eb2-4115066a21c5 - - - - - -] 10.0.0.252 "GET /" status: 200 len: 136 microversion: 1.0
2026-03-04 16:30:11.950 8 INFO placement.requestlog [None req-fe796bcd-0b44-4283-bb76-e33a98be39f9 - - - - - -] 10.0.0.252 "GET /" status: 200 len: 136 microversion: 1.0
2026-03-04 16:30:21.948 7 INFO placement.requestlog [None req-48325043-b81d-4c3a-afc5-630be8648293 - - - - - -] 10.0.0.252 "GET /" status: 200 len: 136 microversion: 1.0
2026-03-04 16:30:21.950 8 INFO placement.requestlog [None req-36de44be-15d1-4811-ada2-6d82e51d49a3 - - - - - -] 10.0.0.252 "GET /" status: 200 len: 136 microversion: 1.0
2026-03-04 16:30:31.947 7 INFO placement.requestlog [None req-bda4dbe3-b5ef-49b8-81b1-145ff015bddd - - - - - -] 10.0.0.252 "GET /" status: 200 len: 136 microversion: 1.0
2026-03-04 16:30:31.949 8 INFO placement.requestlog [None req-a5b60b87-87f4-4f30-9579-fe2e44d7aea5 - - - - - -] 10.0.0.252 "GET /" status: 200 len: 136 microversion: 1.0
2026-03-04 16:30:33.481 7 INFO placement.requestlog [req-a10613ab-e231-4e1d-8f4a-237254874066 req-b446470c-fbab-4f5f-bba2-9572a27c2278 764b864a167a4f7290152da9f6b6377a b62963217f324213888b511a945a8dbb - - 910afeea3f954492bebf9de9cbc6c5ea 910afeea3f954492bebf9de9cbc6c5ea] 199.19.213.176 "GET /resource_providers/ac18b040-4887-4731-a765-bfaa6044656f/allocations" status: 200 len: 54 microversion: 1.0 [pid: 7|app: 0|req: 274/552] 199.19.213.176 () {32 vars in 857 bytes} [Wed Mar 4 16:30:33 2026] GET /resource_providers/ac18b040-4887-4731-a765-bfaa6044656f/allocations => generated 54 bytes in 14 msecs (HTTP/1.1 200) 6 headers in 223 bytes (1 switches on core 0)
2026-03-04 16:30:33.512 8 INFO placement.requestlog [req-a10613ab-e231-4e1d-8f4a-237254874066 req-d7affa53-6d56-49f8-8fdb-33b57d4d0bba 764b864a167a4f7290152da9f6b6377a b62963217f324213888b511a945a8dbb - - 910afeea3f954492bebf9de9cbc6c5ea 910afeea3f954492bebf9de9cbc6c5ea] 199.19.213.176 "GET /resource_providers/ac18b040-4887-4731-a765-bfaa6044656f/allocations" status: 200 len: 54 microversion: 1.0 [pid: 8|app: 0|req: 279/553] 199.19.213.176 () {32 vars in 857 bytes} [Wed Mar 4 16:30:33 2026] GET /resource_providers/ac18b040-4887-4731-a765-bfaa6044656f/allocations => generated 54 bytes in 15 msecs (HTTP/1.1 200) 6 headers in 223 bytes (1 switches on core 0)
2026-03-04 16:30:41.948 7 INFO placement.requestlog [None req-186843a3-8754-41ea-96ca-62eca1e44a12 - - - - - -] 10.0.0.252 "GET /" status: 200 len: 136 microversion: 1.0
2026-03-04 16:30:41.950 8 INFO placement.requestlog [None req-af64f037-3493-45fe-9686-0c19ffb8c351 - - - - - -] 10.0.0.252 "GET /" status: 200 len: 136 microversion: 1.0
2026-03-04 16:30:51.948 7 INFO placement.requestlog [None req-e8123cc5-1b8b-435b-b107-3e09db1394a9 - - - - - -] 10.0.0.252 "GET /" status: 200 len: 136 microversion: 1.0
2026-03-04 16:30:51.948 8 INFO placement.requestlog [None req-aff35adc-abf3-4724-befe-72b68bdd4b12 - - - - - -] 10.0.0.252 "GET /" status: 200 len: 136 microversion: 1.0
2026-03-04 16:31:01.948 7 INFO placement.requestlog [None req-060ab7a6-911e-4879-b69a-c9b18c45bb23 - - - - - -] 10.0.0.252 "GET /" status: 200 len: 136 microversion: 1.0
2026-03-04 16:31:01.948 8 INFO placement.requestlog [None req-6d021a63-cf66-4ec0-ae71-675213ecd1fe - - - - - -] 10.0.0.252 "GET /" status: 200 len: 136 microversion: 1.0
2026-03-04 16:31:03.078 7 INFO placement.requestlog [None req-17eb0dcb-f035-41e6-bf5b-d70353613954 c162c54858104697af4d0d3518a84d0a 71db5d77a0e248919dc5ba2517bc8d71 - - default default] 10.0.0.76 "GET /resource_providers" status: 200 len: 405 microversion: 1.0 [pid: 7|app: 0|req: 278/560] 10.0.0.76 () {28 vars in 592 bytes} [Wed Mar 4 16:31:03 2026] GET /resource_providers => generated 405 bytes in 47 msecs (HTTP/1.1 200) 6 headers in 224 bytes (1 switches on core 0)
2026-03-04 16:31:03.111 8 INFO placement.requestlog [None req-c9794fc3-33b7-4c05-9578-76bda0376c8b c162c54858104697af4d0d3518a84d0a 71db5d77a0e248919dc5ba2517bc8d71 - - default default] 10.0.0.76 "GET /resource_providers/ac18b040-4887-4731-a765-bfaa6044656f/inventories" status: 200 len: 400 microversion: 1.0 [pid: 8|app: 0|req: 283/561] 10.0.0.76 () {28 vars in 690 bytes} [Wed Mar 4 16:31:03 2026] GET /resource_providers/ac18b040-4887-4731-a765-bfaa6044656f/inventories => generated 400 bytes in 27 msecs (HTTP/1.1 200) 6 headers in 224 bytes (1 switches on core 0)
2026-03-04 16:31:03.130 7 INFO placement.requestlog [None req-6b9e88ce-31ec-4089-b1be-f211ef2d19ed c162c54858104697af4d0d3518a84d0a 71db5d77a0e248919dc5ba2517bc8d71 - - default default] 10.0.0.76 "GET /resource_providers/ac18b040-4887-4731-a765-bfaa6044656f/usages" status: 200 len: 88 microversion: 1.0 [pid: 7|app: 0|req: 279/562] 10.0.0.76 () {28 vars in 680 bytes} [Wed Mar 4 16:31:03 2026] GET /resource_providers/ac18b040-4887-4731-a765-bfaa6044656f/usages => generated 88 bytes in 15 msecs (HTTP/1.1 200) 6 headers in 223 bytes (1 switches on core 0)
2026-03-04 16:31:11.948 7 INFO placement.requestlog [None req-52ca5f4a-82e8-4275-a797-51215b9949ee - - - - - -] 10.0.0.252 "GET /" status: 200 len: 136 microversion: 1.0
2026-03-04 16:31:11.948 8 INFO placement.requestlog [None req-fba90e8c-c97c-450b-b371-4d9a397956c5 - - - - - -] 10.0.0.252 "GET /" status: 200 len: 136 microversion: 1.0
2026-03-04 16:31:21.948 7 INFO placement.requestlog [None req-9f90def5-88af-4f21-ba26-2fc69639c4d0 - - - - - -] 10.0.0.252 "GET /" status: 200 len: 136 microversion: 1.0
2026-03-04 16:31:21.948 8 INFO placement.requestlog [None req-3b64c0fb-3333-40a4-9d63-df082e2547af - - - - - -] 10.0.0.252 "GET /" status: 200 len: 136 microversion: 1.0
2026-03-04 16:31:31.949 7 INFO placement.requestlog [None req-19acb99c-339c-48b3-8588-9f6da169269f - - - - - -] 10.0.0.252 "GET /" status: 200 len: 136 microversion: 1.0
2026-03-04 16:31:31.949 8 INFO placement.requestlog [None req-251dc932-d51d-402f-b7fb-c907498cec52 - - - - - -] 10.0.0.252 "GET /" status: 200 len: 136 microversion: 1.0
2026-03-04 16:31:35.178 7 INFO placement.requestlog [req-9ec28599-3c5c-4edc-8e3f-866d708898b2 req-ec20ed1d-a428-4924-b187-9187625b0a5d 764b864a167a4f7290152da9f6b6377a b62963217f324213888b511a945a8dbb - - 910afeea3f954492bebf9de9cbc6c5ea 910afeea3f954492bebf9de9cbc6c5ea] 199.19.213.176 "GET /resource_providers/ac18b040-4887-4731-a765-bfaa6044656f/allocations" status: 200 len: 54 microversion: 1.0 [pid: 7|app: 0|req: 283/569] 199.19.213.176 () {32 vars in 857 bytes} [Wed Mar 4 16:31:35 2026] GET /resource_providers/ac18b040-4887-4731-a765-bfaa6044656f/allocations => generated 54 bytes in 13 msecs (HTTP/1.1 200) 6 headers in 223 bytes (1 switches on core 0)
2026-03-04 16:31:35.201 8 INFO placement.requestlog [req-9ec28599-3c5c-4edc-8e3f-866d708898b2 req-da5e86dd-c619-4804-9984-b0adc97531df 764b864a167a4f7290152da9f6b6377a b62963217f324213888b511a945a8dbb - - 910afeea3f954492bebf9de9cbc6c5ea 910afeea3f954492bebf9de9cbc6c5ea] 199.19.213.176 "GET /resource_providers/ac18b040-4887-4731-a765-bfaa6044656f/allocations" status: 200 len: 54 microversion: 1.0 [pid: 8|app: 0|req: 287/570] 199.19.213.176 () {32 vars in 857 bytes} [Wed Mar 4 16:31:35 2026] GET /resource_providers/ac18b040-4887-4731-a765-bfaa6044656f/allocations => generated 54 bytes in 14 msecs (HTTP/1.1 200) 6 headers in 223 bytes (1 switches on core 0)
2026-03-04 16:31:41.948 7 INFO placement.requestlog [None req-372840fe-f461-4bb1-a3d1-92cb9e220bc7 - - - - - -] 10.0.0.252 "GET /" status: 200 len: 136 microversion: 1.0
2026-03-04 16:31:41.950 8 INFO placement.requestlog [None req-34dd37bf-7d1d-42ed-99e0-3518766edb8a - - - - - -] 10.0.0.252 "GET /" status: 200 len: 136 microversion: 1.0
2026-03-04 16:31:51.948 7 INFO placement.requestlog [None req-8cadc13d-e843-4809-a691-9ac7cb9adeb8 - - - - - -] 10.0.0.252 "GET /" status: 200 len: 136 microversion: 1.0
2026-03-04 16:31:51.948 8 INFO placement.requestlog [None req-4db9d092-c6dc-49d2-85f7-6130395caf59 - - - - - -] 10.0.0.252 "GET /" status: 200 len: 136 microversion: 1.0
2026-03-04 16:32:01.948 7 INFO placement.requestlog [None req-c581dbdd-2bbc-4c50-a54d-bed5120ce211 - - - - - -] 10.0.0.252 "GET /" status: 200 len: 136 microversion: 1.0
2026-03-04 16:32:01.948 8 INFO placement.requestlog [None req-f941a58c-db02-455b-8605-5b1436640e8b - - - - - -] 10.0.0.252 "GET /" status: 200 len: 136 microversion: 1.0
2026-03-04 16:32:03.120 7 INFO placement.requestlog [None req-cee7b252-bc67-4834-8c98-d64b06d6e537 c162c54858104697af4d0d3518a84d0a 71db5d77a0e248919dc5ba2517bc8d71 - - default default] 10.0.0.76 "GET /resource_providers" status: 200 len: 405 microversion: 1.0 [pid: 7|app: 0|req: 287/577] 10.0.0.76 () {28 vars in 592 bytes} [Wed Mar 4 16:32:03 2026] GET /resource_providers => generated 405 bytes in 79 msecs (HTTP/1.1 200) 6 headers in 224 bytes (1 switches on core 0)
2026-03-04 16:32:03.144 8 INFO placement.requestlog [None req-236ebb96-c041-41de-9036-79f6504a3082 c162c54858104697af4d0d3518a84d0a 71db5d77a0e248919dc5ba2517bc8d71 - - default default] 10.0.0.76 "GET /resource_providers/ac18b040-4887-4731-a765-bfaa6044656f/inventories" status: 200 len: 400 microversion: 1.0 [pid: 8|app: 0|req: 291/578] 10.0.0.76 () {28 vars in 690 bytes} [Wed Mar 4 16:32:03 2026] GET /resource_providers/ac18b040-4887-4731-a765-bfaa6044656f/inventories => generated 400 bytes in 20 msecs (HTTP/1.1 200) 6 headers in 224 bytes (1 switches on core 0)
2026-03-04 16:32:03.169 7 INFO placement.requestlog [None req-269cb389-2b16-4dfb-80ca-0b8a8fc245d1 c162c54858104697af4d0d3518a84d0a 71db5d77a0e248919dc5ba2517bc8d71 - - default default] 10.0.0.76 "GET /resource_providers/ac18b040-4887-4731-a765-bfaa6044656f/usages" status: 200 len: 88 microversion: 1.0 [pid: 7|app: 0|req: 288/579] 10.0.0.76 () {28 vars in 680 bytes} [Wed Mar 4 16:32:03 2026] GET /resource_providers/ac18b040-4887-4731-a765-bfaa6044656f/usages => generated 88 bytes in 17 msecs (HTTP/1.1 200) 6 headers in 223 bytes (1 switches on core 0)
2026-03-04 16:32:11.948 7 INFO placement.requestlog [None req-04ca9d87-ea97-4cd4-bc3b-410a15a9a851 - - - - - -] 10.0.0.252 "GET /" status: 200 len: 136 microversion: 1.0
2026-03-04 16:32:11.948 8 INFO placement.requestlog [None req-fc7b366e-cafa-419d-9226-8eee8f54bc48 - - - - - -] 10.0.0.252 "GET /" status: 200 len: 136 microversion: 1.0
2026-03-04 16:32:21.948 7 INFO placement.requestlog [None req-fbc2752a-78cc-4fac-935c-e1356a5a3211 - - - - - -] 10.0.0.252 "GET /" status: 200 len: 136 microversion: 1.0
2026-03-04 16:32:21.948 8 INFO placement.requestlog [None req-50b62573-db00-4658-a53c-299133bfd3df - - - - - -] 10.0.0.252 "GET /" status: 200 len: 136 microversion: 1.0
2026-03-04 16:32:31.948 7 INFO placement.requestlog [None req-8499e2ac-8521-41b0-8a71-b669280a34f5 - - - - - -] 10.0.0.252 "GET /" status: 200 len: 136 microversion: 1.0
2026-03-04 16:32:31.948 8 INFO placement.requestlog [None req-88adf9da-4c40-4782-81f8-ac9c280dcf81 - - - - - -] 10.0.0.252 "GET /" status: 200 len: 136 microversion: 1.0
2026-03-04 16:32:36.173 8 INFO placement.requestlog [req-0d8ca3e8-285e-424d-8d7a-6df37a5997d3 req-8f6c746e-024d-4813-9d31-d66901e8ec5a 764b864a167a4f7290152da9f6b6377a b62963217f324213888b511a945a8dbb - - 910afeea3f954492bebf9de9cbc6c5ea 910afeea3f954492bebf9de9cbc6c5ea] 199.19.213.176 "GET /resource_providers/ac18b040-4887-4731-a765-bfaa6044656f/allocations" status: 200 len: 54 microversion: 1.0 [pid: 8|app: 0|req: 295/586] 199.19.213.176 () {32 vars in 857 bytes} [Wed Mar 4 16:32:36 2026] GET /resource_providers/ac18b040-4887-4731-a765-bfaa6044656f/allocations => generated 54 bytes in 12 msecs (HTTP/1.1 200) 6 headers in 223 bytes (1 switches on core 0)
2026-03-04 16:32:36.193 7 INFO placement.requestlog [req-0d8ca3e8-285e-424d-8d7a-6df37a5997d3 req-cb949bbf-8d0e-4e9a-97e5-44cced2c51d9 764b864a167a4f7290152da9f6b6377a b62963217f324213888b511a945a8dbb - - 910afeea3f954492bebf9de9cbc6c5ea 910afeea3f954492bebf9de9cbc6c5ea] 199.19.213.176 "GET /resource_providers/ac18b040-4887-4731-a765-bfaa6044656f/allocations" status: 200 len: 54 microversion: 1.0 [pid: 7|app: 0|req: 292/587] 199.19.213.176 () {32 vars in 857 bytes} [Wed Mar 4 16:32:36 2026] GET /resource_providers/ac18b040-4887-4731-a765-bfaa6044656f/allocations => generated 54 bytes in 12 msecs (HTTP/1.1 200) 6 headers in 223 bytes (1 switches on core 0)
2026-03-04 16:32:41.948 7 INFO placement.requestlog [None req-ed9ead0b-dcd0-4e9f-9401-4554aa106063 - - - - - -] 10.0.0.252 "GET /" status: 200 len: 136 microversion: 1.0
2026-03-04 16:32:41.948 8 INFO placement.requestlog [None req-368f1e9d-445e-4500-beaa-2eac291dc02d - - - - - -] 10.0.0.252 "GET /" status: 200 len: 136 microversion: 1.0
2026-03-04 16:32:51.947 7 INFO placement.requestlog [None req-f1301fbf-e7e1-404a-b17b-6c0c44f41356 - - - - - -] 10.0.0.252 "GET /" status: 200 len: 136 microversion: 1.0
2026-03-04 16:32:51.947 8 INFO placement.requestlog [None req-0f81386e-4786-4578-99ec-e4cb3418a56d - - - - - -] 10.0.0.252 "GET /" status: 200 len: 136 microversion: 1.0
2026-03-04 16:33:01.949 8 INFO placement.requestlog [None req-f4261688-25b3-4031-bdb5-bb7f3240e609 - - - - - -] 10.0.0.252 "GET /" status: 200 len: 136 microversion: 1.0
2026-03-04 16:33:01.948 7 INFO placement.requestlog [None req-0ebfb03f-acc3-43f8-a97a-f997635c5670 - - - - - -] 10.0.0.252 "GET /" status: 200 len: 136 microversion: 1.0
2026-03-04 16:33:03.136 8 INFO placement.requestlog [None req-e550b028-7d95-435d-9047-1a56f80ff340 c162c54858104697af4d0d3518a84d0a 71db5d77a0e248919dc5ba2517bc8d71 - - default default] 10.0.0.76 "GET /resource_providers" status: 200 len: 405 microversion: 1.0 [pid: 8|app: 0|req: 299/594] 10.0.0.76 () {28 vars in 592 bytes} [Wed Mar 4 16:33:03 2026] GET /resource_providers => generated 405 bytes in 75 msecs (HTTP/1.1 200) 6 headers in 224 bytes (1 switches on core 0)
2026-03-04 16:33:03.175 7 INFO placement.requestlog [None req-964faef8-5160-4388-8b30-6c09235d4e42 c162c54858104697af4d0d3518a84d0a 71db5d77a0e248919dc5ba2517bc8d71 - - default default] 10.0.0.76 "GET /resource_providers/ac18b040-4887-4731-a765-bfaa6044656f/inventories" status: 200 len: 400 microversion: 1.0 [pid: 7|app: 0|req: 296/595] 10.0.0.76 () {28 vars in 690 bytes} [Wed Mar 4 16:33:03 2026] GET /resource_providers/ac18b040-4887-4731-a765-bfaa6044656f/inventories => generated 400 bytes in 33 msecs (HTTP/1.1 200) 6 headers in 224 bytes (1 switches on core 0)
2026-03-04 16:33:03.195 8 INFO placement.requestlog [None req-fee71e56-e264-4e2a-8620-874461d5e5ab c162c54858104697af4d0d3518a84d0a 71db5d77a0e248919dc5ba2517bc8d71 - - default default] 10.0.0.76 "GET /resource_providers/ac18b040-4887-4731-a765-bfaa6044656f/usages" status: 200 len: 88 microversion: 1.0 [pid: 8|app: 0|req: 300/596] 10.0.0.76 () {28 vars in 680 bytes} [Wed Mar 4 16:33:03 2026] GET /resource_providers/ac18b040-4887-4731-a765-bfaa6044656f/usages => generated 88 bytes in 14 msecs (HTTP/1.1 200) 6 headers in 223 bytes (1 switches on core 0)
2026-03-04 16:33:11.948 8 INFO placement.requestlog [None req-a5e131f8-101d-429e-8135-51474c9296c2 - - - - - -] 10.0.0.252 "GET /" status: 200 len: 136 microversion: 1.0
2026-03-04 16:33:11.948 7 INFO placement.requestlog [None req-3550029a-a243-494c-b37f-70a6af6114b3 - - - - - -] 10.0.0.252 "GET /" status: 200 len: 136 microversion: 1.0
2026-03-04 16:33:21.947 8 INFO placement.requestlog [None req-78498fa2-adb6-475f-87f0-94e76d0e2e80 - - - - - -] 10.0.0.252 "GET /" status: 200 len: 136 microversion: 1.0
2026-03-04 16:33:21.948 7 INFO placement.requestlog [None req-c99a2168-02cc-49bc-b51d-22cc16a5348a - - - - - -] 10.0.0.252 "GET /" status: 200 len: 136 microversion: 1.0
2026-03-04 16:33:31.948 8 INFO placement.requestlog [None req-67bc38e4-7c88-40b0-8293-2ecaf31e8808 - - - - - -] 10.0.0.252 "GET /" status: 200 len: 136 microversion: 1.0
2026-03-04 16:33:31.948 7 INFO placement.requestlog [None req-cc9409d4-c803-4cd1-bcb2-d0beecaffd91 - - - - - -] 10.0.0.252 "GET /" status: 200 len: 136 microversion: 1.0
2026-03-04 16:33:38.299 8 INFO placement.requestlog [req-526918c9-69ad-4438-8f6a-93f16efada51 req-28fb0c4c-6673-4ab2-a8e7-5c6bcdf4efdf 764b864a167a4f7290152da9f6b6377a b62963217f324213888b511a945a8dbb - - 910afeea3f954492bebf9de9cbc6c5ea 910afeea3f954492bebf9de9cbc6c5ea] 199.19.213.176 "GET /resource_providers/ac18b040-4887-4731-a765-bfaa6044656f/allocations" status: 200 len: 54 microversion: 1.0 [pid: 8|app: 0|req: 304/603] 199.19.213.176 () {32 vars in 857 bytes} [Wed Mar 4 16:33:38 2026] GET /resource_providers/ac18b040-4887-4731-a765-bfaa6044656f/allocations => generated 54 bytes in 14 msecs (HTTP/1.1 200) 6 headers in 223 bytes (1 switches on core 0)
2026-03-04 16:33:38.322 7 INFO placement.requestlog [req-526918c9-69ad-4438-8f6a-93f16efada51 req-519ebef6-aadb-4391-9770-09bd4f543809 764b864a167a4f7290152da9f6b6377a b62963217f324213888b511a945a8dbb - - 910afeea3f954492bebf9de9cbc6c5ea 910afeea3f954492bebf9de9cbc6c5ea] 199.19.213.176 "GET /resource_providers/ac18b040-4887-4731-a765-bfaa6044656f/allocations" status: 200 len: 54 microversion: 1.0 [pid: 7|app: 0|req: 300/604] 199.19.213.176 () {32 vars in 857 bytes} [Wed Mar 4 16:33:38 2026] GET /resource_providers/ac18b040-4887-4731-a765-bfaa6044656f/allocations => generated 54 bytes in 18 msecs (HTTP/1.1 200) 6 headers in 223 bytes (1 switches on core 0)
2026-03-04 16:33:41.948 8 INFO placement.requestlog [None req-aca23ebe-1363-4de7-b5c1-1ca1aa34039d - - - - - -] 10.0.0.252 "GET /" status: 200 len: 136 microversion: 1.0
2026-03-04 16:33:41.949 7 INFO placement.requestlog [None req-7e510947-14b9-475d-92b5-7ae86abfe148 - - - - - -] 10.0.0.252 "GET /" status: 200 len: 136 microversion: 1.0
2026-03-04 16:33:51.948 8 INFO placement.requestlog [None req-da5a6616-c46e-48c7-8b4a-99882ad654da - - - - - -] 10.0.0.252 "GET /" status: 200 len: 136 microversion: 1.0
2026-03-04 16:33:51.948 7 INFO placement.requestlog [None req-ec69b6d9-9565-4923-a2ad-676151cbd7ee - - - - - -] 10.0.0.252 "GET /" status: 200 len: 136 microversion: 1.0
2026-03-04 16:34:01.948 7 INFO placement.requestlog [None req-ef318447-4ac1-4af8-9f1b-1be16247621a - - - - - -] 10.0.0.252 "GET /" status: 200 len: 136 microversion: 1.0
2026-03-04 16:34:01.947 8 INFO placement.requestlog [None req-ba7b36cd-cf02-4c83-8ca6-4d70ee4e0635 - - - - - -] 10.0.0.252 "GET /" status: 200 len: 136 microversion: 1.0
2026-03-04 16:34:03.067 7 INFO placement.requestlog [None req-1845e6a2-6dd3-4544-be66-fbea219655d0 c162c54858104697af4d0d3518a84d0a 71db5d77a0e248919dc5ba2517bc8d71 - - default default] 10.0.0.76 "GET /resource_providers" status: 200 len: 405 microversion: 1.0 [pid: 7|app: 0|req: 304/611] 10.0.0.76 () {28 vars in 592 bytes} [Wed Mar 4 16:34:02 2026] GET /resource_providers => generated 405 bytes in 84 msecs (HTTP/1.1 200) 6 headers in 224 bytes (1 switches on core 0)
2026-03-04 16:34:03.094 8 INFO placement.requestlog [None req-90495284-50a0-4f4c-8196-12eaa3bf933e c162c54858104697af4d0d3518a84d0a 71db5d77a0e248919dc5ba2517bc8d71 - - default default] 10.0.0.76 "GET /resource_providers/ac18b040-4887-4731-a765-bfaa6044656f/inventories" status: 200 len: 400 microversion: 1.0 [pid: 8|app: 0|req: 308/612] 10.0.0.76 () {28 vars in 690 bytes} [Wed Mar 4 16:34:03 2026] GET /resource_providers/ac18b040-4887-4731-a765-bfaa6044656f/inventories => generated 400 bytes in 24 msecs (HTTP/1.1 200) 6 headers in 224 bytes (1 switches on core 0)
2026-03-04 16:34:03.128 7 INFO placement.requestlog [None req-c5ec0ae4-789a-4fbf-a2e9-20425e235a66 c162c54858104697af4d0d3518a84d0a 71db5d77a0e248919dc5ba2517bc8d71 - - default default] 10.0.0.76 "GET /resource_providers/ac18b040-4887-4731-a765-bfaa6044656f/usages" status: 200 len: 88 microversion: 1.0 [pid: 7|app: 0|req: 305/613] 10.0.0.76 () {28 vars in 680 bytes} [Wed Mar 4 16:34:03 2026] GET /resource_providers/ac18b040-4887-4731-a765-bfaa6044656f/usages => generated 88 bytes in 30 msecs (HTTP/1.1 200) 6 headers in 223 bytes (1 switches on core 0)
2026-03-04 16:34:11.948 8 INFO placement.requestlog [None req-84323699-3bd8-430c-8c80-3b474670c599 - - - - - -] 10.0.0.252 "GET /" status: 200 len: 136 microversion: 1.0
2026-03-04 16:34:11.948 7 INFO placement.requestlog [None req-b8b35c2c-b1e1-49e9-9c3b-cb499c8ccaa9 - - - - - -] 10.0.0.252 "GET /" status: 200 len: 136 microversion: 1.0
2026-03-04 16:34:21.948 7 INFO placement.requestlog [None req-35ca83da-014c-49a1-8e49-fea9c0560439 - - - - - -] 10.0.0.252 "GET /" status: 200 len: 136 microversion: 1.0
2026-03-04 16:34:21.949 8 INFO placement.requestlog [None req-378da8b1-d89c-46d3-967c-205fb6a45858 - - - - - -] 10.0.0.252 "GET /" status: 200 len: 136 microversion: 1.0
2026-03-04 16:34:31.948 8 INFO placement.requestlog [None req-50faf11a-7d47-4933-aa69-9bcbf81053be - - - - - -] 10.0.0.252 "GET /" status: 200 len: 136 microversion: 1.0
2026-03-04 16:34:31.948 7 INFO placement.requestlog [None req-7b601214-c5b1-4abf-8643-e9723a35507f - - - - - -] 10.0.0.252 "GET /" status: 200 len: 136 microversion: 1.0
2026-03-04 16:34:40.425 7 INFO placement.requestlog [req-e4dedba3-4266-4b82-822d-8f6972d9a801 req-7fe63717-d17f-49c3-9941-fe6ee5943a02 764b864a167a4f7290152da9f6b6377a b62963217f324213888b511a945a8dbb - - 910afeea3f954492bebf9de9cbc6c5ea 910afeea3f954492bebf9de9cbc6c5ea] 199.19.213.176 "GET /resource_providers/ac18b040-4887-4731-a765-bfaa6044656f/allocations" status: 200 len: 54 microversion: 1.0 [pid: 7|app: 0|req: 309/620] 199.19.213.176 () {32 vars in 857 bytes} [Wed Mar 4 16:34:40 2026] GET /resource_providers/ac18b040-4887-4731-a765-bfaa6044656f/allocations => generated 54 bytes in 245 msecs (HTTP/1.1 200) 6 headers in 223 bytes (1 switches on core 0)
2026-03-04 16:34:40.448 8 INFO placement.requestlog [req-e4dedba3-4266-4b82-822d-8f6972d9a801 req-6b2e68d0-185b-45f8-a2ed-fcceb0b46bd4 764b864a167a4f7290152da9f6b6377a b62963217f324213888b511a945a8dbb - - 910afeea3f954492bebf9de9cbc6c5ea 910afeea3f954492bebf9de9cbc6c5ea] 199.19.213.176 "GET /resource_providers?in_tree=ac18b040-4887-4731-a765-bfaa6044656f" status: 200 len: 797 microversion: 1.14 [pid: 8|app: 0|req: 312/621] 199.19.213.176 () {34 vars in 892 bytes} [Wed Mar 4 16:34:40 2026] GET /resource_providers?in_tree=ac18b040-4887-4731-a765-bfaa6044656f => generated 797 bytes in 17 msecs (HTTP/1.1 200) 6 headers in 225 bytes (1 switches on core 0)
2026-03-04 16:34:40.469 7 INFO placement.requestlog [req-e4dedba3-4266-4b82-822d-8f6972d9a801 req-118734e8-67e7-494a-9546-f121c1fe4d27 764b864a167a4f7290152da9f6b6377a b62963217f324213888b511a945a8dbb - - 910afeea3f954492bebf9de9cbc6c5ea 910afeea3f954492bebf9de9cbc6c5ea] 199.19.213.176 "GET /resource_providers/ac18b040-4887-4731-a765-bfaa6044656f/inventories" status: 200 len: 400 microversion: 1.0 [pid: 7|app: 0|req: 310/622] 199.19.213.176 () {32 vars in 857 bytes} [Wed Mar 4 16:34:40 2026] GET /resource_providers/ac18b040-4887-4731-a765-bfaa6044656f/inventories => generated 400 bytes in 15 msecs (HTTP/1.1 200) 6 headers in 224 bytes (1 switches on core 0)
2026-03-04 16:34:40.488 8 INFO placement.requestlog [req-e4dedba3-4266-4b82-822d-8f6972d9a801 req-fbcb208b-46c3-4590-82fe-44fabc998875 764b864a167a4f7290152da9f6b6377a b62963217f324213888b511a945a8dbb - - 910afeea3f954492bebf9de9cbc6c5ea 910afeea3f954492bebf9de9cbc6c5ea] 199.19.213.176 "GET /resource_providers/ac18b040-4887-4731-a765-bfaa6044656f/aggregates" status: 200 len: 53 microversion: 1.19 [pid: 8|app: 0|req: 313/623] 199.19.213.176 () {34 vars in 899 bytes} [Wed Mar 4 16:34:40 2026] GET /resource_providers/ac18b040-4887-4731-a765-bfaa6044656f/aggregates => generated 53 bytes in 13 msecs (HTTP/1.1 200) 8 headers in 295 bytes (1 switches on core 0)
2026-03-04 16:34:40.512 7 INFO placement.requestlog [req-e4dedba3-4266-4b82-822d-8f6972d9a801 req-2ad37484-65c1-4caa-a193-5338e376e451 764b864a167a4f7290152da9f6b6377a b62963217f324213888b511a945a8dbb - - 910afeea3f954492bebf9de9cbc6c5ea 910afeea3f954492bebf9de9cbc6c5ea] 199.19.213.176 "GET /resource_providers/ac18b040-4887-4731-a765-bfaa6044656f/traits" status: 200 len: 2316 microversion: 1.6 [pid: 7|app: 0|req: 311/624] 199.19.213.176 () {34 vars in 890 bytes} [Wed Mar 4 16:34:40 2026] GET /resource_providers/ac18b040-4887-4731-a765-bfaa6044656f/traits => generated 2316 bytes in 16 msecs (HTTP/1.1 200) 6 headers in 225 bytes (1 switches on core 0)
2026-03-04 16:34:40.532 8 INFO placement.requestlog [req-e4dedba3-4266-4b82-822d-8f6972d9a801 req-3b14c7c4-0669-4958-97cf-721e4d66a7b1 764b864a167a4f7290152da9f6b6377a b62963217f324213888b511a945a8dbb - - 910afeea3f954492bebf9de9cbc6c5ea 910afeea3f954492bebf9de9cbc6c5ea] 199.19.213.176 "GET /resource_providers/ac18b040-4887-4731-a765-bfaa6044656f/allocations" status: 200 len: 54 microversion: 1.0 [pid: 8|app: 0|req: 314/625] 199.19.213.176 () {32 vars in 857 bytes} [Wed Mar 4 16:34:40 2026] GET /resource_providers/ac18b040-4887-4731-a765-bfaa6044656f/allocations => generated 54 bytes in 17 msecs (HTTP/1.1 200) 6 headers in 223 bytes (1 switches on core 0)
2026-03-04 16:34:41.947 7 INFO placement.requestlog [None req-76a896bc-89f2-47ba-b6e3-060a46ccf7ac - - - - - -] 10.0.0.252 "GET /" status: 200 len: 136 microversion: 1.0
2026-03-04 16:34:41.948 8 INFO placement.requestlog [None req-cd04062d-df79-4e2a-a4e4-c3ccd120b0df - - - - - -] 10.0.0.252 "GET /" status: 200 len: 136 microversion: 1.0
2026-03-04 16:34:48.478 7 INFO placement.requestlog [req-caa5d071-3522-4d7e-846c-050e3b35c11f req-8587a37f-f65c-48dd-9564-bcec224442d9 764b864a167a4f7290152da9f6b6377a b62963217f324213888b511a945a8dbb - - 910afeea3f954492bebf9de9cbc6c5ea 910afeea3f954492bebf9de9cbc6c5ea] 10.0.0.174 "GET /allocation_candidates?limit=1000&resources=DISK_GB%3A1%2CMEMORY_MB%3A512%2CVCPU%3A1&root_required=%21COMPUTE_STATUS_DISABLED" status: 200 len: 2781 microversion: 1.36 [pid: 7|app: 0|req: 313/628] 10.0.0.174 () {34 vars in 1012 bytes} [Wed Mar 4 16:34:48 2026] GET /allocation_candidates?limit=1000&resources=DISK_GB%3A1%2CMEMORY_MB%3A512%2CVCPU%3A1&root_required=%21COMPUTE_STATUS_DISABLED => generated 2781 bytes in 204 msecs (HTTP/1.1 200) 8 headers in 297 bytes (1 switches on core 0)
2026-03-04 16:34:48.531 8 INFO placement.requestlog [req-caa5d071-3522-4d7e-846c-050e3b35c11f req-6623b3bb-53bc-4b38-ad8f-57d8952356b0 764b864a167a4f7290152da9f6b6377a b62963217f324213888b511a945a8dbb - - 910afeea3f954492bebf9de9cbc6c5ea 910afeea3f954492bebf9de9cbc6c5ea] 10.0.0.174 "GET /allocations/744c0dc5-ab95-4ea1-aecd-4c606d5deca7" status: 200 len: 19 microversion: 1.28 [pid: 8|app: 0|req: 316/629] 10.0.0.174 () {34 vars in 861 bytes} [Wed Mar 4 16:34:48 2026] GET /allocations/744c0dc5-ab95-4ea1-aecd-4c606d5deca7 => generated 19 bytes in 15 msecs (HTTP/1.1 200) 8 headers in 295 bytes (1 switches on core 0)
2026-03-04 16:34:48.624 7 INFO placement.requestlog [req-caa5d071-3522-4d7e-846c-050e3b35c11f req-d7ac4cc2-cab1-429f-9191-99c977cc0ddf 764b864a167a4f7290152da9f6b6377a b62963217f324213888b511a945a8dbb - - 910afeea3f954492bebf9de9cbc6c5ea 910afeea3f954492bebf9de9cbc6c5ea] 10.0.0.174 "PUT /allocations/744c0dc5-ab95-4ea1-aecd-4c606d5deca7" status: 204 len: 0 microversion: 1.36 [pid: 7|app: 0|req: 314/630] 10.0.0.174 () {38 vars in 914 bytes} [Wed Mar 4 16:34:48 2026] PUT /allocations/744c0dc5-ab95-4ea1-aecd-4c606d5deca7 => generated 0 bytes in 87 msecs (HTTP/1.1 204) 5 headers in 199 bytes (1 switches on core 0)
2026-03-04 16:34:48.936 8 INFO placement.requestlog [req-2568b503-e4e7-4075-b46f-96001f597d0f req-76dc3411-b65b-47f0-ae70-36601053611e 764b864a167a4f7290152da9f6b6377a b62963217f324213888b511a945a8dbb - - 910afeea3f954492bebf9de9cbc6c5ea 910afeea3f954492bebf9de9cbc6c5ea] 10.0.0.174 "GET /allocation_candidates?limit=1000&resources=DISK_GB%3A1%2CMEMORY_MB%3A512%2CVCPU%3A1&root_required=%21COMPUTE_STATUS_DISABLED" status: 200 len: 2783 microversion: 1.36 [pid: 8|app: 0|req: 317/631] 10.0.0.174 () {34 vars in 1012 bytes} [Wed Mar 4 16:34:48 2026] GET /allocation_candidates?limit=1000&resources=DISK_GB%3A1%2CMEMORY_MB%3A512%2CVCPU%3A1&root_required=%21COMPUTE_STATUS_DISABLED => generated 2783 bytes in 66 msecs (HTTP/1.1 200) 8 headers in 297 bytes (1 switches on core 0)
2026-03-04 16:34:48.982 7 INFO placement.requestlog [req-2568b503-e4e7-4075-b46f-96001f597d0f req-355736d9-7c56-4c99-addb-bb4821c66335 764b864a167a4f7290152da9f6b6377a b62963217f324213888b511a945a8dbb - - 910afeea3f954492bebf9de9cbc6c5ea 910afeea3f954492bebf9de9cbc6c5ea] 10.0.0.174 "GET /allocations/c70823a9-46fe-4a9a-90fc-22349665c5b5" status: 200 len: 19 microversion: 1.28 [pid: 7|app: 0|req: 315/632] 10.0.0.174 () {34 vars in 861 bytes} [Wed Mar 4 16:34:48 2026] GET /allocations/c70823a9-46fe-4a9a-90fc-22349665c5b5 => generated 19 bytes in 12 msecs (HTTP/1.1 200) 8 headers in 295 bytes (1 switches on core 0)
2026-03-04 16:34:49.076 8 INFO placement.requestlog [req-2568b503-e4e7-4075-b46f-96001f597d0f req-412da795-50b1-4241-8649-a099a530ddd5 764b864a167a4f7290152da9f6b6377a b62963217f324213888b511a945a8dbb - - 910afeea3f954492bebf9de9cbc6c5ea 910afeea3f954492bebf9de9cbc6c5ea] 10.0.0.174 "PUT /allocations/c70823a9-46fe-4a9a-90fc-22349665c5b5" status: 204 len: 0 microversion: 1.36 [pid: 8|app: 0|req: 318/633] 10.0.0.174 () {38 vars in 914 bytes} [Wed Mar 4 16:34:48 2026] PUT /allocations/c70823a9-46fe-4a9a-90fc-22349665c5b5 => generated 0 bytes in 86 msecs (HTTP/1.1 204) 5 headers in 199 bytes (1 switches on core 0)
2026-03-04 16:34:50.149 7 INFO placement.requestlog [req-caa5d071-3522-4d7e-846c-050e3b35c11f req-bc1ac5fe-8fc7-4aa0-89ea-f0eb4b6af19d 764b864a167a4f7290152da9f6b6377a b62963217f324213888b511a945a8dbb - - 910afeea3f954492bebf9de9cbc6c5ea 910afeea3f954492bebf9de9cbc6c5ea] 199.19.213.176 "GET /allocations/744c0dc5-ab95-4ea1-aecd-4c606d5deca7" status: 200 len: 257 microversion: 1.28 [pid: 7|app: 0|req: 316/634] 199.19.213.176 () {34 vars in 863 bytes} [Wed Mar 4 16:34:50 2026] GET /allocations/744c0dc5-ab95-4ea1-aecd-4c606d5deca7 => generated 257 bytes in 20 msecs (HTTP/1.1 200) 8 headers in 296 bytes (1 switches on core 0)
2026-03-04 16:34:50.759 8 INFO placement.requestlog [req-2568b503-e4e7-4075-b46f-96001f597d0f req-11c4abee-3142-406f-ab1c-2a31d6423469 764b864a167a4f7290152da9f6b6377a b62963217f324213888b511a945a8dbb - - 910afeea3f954492bebf9de9cbc6c5ea 910afeea3f954492bebf9de9cbc6c5ea] 199.19.213.176 "GET /allocations/c70823a9-46fe-4a9a-90fc-22349665c5b5" status: 200 len: 257 microversion: 1.28 [pid: 8|app: 0|req: 319/635] 199.19.213.176 () {34 vars in 863 bytes} [Wed Mar 4 16:34:50 2026] GET /allocations/c70823a9-46fe-4a9a-90fc-22349665c5b5 => generated 257 bytes in 15 msecs (HTTP/1.1 200) 8 headers in 296 bytes (1 switches on core 0)
2026-03-04 16:34:51.201 7 INFO placement.requestlog [req-caa5d071-3522-4d7e-846c-050e3b35c11f req-87291628-c6ae-4bc9-8519-850b84fa1a7e 764b864a167a4f7290152da9f6b6377a b62963217f324213888b511a945a8dbb - - 910afeea3f954492bebf9de9cbc6c5ea 910afeea3f954492bebf9de9cbc6c5ea] 199.19.213.176 "GET /resource_providers/ac18b040-4887-4731-a765-bfaa6044656f/allocations" status: 200 len: 252 microversion: 1.0 [pid: 7|app: 0|req: 317/636] 199.19.213.176 () {32 vars in 857 bytes} [Wed Mar 4 16:34:51 2026] GET /resource_providers/ac18b040-4887-4731-a765-bfaa6044656f/allocations => generated 252 bytes in 16 msecs (HTTP/1.1 200) 6 headers in 224 bytes (1 switches on core 0)
2026-03-04 16:34:51.228 8 INFO placement.requestlog [req-caa5d071-3522-4d7e-846c-050e3b35c11f req-f377f5df-3606-4081-9253-24b96727f216 764b864a167a4f7290152da9f6b6377a b62963217f324213888b511a945a8dbb - - 910afeea3f954492bebf9de9cbc6c5ea 910afeea3f954492bebf9de9cbc6c5ea] 199.19.213.176 "GET /allocations/744c0dc5-ab95-4ea1-aecd-4c606d5deca7" status: 200 len: 257 microversion: 1.28 [pid: 8|app: 0|req: 320/637] 199.19.213.176 () {34 vars in 863 bytes} [Wed Mar 4 16:34:51 2026] GET /allocations/744c0dc5-ab95-4ea1-aecd-4c606d5deca7 => generated 257 bytes in 18 msecs (HTTP/1.1 200) 8 headers in 296 bytes (1 switches on core 0)
2026-03-04 16:34:51.253 7 INFO placement.requestlog [req-caa5d071-3522-4d7e-846c-050e3b35c11f req-f658738b-c300-48ff-bc2f-d21b60081c95 764b864a167a4f7290152da9f6b6377a b62963217f324213888b511a945a8dbb - - 910afeea3f954492bebf9de9cbc6c5ea 910afeea3f954492bebf9de9cbc6c5ea] 199.19.213.176 "GET /allocations/c70823a9-46fe-4a9a-90fc-22349665c5b5" status: 200 len: 257 microversion: 1.28 [pid: 7|app: 0|req: 318/638] 199.19.213.176 () {34 vars in 863 bytes} [Wed Mar 4 16:34:51 2026] GET /allocations/c70823a9-46fe-4a9a-90fc-22349665c5b5 => generated 257 bytes in 16 msecs (HTTP/1.1 200) 8 headers in 296 bytes (1 switches on core 0)
2026-03-04 16:34:51.909 7 INFO placement.requestlog [None req-41135135-d10e-4631-86f7-a6e777f55af0 d16314ecf46c4c239fef4f15810b619c b62963217f324213888b511a945a8dbb - - 910afeea3f954492bebf9de9cbc6c5ea 910afeea3f954492bebf9de9cbc6c5ea] 10.0.0.52 "GET /resource_providers/f240a8f8-d870-4296-9184-9131821b276b/aggregates" status: 404 len: 235 microversion: 1.1 [pid: 7|app: 0|req: 319/639] 10.0.0.52 () {32 vars in 815 bytes} [Wed Mar 4 16:34:51 2026] GET /resource_providers/f240a8f8-d870-4296-9184-9131821b276b/aggregates => generated 235 bytes in 243 msecs (HTTP/1.1 404) 5 headers in 202 bytes (1 switches on core 0)
2026-03-04 16:34:51.912 8 INFO placement.requestlog [None req-30d192da-9da0-4f53-a874-702dba614f82 d16314ecf46c4c239fef4f15810b619c b62963217f324213888b511a945a8dbb - - 910afeea3f954492bebf9de9cbc6c5ea 910afeea3f954492bebf9de9cbc6c5ea] 10.0.0.52 "GET /resource_providers/f240a8f8-d870-4296-9184-9131821b276b/aggregates" status: 404 len: 235 microversion: 1.1 [pid: 8|app: 0|req: 321/640] 10.0.0.52 () {32 vars in 815 bytes} [Wed Mar 4 16:34:51 2026] GET /resource_providers/f240a8f8-d870-4296-9184-9131821b276b/aggregates => generated 235 bytes in 270 msecs (HTTP/1.1 404) 5 headers in 202 bytes (1 switches on core 0)
2026-03-04 16:34:51.929 8 INFO placement.requestlog [None req-3c8be596-b109-4480-b816-d8aadee0ae51 d16314ecf46c4c239fef4f15810b619c b62963217f324213888b511a945a8dbb - - 910afeea3f954492bebf9de9cbc6c5ea 910afeea3f954492bebf9de9cbc6c5ea] 10.0.0.52 "DELETE /resource_providers/f240a8f8-d870-4296-9184-9131821b276b" status: 404 len: 246 microversion: 1.1
2026-03-04 16:34:51.929 7 INFO placement.requestlog [None req-8d65e10c-fb85-41ac-a3b5-7126e083e976 d16314ecf46c4c239fef4f15810b619c b62963217f324213888b511a945a8dbb - - 910afeea3f954492bebf9de9cbc6c5ea 910afeea3f954492bebf9de9cbc6c5ea] 10.0.0.52 "DELETE /resource_providers/f240a8f8-d870-4296-9184-9131821b276b" status: 404 len: 246 microversion: 1.1 [pid: 8|app: 0|req: 322/641] 10.0.0.52 () {34 vars in 815 bytes} [Wed Mar 4 16:34:51 2026] DELETE /resource_providers/f240a8f8-d870-4296-9184-9131821b276b => generated 246 bytes in 11 msecs (HTTP/1.1 404) 6 headers in 231 bytes (1 switches on core 0) [pid: 7|app: 0|req: 320/642] 10.0.0.52 () {34 vars in 815 bytes} [Wed Mar 4 16:34:51 2026] DELETE /resource_providers/f240a8f8-d870-4296-9184-9131821b276b => generated 246 bytes in 12 msecs (HTTP/1.1 404) 6 headers in 231 bytes (1 switches on core 0)
2026-03-04 16:34:51.947 7 INFO placement.requestlog [None req-c7287144-9ddd-40fc-8514-742b9540841f - - - - - -] 10.0.0.252 "GET /" status: 200 len: 136 microversion: 1.0
2026-03-04 16:34:51.948 8 INFO placement.requestlog [None req-abab8517-e69c-40bb-a9c4-b24066a4ed1a - - - - - -] 10.0.0.252 "GET /" status: 200 len: 136 microversion: 1.0
2026-03-04 16:34:53.335 7 INFO placement.requestlog [req-2568b503-e4e7-4075-b46f-96001f597d0f req-dbd2511f-eb9e-4355-8b65-b16b5e83533c 764b864a167a4f7290152da9f6b6377a b62963217f324213888b511a945a8dbb - - 910afeea3f954492bebf9de9cbc6c5ea 910afeea3f954492bebf9de9cbc6c5ea] 199.19.213.176 "GET /resource_providers/ac18b040-4887-4731-a765-bfaa6044656f/allocations" status: 200 len: 252 microversion: 1.0 [pid: 7|app: 0|req: 322/645] 199.19.213.176 () {32 vars in 857 bytes} [Wed Mar 4 16:34:53 2026] GET /resource_providers/ac18b040-4887-4731-a765-bfaa6044656f/allocations => generated 252 bytes in 25 msecs (HTTP/1.1 200) 6 headers in 224 bytes (1 switches on core 0)
2026-03-04 16:34:53.365 8 INFO placement.requestlog [req-2568b503-e4e7-4075-b46f-96001f597d0f req-0ca91a76-80cc-4b45-b091-f28ed82d5210 764b864a167a4f7290152da9f6b6377a b62963217f324213888b511a945a8dbb - - 910afeea3f954492bebf9de9cbc6c5ea 910afeea3f954492bebf9de9cbc6c5ea] 199.19.213.176 "GET /allocations/744c0dc5-ab95-4ea1-aecd-4c606d5deca7" status: 200 len: 257 microversion: 1.28 [pid: 8|app: 0|req: 324/646] 199.19.213.176 () {34 vars in 863 bytes} [Wed Mar 4 16:34:53 2026] GET /allocations/744c0dc5-ab95-4ea1-aecd-4c606d5deca7 => generated 257 bytes in 17 msecs (HTTP/1.1 200) 8 headers in 296 bytes (1 switches on core 0)
2026-03-04 16:34:53.391 7 INFO placement.requestlog [req-2568b503-e4e7-4075-b46f-96001f597d0f req-223c4acc-0189-4990-87d1-022535cd55b1 764b864a167a4f7290152da9f6b6377a b62963217f324213888b511a945a8dbb - - 910afeea3f954492bebf9de9cbc6c5ea 910afeea3f954492bebf9de9cbc6c5ea] 199.19.213.176 "GET /allocations/c70823a9-46fe-4a9a-90fc-22349665c5b5" status: 200 len: 257 microversion: 1.28 [pid: 7|app: 0|req: 323/647] 199.19.213.176 () {34 vars in 863 bytes} [Wed Mar 4 16:34:53 2026] GET /allocations/c70823a9-46fe-4a9a-90fc-22349665c5b5 => generated 257 bytes in 15 msecs (HTTP/1.1 200) 8 headers in 296 bytes (1 switches on core 0)
2026-03-04 16:34:53.956 8 INFO placement.requestlog [None req-381f0e1f-722e-4d86-8afb-3ba13b4f8a27 d16314ecf46c4c239fef4f15810b619c b62963217f324213888b511a945a8dbb - - 910afeea3f954492bebf9de9cbc6c5ea 910afeea3f954492bebf9de9cbc6c5ea] 10.0.0.52 "GET /resource_providers/7a7e38a2-2117-4f07-9c3c-73d23af1dac7/aggregates" status: 404 len: 235 microversion: 1.1 [pid: 8|app: 0|req: 325/648] 10.0.0.52 () {32 vars in 815 bytes} [Wed Mar 4 16:34:53 2026] GET /resource_providers/7a7e38a2-2117-4f07-9c3c-73d23af1dac7/aggregates => generated 235 bytes in 11 msecs (HTTP/1.1 404) 5 headers in 202 bytes (1 switches on core 0)
2026-03-04 16:34:53.959 7 INFO placement.requestlog [None req-2fcbb5ce-ed01-458d-872a-79197c7c958a d16314ecf46c4c239fef4f15810b619c b62963217f324213888b511a945a8dbb - - 910afeea3f954492bebf9de9cbc6c5ea 910afeea3f954492bebf9de9cbc6c5ea] 10.0.0.52 "GET /resource_providers/7a7e38a2-2117-4f07-9c3c-73d23af1dac7/aggregates" status: 404 len: 235 microversion: 1.1 [pid: 7|app: 0|req: 324/649] 10.0.0.52 () {32 vars in 815 bytes} [Wed Mar 4 16:34:53 2026] GET /resource_providers/7a7e38a2-2117-4f07-9c3c-73d23af1dac7/aggregates => generated 235 bytes in 13 msecs (HTTP/1.1 404) 5 headers in 202 bytes (1 switches on core 0)
2026-03-04 16:34:53.979 8 INFO placement.requestlog [None req-f1d23472-a3c0-401a-9c71-af7d4ac26607 d16314ecf46c4c239fef4f15810b619c b62963217f324213888b511a945a8dbb - - 910afeea3f954492bebf9de9cbc6c5ea 910afeea3f954492bebf9de9cbc6c5ea] 10.0.0.52 "DELETE /resource_providers/7a7e38a2-2117-4f07-9c3c-73d23af1dac7" status: 404 len: 246 microversion: 1.1 [pid: 8|app: 0|req: 326/650] 10.0.0.52 () {34 vars in 815 bytes} [Wed Mar 4 16:34:53 2026] DELETE /resource_providers/7a7e38a2-2117-4f07-9c3c-73d23af1dac7 => generated 246 bytes in 10 msecs (HTTP/1.1 404) 6 headers in 231 bytes (1 switches on core 0)
2026-03-04 16:34:53.987 7 INFO placement.requestlog [None req-b7f5dd76-847a-4c29-8270-ee672176d10b d16314ecf46c4c239fef4f15810b619c b62963217f324213888b511a945a8dbb - - 910afeea3f954492bebf9de9cbc6c5ea 910afeea3f954492bebf9de9cbc6c5ea] 10.0.0.52 "DELETE /resource_providers/7a7e38a2-2117-4f07-9c3c-73d23af1dac7" status: 404 len: 246 microversion: 1.1 [pid: 7|app: 0|req: 325/651] 10.0.0.52 () {34 vars in 815 bytes} [Wed Mar 4 16:34:53 2026] DELETE /resource_providers/7a7e38a2-2117-4f07-9c3c-73d23af1dac7 => generated 246 bytes in 13 msecs (HTTP/1.1 404) 6 headers in 231 bytes (1 switches on core 0)
2026-03-04 16:35:01.947 8 INFO placement.requestlog [None req-7c8ca3eb-2530-46ee-a69f-184422689057 - - - - - -] 10.0.0.252 "GET /" status: 200 len: 136 microversion: 1.0
2026-03-04 16:35:01.947 7 INFO placement.requestlog [None req-55293b30-6223-409e-a5c2-a8be2fe474e7 - - - - - -] 10.0.0.252 "GET /" status: 200 len: 136 microversion: 1.0
2026-03-04 16:35:02.703 8 INFO placement.requestlog [None req-40ed1f6a-c3f3-4c61-8bd7-fccfe6d40b53 d16314ecf46c4c239fef4f15810b619c b62963217f324213888b511a945a8dbb - - 910afeea3f954492bebf9de9cbc6c5ea 910afeea3f954492bebf9de9cbc6c5ea] 10.0.0.52 "GET /resource_providers/a3b7dd08-f1eb-4dd8-813b-64016c389a65/aggregates" status: 404 len: 235 microversion: 1.1
2026-03-04 16:35:02.703 7 INFO placement.requestlog [None req-54fd6031-f0c3-4157-8496-03b5529251fd d16314ecf46c4c239fef4f15810b619c b62963217f324213888b511a945a8dbb - - 910afeea3f954492bebf9de9cbc6c5ea 910afeea3f954492bebf9de9cbc6c5ea] 10.0.0.52 "GET /resource_providers/a3b7dd08-f1eb-4dd8-813b-64016c389a65/aggregates" status: 404 len: 235 microversion: 1.1 [pid: 8|app: 0|req: 328/654] 10.0.0.52 () {32 vars in 815 bytes} [Wed Mar 4 16:35:02 2026] GET /resource_providers/a3b7dd08-f1eb-4dd8-813b-64016c389a65/aggregates => generated 235 bytes in 13 msecs (HTTP/1.1 404) 5 headers in 202 bytes (1 switches on core 0) [pid: 7|app: 0|req: 327/655] 10.0.0.52 () {32 vars in 815 bytes} [Wed Mar 4 16:35:02 2026] GET /resource_providers/a3b7dd08-f1eb-4dd8-813b-64016c389a65/aggregates => generated 235 bytes in 14 msecs (HTTP/1.1 404) 5 headers in 202 bytes (1 switches on core 0)
2026-03-04 16:35:02.732 8 INFO placement.requestlog [None req-3b4bdec2-c360-47c6-847f-a7130e4956ba d16314ecf46c4c239fef4f15810b619c b62963217f324213888b511a945a8dbb - - 910afeea3f954492bebf9de9cbc6c5ea 910afeea3f954492bebf9de9cbc6c5ea] 10.0.0.52 "DELETE /resource_providers/a3b7dd08-f1eb-4dd8-813b-64016c389a65" status: 404 len: 246 microversion: 1.1 [pid: 8|app: 0|req: 329/656] 10.0.0.52 () {34 vars in 815 bytes} [Wed Mar 4 16:35:02 2026] DELETE /resource_providers/a3b7dd08-f1eb-4dd8-813b-64016c389a65 => generated 246 bytes in 8 msecs (HTTP/1.1 404) 6 headers in 231 bytes (1 switches on core 0)
2026-03-04 16:35:02.736 7 INFO placement.requestlog [None req-2261dd69-69fa-4b2a-aa3a-39ba99157a8f d16314ecf46c4c239fef4f15810b619c b62963217f324213888b511a945a8dbb - - 910afeea3f954492bebf9de9cbc6c5ea 910afeea3f954492bebf9de9cbc6c5ea] 10.0.0.52 "DELETE /resource_providers/a3b7dd08-f1eb-4dd8-813b-64016c389a65" status: 404 len: 246 microversion: 1.1 [pid: 7|app: 0|req: 328/657] 10.0.0.52 () {34 vars in 815 bytes} [Wed Mar 4 16:35:02 2026] DELETE /resource_providers/a3b7dd08-f1eb-4dd8-813b-64016c389a65 => generated 246 bytes in 11 msecs (HTTP/1.1 404) 6 headers in 231 bytes (1 switches on core 0)
2026-03-04 16:35:04.166 8 INFO placement.requestlog [None req-6227dcf1-51ca-43fb-8f0b-b4438adc6279 c162c54858104697af4d0d3518a84d0a 71db5d77a0e248919dc5ba2517bc8d71 - - default default] 10.0.0.76 "GET /resource_providers" status: 200 len: 405 microversion: 1.0 [pid: 8|app: 0|req: 330/658] 10.0.0.76 () {28 vars in 592 bytes} [Wed Mar 4 16:35:03 2026] GET /resource_providers => generated 405 bytes in 423 msecs (HTTP/1.1 200) 6 headers in 224 bytes (1 switches on core 0)
2026-03-04 16:35:04.190 7 INFO placement.requestlog [None req-cde78014-75bb-4973-9bca-428c1d416240 c162c54858104697af4d0d3518a84d0a 71db5d77a0e248919dc5ba2517bc8d71 - - default default] 10.0.0.76 "GET /resource_providers/ac18b040-4887-4731-a765-bfaa6044656f/inventories" status: 200 len: 400 microversion: 1.0 [pid: 7|app: 0|req: 329/659] 10.0.0.76 () {28 vars in 690 bytes} [Wed Mar 4 16:35:04 2026] GET /resource_providers/ac18b040-4887-4731-a765-bfaa6044656f/inventories => generated 400 bytes in 17 msecs (HTTP/1.1 200) 6 headers in 224 bytes (1 switches on core 0)
2026-03-04 16:35:04.229 8 INFO placement.requestlog [None req-6de52aef-defe-462a-9aa5-3d3721e6430c c162c54858104697af4d0d3518a84d0a 71db5d77a0e248919dc5ba2517bc8d71 - - default default] 10.0.0.76 "GET /resource_providers/ac18b040-4887-4731-a765-bfaa6044656f/usages" status: 200 len: 91 microversion: 1.0 [pid: 8|app: 0|req: 331/660] 10.0.0.76 () {28 vars in 680 bytes} [Wed Mar 4 16:35:04 2026] GET /resource_providers/ac18b040-4887-4731-a765-bfaa6044656f/usages => generated 91 bytes in 36 msecs (HTTP/1.1 200) 6 headers in 223 bytes (1 switches on core 0)
2026-03-04 16:35:04.759 7 INFO placement.requestlog [None req-f17a562b-67a9-4b74-a6ba-28d89b8d38a4 d16314ecf46c4c239fef4f15810b619c b62963217f324213888b511a945a8dbb - - 910afeea3f954492bebf9de9cbc6c5ea 910afeea3f954492bebf9de9cbc6c5ea] 10.0.0.52 "GET /resource_providers/45817723-a0d3-4dd7-b53b-654c047fef39/aggregates" status: 404 len: 235 microversion: 1.1 [pid: 7|app: 0|req: 330/661] 10.0.0.52 () {32 vars in 815 bytes} [Wed Mar 4 16:35:04 2026] GET /resource_providers/45817723-a0d3-4dd7-b53b-654c047fef39/aggregates => generated 235 bytes in 14 msecs (HTTP/1.1 404) 5 headers in 202 bytes (1 switches on core 0)
2026-03-04 16:35:04.768 8 INFO placement.requestlog [None req-5ff0349d-73ed-415e-941b-f0cead650d8f d16314ecf46c4c239fef4f15810b619c b62963217f324213888b511a945a8dbb - - 910afeea3f954492bebf9de9cbc6c5ea 910afeea3f954492bebf9de9cbc6c5ea] 10.0.0.52 "GET /resource_providers/45817723-a0d3-4dd7-b53b-654c047fef39/aggregates" status: 404 len: 235 microversion: 1.1 [pid: 8|app: 0|req: 332/662] 10.0.0.52 () {32 vars in 815 bytes} [Wed Mar 4 16:35:04 2026] GET /resource_providers/45817723-a0d3-4dd7-b53b-654c047fef39/aggregates => generated 235 bytes in 22 msecs (HTTP/1.1 404) 5 headers in 202 bytes (1 switches on core 0)
2026-03-04 16:35:04.790 7 INFO placement.requestlog [None req-7afbeed4-1e8c-4882-86f0-8253e147e9aa d16314ecf46c4c239fef4f15810b619c b62963217f324213888b511a945a8dbb - - 910afeea3f954492bebf9de9cbc6c5ea 910afeea3f954492bebf9de9cbc6c5ea] 10.0.0.52 "DELETE /resource_providers/45817723-a0d3-4dd7-b53b-654c047fef39" status: 404 len: 246 microversion: 1.1 [pid: 7|app: 0|req: 331/663] 10.0.0.52 () {34 vars in 815 bytes} [Wed Mar 4 16:35:04 2026] DELETE /resource_providers/45817723-a0d3-4dd7-b53b-654c047fef39 => generated 246 bytes in 18 msecs (HTTP/1.1 404) 6 headers in 231 bytes (1 switches on core 0)
2026-03-04 16:35:04.799 8 INFO placement.requestlog [None req-504a78a4-3b28-4e54-a502-a0069c899041 d16314ecf46c4c239fef4f15810b619c b62963217f324213888b511a945a8dbb - - 910afeea3f954492bebf9de9cbc6c5ea 910afeea3f954492bebf9de9cbc6c5ea] 10.0.0.52 "DELETE /resource_providers/45817723-a0d3-4dd7-b53b-654c047fef39" status: 404 len: 246 microversion: 1.1 [pid: 8|app: 0|req: 333/664] 10.0.0.52 () {34 vars in 815 bytes} [Wed Mar 4 16:35:04 2026] DELETE /resource_providers/45817723-a0d3-4dd7-b53b-654c047fef39 => generated 246 bytes in 17 msecs (HTTP/1.1 404) 6 headers in 231 bytes (1 switches on core 0)
2026-03-04 16:35:06.467 8 INFO placement.requestlog [None req-9305cc29-ee75-4f66-ba62-7e113129e127 d16314ecf46c4c239fef4f15810b619c b62963217f324213888b511a945a8dbb - - 910afeea3f954492bebf9de9cbc6c5ea 910afeea3f954492bebf9de9cbc6c5ea] 10.0.0.52 "GET /resource_providers/78d0e69f-e1c4-4806-b0b0-d47d242aebe4/aggregates" status: 404 len: 235 microversion: 1.1 [pid: 8|app: 0|req: 334/665] 10.0.0.52 () {32 vars in 815 bytes} [Wed Mar 4 16:35:06 2026] GET /resource_providers/78d0e69f-e1c4-4806-b0b0-d47d242aebe4/aggregates => generated 235 bytes in 160 msecs (HTTP/1.1 404) 5 headers in 202 bytes (1 switches on core 0)
2026-03-04 16:35:06.471 7 INFO placement.requestlog [None req-bc318208-1070-4b2c-829e-c2192942efa8 d16314ecf46c4c239fef4f15810b619c b62963217f324213888b511a945a8dbb - - 910afeea3f954492bebf9de9cbc6c5ea 910afeea3f954492bebf9de9cbc6c5ea] 10.0.0.52 "GET /resource_providers/78d0e69f-e1c4-4806-b0b0-d47d242aebe4/aggregates" status: 404 len: 235 microversion: 1.1 [pid: 7|app: 0|req: 332/666] 10.0.0.52 () {32 vars in 815 bytes} [Wed Mar 4 16:35:06 2026] GET /resource_providers/78d0e69f-e1c4-4806-b0b0-d47d242aebe4/aggregates => generated 235 bytes in 164 msecs (HTTP/1.1 404) 5 headers in 202 bytes (1 switches on core 0)
2026-03-04 16:35:06.492 8 INFO placement.requestlog [None req-74645a65-9d50-4966-b2d6-cbafc903a760 d16314ecf46c4c239fef4f15810b619c b62963217f324213888b511a945a8dbb - - 910afeea3f954492bebf9de9cbc6c5ea 910afeea3f954492bebf9de9cbc6c5ea] 10.0.0.52 "DELETE /resource_providers/78d0e69f-e1c4-4806-b0b0-d47d242aebe4" status: 404 len: 246 microversion: 1.1 [pid: 8|app: 0|req: 335/667] 10.0.0.52 () {34 vars in 815 bytes} [Wed Mar 4 16:35:06 2026] DELETE /resource_providers/78d0e69f-e1c4-4806-b0b0-d47d242aebe4 => generated 246 bytes in 8 msecs (HTTP/1.1 404) 6 headers in 231 bytes (1 switches on core 0)
