2026-08-26 01:30:08.431 7 INFO placement.requestlog [None req-5c604681-6542-4a40-bac7-9575dac5f4d4 71d08341f7064478b3b8d8b328298566 e834223b41c545a28d95bac242db44d1 - - 4b000b4e29814dad9fb1e6b6a512eb4e 4b000b4e29814dad9fb1e6b6a512eb4e] 10.0.0.25 "GET /resource_providers/e065fe53-66a3-4259-b55d-b950bc3e24b8/aggregates" status: 404 len: 235 microversion: 1.1 [pid: 7|app: 0|req: 348/698] 10.0.0.25 () {32 vars in 815 bytes} [Wed Aug 26 01:30:08 2026] GET /resource_providers/e065fe53-66a3-4259-b55d-b950bc3e24b8/aggregates => generated 235 bytes in 12 msecs (HTTP/1.1 404) 5 headers in 202 bytes (1 switches on core 0)
2026-08-26 01:30:08.439 8 INFO placement.requestlog [None req-9ec7f3c4-b22f-4bf0-a8ca-5a2e4322749b 71d08341f7064478b3b8d8b328298566 e834223b41c545a28d95bac242db44d1 - - 4b000b4e29814dad9fb1e6b6a512eb4e 4b000b4e29814dad9fb1e6b6a512eb4e] 10.0.0.25 "GET /resource_providers/e065fe53-66a3-4259-b55d-b950bc3e24b8/aggregates" status: 404 len: 235 microversion: 1.1 [pid: 8|app: 0|req: 351/699] 10.0.0.25 () {32 vars in 815 bytes} [Wed Aug 26 01:30:08 2026] GET /resource_providers/e065fe53-66a3-4259-b55d-b950bc3e24b8/aggregates => generated 235 bytes in 16 msecs (HTTP/1.1 404) 5 headers in 202 bytes (1 switches on core 0)
2026-08-26 01:30:08.467 7 INFO placement.requestlog [None req-0711be43-a32b-4795-af44-db596fe45c4e 71d08341f7064478b3b8d8b328298566 e834223b41c545a28d95bac242db44d1 - - 4b000b4e29814dad9fb1e6b6a512eb4e 4b000b4e29814dad9fb1e6b6a512eb4e] 10.0.0.25 "DELETE /resource_providers/e065fe53-66a3-4259-b55d-b950bc3e24b8" status: 404 len: 246 microversion: 1.1 [pid: 7|app: 0|req: 349/700] 10.0.0.25 () {34 vars in 815 bytes} [Wed Aug 26 01:30:08 2026] DELETE /resource_providers/e065fe53-66a3-4259-b55d-b950bc3e24b8 => generated 246 bytes in 20 msecs (HTTP/1.1 404) 6 headers in 231 bytes (1 switches on core 0)
2026-08-26 01:30:08.481 8 INFO placement.requestlog [None req-f738f6fe-24d1-4b80-a683-11d1e1123f2d 71d08341f7064478b3b8d8b328298566 e834223b41c545a28d95bac242db44d1 - - 4b000b4e29814dad9fb1e6b6a512eb4e 4b000b4e29814dad9fb1e6b6a512eb4e] 10.0.0.25 "DELETE /resource_providers/e065fe53-66a3-4259-b55d-b950bc3e24b8" status: 404 len: 246 microversion: 1.1 [pid: 8|app: 0|req: 352/701] 10.0.0.25 () {34 vars in 815 bytes} [Wed Aug 26 01:30:08 2026] DELETE /resource_providers/e065fe53-66a3-4259-b55d-b950bc3e24b8 => generated 246 bytes in 30 msecs (HTTP/1.1 404) 6 headers in 231 bytes (1 switches on core 0)
2026-08-26 01:30:10.128 8 INFO placement.requestlog [None req-3dc00c86-ac02-45e9-9c74-dd62452b78e0 71d08341f7064478b3b8d8b328298566 e834223b41c545a28d95bac242db44d1 - - 4b000b4e29814dad9fb1e6b6a512eb4e 4b000b4e29814dad9fb1e6b6a512eb4e] 10.0.0.25 "GET /resource_providers/58ccd533-61b1-42de-a3a3-c48549ecdc3a/aggregates" status: 404 len: 235 microversion: 1.1 [pid: 8|app: 0|req: 353/702] 10.0.0.25 () {32 vars in 815 bytes} [Wed Aug 26 01:30:10 2026] GET /resource_providers/58ccd533-61b1-42de-a3a3-c48549ecdc3a/aggregates => generated 235 bytes in 16 msecs (HTTP/1.1 404) 5 headers in 202 bytes (1 switches on core 0)
2026-08-26 01:30:10.138 7 INFO placement.requestlog [None req-abb6c023-ae1f-425d-bd44-e345a8d65a40 71d08341f7064478b3b8d8b328298566 e834223b41c545a28d95bac242db44d1 - - 4b000b4e29814dad9fb1e6b6a512eb4e 4b000b4e29814dad9fb1e6b6a512eb4e] 10.0.0.25 "GET /resource_providers/58ccd533-61b1-42de-a3a3-c48549ecdc3a/aggregates" status: 404 len: 235 microversion: 1.1 [pid: 7|app: 0|req: 350/703] 10.0.0.25 () {32 vars in 815 bytes} [Wed Aug 26 01:30:10 2026] GET /resource_providers/58ccd533-61b1-42de-a3a3-c48549ecdc3a/aggregates => generated 235 bytes in 25 msecs (HTTP/1.1 404) 5 headers in 202 bytes (1 switches on core 0)
2026-08-26 01:30:10.162 7 INFO placement.requestlog [None req-650034e1-720a-4b38-bc72-62829eb848b4 71d08341f7064478b3b8d8b328298566 e834223b41c545a28d95bac242db44d1 - - 4b000b4e29814dad9fb1e6b6a512eb4e 4b000b4e29814dad9fb1e6b6a512eb4e] 10.0.0.25 "DELETE /resource_providers/58ccd533-61b1-42de-a3a3-c48549ecdc3a" status: 404 len: 246 microversion: 1.1 [pid: 7|app: 0|req: 351/704] 10.0.0.25 () {34 vars in 815 bytes} [Wed Aug 26 01:30:10 2026] DELETE /resource_providers/58ccd533-61b1-42de-a3a3-c48549ecdc3a => generated 246 bytes in 9 msecs (HTTP/1.1 404) 6 headers in 231 bytes (1 switches on core 0)
2026-08-26 01:30:10.167 8 INFO placement.requestlog [None req-fe34d283-58bd-4823-b2f0-af10629903fc 71d08341f7064478b3b8d8b328298566 e834223b41c545a28d95bac242db44d1 - - 4b000b4e29814dad9fb1e6b6a512eb4e 4b000b4e29814dad9fb1e6b6a512eb4e] 10.0.0.25 "DELETE /resource_providers/58ccd533-61b1-42de-a3a3-c48549ecdc3a" status: 404 len: 246 microversion: 1.1 [pid: 8|app: 0|req: 354/705] 10.0.0.25 () {34 vars in 815 bytes} [Wed Aug 26 01:30:10 2026] DELETE /resource_providers/58ccd533-61b1-42de-a3a3-c48549ecdc3a => generated 246 bytes in 15 msecs (HTTP/1.1 404) 6 headers in 231 bytes (1 switches on core 0)
2026-08-26 01:30:10.498 7 INFO placement.requestlog [None req-9021fb6a-1503-4670-bbc2-334205a0b590 71d08341f7064478b3b8d8b328298566 e834223b41c545a28d95bac242db44d1 - - 4b000b4e29814dad9fb1e6b6a512eb4e 4b000b4e29814dad9fb1e6b6a512eb4e] 10.0.0.25 "GET /resource_providers/cfe0b40f-7d8f-4fbc-be91-c3ea438e686a/aggregates" status: 404 len: 235 microversion: 1.1 [pid: 7|app: 0|req: 352/706] 10.0.0.25 () {32 vars in 815 bytes} [Wed Aug 26 01:30:10 2026] GET /resource_providers/cfe0b40f-7d8f-4fbc-be91-c3ea438e686a/aggregates => generated 235 bytes in 12 msecs (HTTP/1.1 404) 5 headers in 202 bytes (1 switches on core 0)
2026-08-26 01:30:10.505 8 INFO placement.requestlog [None req-d66a64a2-9f3c-47e8-b5e7-a4e6890f4854 71d08341f7064478b3b8d8b328298566 e834223b41c545a28d95bac242db44d1 - - 4b000b4e29814dad9fb1e6b6a512eb4e 4b000b4e29814dad9fb1e6b6a512eb4e] 10.0.0.25 "GET /resource_providers/cfe0b40f-7d8f-4fbc-be91-c3ea438e686a/aggregates" status: 404 len: 235 microversion: 1.1 [pid: 8|app: 0|req: 355/707] 10.0.0.25 () {32 vars in 815 bytes} [Wed Aug 26 01:30:10 2026] GET /resource_providers/cfe0b40f-7d8f-4fbc-be91-c3ea438e686a/aggregates => generated 235 bytes in 9 msecs (HTTP/1.1 404) 5 headers in 202 bytes (1 switches on core 0)
2026-08-26 01:30:10.514 7 INFO placement.requestlog [None req-47d8e08b-e20a-4da5-8ae9-7d5a204ac8e4 71d08341f7064478b3b8d8b328298566 e834223b41c545a28d95bac242db44d1 - - 4b000b4e29814dad9fb1e6b6a512eb4e 4b000b4e29814dad9fb1e6b6a512eb4e] 10.0.0.25 "DELETE /resource_providers/cfe0b40f-7d8f-4fbc-be91-c3ea438e686a" status: 404 len: 246 microversion: 1.1 [pid: 7|app: 0|req: 353/708] 10.0.0.25 () {34 vars in 815 bytes} [Wed Aug 26 01:30:10 2026] DELETE /resource_providers/cfe0b40f-7d8f-4fbc-be91-c3ea438e686a => generated 246 bytes in 12 msecs (HTTP/1.1 404) 6 headers in 231 bytes (1 switches on core 0)
2026-08-26 01:30:10.524 8 INFO placement.requestlog [None req-16d48241-3cc4-4dc6-900e-97a96a32a9b0 71d08341f7064478b3b8d8b328298566 e834223b41c545a28d95bac242db44d1 - - 4b000b4e29814dad9fb1e6b6a512eb4e 4b000b4e29814dad9fb1e6b6a512eb4e] 10.0.0.25 "DELETE /resource_providers/cfe0b40f-7d8f-4fbc-be91-c3ea438e686a" status: 404 len: 246 microversion: 1.1 [pid: 8|app: 0|req: 356/709] 10.0.0.25 () {34 vars in 815 bytes} [Wed Aug 26 01:30:10 2026] DELETE /resource_providers/cfe0b40f-7d8f-4fbc-be91-c3ea438e686a => generated 246 bytes in 11 msecs (HTTP/1.1 404) 6 headers in 231 bytes (1 switches on core 0)
2026-08-26 01:30:11.053 8 INFO placement.requestlog [None req-ad4c492e-9f76-4cf9-b975-1f5981295f65 - - - - - -] 10.0.0.30 "GET /" status: 200 len: 136 microversion: 1.0
2026-08-26 01:30:11.053 7 INFO placement.requestlog [None req-d474ebd4-c0a0-4cce-8986-ae952c5766a4 - - - - - -] 10.0.0.30 "GET /" status: 200 len: 136 microversion: 1.0
2026-08-26 01:30:13.055 8 INFO placement.requestlog [None req-c8436451-f66b-4990-aae2-1fd015224784 71d08341f7064478b3b8d8b328298566 e834223b41c545a28d95bac242db44d1 - - 4b000b4e29814dad9fb1e6b6a512eb4e 4b000b4e29814dad9fb1e6b6a512eb4e] 10.0.0.25 "GET /resource_providers/76525167-0aa1-4af0-bd6f-0607525566ef/aggregates" status: 404 len: 235 microversion: 1.1 [pid: 8|app: 0|req: 358/712] 10.0.0.25 () {32 vars in 815 bytes} [Wed Aug 26 01:30:13 2026] GET /resource_providers/76525167-0aa1-4af0-bd6f-0607525566ef/aggregates => generated 235 bytes in 19 msecs (HTTP/1.1 404) 5 headers in 202 bytes (1 switches on core 0)
2026-08-26 01:30:13.059 7 INFO placement.requestlog [None req-41969554-e5b1-4bf6-839f-948e0f67f2c6 71d08341f7064478b3b8d8b328298566 e834223b41c545a28d95bac242db44d1 - - 4b000b4e29814dad9fb1e6b6a512eb4e 4b000b4e29814dad9fb1e6b6a512eb4e] 10.0.0.25 "GET /resource_providers/76525167-0aa1-4af0-bd6f-0607525566ef/aggregates" status: 404 len: 235 microversion: 1.1 [pid: 7|app: 0|req: 355/713] 10.0.0.25 () {32 vars in 815 bytes} [Wed Aug 26 01:30:13 2026] GET /resource_providers/76525167-0aa1-4af0-bd6f-0607525566ef/aggregates => generated 235 bytes in 23 msecs (HTTP/1.1 404) 5 headers in 202 bytes (1 switches on core 0)
2026-08-26 01:30:13.084 8 INFO placement.requestlog [None req-6162ba77-5cce-4659-a1d3-1b3ab4dfe529 71d08341f7064478b3b8d8b328298566 e834223b41c545a28d95bac242db44d1 - - 4b000b4e29814dad9fb1e6b6a512eb4e 4b000b4e29814dad9fb1e6b6a512eb4e] 10.0.0.25 "DELETE /resource_providers/76525167-0aa1-4af0-bd6f-0607525566ef" status: 404 len: 246 microversion: 1.1 [pid: 8|app: 0|req: 359/714] 10.0.0.25 () {34 vars in 815 bytes} [Wed Aug 26 01:30:13 2026] DELETE /resource_providers/76525167-0aa1-4af0-bd6f-0607525566ef => generated 246 bytes in 13 msecs (HTTP/1.1 404) 6 headers in 231 bytes (1 switches on core 0)
2026-08-26 01:30:13.088 7 INFO placement.requestlog [None req-6d28f444-17f6-4242-9299-cb63d561c33d 71d08341f7064478b3b8d8b328298566 e834223b41c545a28d95bac242db44d1 - - 4b000b4e29814dad9fb1e6b6a512eb4e 4b000b4e29814dad9fb1e6b6a512eb4e] 10.0.0.25 "DELETE /resource_providers/76525167-0aa1-4af0-bd6f-0607525566ef" status: 404 len: 246 microversion: 1.1 [pid: 7|app: 0|req: 356/715] 10.0.0.25 () {34 vars in 815 bytes} [Wed Aug 26 01:30:13 2026] DELETE /resource_providers/76525167-0aa1-4af0-bd6f-0607525566ef => generated 246 bytes in 15 msecs (HTTP/1.1 404) 6 headers in 231 bytes (1 switches on core 0)
2026-08-26 01:30:20.514 8 INFO placement.requestlog [req-6b4ec09c-1ecd-4284-a403-7b921e357e49 req-7d360644-0102-4570-a0df-4193d0028a55 9c63283c57f74150a8908fdb01f13eaf e834223b41c545a28d95bac242db44d1 - - 4b000b4e29814dad9fb1e6b6a512eb4e 4b000b4e29814dad9fb1e6b6a512eb4e] 10.0.0.67 "GET /allocation_candidates?limit=1000&resources=DISK_GB%3A1%2CMEMORY_MB%3A512%2CVCPU%3A1&root_required=%21COMPUTE_STATUS_DISABLED" status: 200 len: 2149 microversion: 1.36 [pid: 8|app: 0|req: 360/716] 10.0.0.67 () {34 vars in 1011 bytes} [Wed Aug 26 01:30:20 2026] GET /allocation_candidates?limit=1000&resources=DISK_GB%3A1%2CMEMORY_MB%3A512%2CVCPU%3A1&root_required=%21COMPUTE_STATUS_DISABLED => generated 2149 bytes in 58 msecs (HTTP/1.1 200) 8 headers in 297 bytes (1 switches on core 0)
2026-08-26 01:30:20.550 7 INFO placement.requestlog [req-6b4ec09c-1ecd-4284-a403-7b921e357e49 req-e90b2d76-aff1-48ee-9628-af7cc1d8e90b 9c63283c57f74150a8908fdb01f13eaf e834223b41c545a28d95bac242db44d1 - - 4b000b4e29814dad9fb1e6b6a512eb4e 4b000b4e29814dad9fb1e6b6a512eb4e] 10.0.0.67 "GET /allocations/da3b6f3e-589b-49c2-a226-161d6031d757" status: 200 len: 19 microversion: 1.28 [pid: 7|app: 0|req: 357/717] 10.0.0.67 () {34 vars in 860 bytes} [Wed Aug 26 01:30:20 2026] GET /allocations/da3b6f3e-589b-49c2-a226-161d6031d757 => generated 19 bytes in 13 msecs (HTTP/1.1 200) 8 headers in 295 bytes (1 switches on core 0)
2026-08-26 01:30:20.662 8 INFO placement.requestlog [req-6b4ec09c-1ecd-4284-a403-7b921e357e49 req-1a45f455-fefb-4f6b-b152-666a7e87b043 9c63283c57f74150a8908fdb01f13eaf e834223b41c545a28d95bac242db44d1 - - 4b000b4e29814dad9fb1e6b6a512eb4e 4b000b4e29814dad9fb1e6b6a512eb4e] 10.0.0.67 "PUT /allocations/da3b6f3e-589b-49c2-a226-161d6031d757" status: 204 len: 0 microversion: 1.36 [pid: 8|app: 0|req: 361/718] 10.0.0.67 () {38 vars in 913 bytes} [Wed Aug 26 01:30:20 2026] PUT /allocations/da3b6f3e-589b-49c2-a226-161d6031d757 => generated 0 bytes in 101 msecs (HTTP/1.1 204) 5 headers in 199 bytes (1 switches on core 0)
2026-08-26 01:30:20.979 7 INFO placement.requestlog [req-6b4ec09c-1ecd-4284-a403-7b921e357e49 req-3084d919-db44-4663-b24e-b501288406e7 9c63283c57f74150a8908fdb01f13eaf e834223b41c545a28d95bac242db44d1 - - 4b000b4e29814dad9fb1e6b6a512eb4e 4b000b4e29814dad9fb1e6b6a512eb4e] 162.253.55.102 "GET /allocations/da3b6f3e-589b-49c2-a226-161d6031d757" status: 200 len: 257 microversion: 1.28 [pid: 7|app: 0|req: 358/719] 162.253.55.102 () {34 vars in 863 bytes} [Wed Aug 26 01:30:20 2026] GET /allocations/da3b6f3e-589b-49c2-a226-161d6031d757 => generated 257 bytes in 19 msecs (HTTP/1.1 200) 8 headers in 296 bytes (1 switches on core 0)
2026-08-26 01:30:21.053 8 INFO placement.requestlog [None req-7cf758a0-8edd-42fe-ba1a-eeef95b17ef8 - - - - - -] 10.0.0.30 "GET /" status: 200 len: 136 microversion: 1.0
2026-08-26 01:30:21.053 7 INFO placement.requestlog [None req-0801b742-8898-4afc-8ef0-aa7a3cb16851 - - - - - -] 10.0.0.30 "GET /" status: 200 len: 136 microversion: 1.0
2026-08-26 01:30:21.127 7 INFO placement.requestlog [req-6b4ec09c-1ecd-4284-a403-7b921e357e49 req-e22831e4-dafd-4bee-a5d3-73d8d1a9d831 9c63283c57f74150a8908fdb01f13eaf e834223b41c545a28d95bac242db44d1 - - 4b000b4e29814dad9fb1e6b6a512eb4e 4b000b4e29814dad9fb1e6b6a512eb4e] 162.253.55.102 "GET /resource_providers/6857b4ba-52f6-4d46-9d29-2954dc67dde1/allocations" status: 200 len: 252 microversion: 1.0 [pid: 7|app: 0|req: 360/722] 162.253.55.102 () {32 vars in 857 bytes} [Wed Aug 26 01:30:21 2026] GET /resource_providers/6857b4ba-52f6-4d46-9d29-2954dc67dde1/allocations => generated 252 bytes in 21 msecs (HTTP/1.1 200) 6 headers in 224 bytes (1 switches on core 0)
2026-08-26 01:30:21.158 8 INFO placement.requestlog [req-6b4ec09c-1ecd-4284-a403-7b921e357e49 req-a4caa98e-261d-40ba-b758-7e6ce2b82c58 9c63283c57f74150a8908fdb01f13eaf e834223b41c545a28d95bac242db44d1 - - 4b000b4e29814dad9fb1e6b6a512eb4e 4b000b4e29814dad9fb1e6b6a512eb4e] 162.253.55.102 "GET /allocations/da3b6f3e-589b-49c2-a226-161d6031d757" status: 200 len: 257 microversion: 1.28 [pid: 8|app: 0|req: 363/723] 162.253.55.102 () {34 vars in 863 bytes} [Wed Aug 26 01:30:21 2026] GET /allocations/da3b6f3e-589b-49c2-a226-161d6031d757 => generated 257 bytes in 16 msecs (HTTP/1.1 200) 8 headers in 296 bytes (1 switches on core 0)
2026-08-26 01:30:21.191 7 INFO placement.requestlog [req-6b4ec09c-1ecd-4284-a403-7b921e357e49 req-2cd8db90-d762-4c74-ac7c-aa5806f91497 9c63283c57f74150a8908fdb01f13eaf e834223b41c545a28d95bac242db44d1 - - 4b000b4e29814dad9fb1e6b6a512eb4e 4b000b4e29814dad9fb1e6b6a512eb4e] 162.253.55.102 "GET /allocations/7f6393e8-ae78-4417-b393-076f1c8cc780" status: 200 len: 257 microversion: 1.28 [pid: 7|app: 0|req: 361/724] 162.253.55.102 () {34 vars in 863 bytes} [Wed Aug 26 01:30:21 2026] GET /allocations/7f6393e8-ae78-4417-b393-076f1c8cc780 => generated 257 bytes in 21 msecs (HTTP/1.1 200) 8 headers in 296 bytes (1 switches on core 0)
2026-08-26 01:30:21.739 8 INFO placement.requestlog [req-699d1ad8-dcf4-44d9-8bb3-8f169237ebba req-8676c64d-eaf8-4d31-be1e-ee6117a42dc9 9c63283c57f74150a8908fdb01f13eaf e834223b41c545a28d95bac242db44d1 - - 4b000b4e29814dad9fb1e6b6a512eb4e 4b000b4e29814dad9fb1e6b6a512eb4e] 10.0.0.67 "GET /allocation_candidates?limit=1000&resources=DISK_GB%3A1%2CMEMORY_MB%3A512%2CVCPU%3A1&root_required=%21COMPUTE_STATUS_DISABLED" status: 200 len: 2150 microversion: 1.36 [pid: 8|app: 0|req: 364/725] 10.0.0.67 () {34 vars in 1011 bytes} [Wed Aug 26 01:30:21 2026] GET /allocation_candidates?limit=1000&resources=DISK_GB%3A1%2CMEMORY_MB%3A512%2CVCPU%3A1&root_required=%21COMPUTE_STATUS_DISABLED => generated 2150 bytes in 45 msecs (HTTP/1.1 200) 8 headers in 297 bytes (1 switches on core 0)
2026-08-26 01:30:21.783 7 INFO placement.requestlog [req-699d1ad8-dcf4-44d9-8bb3-8f169237ebba req-a5ebbbeb-3f73-4eff-9eba-de37a573aacc 9c63283c57f74150a8908fdb01f13eaf e834223b41c545a28d95bac242db44d1 - - 4b000b4e29814dad9fb1e6b6a512eb4e 4b000b4e29814dad9fb1e6b6a512eb4e] 10.0.0.67 "GET /allocations/7294ee5a-de40-4f65-94ce-240762e0af87" status: 200 len: 19 microversion: 1.28 [pid: 7|app: 0|req: 362/726] 10.0.0.67 () {34 vars in 860 bytes} [Wed Aug 26 01:30:21 2026] GET /allocations/7294ee5a-de40-4f65-94ce-240762e0af87 => generated 19 bytes in 15 msecs (HTTP/1.1 200) 8 headers in 295 bytes (1 switches on core 0)
2026-08-26 01:30:21.858 8 INFO placement.requestlog [req-699d1ad8-dcf4-44d9-8bb3-8f169237ebba req-3d5a5886-af30-4d8e-8879-33fe2e6a4100 9c63283c57f74150a8908fdb01f13eaf e834223b41c545a28d95bac242db44d1 - - 4b000b4e29814dad9fb1e6b6a512eb4e 4b000b4e29814dad9fb1e6b6a512eb4e] 10.0.0.67 "PUT /allocations/7294ee5a-de40-4f65-94ce-240762e0af87" status: 204 len: 0 microversion: 1.36 [pid: 8|app: 0|req: 365/727] 10.0.0.67 () {38 vars in 913 bytes} [Wed Aug 26 01:30:21 2026] PUT /allocations/7294ee5a-de40-4f65-94ce-240762e0af87 => generated 0 bytes in 68 msecs (HTTP/1.1 204) 5 headers in 199 bytes (1 switches on core 0)
2026-08-26 01:30:22.181 7 INFO placement.requestlog [req-699d1ad8-dcf4-44d9-8bb3-8f169237ebba req-2313bf38-658a-450f-a2f7-d25db72f1d2c 9c63283c57f74150a8908fdb01f13eaf e834223b41c545a28d95bac242db44d1 - - 4b000b4e29814dad9fb1e6b6a512eb4e 4b000b4e29814dad9fb1e6b6a512eb4e] 162.253.55.102 "GET /allocations/7294ee5a-de40-4f65-94ce-240762e0af87" status: 200 len: 257 microversion: 1.28 [pid: 7|app: 0|req: 363/728] 162.253.55.102 () {34 vars in 863 bytes} [Wed Aug 26 01:30:22 2026] GET /allocations/7294ee5a-de40-4f65-94ce-240762e0af87 => generated 257 bytes in 26 msecs (HTTP/1.1 200) 8 headers in 296 bytes (1 switches on core 0)
2026-08-26 01:30:22.317 8 INFO placement.requestlog [req-699d1ad8-dcf4-44d9-8bb3-8f169237ebba req-b8e7139e-6463-4aea-a712-f8ab9a3c3e18 9c63283c57f74150a8908fdb01f13eaf e834223b41c545a28d95bac242db44d1 - - 4b000b4e29814dad9fb1e6b6a512eb4e 4b000b4e29814dad9fb1e6b6a512eb4e] 162.253.55.102 "GET /resource_providers/6857b4ba-52f6-4d46-9d29-2954dc67dde1/allocations" status: 200 len: 352 microversion: 1.0 [pid: 8|app: 0|req: 366/729] 162.253.55.102 () {32 vars in 857 bytes} [Wed Aug 26 01:30:22 2026] GET /resource_providers/6857b4ba-52f6-4d46-9d29-2954dc67dde1/allocations => generated 352 bytes in 41 msecs (HTTP/1.1 200) 6 headers in 224 bytes (1 switches on core 0)
2026-08-26 01:30:22.348 7 INFO placement.requestlog [req-699d1ad8-dcf4-44d9-8bb3-8f169237ebba req-bcfefd03-ecd7-4c7e-887f-97e5aed9f500 9c63283c57f74150a8908fdb01f13eaf e834223b41c545a28d95bac242db44d1 - - 4b000b4e29814dad9fb1e6b6a512eb4e 4b000b4e29814dad9fb1e6b6a512eb4e] 162.253.55.102 "GET /allocations/da3b6f3e-589b-49c2-a226-161d6031d757" status: 200 len: 257 microversion: 1.28 [pid: 7|app: 0|req: 364/730] 162.253.55.102 () {34 vars in 863 bytes} [Wed Aug 26 01:30:22 2026] GET /allocations/da3b6f3e-589b-49c2-a226-161d6031d757 => generated 257 bytes in 20 msecs (HTTP/1.1 200) 8 headers in 296 bytes (1 switches on core 0)
2026-08-26 01:30:22.377 8 INFO placement.requestlog [req-699d1ad8-dcf4-44d9-8bb3-8f169237ebba req-522f7505-c805-4866-a402-3de95249e0ca 9c63283c57f74150a8908fdb01f13eaf e834223b41c545a28d95bac242db44d1 - - 4b000b4e29814dad9fb1e6b6a512eb4e 4b000b4e29814dad9fb1e6b6a512eb4e] 162.253.55.102 "GET /allocations/7294ee5a-de40-4f65-94ce-240762e0af87" status: 200 len: 257 microversion: 1.28 [pid: 8|app: 0|req: 367/731] 162.253.55.102 () {34 vars in 863 bytes} [Wed Aug 26 01:30:22 2026] GET /allocations/7294ee5a-de40-4f65-94ce-240762e0af87 => generated 257 bytes in 18 msecs (HTTP/1.1 200) 8 headers in 296 bytes (1 switches on core 0)
2026-08-26 01:30:22.406 7 INFO placement.requestlog [req-699d1ad8-dcf4-44d9-8bb3-8f169237ebba req-00c86ad6-c8c1-4e44-9c85-33b976758b83 9c63283c57f74150a8908fdb01f13eaf e834223b41c545a28d95bac242db44d1 - - 4b000b4e29814dad9fb1e6b6a512eb4e 4b000b4e29814dad9fb1e6b6a512eb4e] 162.253.55.102 "GET /allocations/7f6393e8-ae78-4417-b393-076f1c8cc780" status: 200 len: 257 microversion: 1.28 [pid: 7|app: 0|req: 365/732] 162.253.55.102 () {34 vars in 863 bytes} [Wed Aug 26 01:30:22 2026] GET /allocations/7f6393e8-ae78-4417-b393-076f1c8cc780 => generated 257 bytes in 22 msecs (HTTP/1.1 200) 8 headers in 296 bytes (1 switches on core 0)
2026-08-26 01:30:27.098 8 INFO placement.requestlog [req-c69ef7cc-c38d-4899-a5b3-5c497bac40bf req-b3ae1e57-ce95-4685-8ae9-e222c063d2d3 9c63283c57f74150a8908fdb01f13eaf e834223b41c545a28d95bac242db44d1 - - 4b000b4e29814dad9fb1e6b6a512eb4e 4b000b4e29814dad9fb1e6b6a512eb4e] 162.253.55.102 "GET /resource_providers/6857b4ba-52f6-4d46-9d29-2954dc67dde1/allocations" status: 200 len: 352 microversion: 1.0 [pid: 8|app: 0|req: 368/733] 162.253.55.102 () {32 vars in 857 bytes} [Wed Aug 26 01:30:27 2026] GET /resource_providers/6857b4ba-52f6-4d46-9d29-2954dc67dde1/allocations => generated 352 bytes in 25 msecs (HTTP/1.1 200) 6 headers in 224 bytes (1 switches on core 0)
2026-08-26 01:30:27.129 7 INFO placement.requestlog [req-c69ef7cc-c38d-4899-a5b3-5c497bac40bf req-ce19c606-c9a6-4e33-9d7c-f690ef872df2 9c63283c57f74150a8908fdb01f13eaf e834223b41c545a28d95bac242db44d1 - - 4b000b4e29814dad9fb1e6b6a512eb4e 4b000b4e29814dad9fb1e6b6a512eb4e] 162.253.55.102 "GET /allocations/da3b6f3e-589b-49c2-a226-161d6031d757" status: 200 len: 257 microversion: 1.28 [pid: 7|app: 0|req: 366/734] 162.253.55.102 () {34 vars in 863 bytes} [Wed Aug 26 01:30:27 2026] GET /allocations/da3b6f3e-589b-49c2-a226-161d6031d757 => generated 257 bytes in 18 msecs (HTTP/1.1 200) 8 headers in 296 bytes (1 switches on core 0)
2026-08-26 01:30:27.153 8 INFO placement.requestlog [req-c69ef7cc-c38d-4899-a5b3-5c497bac40bf req-ae4f6cd6-0953-4bff-bb29-c033b98607d9 9c63283c57f74150a8908fdb01f13eaf e834223b41c545a28d95bac242db44d1 - - 4b000b4e29814dad9fb1e6b6a512eb4e 4b000b4e29814dad9fb1e6b6a512eb4e] 162.253.55.102 "GET /allocations/7294ee5a-de40-4f65-94ce-240762e0af87" status: 200 len: 257 microversion: 1.28 [pid: 8|app: 0|req: 369/735] 162.253.55.102 () {34 vars in 863 bytes} [Wed Aug 26 01:30:27 2026] GET /allocations/7294ee5a-de40-4f65-94ce-240762e0af87 => generated 257 bytes in 15 msecs (HTTP/1.1 200) 8 headers in 296 bytes (1 switches on core 0)
2026-08-26 01:30:27.180 7 INFO placement.requestlog [req-c69ef7cc-c38d-4899-a5b3-5c497bac40bf req-6706a63a-cb7a-47f3-affc-a01d333edd51 9c63283c57f74150a8908fdb01f13eaf e834223b41c545a28d95bac242db44d1 - - 4b000b4e29814dad9fb1e6b6a512eb4e 4b000b4e29814dad9fb1e6b6a512eb4e] 162.253.55.102 "GET /allocations/7f6393e8-ae78-4417-b393-076f1c8cc780" status: 200 len: 257 microversion: 1.28 [pid: 7|app: 0|req: 367/736] 162.253.55.102 () {34 vars in 863 bytes} [Wed Aug 26 01:30:27 2026] GET /allocations/7f6393e8-ae78-4417-b393-076f1c8cc780 => generated 257 bytes in 19 msecs (HTTP/1.1 200) 8 headers in 296 bytes (1 switches on core 0)
2026-08-26 01:30:27.283 8 INFO placement.requestlog [req-c69ef7cc-c38d-4899-a5b3-5c497bac40bf req-f45b5ad6-dffc-4fac-a4a6-c12c1cb10cf2 9c63283c57f74150a8908fdb01f13eaf e834223b41c545a28d95bac242db44d1 - - 4b000b4e29814dad9fb1e6b6a512eb4e 4b000b4e29814dad9fb1e6b6a512eb4e] 162.253.55.102 "DELETE /allocations/da3b6f3e-589b-49c2-a226-161d6031d757" status: 204 len: 0 microversion: 1.0 [pid: 8|app: 0|req: 370/737] 162.253.55.102 () {34 vars in 841 bytes} [Wed Aug 26 01:30:27 2026] DELETE /allocations/da3b6f3e-589b-49c2-a226-161d6031d757 => generated 0 bytes in 38 msecs (HTTP/1.1 204) 5 headers in 198 bytes (1 switches on core 0)
2026-08-26 01:30:31.058 8 INFO placement.requestlog [None req-fb101ef1-7343-4e27-8d84-c5b399e2f50c 71d08341f7064478b3b8d8b328298566 e834223b41c545a28d95bac242db44d1 - - 4b000b4e29814dad9fb1e6b6a512eb4e 4b000b4e29814dad9fb1e6b6a512eb4e] 10.0.0.25 "GET /resource_providers/a2b606fa-5947-4bb4-99d0-129bba1589d2/aggregates" status: 404 len: 235 microversion: 1.1 [pid: 8|app: 0|req: 371/738] 10.0.0.25 () {32 vars in 815 bytes} [Wed Aug 26 01:30:31 2026] GET /resource_providers/a2b606fa-5947-4bb4-99d0-129bba1589d2/aggregates => generated 235 bytes in 11 msecs (HTTP/1.1 404) 5 headers in 202 bytes (1 switches on core 0)
2026-08-26 01:30:31.060 8 INFO placement.requestlog [None req-cda14858-76b4-4f5f-96c7-557ffdfe51a8 - - - - - -] 10.0.0.30 "GET /" status: 200 len: 136 microversion: 1.0
2026-08-26 01:30:31.060 7 INFO placement.requestlog [None req-66aedc7b-2dd7-45af-b1ff-5c73b4be97bc 71d08341f7064478b3b8d8b328298566 e834223b41c545a28d95bac242db44d1 - - 4b000b4e29814dad9fb1e6b6a512eb4e 4b000b4e29814dad9fb1e6b6a512eb4e] 10.0.0.25 "GET /resource_providers/a2b606fa-5947-4bb4-99d0-129bba1589d2/aggregates" status: 404 len: 235 microversion: 1.1
2026-08-26 01:30:31.061 8 INFO placement.requestlog [None req-7d9e0f3e-ed31-41ac-ab77-4fc2b2de75a6 - - - - - -] 10.0.0.30 "GET /" status: 200 len: 136 microversion: 1.0 [pid: 7|app: 0|req: 368/741] 10.0.0.25 () {32 vars in 815 bytes} [Wed Aug 26 01:30:31 2026] GET /resource_providers/a2b606fa-5947-4bb4-99d0-129bba1589d2/aggregates => generated 235 bytes in 14 msecs (HTTP/1.1 404) 5 headers in 202 bytes (1 switches on core 0)
2026-08-26 01:30:31.100 7 INFO placement.requestlog [None req-29629821-1f2a-4b77-8255-b407deaff486 71d08341f7064478b3b8d8b328298566 e834223b41c545a28d95bac242db44d1 - - 4b000b4e29814dad9fb1e6b6a512eb4e 4b000b4e29814dad9fb1e6b6a512eb4e] 10.0.0.25 "DELETE /resource_providers/a2b606fa-5947-4bb4-99d0-129bba1589d2" status: 404 len: 246 microversion: 1.1 [pid: 7|app: 0|req: 369/742] 10.0.0.25 () {34 vars in 815 bytes} [Wed Aug 26 01:30:31 2026] DELETE /resource_providers/a2b606fa-5947-4bb4-99d0-129bba1589d2 => generated 246 bytes in 12 msecs (HTTP/1.1 404) 6 headers in 231 bytes (1 switches on core 0)
2026-08-26 01:30:31.105 8 INFO placement.requestlog [None req-bb1917e1-87bf-43aa-82e0-b092372443b1 71d08341f7064478b3b8d8b328298566 e834223b41c545a28d95bac242db44d1 - - 4b000b4e29814dad9fb1e6b6a512eb4e 4b000b4e29814dad9fb1e6b6a512eb4e] 10.0.0.25 "DELETE /resource_providers/a2b606fa-5947-4bb4-99d0-129bba1589d2" status: 404 len: 246 microversion: 1.1 [pid: 8|app: 0|req: 374/743] 10.0.0.25 () {34 vars in 815 bytes} [Wed Aug 26 01:30:31 2026] DELETE /resource_providers/a2b606fa-5947-4bb4-99d0-129bba1589d2 => generated 246 bytes in 17 msecs (HTTP/1.1 404) 6 headers in 231 bytes (1 switches on core 0)
2026-08-26 01:30:31.750 7 INFO placement.requestlog [None req-19107f5a-c82a-4514-8573-a3e97d8d9d55 71d08341f7064478b3b8d8b328298566 e834223b41c545a28d95bac242db44d1 - - 4b000b4e29814dad9fb1e6b6a512eb4e 4b000b4e29814dad9fb1e6b6a512eb4e] 10.0.0.25 "GET /resource_providers/ab0f8f18-765c-4742-b967-e3fbc4352927/aggregates" status: 404 len: 235 microversion: 1.1 [pid: 7|app: 0|req: 370/744] 10.0.0.25 () {32 vars in 815 bytes} [Wed Aug 26 01:30:31 2026] GET /resource_providers/ab0f8f18-765c-4742-b967-e3fbc4352927/aggregates => generated 235 bytes in 13 msecs (HTTP/1.1 404) 5 headers in 202 bytes (1 switches on core 0)
2026-08-26 01:30:31.756 8 INFO placement.requestlog [None req-eb292bcf-2a75-4b5e-9c08-2b69fd26d80c 71d08341f7064478b3b8d8b328298566 e834223b41c545a28d95bac242db44d1 - - 4b000b4e29814dad9fb1e6b6a512eb4e 4b000b4e29814dad9fb1e6b6a512eb4e] 10.0.0.25 "GET /resource_providers/ab0f8f18-765c-4742-b967-e3fbc4352927/aggregates" status: 404 len: 235 microversion: 1.1 [pid: 8|app: 0|req: 375/745] 10.0.0.25 () {32 vars in 815 bytes} [Wed Aug 26 01:30:31 2026] GET /resource_providers/ab0f8f18-765c-4742-b967-e3fbc4352927/aggregates => generated 235 bytes in 19 msecs (HTTP/1.1 404) 5 headers in 202 bytes (1 switches on core 0)
2026-08-26 01:30:31.789 8 INFO placement.requestlog [None req-e03225fe-06f8-4d75-ac1c-3354e12c471e 71d08341f7064478b3b8d8b328298566 e834223b41c545a28d95bac242db44d1 - - 4b000b4e29814dad9fb1e6b6a512eb4e 4b000b4e29814dad9fb1e6b6a512eb4e] 10.0.0.25 "DELETE /resource_providers/ab0f8f18-765c-4742-b967-e3fbc4352927" status: 404 len: 246 microversion: 1.1 [pid: 8|app: 0|req: 376/746] 10.0.0.25 () {34 vars in 815 bytes} [Wed Aug 26 01:30:31 2026] DELETE /resource_providers/ab0f8f18-765c-4742-b967-e3fbc4352927 => generated 246 bytes in 13 msecs (HTTP/1.1 404) 6 headers in 231 bytes (1 switches on core 0)
2026-08-26 01:30:31.793 7 INFO placement.requestlog [None req-e79e1fad-15da-4680-a874-f178171357c8 71d08341f7064478b3b8d8b328298566 e834223b41c545a28d95bac242db44d1 - - 4b000b4e29814dad9fb1e6b6a512eb4e 4b000b4e29814dad9fb1e6b6a512eb4e] 10.0.0.25 "DELETE /resource_providers/ab0f8f18-765c-4742-b967-e3fbc4352927" status: 404 len: 246 microversion: 1.1 [pid: 7|app: 0|req: 371/747] 10.0.0.25 () {34 vars in 815 bytes} [Wed Aug 26 01:30:31 2026] DELETE /resource_providers/ab0f8f18-765c-4742-b967-e3fbc4352927 => generated 246 bytes in 17 msecs (HTTP/1.1 404) 6 headers in 231 bytes (1 switches on core 0)
2026-08-26 01:30:32.377 8 INFO placement.requestlog [req-637e9732-c4fb-40b7-831b-dd1103773530 req-90a769e0-82e5-474e-a3e6-4fafc9ffdf95 9c63283c57f74150a8908fdb01f13eaf e834223b41c545a28d95bac242db44d1 - - 4b000b4e29814dad9fb1e6b6a512eb4e 4b000b4e29814dad9fb1e6b6a512eb4e] 162.253.55.102 "GET /resource_providers/6857b4ba-52f6-4d46-9d29-2954dc67dde1/allocations" status: 200 len: 252 microversion: 1.0 [pid: 8|app: 0|req: 377/748] 162.253.55.102 () {32 vars in 857 bytes} [Wed Aug 26 01:30:32 2026] GET /resource_providers/6857b4ba-52f6-4d46-9d29-2954dc67dde1/allocations => generated 252 bytes in 23 msecs (HTTP/1.1 200) 6 headers in 224 bytes (1 switches on core 0)
2026-08-26 01:30:32.419 7 INFO placement.requestlog [req-637e9732-c4fb-40b7-831b-dd1103773530 req-675f0b9d-0094-45da-a9db-1f52976761d2 9c63283c57f74150a8908fdb01f13eaf e834223b41c545a28d95bac242db44d1 - - 4b000b4e29814dad9fb1e6b6a512eb4e 4b000b4e29814dad9fb1e6b6a512eb4e] 162.253.55.102 "GET /allocations/7294ee5a-de40-4f65-94ce-240762e0af87" status: 200 len: 257 microversion: 1.28 [pid: 7|app: 0|req: 372/749] 162.253.55.102 () {34 vars in 863 bytes} [Wed Aug 26 01:30:32 2026] GET /allocations/7294ee5a-de40-4f65-94ce-240762e0af87 => generated 257 bytes in 34 msecs (HTTP/1.1 200) 8 headers in 296 bytes (1 switches on core 0)
2026-08-26 01:30:32.450 8 INFO placement.requestlog [req-637e9732-c4fb-40b7-831b-dd1103773530 req-321dd3e8-7c2f-4002-ad91-26d909f5f9a8 9c63283c57f74150a8908fdb01f13eaf e834223b41c545a28d95bac242db44d1 - - 4b000b4e29814dad9fb1e6b6a512eb4e 4b000b4e29814dad9fb1e6b6a512eb4e] 162.253.55.102 "GET /allocations/7f6393e8-ae78-4417-b393-076f1c8cc780" status: 200 len: 257 microversion: 1.28 [pid: 8|app: 0|req: 378/750] 162.253.55.102 () {34 vars in 863 bytes} [Wed Aug 26 01:30:32 2026] GET /allocations/7f6393e8-ae78-4417-b393-076f1c8cc780 => generated 257 bytes in 22 msecs (HTTP/1.1 200) 8 headers in 296 bytes (1 switches on core 0)
2026-08-26 01:30:32.612 7 INFO placement.requestlog [req-637e9732-c4fb-40b7-831b-dd1103773530 req-35d19b7e-a646-43d5-afbd-c9ee77294480 9c63283c57f74150a8908fdb01f13eaf e834223b41c545a28d95bac242db44d1 - - 4b000b4e29814dad9fb1e6b6a512eb4e 4b000b4e29814dad9fb1e6b6a512eb4e] 162.253.55.102 "DELETE /allocations/7294ee5a-de40-4f65-94ce-240762e0af87" status: 204 len: 0 microversion: 1.0 [pid: 7|app: 0|req: 373/751] 162.253.55.102 () {34 vars in 841 bytes} [Wed Aug 26 01:30:32 2026] DELETE /allocations/7294ee5a-de40-4f65-94ce-240762e0af87 => generated 0 bytes in 66 msecs (HTTP/1.1 204) 5 headers in 198 bytes (1 switches on core 0)
2026-08-26 01:30:33.821 7 INFO placement.requestlog [None req-752bdb5d-3b03-440a-aeca-8e9418ec4cc3 71d08341f7064478b3b8d8b328298566 e834223b41c545a28d95bac242db44d1 - - 4b000b4e29814dad9fb1e6b6a512eb4e 4b000b4e29814dad9fb1e6b6a512eb4e] 10.0.0.25 "GET /resource_providers/f5649c33-7948-440a-a30a-b6d3cae37013/aggregates" status: 404 len: 235 microversion: 1.1 [pid: 7|app: 0|req: 374/752] 10.0.0.25 () {32 vars in 815 bytes} [Wed Aug 26 01:30:33 2026] GET /resource_providers/f5649c33-7948-440a-a30a-b6d3cae37013/aggregates => generated 235 bytes in 13 msecs (HTTP/1.1 404) 5 headers in 202 bytes (1 switches on core 0)
2026-08-26 01:30:33.822 8 INFO placement.requestlog [None req-14a0e6a2-b9ea-471f-9d07-2f93c3e811f7 71d08341f7064478b3b8d8b328298566 e834223b41c545a28d95bac242db44d1 - - 4b000b4e29814dad9fb1e6b6a512eb4e 4b000b4e29814dad9fb1e6b6a512eb4e] 10.0.0.25 "GET /resource_providers/f5649c33-7948-440a-a30a-b6d3cae37013/aggregates" status: 404 len: 235 microversion: 1.1 [pid: 8|app: 0|req: 379/753] 10.0.0.25 () {32 vars in 815 bytes} [Wed Aug 26 01:30:33 2026] GET /resource_providers/f5649c33-7948-440a-a30a-b6d3cae37013/aggregates => generated 235 bytes in 24 msecs (HTTP/1.1 404) 5 headers in 202 bytes (1 switches on core 0)
2026-08-26 01:30:33.861 7 INFO placement.requestlog [None req-789bca57-b3af-4137-9973-632ab43b4f4f 71d08341f7064478b3b8d8b328298566 e834223b41c545a28d95bac242db44d1 - - 4b000b4e29814dad9fb1e6b6a512eb4e 4b000b4e29814dad9fb1e6b6a512eb4e] 10.0.0.25 "DELETE /resource_providers/f5649c33-7948-440a-a30a-b6d3cae37013" status: 404 len: 246 microversion: 1.1 [pid: 7|app: 0|req: 375/754] 10.0.0.25 () {34 vars in 815 bytes} [Wed Aug 26 01:30:33 2026] DELETE /resource_providers/f5649c33-7948-440a-a30a-b6d3cae37013 => generated 246 bytes in 16 msecs (HTTP/1.1 404) 6 headers in 231 bytes (1 switches on core 0)
2026-08-26 01:30:33.866 8 INFO placement.requestlog [None req-45b79633-28c7-4b4f-8ca9-94cc3b779146 71d08341f7064478b3b8d8b328298566 e834223b41c545a28d95bac242db44d1 - - 4b000b4e29814dad9fb1e6b6a512eb4e 4b000b4e29814dad9fb1e6b6a512eb4e] 10.0.0.25 "DELETE /resource_providers/f5649c33-7948-440a-a30a-b6d3cae37013" status: 404 len: 246 microversion: 1.1 [pid: 8|app: 0|req: 380/755] 10.0.0.25 () {34 vars in 815 bytes} [Wed Aug 26 01:30:33 2026] DELETE /resource_providers/f5649c33-7948-440a-a30a-b6d3cae37013 => generated 246 bytes in 15 msecs (HTTP/1.1 404) 6 headers in 231 bytes (1 switches on core 0)
2026-08-26 01:30:35.956 8 INFO placement.requestlog [None req-9eda3cba-bcb0-4ce7-95ef-dd6cb30f5bde 71d08341f7064478b3b8d8b328298566 e834223b41c545a28d95bac242db44d1 - - 4b000b4e29814dad9fb1e6b6a512eb4e 4b000b4e29814dad9fb1e6b6a512eb4e] 10.0.0.25 "GET /resource_providers/cf49dbf5-d3d6-4694-aeb8-658d5ff4bdb7/aggregates" status: 404 len: 235 microversion: 1.1 [pid: 8|app: 0|req: 381/756] 10.0.0.25 () {32 vars in 815 bytes} [Wed Aug 26 01:30:35 2026] GET /resource_providers/cf49dbf5-d3d6-4694-aeb8-658d5ff4bdb7/aggregates => generated 235 bytes in 13 msecs (HTTP/1.1 404) 5 headers in 202 bytes (1 switches on core 0)
2026-08-26 01:30:35.956 7 INFO placement.requestlog [None req-d02d5fc7-105c-499e-82d0-373c76aada3f 71d08341f7064478b3b8d8b328298566 e834223b41c545a28d95bac242db44d1 - - 4b000b4e29814dad9fb1e6b6a512eb4e 4b000b4e29814dad9fb1e6b6a512eb4e] 10.0.0.25 "GET /resource_providers/cf49dbf5-d3d6-4694-aeb8-658d5ff4bdb7/aggregates" status: 404 len: 235 microversion: 1.1 [pid: 7|app: 0|req: 376/757] 10.0.0.25 () {32 vars in 815 bytes} [Wed Aug 26 01:30:35 2026] GET /resource_providers/cf49dbf5-d3d6-4694-aeb8-658d5ff4bdb7/aggregates => generated 235 bytes in 15 msecs (HTTP/1.1 404) 5 headers in 202 bytes (1 switches on core 0)
2026-08-26 01:30:35.980 8 INFO placement.requestlog [None req-4b2b0436-f478-42f3-b5a0-6ba102549845 71d08341f7064478b3b8d8b328298566 e834223b41c545a28d95bac242db44d1 - - 4b000b4e29814dad9fb1e6b6a512eb4e 4b000b4e29814dad9fb1e6b6a512eb4e] 10.0.0.25 "DELETE /resource_providers/cf49dbf5-d3d6-4694-aeb8-658d5ff4bdb7" status: 404 len: 246 microversion: 1.1 [pid: 8|app: 0|req: 382/758] 10.0.0.25 () {34 vars in 815 bytes} [Wed Aug 26 01:30:35 2026] DELETE /resource_providers/cf49dbf5-d3d6-4694-aeb8-658d5ff4bdb7 => generated 246 bytes in 11 msecs (HTTP/1.1 404) 6 headers in 231 bytes (1 switches on core 0)
2026-08-26 01:30:35.983 7 INFO placement.requestlog [None req-41afeabc-cd7a-4dd0-9e83-28580e2df5e8 71d08341f7064478b3b8d8b328298566 e834223b41c545a28d95bac242db44d1 - - 4b000b4e29814dad9fb1e6b6a512eb4e 4b000b4e29814dad9fb1e6b6a512eb4e] 10.0.0.25 "DELETE /resource_providers/cf49dbf5-d3d6-4694-aeb8-658d5ff4bdb7" status: 404 len: 246 microversion: 1.1 [pid: 7|app: 0|req: 377/759] 10.0.0.25 () {34 vars in 815 bytes} [Wed Aug 26 01:30:35 2026] DELETE /resource_providers/cf49dbf5-d3d6-4694-aeb8-658d5ff4bdb7 => generated 246 bytes in 14 msecs (HTTP/1.1 404) 6 headers in 231 bytes (1 switches on core 0)
2026-08-26 01:30:37.219 7 INFO placement.requestlog [None req-f0698952-7f1a-4867-b0be-cb603d91cb0d 71d08341f7064478b3b8d8b328298566 e834223b41c545a28d95bac242db44d1 - - 4b000b4e29814dad9fb1e6b6a512eb4e 4b000b4e29814dad9fb1e6b6a512eb4e] 10.0.0.25 "GET /resource_providers/06d5baaa-7a37-40be-b557-9e49490dedc8/aggregates" status: 404 len: 235 microversion: 1.1 [pid: 7|app: 0|req: 378/760] 10.0.0.25 () {32 vars in 815 bytes} [Wed Aug 26 01:30:37 2026] GET /resource_providers/06d5baaa-7a37-40be-b557-9e49490dedc8/aggregates => generated 235 bytes in 15 msecs (HTTP/1.1 404) 5 headers in 202 bytes (1 switches on core 0)
2026-08-26 01:30:37.224 8 INFO placement.requestlog [None req-0f99e895-2da2-4df2-b69f-3c9b00730d4f 71d08341f7064478b3b8d8b328298566 e834223b41c545a28d95bac242db44d1 - - 4b000b4e29814dad9fb1e6b6a512eb4e 4b000b4e29814dad9fb1e6b6a512eb4e] 10.0.0.25 "GET /resource_providers/06d5baaa-7a37-40be-b557-9e49490dedc8/aggregates" status: 404 len: 235 microversion: 1.1 [pid: 8|app: 0|req: 383/761] 10.0.0.25 () {32 vars in 815 bytes} [Wed Aug 26 01:30:37 2026] GET /resource_providers/06d5baaa-7a37-40be-b557-9e49490dedc8/aggregates => generated 235 bytes in 26 msecs (HTTP/1.1 404) 5 headers in 202 bytes (1 switches on core 0)
2026-08-26 01:30:37.246 7 INFO placement.requestlog [None req-6bb05e6e-ad1b-44b0-9f13-7948c18e0f41 71d08341f7064478b3b8d8b328298566 e834223b41c545a28d95bac242db44d1 - - 4b000b4e29814dad9fb1e6b6a512eb4e 4b000b4e29814dad9fb1e6b6a512eb4e] 10.0.0.25 "DELETE /resource_providers/06d5baaa-7a37-40be-b557-9e49490dedc8" status: 404 len: 246 microversion: 1.1 [pid: 7|app: 0|req: 379/762] 10.0.0.25 () {34 vars in 815 bytes} [Wed Aug 26 01:30:37 2026] DELETE /resource_providers/06d5baaa-7a37-40be-b557-9e49490dedc8 => generated 246 bytes in 13 msecs (HTTP/1.1 404) 6 headers in 231 bytes (1 switches on core 0)
2026-08-26 01:30:37.248 8 INFO placement.requestlog [None req-31e82a8f-9bab-4a7c-b90f-59e2e0698e28 71d08341f7064478b3b8d8b328298566 e834223b41c545a28d95bac242db44d1 - - 4b000b4e29814dad9fb1e6b6a512eb4e 4b000b4e29814dad9fb1e6b6a512eb4e] 10.0.0.25 "DELETE /resource_providers/06d5baaa-7a37-40be-b557-9e49490dedc8" status: 404 len: 246 microversion: 1.1 [pid: 8|app: 0|req: 384/763] 10.0.0.25 () {34 vars in 815 bytes} [Wed Aug 26 01:30:37 2026] DELETE /resource_providers/06d5baaa-7a37-40be-b557-9e49490dedc8 => generated 246 bytes in 13 msecs (HTTP/1.1 404) 6 headers in 231 bytes (1 switches on core 0)
2026-08-26 01:30:38.193 8 INFO placement.requestlog [None req-57541a18-8791-4faa-b45d-a5abf5a2a0e4 71d08341f7064478b3b8d8b328298566 e834223b41c545a28d95bac242db44d1 - - 4b000b4e29814dad9fb1e6b6a512eb4e 4b000b4e29814dad9fb1e6b6a512eb4e] 10.0.0.25 "GET /resource_providers/f37bfb97-c64a-4b05-80da-9e3536afbd52/aggregates" status: 404 len: 235 microversion: 1.1 [pid: 8|app: 0|req: 385/764] 10.0.0.25 () {32 vars in 815 bytes} [Wed Aug 26 01:30:38 2026] GET /resource_providers/f37bfb97-c64a-4b05-80da-9e3536afbd52/aggregates => generated 235 bytes in 12 msecs (HTTP/1.1 404) 5 headers in 202 bytes (1 switches on core 0)
2026-08-26 01:30:38.197 7 INFO placement.requestlog [None req-a3c36973-7dae-47b1-9636-f66a7bc2f794 71d08341f7064478b3b8d8b328298566 e834223b41c545a28d95bac242db44d1 - - 4b000b4e29814dad9fb1e6b6a512eb4e 4b000b4e29814dad9fb1e6b6a512eb4e] 10.0.0.25 "GET /resource_providers/f37bfb97-c64a-4b05-80da-9e3536afbd52/aggregates" status: 404 len: 235 microversion: 1.1 [pid: 7|app: 0|req: 380/765] 10.0.0.25 () {32 vars in 815 bytes} [Wed Aug 26 01:30:38 2026] GET /resource_providers/f37bfb97-c64a-4b05-80da-9e3536afbd52/aggregates => generated 235 bytes in 17 msecs (HTTP/1.1 404) 5 headers in 202 bytes (1 switches on core 0)
2026-08-26 01:30:38.225 8 INFO placement.requestlog [None req-0cb0959b-569c-4e8e-9753-99f456e6cd86 71d08341f7064478b3b8d8b328298566 e834223b41c545a28d95bac242db44d1 - - 4b000b4e29814dad9fb1e6b6a512eb4e 4b000b4e29814dad9fb1e6b6a512eb4e] 10.0.0.25 "DELETE /resource_providers/f37bfb97-c64a-4b05-80da-9e3536afbd52" status: 404 len: 246 microversion: 1.1 [pid: 8|app: 0|req: 386/766] 10.0.0.25 () {34 vars in 815 bytes} [Wed Aug 26 01:30:38 2026] DELETE /resource_providers/f37bfb97-c64a-4b05-80da-9e3536afbd52 => generated 246 bytes in 14 msecs (HTTP/1.1 404) 6 headers in 231 bytes (1 switches on core 0)
2026-08-26 01:30:38.227 7 INFO placement.requestlog [None req-b6d4eed9-6b75-418b-843e-bb19e2714df0 71d08341f7064478b3b8d8b328298566 e834223b41c545a28d95bac242db44d1 - - 4b000b4e29814dad9fb1e6b6a512eb4e 4b000b4e29814dad9fb1e6b6a512eb4e] 10.0.0.25 "DELETE /resource_providers/f37bfb97-c64a-4b05-80da-9e3536afbd52" status: 404 len: 246 microversion: 1.1 [pid: 7|app: 0|req: 381/767] 10.0.0.25 () {34 vars in 815 bytes} [Wed Aug 26 01:30:38 2026] DELETE /resource_providers/f37bfb97-c64a-4b05-80da-9e3536afbd52 => generated 246 bytes in 13 msecs (HTTP/1.1 404) 6 headers in 231 bytes (1 switches on core 0)
2026-08-26 01:30:39.312 8 INFO placement.requestlog [req-0c32df35-240d-4e8f-bafc-e39237c2def6 req-231eeb9b-aa58-47b3-863e-f9acc96cf986 9c63283c57f74150a8908fdb01f13eaf e834223b41c545a28d95bac242db44d1 - - 4b000b4e29814dad9fb1e6b6a512eb4e 4b000b4e29814dad9fb1e6b6a512eb4e] 162.253.55.102 "GET /resource_providers/6857b4ba-52f6-4d46-9d29-2954dc67dde1/allocations" status: 200 len: 152 microversion: 1.0 [pid: 8|app: 0|req: 387/768] 162.253.55.102 () {32 vars in 857 bytes} [Wed Aug 26 01:30:39 2026] GET /resource_providers/6857b4ba-52f6-4d46-9d29-2954dc67dde1/allocations => generated 152 bytes in 27 msecs (HTTP/1.1 200) 6 headers in 224 bytes (1 switches on core 0)
2026-08-26 01:30:39.346 7 INFO placement.requestlog [req-0c32df35-240d-4e8f-bafc-e39237c2def6 req-b9c6f4c0-48a3-4670-b60a-ad0066117c55 9c63283c57f74150a8908fdb01f13eaf e834223b41c545a28d95bac242db44d1 - - 4b000b4e29814dad9fb1e6b6a512eb4e 4b000b4e29814dad9fb1e6b6a512eb4e] 162.253.55.102 "GET /allocations/7f6393e8-ae78-4417-b393-076f1c8cc780" status: 200 len: 257 microversion: 1.28 [pid: 7|app: 0|req: 382/769] 162.253.55.102 () {34 vars in 863 bytes} [Wed Aug 26 01:30:39 2026] GET /allocations/7f6393e8-ae78-4417-b393-076f1c8cc780 => generated 257 bytes in 19 msecs (HTTP/1.1 200) 8 headers in 296 bytes (1 switches on core 0)
2026-08-26 01:30:39.501 8 INFO placement.requestlog [req-0c32df35-240d-4e8f-bafc-e39237c2def6 req-3b25d541-ac3d-4dd5-b036-418a38b26b32 9c63283c57f74150a8908fdb01f13eaf e834223b41c545a28d95bac242db44d1 - - 4b000b4e29814dad9fb1e6b6a512eb4e 4b000b4e29814dad9fb1e6b6a512eb4e] 162.253.55.102 "DELETE /allocations/7f6393e8-ae78-4417-b393-076f1c8cc780" status: 204 len: 0 microversion: 1.0 [pid: 8|app: 0|req: 388/770] 162.253.55.102 () {34 vars in 841 bytes} [Wed Aug 26 01:30:39 2026] DELETE /allocations/7f6393e8-ae78-4417-b393-076f1c8cc780 => generated 0 bytes in 99 msecs (HTTP/1.1 204) 5 headers in 198 bytes (1 switches on core 0)
2026-08-26 01:30:41.053 7 INFO placement.requestlog [None req-4c3dbd8c-f991-4054-a839-c03568400341 - - - - - -] 10.0.0.30 "GET /" status: 200 len: 136 microversion: 1.0
2026-08-26 01:30:41.054 8 INFO placement.requestlog [None req-3ffe1a1a-5670-4d2b-ba7b-a04502240ab3 - - - - - -] 10.0.0.30 "GET /" status: 200 len: 136 microversion: 1.0
2026-08-26 01:30:44.098 7 INFO placement.requestlog [None req-30c40e6f-b76d-4eaa-a78f-7d4cdd3a5744 71d08341f7064478b3b8d8b328298566 e834223b41c545a28d95bac242db44d1 - - 4b000b4e29814dad9fb1e6b6a512eb4e 4b000b4e29814dad9fb1e6b6a512eb4e] 10.0.0.25 "GET /resource_providers/ab6af663-7d60-4cdb-8f74-354d612abe7b/aggregates" status: 404 len: 235 microversion: 1.1 [pid: 7|app: 0|req: 384/773] 10.0.0.25 () {32 vars in 815 bytes} [Wed Aug 26 01:30:44 2026] GET /resource_providers/ab6af663-7d60-4cdb-8f74-354d612abe7b/aggregates => generated 235 bytes in 10 msecs (HTTP/1.1 404) 5 headers in 202 bytes (1 switches on core 0)
2026-08-26 01:30:44.109 8 INFO placement.requestlog [None req-88ababe4-0ea1-4a4a-9649-bca959146edd 71d08341f7064478b3b8d8b328298566 e834223b41c545a28d95bac242db44d1 - - 4b000b4e29814dad9fb1e6b6a512eb4e 4b000b4e29814dad9fb1e6b6a512eb4e] 10.0.0.25 "GET /resource_providers/ab6af663-7d60-4cdb-8f74-354d612abe7b/aggregates" status: 404 len: 235 microversion: 1.1 [pid: 8|app: 0|req: 390/774] 10.0.0.25 () {32 vars in 815 bytes} [Wed Aug 26 01:30:44 2026] GET /resource_providers/ab6af663-7d60-4cdb-8f74-354d612abe7b/aggregates => generated 235 bytes in 22 msecs (HTTP/1.1 404) 5 headers in 202 bytes (1 switches on core 0)
2026-08-26 01:30:44.132 7 INFO placement.requestlog [None req-8473b05b-c75f-4e36-aff2-10b450eeb741 71d08341f7064478b3b8d8b328298566 e834223b41c545a28d95bac242db44d1 - - 4b000b4e29814dad9fb1e6b6a512eb4e 4b000b4e29814dad9fb1e6b6a512eb4e] 10.0.0.25 "DELETE /resource_providers/ab6af663-7d60-4cdb-8f74-354d612abe7b" status: 404 len: 246 microversion: 1.1 [pid: 7|app: 0|req: 385/775] 10.0.0.25 () {34 vars in 815 bytes} [Wed Aug 26 01:30:44 2026] DELETE /resource_providers/ab6af663-7d60-4cdb-8f74-354d612abe7b => generated 246 bytes in 9 msecs (HTTP/1.1 404) 6 headers in 231 bytes (1 switches on core 0)
2026-08-26 01:30:44.139 8 INFO placement.requestlog [None req-f5c37679-4d69-42a4-83ef-7c3f71470cd4 71d08341f7064478b3b8d8b328298566 e834223b41c545a28d95bac242db44d1 - - 4b000b4e29814dad9fb1e6b6a512eb4e 4b000b4e29814dad9fb1e6b6a512eb4e] 10.0.0.25 "DELETE /resource_providers/ab6af663-7d60-4cdb-8f74-354d612abe7b" status: 404 len: 246 microversion: 1.1 [pid: 8|app: 0|req: 391/776] 10.0.0.25 () {34 vars in 815 bytes} [Wed Aug 26 01:30:44 2026] DELETE /resource_providers/ab6af663-7d60-4cdb-8f74-354d612abe7b => generated 246 bytes in 15 msecs (HTTP/1.1 404) 6 headers in 231 bytes (1 switches on core 0)
2026-08-26 01:30:46.499 7 INFO placement.requestlog [None req-3cfd24af-5185-42bf-92ac-f9054f846c26 71d08341f7064478b3b8d8b328298566 e834223b41c545a28d95bac242db44d1 - - 4b000b4e29814dad9fb1e6b6a512eb4e 4b000b4e29814dad9fb1e6b6a512eb4e] 10.0.0.25 "GET /resource_providers/4dc1577b-a8a6-47c5-9fe4-c61222c5282c/aggregates" status: 404 len: 235 microversion: 1.1
2026-08-26 01:30:46.500 8 INFO placement.requestlog [None req-9f0a7d9e-bab0-4389-a4f5-45f573fdc41a 71d08341f7064478b3b8d8b328298566 e834223b41c545a28d95bac242db44d1 - - 4b000b4e29814dad9fb1e6b6a512eb4e 4b000b4e29814dad9fb1e6b6a512eb4e] 10.0.0.25 "GET /resource_providers/4dc1577b-a8a6-47c5-9fe4-c61222c5282c/aggregates" status: 404 len: 235 microversion: 1.1 [pid: 8|app: 0|req: 392/777] 10.0.0.25 () {32 vars in 815 bytes} [Wed Aug 26 01:30:46 2026] GET /resource_providers/4dc1577b-a8a6-47c5-9fe4-c61222c5282c/aggregates => generated 235 bytes in 11 msecs (HTTP/1.1 404) 5 headers in 202 bytes (1 switches on core 0) [pid: 7|app: 0|req: 386/778] 10.0.0.25 () {32 vars in 815 bytes} [Wed Aug 26 01:30:46 2026] GET /resource_providers/4dc1577b-a8a6-47c5-9fe4-c61222c5282c/aggregates => generated 235 bytes in 22 msecs (HTTP/1.1 404) 5 headers in 202 bytes (1 switches on core 0)
2026-08-26 01:30:46.529 8 INFO placement.requestlog [None req-8e5af2fb-beb7-480a-964a-39ff4e5ea2e8 71d08341f7064478b3b8d8b328298566 e834223b41c545a28d95bac242db44d1 - - 4b000b4e29814dad9fb1e6b6a512eb4e 4b000b4e29814dad9fb1e6b6a512eb4e] 10.0.0.25 "DELETE /resource_providers/4dc1577b-a8a6-47c5-9fe4-c61222c5282c" status: 404 len: 246 microversion: 1.1 [pid: 8|app: 0|req: 393/779] 10.0.0.25 () {34 vars in 815 bytes} [Wed Aug 26 01:30:46 2026] DELETE /resource_providers/4dc1577b-a8a6-47c5-9fe4-c61222c5282c => generated 246 bytes in 13 msecs (HTTP/1.1 404) 6 headers in 231 bytes (1 switches on core 0)
2026-08-26 01:30:46.533 7 INFO placement.requestlog [None req-5cda5dfc-2bc6-46a7-b244-05627f4f450f 71d08341f7064478b3b8d8b328298566 e834223b41c545a28d95bac242db44d1 - - 4b000b4e29814dad9fb1e6b6a512eb4e 4b000b4e29814dad9fb1e6b6a512eb4e] 10.0.0.25 "DELETE /resource_providers/4dc1577b-a8a6-47c5-9fe4-c61222c5282c" status: 404 len: 246 microversion: 1.1 [pid: 7|app: 0|req: 387/780] 10.0.0.25 () {34 vars in 815 bytes} [Wed Aug 26 01:30:46 2026] DELETE /resource_providers/4dc1577b-a8a6-47c5-9fe4-c61222c5282c => generated 246 bytes in 16 msecs (HTTP/1.1 404) 6 headers in 231 bytes (1 switches on core 0)
2026-08-26 01:30:48.827 8 INFO placement.requestlog [None req-c1fb76fb-867a-4a47-9856-1724017aa467 71d08341f7064478b3b8d8b328298566 e834223b41c545a28d95bac242db44d1 - - 4b000b4e29814dad9fb1e6b6a512eb4e 4b000b4e29814dad9fb1e6b6a512eb4e] 10.0.0.25 "GET /resource_providers/a78f7c1f-76cd-4e57-94d8-f82330502f43/aggregates" status: 404 len: 235 microversion: 1.1 [pid: 8|app: 0|req: 394/781] 10.0.0.25 () {32 vars in 815 bytes} [Wed Aug 26 01:30:48 2026] GET /resource_providers/a78f7c1f-76cd-4e57-94d8-f82330502f43/aggregates => generated 235 bytes in 17 msecs (HTTP/1.1 404) 5 headers in 202 bytes (1 switches on core 0)
2026-08-26 01:30:48.836 7 INFO placement.requestlog [None req-a1c07999-5b97-46ad-bfab-3cea0139ed80 71d08341f7064478b3b8d8b328298566 e834223b41c545a28d95bac242db44d1 - - 4b000b4e29814dad9fb1e6b6a512eb4e 4b000b4e29814dad9fb1e6b6a512eb4e] 10.0.0.25 "GET /resource_providers/a78f7c1f-76cd-4e57-94d8-f82330502f43/aggregates" status: 404 len: 235 microversion: 1.1 [pid: 7|app: 0|req: 388/782] 10.0.0.25 () {32 vars in 815 bytes} [Wed Aug 26 01:30:48 2026] GET /resource_providers/a78f7c1f-76cd-4e57-94d8-f82330502f43/aggregates => generated 235 bytes in 22 msecs (HTTP/1.1 404) 5 headers in 202 bytes (1 switches on core 0)
2026-08-26 01:30:48.866 8 INFO placement.requestlog [None req-355d7b46-e80d-4826-8ad7-e84616f7b8f6 71d08341f7064478b3b8d8b328298566 e834223b41c545a28d95bac242db44d1 - - 4b000b4e29814dad9fb1e6b6a512eb4e 4b000b4e29814dad9fb1e6b6a512eb4e] 10.0.0.25 "DELETE /resource_providers/a78f7c1f-76cd-4e57-94d8-f82330502f43" status: 404 len: 246 microversion: 1.1 [pid: 8|app: 0|req: 395/783] 10.0.0.25 () {34 vars in 815 bytes} [Wed Aug 26 01:30:48 2026] DELETE /resource_providers/a78f7c1f-76cd-4e57-94d8-f82330502f43 => generated 246 bytes in 30 msecs (HTTP/1.1 404) 6 headers in 231 bytes (1 switches on core 0)
