May 14 10:22:42.526067 np0000174115 devstack@neutron-api.service[103151]: INFO neutron.api.extensions [None req-885e35de-746f-45e0-abbe-0df188f7f0ba None None] Loaded extension: dns-integration-domain-keywords
May 14 10:22:42.526111 np0000174115 devstack@neutron-api.service[103149]: DEBUG neutron_lib.callbacks.manager [None req-c551e34b-a9e0-4ad7-882e-239d2f1ca864 None None] Subscribe: > router precommit_create 55550000, False {{(pid=103149) subscribe /opt/stack/data/venv/lib/python3.12/site-packages/neutron_lib/callbacks/manager.py:52}}
May 14 10:22:42.526161 np0000174115 devstack@neutron-api.service[103151]: DEBUG neutron.api.extensions [None req-885e35de-746f-45e0-abbe-0df188f7f0ba None None] Loading extension file: dvr.py {{(pid=103151) _load_all_extensions_from_path /opt/stack/neutron/neutron/api/extensions.py:449}}
May 14 10:22:42.526213 np0000174115 devstack@neutron-api.service[103149]: DEBUG neutron_lib.callbacks.manager [None req-c551e34b-a9e0-4ad7-882e-239d2f1ca864 None None] Subscribe: > router precommit_update 55550000, False {{(pid=103149) subscribe /opt/stack/data/venv/lib/python3.12/site-packages/neutron_lib/callbacks/manager.py:52}}
May 14 10:22:42.526399 np0000174115 devstack@neutron-api.service[103149]: DEBUG neutron_lib.callbacks.manager [None req-c551e34b-a9e0-4ad7-882e-239d2f1ca864 None None] Subscribe: subnet after_update 55550000, False {{(pid=103149) subscribe /opt/stack/data/venv/lib/python3.12/site-packages/neutron_lib/callbacks/manager.py:52}}
May 14 10:22:42.526456 np0000174115 devstack@neutron-api.service[103151]: DEBUG neutron.api.extensions [None req-885e35de-746f-45e0-abbe-0df188f7f0ba None None] Ext name="Distributed Virtual Router" alias="dvr" description="Enables configuration of Distributed Virtual Routers." updated="2014-06-1T10:00:00-00:00" {{(pid=103151) _check_extension /opt/stack/neutron/neutron/api/extensions.py:415}}
May 14 10:22:42.526601 np0000174115 devstack@neutron-api.service[103151]: INFO neutron.api.extensions [None req-885e35de-746f-45e0-abbe-0df188f7f0ba None None] Extension dvr not supported by any of loaded plugins
May 14 10:22:42.526649 np0000174115 devstack@neutron-api.service[103149]: DEBUG neutron.quota.resource_registry [None req-c551e34b-a9e0-4ad7-882e-239d2f1ca864 None None] Tracking information for resource: router configured {{(pid=103149) set_tracked_resource /opt/stack/neutron/neutron/quota/resource_registry.py:203}}
May 14 10:22:42.526736 np0000174115 devstack@neutron-api.service[103151]: DEBUG neutron.api.extensions [None req-885e35de-746f-45e0-abbe-0df188f7f0ba None None] Loading extension file: ecmp_routes.py {{(pid=103151) _load_all_extensions_from_path /opt/stack/neutron/neutron/api/extensions.py:449}}
May 14 10:22:42.526790 np0000174115 devstack@neutron-api.service[103149]: DEBUG neutron.quota.resource_registry [None req-c551e34b-a9e0-4ad7-882e-239d2f1ca864 None None] Tracking information for resource: floatingip configured {{(pid=103149) set_tracked_resource /opt/stack/neutron/neutron/quota/resource_registry.py:203}}
May 14 10:22:42.526870 np0000174115 devstack@neutron-api.service[103149]: INFO neutron.services.ovn_l3.plugin [None req-c551e34b-a9e0-4ad7-882e-239d2f1ca864 None None] Starting OVNL3RouterPlugin
May 14 10:22:42.526969 np0000174115 devstack@neutron-api.service[103151]: DEBUG neutron.api.extensions [None req-885e35de-746f-45e0-abbe-0df188f7f0ba None None] Ext name="Equal Cost Multipath Routing" alias="ecmp_routes" description="Allows traffic to reach thesame destination via multiple different links " updated="2020-11-26T18:00:00-00:00" {{(pid=103151) _check_extension /opt/stack/neutron/neutron/api/extensions.py:415}}
May 14 10:22:42.527127 np0000174115 devstack@neutron-api.service[103149]: DEBUG neutron_lib.callbacks.manager [None req-c551e34b-a9e0-4ad7-882e-239d2f1ca864 None None] Subscribe: > port_forwarding_plugin after_init 55550000, False {{(pid=103149) subscribe /opt/stack/data/venv/lib/python3.12/site-packages/neutron_lib/callbacks/manager.py:52}}
May 14 10:22:42.527185 np0000174115 devstack@neutron-api.service[103151]: INFO neutron.api.extensions [None req-885e35de-746f-45e0-abbe-0df188f7f0ba None None] Extension ecmp_routes not supported by any of loaded plugins
May 14 10:22:42.527269 np0000174115 devstack@neutron-api.service[103151]: DEBUG neutron.api.extensions [None req-885e35de-746f-45e0-abbe-0df188f7f0ba None None] Loading extension file: empty_string_filtering.py {{(pid=103151) _load_all_extensions_from_path /opt/stack/neutron/neutron/api/extensions.py:449}}
May 14 10:22:42.527334 np0000174115 devstack@neutron-api.service[103149]: DEBUG neutron_lib.callbacks.manager [None req-c551e34b-a9e0-4ad7-882e-239d2f1ca864 None None] Subscribe: > router before_create 55550100, False {{(pid=103149) subscribe /opt/stack/data/venv/lib/python3.12/site-packages/neutron_lib/callbacks/manager.py:52}}
May 14 10:22:42.527489 np0000174115 devstack@neutron-api.service[103149]: DEBUG neutron_lib.callbacks.manager [None req-c551e34b-a9e0-4ad7-882e-239d2f1ca864 None None] Subscribe: > router precommit_delete 55550100, False {{(pid=103149) subscribe /opt/stack/data/venv/lib/python3.12/site-packages/neutron_lib/callbacks/manager.py:52}}
May 14 10:22:42.527544 np0000174115 devstack@neutron-api.service[103149]: DEBUG neutron_lib.callbacks.manager [None req-c551e34b-a9e0-4ad7-882e-239d2f1ca864 None None] Subscribe: > router precommit_create 55550100, False {{(pid=103149) subscribe /opt/stack/data/venv/lib/python3.12/site-packages/neutron_lib/callbacks/manager.py:52}}
May 14 10:22:42.527589 np0000174115 devstack@neutron-api.service[103151]: DEBUG neutron.api.extensions [None req-885e35de-746f-45e0-abbe-0df188f7f0ba None None] Ext name="Empty String Filtering Extension" alias="empty-string-filtering" description="Allow filtering by attributes with empty string value" updated="2018-05-01T10:00:00-00:00" {{(pid=103151) _check_extension /opt/stack/neutron/neutron/api/extensions.py:415}}
May 14 10:22:42.527650 np0000174115 devstack@neutron-api.service[103149]: DEBUG neutron_lib.callbacks.manager [None req-c551e34b-a9e0-4ad7-882e-239d2f1ca864 None None] Subscribe: > router precommit_update 55550100, False {{(pid=103149) subscribe /opt/stack/data/venv/lib/python3.12/site-packages/neutron_lib/callbacks/manager.py:52}}
May 14 10:22:42.527796 np0000174115 devstack@neutron-api.service[103151]: INFO neutron.api.extensions [None req-885e35de-746f-45e0-abbe-0df188f7f0ba None None] Loaded extension: empty-string-filtering
May 14 10:22:42.527961 np0000174115 devstack@neutron-api.service[103151]: DEBUG neutron.api.extensions [None req-885e35de-746f-45e0-abbe-0df188f7f0ba None None] Loading extension file: expose_l3_conntrack_helper.py {{(pid=103151) _load_all_extensions_from_path /opt/stack/neutron/neutron/api/extensions.py:449}}
May 14 10:22:42.528214 np0000174115 devstack@neutron-api.service[103151]: DEBUG neutron.api.extensions [None req-885e35de-746f-45e0-abbe-0df188f7f0ba None None] Ext name="Expose CT target rules for conntrack helper" alias="expose-l3-conntrack-helper" description="Expose allow adding CT target rules for conntrack helper" updated="2019-04-04T10:00:00-00:00" {{(pid=103151) _check_extension /opt/stack/neutron/neutron/api/extensions.py:415}}
May 14 10:22:42.528418 np0000174115 devstack@neutron-api.service[103151]: INFO neutron.api.extensions [None req-885e35de-746f-45e0-abbe-0df188f7f0ba None None] Extension expose-l3-conntrack-helper not supported by any of loaded plugins
May 14 10:22:42.528514 np0000174115 devstack@neutron-api.service[103151]: DEBUG neutron.api.extensions [None req-885e35de-746f-45e0-abbe-0df188f7f0ba None None] Loading extension file: expose_port_forwarding_in_fip.py {{(pid=103151) _load_all_extensions_from_path /opt/stack/neutron/neutron/api/extensions.py:449}}
May 14 10:22:42.528777 np0000174115 devstack@neutron-api.service[103151]: DEBUG neutron.api.extensions [None req-885e35de-746f-45e0-abbe-0df188f7f0ba None None] Ext name="Expose Floating IP port forwardings" alias="expose-port-forwarding-in-fip" description="Expose port forwarding fields in floating IP response" updated="2018-06-28T16:00:00-00:00" {{(pid=103151) _check_extension /opt/stack/neutron/neutron/api/extensions.py:415}}
May 14 10:22:42.528945 np0000174115 devstack@neutron-api.service[103151]: INFO neutron.api.extensions [None req-885e35de-746f-45e0-abbe-0df188f7f0ba None None] Extension expose-port-forwarding-in-fip not supported by any of loaded plugins
May 14 10:22:42.529041 np0000174115 devstack@neutron-api.service[103151]: DEBUG neutron.api.extensions [None req-885e35de-746f-45e0-abbe-0df188f7f0ba None None] Loading extension file: external_net.py {{(pid=103151) _load_all_extensions_from_path /opt/stack/neutron/neutron/api/extensions.py:449}}
May 14 10:22:42.529366 np0000174115 devstack@neutron-api.service[103151]: DEBUG neutron.api.extensions [None req-885e35de-746f-45e0-abbe-0df188f7f0ba None None] Ext name="Neutron external network" alias="external-net" description="Adds external network attribute to network resource." updated="2013-01-14T10:00:00-00:00" {{(pid=103151) _check_extension /opt/stack/neutron/neutron/api/extensions.py:415}}
May 14 10:22:42.529585 np0000174115 devstack@neutron-api.service[103151]: INFO neutron.api.extensions [None req-885e35de-746f-45e0-abbe-0df188f7f0ba None None] Loaded extension: external-net
May 14 10:22:42.529724 np0000174115 devstack@neutron-api.service[103151]: DEBUG neutron.api.extensions [None req-885e35de-746f-45e0-abbe-0df188f7f0ba None None] Loading extension file: extra_dhcp_opt.py {{(pid=103151) _load_all_extensions_from_path /opt/stack/neutron/neutron/api/extensions.py:449}}
May 14 10:22:42.529891 np0000174115 devstack@neutron-api.service[103150]: DEBUG neutron_lib.callbacks.manager [None req-8757046b-91ae-48f8-8d58-52c9486e0c7a None None] Subscribe: > router before_delete 55550000, False {{(pid=103150) subscribe /opt/stack/data/venv/lib/python3.12/site-packages/neutron_lib/callbacks/manager.py:52}}
May 14 10:22:42.529891 np0000174115 devstack@neutron-api.service[103150]: DEBUG neutron_lib.callbacks.manager [None req-8757046b-91ae-48f8-8d58-52c9486e0c7a None None] Subscribe: port before_update 55550000, False {{(pid=103150) subscribe /opt/stack/data/venv/lib/python3.12/site-packages/neutron_lib/callbacks/manager.py:52}}
May 14 10:22:42.530010 np0000174115 devstack@neutron-api.service[103150]: DEBUG neutron_lib.callbacks.manager [None req-8757046b-91ae-48f8-8d58-52c9486e0c7a None None] Subscribe: port after_update 55550000, False {{(pid=103150) subscribe /opt/stack/data/venv/lib/python3.12/site-packages/neutron_lib/callbacks/manager.py:52}}
May 14 10:22:42.530192 np0000174115 devstack@neutron-api.service[103151]: DEBUG neutron.api.extensions [None req-885e35de-746f-45e0-abbe-0df188f7f0ba None None] Ext name="Neutron Extra DHCP options" alias="extra_dhcp_opt" description="Extra options configuration for DHCP. For example PXE boot options to DHCP clients can be specified (e.g. tftp-server, server-ip-address, bootfile-name)" updated="2013-03-17T12:00:00-00:00" {{(pid=103151) _check_extension /opt/stack/neutron/neutron/api/extensions.py:415}}
May 14 10:22:42.530425 np0000174115 devstack@neutron-api.service[103150]: DEBUG neutron_lib.callbacks.manager [None req-8757046b-91ae-48f8-8d58-52c9486e0c7a None None] Subscribe: > port precommit_delete 55550000, False {{(pid=103150) subscribe /opt/stack/data/venv/lib/python3.12/site-packages/neutron_lib/callbacks/manager.py:52}}
May 14 10:22:42.530425 np0000174115 devstack@neutron-api.service[103150]: DEBUG neutron_lib.callbacks.manager [None req-8757046b-91ae-48f8-8d58-52c9486e0c7a None None] Subscribe: port before_update 55550000, False {{(pid=103150) subscribe /opt/stack/data/venv/lib/python3.12/site-packages/neutron_lib/callbacks/manager.py:52}}
May 14 10:22:42.530575 np0000174115 devstack@neutron-api.service[103151]: INFO neutron.api.extensions [None req-885e35de-746f-45e0-abbe-0df188f7f0ba None None] Loaded extension: extra_dhcp_opt
May 14 10:22:42.530692 np0000174115 devstack@neutron-api.service[103150]: DEBUG neutron_lib.callbacks.manager [None req-8757046b-91ae-48f8-8d58-52c9486e0c7a None None] Subscribe: port before_delete 55550000, False {{(pid=103150) subscribe /opt/stack/data/venv/lib/python3.12/site-packages/neutron_lib/callbacks/manager.py:52}}
May 14 10:22:42.530803 np0000174115 devstack@neutron-api.service[103151]: DEBUG neutron.api.extensions [None req-885e35de-746f-45e0-abbe-0df188f7f0ba None None] Loading extension file: extraroute.py {{(pid=103151) _load_all_extensions_from_path /opt/stack/neutron/neutron/api/extensions.py:449}}
May 14 10:22:42.530904 np0000174115 devstack@neutron-api.service[103150]: DEBUG neutron_lib.callbacks.manager [None req-8757046b-91ae-48f8-8d58-52c9486e0c7a None None] Subscribe: > router precommit_create 55550000, False {{(pid=103150) subscribe /opt/stack/data/venv/lib/python3.12/site-packages/neutron_lib/callbacks/manager.py:52}}
May 14 10:22:42.530904 np0000174115 devstack@neutron-api.service[103150]: DEBUG neutron_lib.callbacks.manager [None req-8757046b-91ae-48f8-8d58-52c9486e0c7a None None] Subscribe: > router precommit_create 55550000, False {{(pid=103150) subscribe /opt/stack/data/venv/lib/python3.12/site-packages/neutron_lib/callbacks/manager.py:52}}
May 14 10:22:42.530996 np0000174115 devstack@neutron-api.service[103151]: DEBUG neutron.api.extensions [None req-885e35de-746f-45e0-abbe-0df188f7f0ba None None] Ext name="Neutron Extra Route" alias="extraroute" description="Extra routes configuration for L3 router" updated="2013-02-01T10:00:00-00:00" {{(pid=103151) _check_extension /opt/stack/neutron/neutron/api/extensions.py:415}}
May 14 10:22:42.531048 np0000174115 devstack@neutron-api.service[103150]: DEBUG neutron_lib.callbacks.manager [None req-8757046b-91ae-48f8-8d58-52c9486e0c7a None None] Subscribe: > router precommit_update 55550000, False {{(pid=103150) subscribe /opt/stack/data/venv/lib/python3.12/site-packages/neutron_lib/callbacks/manager.py:52}}
May 14 10:22:42.531048 np0000174115 devstack@neutron-api.service[103150]: DEBUG neutron_lib.callbacks.manager [None req-8757046b-91ae-48f8-8d58-52c9486e0c7a None None] Subscribe: subnet after_update 55550000, False {{(pid=103150) subscribe /opt/stack/data/venv/lib/python3.12/site-packages/neutron_lib/callbacks/manager.py:52}}
May 14 10:22:42.531175 np0000174115 devstack@neutron-api.service[103151]: INFO neutron.api.extensions [None req-885e35de-746f-45e0-abbe-0df188f7f0ba None None] Loaded extension: extraroute
May 14 10:22:42.531220 np0000174115 devstack@neutron-api.service[103150]: DEBUG neutron.quota.resource_registry [None req-8757046b-91ae-48f8-8d58-52c9486e0c7a None None] Tracking information for resource: router configured {{(pid=103150) set_tracked_resource /opt/stack/neutron/neutron/quota/resource_registry.py:203}}
May 14 10:22:42.531307 np0000174115 devstack@neutron-api.service[103151]: DEBUG neutron.api.extensions [None req-885e35de-746f-45e0-abbe-0df188f7f0ba None None] Loading extension file: extraroute_atomic.py {{(pid=103151) _load_all_extensions_from_path /opt/stack/neutron/neutron/api/extensions.py:449}}
May 14 10:22:42.531408 np0000174115 devstack@neutron-api.service[103150]: DEBUG neutron.quota.resource_registry [None req-8757046b-91ae-48f8-8d58-52c9486e0c7a None None] Tracking information for resource: floatingip configured {{(pid=103150) set_tracked_resource /opt/stack/neutron/neutron/quota/resource_registry.py:203}}
May 14 10:22:42.531408 np0000174115 devstack@neutron-api.service[103150]: INFO neutron.services.ovn_l3.plugin [None req-8757046b-91ae-48f8-8d58-52c9486e0c7a None None] Starting OVNL3RouterPlugin
May 14 10:22:42.531489 np0000174115 devstack@neutron-api.service[103151]: DEBUG neutron.api.extensions [None req-885e35de-746f-45e0-abbe-0df188f7f0ba None None] Ext name="Atomically add/remove extra routes" alias="extraroute-atomic" description="Edit extra routes of a router on server side by atomically adding/removing extra routes" updated="2019-07-10T00:00:00+00:00" {{(pid=103151) _check_extension /opt/stack/neutron/neutron/api/extensions.py:415}}
May 14 10:22:42.531536 np0000174115 devstack@neutron-api.service[103150]: DEBUG neutron_lib.callbacks.manager [None req-8757046b-91ae-48f8-8d58-52c9486e0c7a None None] Subscribe: > port_forwarding_plugin after_init 55550000, False {{(pid=103150) subscribe /opt/stack/data/venv/lib/python3.12/site-packages/neutron_lib/callbacks/manager.py:52}}
May 14 10:22:42.531580 np0000174115 devstack@neutron-api.service[103151]: INFO neutron.api.extensions [None req-885e35de-746f-45e0-abbe-0df188f7f0ba None None] Loaded extension: extraroute-atomic
May 14 10:22:42.531629 np0000174115 devstack@neutron-api.service[103150]: DEBUG neutron_lib.callbacks.manager [None req-8757046b-91ae-48f8-8d58-52c9486e0c7a None None] Subscribe: > router before_create 55550100, False {{(pid=103150) subscribe /opt/stack/data/venv/lib/python3.12/site-packages/neutron_lib/callbacks/manager.py:52}}
May 14 10:22:42.531737 np0000174115 devstack@neutron-api.service[103151]: DEBUG neutron.api.extensions [None req-885e35de-746f-45e0-abbe-0df188f7f0ba None None] Loading extension file: filter_validation.py {{(pid=103151) _load_all_extensions_from_path /opt/stack/neutron/neutron/api/extensions.py:449}}
May 14 10:22:42.531794 np0000174115 devstack@neutron-api.service[103150]: DEBUG neutron_lib.callbacks.manager [None req-8757046b-91ae-48f8-8d58-52c9486e0c7a None None] Subscribe: > router precommit_delete 55550100, False {{(pid=103150) subscribe /opt/stack/data/venv/lib/python3.12/site-packages/neutron_lib/callbacks/manager.py:52}}
May 14 10:22:42.531846 np0000174115 devstack@neutron-api.service[103149]: DEBUG neutron.services.provider_configuration [None req-c551e34b-a9e0-4ad7-882e-239d2f1ca864 None None] Service providers = [] {{(pid=103149) parse_service_provider_opt /opt/stack/neutron/neutron/services/provider_configuration.py:170}}
May 14 10:22:42.531935 np0000174115 devstack@neutron-api.service[103150]: DEBUG neutron_lib.callbacks.manager [None req-8757046b-91ae-48f8-8d58-52c9486e0c7a None None] Subscribe: > router precommit_create 55550100, False {{(pid=103150) subscribe /opt/stack/data/venv/lib/python3.12/site-packages/neutron_lib/callbacks/manager.py:52}}
May 14 10:22:42.532023 np0000174115 devstack@neutron-api.service[103149]: DEBUG neutron.db.servicetype_db [None req-c551e34b-a9e0-4ad7-882e-239d2f1ca864 None None] Adding provider configuration for service L3_ROUTER_NAT {{(pid=103149) add_provider_configuration /opt/stack/neutron/neutron/db/servicetype_db.py:45}}
May 14 10:22:42.532065 np0000174115 devstack@neutron-api.service[103150]: DEBUG neutron_lib.callbacks.manager [None req-8757046b-91ae-48f8-8d58-52c9486e0c7a None None] Subscribe: > router precommit_update 55550100, False {{(pid=103150) subscribe /opt/stack/data/venv/lib/python3.12/site-packages/neutron_lib/callbacks/manager.py:52}}
May 14 10:22:42.532118 np0000174115 devstack@neutron-api.service[103151]: DEBUG neutron.api.extensions [None req-885e35de-746f-45e0-abbe-0df188f7f0ba None None] Ext name="Filter parameters validation" alias="filter-validation" description="Provides validation on filter parameters." updated="2018-07-04T10:00:00-00:00" {{(pid=103151) _check_extension /opt/stack/neutron/neutron/api/extensions.py:415}}
May 14 10:22:42.532118 np0000174115 devstack@neutron-api.service[103151]: INFO neutron.api.extensions [None req-885e35de-746f-45e0-abbe-0df188f7f0ba None None] Loaded extension: filter-validation
May 14 10:22:42.532118 np0000174115 devstack@neutron-api.service[103151]: DEBUG neutron.api.extensions [None req-885e35de-746f-45e0-abbe-0df188f7f0ba None None] Loading extension file: fip_pf_description.py {{(pid=103151) _load_all_extensions_from_path /opt/stack/neutron/neutron/api/extensions.py:449}}
May 14 10:22:42.532294 np0000174115 devstack@neutron-api.service[103151]: DEBUG neutron.api.extensions [None req-885e35de-746f-45e0-abbe-0df188f7f0ba None None] Ext name="Floating IP Port Forwarding new attribute description" alias="floating-ip-port-forwarding-description" description="Add a description field to Port Forwarding rules" updated="2019-11-01T10:00:00-00:00" {{(pid=103151) _check_extension /opt/stack/neutron/neutron/api/extensions.py:415}}
May 14 10:22:42.532452 np0000174115 devstack@neutron-api.service[103151]: INFO neutron.api.extensions [None req-885e35de-746f-45e0-abbe-0df188f7f0ba None None] Extension floating-ip-port-forwarding-description not supported by any of loaded plugins
May 14 10:22:42.532744 np0000174115 devstack@neutron-api.service[103151]: DEBUG neutron.api.extensions [None req-885e35de-746f-45e0-abbe-0df188f7f0ba None None] Loading extension file: fip_pf_detail.py {{(pid=103151) _load_all_extensions_from_path /opt/stack/neutron/neutron/api/extensions.py:449}}
May 14 10:22:42.533013 np0000174115 devstack@neutron-api.service[103151]: DEBUG neutron.api.extensions [None req-885e35de-746f-45e0-abbe-0df188f7f0ba None None] Ext name="Floating IP port forwarding detail" alias="floating-ip-port-forwarding-detail" description="Allow list floating ip return more port forwarding data, include'id' and 'internal_port_id'" updated="2022-05-06T10:00:00-00:00" {{(pid=103151) _check_extension /opt/stack/neutron/neutron/api/extensions.py:415}}
May 14 10:22:42.533163 np0000174115 devstack@neutron-api.service[103149]: DEBUG neutron_lib.callbacks.manager [None req-c551e34b-a9e0-4ad7-882e-239d2f1ca864 None None] Subscribe: > router precommit_create 55549900, False {{(pid=103149) subscribe /opt/stack/data/venv/lib/python3.12/site-packages/neutron_lib/callbacks/manager.py:52}}
May 14 10:22:42.533222 np0000174115 devstack@neutron-api.service[103151]: INFO neutron.api.extensions [None req-885e35de-746f-45e0-abbe-0df188f7f0ba None None] Loaded extension: floating-ip-port-forwarding-detail
May 14 10:22:42.533274 np0000174115 devstack@neutron-api.service[103151]: DEBUG neutron.api.extensions [None req-885e35de-746f-45e0-abbe-0df188f7f0ba None None] Loading extension file: fip_pf_port_range.py {{(pid=103151) _load_all_extensions_from_path /opt/stack/neutron/neutron/api/extensions.py:449}}
May 14 10:22:42.533319 np0000174115 devstack@neutron-api.service[103149]: DEBUG neutron_lib.callbacks.manager [None req-c551e34b-a9e0-4ad7-882e-239d2f1ca864 None None] Subscribe: > router_interface after_create 55550000, False {{(pid=103149) subscribe /opt/stack/data/venv/lib/python3.12/site-packages/neutron_lib/callbacks/manager.py:52}}
May 14 10:22:42.533430 np0000174115 devstack@neutron-api.service[103149]: DEBUG neutron_lib.callbacks.manager [None req-c551e34b-a9e0-4ad7-882e-239d2f1ca864 None None] Subscribe: > floatingip after_create 55550000, False {{(pid=103149) subscribe /opt/stack/data/venv/lib/python3.12/site-packages/neutron_lib/callbacks/manager.py:52}}
May 14 10:22:42.533499 np0000174115 devstack@neutron-api.service[103151]: DEBUG neutron.api.extensions [None req-885e35de-746f-45e0-abbe-0df188f7f0ba None None] Ext name="Floating IP Port Forwarding support port ranges" alias="floating-ip-port-forwarding-port-ranges" description="Add support to port ranges" updated="2020-07-01T10:00:00-00:00" {{(pid=103151) _check_extension /opt/stack/neutron/neutron/api/extensions.py:415}}
May 14 10:22:42.533601 np0000174115 devstack@neutron-api.service[103149]: DEBUG neutron_lib.callbacks.manager [None req-c551e34b-a9e0-4ad7-882e-239d2f1ca864 None None] Subscribe: > floatingip precommit_create 55550000, False {{(pid=103149) subscribe /opt/stack/data/venv/lib/python3.12/site-packages/neutron_lib/callbacks/manager.py:52}}
May 14 10:22:42.533601 np0000174115 devstack@neutron-api.service[103149]: DEBUG neutron_lib.callbacks.manager [None req-c551e34b-a9e0-4ad7-882e-239d2f1ca864 None None] Subscribe: > floatingip precommit_update 55550000, False {{(pid=103149) subscribe /opt/stack/data/venv/lib/python3.12/site-packages/neutron_lib/callbacks/manager.py:52}}
May 14 10:22:42.533837 np0000174115 devstack@neutron-api.service[103151]: INFO neutron.api.extensions [None req-885e35de-746f-45e0-abbe-0df188f7f0ba None None] Extension floating-ip-port-forwarding-port-ranges not supported by any of loaded plugins
May 14 10:22:42.533883 np0000174115 devstack@neutron-api.service[103149]: DEBUG neutron_lib.callbacks.manager [None req-c551e34b-a9e0-4ad7-882e-239d2f1ca864 None None] Subscribe: > floatingip after_delete 55550000, False {{(pid=103149) subscribe /opt/stack/data/venv/lib/python3.12/site-packages/neutron_lib/callbacks/manager.py:52}}
May 14 10:22:42.533924 np0000174115 devstack@neutron-api.service[103151]: DEBUG neutron.api.extensions [None req-885e35de-746f-45e0-abbe-0df188f7f0ba None None] Loading extension file: fip_port_details.py {{(pid=103151) _load_all_extensions_from_path /opt/stack/neutron/neutron/api/extensions.py:449}}
May 14 10:22:42.533960 np0000174115 devstack@neutron-api.service[103149]: DEBUG neutron_lib.callbacks.manager [None req-c551e34b-a9e0-4ad7-882e-239d2f1ca864 None None] Subscribe: > floatingip after_status_update 55550000, False {{(pid=103149) subscribe /opt/stack/data/venv/lib/python3.12/site-packages/neutron_lib/callbacks/manager.py:52}}
May 14 10:22:42.533997 np0000174115 devstack@neutron-api.service[103149]: DEBUG neutron_lib.callbacks.manager [None req-c551e34b-a9e0-4ad7-882e-239d2f1ca864 None None] Subscribe: > floatingip after_update 55550000, False {{(pid=103149) subscribe /opt/stack/data/venv/lib/python3.12/site-packages/neutron_lib/callbacks/manager.py:52}}
May 14 10:22:42.534083 np0000174115 devstack@neutron-api.service[103149]: DEBUG neutron_lib.callbacks.manager [None req-c551e34b-a9e0-4ad7-882e-239d2f1ca864 None None] Subscribe: > port_forwarding after_create 55550000, False {{(pid=103149) subscribe /opt/stack/data/venv/lib/python3.12/site-packages/neutron_lib/callbacks/manager.py:52}}
May 14 10:22:42.534249 np0000174115 devstack@neutron-api.service[103149]: DEBUG neutron_lib.callbacks.manager [None req-c551e34b-a9e0-4ad7-882e-239d2f1ca864 None None] Subscribe: > router_interface after_delete 55550000, False {{(pid=103149) subscribe /opt/stack/data/venv/lib/python3.12/site-packages/neutron_lib/callbacks/manager.py:52}}
May 14 10:22:42.534362 np0000174115 devstack@neutron-api.service[103149]: DEBUG neutron_lib.callbacks.manager [None req-c551e34b-a9e0-4ad7-882e-239d2f1ca864 None None] Subscribe: > router after_create 55550000, False {{(pid=103149) subscribe /opt/stack/data/venv/lib/python3.12/site-packages/neutron_lib/callbacks/manager.py:52}}
May 14 10:22:42.534503 np0000174115 devstack@neutron-api.service[103149]: DEBUG neutron_lib.callbacks.manager [None req-c551e34b-a9e0-4ad7-882e-239d2f1ca864 None None] Subscribe: > router precommit_create 55550000, False {{(pid=103149) subscribe /opt/stack/data/venv/lib/python3.12/site-packages/neutron_lib/callbacks/manager.py:52}}
May 14 10:22:42.534702 np0000174115 devstack@neutron-api.service[103149]: DEBUG neutron_lib.callbacks.manager [None req-c551e34b-a9e0-4ad7-882e-239d2f1ca864 None None] Subscribe: > router after_delete 55550000, False {{(pid=103149) subscribe /opt/stack/data/venv/lib/python3.12/site-packages/neutron_lib/callbacks/manager.py:52}}
May 14 10:22:42.534787 np0000174115 devstack@neutron-api.service[103149]: DEBUG neutron_lib.callbacks.manager [None req-c551e34b-a9e0-4ad7-882e-239d2f1ca864 None None] Subscribe: > router after_update 55550000, False {{(pid=103149) subscribe /opt/stack/data/venv/lib/python3.12/site-packages/neutron_lib/callbacks/manager.py:52}}
May 14 10:22:42.534980 np0000174115 devstack@neutron-api.service[103149]: DEBUG neutron.services.service_base [None req-c551e34b-a9e0-4ad7-882e-239d2f1ca864 None None] Loaded 'neutron.services.ovn_l3.service_providers.ovn.OvnDriver' provider for service L3_ROUTER_NAT {{(pid=103149) load_drivers /opt/stack/neutron/neutron/services/service_base.py:49}}
May 14 10:22:42.535026 np0000174115 devstack@neutron-api.service[103150]: DEBUG neutron.services.provider_configuration [None req-8757046b-91ae-48f8-8d58-52c9486e0c7a None None] Service providers = [] {{(pid=103150) parse_service_provider_opt /opt/stack/neutron/neutron/services/provider_configuration.py:170}}
May 14 10:22:42.535067 np0000174115 devstack@neutron-api.service[103151]: DEBUG neutron.api.extensions [None req-885e35de-746f-45e0-abbe-0df188f7f0ba None None] Ext name="Floating IP Port Details Extension" alias="fip-port-details" description="Add port_details attribute to Floating IP resource" updated="2018-04-09T10:00:00-00:00" {{(pid=103151) _check_extension /opt/stack/neutron/neutron/api/extensions.py:415}}
May 14 10:22:42.535131 np0000174115 devstack@neutron-api.service[103150]: DEBUG neutron.db.servicetype_db [None req-8757046b-91ae-48f8-8d58-52c9486e0c7a None None] Adding provider configuration for service L3_ROUTER_NAT {{(pid=103150) add_provider_configuration /opt/stack/neutron/neutron/db/servicetype_db.py:45}}
May 14 10:22:42.535180 np0000174115 devstack@neutron-api.service[103149]: DEBUG neutron_lib.callbacks.manager [None req-c551e34b-a9e0-4ad7-882e-239d2f1ca864 None None] Subscribe: > process after_init 55550001, True {{(pid=103149) subscribe /opt/stack/data/venv/lib/python3.12/site-packages/neutron_lib/callbacks/manager.py:52}}
May 14 10:22:42.535220 np0000174115 devstack@neutron-api.service[103151]: INFO neutron.api.extensions [None req-885e35de-746f-45e0-abbe-0df188f7f0ba None None] Loaded extension: fip-port-details
May 14 10:22:42.535260 np0000174115 devstack@neutron-api.service[103149]: DEBUG neutron.manager [None req-c551e34b-a9e0-4ad7-882e-239d2f1ca864 None None] Successfully loaded L3_ROUTER_NAT plugin. Description: L3 Router Service Plugin for basic L3 forwarding using OVN {{(pid=103149) _create_and_add_service_plugin /opt/stack/neutron/neutron/manager.py:239}}
May 14 10:22:42.535302 np0000174115 devstack@neutron-api.service[103151]: DEBUG neutron.api.extensions [None req-885e35de-746f-45e0-abbe-0df188f7f0ba None None] Loading extension file: flavors.py {{(pid=103151) _load_all_extensions_from_path /opt/stack/neutron/neutron/api/extensions.py:449}}
May 14 10:22:42.535346 np0000174115 devstack@neutron-api.service[103149]: INFO neutron.manager [None req-c551e34b-a9e0-4ad7-882e-239d2f1ca864 None None] Loading Plugin: auto_allocate
May 14 10:22:42.535568 np0000174115 devstack@neutron-api.service[103151]: DEBUG neutron.api.extensions [None req-885e35de-746f-45e0-abbe-0df188f7f0ba None None] Ext name="Neutron Service Flavors" alias="flavors" description="Flavor specification for Neutron advanced services." updated="2015-09-17T10:00:00-00:00" {{(pid=103151) _check_extension /opt/stack/neutron/neutron/api/extensions.py:415}}
May 14 10:22:42.535778 np0000174115 devstack@neutron-api.service[103151]: INFO neutron.api.extensions [None req-885e35de-746f-45e0-abbe-0df188f7f0ba None None] Loaded extension: flavors
May 14 10:22:42.535879 np0000174115 devstack@neutron-api.service[103151]: DEBUG neutron.api.extensions [None req-885e35de-746f-45e0-abbe-0df188f7f0ba None None] Loading extension file: floating_ip_port_forwarding.py {{(pid=103151) _load_all_extensions_from_path /opt/stack/neutron/neutron/api/extensions.py:449}}
May 14 10:22:42.536235 np0000174115 devstack@neutron-api.service[103151]: DEBUG neutron.api.extensions [None req-885e35de-746f-45e0-abbe-0df188f7f0ba None None] Ext name="Floating IP Port Forwarding" alias="floating-ip-port-forwarding" description="Allow port forwarding from floating IP port to an internal port" updated="2018-01-19T10:00:00-00:00" {{(pid=103151) _check_extension /opt/stack/neutron/neutron/api/extensions.py:415}}
May 14 10:22:42.536283 np0000174115 devstack@neutron-api.service[103150]: DEBUG neutron_lib.callbacks.manager [None req-8757046b-91ae-48f8-8d58-52c9486e0c7a None None] Subscribe: > router precommit_create 55549900, False {{(pid=103150) subscribe /opt/stack/data/venv/lib/python3.12/site-packages/neutron_lib/callbacks/manager.py:52}}
May 14 10:22:42.536390 np0000174115 devstack@neutron-api.service[103149]: DEBUG neutron_lib.callbacks.manager [None req-c551e34b-a9e0-4ad7-882e-239d2f1ca864 None None] Subscribe: network precommit_update 55550000, False {{(pid=103149) subscribe /opt/stack/data/venv/lib/python3.12/site-packages/neutron_lib/callbacks/manager.py:52}}
May 14 10:22:42.536434 np0000174115 devstack@neutron-api.service[103151]: INFO neutron.api.extensions [None req-885e35de-746f-45e0-abbe-0df188f7f0ba None None] Extension floating-ip-port-forwarding not supported by any of loaded plugins
May 14 10:22:42.536477 np0000174115 devstack@neutron-api.service[103150]: DEBUG neutron_lib.callbacks.manager [None req-8757046b-91ae-48f8-8d58-52c9486e0c7a None None] Subscribe: > router_interface after_create 55550000, False {{(pid=103150) subscribe /opt/stack/data/venv/lib/python3.12/site-packages/neutron_lib/callbacks/manager.py:52}}
May 14 10:22:42.536520 np0000174115 devstack@neutron-api.service[103149]: DEBUG neutron_lib.callbacks.manager [None req-c551e34b-a9e0-4ad7-882e-239d2f1ca864 None None] Subscribe: network precommit_create 55550000, False {{(pid=103149) subscribe /opt/stack/data/venv/lib/python3.12/site-packages/neutron_lib/callbacks/manager.py:52}}
May 14 10:22:42.536614 np0000174115 devstack@neutron-api.service[103151]: DEBUG neutron.api.extensions [None req-885e35de-746f-45e0-abbe-0df188f7f0ba None None] Loading extension file: floatingip_pools.py {{(pid=103151) _load_all_extensions_from_path /opt/stack/neutron/neutron/api/extensions.py:449}}
May 14 10:22:42.536659 np0000174115 devstack@neutron-api.service[103150]: DEBUG neutron_lib.callbacks.manager [None req-8757046b-91ae-48f8-8d58-52c9486e0c7a None None] Subscribe: > floatingip after_create 55550000, False {{(pid=103150) subscribe /opt/stack/data/venv/lib/python3.12/site-packages/neutron_lib/callbacks/manager.py:52}}
May 14 10:22:42.536659 np0000174115 devstack@neutron-api.service[103150]: DEBUG neutron_lib.callbacks.manager [None req-8757046b-91ae-48f8-8d58-52c9486e0c7a None None] Subscribe: > floatingip precommit_create 55550000, False {{(pid=103150) subscribe /opt/stack/data/venv/lib/python3.12/site-packages/neutron_lib/callbacks/manager.py:52}}
May 14 10:22:42.536778 np0000174115 devstack@neutron-api.service[103149]: DEBUG neutron.manager [None req-c551e34b-a9e0-4ad7-882e-239d2f1ca864 None None] Successfully loaded auto-allocated-topology plugin. Description: Auto Allocated Topology - aka get me a network. {{(pid=103149) _create_and_add_service_plugin /opt/stack/neutron/neutron/manager.py:239}}
May 14 10:22:42.536909 np0000174115 devstack@neutron-api.service[103150]: DEBUG neutron_lib.callbacks.manager [None req-8757046b-91ae-48f8-8d58-52c9486e0c7a None None] Subscribe: > floatingip precommit_update 55550000, False {{(pid=103150) subscribe /opt/stack/data/venv/lib/python3.12/site-packages/neutron_lib/callbacks/manager.py:52}}
May 14 10:22:42.536955 np0000174115 devstack@neutron-api.service[103149]: INFO neutron.manager [None req-c551e34b-a9e0-4ad7-882e-239d2f1ca864 None None] Loading Plugin: tag
May 14 10:22:42.536997 np0000174115 devstack@neutron-api.service[103151]: DEBUG neutron.api.extensions [None req-885e35de-746f-45e0-abbe-0df188f7f0ba None None] Ext name="Floating IP Pools Extension" alias="floatingip-pools" description="Provides a floating IP pools API." updated="2018-03-21T10:00:00-00:00" {{(pid=103151) _check_extension /opt/stack/neutron/neutron/api/extensions.py:415}}
May 14 10:22:42.537051 np0000174115 devstack@neutron-api.service[103150]: DEBUG neutron_lib.callbacks.manager [None req-8757046b-91ae-48f8-8d58-52c9486e0c7a None None] Subscribe: > floatingip after_delete 55550000, False {{(pid=103150) subscribe /opt/stack/data/venv/lib/python3.12/site-packages/neutron_lib/callbacks/manager.py:52}}
May 14 10:22:42.537051 np0000174115 devstack@neutron-api.service[103150]: DEBUG neutron_lib.callbacks.manager [None req-8757046b-91ae-48f8-8d58-52c9486e0c7a None None] Subscribe: > floatingip after_status_update 55550000, False {{(pid=103150) subscribe /opt/stack/data/venv/lib/python3.12/site-packages/neutron_lib/callbacks/manager.py:52}}
May 14 10:22:42.537179 np0000174115 devstack@neutron-api.service[103151]: INFO neutron.api.extensions [None req-885e35de-746f-45e0-abbe-0df188f7f0ba None None] Loaded extension: floatingip-pools
May 14 10:22:42.537179 np0000174115 devstack@neutron-api.service[103151]: DEBUG neutron.api.extensions [None req-885e35de-746f-45e0-abbe-0df188f7f0ba None None] Loading extension file: ip_allocation.py {{(pid=103151) _load_all_extensions_from_path /opt/stack/neutron/neutron/api/extensions.py:449}}
May 14 10:22:42.537259 np0000174115 devstack@neutron-api.service[103150]: DEBUG neutron_lib.callbacks.manager [None req-8757046b-91ae-48f8-8d58-52c9486e0c7a None None] Subscribe: > floatingip after_update 55550000, False {{(pid=103150) subscribe /opt/stack/data/venv/lib/python3.12/site-packages/neutron_lib/callbacks/manager.py:52}}
May 14 10:22:42.537259 np0000174115 devstack@neutron-api.service[103150]: DEBUG neutron_lib.callbacks.manager [None req-8757046b-91ae-48f8-8d58-52c9486e0c7a None None] Subscribe: > port_forwarding after_create 55550000, False {{(pid=103150) subscribe /opt/stack/data/venv/lib/python3.12/site-packages/neutron_lib/callbacks/manager.py:52}}
May 14 10:22:42.537259 np0000174115 devstack@neutron-api.service[103150]: DEBUG neutron_lib.callbacks.manager [None req-8757046b-91ae-48f8-8d58-52c9486e0c7a None None] Subscribe: > router_interface after_delete 55550000, False {{(pid=103150) subscribe /opt/stack/data/venv/lib/python3.12/site-packages/neutron_lib/callbacks/manager.py:52}}
May 14 10:22:42.537465 np0000174115 devstack@neutron-api.service[103151]: DEBUG neutron.api.extensions [None req-885e35de-746f-45e0-abbe-0df188f7f0ba None None] Ext name="IP Allocation" alias="ip_allocation" description="IP allocation extension." updated="2016-06-10T23:00:00-00:00" {{(pid=103151) _check_extension /opt/stack/neutron/neutron/api/extensions.py:415}}
May 14 10:22:42.537510 np0000174115 devstack@neutron-api.service[103150]: DEBUG neutron_lib.callbacks.manager [None req-8757046b-91ae-48f8-8d58-52c9486e0c7a None None] Subscribe: > router after_create 55550000, False {{(pid=103150) subscribe /opt/stack/data/venv/lib/python3.12/site-packages/neutron_lib/callbacks/manager.py:52}}
May 14 10:22:42.537510 np0000174115 devstack@neutron-api.service[103150]: DEBUG neutron_lib.callbacks.manager [None req-8757046b-91ae-48f8-8d58-52c9486e0c7a None None] Subscribe: > router precommit_create 55550000, False {{(pid=103150) subscribe /opt/stack/data/venv/lib/python3.12/site-packages/neutron_lib/callbacks/manager.py:52}}
May 14 10:22:42.537510 np0000174115 devstack@neutron-api.service[103150]: DEBUG neutron_lib.callbacks.manager [None req-8757046b-91ae-48f8-8d58-52c9486e0c7a None None] Subscribe: > router after_delete 55550000, False {{(pid=103150) subscribe /opt/stack/data/venv/lib/python3.12/site-packages/neutron_lib/callbacks/manager.py:52}}
May 14 10:22:42.537667 np0000174115 devstack@neutron-api.service[103151]: INFO neutron.api.extensions [None req-885e35de-746f-45e0-abbe-0df188f7f0ba None None] Extension ip_allocation not supported by any of loaded plugins
May 14 10:22:42.537776 np0000174115 devstack@neutron-api.service[103150]: DEBUG neutron_lib.callbacks.manager [None req-8757046b-91ae-48f8-8d58-52c9486e0c7a None None] Subscribe: > router after_update 55550000, False {{(pid=103150) subscribe /opt/stack/data/venv/lib/python3.12/site-packages/neutron_lib/callbacks/manager.py:52}}
May 14 10:22:42.537834 np0000174115 devstack@neutron-api.service[103151]: DEBUG neutron.api.extensions [None req-885e35de-746f-45e0-abbe-0df188f7f0ba None None] Loading extension file: ip_substring_port_filtering.py {{(pid=103151) _load_all_extensions_from_path /opt/stack/neutron/neutron/api/extensions.py:449}}
May 14 10:22:42.537921 np0000174115 devstack@neutron-api.service[103150]: DEBUG neutron.services.service_base [None req-8757046b-91ae-48f8-8d58-52c9486e0c7a None None] Loaded 'neutron.services.ovn_l3.service_providers.ovn.OvnDriver' provider for service L3_ROUTER_NAT {{(pid=103150) load_drivers /opt/stack/neutron/neutron/services/service_base.py:49}}
May 14 10:22:42.537921 np0000174115 devstack@neutron-api.service[103150]: DEBUG neutron_lib.callbacks.manager [None req-8757046b-91ae-48f8-8d58-52c9486e0c7a None None] Subscribe: > process after_init 55550001, True {{(pid=103150) subscribe /opt/stack/data/venv/lib/python3.12/site-packages/neutron_lib/callbacks/manager.py:52}}
May 14 10:22:42.538055 np0000174115 devstack@neutron-api.service[103150]: DEBUG neutron.manager [None req-8757046b-91ae-48f8-8d58-52c9486e0c7a None None] Successfully loaded L3_ROUTER_NAT plugin. Description: L3 Router Service Plugin for basic L3 forwarding using OVN {{(pid=103150) _create_and_add_service_plugin /opt/stack/neutron/neutron/manager.py:239}}
May 14 10:22:42.538098 np0000174115 devstack@neutron-api.service[103151]: DEBUG neutron.api.extensions [None req-885e35de-746f-45e0-abbe-0df188f7f0ba None None] Ext name="IP address substring filtering" alias="ip-substring-filtering" description="Provides IP address substring filtering when listing ports" updated="2017-11-28T09:00:00-00:00" {{(pid=103151) _check_extension /opt/stack/neutron/neutron/api/extensions.py:415}}
May 14 10:22:42.538148 np0000174115 devstack@neutron-api.service[103150]: INFO neutron.manager [None req-8757046b-91ae-48f8-8d58-52c9486e0c7a None None] Loading Plugin: auto_allocate
May 14 10:22:42.538190 np0000174115 devstack@neutron-api.service[103151]: INFO neutron.api.extensions [None req-885e35de-746f-45e0-abbe-0df188f7f0ba None None] Extension ip-substring-filtering not supported by any of loaded plugins
May 14 10:22:42.538323 np0000174115 devstack@neutron-api.service[103151]: DEBUG neutron.api.extensions [None req-885e35de-746f-45e0-abbe-0df188f7f0ba None None] Loading extension file: l2_adjacency.py {{(pid=103151) _load_all_extensions_from_path /opt/stack/neutron/neutron/api/extensions.py:449}}
May 14 10:22:42.538636 np0000174115 devstack@neutron-api.service[103151]: DEBUG neutron.api.extensions [None req-885e35de-746f-45e0-abbe-0df188f7f0ba None None] Ext name="L2 Adjacency" alias="l2_adjacency" description="Display L2 Adjacency for Neutron Networks." updated="2016-04-12T16:00:00-00:00" {{(pid=103151) _check_extension /opt/stack/neutron/neutron/api/extensions.py:415}}
May 14 10:22:42.538862 np0000174115 devstack@neutron-api.service[103151]: INFO neutron.api.extensions [None req-885e35de-746f-45e0-abbe-0df188f7f0ba None None] Extension l2_adjacency not supported by any of loaded plugins
May 14 10:22:42.538912 np0000174115 devstack@neutron-api.service[103150]: DEBUG neutron_lib.callbacks.manager [None req-8757046b-91ae-48f8-8d58-52c9486e0c7a None None] Subscribe: network precommit_update 55550000, False {{(pid=103150) subscribe /opt/stack/data/venv/lib/python3.12/site-packages/neutron_lib/callbacks/manager.py:52}}
May 14 10:22:42.539014 np0000174115 devstack@neutron-api.service[103151]: DEBUG neutron.api.extensions [None req-885e35de-746f-45e0-abbe-0df188f7f0ba None None] Loading extension file: l3.py {{(pid=103151) _load_all_extensions_from_path /opt/stack/neutron/neutron/api/extensions.py:449}}
May 14 10:22:42.539176 np0000174115 devstack@neutron-api.service[103150]: DEBUG neutron_lib.callbacks.manager [None req-8757046b-91ae-48f8-8d58-52c9486e0c7a None None] Subscribe: network precommit_create 55550000, False {{(pid=103150) subscribe /opt/stack/data/venv/lib/python3.12/site-packages/neutron_lib/callbacks/manager.py:52}}
May 14 10:22:42.539230 np0000174115 devstack@neutron-api.service[103150]: DEBUG neutron.manager [None req-8757046b-91ae-48f8-8d58-52c9486e0c7a None None] Successfully loaded auto-allocated-topology plugin. Description: Auto Allocated Topology - aka get me a network. {{(pid=103150) _create_and_add_service_plugin /opt/stack/neutron/neutron/manager.py:239}}
May 14 10:22:42.539325 np0000174115 devstack@neutron-api.service[103150]: INFO neutron.manager [None req-8757046b-91ae-48f8-8d58-52c9486e0c7a None None] Loading Plugin: tag
May 14 10:22:42.539531 np0000174115 devstack@neutron-api.service[103151]: DEBUG neutron.api.extensions [None req-885e35de-746f-45e0-abbe-0df188f7f0ba None None] Ext name="Neutron L3 Router" alias="router" description="Router abstraction for basic L3 forwarding between L2 Neutron networks and access to external networks via a NAT gateway." updated="2012-07-20T10:00:00-00:00" {{(pid=103151) _check_extension /opt/stack/neutron/neutron/api/extensions.py:415}}
May 14 10:22:42.539713 np0000174115 devstack@neutron-api.service[103151]: INFO neutron.api.extensions [None req-885e35de-746f-45e0-abbe-0df188f7f0ba None None] Loaded extension: router
May 14 10:22:42.539824 np0000174115 devstack@neutron-api.service[103151]: DEBUG neutron.api.extensions [None req-885e35de-746f-45e0-abbe-0df188f7f0ba None None] Loading extension file: l3_conntrack_helper.py {{(pid=103151) _load_all_extensions_from_path /opt/stack/neutron/neutron/api/extensions.py:449}}
May 14 10:22:42.540035 np0000174115 devstack@neutron-api.service[103149]: DEBUG neutron.manager [None req-c551e34b-a9e0-4ad7-882e-239d2f1ca864 None None] Successfully loaded TAG plugin. Description: Tag support {{(pid=103149) _create_and_add_service_plugin /opt/stack/neutron/neutron/manager.py:239}}
May 14 10:22:42.540178 np0000174115 devstack@neutron-api.service[103149]: INFO neutron.manager [None req-c551e34b-a9e0-4ad7-882e-239d2f1ca864 None None] Loading Plugin: timestamp
May 14 10:22:42.540511 np0000174115 devstack@neutron-api.service[103151]: DEBUG neutron.api.extensions [None req-885e35de-746f-45e0-abbe-0df188f7f0ba None None] Ext name="L3 Conntrack helper" alias="l3-conntrack-helper" description="Allow adding CT target rules for conntrack helper" updated="2019-04-04T10:00:00-00:00" {{(pid=103151) _check_extension /opt/stack/neutron/neutron/api/extensions.py:415}}
May 14 10:22:42.540707 np0000174115 devstack@neutron-api.service[103151]: INFO neutron.api.extensions [None req-885e35de-746f-45e0-abbe-0df188f7f0ba None None] Extension l3-conntrack-helper not supported by any of loaded plugins
May 14 10:22:42.540757 np0000174115 devstack@neutron-api.service[103151]: DEBUG neutron.api.extensions [None req-885e35de-746f-45e0-abbe-0df188f7f0ba None None] Loading extension file: l3_enable_default_route_bfd.py {{(pid=103151) _load_all_extensions_from_path /opt/stack/neutron/neutron/api/extensions.py:449}}
May 14 10:22:42.541075 np0000174115 devstack@neutron-api.service[103151]: DEBUG neutron.api.extensions [None req-885e35de-746f-45e0-abbe-0df188f7f0ba None None] Ext name="Enable Default Route BFD" alias="enable-default-route-bfd" description="Enables configurable BFD behavior for default routes" updated="2023-02-27T00:00:00-00:00" {{(pid=103151) _check_extension /opt/stack/neutron/neutron/api/extensions.py:415}}
May 14 10:22:42.541167 np0000174115 devstack@neutron-api.service[103151]: INFO neutron.api.extensions [None req-885e35de-746f-45e0-abbe-0df188f7f0ba None None] Loaded extension: enable-default-route-bfd
May 14 10:22:42.541264 np0000174115 devstack@neutron-api.service[103151]: DEBUG neutron.api.extensions [None req-885e35de-746f-45e0-abbe-0df188f7f0ba None None] Loading extension file: l3_enable_default_route_ecmp.py {{(pid=103151) _load_all_extensions_from_path /opt/stack/neutron/neutron/api/extensions.py:449}}
May 14 10:22:42.541396 np0000174115 devstack@neutron-api.service[103149]: DEBUG neutron.manager [None req-c551e34b-a9e0-4ad7-882e-239d2f1ca864 None None] Successfully loaded timestamp plugin. Description: Adds timestamps to Neutron resources with standard attributes {{(pid=103149) _create_and_add_service_plugin /opt/stack/neutron/neutron/manager.py:239}}
May 14 10:22:42.541495 np0000174115 devstack@neutron-api.service[103151]: DEBUG neutron.api.extensions [None req-885e35de-746f-45e0-abbe-0df188f7f0ba None None] Ext name="Enable Default Route ECMP" alias="enable-default-route-ecmp" description="Enables configurable ECMP behavior for default routes" updated="2023-02-27T00:00:00-00:00" {{(pid=103151) _check_extension /opt/stack/neutron/neutron/api/extensions.py:415}}
May 14 10:22:42.541538 np0000174115 devstack@neutron-api.service[103149]: INFO neutron.manager [None req-c551e34b-a9e0-4ad7-882e-239d2f1ca864 None None] Loading Plugin: network_ip_availability
May 14 10:22:42.541737 np0000174115 devstack@neutron-api.service[103151]: INFO neutron.api.extensions [None req-885e35de-746f-45e0-abbe-0df188f7f0ba None None] Loaded extension: enable-default-route-ecmp
May 14 10:22:42.541794 np0000174115 devstack@neutron-api.service[103151]: DEBUG neutron.api.extensions [None req-885e35de-746f-45e0-abbe-0df188f7f0ba None None] Loading extension file: l3_ext_gw_mode.py {{(pid=103151) _load_all_extensions_from_path /opt/stack/neutron/neutron/api/extensions.py:449}}
May 14 10:22:42.541896 np0000174115 devstack@neutron-api.service[103150]: DEBUG neutron.manager [None req-8757046b-91ae-48f8-8d58-52c9486e0c7a None None] Successfully loaded TAG plugin. Description: Tag support {{(pid=103150) _create_and_add_service_plugin /opt/stack/neutron/neutron/manager.py:239}}
May 14 10:22:42.541948 np0000174115 devstack@neutron-api.service[103150]: INFO neutron.manager [None req-8757046b-91ae-48f8-8d58-52c9486e0c7a None None] Loading Plugin: timestamp
May 14 10:22:42.542035 np0000174115 devstack@neutron-api.service[103151]: DEBUG neutron.api.extensions [None req-885e35de-746f-45e0-abbe-0df188f7f0ba None None] Ext name="Neutron L3 Configurable external gateway mode" alias="ext-gw-mode" description="Extension of the router abstraction for specifying whether SNAT should occur on the external gateway" updated="2013-03-28T10:00:00-00:00" {{(pid=103151) _check_extension /opt/stack/neutron/neutron/api/extensions.py:415}}
May 14 10:22:42.542204 np0000174115 devstack@neutron-api.service[103151]: INFO neutron.api.extensions [None req-885e35de-746f-45e0-abbe-0df188f7f0ba None None] Loaded extension: ext-gw-mode
