Apr 02 13:10:49.989156 np0000162960 devstack@neutron-api.service[102097]: [pid: 102097|app: 0|req: 22/88] 199.19.213.228 () {68 vars in 1449 bytes} [Thu Apr 2 13:10:49 2026] PUT /networking/v2.0/quotas/4592fb7d5c1441b5af17d6a92ecb3818 => generated 175 bytes in 144 msecs (HTTP/1.1 200) 4 headers in 157 bytes (1 switches on core 0)
Apr 02 13:10:50.271076 np0000162960 devstack@neutron-api.service[102096]: /opt/stack/neutron/neutron/extensions/quotasv2.py:134: UserWarning: "--check-limit" parameter is no longer needed since Epoxy (2025.1) release. By default, Neutron quota engine checks the resource usage before updating the limits
Apr 02 13:10:50.271076 np0000162960 devstack@neutron-api.service[102096]: warnings.warn('"--check-limit" parameter is no longer needed '
Apr 02 13:10:50.271651 np0000162960 devstack@neutron-api.service[102096]: DEBUG neutron.api.v2.base [None req-4fac6ea5-f02f-4af3-9983-9c886da0643f admin admin] Request body: {'quota': {'security_group_rule': 1000}} {{(pid=102096) prepare_request_body /opt/stack/neutron/neutron/api/v2/base.py:729}}
Apr 02 13:10:50.291806 np0000162960 devstack@neutron-api.service[102096]: [pid: 102096|app: 0|req: 22/89] 199.19.213.228 () {68 vars in 1449 bytes} [Thu Apr 2 13:10:50 2026] PUT /networking/v2.0/quotas/4592fb7d5c1441b5af17d6a92ecb3818 => generated 176 bytes in 27 msecs (HTTP/1.1 200) 4 headers in 157 bytes (1 switches on core 0)
Apr 02 13:10:57.097809 np0000162960 devstack@neutron-api.service[102095]: DEBUG dbcounter [-] [102095] Writing DB stats neutron:UPDATE=1,neutron:SELECT=1 {{(pid=102095) stat_writer /opt/stack/data/venv/lib/python3.12/site-packages/dbcounter.py:115}}
Apr 02 13:10:58.035812 np0000162960 devstack@neutron-api.service[102098]: DEBUG dbcounter [-] [102098] Writing DB stats neutron:UPDATE=1,neutron:SELECT=1 {{(pid=102098) stat_writer /opt/stack/data/venv/lib/python3.12/site-packages/dbcounter.py:115}}
Apr 02 13:10:59.987768 np0000162960 devstack@neutron-api.service[102097]: DEBUG dbcounter [-] [102097] Writing DB stats neutron:UPDATE=1,neutron:SELECT=5,neutron:INSERT=1 {{(pid=102097) stat_writer /opt/stack/data/venv/lib/python3.12/site-packages/dbcounter.py:115}}
Apr 02 13:11:00.289908 np0000162960 devstack@neutron-api.service[102096]: DEBUG dbcounter [-] [102096] Writing DB stats neutron:UPDATE=1,neutron:SELECT=5,neutron:INSERT=1 {{(pid=102096) stat_writer /opt/stack/data/venv/lib/python3.12/site-packages/dbcounter.py:115}}
Apr 02 13:11:02.080230 np0000162960 devstack@neutron-api.service[102095]: DEBUG futurist.periodics [-] Submitting periodic callback 'neutron.plugins.ml2.drivers.ovn.mech_driver.ovsdb.maintenance.HashRingHealthCheckPeriodics.touch_hash_ring_node' {{(pid=102095) _process_scheduled /opt/stack/data/venv/lib/python3.12/site-packages/futurist/periodics.py:784}}
Apr 02 13:11:02.081309 np0000162960 devstack@neutron-api.service[102095]: DEBUG neutron.plugins.ml2.drivers.ovn.mech_driver.ovsdb.maintenance [-] Touching Hash Ring node "bb2a7ea2b7cf57d7bc5004d9c9a6091f" from periodic health check thread {{(pid=102095) touch_hash_ring_node /opt/stack/neutron/neutron/plugins/ml2/drivers/ovn/mech_driver/ovsdb/maintenance.py:1232}}
Apr 02 13:11:02.929608 np0000162960 devstack@neutron-api.service[102097]: DEBUG futurist.periodics [-] Submitting periodic callback 'neutron.plugins.ml2.drivers.ovn.mech_driver.ovsdb.maintenance.HashRingHealthCheckPeriodics.touch_hash_ring_node' {{(pid=102097) _process_scheduled /opt/stack/data/venv/lib/python3.12/site-packages/futurist/periodics.py:784}}
Apr 02 13:11:02.930885 np0000162960 devstack@neutron-api.service[102097]: DEBUG neutron.plugins.ml2.drivers.ovn.mech_driver.ovsdb.maintenance [-] Touching Hash Ring node "da6b610444be5d6b87d0c17566034ef4" from periodic health check thread {{(pid=102097) touch_hash_ring_node /opt/stack/neutron/neutron/plugins/ml2/drivers/ovn/mech_driver/ovsdb/maintenance.py:1232}}
Apr 02 13:11:03.025766 np0000162960 devstack@neutron-api.service[102098]: DEBUG futurist.periodics [-] Submitting periodic callback 'neutron.plugins.ml2.drivers.ovn.mech_driver.ovsdb.maintenance.HashRingHealthCheckPeriodics.touch_hash_ring_node' {{(pid=102098) _process_scheduled /opt/stack/data/venv/lib/python3.12/site-packages/futurist/periodics.py:784}}
Apr 02 13:11:03.026898 np0000162960 devstack@neutron-api.service[102098]: DEBUG neutron.plugins.ml2.drivers.ovn.mech_driver.ovsdb.maintenance [-] Touching Hash Ring node "260d2b11a3fe50609c64a83f58b0f5b8" from periodic health check thread {{(pid=102098) touch_hash_ring_node /opt/stack/neutron/neutron/plugins/ml2/drivers/ovn/mech_driver/ovsdb/maintenance.py:1232}}
Apr 02 13:11:03.210476 np0000162960 devstack@neutron-api.service[102096]: DEBUG futurist.periodics [-] Submitting periodic callback 'neutron.plugins.ml2.drivers.ovn.mech_driver.ovsdb.maintenance.HashRingHealthCheckPeriodics.touch_hash_ring_node' {{(pid=102096) _process_scheduled /opt/stack/data/venv/lib/python3.12/site-packages/futurist/periodics.py:784}}
Apr 02 13:11:03.212202 np0000162960 devstack@neutron-api.service[102096]: DEBUG neutron.plugins.ml2.drivers.ovn.mech_driver.ovsdb.maintenance [-] Touching Hash Ring node "78a80dd1a3575f08bd8180475cbda16b" from periodic health check thread {{(pid=102096) touch_hash_ring_node /opt/stack/neutron/neutron/plugins/ml2/drivers/ovn/mech_driver/ovsdb/maintenance.py:1232}}
Apr 02 13:11:04.323953 np0000162960 devstack@neutron-api.service[102095]: DEBUG neutron.pecan_wsgi.hooks.policy_enforcement [None req-2f2deb01-c200-47c2-b77c-0323f24cae71 admin admin] Attributes excluded by policy engine: ['standard_attr_id'] {{(pid=102095) _exclude_attributes_by_policy /opt/stack/neutron/neutron/pecan_wsgi/hooks/policy_enforcement.py:258}}
Apr 02 13:11:04.326628 np0000162960 devstack@neutron-api.service[102095]: DEBUG neutron.pecan_wsgi.hooks.policy_enforcement [None req-2f2deb01-c200-47c2-b77c-0323f24cae71 admin admin] Attributes excluded by policy engine: ['standard_attr_id'] {{(pid=102095) _exclude_attributes_by_policy /opt/stack/neutron/neutron/pecan_wsgi/hooks/policy_enforcement.py:258}}
Apr 02 13:11:04.327416 np0000162960 devstack@neutron-api.service[102095]: [pid: 102095|app: 0|req: 24/90] 199.19.213.228 () {64 vars in 1378 bytes} [Thu Apr 2 13:11:04 2026] GET /networking/v2.0/ports?device_owner=network%3Adistributed => generated 1649 bytes in 96 msecs (HTTP/1.1 200) 4 headers in 158 bytes (1 switches on core 0)
Apr 02 13:11:04.937297 np0000162960 devstack@neutron-api.service[102097]: DEBUG neutron.plugins.ml2.drivers.ovn.mech_driver.ovsdb.ovsdb_monitor [None req-93bd37f3-e35d-462a-b9ce-994fce2d2f4d None None] Touching Hash Ring node "da6b610444be5d6b87d0c17566034ef4" from IDL notify handler {{(pid=102097) notify /opt/stack/neutron/neutron/plugins/ml2/drivers/ovn/mech_driver/ovsdb/ovsdb_monitor.py:904}}
Apr 02 13:11:04.943295 np0000162960 devstack@neutron-api.service[102097]: DEBUG neutron.plugins.ml2.drivers.ovn.mech_driver.ovsdb.ovsdb_monitor [None req-93bd37f3-e35d-462a-b9ce-994fce2d2f4d None None] Hash Ring: Node da6b610444be5d6b87d0c17566034ef4 (host: np0000162960) handling event "update" for row 2e4c1f3e-e8fe-4c33-bca1-c175fca08d72 (table: Connection) {{(pid=102097) notify /opt/stack/neutron/neutron/plugins/ml2/drivers/ovn/mech_driver/ovsdb/ovsdb_monitor.py:912}}
Apr 02 13:11:13.038814 np0000162960 devstack@neutron-api.service[102098]: DEBUG dbcounter [-] [102098] Writing DB stats neutron:UPDATE=1,neutron:SELECT=1 {{(pid=102098) stat_writer /opt/stack/data/venv/lib/python3.12/site-packages/dbcounter.py:115}}
Apr 02 13:11:13.320211 np0000162960 devstack@neutron-api.service[102096]: DEBUG dbcounter [-] [102096] Writing DB stats neutron:UPDATE=1,neutron:SELECT=1 {{(pid=102096) stat_writer /opt/stack/data/venv/lib/python3.12/site-packages/dbcounter.py:115}}
Apr 02 13:11:14.318471 np0000162960 devstack@neutron-api.service[102095]: DEBUG dbcounter [-] [102095] Writing DB stats neutron:UPDATE=1,neutron:SELECT=10 {{(pid=102095) stat_writer /opt/stack/data/venv/lib/python3.12/site-packages/dbcounter.py:115}}
Apr 02 13:11:14.938999 np0000162960 devstack@neutron-api.service[102097]: DEBUG dbcounter [-] [102097] Writing DB stats neutron:UPDATE=2,neutron:SELECT=1 {{(pid=102097) stat_writer /opt/stack/data/venv/lib/python3.12/site-packages/dbcounter.py:115}}
Apr 02 13:11:15.370652 np0000162960 devstack@neutron-api.service[102098]: INFO neutron.pecan_wsgi.hooks.translation [None req-d5107ed3-5503-4708-9341-567921e99d4d admin admin] GET failed (client error): The resource could not be found.
Apr 02 13:11:15.370652 np0000162960 devstack@neutron-api.service[102098]: [pid: 102098|app: 0|req: 23/91] 199.19.213.228 () {64 vars in 1334 bytes} [Thu Apr 2 13:11:15 2026] GET /networking/v2.0/networks/admin_net => generated 111 bytes in 13 msecs (HTTP/1.1 404) 4 headers in 164 bytes (1 switches on core 0)
Apr 02 13:11:15.401261 np0000162960 devstack@neutron-api.service[102097]: [pid: 102097|app: 0|req: 23/92] 199.19.213.228 () {64 vars in 1346 bytes} [Thu Apr 2 13:11:15 2026] GET /networking/v2.0/networks?name=admin_net => generated 15 bytes in 19 msecs (HTTP/1.1 200) 4 headers in 156 bytes (1 switches on core 0)
Apr 02 13:11:15.646819 np0000162960 devstack@neutron-api.service[102096]: DEBUG neutron.api.v2.base [None req-a04767dc-61e2-49b3-b435-7247c2b86ee3 admin admin] Request body: {'network': {'name': 'admin_net', 'admin_state_up': True, 'project_id': '79794c2865514fde89a7db1c774b0cc6'}} {{(pid=102096) prepare_request_body /opt/stack/neutron/neutron/api/v2/base.py:729}}
Apr 02 13:11:15.668168 np0000162960 devstack@neutron-api.service[102096]: DEBUG neutron.pecan_wsgi.hooks.quota_enforcement [None req-a04767dc-61e2-49b3-b435-7247c2b86ee3 admin admin] Made reservation on behalf of 79794c2865514fde89a7db1c774b0cc6 for: {'network': 1} {{(pid=102096) before /opt/stack/neutron/neutron/pecan_wsgi/hooks/quota_enforcement.py:66}}
Apr 02 13:11:15.672867 np0000162960 devstack@neutron-api.service[102096]: DEBUG neutron_lib.callbacks.manager [None req-a04767dc-61e2-49b3-b435-7247c2b86ee3 admin admin] Publish callbacks ['neutron.plugins.ml2.plugin.SecurityGroupDbMixin._ensure_default_security_group_handler-4168352'] for network (None), before_create {{(pid=102096) _notify_loop /opt/stack/data/venv/lib/python3.12/site-packages/neutron_lib/callbacks/manager.py:184}}
Apr 02 13:11:15.679866 np0000162960 devstack@neutron-api.service[102096]: DEBUG neutron_lib.callbacks.manager [None req-a04767dc-61e2-49b3-b435-7247c2b86ee3 admin admin] Publish callbacks [] for security_group (None), before_create {{(pid=102096) _notify_loop /opt/stack/data/venv/lib/python3.12/site-packages/neutron_lib/callbacks/manager.py:184}}
Apr 02 13:11:15.759903 np0000162960 devstack@neutron-api.service[102096]: DEBUG neutron_lib.callbacks.manager [None req-a04767dc-61e2-49b3-b435-7247c2b86ee3 admin admin] Publish callbacks ['neutron.plugins.ml2.drivers.ovn.mech_driver.mech_driver.OVNMechanismDriver._create_security_group_precommit-381159'] for security_group (7fab9a77-3be0-4ecd-88c3-d43067cda76e), precommit_create {{(pid=102096) _notify_loop /opt/stack/data/venv/lib/python3.12/site-packages/neutron_lib/callbacks/manager.py:184}}
Apr 02 13:11:15.760231 np0000162960 devstack@neutron-api.service[102096]: DEBUG neutron.db.ovn_revision_numbers_db [None req-a04767dc-61e2-49b3-b435-7247c2b86ee3 admin admin] create_initial_revision uuid=7fab9a77-3be0-4ecd-88c3-d43067cda76e, type=security_groups, rev=-1 {{(pid=102096) create_initial_revision /opt/stack/neutron/neutron/db/ovn_revision_numbers_db.py:98}}
Apr 02 13:11:15.761847 np0000162960 devstack@neutron-api.service[102096]: DEBUG neutron.db.ovn_revision_numbers_db [None req-a04767dc-61e2-49b3-b435-7247c2b86ee3 admin admin] create_initial_revision uuid=57cd1826-a317-4631-aef7-984d97b0d667, type=security_group_rules, rev=-1 {{(pid=102096) create_initial_revision /opt/stack/neutron/neutron/db/ovn_revision_numbers_db.py:98}}
Apr 02 13:11:15.763022 np0000162960 devstack@neutron-api.service[102096]: DEBUG neutron.db.ovn_revision_numbers_db [None req-a04767dc-61e2-49b3-b435-7247c2b86ee3 admin admin] create_initial_revision uuid=ab0ac1e6-d82d-4903-aad4-fc0d481ef4e5, type=security_group_rules, rev=-1 {{(pid=102096) create_initial_revision /opt/stack/neutron/neutron/db/ovn_revision_numbers_db.py:98}}
Apr 02 13:11:15.764090 np0000162960 devstack@neutron-api.service[102096]: DEBUG neutron.db.ovn_revision_numbers_db [None req-a04767dc-61e2-49b3-b435-7247c2b86ee3 admin admin] create_initial_revision uuid=e18fadf5-8a08-4850-bdc2-e6c8d499fb64, type=security_group_rules, rev=-1 {{(pid=102096) create_initial_revision /opt/stack/neutron/neutron/db/ovn_revision_numbers_db.py:98}}
Apr 02 13:11:15.765181 np0000162960 devstack@neutron-api.service[102096]: DEBUG neutron.db.ovn_revision_numbers_db [None req-a04767dc-61e2-49b3-b435-7247c2b86ee3 admin admin] create_initial_revision uuid=fcbdbcf5-05f8-49cf-bf13-e22f45c2aab4, type=security_group_rules, rev=-1 {{(pid=102096) create_initial_revision /opt/stack/neutron/neutron/db/ovn_revision_numbers_db.py:98}}
Apr 02 13:11:15.772670 np0000162960 devstack@neutron-api.service[102096]: DEBUG neutron_lib.callbacks.manager [None req-a04767dc-61e2-49b3-b435-7247c2b86ee3 admin admin] Publish callbacks ['neutron.plugins.ml2.drivers.ovn.mech_driver.mech_driver.OVNMechanismDriver._create_security_group-381169', 'neutron.plugins.ml2.ovo_rpc._ObjectChangeHandler.handle_event-1731828'] for security_group (7fab9a77-3be0-4ecd-88c3-d43067cda76e), after_create {{(pid=102096) _notify_loop /opt/stack/data/venv/lib/python3.12/site-packages/neutron_lib/callbacks/manager.py:184}}
Apr 02 13:11:15.773906 np0000162960 devstack@neutron-api.service[102096]: DEBUG ovsdbapp.backend.ovs_idl.transaction [None req-5183cb59-d0a2-4aa8-b9be-bfefb1cf8c12 None None] Running txn n=1 command(idx=0): PgAddCommand(_result=None, name=pg_7fab9a77_3be0_4ecd_88c3_d43067cda76e, may_exist=False, columns={'acls': [], 'external_ids': {'neutron:security_group_id': '7fab9a77-3be0-4ecd-88c3-d43067cda76e'}}) {{(pid=102096) do_commit /opt/stack/data/venv/lib/python3.12/site-packages/ovsdbapp/backend/ovs_idl/transaction.py:89}}
Apr 02 13:11:15.774407 np0000162960 devstack@neutron-api.service[102096]: DEBUG ovsdbapp.backend.ovs_idl.transaction [None req-5183cb59-d0a2-4aa8-b9be-bfefb1cf8c12 None None] Running txn n=1 command(idx=1): PgAclAddCommand(_result=None, entity=pg_7fab9a77_3be0_4ecd_88c3_d43067cda76e, direction=from-lport, priority=1002, match=inport == @pg_7fab9a77_3be0_4ecd_88c3_d43067cda76e && ip6, action=allow-related, log=False, may_exist=True, severity=[], name=[], meter=[], external_ids={'neutron:security_group_rule_id': '57cd1826-a317-4631-aef7-984d97b0d667'}) {{(pid=102096) do_commit /opt/stack/data/venv/lib/python3.12/site-packages/ovsdbapp/backend/ovs_idl/transaction.py:89}}
Apr 02 13:11:15.774882 np0000162960 devstack@neutron-api.service[102096]: DEBUG ovsdbapp.backend.ovs_idl.transaction [None req-5183cb59-d0a2-4aa8-b9be-bfefb1cf8c12 None None] Running txn n=1 command(idx=2): PgAclAddCommand(_result=None, entity=pg_7fab9a77_3be0_4ecd_88c3_d43067cda76e, direction=to-lport, priority=1002, match=outport == @pg_7fab9a77_3be0_4ecd_88c3_d43067cda76e && ip4 && ip4.src == $pg_7fab9a77_3be0_4ecd_88c3_d43067cda76e_ip4, action=allow-related, log=False, may_exist=True, severity=[], name=[], meter=[], external_ids={'neutron:security_group_rule_id': 'ab0ac1e6-d82d-4903-aad4-fc0d481ef4e5'}) {{(pid=102096) do_commit /opt/stack/data/venv/lib/python3.12/site-packages/ovsdbapp/backend/ovs_idl/transaction.py:89}}
Apr 02 13:11:15.775218 np0000162960 devstack@neutron-api.service[102096]: DEBUG ovsdbapp.backend.ovs_idl.transaction [None req-5183cb59-d0a2-4aa8-b9be-bfefb1cf8c12 None None] Running txn n=1 command(idx=3): PgAclAddCommand(_result=None, entity=pg_7fab9a77_3be0_4ecd_88c3_d43067cda76e, direction=from-lport, priority=1002, match=inport == @pg_7fab9a77_3be0_4ecd_88c3_d43067cda76e && ip4, action=allow-related, log=False, may_exist=True, severity=[], name=[], meter=[], external_ids={'neutron:security_group_rule_id': 'e18fadf5-8a08-4850-bdc2-e6c8d499fb64'}) {{(pid=102096) do_commit /opt/stack/data/venv/lib/python3.12/site-packages/ovsdbapp/backend/ovs_idl/transaction.py:89}}
Apr 02 13:11:15.775557 np0000162960 devstack@neutron-api.service[102096]: DEBUG ovsdbapp.backend.ovs_idl.transaction [None req-5183cb59-d0a2-4aa8-b9be-bfefb1cf8c12 None None] Running txn n=1 command(idx=4): PgAclAddCommand(_result=None, entity=pg_7fab9a77_3be0_4ecd_88c3_d43067cda76e, direction=to-lport, priority=1002, match=outport == @pg_7fab9a77_3be0_4ecd_88c3_d43067cda76e && ip6 && ip6.src == $pg_7fab9a77_3be0_4ecd_88c3_d43067cda76e_ip6, action=allow-related, log=False, may_exist=True, severity=[], name=[], meter=[], external_ids={'neutron:security_group_rule_id': 'fcbdbcf5-05f8-49cf-bf13-e22f45c2aab4'}) {{(pid=102096) do_commit /opt/stack/data/venv/lib/python3.12/site-packages/ovsdbapp/backend/ovs_idl/transaction.py:89}}
Apr 02 13:11:15.784610 np0000162960 devstack@neutron-api.service[102095]: DEBUG neutron.plugins.ml2.drivers.ovn.mech_driver.ovsdb.ovsdb_monitor [None req-7e541147-9501-454c-8ea0-459b96951258 None None] Touching Hash Ring node "bb2a7ea2b7cf57d7bc5004d9c9a6091f" from IDL notify handler {{(pid=102095) notify /opt/stack/neutron/neutron/plugins/ml2/drivers/ovn/mech_driver/ovsdb/ovsdb_monitor.py:904}}
Apr 02 13:11:15.785181 np0000162960 devstack@neutron-api.service[102096]: DEBUG neutron.plugins.ml2.drivers.ovn.mech_driver.ovsdb.ovsdb_monitor [None req-5183cb59-d0a2-4aa8-b9be-bfefb1cf8c12 None None] Touching Hash Ring node "78a80dd1a3575f08bd8180475cbda16b" from IDL notify handler {{(pid=102096) notify /opt/stack/neutron/neutron/plugins/ml2/drivers/ovn/mech_driver/ovsdb/ovsdb_monitor.py:904}}
Apr 02 13:11:15.785648 np0000162960 devstack@neutron-api.service[102098]: DEBUG neutron.plugins.ml2.drivers.ovn.mech_driver.ovsdb.ovsdb_monitor [None req-871c1156-2e4a-4595-abc2-07b2167dd60d None None] Touching Hash Ring node "260d2b11a3fe50609c64a83f58b0f5b8" from IDL notify handler {{(pid=102098) notify /opt/stack/neutron/neutron/plugins/ml2/drivers/ovn/mech_driver/ovsdb/ovsdb_monitor.py:904}}
Apr 02 13:11:15.785929 np0000162960 devstack@neutron-api.service[102097]: DEBUG neutron.plugins.ml2.drivers.ovn.mech_driver.ovsdb.ovsdb_monitor [None req-93bd37f3-e35d-462a-b9ce-994fce2d2f4d None None] Touching Hash Ring node "da6b610444be5d6b87d0c17566034ef4" from IDL notify handler {{(pid=102097) notify /opt/stack/neutron/neutron/plugins/ml2/drivers/ovn/mech_driver/ovsdb/ovsdb_monitor.py:904}}
Apr 02 13:11:15.793470 np0000162960 devstack@neutron-api.service[102095]: DEBUG neutron.plugins.ml2.drivers.ovn.mech_driver.ovsdb.ovsdb_monitor [None req-7e541147-9501-454c-8ea0-459b96951258 None None] Hash Ring: Node bb2a7ea2b7cf57d7bc5004d9c9a6091f (host: np0000162960) handling event "create" for row 51833f76-4593-4933-a3aa-37d2edd13412 (table: ACL) {{(pid=102095) notify /opt/stack/neutron/neutron/plugins/ml2/drivers/ovn/mech_driver/ovsdb/ovsdb_monitor.py:912}}
Apr 02 13:11:15.794678 np0000162960 devstack@neutron-api.service[102095]: DEBUG neutron.plugins.ml2.drivers.ovn.mech_driver.ovsdb.ovsdb_monitor [None req-7e541147-9501-454c-8ea0-459b96951258 None None] Touching Hash Ring node "bb2a7ea2b7cf57d7bc5004d9c9a6091f" from IDL notify handler {{(pid=102095) notify /opt/stack/neutron/neutron/plugins/ml2/drivers/ovn/mech_driver/ovsdb/ovsdb_monitor.py:904}}
Apr 02 13:11:15.795636 np0000162960 devstack@neutron-api.service[102096]: DEBUG neutron.plugins.ml2.drivers.ovn.mech_driver.ovsdb.ovsdb_monitor [None req-5183cb59-d0a2-4aa8-b9be-bfefb1cf8c12 None None] Hash Ring: Node 78a80dd1a3575f08bd8180475cbda16b (host: np0000162960) handling event "create" for row d3a7a236-3727-4c1f-b561-68f1f65d265c (table: Port_Group) {{(pid=102096) notify /opt/stack/neutron/neutron/plugins/ml2/drivers/ovn/mech_driver/ovsdb/ovsdb_monitor.py:912}}
Apr 02 13:11:15.795904 np0000162960 devstack@neutron-api.service[102098]: DEBUG neutron.plugins.ml2.drivers.ovn.mech_driver.ovsdb.ovsdb_monitor [None req-871c1156-2e4a-4595-abc2-07b2167dd60d None None] Hash Ring: Node 260d2b11a3fe50609c64a83f58b0f5b8 (host: np0000162960) handling event "create" for row b66754af-3646-41d3-a5d7-45f69800e80a (table: ACL) {{(pid=102098) notify /opt/stack/neutron/neutron/plugins/ml2/drivers/ovn/mech_driver/ovsdb/ovsdb_monitor.py:912}}
Apr 02 13:11:15.796019 np0000162960 devstack@neutron-api.service[102097]: DEBUG neutron.plugins.ml2.drivers.ovn.mech_driver.ovsdb.ovsdb_monitor [None req-93bd37f3-e35d-462a-b9ce-994fce2d2f4d None None] Hash Ring: Node da6b610444be5d6b87d0c17566034ef4 (host: np0000162960) handling event "create" for row 2671208c-3709-4178-89a1-3d52fa78b5d2 (table: ACL) {{(pid=102097) notify /opt/stack/neutron/neutron/plugins/ml2/drivers/ovn/mech_driver/ovsdb/ovsdb_monitor.py:912}}
Apr 02 13:11:15.798340 np0000162960 devstack@neutron-api.service[102095]: DEBUG neutron.plugins.ml2.drivers.ovn.mech_driver.ovsdb.ovsdb_monitor [None req-7e541147-9501-454c-8ea0-459b96951258 None None] Hash Ring: Node bb2a7ea2b7cf57d7bc5004d9c9a6091f (host: np0000162960) handling event "create" for row 59378f97-8b0b-4196-8243-137adeea6f35 (table: ACL) {{(pid=102095) notify /opt/stack/neutron/neutron/plugins/ml2/drivers/ovn/mech_driver/ovsdb/ovsdb_monitor.py:912}}
Apr 02 13:11:15.818005 np0000162960 devstack@neutron-api.service[102096]: INFO neutron.db.ovn_revision_numbers_db [None req-a04767dc-61e2-49b3-b435-7247c2b86ee3 admin admin] Successfully bumped revision number for resource 7fab9a77-3be0-4ecd-88c3-d43067cda76e (type: security_groups) to 1
Apr 02 13:11:15.832356 np0000162960 devstack@neutron-api.service[102096]: INFO neutron.db.ovn_revision_numbers_db [None req-a04767dc-61e2-49b3-b435-7247c2b86ee3 admin admin] Successfully bumped revision number for resource 57cd1826-a317-4631-aef7-984d97b0d667 (type: security_group_rules) to 0
Apr 02 13:11:15.845827 np0000162960 devstack@neutron-api.service[102096]: INFO neutron.db.ovn_revision_numbers_db [None req-a04767dc-61e2-49b3-b435-7247c2b86ee3 admin admin] Successfully bumped revision number for resource ab0ac1e6-d82d-4903-aad4-fc0d481ef4e5 (type: security_group_rules) to 0
Apr 02 13:11:15.860423 np0000162960 devstack@neutron-api.service[102096]: INFO neutron.db.ovn_revision_numbers_db [None req-a04767dc-61e2-49b3-b435-7247c2b86ee3 admin admin] Successfully bumped revision number for resource e18fadf5-8a08-4850-bdc2-e6c8d499fb64 (type: security_group_rules) to 0
Apr 02 13:11:15.876145 np0000162960 devstack@neutron-api.service[102096]: INFO neutron.db.ovn_revision_numbers_db [None req-a04767dc-61e2-49b3-b435-7247c2b86ee3 admin admin] Successfully bumped revision number for resource fcbdbcf5-05f8-49cf-bf13-e22f45c2aab4 (type: security_group_rules) to 0
Apr 02 13:11:15.901336 np0000162960 devstack@neutron-api.service[102096]: DEBUG neutron.api.rpc.handlers.resources_rpc [None req-a04767dc-61e2-49b3-b435-7247c2b86ee3 admin admin] Pushing event updated for resources: {'SecurityGroup': ['ID=7fab9a77-3be0-4ecd-88c3-d43067cda76e,revision_number=1']} {{(pid=102096) push /opt/stack/neutron/neutron/api/rpc/handlers/resources_rpc.py:237}}
Apr 02 13:11:15.906953 np0000162960 devstack@neutron-api.service[102096]: DEBUG ovsdbapp.backend.ovs_idl.transaction [None req-5183cb59-d0a2-4aa8-b9be-bfefb1cf8c12 None None] Running txn n=1 command(idx=0): CheckLivenessCommand(_result=None) {{(pid=102096) do_commit /opt/stack/data/venv/lib/python3.12/site-packages/ovsdbapp/backend/ovs_idl/transaction.py:89}}
Apr 02 13:11:15.914287 np0000162960 devstack@neutron-api.service[102097]: DEBUG neutron.plugins.ml2.drivers.ovn.mech_driver.ovsdb.ovsdb_monitor [-] ChassisAgentWriteEvent : Matched Chassis_Private, update, None None {{(pid=102097) matches /opt/stack/neutron/neutron/plugins/ml2/drivers/ovn/mech_driver/ovsdb/ovsdb_monitor.py:64}}
Apr 02 13:11:15.915246 np0000162960 devstack@neutron-api.service[102096]: DEBUG neutron.api.rpc.callbacks.version_manager [None req-a04767dc-61e2-49b3-b435-7247c2b86ee3 admin admin] Tracked resource versions report:
Apr 02 13:11:15.915246 np0000162960 devstack@neutron-api.service[102096]: pushed versions:
Apr 02 13:11:15.915246 np0000162960 devstack@neutron-api.service[102096]: { 'AddressGroup': {'1.2'},
Apr 02 13:11:15.915246 np0000162960 devstack@neutron-api.service[102096]: 'Agent': {'1.1'},
Apr 02 13:11:15.915246 np0000162960 devstack@neutron-api.service[102096]: 'ConntrackHelper': {'1.0'},
Apr 02 13:11:15.915246 np0000162960 devstack@neutron-api.service[102096]: 'LocalIPAssociation': {'1.0'},
Apr 02 13:11:15.915246 np0000162960 devstack@neutron-api.service[102096]: 'Log': {'1.0'},
Apr 02 13:11:15.915246 np0000162960 devstack@neutron-api.service[102096]: 'NDPProxy': {'1.0'},
Apr 02 13:11:15.915246 np0000162960 devstack@neutron-api.service[102096]: 'Network': {'1.2'},
Apr 02 13:11:15.915246 np0000162960 devstack@neutron-api.service[102096]: 'Port': {'1.10'},
Apr 02 13:11:15.915246 np0000162960 devstack@neutron-api.service[102096]: 'PortForwarding': {'1.3'},
Apr 02 13:11:15.915246 np0000162960 devstack@neutron-api.service[102096]: 'QosPolicy': {'1.10'},
Apr 02 13:11:15.915246 np0000162960 devstack@neutron-api.service[102096]: 'SecurityGroup': {'1.6'},
Apr 02 13:11:15.915246 np0000162960 devstack@neutron-api.service[102096]: 'SecurityGroupRule': {'1.3'},
Apr 02 13:11:15.915246 np0000162960 devstack@neutron-api.service[102096]: 'SubPort': {'1.0'},
Apr 02 13:11:15.915246 np0000162960 devstack@neutron-api.service[102096]: 'Subnet': {'1.2'},
Apr 02 13:11:15.915246 np0000162960 devstack@neutron-api.service[102096]: 'Trunk': {'1.1'}}
Apr 02 13:11:15.915246 np0000162960 devstack@neutron-api.service[102096]: consumer versions:
Apr 02 13:11:15.915246 np0000162960 devstack@neutron-api.service[102096]: {}
Apr 02 13:11:15.915246 np0000162960 devstack@neutron-api.service[102096]: {{(pid=102096) report /opt/stack/neutron/neutron/api/rpc/callbacks/version_manager.py:183}}
Apr 02 13:11:15.916369 np0000162960 devstack@neutron-api.service[102095]: DEBUG neutron.plugins.ml2.drivers.ovn.mech_driver.ovsdb.ovsdb_monitor [None req-3017fc94-3e07-4b1b-8079-efa76eece85b None None] ChassisAgentWriteEvent : Matched Chassis_Private, update, None None {{(pid=102095) matches /opt/stack/neutron/neutron/plugins/ml2/drivers/ovn/mech_driver/ovsdb/ovsdb_monitor.py:64}}
Apr 02 13:11:15.917311 np0000162960 devstack@neutron-api.service[102098]: DEBUG neutron.plugins.ml2.drivers.ovn.mech_driver.ovsdb.ovsdb_monitor [None req-871c1156-2e4a-4595-abc2-07b2167dd60d None None] Touching Hash Ring node "260d2b11a3fe50609c64a83f58b0f5b8" from IDL notify handler {{(pid=102098) notify /opt/stack/neutron/neutron/plugins/ml2/drivers/ovn/mech_driver/ovsdb/ovsdb_monitor.py:904}}
Apr 02 13:11:15.917311 np0000162960 devstack@neutron-api.service[102098]: DEBUG neutron.plugins.ml2.drivers.ovn.mech_driver.ovsdb.ovsdb_monitor [None req-3de0068a-c2b2-4918-b8ee-18f20b8ece25 None None] ChassisAgentWriteEvent : Matched Chassis_Private, update, None None {{(pid=102098) matches /opt/stack/neutron/neutron/plugins/ml2/drivers/ovn/mech_driver/ovsdb/ovsdb_monitor.py:64}}
Apr 02 13:11:15.920724 np0000162960 devstack@neutron-api.service[102096]: DEBUG neutron.plugins.ml2.drivers.ovn.mech_driver.ovsdb.ovsdb_monitor [-] ChassisAgentWriteEvent : Matched Chassis_Private, update, None None {{(pid=102096) matches /opt/stack/neutron/neutron/plugins/ml2/drivers/ovn/mech_driver/ovsdb/ovsdb_monitor.py:64}}
Apr 02 13:11:15.922892 np0000162960 devstack@neutron-api.service[102095]: DEBUG neutron.common.ovn.hash_ring_manager [None req-3017fc94-3e07-4b1b-8079-efa76eece85b None None] Hash Ring loaded. 4 active nodes. 0 offline nodes {{(pid=102095) _load_hash_ring /opt/stack/neutron/neutron/common/ovn/hash_ring_manager.py:102}}
Apr 02 13:11:15.923547 np0000162960 devstack@neutron-api.service[102097]: DEBUG neutron.common.ovn.hash_ring_manager [-] Hash Ring loaded. 4 active nodes. 0 offline nodes {{(pid=102097) _load_hash_ring /opt/stack/neutron/neutron/common/ovn/hash_ring_manager.py:102}}
Apr 02 13:11:15.923696 np0000162960 devstack@neutron-api.service[102098]: DEBUG neutron.plugins.ml2.drivers.ovn.mech_driver.ovsdb.ovsdb_monitor [None req-871c1156-2e4a-4595-abc2-07b2167dd60d None None] Hash Ring: Node 260d2b11a3fe50609c64a83f58b0f5b8 (host: np0000162960) handling event "update" for row 0d75010a-4957-4293-9c34-88d0d6c78672 (table: NB_Global) {{(pid=102098) notify /opt/stack/neutron/neutron/plugins/ml2/drivers/ovn/mech_driver/ovsdb/ovsdb_monitor.py:912}}
Apr 02 13:11:15.927315 np0000162960 devstack@neutron-api.service[102098]: DEBUG neutron.plugins.ml2.drivers.ovn.mech_driver.ovsdb.ovsdb_monitor [None req-871c1156-2e4a-4595-abc2-07b2167dd60d None None] Touching Hash Ring node "260d2b11a3fe50609c64a83f58b0f5b8" from IDL notify handler {{(pid=102098) notify /opt/stack/neutron/neutron/plugins/ml2/drivers/ovn/mech_driver/ovsdb/ovsdb_monitor.py:904}}
Apr 02 13:11:15.930077 np0000162960 devstack@neutron-api.service[102098]: DEBUG neutron.common.ovn.hash_ring_manager [None req-3de0068a-c2b2-4918-b8ee-18f20b8ece25 None None] Hash Ring loaded. 4 active nodes. 0 offline nodes {{(pid=102098) _load_hash_ring /opt/stack/neutron/neutron/common/ovn/hash_ring_manager.py:102}}
Apr 02 13:11:15.931314 np0000162960 devstack@neutron-api.service[102098]: DEBUG neutron.plugins.ml2.drivers.ovn.mech_driver.ovsdb.ovsdb_monitor [None req-871c1156-2e4a-4595-abc2-07b2167dd60d None None] Hash Ring: Node 260d2b11a3fe50609c64a83f58b0f5b8 (host: np0000162960) handling event "update" for row 0d75010a-4957-4293-9c34-88d0d6c78672 (table: NB_Global) {{(pid=102098) notify /opt/stack/neutron/neutron/plugins/ml2/drivers/ovn/mech_driver/ovsdb/ovsdb_monitor.py:912}}
Apr 02 13:11:15.932668 np0000162960 devstack@neutron-api.service[102098]: DEBUG neutron.plugins.ml2.drivers.ovn.mech_driver.ovsdb.ovsdb_monitor [None req-871c1156-2e4a-4595-abc2-07b2167dd60d None None] Touching Hash Ring node "260d2b11a3fe50609c64a83f58b0f5b8" from IDL notify handler {{(pid=102098) notify /opt/stack/neutron/neutron/plugins/ml2/drivers/ovn/mech_driver/ovsdb/ovsdb_monitor.py:904}}
Apr 02 13:11:15.935102 np0000162960 devstack@neutron-api.service[102098]: DEBUG neutron.plugins.ml2.drivers.ovn.mech_driver.ovsdb.ovsdb_monitor [None req-871c1156-2e4a-4595-abc2-07b2167dd60d None None] Hash Ring: Node 260d2b11a3fe50609c64a83f58b0f5b8 (host: np0000162960) handling event "update" for row 0d75010a-4957-4293-9c34-88d0d6c78672 (table: NB_Global) {{(pid=102098) notify /opt/stack/neutron/neutron/plugins/ml2/drivers/ovn/mech_driver/ovsdb/ovsdb_monitor.py:912}}
Apr 02 13:11:15.936322 np0000162960 devstack@neutron-api.service[102098]: DEBUG neutron.plugins.ml2.drivers.ovn.mech_driver.ovsdb.ovsdb_monitor [None req-871c1156-2e4a-4595-abc2-07b2167dd60d None None] Touching Hash Ring node "260d2b11a3fe50609c64a83f58b0f5b8" from IDL notify handler {{(pid=102098) notify /opt/stack/neutron/neutron/plugins/ml2/drivers/ovn/mech_driver/ovsdb/ovsdb_monitor.py:904}}
Apr 02 13:11:15.936616 np0000162960 devstack@neutron-api.service[102096]: DEBUG neutron.common.ovn.hash_ring_manager [-] Hash Ring loaded. 4 active nodes. 0 offline nodes {{(pid=102096) _load_hash_ring /opt/stack/neutron/neutron/common/ovn/hash_ring_manager.py:102}}
Apr 02 13:11:15.936911 np0000162960 devstack@neutron-api.service[102096]: DEBUG neutron.plugins.ml2.drivers.ovn.mech_driver.ovsdb.ovsdb_monitor [-] Hash Ring: Node 78a80dd1a3575f08bd8180475cbda16b (host: np0000162960) handling event "update" for row e6e0bea5-008f-4e9c-854d-cb9bd646b5dd (table: Chassis_Private) {{(pid=102096) notify /opt/stack/neutron/neutron/plugins/ml2/drivers/ovn/mech_driver/ovsdb/ovsdb_monitor.py:912}}
Apr 02 13:11:15.938651 np0000162960 devstack@neutron-api.service[102098]: DEBUG neutron.plugins.ml2.drivers.ovn.mech_driver.ovsdb.ovsdb_monitor [None req-871c1156-2e4a-4595-abc2-07b2167dd60d None None] Hash Ring: Node 260d2b11a3fe50609c64a83f58b0f5b8 (host: np0000162960) handling event "update" for row 0d75010a-4957-4293-9c34-88d0d6c78672 (table: NB_Global) {{(pid=102098) notify /opt/stack/neutron/neutron/plugins/ml2/drivers/ovn/mech_driver/ovsdb/ovsdb_monitor.py:912}}
Apr 02 13:11:15.965297 np0000162960 devstack@neutron-api.service[102096]: DEBUG neutron.plugins.ml2.drivers.helpers [None req-a04767dc-61e2-49b3-b435-7247c2b86ee3 admin admin] geneve segment allocate from pool success with {'geneve_vni': 54572} {{(pid=102096) allocate_partially_specified_segment /opt/stack/neutron/neutron/plugins/ml2/drivers/helpers.py:142}}
Apr 02 13:11:15.976022 np0000162960 devstack@neutron-api.service[102096]: DEBUG neutron_lib.callbacks.manager [None req-a04767dc-61e2-49b3-b435-7247c2b86ee3 admin admin] Publish callbacks ['neutron.services.segments.db._add_segment_host_mapping_for_segment-8748477176512', 'neutron.plugins.ml2.plugin.Ml2Plugin._handle_segment_change-255716'] for segment (464c3377-0894-44d2-adf3-a3e2570b29d5), precommit_create {{(pid=102096) _notify_loop /opt/stack/data/venv/lib/python3.12/site-packages/neutron_lib/callbacks/manager.py:184}}
Apr 02 13:11:15.976162 np0000162960 devstack@neutron-api.service[102096]: INFO neutron.db.segments_db [None req-a04767dc-61e2-49b3-b435-7247c2b86ee3 admin admin] Added segment 464c3377-0894-44d2-adf3-a3e2570b29d5 of type geneve for network f7463c3f-cea7-4d7d-944c-a83fbe2a2f2d
Apr 02 13:11:15.991557 np0000162960 devstack@neutron-api.service[102096]: DEBUG neutron_lib.callbacks.manager [None req-a04767dc-61e2-49b3-b435-7247c2b86ee3 admin admin] Publish callbacks ['neutron.services.auto_allocate.db._ensure_external_network_default_value_callback-8748475913520'] for network (f7463c3f-cea7-4d7d-944c-a83fbe2a2f2d), precommit_create {{(pid=102096) _notify_loop /opt/stack/data/venv/lib/python3.12/site-packages/neutron_lib/callbacks/manager.py:184}}
Apr 02 13:11:16.003717 np0000162960 devstack@neutron-api.service[102096]: DEBUG neutron.plugins.ml2.drivers.ovn.mech_driver.mech_driver [None req-a04767dc-61e2-49b3-b435-7247c2b86ee3 admin admin] Validating network segment with type geneve, segmentation ID 54572, physical network None {{(pid=102096) _validate_network_segments /opt/stack/neutron/neutron/plugins/ml2/drivers/ovn/mech_driver/mech_driver.py:631}}
Apr 02 13:11:16.003717 np0000162960 devstack@neutron-api.service[102096]: DEBUG neutron.db.ovn_revision_numbers_db [None req-a04767dc-61e2-49b3-b435-7247c2b86ee3 admin admin] create_initial_revision uuid=f7463c3f-cea7-4d7d-944c-a83fbe2a2f2d, type=networks, rev=-1 {{(pid=102096) create_initial_revision /opt/stack/neutron/neutron/db/ovn_revision_numbers_db.py:98}}
Apr 02 13:11:16.021216 np0000162960 devstack@neutron-api.service[102096]: DEBUG neutron_lib.callbacks.manager [None req-a04767dc-61e2-49b3-b435-7247c2b86ee3 admin admin] Publish callbacks ['neutron.plugins.ml2.ovo_rpc._ObjectChangeHandler.handle_event-1731831'] for network (f7463c3f-cea7-4d7d-944c-a83fbe2a2f2d), after_create {{(pid=102096) _notify_loop /opt/stack/data/venv/lib/python3.12/site-packages/neutron_lib/callbacks/manager.py:184}}
Apr 02 13:11:16.044456 np0000162960 devstack@neutron-api.service[102096]: DEBUG neutron.api.rpc.handlers.resources_rpc [None req-a04767dc-61e2-49b3-b435-7247c2b86ee3 admin admin] Pushing event updated for resources: {'Network': ['ID=f7463c3f-cea7-4d7d-944c-a83fbe2a2f2d,revision_number=1']} {{(pid=102096) push /opt/stack/neutron/neutron/api/rpc/handlers/resources_rpc.py:237}}
Apr 02 13:11:16.054436 np0000162960 devstack@neutron-api.service[102096]: DEBUG ovsdbapp.backend.ovs_idl.transaction [None req-5183cb59-d0a2-4aa8-b9be-bfefb1cf8c12 None None] Running txn n=1 command(idx=0): AddNetworkCommand(_result=None, network_uuid=f7463c3f-cea7-4d7d-944c-a83fbe2a2f2d, may_exist=True, columns={'external_ids': {'neutron:network_name': 'admin_net', 'neutron:mtu': '1372', 'neutron:revision_number': '1', 'neutron:availability_zone_hints': '', 'neutron:provnet-network-type': 'geneve'}, 'other_config': {'mcast_snoop': 'false', 'mcast_flood_unregistered': 'false', 'vlan-passthru': 'false'}}) {{(pid=102096) do_commit /opt/stack/data/venv/lib/python3.12/site-packages/ovsdbapp/backend/ovs_idl/transaction.py:89}}
Apr 02 13:11:16.114245 np0000162960 devstack@neutron-api.service[102095]: DEBUG neutron.plugins.ml2.drivers.ovn.mech_driver.ovsdb.ovsdb_monitor [None req-7e541147-9501-454c-8ea0-459b96951258 None None] Touching Hash Ring node "bb2a7ea2b7cf57d7bc5004d9c9a6091f" from IDL notify handler {{(pid=102095) notify /opt/stack/neutron/neutron/plugins/ml2/drivers/ovn/mech_driver/ovsdb/ovsdb_monitor.py:904}}
Apr 02 13:11:16.118807 np0000162960 devstack@neutron-api.service[102095]: DEBUG neutron.plugins.ml2.drivers.ovn.mech_driver.ovsdb.ovsdb_monitor [None req-3017fc94-3e07-4b1b-8079-efa76eece85b None None] Hash Ring: Node bb2a7ea2b7cf57d7bc5004d9c9a6091f (host: np0000162960) handling event "create" for row 94339070-605c-4d64-88c9-1c0d0cbb222b (table: Datapath_Binding) {{(pid=102095) notify /opt/stack/neutron/neutron/plugins/ml2/drivers/ovn/mech_driver/ovsdb/ovsdb_monitor.py:912}}
Apr 02 13:11:16.119647 np0000162960 devstack@neutron-api.service[102095]: DEBUG neutron.plugins.ml2.drivers.ovn.mech_driver.ovsdb.ovsdb_monitor [None req-7e541147-9501-454c-8ea0-459b96951258 None None] Hash Ring: Node bb2a7ea2b7cf57d7bc5004d9c9a6091f (host: np0000162960) handling event "create" for row f7463c3f-cea7-4d7d-944c-a83fbe2a2f2d (table: Logical_Switch) {{(pid=102095) notify /opt/stack/neutron/neutron/plugins/ml2/drivers/ovn/mech_driver/ovsdb/ovsdb_monitor.py:912}}
Apr 02 13:11:16.140506 np0000162960 devstack@neutron-api.service[102096]: INFO neutron.db.ovn_revision_numbers_db [None req-a04767dc-61e2-49b3-b435-7247c2b86ee3 admin admin] Successfully bumped revision number for resource f7463c3f-cea7-4d7d-944c-a83fbe2a2f2d (type: networks) to 1
Apr 02 13:11:16.156495 np0000162960 devstack@neutron-api.service[102096]: DEBUG neutron_lib.callbacks.manager [None req-a04767dc-61e2-49b3-b435-7247c2b86ee3 admin admin] Publish callbacks ['neutron.plugins.ml2.plugin.SecurityGroupDbMixin._ensure_default_security_group_handler-4168352'] for port (None), before_create {{(pid=102096) _notify_loop /opt/stack/data/venv/lib/python3.12/site-packages/neutron_lib/callbacks/manager.py:184}}
Apr 02 13:11:16.221830 np0000162960 devstack@neutron-api.service[102096]: DEBUG neutron_lib.callbacks.manager [None req-a04767dc-61e2-49b3-b435-7247c2b86ee3 admin admin] Publish callbacks ['neutron.plugins.ml2.drivers.ovn.mech_driver.mech_driver.OVNMechanismDriver._validate_allowed_address_pairs-381023'] for allowed_address_pair (b9e664c8-30be-4ed4-ad29-16fef653a0aa), before_create {{(pid=102096) _notify_loop /opt/stack/data/venv/lib/python3.12/site-packages/neutron_lib/callbacks/manager.py:184}}
Apr 02 13:11:16.222525 np0000162960 devstack@neutron-api.service[102096]: DEBUG neutron_lib.callbacks.manager [None req-a04767dc-61e2-49b3-b435-7247c2b86ee3 admin admin] Publish callbacks [] for port (b9e664c8-30be-4ed4-ad29-16fef653a0aa), precommit_create {{(pid=102096) _notify_loop /opt/stack/data/venv/lib/python3.12/site-packages/neutron_lib/callbacks/manager.py:184}}
Apr 02 13:11:16.222723 np0000162960 devstack@neutron-api.service[102096]: DEBUG neutron.plugins.ml2.drivers.ovn.mech_driver.mech_driver [None req-a04767dc-61e2-49b3-b435-7247c2b86ee3 admin admin] No provisioning block for port b9e664c8-30be-4ed4-ad29-16fef653a0aa since it does not have a host {{(pid=102096) _is_port_provisioning_required /opt/stack/neutron/neutron/plugins/ml2/drivers/ovn/mech_driver/mech_driver.py:884}}
Apr 02 13:11:16.222929 np0000162960 devstack@neutron-api.service[102096]: DEBUG neutron.db.ovn_revision_numbers_db [None req-a04767dc-61e2-49b3-b435-7247c2b86ee3 admin admin] create_initial_revision uuid=b9e664c8-30be-4ed4-ad29-16fef653a0aa, type=ports, rev=-1 {{(pid=102096) create_initial_revision /opt/stack/neutron/neutron/db/ovn_revision_numbers_db.py:98}}
Apr 02 13:11:16.256591 np0000162960 devstack@neutron-api.service[102096]: DEBUG neutron_lib.callbacks.manager [None req-a04767dc-61e2-49b3-b435-7247c2b86ee3 admin admin] Publish callbacks ['neutron.plugins.ml2.ovo_rpc._ObjectChangeHandler.handle_event-1731814'] for port (b9e664c8-30be-4ed4-ad29-16fef653a0aa), after_create {{(pid=102096) _notify_loop /opt/stack/data/venv/lib/python3.12/site-packages/neutron_lib/callbacks/manager.py:184}}
Apr 02 13:11:16.287444 np0000162960 devstack@neutron-api.service[102096]: DEBUG neutron.api.rpc.handlers.resources_rpc [None req-a04767dc-61e2-49b3-b435-7247c2b86ee3 admin admin] Pushing event updated for resources: {'Port': ['ID=b9e664c8-30be-4ed4-ad29-16fef653a0aa,revision_number=1']} {{(pid=102096) push /opt/stack/neutron/neutron/api/rpc/handlers/resources_rpc.py:237}}
Apr 02 13:11:16.295082 np0000162960 devstack@neutron-api.service[102096]: DEBUG ovsdbapp.backend.ovs_idl.transaction [None req-5183cb59-d0a2-4aa8-b9be-bfefb1cf8c12 None None] Running txn n=1 command(idx=0): AddLSwitchPortCommand(_result=None, lport=b9e664c8-30be-4ed4-ad29-16fef653a0aa, lswitch=neutron-f7463c3f-cea7-4d7d-944c-a83fbe2a2f2d, may_exist=True, network_uuid=f7463c3f-cea7-4d7d-944c-a83fbe2a2f2d, columns={'addresses': ['fa:16:3e:0f:5c:be'], 'external_ids': {'neutron:port_name': '', 'neutron:device_id': 'ovnmeta-f7463c3f-cea7-4d7d-944c-a83fbe2a2f2d', 'neutron:project_id': '79794c2865514fde89a7db1c774b0cc6', 'neutron:cidrs': '', 'neutron:device_owner': 'network:distributed', 'neutron:subnet_pool_addr_scope4': '', 'neutron:subnet_pool_addr_scope6': '', 'neutron:network_name': 'neutron-f7463c3f-cea7-4d7d-944c-a83fbe2a2f2d', 'neutron:security_group_ids': '', 'neutron:revision_number': '1', 'neutron:vnic_type': 'normal', 'neutron:port_capabilities': '', 'neutron:mtu': ''}, 'parent_name': [], 'tag': [], 'enabled': True, 'options': {}, 'type': 'localport', 'port_security': [], 'dhcpv4_options': [], 'dhcpv6_options': []}) {{(pid=102096) do_commit /opt/stack/data/venv/lib/python3.12/site-packages/ovsdbapp/backend/ovs_idl/transaction.py:89}}
Apr 02 13:11:16.296307 np0000162960 devstack@neutron-api.service[102096]: DEBUG ovsdbapp.backend.ovs_idl.transaction [None req-5183cb59-d0a2-4aa8-b9be-bfefb1cf8c12 None None] Running txn n=1 command(idx=1): QoSDelCommand(_result=None, switch=neutron-f7463c3f-cea7-4d7d-944c-a83fbe2a2f2d, conditions=[('direction', '=', 'to-lport'), ('priority', '=', 2002), ('match', '=', 'outport == "b9e664c8-30be-4ed4-ad29-16fef653a0aa"')], if_exists=True) {{(pid=102096) do_commit /opt/stack/data/venv/lib/python3.12/site-packages/ovsdbapp/backend/ovs_idl/transaction.py:89}}
Apr 02 13:11:16.296852 np0000162960 devstack@neutron-api.service[102096]: DEBUG ovsdbapp.backend.ovs_idl.transaction [None req-5183cb59-d0a2-4aa8-b9be-bfefb1cf8c12 None None] Running txn n=1 command(idx=2): QoSDelCommand(_result=None, switch=neutron-f7463c3f-cea7-4d7d-944c-a83fbe2a2f2d, conditions=[('direction', '=', 'from-lport'), ('priority', '=', 2002), ('match', '=', 'inport == "b9e664c8-30be-4ed4-ad29-16fef653a0aa"')], if_exists=True) {{(pid=102096) do_commit /opt/stack/data/venv/lib/python3.12/site-packages/ovsdbapp/backend/ovs_idl/transaction.py:89}}
Apr 02 13:11:16.306688 np0000162960 devstack@neutron-api.service[102095]: DEBUG neutron.plugins.ml2.drivers.ovn.mech_driver.ovsdb.ovsdb_monitor [None req-7e541147-9501-454c-8ea0-459b96951258 None None] Touching Hash Ring node "bb2a7ea2b7cf57d7bc5004d9c9a6091f" from IDL notify handler {{(pid=102095) notify /opt/stack/neutron/neutron/plugins/ml2/drivers/ovn/mech_driver/ovsdb/ovsdb_monitor.py:904}}
Apr 02 13:11:16.309543 np0000162960 devstack@neutron-api.service[102097]: DEBUG neutron.plugins.ml2.drivers.ovn.mech_driver.ovsdb.ovsdb_monitor [None req-93bd37f3-e35d-462a-b9ce-994fce2d2f4d None None] Touching Hash Ring node "da6b610444be5d6b87d0c17566034ef4" from IDL notify handler {{(pid=102097) notify /opt/stack/neutron/neutron/plugins/ml2/drivers/ovn/mech_driver/ovsdb/ovsdb_monitor.py:904}}
Apr 02 13:11:16.310900 np0000162960 devstack@neutron-api.service[102098]: DEBUG neutron.plugins.ml2.drivers.ovn.mech_driver.ovsdb.ovsdb_monitor [None req-3de0068a-c2b2-4918-b8ee-18f20b8ece25 None None] Hash Ring: Node 260d2b11a3fe50609c64a83f58b0f5b8 (host: np0000162960) handling event "create" for row e769300a-316c-4c68-9ba0-d6a4b2a3b45f (table: Port_Binding) {{(pid=102098) notify /opt/stack/neutron/neutron/plugins/ml2/drivers/ovn/mech_driver/ovsdb/ovsdb_monitor.py:912}}
Apr 02 13:11:16.312295 np0000162960 devstack@neutron-api.service[102095]: DEBUG neutron.plugins.ml2.drivers.ovn.mech_driver.ovsdb.ovsdb_monitor [None req-7e541147-9501-454c-8ea0-459b96951258 None None] Hash Ring: Node bb2a7ea2b7cf57d7bc5004d9c9a6091f (host: np0000162960) handling event "update" for row f7463c3f-cea7-4d7d-944c-a83fbe2a2f2d (table: Logical_Switch) {{(pid=102095) notify /opt/stack/neutron/neutron/plugins/ml2/drivers/ovn/mech_driver/ovsdb/ovsdb_monitor.py:912}}
Apr 02 13:11:16.313928 np0000162960 devstack@neutron-api.service[102097]: DEBUG neutron.plugins.ml2.drivers.ovn.mech_driver.ovsdb.ovsdb_monitor [None req-93bd37f3-e35d-462a-b9ce-994fce2d2f4d None None] Hash Ring: Node da6b610444be5d6b87d0c17566034ef4 (host: np0000162960) handling event "create" for row 71b45495-a299-431f-9f5b-a3bd2e22b169 (table: Logical_Switch_Port) {{(pid=102097) notify /opt/stack/neutron/neutron/plugins/ml2/drivers/ovn/mech_driver/ovsdb/ovsdb_monitor.py:912}}
Apr 02 13:11:16.314820 np0000162960 devstack@neutron-api.service[102097]: DEBUG ovsdbapp.backend.ovs_idl.event [None req-93bd37f3-e35d-462a-b9ce-994fce2d2f4d None None] Matched CREATE: LogicalSwitchPortCreateEvent(events=('create',), table='Logical_Switch_Port', conditions=[], old_conditions=None), priority=20 to row=Logical_Switch_Port(uuid=71b45495-a299-431f-9f5b-a3bd2e22b169, addresses=['fa:16:3e:0f:5c:be'], dhcpv4_options=[], dhcpv6_options=[], dynamic_addresses=[], enabled=True, external_ids={'neutron:cidrs': '', 'neutron:device_id': 'ovnmeta-f7463c3f-cea7-4d7d-944c-a83fbe2a2f2d', 'neutron:device_owner': 'network:distributed', 'neutron:mtu': '', 'neutron:network_name': 'neutron-f7463c3f-cea7-4d7d-944c-a83fbe2a2f2d', 'neutron:port_capabilities': '', 'neutron:port_name': '', 'neutron:project_id': '79794c2865514fde89a7db1c774b0cc6', 'neutron:revision_number': '1', 'neutron:security_group_ids': '', 'neutron:subnet_pool_addr_scope4': '', 'neutron:subnet_pool_addr_scope6': '', 'neutron:vnic_type': 'normal'}, ha_chassis_group=[], mirror_rules=[], name='b9e664c8-30be-4ed4-ad29-16fef653a0aa', options={}, parent_name=[], port_security=[], tag=[], tag_request=[], type='localport', up=[]) old= {{(pid=102097) matches /opt/stack/data/venv/lib/python3.12/site-packages/ovsdbapp/backend/ovs_idl/event.py:55}}
Apr 02 13:11:16.315724 np0000162960 devstack@neutron-api.service[102097]: INFO neutron.plugins.ml2.drivers.ovn.mech_driver.mech_driver [None req-99a0a7c9-545e-45d2-a804-99202e704c07 None None] OVN reports status down for port: b9e664c8-30be-4ed4-ad29-16fef653a0aa
Apr 02 13:11:16.317073 np0000162960 devstack@neutron-api.service[102097]: DEBUG neutron.plugins.ml2.drivers.ovn.mech_driver.ovsdb.ovsdb_monitor [None req-93bd37f3-e35d-462a-b9ce-994fce2d2f4d None None] Touching Hash Ring node "da6b610444be5d6b87d0c17566034ef4" from IDL notify handler {{(pid=102097) notify /opt/stack/neutron/neutron/plugins/ml2/drivers/ovn/mech_driver/ovsdb/ovsdb_monitor.py:904}}
Apr 02 13:11:16.319404 np0000162960 devstack@neutron-api.service[102097]: DEBUG neutron.plugins.ml2.drivers.ovn.mech_driver.ovsdb.ovsdb_monitor [None req-93bd37f3-e35d-462a-b9ce-994fce2d2f4d None None] Hash Ring: Node da6b610444be5d6b87d0c17566034ef4 (host: np0000162960) handling event "update" for row 71b45495-a299-431f-9f5b-a3bd2e22b169 (table: Logical_Switch_Port) {{(pid=102097) notify /opt/stack/neutron/neutron/plugins/ml2/drivers/ovn/mech_driver/ovsdb/ovsdb_monitor.py:912}}
Apr 02 13:11:16.338202 np0000162960 devstack@neutron-api.service[102096]: INFO neutron.db.ovn_revision_numbers_db [None req-a04767dc-61e2-49b3-b435-7247c2b86ee3 admin admin] Successfully bumped revision number for resource b9e664c8-30be-4ed4-ad29-16fef653a0aa (type: ports) to 1
Apr 02 13:11:16.345060 np0000162960 devstack@neutron-api.service[102096]: DEBUG neutron.pecan_wsgi.hooks.policy_enforcement [None req-a04767dc-61e2-49b3-b435-7247c2b86ee3 admin admin] Attributes excluded by policy engine: ['standard_attr_id'] {{(pid=102096) _exclude_attributes_by_policy /opt/stack/neutron/neutron/pecan_wsgi/hooks/policy_enforcement.py:258}}
Apr 02 13:11:16.345464 np0000162960 devstack@neutron-api.service[102096]: DEBUG neutron_lib.callbacks.manager [None req-a04767dc-61e2-49b3-b435-7247c2b86ee3 admin admin] Publish callbacks [] for network (None), before_response {{(pid=102096) _notify_loop /opt/stack/data/venv/lib/python3.12/site-packages/neutron_lib/callbacks/manager.py:184}}
Apr 02 13:11:16.357983 np0000162960 devstack@neutron-api.service[102096]: [pid: 102096|app: 0|req: 23/93] 199.19.213.228 () {68 vars in 1358 bytes} [Thu Apr 2 13:11:15 2026] POST /networking/v2.0/networks => generated 683 bytes in 716 msecs (HTTP/1.1 201) 4 headers in 162 bytes (1 switches on core 0)
Apr 02 13:11:16.552951 np0000162960 devstack@neutron-api.service[102097]: DEBUG neutron.db.provisioning_blocks [None req-99a0a7c9-545e-45d2-a804-99202e704c07 None None] Transition to ACTIVE for port object b9e664c8-30be-4ed4-ad29-16fef653a0aa will not be triggered until provisioned by entity L2. {{(pid=102097) add_provisioning_component /opt/stack/neutron/neutron/db/provisioning_blocks.py:74}}
Apr 02 13:11:16.561310 np0000162960 devstack@neutron-api.service[102095]: INFO neutron.pecan_wsgi.hooks.translation [None req-9ba6f615-3591-44b4-b2c4-43fb984318fd admin admin] GET failed (client error): The resource could not be found.
Apr 02 13:11:16.562059 np0000162960 devstack@neutron-api.service[102095]: [pid: 102095|app: 0|req: 25/94] 199.19.213.228 () {64 vars in 1334 bytes} [Thu Apr 2 13:11:16 2026] GET /networking/v2.0/networks/admin_net => generated 111 bytes in 10 msecs (HTTP/1.1 404) 4 headers in 164 bytes (1 switches on core 0)
