2026-05-19 23:28:11.374 10 INFO neutron.api.wsgi [req-99b2ee78-b4b0-45a1-9cb3-b772e9f4ab59 req-6148dd1f-9351-41b6-a2a2-264f617ea79a 9a1a0c772f3a4086bec73b7f422c3b1b 81ef9f555c0f46169a9d76abac9398eb - - a34a11348cc647f18b33937b190b4885 a34a11348cc647f18b33937b190b4885] 199.204.45.113 "GET /v2.0/floatingips?fixed_ip_address=10.100.0.12&port_id=7e63ac11-cb70-45ca-88d2-58da673b4d29 HTTP/1.1" status: 200 len: 1060 time: 0.0344875
2026-05-19 23:28:11.408 10 INFO neutron.api.wsgi [req-99b2ee78-b4b0-45a1-9cb3-b772e9f4ab59 req-9a1ffe90-8ec0-463e-b010-8a064c2a29e2 9a1a0c772f3a4086bec73b7f422c3b1b 81ef9f555c0f46169a9d76abac9398eb - - a34a11348cc647f18b33937b190b4885 a34a11348cc647f18b33937b190b4885] 199.204.45.113 "GET /v2.0/subnets?id=bebf3a96-efe2-40f2-8218-fe4013b3143f HTTP/1.1" status: 200 len: 901 time: 0.0294862
2026-05-19 23:28:11.433 10 INFO neutron.api.wsgi [req-99b2ee78-b4b0-45a1-9cb3-b772e9f4ab59 req-83b84dff-3077-41a9-b8f2-23b9e4e69d0c 9a1a0c772f3a4086bec73b7f422c3b1b 81ef9f555c0f46169a9d76abac9398eb - - a34a11348cc647f18b33937b190b4885 a34a11348cc647f18b33937b190b4885] 199.204.45.113 "GET /v2.0/ports?network_id=901affc7-bc00-4d99-b78f-7e2105ab0d92&device_owner=network%3Adhcp HTTP/1.1" status: 200 len: 210 time: 0.0191183
2026-05-19 23:28:11.491 10 INFO neutron.api.wsgi [req-99b2ee78-b4b0-45a1-9cb3-b772e9f4ab59 req-ec57e5f8-8911-4f5c-a4d8-b50dd4da95d5 9a1a0c772f3a4086bec73b7f422c3b1b 81ef9f555c0f46169a9d76abac9398eb - - a34a11348cc647f18b33937b190b4885 a34a11348cc647f18b33937b190b4885] 199.204.45.113 "GET /v2.0/networks/901affc7-bc00-4d99-b78f-7e2105ab0d92?fields=segments HTTP/1.1" status: 200 len: 212 time: 0.0509491
2026-05-19 23:28:11.535 10 INFO neutron.api.wsgi [req-99b2ee78-b4b0-45a1-9cb3-b772e9f4ab59 req-6c3679f0-77ef-4409-8d19-45d2e293c350 9a1a0c772f3a4086bec73b7f422c3b1b 81ef9f555c0f46169a9d76abac9398eb - - a34a11348cc647f18b33937b190b4885 a34a11348cc647f18b33937b190b4885] 199.204.45.113 "GET /v2.0/networks/901affc7-bc00-4d99-b78f-7e2105ab0d92?fields=provider%3Aphysical_network&fields=provider%3Anetwork_type HTTP/1.1" status: 200 len: 277 time: 0.0375769
2026-05-19 23:28:11.717 9 INFO neutron.api.wsgi [req-b25ec838-fd7b-483b-b422-ac8809f28aa3 req-1e5e8480-5540-4005-ae07-55c8dd566e5d 8ed5f54e60a04afc9979daf8b837741a 5170dd91d0e448b3903e8d618cef1ce6 - - default default] 10.0.0.8 "GET /v2.0/ports?device_id=efc6281c-672e-4db6-a425-4206310ca6e1 HTTP/1.1" status: 200 len: 1174 time: 0.0776503
2026-05-19 23:28:11.754 9 INFO neutron.api.wsgi [req-b25ec838-fd7b-483b-b422-ac8809f28aa3 req-75d5b544-c7e0-4218-87d4-ff9bad32c57c 8ed5f54e60a04afc9979daf8b837741a 5170dd91d0e448b3903e8d618cef1ce6 - - default default] 10.0.0.8 "GET /v2.0/security-groups?id=7bfd5662-2a5d-41a4-ba07-15f8394903fb&fields=id&fields=name HTTP/1.1" status: 200 len: 312 time: 0.0310674
2026-05-19 23:28:11.790 10 WARNING neutron_lib.context [None req-993d9e58-533d-40b0-afa6-a6cbe54f0b2e c4bc8411a3e24327a030c22d7174de8c cd583d3734344de5b80a8382a68abc13 - - default default] Method 'is_advsvc' is deprecated since 2023.2 release (neutron-lib 3.8.0) and will be removed once support for the old RBAC API policies will be removed from Neutron. Please use method 'is_service_role' instead.
2026-05-19 23:28:11.950 10 INFO neutron.db.ovn_revision_numbers_db [None req-993d9e58-533d-40b0-afa6-a6cbe54f0b2e c4bc8411a3e24327a030c22d7174de8c cd583d3734344de5b80a8382a68abc13 - - default default] Successfully bumped revision number for resource 917941f6-74b6-4f4f-a4bb-c1890ba37f55 (type: security_groups) to 1
2026-05-19 23:28:11.991 10 INFO neutron.db.ovn_revision_numbers_db [None req-993d9e58-533d-40b0-afa6-a6cbe54f0b2e c4bc8411a3e24327a030c22d7174de8c cd583d3734344de5b80a8382a68abc13 - - default default] Successfully bumped revision number for resource 40fd6c78-9778-4066-85e1-9f1471c014fe (type: security_group_rules) to 0
2026-05-19 23:28:12.006 10 INFO neutron.db.ovn_revision_numbers_db [None req-993d9e58-533d-40b0-afa6-a6cbe54f0b2e c4bc8411a3e24327a030c22d7174de8c cd583d3734344de5b80a8382a68abc13 - - default default] Successfully bumped revision number for resource 6c80d858-98d2-4b6d-9267-5db3b1e2f8b4 (type: security_group_rules) to 0
2026-05-19 23:28:12.020 10 INFO neutron.db.ovn_revision_numbers_db [None req-993d9e58-533d-40b0-afa6-a6cbe54f0b2e c4bc8411a3e24327a030c22d7174de8c cd583d3734344de5b80a8382a68abc13 - - default default] Successfully bumped revision number for resource e4fbd636-9b95-4aae-99f7-8a96c8454b5b (type: security_group_rules) to 0
2026-05-19 23:28:12.040 10 INFO neutron.db.ovn_revision_numbers_db [None req-993d9e58-533d-40b0-afa6-a6cbe54f0b2e c4bc8411a3e24327a030c22d7174de8c cd583d3734344de5b80a8382a68abc13 - - default default] Successfully bumped revision number for resource f666c6f9-3ed7-43b4-95ac-4080bf568499 (type: security_group_rules) to 0
2026-05-19 23:28:12.137 10 INFO neutron.db.ovn_revision_numbers_db [None req-993d9e58-533d-40b0-afa6-a6cbe54f0b2e c4bc8411a3e24327a030c22d7174de8c cd583d3734344de5b80a8382a68abc13 - - default default] Successfully bumped revision number for resource 79cbfa13-fdef-42eb-acae-990a929a3c91 (type: security_groups) to 1
2026-05-19 23:28:12.147 10 INFO neutron.db.ovn_revision_numbers_db [None req-993d9e58-533d-40b0-afa6-a6cbe54f0b2e c4bc8411a3e24327a030c22d7174de8c cd583d3734344de5b80a8382a68abc13 - - default default] Successfully bumped revision number for resource ab3a7a38-aece-4933-bf1c-a32b76546639 (type: security_group_rules) to 0
2026-05-19 23:28:12.160 10 INFO neutron.db.ovn_revision_numbers_db [None req-993d9e58-533d-40b0-afa6-a6cbe54f0b2e c4bc8411a3e24327a030c22d7174de8c cd583d3734344de5b80a8382a68abc13 - - default default] Successfully bumped revision number for resource b8212699-9e94-43e5-8e8d-b49055ac0408 (type: security_group_rules) to 0
2026-05-19 23:28:12.194 10 INFO neutron.api.wsgi [None req-993d9e58-533d-40b0-afa6-a6cbe54f0b2e c4bc8411a3e24327a030c22d7174de8c cd583d3734344de5b80a8382a68abc13 - - default default] 10.0.0.114 "POST /v2.0/security-groups HTTP/1.1" status: 201 len: 1824 time: 0.6122813
2026-05-19 23:28:12.227 10 INFO neutron.api.wsgi [None req-792d5838-bfac-49c5-be2a-a70c620cf0e1 c4bc8411a3e24327a030c22d7174de8c cd583d3734344de5b80a8382a68abc13 - - default default] 10.0.0.114 "GET /v2.0/security-groups HTTP/1.1" status: 200 len: 4724 time: 0.0276096
2026-05-19 23:28:12.230 10 INFO neutron.plugins.ml2.drivers.ovn.mech_driver.mech_driver [None req-06d208fc-9975-4658-8300-f141b5c4c498 - - - - - -] OVN reports status down for port: 7e63ac11-cb70-45ca-88d2-58da673b4d29
2026-05-19 23:28:12.344 9 INFO neutron.db.ovn_revision_numbers_db [None req-5c6f3b46-3b30-41bb-8697-994ea000d256 c4bc8411a3e24327a030c22d7174de8c cd583d3734344de5b80a8382a68abc13 - - default default] Successfully bumped revision number for resource 79cbfa13-fdef-42eb-acae-990a929a3c91 (type: security_groups) to 2
2026-05-19 23:28:12.378 10 INFO neutron.notifiers.nova [-] Nova event matching ['req-db042b04-8d5c-48ee-b332-044eea30f4df'] response: {'server_uuid': 'efc6281c-672e-4db6-a425-4206310ca6e1', 'name': 'network-vif-unplugged', 'status': 'completed', 'tag': '7e63ac11-cb70-45ca-88d2-58da673b4d29', 'code': 200}
2026-05-19 23:28:12.394 9 INFO neutron.api.wsgi [None req-5c6f3b46-3b30-41bb-8697-994ea000d256 c4bc8411a3e24327a030c22d7174de8c cd583d3734344de5b80a8382a68abc13 - - default default] 10.0.0.114 "PUT /v2.0/security-groups/79cbfa13-fdef-42eb-acae-990a929a3c91 HTTP/1.1" status: 200 len: 1858 time: 0.1592824
2026-05-19 23:28:12.426 9 INFO neutron.api.wsgi [None req-6981471a-8f39-4f62-9a37-24926f604569 c4bc8411a3e24327a030c22d7174de8c cd583d3734344de5b80a8382a68abc13 - - default default] 10.0.0.114 "GET /v2.0/security-groups/79cbfa13-fdef-42eb-acae-990a929a3c91 HTTP/1.1" status: 200 len: 1858 time: 0.0235212
2026-05-19 23:28:12.481 10 INFO neutron.db.ovn_revision_numbers_db [None req-06d208fc-9975-4658-8300-f141b5c4c498 - - - - - -] Successfully bumped revision number for resource 7e63ac11-cb70-45ca-88d2-58da673b4d29 (type: ports) to 8
2026-05-19 23:28:12.532 9 INFO neutron.api.wsgi [None req-f32a420f-44d6-4a86-9b63-b62cf3309a79 c4bc8411a3e24327a030c22d7174de8c cd583d3734344de5b80a8382a68abc13 - - default default] 10.0.0.114 "DELETE /v2.0/security-groups/79cbfa13-fdef-42eb-acae-990a929a3c91 HTTP/1.1" status: 204 len: 168 time: 0.1010871
2026-05-19 23:28:12.566 9 INFO neutron.api.wsgi [None req-8508e1b3-4dc7-4241-a28e-61a748513092 c4bc8411a3e24327a030c22d7174de8c cd583d3734344de5b80a8382a68abc13 - - default default] 10.0.0.114 "GET /v2.0/security-groups HTTP/1.1" status: 200 len: 3120 time: 0.0288103 /var/lib/openstack/lib/python3.12/site-packages/pycadf/identifier.py:71: UserWarning: Invalid uuid: neutron. To ensure interoperability, identifiers should be a valid uuid. warnings.warn(('Invalid uuid: %s. To ensure interoperability, '
2026-05-19 23:28:12.584 10 INFO neutron.api.v2.resource [None req-59feaddc-72fd-4220-bb72-84808ccccaf1 c4bc8411a3e24327a030c22d7174de8c cd583d3734344de5b80a8382a68abc13 - - default default] delete failed (client error): The resource could not be found.
2026-05-19 23:28:12.585 10 INFO neutron.api.wsgi [None req-59feaddc-72fd-4220-bb72-84808ccccaf1 c4bc8411a3e24327a030c22d7174de8c cd583d3734344de5b80a8382a68abc13 - - default default] 10.0.0.114 "DELETE /v2.0/security-groups/79cbfa13-fdef-42eb-acae-990a929a3c91 HTTP/1.1" status: 404 len: 347 time: 0.0125310
2026-05-19 23:28:12.598 10 WARNING neutron_lib.context [None req-a65cf817-d702-4f23-aacc-21f670eff040 c4bc8411a3e24327a030c22d7174de8c cd583d3734344de5b80a8382a68abc13 - - default default] Method 'is_advsvc' is deprecated since 2023.2 release (neutron-lib 3.8.0) and will be removed once support for the old RBAC API policies will be removed from Neutron. Please use method 'is_service_role' instead.
2026-05-19 23:28:12.699 10 INFO neutron.db.ovn_revision_numbers_db [None req-a65cf817-d702-4f23-aacc-21f670eff040 c4bc8411a3e24327a030c22d7174de8c cd583d3734344de5b80a8382a68abc13 - - default default] Successfully bumped revision number for resource 2c2e7aa2-1e71-43ae-82f9-b80a25982d76 (type: security_groups) to 1
2026-05-19 23:28:12.712 10 INFO neutron.db.ovn_revision_numbers_db [None req-a65cf817-d702-4f23-aacc-21f670eff040 c4bc8411a3e24327a030c22d7174de8c cd583d3734344de5b80a8382a68abc13 - - default default] Successfully bumped revision number for resource 2916ce4a-78a9-4569-9a87-2e631504d08c (type: security_group_rules) to 0
2026-05-19 23:28:12.723 10 INFO neutron.db.ovn_revision_numbers_db [None req-a65cf817-d702-4f23-aacc-21f670eff040 c4bc8411a3e24327a030c22d7174de8c cd583d3734344de5b80a8382a68abc13 - - default default] Successfully bumped revision number for resource f9610bc0-973a-4294-9469-ea88be34c910 (type: security_group_rules) to 0
2026-05-19 23:28:12.773 10 INFO neutron.api.wsgi [None req-a65cf817-d702-4f23-aacc-21f670eff040 c4bc8411a3e24327a030c22d7174de8c cd583d3734344de5b80a8382a68abc13 - - default default] 10.0.0.114 "POST /v2.0/security-groups HTTP/1.1" status: 201 len: 1824 time: 0.1800280
2026-05-19 23:28:12.783 10 WARNING neutron_lib.context [None req-8b20bd96-9ecd-4ebc-ac59-5ed326c84309 c4bc8411a3e24327a030c22d7174de8c cd583d3734344de5b80a8382a68abc13 - - default default] Method 'is_advsvc' is deprecated since 2023.2 release (neutron-lib 3.8.0) and will be removed once support for the old RBAC API policies will be removed from Neutron. Please use method 'is_service_role' instead.
2026-05-19 23:28:12.858 9 INFO neutron.api.wsgi [req-67dde12d-b53c-434d-ac06-217d238d03c5 req-cdd2cebf-1175-4e1e-9787-c5442b37ee7b 8ed5f54e60a04afc9979daf8b837741a 5170dd91d0e448b3903e8d618cef1ce6 - - default default] 10.0.0.8 "GET /v2.0/ports?device_id=efc6281c-672e-4db6-a425-4206310ca6e1 HTTP/1.1" status: 200 len: 1172 time: 0.0390573
2026-05-19 23:28:12.903 9 INFO neutron.api.wsgi [req-67dde12d-b53c-434d-ac06-217d238d03c5 req-0f3c2663-fc76-4933-b8a4-1eaa4898390d 8ed5f54e60a04afc9979daf8b837741a 5170dd91d0e448b3903e8d618cef1ce6 - - default default] 10.0.0.8 "GET /v2.0/security-groups?id=7bfd5662-2a5d-41a4-ba07-15f8394903fb&fields=id&fields=name HTTP/1.1" status: 200 len: 312 time: 0.0389256
2026-05-19 23:28:12.915 10 INFO neutron.db.ovn_revision_numbers_db [None req-8b20bd96-9ecd-4ebc-ac59-5ed326c84309 c4bc8411a3e24327a030c22d7174de8c cd583d3734344de5b80a8382a68abc13 - - default default] Successfully bumped revision number for resource 15be6849-becb-45b0-9c80-ab701451d3e9 (type: security_group_rules) to 0
2026-05-19 23:28:12.951 10 INFO neutron.api.wsgi [None req-8b20bd96-9ecd-4ebc-ac59-5ed326c84309 c4bc8411a3e24327a030c22d7174de8c cd583d3734344de5b80a8382a68abc13 - - default default] 10.0.0.114 "POST /v2.0/security-group-rules HTTP/1.1" status: 201 len: 800 time: 0.1734025
2026-05-19 23:28:12.972 10 INFO neutron.api.wsgi [None req-2c7af5cf-2403-4107-b31c-34a87ee37985 c4bc8411a3e24327a030c22d7174de8c cd583d3734344de5b80a8382a68abc13 - - default default] 10.0.0.114 "GET /v2.0/security-group-rules/15be6849-becb-45b0-9c80-ab701451d3e9 HTTP/1.1" status: 200 len: 795 time: 0.0139260
2026-05-19 23:28:13.062 10 INFO neutron.db.ovn_revision_numbers_db [None req-b1e4dac9-07d4-4d39-a64b-a7c2886077e5 cd01d9e63fc644b4a811d604a9183042 9f3c46f8450d40d8a7030348bf7b44e5 - - default default] Successfully bumped revision number for resource d528fc5d-9d8e-4899-bbc7-3f6eed94111c (type: security_groups) to 1
2026-05-19 23:28:13.075 10 INFO neutron.db.ovn_revision_numbers_db [None req-b1e4dac9-07d4-4d39-a64b-a7c2886077e5 cd01d9e63fc644b4a811d604a9183042 9f3c46f8450d40d8a7030348bf7b44e5 - - default default] Successfully bumped revision number for resource 0644acb9-a9ce-4a02-b3e9-96fa5c4627ff (type: security_group_rules) to 0
2026-05-19 23:28:13.076 9 INFO neutron.api.wsgi [None req-040818a3-21c2-433c-8765-5e3efc5cba6c c4bc8411a3e24327a030c22d7174de8c cd583d3734344de5b80a8382a68abc13 - - default default] 10.0.0.114 "GET /v2.0/security-group-rules HTTP/1.1" status: 200 len: 4333 time: 0.0976601
2026-05-19 23:28:13.085 10 INFO neutron.db.ovn_revision_numbers_db [None req-b1e4dac9-07d4-4d39-a64b-a7c2886077e5 cd01d9e63fc644b4a811d604a9183042 9f3c46f8450d40d8a7030348bf7b44e5 - - default default] Successfully bumped revision number for resource 18d23b1c-a324-4143-8db8-88d7946d5eb9 (type: security_group_rules) to 0
2026-05-19 23:28:13.099 10 INFO neutron.db.ovn_revision_numbers_db [None req-b1e4dac9-07d4-4d39-a64b-a7c2886077e5 cd01d9e63fc644b4a811d604a9183042 9f3c46f8450d40d8a7030348bf7b44e5 - - default default] Successfully bumped revision number for resource 7f32a2a5-f566-44b7-864e-3e332cc794ad (type: security_group_rules) to 0
2026-05-19 23:28:13.115 10 INFO neutron.db.ovn_revision_numbers_db [None req-b1e4dac9-07d4-4d39-a64b-a7c2886077e5 cd01d9e63fc644b4a811d604a9183042 9f3c46f8450d40d8a7030348bf7b44e5 - - default default] Successfully bumped revision number for resource aa317cdd-7c8e-40d4-8f2f-fcd1787f2a1b (type: security_group_rules) to 0
2026-05-19 23:28:13.158 10 INFO neutron.api.wsgi [None req-b1e4dac9-07d4-4d39-a64b-a7c2886077e5 cd01d9e63fc644b4a811d604a9183042 9f3c46f8450d40d8a7030348bf7b44e5 - - default default] 10.0.0.114 "GET /v2.0/security-groups?tenant_id=8538237ae0524f65a5e345797594e230&name=default HTTP/1.1" status: 200 len: 3120 time: 0.3221340
2026-05-19 23:28:13.195 9 INFO neutron.api.wsgi [None req-997086bb-4656-4277-8c73-8ccc48e0be75 c4bc8411a3e24327a030c22d7174de8c cd583d3734344de5b80a8382a68abc13 - - default default] 10.0.0.114 "DELETE /v2.0/security-group-rules/15be6849-becb-45b0-9c80-ab701451d3e9 HTTP/1.1" status: 204 len: 168 time: 0.1134913
2026-05-19 23:28:13.249 9 INFO neutron.api.wsgi [None req-cc6ac9b1-3215-428b-ac9c-11eef05a3e12 c4bc8411a3e24327a030c22d7174de8c cd583d3734344de5b80a8382a68abc13 - - default default] 10.0.0.114 "GET /v2.0/security-group-rules HTTP/1.1" status: 200 len: 3755 time: 0.0490694
2026-05-19 23:28:13.257 9 WARNING neutron_lib.context [None req-34c9a4cc-42c0-4033-862a-ec62b6f676e5 c4bc8411a3e24327a030c22d7174de8c cd583d3734344de5b80a8382a68abc13 - - default default] Method 'is_advsvc' is deprecated since 2023.2 release (neutron-lib 3.8.0) and will be removed once support for the old RBAC API policies will be removed from Neutron. Please use method 'is_service_role' instead.
2026-05-19 23:28:13.363 9 INFO neutron.db.ovn_revision_numbers_db [None req-34c9a4cc-42c0-4033-862a-ec62b6f676e5 c4bc8411a3e24327a030c22d7174de8c cd583d3734344de5b80a8382a68abc13 - - default default] Successfully bumped revision number for resource ae9875c3-95cf-42c4-81aa-2daf7feb84b8 (type: security_group_rules) to 0
2026-05-19 23:28:13.379 10 INFO neutron.api.wsgi [None req-70df6f0d-ea4b-4368-bebe-3a51dd6e0669 cd01d9e63fc644b4a811d604a9183042 9f3c46f8450d40d8a7030348bf7b44e5 - - default default] 10.0.0.114 "DELETE /v2.0/security-groups/d528fc5d-9d8e-4899-bbc7-3f6eed94111c HTTP/1.1" status: 204 len: 168 time: 0.2149167
2026-05-19 23:28:13.402 9 INFO neutron.api.wsgi [None req-34c9a4cc-42c0-4033-862a-ec62b6f676e5 c4bc8411a3e24327a030c22d7174de8c cd583d3734344de5b80a8382a68abc13 - - default default] 10.0.0.114 "POST /v2.0/security-group-rules HTTP/1.1" status: 201 len: 800 time: 0.1475568
2026-05-19 23:28:13.421 9 INFO neutron.api.wsgi [None req-135ce9c4-ed6f-4677-b3a3-427a23be3a0d c4bc8411a3e24327a030c22d7174de8c cd583d3734344de5b80a8382a68abc13 - - default default] 10.0.0.114 "GET /v2.0/security-group-rules/ae9875c3-95cf-42c4-81aa-2daf7feb84b8 HTTP/1.1" status: 200 len: 795 time: 0.0146453
2026-05-19 23:28:13.479 10 INFO neutron.api.wsgi [req-afab6fa0-5db3-4604-b08e-90f2bf08e3f2 req-afe62e2e-a547-4351-ba42-3574139a1e19 8ed5f54e60a04afc9979daf8b837741a 5170dd91d0e448b3903e8d618cef1ce6 - - default default] 199.204.45.113 "GET /v2.0/ports?device_id=efc6281c-672e-4db6-a425-4206310ca6e1 HTTP/1.1" status: 200 len: 1172 time: 0.0759435
2026-05-19 23:28:13.483 9 INFO neutron.api.wsgi [None req-9a1df872-bd5d-4047-8ea1-e99f4d0d6eb6 c4bc8411a3e24327a030c22d7174de8c cd583d3734344de5b80a8382a68abc13 - - default default] 10.0.0.114 "GET /v2.0/security-group-rules HTTP/1.1" status: 200 len: 4333 time: 0.0584879
2026-05-19 23:28:13.587 9 INFO neutron.api.wsgi [None req-8831f021-ae3c-464f-afdc-1039c9b5e873 c4bc8411a3e24327a030c22d7174de8c cd583d3734344de5b80a8382a68abc13 - - default default] 10.0.0.114 "DELETE /v2.0/security-group-rules/ae9875c3-95cf-42c4-81aa-2daf7feb84b8 HTTP/1.1" status: 204 len: 168 time: 0.0993950
2026-05-19 23:28:13.641 9 INFO neutron.api.wsgi [None req-7c5a6f7f-e06d-4fbd-bf14-2514205eb232 c4bc8411a3e24327a030c22d7174de8c cd583d3734344de5b80a8382a68abc13 - - default default] 10.0.0.114 "GET /v2.0/security-group-rules HTTP/1.1" status: 200 len: 3755 time: 0.0510356
2026-05-19 23:28:13.649 9 WARNING neutron_lib.context [None req-c54f86a6-70dd-4ee3-9265-23d456920e54 c4bc8411a3e24327a030c22d7174de8c cd583d3734344de5b80a8382a68abc13 - - default default] Method 'is_advsvc' is deprecated since 2023.2 release (neutron-lib 3.8.0) and will be removed once support for the old RBAC API policies will be removed from Neutron. Please use method 'is_service_role' instead.
2026-05-19 23:28:13.753 9 INFO neutron.db.ovn_revision_numbers_db [None req-c54f86a6-70dd-4ee3-9265-23d456920e54 c4bc8411a3e24327a030c22d7174de8c cd583d3734344de5b80a8382a68abc13 - - default default] Successfully bumped revision number for resource bcbb85a1-00a4-452e-b3e5-c09d79f98ca4 (type: security_group_rules) to 0
2026-05-19 23:28:13.786 9 INFO neutron.api.wsgi [None req-c54f86a6-70dd-4ee3-9265-23d456920e54 c4bc8411a3e24327a030c22d7174de8c cd583d3734344de5b80a8382a68abc13 - - default default] 10.0.0.114 "POST /v2.0/security-group-rules HTTP/1.1" status: 201 len: 801 time: 0.1418180 /var/lib/openstack/lib/python3.12/site-packages/pycadf/identifier.py:71: UserWarning: Invalid uuid: neutron. To ensure interoperability, identifiers should be a valid uuid. warnings.warn(('Invalid uuid: %s. To ensure interoperability, '
2026-05-19 23:28:13.816 10 INFO neutron.api.wsgi [None req-62f7665b-ee47-4048-ac1f-19104768b879 c4bc8411a3e24327a030c22d7174de8c cd583d3734344de5b80a8382a68abc13 - - default default] 10.0.0.114 "GET /v2.0/security-group-rules/bcbb85a1-00a4-452e-b3e5-c09d79f98ca4 HTTP/1.1" status: 200 len: 796 time: 0.0252693
2026-05-19 23:28:13.818 10 INFO neutron.db.l3_db [req-afab6fa0-5db3-4604-b08e-90f2bf08e3f2 req-fca78447-2951-42f4-bcfb-0496def5dc52 8ed5f54e60a04afc9979daf8b837741a 5170dd91d0e448b3903e8d618cef1ce6 - - default default] Floating IP a5edd81d-fd26-47f5-a6d3-f7e2f732cac3 disassociated. External IP: 10.96.250.201, port: 7e63ac11-cb70-45ca-88d2-58da673b4d29.
2026-05-19 23:28:13.908 10 INFO neutron.api.wsgi [None req-1ddbf57d-acdc-4c12-a7ac-930116c0cd30 c4bc8411a3e24327a030c22d7174de8c cd583d3734344de5b80a8382a68abc13 - - default default] 10.0.0.114 "GET /v2.0/security-group-rules HTTP/1.1" status: 200 len: 4334 time: 0.0883458
2026-05-19 23:28:13.971 10 INFO neutron.api.wsgi [req-afab6fa0-5db3-4604-b08e-90f2bf08e3f2 req-fca78447-2951-42f4-bcfb-0496def5dc52 8ed5f54e60a04afc9979daf8b837741a 5170dd91d0e448b3903e8d618cef1ce6 - - default default] 199.204.45.113 "DELETE /v2.0/ports/7e63ac11-cb70-45ca-88d2-58da673b4d29 HTTP/1.1" status: 204 len: 173 time: 0.4880364
2026-05-19 23:28:13.991 9 INFO neutron.api.wsgi [req-cea0c42a-f36a-44f8-bd4c-13ee7c2a3372 req-055a19d8-6103-4056-bec8-9b070f83c5cd 8ed5f54e60a04afc9979daf8b837741a 5170dd91d0e448b3903e8d618cef1ce6 - - default default] 10.0.0.8 "GET /v2.0/ports?device_id=efc6281c-672e-4db6-a425-4206310ca6e1 HTTP/1.1" status: 200 len: 210 time: 0.0203807
2026-05-19 23:28:14.056 10 INFO neutron.api.wsgi [None req-2799baa5-9a8b-4864-b518-7524116d02ed c4bc8411a3e24327a030c22d7174de8c cd583d3734344de5b80a8382a68abc13 - - default default] 10.0.0.114 "DELETE /v2.0/security-group-rules/bcbb85a1-00a4-452e-b3e5-c09d79f98ca4 HTTP/1.1" status: 204 len: 168 time: 0.1425366
2026-05-19 23:28:14.112 10 INFO neutron.api.wsgi [None req-358ba821-be03-4ac8-9927-8eb4a1ada754 c4bc8411a3e24327a030c22d7174de8c cd583d3734344de5b80a8382a68abc13 - - default default] 10.0.0.114 "GET /v2.0/security-group-rules HTTP/1.1" status: 200 len: 3755 time: 0.0501544
2026-05-19 23:28:14.222 10 INFO neutron.api.wsgi [None req-60104106-f312-4bac-9542-fb9e64454873 c4bc8411a3e24327a030c22d7174de8c cd583d3734344de5b80a8382a68abc13 - - default default] 10.0.0.114 "DELETE /v2.0/security-groups/2c2e7aa2-1e71-43ae-82f9-b80a25982d76 HTTP/1.1" status: 204 len: 168 time: 0.1064003
2026-05-19 23:28:14.256 10 INFO neutron.api.wsgi [None req-9ea4e31b-a88d-4cae-a951-61eed8c424be c4bc8411a3e24327a030c22d7174de8c cd583d3734344de5b80a8382a68abc13 - - default default] 10.0.0.114 "GET /v2.0/security-groups HTTP/1.1" status: 200 len: 3120 time: 0.0292766
2026-05-19 23:28:14.295 10 INFO neutron.api.wsgi [None req-1f3236c5-a320-41a8-8592-ab25fec37b99 c4bc8411a3e24327a030c22d7174de8c cd583d3734344de5b80a8382a68abc13 - - default default] 10.0.0.114 "GET /v2.0/security-groups HTTP/1.1" status: 200 len: 3120 time: 0.0317345
2026-05-19 23:28:14.412 10 INFO neutron.notifiers.nova [-] Nova event matching ['req-01655faa-a0f0-435c-8bd1-09ddc4739c41'] response: {'server_uuid': 'efc6281c-672e-4db6-a425-4206310ca6e1', 'name': 'network-vif-unplugged', 'status': 'completed', 'tag': '7e63ac11-cb70-45ca-88d2-58da673b4d29', 'code': 200}
2026-05-19 23:28:14.413 10 INFO neutron.notifiers.nova [-] Nova event matching ['req-01655faa-a0f0-435c-8bd1-09ddc4739c41'] response: {'server_uuid': 'efc6281c-672e-4db6-a425-4206310ca6e1', 'name': 'network-vif-deleted', 'tag': '7e63ac11-cb70-45ca-88d2-58da673b4d29', 'status': 'completed', 'code': 200}
2026-05-19 23:28:14.909 10 INFO neutron.api.wsgi [None req-d596b8f1-e90f-4286-8ab1-1a56e45ce32a cd01d9e63fc644b4a811d604a9183042 9f3c46f8450d40d8a7030348bf7b44e5 - - default default] 10.0.0.114 "GET /v2.0/security-groups?tenant_id=cd583d3734344de5b80a8382a68abc13&name=default HTTP/1.1" status: 200 len: 3120 time: 0.1712308
2026-05-19 23:28:15.096 9 INFO neutron.api.wsgi [req-4fe6e950-17bc-4643-a6c6-7d43e3e2ae68 req-af7a0d36-8ad2-4b69-beab-137f2d3b3d51 8ed5f54e60a04afc9979daf8b837741a 5170dd91d0e448b3903e8d618cef1ce6 - - default default] 10.0.0.8 "GET /v2.0/ports?device_id=efc6281c-672e-4db6-a425-4206310ca6e1 HTTP/1.1" status: 200 len: 210 time: 0.0216441
2026-05-19 23:28:15.100 10 INFO neutron.api.wsgi [None req-1813ea83-41ad-49d7-8614-a8bb124b193b cd01d9e63fc644b4a811d604a9183042 9f3c46f8450d40d8a7030348bf7b44e5 - - default default] 10.0.0.114 "DELETE /v2.0/security-groups/917941f6-74b6-4f4f-a4bb-c1890ba37f55 HTTP/1.1" status: 204 len: 168 time: 0.1857557
2026-05-19 23:28:15.146 9 INFO neutron.db.ovn_revision_numbers_db [None req-24a28e8b-d974-4de8-be0d-a89847bd3774 cd01d9e63fc644b4a811d604a9183042 9f3c46f8450d40d8a7030348bf7b44e5 - - default default] Successfully bumped revision number for resource e9081fe3-5bb1-4269-a1a4-185200376827 (type: security_groups) to 1
2026-05-19 23:28:15.159 9 INFO neutron.db.ovn_revision_numbers_db [None req-24a28e8b-d974-4de8-be0d-a89847bd3774 cd01d9e63fc644b4a811d604a9183042 9f3c46f8450d40d8a7030348bf7b44e5 - - default default] Successfully bumped revision number for resource 309056eb-1af5-468b-93fe-160713b96c21 (type: security_group_rules) to 0
2026-05-19 23:28:15.173 9 INFO neutron.db.ovn_revision_numbers_db [None req-24a28e8b-d974-4de8-be0d-a89847bd3774 cd01d9e63fc644b4a811d604a9183042 9f3c46f8450d40d8a7030348bf7b44e5 - - default default] Successfully bumped revision number for resource 7379c87a-8c1b-4624-ac3f-b35986a40662 (type: security_group_rules) to 0
2026-05-19 23:28:15.186 9 INFO neutron.db.ovn_revision_numbers_db [None req-24a28e8b-d974-4de8-be0d-a89847bd3774 cd01d9e63fc644b4a811d604a9183042 9f3c46f8450d40d8a7030348bf7b44e5 - - default default] Successfully bumped revision number for resource dd175395-d72d-4b3f-be34-13853f05e8f2 (type: security_group_rules) to 0
2026-05-19 23:28:15.201 9 INFO neutron.db.ovn_revision_numbers_db [None req-24a28e8b-d974-4de8-be0d-a89847bd3774 cd01d9e63fc644b4a811d604a9183042 9f3c46f8450d40d8a7030348bf7b44e5 - - default default] Successfully bumped revision number for resource fa90f005-a529-4092-8509-aae56560210c (type: security_group_rules) to 0
2026-05-19 23:28:15.274 9 INFO neutron.db.segments_db [None req-24a28e8b-d974-4de8-be0d-a89847bd3774 cd01d9e63fc644b4a811d604a9183042 9f3c46f8450d40d8a7030348bf7b44e5 - - default default] Added segment 19cfa433-35c0-4e05-8dff-30ce4381e206 of type geneve for network 2ecb8915-4d0c-451e-95a4-3d9c882102bb
2026-05-19 23:28:15.411 9 INFO neutron.db.ovn_revision_numbers_db [None req-24a28e8b-d974-4de8-be0d-a89847bd3774 cd01d9e63fc644b4a811d604a9183042 9f3c46f8450d40d8a7030348bf7b44e5 - - default default] Successfully bumped revision number for resource 2ecb8915-4d0c-451e-95a4-3d9c882102bb (type: networks) to 1
2026-05-19 23:28:15.536 9 WARNING neutron.scheduler.dhcp_agent_scheduler [None req-24a28e8b-d974-4de8-be0d-a89847bd3774 cd01d9e63fc644b4a811d604a9183042 9f3c46f8450d40d8a7030348bf7b44e5 - - default default] No more DHCP agents
2026-05-19 23:28:15.537 9 WARNING neutron.api.rpc.agentnotifiers.dhcp_rpc_agent_api [None req-24a28e8b-d974-4de8-be0d-a89847bd3774 cd01d9e63fc644b4a811d604a9183042 9f3c46f8450d40d8a7030348bf7b44e5 - - default default] Unable to schedule network 2ecb8915-4d0c-451e-95a4-3d9c882102bb: no agents available; will retry on subsequent port and subnet creation events.
2026-05-19 23:28:15.602 9 INFO neutron.db.ovn_revision_numbers_db [None req-24a28e8b-d974-4de8-be0d-a89847bd3774 cd01d9e63fc644b4a811d604a9183042 9f3c46f8450d40d8a7030348bf7b44e5 - - default default] Successfully bumped revision number for resource 129b2961-8d08-46a0-9ed8-6b6b42de9122 (type: ports) to 1
2026-05-19 23:28:15.624 9 INFO neutron.api.wsgi [None req-24a28e8b-d974-4de8-be0d-a89847bd3774 cd01d9e63fc644b4a811d604a9183042 9f3c46f8450d40d8a7030348bf7b44e5 - - default default] 10.0.0.114 "POST /v2.0/networks HTTP/1.1" status: 201 len: 943 time: 0.6661322
2026-05-19 23:28:15.772 9 WARNING neutron.scheduler.dhcp_agent_scheduler [None req-257e5b2a-fd62-4511-a37c-d98d4257ade9 cd01d9e63fc644b4a811d604a9183042 9f3c46f8450d40d8a7030348bf7b44e5 - - default default] No more DHCP agents
2026-05-19 23:28:15.775 9 WARNING neutron.api.rpc.agentnotifiers.dhcp_rpc_agent_api [None req-257e5b2a-fd62-4511-a37c-d98d4257ade9 cd01d9e63fc644b4a811d604a9183042 9f3c46f8450d40d8a7030348bf7b44e5 - - default default] Unable to schedule network 2ecb8915-4d0c-451e-95a4-3d9c882102bb: no agents available; will retry on subsequent port and subnet creation events.
2026-05-19 23:28:15.788 9 INFO neutron.api.wsgi [req-f68d9634-fcca-4d87-8a0e-421597965d80 req-7e92bf5e-9d82-451b-829c-a258ed862d04 0655be4d6c07418a9d51dc596c10638a a610b53e34534c59ae049baa624a91a7 - - default default] 10.0.0.8 "GET /v2.0/ports?device_id=37e8790d-741e-4e80-a703-799006d00f2b HTTP/1.1" status: 200 len: 1170 time: 0.0737789
2026-05-19 23:28:15.821 9 INFO neutron.api.wsgi [req-f68d9634-fcca-4d87-8a0e-421597965d80 req-a6759260-413b-42ec-9534-f94cbd0db1ae 0655be4d6c07418a9d51dc596c10638a a610b53e34534c59ae049baa624a91a7 - - default default] 10.0.0.8 "GET /v2.0/security-groups?id=6a59992a-a563-44aa-b7ce-fe19642e7994&fields=id&fields=name HTTP/1.1" status: 200 len: 313 time: 0.0274904
2026-05-19 23:28:15.922 9 INFO neutron.api.wsgi [req-dbd5c0c9-51c9-4177-b583-65f75fca1891 req-c2bb6df6-751f-415a-83ce-18a02499d3e0 0655be4d6c07418a9d51dc596c10638a a610b53e34534c59ae049baa624a91a7 - - default default] 10.0.0.8 "GET /v2.0/ports?device_id=37e8790d-741e-4e80-a703-799006d00f2b HTTP/1.1" status: 200 len: 1170 time: 0.0350578
2026-05-19 23:28:15.975 9 INFO neutron.api.wsgi [req-dbd5c0c9-51c9-4177-b583-65f75fca1891 req-2f8a271f-8788-4749-b218-6f8adcdf4062 0655be4d6c07418a9d51dc596c10638a a610b53e34534c59ae049baa624a91a7 - - default default] 10.0.0.8 "GET /v2.0/security-groups?id=6a59992a-a563-44aa-b7ce-fe19642e7994&fields=id&fields=name HTTP/1.1" status: 200 len: 313 time: 0.0472910
2026-05-19 23:28:16.180 9 INFO neutron.api.wsgi [req-ffc037a1-f6ee-4876-8bd5-c1621b69c511 req-d664a09b-75de-4026-bd08-a95665a8f458 8ed5f54e60a04afc9979daf8b837741a 5170dd91d0e448b3903e8d618cef1ce6 - - default default] 10.0.0.8 "GET /v2.0/ports?device_id=efc6281c-672e-4db6-a425-4206310ca6e1 HTTP/1.1" status: 200 len: 210 time: 0.0200520
2026-05-19 23:28:16.234 9 INFO neutron.db.ovn_revision_numbers_db [None req-d76db628-b3ed-4c17-ae68-6919ee5a9048 - - - - - -] Successfully bumped revision number for resource 129b2961-8d08-46a0-9ed8-6b6b42de9122 (type: ports) to 2
2026-05-19 23:28:16.272 9 INFO neutron.db.ovn_revision_numbers_db [None req-d76db628-b3ed-4c17-ae68-6919ee5a9048 - - - - - -] Successfully bumped revision number for resource d8eeffa0-e0fa-43e5-b7c1-4c15d526cbd9 (type: subnets) to 0
2026-05-19 23:28:16.286 9 INFO neutron.api.wsgi [None req-257e5b2a-fd62-4511-a37c-d98d4257ade9 cd01d9e63fc644b4a811d604a9183042 9f3c46f8450d40d8a7030348bf7b44e5 - - default default] 10.0.0.114 "POST /v2.0/subnets HTTP/1.1" status: 201 len: 887 time: 0.6561675
2026-05-19 23:28:16.354 9 INFO neutron.api.wsgi [req-9f69bd49-0d3d-452f-b741-3aa5622f0b7f req-95ab71d1-57dc-4bde-97a9-5aae7b9fcd55 0655be4d6c07418a9d51dc596c10638a a610b53e34534c59ae049baa624a91a7 - - default default] 10.0.0.8 "GET /v2.0/ports?device_id=37e8790d-741e-4e80-a703-799006d00f2b HTTP/1.1" status: 200 len: 1170 time: 0.0434582
2026-05-19 23:28:16.415 9 INFO neutron.api.wsgi [req-9f69bd49-0d3d-452f-b741-3aa5622f0b7f req-09136456-d1a5-44c5-bf0b-2985d4a19ec7 0655be4d6c07418a9d51dc596c10638a a610b53e34534c59ae049baa624a91a7 - - default default] 10.0.0.8 "GET /v2.0/security-groups?id=6a59992a-a563-44aa-b7ce-fe19642e7994&fields=id&fields=name HTTP/1.1" status: 200 len: 313 time: 0.0547512
2026-05-19 23:28:16.739 9 WARNING neutron.scheduler.dhcp_agent_scheduler [None req-2d15b00b-b19f-45ea-ac9b-b5caaa562e74 cd01d9e63fc644b4a811d604a9183042 9f3c46f8450d40d8a7030348bf7b44e5 - - default default] No more DHCP agents
2026-05-19 23:28:16.740 9 WARNING neutron.api.rpc.agentnotifiers.dhcp_rpc_agent_api [None req-2d15b00b-b19f-45ea-ac9b-b5caaa562e74 cd01d9e63fc644b4a811d604a9183042 9f3c46f8450d40d8a7030348bf7b44e5 - - default default] Unable to schedule network b10a6dc3-7d4b-4d49-9b0b-250658397072: no agents available; will retry on subsequent port and subnet creation events.
2026-05-19 23:28:16.850 9 INFO neutron.db.ovn_revision_numbers_db [None req-2d15b00b-b19f-45ea-ac9b-b5caaa562e74 cd01d9e63fc644b4a811d604a9183042 9f3c46f8450d40d8a7030348bf7b44e5 - - default default] Successfully bumped revision number for resource f7e9b102-9bd7-4d63-9a2d-594fda57d59a (type: ports) to 1
2026-05-19 23:28:17.411 10 INFO neutron.api.wsgi [None req-d79c2ca0-0c7b-47f9-9eb1-341b7d2d752f 8ed5f54e60a04afc9979daf8b837741a 5170dd91d0e448b3903e8d618cef1ce6 - - default default] 10.0.0.114 "DELETE /v2.0/security-groups/7bfd5662-2a5d-41a4-ba07-15f8394903fb HTTP/1.1" status: 204 len: 168 time: 0.1424396
2026-05-19 23:28:17.430 10 INFO neutron.api.v2.resource [None req-b3a23cbe-4d58-43e2-86f6-156cb2d2062a 8ed5f54e60a04afc9979daf8b837741a 5170dd91d0e448b3903e8d618cef1ce6 - - default default] show failed (client error): The resource could not be found.
2026-05-19 23:28:17.431 10 INFO neutron.api.wsgi [None req-b3a23cbe-4d58-43e2-86f6-156cb2d2062a 8ed5f54e60a04afc9979daf8b837741a 5170dd91d0e448b3903e8d618cef1ce6 - - default default] 10.0.0.114 "GET /v2.0/security-groups/7bfd5662-2a5d-41a4-ba07-15f8394903fb HTTP/1.1" status: 404 len: 347 time: 0.0118642
2026-05-19 23:28:17.513 10 INFO neutron.db.ovn_revision_numbers_db [None req-62b44829-f592-4c5e-bb23-ff23e5e5ca13 cd01d9e63fc644b4a811d604a9183042 9f3c46f8450d40d8a7030348bf7b44e5 - - default default] Successfully bumped revision number for resource 57960ca8-b09b-4e82-b51a-64659ae62499 (type: security_groups) to 1
2026-05-19 23:28:17.516 9 INFO neutron.api.wsgi [req-c66daca5-8c36-40da-a835-b06ebd4b9a3f req-49225ce8-92e7-4701-b28d-6814bae44b2a 0655be4d6c07418a9d51dc596c10638a a610b53e34534c59ae049baa624a91a7 - - default default] 10.0.0.8 "GET /v2.0/ports?device_id=37e8790d-741e-4e80-a703-799006d00f2b HTTP/1.1" status: 200 len: 1170 time: 0.0328555
2026-05-19 23:28:17.529 10 INFO neutron.db.ovn_revision_numbers_db [None req-62b44829-f592-4c5e-bb23-ff23e5e5ca13 cd01d9e63fc644b4a811d604a9183042 9f3c46f8450d40d8a7030348bf7b44e5 - - default default] Successfully bumped revision number for resource 055469ba-c7e2-4459-bd73-c31b40c94f67 (type: security_group_rules) to 0
2026-05-19 23:28:17.544 10 INFO neutron.db.ovn_revision_numbers_db [None req-62b44829-f592-4c5e-bb23-ff23e5e5ca13 cd01d9e63fc644b4a811d604a9183042 9f3c46f8450d40d8a7030348bf7b44e5 - - default default] Successfully bumped revision number for resource 137ba1e5-06b5-4250-abdd-ecf96e276072 (type: security_group_rules) to 0
2026-05-19 23:28:17.557 10 INFO neutron.db.ovn_revision_numbers_db [None req-62b44829-f592-4c5e-bb23-ff23e5e5ca13 cd01d9e63fc644b4a811d604a9183042 9f3c46f8450d40d8a7030348bf7b44e5 - - default default] Successfully bumped revision number for resource 583e0e05-db24-48ab-9775-2c8465c289ea (type: security_group_rules) to 0
2026-05-19 23:28:17.571 10 INFO neutron.db.ovn_revision_numbers_db [None req-62b44829-f592-4c5e-bb23-ff23e5e5ca13 cd01d9e63fc644b4a811d604a9183042 9f3c46f8450d40d8a7030348bf7b44e5 - - default default] Successfully bumped revision number for resource 6be74560-b72d-41d7-adf2-c8a6625eb699 (type: security_group_rules) to 0
2026-05-19 23:28:17.573 9 INFO neutron.api.wsgi [req-c66daca5-8c36-40da-a835-b06ebd4b9a3f req-faf4b6b6-17e8-4d04-9706-5d5fe1d791ba 0655be4d6c07418a9d51dc596c10638a a610b53e34534c59ae049baa624a91a7 - - default default] 10.0.0.8 "GET /v2.0/security-groups?id=6a59992a-a563-44aa-b7ce-fe19642e7994&fields=id&fields=name HTTP/1.1" status: 200 len: 313 time: 0.0502379
2026-05-19 23:28:17.613 10 INFO neutron.api.wsgi [None req-62b44829-f592-4c5e-bb23-ff23e5e5ca13 cd01d9e63fc644b4a811d604a9183042 9f3c46f8450d40d8a7030348bf7b44e5 - - default default] 10.0.0.114 "GET /v2.0/security-groups?tenant_id=328e53979d054d0d8b0a8dd4e4d47f32&name=default HTTP/1.1" status: 200 len: 3120 time: 0.4039793
2026-05-19 23:28:17.738 10 INFO neutron.api.wsgi [None req-739784fe-d544-4b74-9128-218b3dc53c58 8ed5f54e60a04afc9979daf8b837741a 5170dd91d0e448b3903e8d618cef1ce6 - - default default] 10.0.0.114 "DELETE /v2.0/floatingips/a5edd81d-fd26-47f5-a6d3-f7e2f732cac3 HTTP/1.1" status: 204 len: 168 time: 0.3008997
2026-05-19 23:28:17.821 10 INFO neutron.api.wsgi [None req-cbfae9b4-c9c1-425b-a99c-4772c03a7608 cd01d9e63fc644b4a811d604a9183042 9f3c46f8450d40d8a7030348bf7b44e5 - - default default] 10.0.0.114 "DELETE /v2.0/security-groups/57960ca8-b09b-4e82-b51a-64659ae62499 HTTP/1.1" status: 204 len: 168 time: 0.2026193
2026-05-19 23:28:17.862 9 INFO neutron.plugins.ml2.drivers.ovn.mech_driver.ovsdb.commands [None req-9be7f4bd-18a9-4ff2-b2a7-4ad6cd13d1d5 - - - - - -] Schedule LRP lrp-f7e9b102-9bd7-4d63-9a2d-594fda57d59a on gateway d93a5fac-b635-45d6-b68e-970988ee36b4 with priority 1
2026-05-19 23:28:17.901 10 INFO neutron.plugins.ml2.drivers.ovn.mech_driver.mech_driver [None req-4fd54028-719d-4614-86a6-de6775f4c49c - - - - - -] OVN reports status up for port: f7e9b102-9bd7-4d63-9a2d-594fda57d59a
2026-05-19 23:28:17.905 10 INFO neutron.plugins.ml2.drivers.ovn.mech_driver.ovsdb.ovsdb_monitor [None req-15025bdf-c166-4a3c-bfa0-c3aed6f59d0c - - - - - -] Router 7c76861e-1d8b-4b66-8380-d66779d9fb5c is bound to host instance
2026-05-19 23:28:17.908 9 INFO neutron.db.ovn_revision_numbers_db [None req-2d15b00b-b19f-45ea-ac9b-b5caaa562e74 cd01d9e63fc644b4a811d604a9183042 9f3c46f8450d40d8a7030348bf7b44e5 - - default default] Successfully bumped revision number for resource f7e9b102-9bd7-4d63-9a2d-594fda57d59a (type: router_ports) to 1
2026-05-19 23:28:17.924 10 INFO neutron.plugins.ml2.plugin [None req-4fd54028-719d-4614-86a6-de6775f4c49c - - - - - -] Attempt 1 to provision port f7e9b102-9bd7-4d63-9a2d-594fda57d59a
2026-05-19 23:28:17.937 10 INFO neutron.api.wsgi [req-f7e7db7b-ae99-4fb6-a3f8-462c4028c8d8 req-dedc8a14-c9d8-4e84-ae68-a0dc11f599cb 9a1a0c772f3a4086bec73b7f422c3b1b 81ef9f555c0f46169a9d76abac9398eb - - a34a11348cc647f18b33937b190b4885 a34a11348cc647f18b33937b190b4885] 199.204.45.113 "GET /v2.0/ports?tenant_id=a610b53e34534c59ae049baa624a91a7&device_id=37e8790d-741e-4e80-a703-799006d00f2b HTTP/1.1" status: 200 len: 1409 time: 0.0742888
2026-05-19 23:28:17.984 9 INFO neutron.db.ovn_revision_numbers_db [None req-2d15b00b-b19f-45ea-ac9b-b5caaa562e74 cd01d9e63fc644b4a811d604a9183042 9f3c46f8450d40d8a7030348bf7b44e5 - - default default] Successfully bumped revision number for resource 7c76861e-1d8b-4b66-8380-d66779d9fb5c (type: routers) to 2
2026-05-19 23:28:18.002 9 INFO neutron.api.wsgi [None req-2d15b00b-b19f-45ea-ac9b-b5caaa562e74 cd01d9e63fc644b4a811d604a9183042 9f3c46f8450d40d8a7030348bf7b44e5 - - default default] 10.0.0.114 "POST /v2.0/routers HTTP/1.1" status: 201 len: 1165 time: 1.7104471
2026-05-19 23:28:18.022 10 INFO neutron.api.wsgi [req-f7e7db7b-ae99-4fb6-a3f8-462c4028c8d8 req-3c02c1e4-358e-4d57-bdac-2105a2125065 9a1a0c772f3a4086bec73b7f422c3b1b 81ef9f555c0f46169a9d76abac9398eb - - a34a11348cc647f18b33937b190b4885 a34a11348cc647f18b33937b190b4885] 199.204.45.113 "GET /v2.0/networks?id=b3b9d5c0-5f06-4345-bce9-c4c025696083 HTTP/1.1" status: 200 len: 974 time: 0.0801792
2026-05-19 23:28:18.090 10 INFO neutron.api.wsgi [req-f7e7db7b-ae99-4fb6-a3f8-462c4028c8d8 req-c3886323-f5d0-4a42-bbb8-2d9d6454f86c 9a1a0c772f3a4086bec73b7f422c3b1b 81ef9f555c0f46169a9d76abac9398eb - - a34a11348cc647f18b33937b190b4885 a34a11348cc647f18b33937b190b4885] 199.204.45.113 "GET /v2.0/floatingips?fixed_ip_address=10.100.0.3&port_id=5b8e32b8-3fbe-40ca-872d-aa13ada279ec HTTP/1.1" status: 200 len: 1059 time: 0.0629122
2026-05-19 23:28:18.120 10 INFO neutron.api.wsgi [req-f7e7db7b-ae99-4fb6-a3f8-462c4028c8d8 req-e5a02887-1a5e-4f28-887e-9f7da8d9940f 9a1a0c772f3a4086bec73b7f422c3b1b 81ef9f555c0f46169a9d76abac9398eb - - a34a11348cc647f18b33937b190b4885 a34a11348cc647f18b33937b190b4885] 199.204.45.113 "GET /v2.0/subnets?id=aaa0d1b9-8392-4d5d-a785-92bb08e40bf7 HTTP/1.1" status: 200 len: 893 time: 0.0240653
2026-05-19 23:28:18.161 10 INFO neutron.api.wsgi [req-f7e7db7b-ae99-4fb6-a3f8-462c4028c8d8 req-abb99f73-0f3c-4f03-906d-4e2639760005 9a1a0c772f3a4086bec73b7f422c3b1b 81ef9f555c0f46169a9d76abac9398eb - - a34a11348cc647f18b33937b190b4885 a34a11348cc647f18b33937b190b4885] 199.204.45.113 "GET /v2.0/ports?network_id=b3b9d5c0-5f06-4345-bce9-c4c025696083&device_owner=network%3Adhcp HTTP/1.1" status: 200 len: 210 time: 0.0352314
2026-05-19 23:28:18.251 10 INFO neutron.api.wsgi [req-f7e7db7b-ae99-4fb6-a3f8-462c4028c8d8 req-87f49443-ec6f-4c23-86d4-7f72d4305837 9a1a0c772f3a4086bec73b7f422c3b1b 81ef9f555c0f46169a9d76abac9398eb - - a34a11348cc647f18b33937b190b4885 a34a11348cc647f18b33937b190b4885] 199.204.45.113 "GET /v2.0/networks/b3b9d5c0-5f06-4345-bce9-c4c025696083?fields=segments HTTP/1.1" status: 200 len: 212 time: 0.0805795
2026-05-19 23:28:18.313 10 INFO neutron.api.wsgi [req-f7e7db7b-ae99-4fb6-a3f8-462c4028c8d8 req-72aa09de-a769-476c-8c32-22208b340ed0 9a1a0c772f3a4086bec73b7f422c3b1b 81ef9f555c0f46169a9d76abac9398eb - - a34a11348cc647f18b33937b190b4885 a34a11348cc647f18b33937b190b4885] 199.204.45.113 "GET /v2.0/networks/b3b9d5c0-5f06-4345-bce9-c4c025696083?fields=provider%3Aphysical_network&fields=provider%3Anetwork_type HTTP/1.1" status: 200 len: 277 time: 0.0547452
2026-05-19 23:28:18.497 10 INFO neutron.db.ovn_revision_numbers_db [None req-827dd163-bd4c-421e-a3d1-e37e95fd7b45 - - - - - -] Successfully bumped revision number for resource f7e9b102-9bd7-4d63-9a2d-594fda57d59a (type: ports) to 1
2026-05-19 23:28:18.594 9 WARNING neutron.scheduler.dhcp_agent_scheduler [None req-1688b309-995a-4a15-b8dd-68f9b69db5bb cd01d9e63fc644b4a811d604a9183042 9f3c46f8450d40d8a7030348bf7b44e5 - - default default] No more DHCP agents
2026-05-19 23:28:18.596 9 WARNING neutron.api.rpc.agentnotifiers.dhcp_rpc_agent_api [None req-1688b309-995a-4a15-b8dd-68f9b69db5bb cd01d9e63fc644b4a811d604a9183042 9f3c46f8450d40d8a7030348bf7b44e5 - - default default] Unable to schedule network 2ecb8915-4d0c-451e-95a4-3d9c882102bb: no agents available; will retry on subsequent port and subnet creation events.
2026-05-19 23:28:18.686 9 INFO neutron.api.wsgi [req-aade9b93-4fa0-418e-bb6a-a7bdaeae2c02 req-fd8b2d9f-8f9c-4ca9-9527-bcf054f676d5 0655be4d6c07418a9d51dc596c10638a a610b53e34534c59ae049baa624a91a7 - - default default] 10.0.0.8 "GET /v2.0/ports?device_id=37e8790d-741e-4e80-a703-799006d00f2b HTTP/1.1" status: 200 len: 1170 time: 0.0481756
2026-05-19 23:28:18.750 9 INFO neutron.api.wsgi [req-aade9b93-4fa0-418e-bb6a-a7bdaeae2c02 req-914fe167-2563-4237-a396-265a4483858a 0655be4d6c07418a9d51dc596c10638a a610b53e34534c59ae049baa624a91a7 - - default default] 10.0.0.8 "GET /v2.0/security-groups?id=6a59992a-a563-44aa-b7ce-fe19642e7994&fields=id&fields=name HTTP/1.1" status: 200 len: 313 time: 0.0516336
2026-05-19 23:28:18.789 10 INFO neutron.db.ovn_revision_numbers_db [None req-827dd163-bd4c-421e-a3d1-e37e95fd7b45 - - - - - -] Successfully bumped revision number for resource f7e9b102-9bd7-4d63-9a2d-594fda57d59a (type: ports) to 4
2026-05-19 23:28:18.797 9 INFO neutron.db.ovn_revision_numbers_db [None req-1688b309-995a-4a15-b8dd-68f9b69db5bb cd01d9e63fc644b4a811d604a9183042 9f3c46f8450d40d8a7030348bf7b44e5 - - default default] Successfully bumped revision number for resource 79b3c377-b11a-4874-bc41-e72aeb7b3b57 (type: ports) to 1
2026-05-19 23:28:19.065 10 INFO neutron.db.ovn_revision_numbers_db [None req-827dd163-bd4c-421e-a3d1-e37e95fd7b45 - - - - - -] Successfully bumped revision number for resource f7e9b102-9bd7-4d63-9a2d-594fda57d59a (type: ports) to 5
2026-05-19 23:28:19.245 9 INFO neutron.api.wsgi [None req-86cfb81a-bccf-4134-ac87-675ee8d15a3d cd01d9e63fc644b4a811d604a9183042 9f3c46f8450d40d8a7030348bf7b44e5 - - default default] 10.0.0.114 "PUT /v2.0/routers/f84c29c7-9e6d-409b-91de-ff4343ca2361/remove_router_interface HTTP/1.1" status: 200 len: 503 time: 1.4449372
2026-05-19 23:28:19.477 9 INFO neutron.plugins.ml2.drivers.ovn.mech_driver.mech_driver [None req-47d56dc4-833b-4c47-bc67-38a284a4ccbc - - - - - -] OVN reports status up for port: 79b3c377-b11a-4874-bc41-e72aeb7b3b57
2026-05-19 23:28:19.489 9 INFO neutron.plugins.ml2.plugin [None req-47d56dc4-833b-4c47-bc67-38a284a4ccbc - - - - - -] Attempt 1 to provision port 79b3c377-b11a-4874-bc41-e72aeb7b3b57
2026-05-19 23:28:19.501 9 INFO neutron.db.ovn_revision_numbers_db [None req-1688b309-995a-4a15-b8dd-68f9b69db5bb cd01d9e63fc644b4a811d604a9183042 9f3c46f8450d40d8a7030348bf7b44e5 - - default default] Successfully bumped revision number for resource 79b3c377-b11a-4874-bc41-e72aeb7b3b57 (type: ports) to 1
2026-05-19 23:28:19.555 9 WARNING neutron.scheduler.dhcp_agent_scheduler [None req-1688b309-995a-4a15-b8dd-68f9b69db5bb cd01d9e63fc644b4a811d604a9183042 9f3c46f8450d40d8a7030348bf7b44e5 - - default default] No more DHCP agents
2026-05-19 23:28:19.556 9 WARNING neutron.api.rpc.agentnotifiers.dhcp_rpc_agent_api [None req-1688b309-995a-4a15-b8dd-68f9b69db5bb cd01d9e63fc644b4a811d604a9183042 9f3c46f8450d40d8a7030348bf7b44e5 - - default default] Unable to schedule network 2ecb8915-4d0c-451e-95a4-3d9c882102bb: no agents available; will retry on subsequent port and subnet creation events.
2026-05-19 23:28:19.840 10 INFO neutron.api.wsgi [None req-3c883b49-fd62-4c4f-9d91-f9931d709465 cd01d9e63fc644b4a811d604a9183042 9f3c46f8450d40d8a7030348bf7b44e5 - - default default] 10.0.0.114 "DELETE /v2.0/routers/f84c29c7-9e6d-409b-91de-ff4343ca2361 HTTP/1.1" status: 204 len: 168 time: 0.5894411 /var/lib/openstack/lib/python3.12/site-packages/pycadf/identifier.py:71: UserWarning: Invalid uuid: neutron. To ensure interoperability, identifiers should be a valid uuid. warnings.warn(('Invalid uuid: %s. To ensure interoperability, '
2026-05-19 23:28:19.887 9 INFO neutron.api.wsgi [req-9a681a05-9b6e-4a0f-8f7e-8d608bd4f9ef req-d904b438-793d-4998-9009-3acecc93b91a 0655be4d6c07418a9d51dc596c10638a a610b53e34534c59ae049baa624a91a7 - - default default] 10.0.0.8 "GET /v2.0/ports?device_id=37e8790d-741e-4e80-a703-799006d00f2b HTTP/1.1" status: 200 len: 1170 time: 0.0541809
2026-05-19 23:28:19.904 10 INFO neutron.db.ovn_revision_numbers_db [None req-ceeb1ed1-fefb-42ab-b67d-8d6cb94b342d cd01d9e63fc644b4a811d604a9183042 9f3c46f8450d40d8a7030348bf7b44e5 - - default default] Successfully bumped revision number for resource e93f5540-5e5d-40f9-86c6-f64aea8cea59 (type: security_groups) to 1
2026-05-19 23:28:19.922 10 INFO neutron.db.ovn_revision_numbers_db [None req-ceeb1ed1-fefb-42ab-b67d-8d6cb94b342d cd01d9e63fc644b4a811d604a9183042 9f3c46f8450d40d8a7030348bf7b44e5 - - default default] Successfully bumped revision number for resource 5f6c0e70-b347-4abb-afa7-80959caf371a (type: security_group_rules) to 0
2026-05-19 23:28:19.941 10 INFO neutron.db.ovn_revision_numbers_db [None req-ceeb1ed1-fefb-42ab-b67d-8d6cb94b342d cd01d9e63fc644b4a811d604a9183042 9f3c46f8450d40d8a7030348bf7b44e5 - - default default] Successfully bumped revision number for resource 86fcbaff-f9e1-44a2-8520-7c7f8b0fb6d6 (type: security_group_rules) to 0
2026-05-19 23:28:19.950 9 INFO neutron.db.ovn_revision_numbers_db [None req-47d56dc4-833b-4c47-bc67-38a284a4ccbc - - - - - -] Successfully bumped revision number for resource 79b3c377-b11a-4874-bc41-e72aeb7b3b57 (type: ports) to 2
2026-05-19 23:28:19.956 9 INFO neutron.api.wsgi [req-9a681a05-9b6e-4a0f-8f7e-8d608bd4f9ef req-f1e0d07e-a280-4dc9-96ea-f8b0222079c6 0655be4d6c07418a9d51dc596c10638a a610b53e34534c59ae049baa624a91a7 - - default default] 10.0.0.8 "GET /v2.0/security-groups?id=6a59992a-a563-44aa-b7ce-fe19642e7994&fields=id&fields=name HTTP/1.1" status: 200 len: 313 time: 0.0653207
2026-05-19 23:28:19.978 10 INFO neutron.db.ovn_revision_numbers_db [None req-ceeb1ed1-fefb-42ab-b67d-8d6cb94b342d cd01d9e63fc644b4a811d604a9183042 9f3c46f8450d40d8a7030348bf7b44e5 - - default default] Successfully bumped revision number for resource ba3eecb0-a9ba-433b-952e-e6642e3163ca (type: security_group_rules) to 0
2026-05-19 23:28:19.993 10 INFO neutron.db.ovn_revision_numbers_db [None req-ceeb1ed1-fefb-42ab-b67d-8d6cb94b342d cd01d9e63fc644b4a811d604a9183042 9f3c46f8450d40d8a7030348bf7b44e5 - - default default] Successfully bumped revision number for resource c8041519-df38-41fd-8462-f74b7851e459 (type: security_group_rules) to 0
2026-05-19 23:28:20.019 10 INFO neutron.api.wsgi [None req-c51e3136-b0f6-475b-b54d-6756b72041cb cd01d9e63fc644b4a811d604a9183042 9f3c46f8450d40d8a7030348bf7b44e5 - - default default] 10.0.0.114 "DELETE /v2.0/subnets/bebf3a96-efe2-40f2-8218-fe4013b3143f HTTP/1.1" status: 204 len: 168 time: 0.1736522
2026-05-19 23:28:20.077 10 INFO neutron.db.segments_db [None req-ceeb1ed1-fefb-42ab-b67d-8d6cb94b342d cd01d9e63fc644b4a811d604a9183042 9f3c46f8450d40d8a7030348bf7b44e5 - - default default] Added segment 7ec339ae-55bd-4898-9ffa-6a39cfc42975 of type geneve for network cb4be65a-3083-4e9a-bac9-2663218cb9c5
2026-05-19 23:28:20.209 10 INFO neutron.db.ovn_revision_numbers_db [None req-ceeb1ed1-fefb-42ab-b67d-8d6cb94b342d cd01d9e63fc644b4a811d604a9183042 9f3c46f8450d40d8a7030348bf7b44e5 - - default default] Successfully bumped revision number for resource cb4be65a-3083-4e9a-bac9-2663218cb9c5 (type: networks) to 1
2026-05-19 23:28:20.242 9 INFO neutron.db.ovn_revision_numbers_db [None req-1688b309-995a-4a15-b8dd-68f9b69db5bb cd01d9e63fc644b4a811d604a9183042 9f3c46f8450d40d8a7030348bf7b44e5 - - default default] Successfully bumped revision number for resource 79b3c377-b11a-4874-bc41-e72aeb7b3b57 (type: router_ports) to 1
2026-05-19 23:28:20.249 9 INFO neutron.api.wsgi [None req-1688b309-995a-4a15-b8dd-68f9b69db5bb cd01d9e63fc644b4a811d604a9183042 9f3c46f8450d40d8a7030348bf7b44e5 - - default default] 10.0.0.114 "PUT /v2.0/routers/7c76861e-1d8b-4b66-8380-d66779d9fb5c/add_router_interface HTTP/1.1" status: 200 len: 503 time: 2.2361941
2026-05-19 23:28:20.371 10 INFO neutron.services.segments.plugin [-] Segment f89d62cd-7ba5-4559-8239-c4cb1e6fccac resource provider aggregate not found
