2026-05-19 23:30:22.796 9 INFO neutron.db.ovn_revision_numbers_db [None req-6eaf9c36-7092-40c9-bb0d-8eed3d79fd35 cd01d9e63fc644b4a811d604a9183042 9f3c46f8450d40d8a7030348bf7b44e5 - - default default] Successfully bumped revision number for resource 6db16a5d-9b76-4a57-9c1c-d77cb832cb32 (type: security_group_rules) to 0
2026-05-19 23:30:22.806 9 INFO neutron.db.ovn_revision_numbers_db [None req-6eaf9c36-7092-40c9-bb0d-8eed3d79fd35 cd01d9e63fc644b4a811d604a9183042 9f3c46f8450d40d8a7030348bf7b44e5 - - default default] Successfully bumped revision number for resource ed5f9ade-fe9f-4e57-917b-8c98722c98a0 (type: security_group_rules) to 0
2026-05-19 23:30:22.819 9 INFO neutron.db.ovn_revision_numbers_db [None req-6eaf9c36-7092-40c9-bb0d-8eed3d79fd35 cd01d9e63fc644b4a811d604a9183042 9f3c46f8450d40d8a7030348bf7b44e5 - - default default] Successfully bumped revision number for resource f9a90d3a-9119-4ec9-a782-177ff546019f (type: security_group_rules) to 0
2026-05-19 23:30:22.852 9 INFO neutron.api.wsgi [None req-6eaf9c36-7092-40c9-bb0d-8eed3d79fd35 cd01d9e63fc644b4a811d604a9183042 9f3c46f8450d40d8a7030348bf7b44e5 - - default default] 10.0.0.114 "GET /v2.0/security-groups?tenant_id=a612ceccb0d24c17b3679e1f1cc7e651&name=default HTTP/1.1" status: 200 len: 3120 time: 0.3191128
2026-05-19 23:30:23.039 9 INFO neutron.api.wsgi [None req-32fb7561-ed3e-453a-8505-5083c6806cd2 04e405acf0ad42259952e757a10206aa 4a5b7e25a3c145ad9e06e36604d66539 - - default default] 10.0.0.114 "GET /v2.0/ports/99cec6be-717e-459d-98d7-ed441f7112f9 HTTP/1.1" status: 200 len: 1135 time: 0.0620656
2026-05-19 23:30:23.077 10 WARNING neutron.scheduler.dhcp_agent_scheduler [None req-a2ebf3ad-438e-4af2-b769-1388687b76bb - - - - - -] No more DHCP agents
2026-05-19 23:30:23.078 10 WARNING neutron.api.rpc.agentnotifiers.dhcp_rpc_agent_api [None req-a2ebf3ad-438e-4af2-b769-1388687b76bb - - - - - -] Unable to schedule network 73c1915b-7e5d-44f6-9cf5-b8b06ec60f93: no agents available; will retry on subsequent port and subnet creation events.
2026-05-19 23:30:23.097 10 INFO neutron.api.wsgi [None req-ff4c5771-b456-4e71-b8ac-41d30e4cb4ba cd01d9e63fc644b4a811d604a9183042 9f3c46f8450d40d8a7030348bf7b44e5 - - default default] 10.0.0.114 "DELETE /v2.0/security-groups/5c7887d8-1490-4e6b-a71c-e0b2d603411d HTTP/1.1" status: 204 len: 168 time: 0.2356646
2026-05-19 23:30:23.189 10 INFO neutron.db.ovn_revision_numbers_db [None req-a2ebf3ad-438e-4af2-b769-1388687b76bb - - - - - -] Successfully bumped revision number for resource cb4609c7-32b0-4f49-8d81-1a9a038bc6f0 (type: ports) to 1
2026-05-19 23:30:23.268 10 WARNING neutron.plugins.ml2.drivers.ovn.mech_driver.ovsdb.ovn_client [None req-a1a9ac29-4124-4e94-bcfa-90f6b276aa43 - - - - - -] No hosting information found for port a100a81e-98d9-45f4-8829-8fdb20543633: RuntimeError: No hosting information found for port a100a81e-98d9-45f4-8829-8fdb20543633
2026-05-19 23:30:23.362 10 INFO neutron.db.ovn_revision_numbers_db [None req-a1a9ac29-4124-4e94-bcfa-90f6b276aa43 - - - - - -] Successfully bumped revision number for resource a100a81e-98d9-45f4-8829-8fdb20543633 (type: router_ports) to 2
2026-05-19 23:30:23.362 10 INFO neutron.plugins.ml2.drivers.ovn.mech_driver.mech_driver [None req-a1a9ac29-4124-4e94-bcfa-90f6b276aa43 - - - - - -] OVN reports status up for port: ddf74f46-8409-463d-99fa-35b618b718c6
2026-05-19 23:30:23.385 10 INFO neutron.plugins.ml2.drivers.ovn.mech_driver.mech_driver [None req-a1a9ac29-4124-4e94-bcfa-90f6b276aa43 - - - - - -] OVN reports status up for port: 99cec6be-717e-459d-98d7-ed441f7112f9
2026-05-19 23:30:23.392 10 INFO neutron.plugins.ml2.plugin [None req-a1a9ac29-4124-4e94-bcfa-90f6b276aa43 - - - - - -] Attempt 1 to provision port 99cec6be-717e-459d-98d7-ed441f7112f9
2026-05-19 23:30:23.763 10 INFO neutron.db.ovn_revision_numbers_db [None req-a1a9ac29-4124-4e94-bcfa-90f6b276aa43 - - - - - -] Successfully bumped revision number for resource 99cec6be-717e-459d-98d7-ed441f7112f9 (type: ports) to 2
2026-05-19 23:30:23.844 10 INFO neutron.api.wsgi [-] 10.0.0.70 "GET / HTTP/1.1" status: 200 len: 246 time: 0.0015874
2026-05-19 23:30:23.846 9 INFO neutron.api.wsgi [-] 10.0.0.70 "GET / HTTP/1.1" status: 200 len: 246 time: 0.0032959
2026-05-19 23:30:23.863 10 INFO neutron.db.ovn_revision_numbers_db [None req-a2ebf3ad-438e-4af2-b769-1388687b76bb - - - - - -] Successfully bumped revision number for resource cb4609c7-32b0-4f49-8d81-1a9a038bc6f0 (type: ports) to 1
2026-05-19 23:30:23.905 10 WARNING neutron.scheduler.dhcp_agent_scheduler [None req-a2ebf3ad-438e-4af2-b769-1388687b76bb - - - - - -] No more DHCP agents
2026-05-19 23:30:23.906 10 WARNING neutron.api.rpc.agentnotifiers.dhcp_rpc_agent_api [None req-a2ebf3ad-438e-4af2-b769-1388687b76bb - - - - - -] Unable to schedule network 73c1915b-7e5d-44f6-9cf5-b8b06ec60f93: no agents available; will retry on subsequent port and subnet creation events.
2026-05-19 23:30:24.083 10 INFO neutron.api.wsgi [None req-8c6b2964-3db7-403b-b192-e4997db2749b 04e405acf0ad42259952e757a10206aa 4a5b7e25a3c145ad9e06e36604d66539 - - default default] 10.0.0.114 "GET /v2.0/ports/99cec6be-717e-459d-98d7-ed441f7112f9 HTTP/1.1" status: 200 len: 1137 time: 0.0351501
2026-05-19 23:30:24.317 9 WARNING neutron.plugins.ml2.drivers.ovn.mech_driver.ovsdb.ovn_client [None req-efc885cd-0d11-4e98-aa3c-86c6e87adac2 - - - - - -] No hosting information found for port 0bb478ec-81e2-43af-b676-d884e23657fd: RuntimeError: No hosting information found for port 0bb478ec-81e2-43af-b676-d884e23657fd
2026-05-19 23:30:24.317 9 INFO neutron.plugins.ml2.drivers.ovn.mech_driver.mech_driver [None req-efc885cd-0d11-4e98-aa3c-86c6e87adac2 - - - - - -] OVN reports status up for port: 1a9f342a-f5a7-4c00-b061-664e7ec39699
2026-05-19 23:30:24.325 9 INFO neutron.plugins.ml2.plugin [None req-efc885cd-0d11-4e98-aa3c-86c6e87adac2 - - - - - -] Attempt 1 to provision port 1a9f342a-f5a7-4c00-b061-664e7ec39699
2026-05-19 23:30:24.548 10 INFO neutron.db.ovn_revision_numbers_db [None req-a2ebf3ad-438e-4af2-b769-1388687b76bb - - - - - -] Successfully bumped revision number for resource cb4609c7-32b0-4f49-8d81-1a9a038bc6f0 (type: router_ports) to 1
2026-05-19 23:30:24.650 9 INFO neutron.api.wsgi [None req-43d11d25-9f80-4dab-9427-f29e10c9396b 04e405acf0ad42259952e757a10206aa 4a5b7e25a3c145ad9e06e36604d66539 - - default default] 10.0.0.114 "PUT /v2.0/routers/9d7ff834-bd76-416a-ad37-9a1afaa7cb45/remove_router_interface HTTP/1.1" status: 200 len: 503 time: 0.5611558
2026-05-19 23:30:24.688 10 INFO neutron.api.wsgi [None req-d4b75068-f968-43c4-9dfd-76c8761137fb 04e405acf0ad42259952e757a10206aa 4a5b7e25a3c145ad9e06e36604d66539 - - default default] 10.0.0.114 "GET /v2.0/ports?device_id=9d7ff834-bd76-416a-ad37-9a1afaa7cb45 HTTP/1.1" status: 200 len: 205 time: 0.0286810
2026-05-19 23:30:24.791 9 INFO neutron.db.ovn_revision_numbers_db [None req-efc885cd-0d11-4e98-aa3c-86c6e87adac2 - - - - - -] Successfully bumped revision number for resource 1a9f342a-f5a7-4c00-b061-664e7ec39699 (type: ports) to 2
2026-05-19 23:30:24.831 10 WARNING neutron.scheduler.dhcp_agent_scheduler [None req-a2ebf3ad-438e-4af2-b769-1388687b76bb - - - - - -] No more DHCP agents
2026-05-19 23:30:24.833 10 WARNING neutron.api.rpc.agentnotifiers.dhcp_rpc_agent_api [None req-a2ebf3ad-438e-4af2-b769-1388687b76bb - - - - - -] Unable to schedule network 73c1915b-7e5d-44f6-9cf5-b8b06ec60f93: no agents available; will retry on subsequent port and subnet creation events.
2026-05-19 23:30:24.857 10 INFO neutron.api.wsgi [None req-95d8488a-891e-4607-bab3-d398957e4112 04e405acf0ad42259952e757a10206aa 4a5b7e25a3c145ad9e06e36604d66539 - - default default] 10.0.0.114 "DELETE /v2.0/routers/9d7ff834-bd76-416a-ad37-9a1afaa7cb45 HTTP/1.1" status: 204 len: 168 time: 0.1654813 /var/lib/openstack/lib/python3.12/site-packages/pycadf/identifier.py:71: UserWarning: Invalid uuid: neutron. To ensure interoperability, identifiers should be a valid uuid. warnings.warn(('Invalid uuid: %s. To ensure interoperability, '
2026-05-19 23:30:24.958 10 INFO neutron.db.ovn_revision_numbers_db [None req-a2ebf3ad-438e-4af2-b769-1388687b76bb - - - - - -] Successfully bumped revision number for resource d57a5696-d346-4ca4-badb-a28a614f820b (type: ports) to 1
2026-05-19 23:30:25.019 9 INFO neutron.api.wsgi [None req-31d62af2-31f0-4948-99d7-ad061b08599d 04e405acf0ad42259952e757a10206aa 4a5b7e25a3c145ad9e06e36604d66539 - - default default] 10.0.0.114 "DELETE /v2.0/subnets/a837afbe-099d-4d69-a04b-2e2270853890 HTTP/1.1" status: 204 len: 168 time: 0.1554949
2026-05-19 23:30:25.251 10 INFO neutron.db.ovn_revision_numbers_db [None req-a2ebf3ad-438e-4af2-b769-1388687b76bb - - - - - -] Successfully bumped revision number for resource d57a5696-d346-4ca4-badb-a28a614f820b (type: ports) to 3
2026-05-19 23:30:25.355 9 INFO neutron.services.segments.plugin [-] Segment 8f4ee9ca-1b89-4ea6-a3f6-81c3e577bf0f resource provider aggregate not found
2026-05-19 23:30:25.360 9 INFO neutron.services.segments.plugin [-] Segment 8f4ee9ca-1b89-4ea6-a3f6-81c3e577bf0f resource provider aggregate not found
2026-05-19 23:30:25.364 9 INFO neutron.services.segments.plugin [-] Segment 8f4ee9ca-1b89-4ea6-a3f6-81c3e577bf0f resource provider not found; error: Placement Client Error (4xx): {"errors": [{"status": 404, "title": "Not Found", "detail": "The resource could not be found.\n\n No resource provider with uuid 8f4ee9ca-1b89-4ea6-a3f6-81c3e577bf0f found for delete ", "request_id": "req-b5a8da4d-ab6d-4f9f-9e7b-f2f328445c23"}]}
2026-05-19 23:30:25.374 9 INFO neutron.services.segments.plugin [-] Segment 8f4ee9ca-1b89-4ea6-a3f6-81c3e577bf0f resource provider not found; error: Placement Client Error (4xx): {"errors": [{"status": 404, "title": "Not Found", "detail": "The resource could not be found.\n\n No resource provider with uuid 8f4ee9ca-1b89-4ea6-a3f6-81c3e577bf0f found for delete ", "request_id": "req-d27cf67a-4b81-442f-917d-c86ad32c2c3e"}]}
2026-05-19 23:30:25.381 9 INFO neutron.api.wsgi [None req-436cc0ea-3d54-4b30-8d7c-6ccb0cf5342b 04e405acf0ad42259952e757a10206aa 4a5b7e25a3c145ad9e06e36604d66539 - - default default] 10.0.0.114 "DELETE /v2.0/networks/b2f71676-2682-4271-aabf-c97db286e8a2 HTTP/1.1" status: 204 len: 168 time: 0.3563333
2026-05-19 23:30:25.398 10 WARNING neutron_lib.context [None req-9fa20e17-0bc9-4e02-93ed-a6f05f87f38d 04e405acf0ad42259952e757a10206aa 4a5b7e25a3c145ad9e06e36604d66539 - - default default] Method 'is_advsvc' is deprecated since 2023.2 release (neutron-lib 3.8.0) and will be removed once support for the old RBAC API policies will be removed from Neutron. Please use method 'is_service_role' instead.
2026-05-19 23:30:25.500 10 INFO neutron.api.wsgi [None req-93fa12dc-3c9f-4ad3-9c3a-bbf0674b0450 5624e850f51b439d9744f078bcc1d1ae dacac667d8d243f7a91c26265660e38c - - default default] 10.0.0.114 "POST /v2.0/vpn/vpnservices HTTP/1.1" status: 201 len: 655 time: 4.2082171
2026-05-19 23:30:25.519 9 INFO neutron.api.wsgi [None req-2a1b82f5-7e30-4712-b076-f93cddf0ccd4 fa25697cf19747a9870674580275d4eb 55cbc555c71e4c57983b9c02d190dda9 - - default default] 10.0.0.114 "GET /v2.0/vpn/vpnservices HTTP/1.1" status: 200 len: 1507 time: 0.0132537
2026-05-19 23:30:25.779 10 WARNING neutron.scheduler.dhcp_agent_scheduler [None req-9fa20e17-0bc9-4e02-93ed-a6f05f87f38d 04e405acf0ad42259952e757a10206aa 4a5b7e25a3c145ad9e06e36604d66539 - - default default] No more DHCP agents
2026-05-19 23:30:25.780 10 WARNING neutron.api.rpc.agentnotifiers.dhcp_rpc_agent_api [None req-9fa20e17-0bc9-4e02-93ed-a6f05f87f38d 04e405acf0ad42259952e757a10206aa 4a5b7e25a3c145ad9e06e36604d66539 - - default default] Unable to schedule network b10a6dc3-7d4b-4d49-9b0b-250658397072: no agents available; will retry on subsequent port and subnet creation events.
2026-05-19 23:30:25.895 10 INFO neutron.db.ovn_revision_numbers_db [None req-9fa20e17-0bc9-4e02-93ed-a6f05f87f38d 04e405acf0ad42259952e757a10206aa 4a5b7e25a3c145ad9e06e36604d66539 - - default default] Successfully bumped revision number for resource b9ead6cc-33b3-494a-83b6-326fbe9b6d40 (type: ports) to 1
2026-05-19 23:30:26.568 10 INFO neutron.plugins.ml2.drivers.ovn.mech_driver.ovsdb.commands [None req-ebe2b456-0d8b-41de-821b-87068288ccce - - - - - -] Schedule LRP lrp-b9ead6cc-33b3-494a-83b6-326fbe9b6d40 on gateway d93a5fac-b635-45d6-b68e-970988ee36b4 with priority 1
2026-05-19 23:30:26.906 10 INFO neutron.db.ovn_revision_numbers_db [None req-9fa20e17-0bc9-4e02-93ed-a6f05f87f38d 04e405acf0ad42259952e757a10206aa 4a5b7e25a3c145ad9e06e36604d66539 - - default default] Successfully bumped revision number for resource b9ead6cc-33b3-494a-83b6-326fbe9b6d40 (type: router_ports) to 1
2026-05-19 23:30:26.983 10 INFO neutron.db.ovn_revision_numbers_db [None req-9fa20e17-0bc9-4e02-93ed-a6f05f87f38d 04e405acf0ad42259952e757a10206aa 4a5b7e25a3c145ad9e06e36604d66539 - - default default] Successfully bumped revision number for resource 2497f0ac-7d81-4598-bcfe-ebc98aa7d5d3 (type: routers) to 2
2026-05-19 23:30:27.001 10 INFO neutron.api.wsgi [None req-9fa20e17-0bc9-4e02-93ed-a6f05f87f38d 04e405acf0ad42259952e757a10206aa 4a5b7e25a3c145ad9e06e36604d66539 - - default default] 10.0.0.114 "POST /v2.0/routers HTTP/1.1" status: 201 len: 1147 time: 1.6087985
2026-05-19 23:30:27.096 10 INFO neutron.api.wsgi [None req-9657b152-c545-40c2-9c5f-dbb7798eb608 04e405acf0ad42259952e757a10206aa 4a5b7e25a3c145ad9e06e36604d66539 - - default default] 10.0.0.114 "GET /v2.0/routers/2497f0ac-7d81-4598-bcfe-ebc98aa7d5d3 HTTP/1.1" status: 200 len: 1148 time: 0.0894849
2026-05-19 23:30:27.172 10 INFO neutron.api.wsgi [None req-5166fde7-f42a-4378-9f89-13d6900c42d8 04e405acf0ad42259952e757a10206aa 4a5b7e25a3c145ad9e06e36604d66539 - - default default] 10.0.0.114 "GET /v2.0/routers HTTP/1.1" status: 200 len: 1151 time: 0.0712574
2026-05-19 23:30:27.589 10 INFO neutron.db.ovn_revision_numbers_db [None req-6bd064d2-78db-4f66-b4aa-19bbf37a8a08 04e405acf0ad42259952e757a10206aa 4a5b7e25a3c145ad9e06e36604d66539 - - default default] Successfully bumped revision number for resource 2497f0ac-7d81-4598-bcfe-ebc98aa7d5d3 (type: routers) to 3
2026-05-19 23:30:27.595 10 INFO neutron.api.wsgi [None req-6bd064d2-78db-4f66-b4aa-19bbf37a8a08 04e405acf0ad42259952e757a10206aa 4a5b7e25a3c145ad9e06e36604d66539 - - default default] 10.0.0.114 "PUT /v2.0/routers/2497f0ac-7d81-4598-bcfe-ebc98aa7d5d3 HTTP/1.1" status: 200 len: 1155 time: 0.4169898
2026-05-19 23:30:27.665 10 INFO neutron.api.wsgi [None req-4018fb33-2c6b-47d4-ba81-3737c79da64c 04e405acf0ad42259952e757a10206aa 4a5b7e25a3c145ad9e06e36604d66539 - - default default] 10.0.0.114 "GET /v2.0/routers/2497f0ac-7d81-4598-bcfe-ebc98aa7d5d3 HTTP/1.1" status: 200 len: 1155 time: 0.0643408
2026-05-19 23:30:27.684 10 INFO neutron.api.wsgi [None req-69571e9c-2cc9-4149-9b27-488bf2a54daa 04e405acf0ad42259952e757a10206aa 4a5b7e25a3c145ad9e06e36604d66539 - - default default] 10.0.0.114 "GET /v2.0/ports?device_id=2497f0ac-7d81-4598-bcfe-ebc98aa7d5d3 HTTP/1.1" status: 200 len: 205 time: 0.0147223
2026-05-19 23:30:28.097 9 INFO neutron.services.segments.plugin [-] Segment 10b919c3-c3ce-4da1-b9b3-ec52d4a6bb65 resource provider aggregate not found
2026-05-19 23:30:28.101 9 INFO neutron.services.segments.plugin [-] Segment 10b919c3-c3ce-4da1-b9b3-ec52d4a6bb65 resource provider aggregate not found
2026-05-19 23:30:28.109 9 INFO neutron.services.segments.plugin [-] Segment 10b919c3-c3ce-4da1-b9b3-ec52d4a6bb65 resource provider not found; error: Placement Client Error (4xx): {"errors": [{"status": 404, "title": "Not Found", "detail": "The resource could not be found.\n\n No resource provider with uuid 10b919c3-c3ce-4da1-b9b3-ec52d4a6bb65 found for delete ", "request_id": "req-d6d745c5-c8a6-42f4-901e-de6b33e9916c"}]}
2026-05-19 23:30:28.117 9 INFO neutron.services.segments.plugin [-] Segment 10b919c3-c3ce-4da1-b9b3-ec52d4a6bb65 resource provider not found; error: Placement Client Error (4xx): {"errors": [{"status": 404, "title": "Not Found", "detail": "The resource could not be found.\n\n No resource provider with uuid 10b919c3-c3ce-4da1-b9b3-ec52d4a6bb65 found for delete ", "request_id": "req-5746a418-155f-4f80-9df4-1dda17c6cf30"}]}
2026-05-19 23:30:28.141 9 INFO neutron.api.wsgi [None req-91b69c76-e92f-4409-9606-8f27862fa518 5624e850f51b439d9744f078bcc1d1ae dacac667d8d243f7a91c26265660e38c - - default default] 10.0.0.114 "DELETE /v2.0/vpn/vpnservices/6a5428c5-f527-4051-902c-16bf808ed15e HTTP/1.1" status: 204 len: 168 time: 2.6173675 /var/lib/openstack/lib/python3.12/site-packages/pycadf/identifier.py:71: UserWarning: Invalid uuid: neutron. To ensure interoperability, identifiers should be a valid uuid. warnings.warn(('Invalid uuid: %s. To ensure interoperability, '
2026-05-19 23:30:28.152 9 WARNING neutron_lib.context [None req-43016ceb-890e-4428-a1d0-5ea1bb8a6df4 fa25697cf19747a9870674580275d4eb 55cbc555c71e4c57983b9c02d190dda9 - - default default] Method 'is_advsvc' is deprecated since 2023.2 release (neutron-lib 3.8.0) and will be removed once support for the old RBAC API policies will be removed from Neutron. Please use method 'is_service_role' instead.
2026-05-19 23:30:28.200 9 INFO neutron.api.wsgi [None req-43016ceb-890e-4428-a1d0-5ea1bb8a6df4 fa25697cf19747a9870674580275d4eb 55cbc555c71e4c57983b9c02d190dda9 - - default default] 10.0.0.114 "POST /v2.0/vpn/endpoint-groups HTTP/1.1" status: 201 len: 501 time: 0.0526030
2026-05-19 23:30:28.208 9 WARNING neutron_lib.context [None req-b32259aa-f668-495e-9b97-4b5884134b4a fa25697cf19747a9870674580275d4eb 55cbc555c71e4c57983b9c02d190dda9 - - default default] Method 'is_advsvc' is deprecated since 2023.2 release (neutron-lib 3.8.0) and will be removed once support for the old RBAC API policies will be removed from Neutron. Please use method 'is_service_role' instead.
2026-05-19 23:30:28.244 9 INFO neutron.api.wsgi [None req-b32259aa-f668-495e-9b97-4b5884134b4a fa25697cf19747a9870674580275d4eb 55cbc555c71e4c57983b9c02d190dda9 - - default default] 10.0.0.114 "POST /v2.0/vpn/endpoint-groups HTTP/1.1" status: 201 len: 492 time: 0.0400610
2026-05-19 23:30:28.252 9 WARNING neutron.api.v2.base [None req-47a11748-6180-4ecc-9c98-b44d6a83ec31 fa25697cf19747a9870674580275d4eb 55cbc555c71e4c57983b9c02d190dda9 - - default default] An exception happened while processing the request body. The exception message is [Unrecognized attribute(s) 'peer_cidr'].: webob.exc.HTTPBadRequest: Unrecognized attribute(s) 'peer_cidr'
2026-05-19 23:30:28.253 9 INFO neutron.api.v2.resource [None req-47a11748-6180-4ecc-9c98-b44d6a83ec31 fa25697cf19747a9870674580275d4eb 55cbc555c71e4c57983b9c02d190dda9 - - default default] create failed (client error): Unrecognized attribute(s) 'peer_cidr'
2026-05-19 23:30:28.255 9 INFO neutron.api.wsgi [None req-47a11748-6180-4ecc-9c98-b44d6a83ec31 fa25697cf19747a9870674580275d4eb 55cbc555c71e4c57983b9c02d190dda9 - - default default] 10.0.0.114 "POST /v2.0/vpn/ipsec-site-connections HTTP/1.1" status: 400 len: 313 time: 0.0059631
2026-05-19 23:30:28.272 9 INFO neutron.api.wsgi [None req-d1fc5933-4ed4-438b-8342-78e19544624e fa25697cf19747a9870674580275d4eb 55cbc555c71e4c57983b9c02d190dda9 - - default default] 10.0.0.114 "GET /v2.0/vpn/endpoint-groups HTTP/1.1" status: 200 len: 1387 time: 0.0129850
2026-05-19 23:30:28.292 9 INFO neutron.api.wsgi [None req-fbb12f60-61c4-40f5-acac-fa63fce91b51 fa25697cf19747a9870674580275d4eb 55cbc555c71e4c57983b9c02d190dda9 - - default default] 10.0.0.114 "DELETE /v2.0/vpn/endpoint-groups/4442de8c-f5c7-4d8d-aaa2-f3fe2fe84879 HTTP/1.1" status: 204 len: 168 time: 0.0167468
2026-05-19 23:30:28.305 9 INFO neutron.api.wsgi [None req-6e7e1025-54b1-4e27-8dd8-0d48048a3288 fa25697cf19747a9870674580275d4eb 55cbc555c71e4c57983b9c02d190dda9 - - default default] 10.0.0.114 "GET /v2.0/vpn/endpoint-groups HTTP/1.1" status: 200 len: 1111 time: 0.0089219
2026-05-19 23:30:28.316 9 INFO neutron.api.wsgi [None req-142e4a52-5942-4a01-aa3d-1d3079da12ca fa25697cf19747a9870674580275d4eb 55cbc555c71e4c57983b9c02d190dda9 - - default default] 10.0.0.114 "GET /v2.0/vpn/endpoint-groups HTTP/1.1" status: 200 len: 1111 time: 0.0080447
2026-05-19 23:30:28.343 9 INFO neutron.api.wsgi [None req-665acb33-36e1-4650-a160-35c5c4778e71 fa25697cf19747a9870674580275d4eb 55cbc555c71e4c57983b9c02d190dda9 - - default default] 10.0.0.114 "DELETE /v2.0/vpn/endpoint-groups/616e5311-a50e-4f51-83c9-6dd9e536b2f8 HTTP/1.1" status: 204 len: 168 time: 0.0219662
2026-05-19 23:30:28.355 9 INFO neutron.api.wsgi [None req-e4693964-7d9e-40d5-b8d2-0a3c53e7375b fa25697cf19747a9870674580275d4eb 55cbc555c71e4c57983b9c02d190dda9 - - default default] 10.0.0.114 "GET /v2.0/vpn/endpoint-groups HTTP/1.1" status: 200 len: 827 time: 0.0077128
2026-05-19 23:30:28.363 9 WARNING neutron_lib.context [None req-e46ef01a-4edb-47d8-8607-6f6f98e30ad5 fa25697cf19747a9870674580275d4eb 55cbc555c71e4c57983b9c02d190dda9 - - default default] Method 'is_advsvc' is deprecated since 2023.2 release (neutron-lib 3.8.0) and will be removed once support for the old RBAC API policies will be removed from Neutron. Please use method 'is_service_role' instead.
2026-05-19 23:30:28.397 10 WARNING neutron.plugins.ml2.drivers.ovn.mech_driver.ovsdb.ovn_client [None req-00af6bca-3857-4fe1-8f9f-6c7994e4816f - - - - - -] No port found with ID 99cec6be-717e-459d-98d7-ed441f7112f9: RuntimeError: No port found with ID 99cec6be-717e-459d-98d7-ed441f7112f9
2026-05-19 23:30:28.414 9 INFO neutron.api.wsgi [None req-e46ef01a-4edb-47d8-8607-6f6f98e30ad5 fa25697cf19747a9870674580275d4eb 55cbc555c71e4c57983b9c02d190dda9 - - default default] 10.0.0.114 "POST /v2.0/vpn/endpoint-groups HTTP/1.1" status: 201 len: 500 time: 0.0552123
2026-05-19 23:30:28.422 9 WARNING neutron_lib.context [None req-17082108-5805-44e4-b928-1e03097e11d2 fa25697cf19747a9870674580275d4eb 55cbc555c71e4c57983b9c02d190dda9 - - default default] Method 'is_advsvc' is deprecated since 2023.2 release (neutron-lib 3.8.0) and will be removed once support for the old RBAC API policies will be removed from Neutron. Please use method 'is_service_role' instead.
2026-05-19 23:30:28.446 10 INFO neutron.plugins.ml2.drivers.ovn.mech_driver.mech_driver [None req-00af6bca-3857-4fe1-8f9f-6c7994e4816f - - - - - -] OVN reports status up for port: 4d3c9441-2b55-4067-94a0-2ca0202750e0
2026-05-19 23:30:28.452 9 INFO neutron.api.wsgi [None req-17082108-5805-44e4-b928-1e03097e11d2 fa25697cf19747a9870674580275d4eb 55cbc555c71e4c57983b9c02d190dda9 - - default default] 10.0.0.114 "POST /v2.0/vpn/endpoint-groups HTTP/1.1" status: 201 len: 493 time: 0.0351477
2026-05-19 23:30:28.456 10 INFO neutron.plugins.ml2.plugin [None req-00af6bca-3857-4fe1-8f9f-6c7994e4816f - - - - - -] Attempt 1 to provision port 4d3c9441-2b55-4067-94a0-2ca0202750e0
2026-05-19 23:30:28.462 9 WARNING neutron_lib.context [None req-d2126c78-348a-4fd9-8a8e-d2446a9c2d3e fa25697cf19747a9870674580275d4eb 55cbc555c71e4c57983b9c02d190dda9 - - default default] Method 'is_advsvc' is deprecated since 2023.2 release (neutron-lib 3.8.0) and will be removed once support for the old RBAC API policies will be removed from Neutron. Please use method 'is_service_role' instead.
2026-05-19 23:30:28.493 9 INFO neutron.api.v2.resource [None req-d2126c78-348a-4fd9-8a8e-d2446a9c2d3e fa25697cf19747a9870674580275d4eb 55cbc555c71e4c57983b9c02d190dda9 - - default default] create failed (client error): The server could not comply with the request since it is either malformed or otherwise incorrect.
2026-05-19 23:30:28.494 9 INFO neutron.api.wsgi [None req-d2126c78-348a-4fd9-8a8e-d2446a9c2d3e fa25697cf19747a9870674580275d4eb 55cbc555c71e4c57983b9c02d190dda9 - - default default] 10.0.0.114 "POST /v2.0/vpn/ipsec-site-connections HTTP/1.1" status: 400 len: 373 time: 0.0364451
2026-05-19 23:30:28.515 9 INFO neutron.api.wsgi [None req-a4489f57-898b-49da-bfa5-2283fbdf9998 fa25697cf19747a9870674580275d4eb 55cbc555c71e4c57983b9c02d190dda9 - - default default] 10.0.0.114 "GET /v2.0/vpn/endpoint-groups HTTP/1.1" status: 200 len: 1387 time: 0.0143151
2026-05-19 23:30:28.540 9 INFO neutron.api.wsgi [None req-4f0e28c6-908b-4393-8065-81da7c2652f6 fa25697cf19747a9870674580275d4eb 55cbc555c71e4c57983b9c02d190dda9 - - default default] 10.0.0.114 "DELETE /v2.0/vpn/endpoint-groups/4efd038c-1dbd-48eb-ad90-f4e0f81f0282 HTTP/1.1" status: 204 len: 168 time: 0.0197153
2026-05-19 23:30:28.554 9 INFO neutron.api.wsgi [None req-2160ad43-4f09-443f-9f25-4ae71ff5fed9 fa25697cf19747a9870674580275d4eb 55cbc555c71e4c57983b9c02d190dda9 - - default default] 10.0.0.114 "GET /v2.0/vpn/endpoint-groups HTTP/1.1" status: 200 len: 1110 time: 0.0092161
2026-05-19 23:30:28.566 9 INFO neutron.api.wsgi [None req-c51e9e30-15c5-4594-8d40-0759a8575e14 fa25697cf19747a9870674580275d4eb 55cbc555c71e4c57983b9c02d190dda9 - - default default] 10.0.0.114 "GET /v2.0/vpn/endpoint-groups HTTP/1.1" status: 200 len: 1110 time: 0.0075383
2026-05-19 23:30:28.590 9 INFO neutron.api.wsgi [None req-c341f194-f5b4-4eed-b8c7-638dff6ba051 fa25697cf19747a9870674580275d4eb 55cbc555c71e4c57983b9c02d190dda9 - - default default] 10.0.0.114 "DELETE /v2.0/vpn/endpoint-groups/57fc75ca-2a51-41e8-b277-7d776b92a7d4 HTTP/1.1" status: 204 len: 168 time: 0.0210700
2026-05-19 23:30:28.609 9 INFO neutron.api.wsgi [None req-994c4c23-f91c-4e17-80ff-dbcec8a658df fa25697cf19747a9870674580275d4eb 55cbc555c71e4c57983b9c02d190dda9 - - default default] 10.0.0.114 "GET /v2.0/vpn/endpoint-groups HTTP/1.1" status: 200 len: 827 time: 0.0097532
2026-05-19 23:30:28.617 9 WARNING neutron_lib.context [None req-7a1dc92c-21c1-4ece-a97b-5ce218a84cba fa25697cf19747a9870674580275d4eb 55cbc555c71e4c57983b9c02d190dda9 - - default default] Method 'is_advsvc' is deprecated since 2023.2 release (neutron-lib 3.8.0) and will be removed once support for the old RBAC API policies will be removed from Neutron. Please use method 'is_service_role' instead.
2026-05-19 23:30:28.661 10 INFO neutron.api.wsgi [None req-709cd404-cf29-4532-88de-c50d41534de5 04e405acf0ad42259952e757a10206aa 4a5b7e25a3c145ad9e06e36604d66539 - - default default] 10.0.0.114 "DELETE /v2.0/routers/2497f0ac-7d81-4598-bcfe-ebc98aa7d5d3 HTTP/1.1" status: 204 len: 168 time: 0.9741211
2026-05-19 23:30:28.663 9 INFO neutron.api.wsgi [None req-7a1dc92c-21c1-4ece-a97b-5ce218a84cba fa25697cf19747a9870674580275d4eb 55cbc555c71e4c57983b9c02d190dda9 - - default default] 10.0.0.114 "POST /v2.0/vpn/endpoint-groups HTTP/1.1" status: 201 len: 499 time: 0.0487604
2026-05-19 23:30:28.675 9 WARNING neutron.api.v2.base [None req-708166ca-cd88-488a-8508-4e984ef88d46 fa25697cf19747a9870674580275d4eb 55cbc555c71e4c57983b9c02d190dda9 - - default default] An exception happened while processing the request body. The exception message is [Failed to parse request. Required attribute 'peer_id' not specified].: webob.exc.HTTPBadRequest: Failed to parse request. Required attribute 'peer_id' not specified
2026-05-19 23:30:28.675 9 INFO neutron.api.v2.resource [None req-708166ca-cd88-488a-8508-4e984ef88d46 fa25697cf19747a9870674580275d4eb 55cbc555c71e4c57983b9c02d190dda9 - - default default] create failed (client error): Failed to parse request. Required attribute 'peer_id' not specified
2026-05-19 23:30:28.676 9 INFO neutron.api.wsgi [None req-708166ca-cd88-488a-8508-4e984ef88d46 fa25697cf19747a9870674580275d4eb 55cbc555c71e4c57983b9c02d190dda9 - - default default] 10.0.0.114 "POST /v2.0/vpn/ipsec-site-connections HTTP/1.1" status: 400 len: 343 time: 0.0059862
2026-05-19 23:30:28.697 9 INFO neutron.api.wsgi [None req-50ad9519-bda7-4bec-861e-4e05948c533b 04e405acf0ad42259952e757a10206aa 4a5b7e25a3c145ad9e06e36604d66539 - - default default] 10.0.0.114 "GET /v2.0/ports?device_id=2497f0ac-7d81-4598-bcfe-ebc98aa7d5d3 HTTP/1.1" status: 200 len: 205 time: 0.0258071
2026-05-19 23:30:28.699 9 INFO neutron.api.wsgi [None req-97a82860-f34b-4c75-913b-607d7e2b4589 fa25697cf19747a9870674580275d4eb 55cbc555c71e4c57983b9c02d190dda9 - - default default] 10.0.0.114 "GET /v2.0/vpn/endpoint-groups HTTP/1.1" status: 200 len: 1109 time: 0.0121698
2026-05-19 23:30:28.711 10 INFO neutron.db.ovn_revision_numbers_db [None req-00af6bca-3857-4fe1-8f9f-6c7994e4816f - - - - - -] Successfully bumped revision number for resource 4d3c9441-2b55-4067-94a0-2ca0202750e0 (type: ports) to 4
2026-05-19 23:30:28.713 9 INFO neutron.api.v2.resource [None req-af4f4524-947a-4412-ac46-57aeff3cdd5f 04e405acf0ad42259952e757a10206aa 4a5b7e25a3c145ad9e06e36604d66539 - - default default] delete failed (client error): The resource could not be found.
2026-05-19 23:30:28.714 9 INFO neutron.api.wsgi [None req-af4f4524-947a-4412-ac46-57aeff3cdd5f 04e405acf0ad42259952e757a10206aa 4a5b7e25a3c145ad9e06e36604d66539 - - default default] 10.0.0.114 "DELETE /v2.0/routers/2497f0ac-7d81-4598-bcfe-ebc98aa7d5d3 HTTP/1.1" status: 404 len: 336 time: 0.0135114
2026-05-19 23:30:28.732 9 INFO neutron.api.wsgi [None req-2d52ded9-6cc6-4a65-ba83-ee340647e46d 04e405acf0ad42259952e757a10206aa 4a5b7e25a3c145ad9e06e36604d66539 - - default default] 10.0.0.114 "GET /v2.0/ports?device_id=9d7ff834-bd76-416a-ad37-9a1afaa7cb45 HTTP/1.1" status: 200 len: 205 time: 0.0132329
2026-05-19 23:30:28.741 10 INFO neutron.api.wsgi [None req-95eb8d3c-160f-4fe5-a3c4-4a9b5e6a63f7 fa25697cf19747a9870674580275d4eb 55cbc555c71e4c57983b9c02d190dda9 - - default default] 10.0.0.114 "DELETE /v2.0/vpn/endpoint-groups/95f53dda-99d5-4698-9472-57e34cf065d8 HTTP/1.1" status: 204 len: 168 time: 0.0380931
2026-05-19 23:30:28.751 9 INFO neutron.api.v2.resource [None req-79ce2782-19d7-44cc-ba80-217ba0524c85 04e405acf0ad42259952e757a10206aa 4a5b7e25a3c145ad9e06e36604d66539 - - default default] delete failed (client error): The resource could not be found.
2026-05-19 23:30:28.752 9 INFO neutron.api.wsgi [None req-79ce2782-19d7-44cc-ba80-217ba0524c85 04e405acf0ad42259952e757a10206aa 4a5b7e25a3c145ad9e06e36604d66539 - - default default] 10.0.0.114 "DELETE /v2.0/routers/9d7ff834-bd76-416a-ad37-9a1afaa7cb45 HTTP/1.1" status: 404 len: 336 time: 0.0166984
2026-05-19 23:30:28.756 10 INFO neutron.api.wsgi [None req-e9644ad0-2e2e-4142-b28f-6188793aef44 fa25697cf19747a9870674580275d4eb 55cbc555c71e4c57983b9c02d190dda9 - - default default] 10.0.0.114 "GET /v2.0/vpn/endpoint-groups HTTP/1.1" status: 200 len: 827 time: 0.0092158
2026-05-19 23:30:28.766 10 WARNING neutron_lib.context [None req-f6abf626-538d-46d0-94a9-609e87bb4440 fa25697cf19747a9870674580275d4eb 55cbc555c71e4c57983b9c02d190dda9 - - default default] Method 'is_advsvc' is deprecated since 2023.2 release (neutron-lib 3.8.0) and will be removed once support for the old RBAC API policies will be removed from Neutron. Please use method 'is_service_role' instead.
2026-05-19 23:30:28.770 9 INFO neutron.pecan_wsgi.hooks.translation [None req-5d60ef42-625c-4edd-8179-3ae89d46bc76 04e405acf0ad42259952e757a10206aa 4a5b7e25a3c145ad9e06e36604d66539 - - default default] DELETE failed (client error): The resource could not be found.
2026-05-19 23:30:28.772 9 INFO neutron.api.wsgi [None req-5d60ef42-625c-4edd-8179-3ae89d46bc76 04e405acf0ad42259952e757a10206aa 4a5b7e25a3c145ad9e06e36604d66539 - - default default] 10.0.0.114 "DELETE /v2.0/subnets/a837afbe-099d-4d69-a04b-2e2270853890 HTTP/1.1" status: 404 len: 337 time: 0.0158932
2026-05-19 23:30:28.790 9 INFO neutron.api.wsgi [None req-138dfacd-45a3-45ce-8b31-361d2881e64c 04e405acf0ad42259952e757a10206aa 4a5b7e25a3c145ad9e06e36604d66539 - - default default] 10.0.0.114 "GET /v2.0/ports?device_id=adb10932-e1a3-420a-9a07-1c79c0580f69 HTTP/1.1" status: 200 len: 205 time: 0.0139265
2026-05-19 23:30:28.805 10 INFO neutron.api.wsgi [None req-f6abf626-538d-46d0-94a9-609e87bb4440 fa25697cf19747a9870674580275d4eb 55cbc555c71e4c57983b9c02d190dda9 - - default default] 10.0.0.114 "POST /v2.0/vpn/endpoint-groups HTTP/1.1" status: 201 len: 493 time: 0.0428739
2026-05-19 23:30:28.812 9 WARNING neutron.api.v2.base [None req-3a8f10f2-e504-4ec8-9197-124c73d552b6 fa25697cf19747a9870674580275d4eb 55cbc555c71e4c57983b9c02d190dda9 - - default default] An exception happened while processing the request body. The exception message is [Failed to parse request. Required attribute 'peer_id' not specified].: webob.exc.HTTPBadRequest: Failed to parse request. Required attribute 'peer_id' not specified
2026-05-19 23:30:28.813 9 INFO neutron.api.v2.resource [None req-3a8f10f2-e504-4ec8-9197-124c73d552b6 fa25697cf19747a9870674580275d4eb 55cbc555c71e4c57983b9c02d190dda9 - - default default] create failed (client error): Failed to parse request. Required attribute 'peer_id' not specified
2026-05-19 23:30:28.813 9 INFO neutron.api.wsgi [None req-3a8f10f2-e504-4ec8-9197-124c73d552b6 fa25697cf19747a9870674580275d4eb 55cbc555c71e4c57983b9c02d190dda9 - - default default] 10.0.0.114 "POST /v2.0/vpn/ipsec-site-connections HTTP/1.1" status: 400 len: 343 time: 0.0037043
2026-05-19 23:30:28.814 9 INFO neutron.api.v2.resource [None req-cde5b721-eede-4613-8390-1fe916c0c2b1 04e405acf0ad42259952e757a10206aa 4a5b7e25a3c145ad9e06e36604d66539 - - default default] delete failed (client error): The resource could not be found.
2026-05-19 23:30:28.814 9 INFO neutron.api.wsgi [None req-cde5b721-eede-4613-8390-1fe916c0c2b1 04e405acf0ad42259952e757a10206aa 4a5b7e25a3c145ad9e06e36604d66539 - - default default] 10.0.0.114 "DELETE /v2.0/routers/adb10932-e1a3-420a-9a07-1c79c0580f69 HTTP/1.1" status: 404 len: 336 time: 0.0197635
2026-05-19 23:30:28.832 10 INFO neutron.pecan_wsgi.hooks.translation [None req-01fa55cf-4c40-4090-994f-9abd483e8a7f 04e405acf0ad42259952e757a10206aa 4a5b7e25a3c145ad9e06e36604d66539 - - default default] DELETE failed (client error): The resource could not be found.
2026-05-19 23:30:28.834 10 INFO neutron.api.wsgi [None req-01fa55cf-4c40-4090-994f-9abd483e8a7f 04e405acf0ad42259952e757a10206aa 4a5b7e25a3c145ad9e06e36604d66539 - - default default] 10.0.0.114 "DELETE /v2.0/subnets/d3e144e4-6870-43db-984c-fc0d5d8343a1 HTTP/1.1" status: 404 len: 337 time: 0.0141501
2026-05-19 23:30:28.838 9 INFO neutron.api.wsgi [None req-2313776f-6971-421a-b809-b6effbebaebc fa25697cf19747a9870674580275d4eb 55cbc555c71e4c57983b9c02d190dda9 - - default default] 10.0.0.114 "GET /v2.0/vpn/endpoint-groups HTTP/1.1" status: 200 len: 1103 time: 0.0151441
2026-05-19 23:30:28.852 10 INFO neutron.api.wsgi [None req-874ca4e1-5aaa-4131-ab0b-6057e81dea78 04e405acf0ad42259952e757a10206aa 4a5b7e25a3c145ad9e06e36604d66539 - - default default] 10.0.0.114 "GET /v2.0/ports?device_id=896623db-d59c-4b5f-8251-88b6f0bdf6e0 HTTP/1.1" status: 200 len: 205 time: 0.0155194
2026-05-19 23:30:28.864 10 INFO neutron.plugins.ml2.drivers.ovn.mech_driver.mech_driver [None req-1734ed1a-13aa-4e9b-b1de-5953f2d17f56 - - - - - -] OVN reports status up for port: cb4609c7-32b0-4f49-8d81-1a9a038bc6f0
2026-05-19 23:30:28.865 9 INFO neutron.api.wsgi [None req-110b9094-c39b-4626-9943-0d671e0957ee fa25697cf19747a9870674580275d4eb 55cbc555c71e4c57983b9c02d190dda9 - - default default] 10.0.0.114 "DELETE /v2.0/vpn/endpoint-groups/233908c0-507e-45b3-be3e-48e385dd9284 HTTP/1.1" status: 204 len: 168 time: 0.0226071
2026-05-19 23:30:28.874 10 INFO neutron.api.v2.resource [None req-72b61594-0ca3-40e8-9d7f-b09362ab3e73 04e405acf0ad42259952e757a10206aa 4a5b7e25a3c145ad9e06e36604d66539 - - default default] delete failed (client error): The resource could not be found.
2026-05-19 23:30:28.875 10 INFO neutron.api.wsgi [None req-72b61594-0ca3-40e8-9d7f-b09362ab3e73 04e405acf0ad42259952e757a10206aa 4a5b7e25a3c145ad9e06e36604d66539 - - default default] 10.0.0.114 "DELETE /v2.0/routers/896623db-d59c-4b5f-8251-88b6f0bdf6e0 HTTP/1.1" status: 404 len: 336 time: 0.0172873
2026-05-19 23:30:28.880 9 INFO neutron.api.wsgi [None req-11e32d70-81e8-4a02-9001-2f67cd7a9b4f fa25697cf19747a9870674580275d4eb 55cbc555c71e4c57983b9c02d190dda9 - - default default] 10.0.0.114 "GET /v2.0/vpn/endpoint-groups HTTP/1.1" status: 200 len: 827 time: 0.0076926
2026-05-19 23:30:28.886 10 INFO neutron.plugins.ml2.drivers.ovn.mech_driver.mech_driver [None req-1734ed1a-13aa-4e9b-b1de-5953f2d17f56 - - - - - -] OVN reports status up for port: b9ead6cc-33b3-494a-83b6-326fbe9b6d40
2026-05-19 23:30:28.888 9 WARNING neutron_lib.context [None req-c75bca3f-9f4f-4311-a351-339f4175aed3 fa25697cf19747a9870674580275d4eb 55cbc555c71e4c57983b9c02d190dda9 - - default default] Method 'is_advsvc' is deprecated since 2023.2 release (neutron-lib 3.8.0) and will be removed once support for the old RBAC API policies will be removed from Neutron. Please use method 'is_service_role' instead.
2026-05-19 23:30:28.888 10 INFO neutron.pecan_wsgi.hooks.translation [None req-5a726b44-1da7-4d2b-919b-3a78ac40f118 04e405acf0ad42259952e757a10206aa 4a5b7e25a3c145ad9e06e36604d66539 - - default default] DELETE failed (client error): The resource could not be found.
2026-05-19 23:30:28.890 10 INFO neutron.api.wsgi [None req-5a726b44-1da7-4d2b-919b-3a78ac40f118 04e405acf0ad42259952e757a10206aa 4a5b7e25a3c145ad9e06e36604d66539 - - default default] 10.0.0.114 "DELETE /v2.0/subnets/56bdbaac-0413-4f48-83f4-dc7e082776f6 HTTP/1.1" status: 404 len: 337 time: 0.0111785
2026-05-19 23:30:28.905 9 INFO neutron.pecan_wsgi.hooks.translation [None req-3e4a44a0-2a7d-4185-850b-27c135738681 04e405acf0ad42259952e757a10206aa 4a5b7e25a3c145ad9e06e36604d66539 - - default default] DELETE failed (client error): The resource could not be found.
2026-05-19 23:30:28.907 9 INFO neutron.api.wsgi [None req-3e4a44a0-2a7d-4185-850b-27c135738681 04e405acf0ad42259952e757a10206aa 4a5b7e25a3c145ad9e06e36604d66539 - - default default] 10.0.0.114 "DELETE /v2.0/subnets/fa348879-7c21-4414-bfac-6da818a4698e HTTP/1.1" status: 404 len: 337 time: 0.0126901
2026-05-19 23:30:28.935 9 INFO neutron.api.wsgi [None req-c75bca3f-9f4f-4311-a351-339f4175aed3 fa25697cf19747a9870674580275d4eb 55cbc555c71e4c57983b9c02d190dda9 - - default default] 10.0.0.114 "POST /v2.0/vpn/endpoint-groups HTTP/1.1" status: 201 len: 489 time: 0.0500662
2026-05-19 23:30:28.943 9 WARNING neutron_lib.context [None req-c44b81c0-8198-47a1-b6b2-fd728c46273e fa25697cf19747a9870674580275d4eb 55cbc555c71e4c57983b9c02d190dda9 - - default default] Method 'is_advsvc' is deprecated since 2023.2 release (neutron-lib 3.8.0) and will be removed once support for the old RBAC API policies will be removed from Neutron. Please use method 'is_service_role' instead.
2026-05-19 23:30:28.987 9 INFO neutron.api.wsgi [None req-c44b81c0-8198-47a1-b6b2-fd728c46273e fa25697cf19747a9870674580275d4eb 55cbc555c71e4c57983b9c02d190dda9 - - default default] 10.0.0.114 "POST /v2.0/vpn/endpoint-groups HTTP/1.1" status: 201 len: 501 time: 0.0481539
2026-05-19 23:30:28.998 9 WARNING neutron_lib.context [None req-9d2d7ced-7951-4d2b-992a-a98b80244329 fa25697cf19747a9870674580275d4eb 55cbc555c71e4c57983b9c02d190dda9 - - default default] Method 'is_advsvc' is deprecated since 2023.2 release (neutron-lib 3.8.0) and will be removed once support for the old RBAC API policies will be removed from Neutron. Please use method 'is_service_role' instead.
2026-05-19 23:30:29.078 9 WARNING neutron.plugins.ml2.drivers.ovn.mech_driver.ovsdb.ovn_client [None req-b5b40027-f532-4c04-bc1b-23fb31c873b1 - - - - - -] No hosting information found for port 1a9f342a-f5a7-4c00-b061-664e7ec39699: RuntimeError: No hosting information found for port 1a9f342a-f5a7-4c00-b061-664e7ec39699
2026-05-19 23:30:29.078 9 INFO neutron.plugins.ml2.drivers.ovn.mech_driver.mech_driver [None req-b5b40027-f532-4c04-bc1b-23fb31c873b1 - - - - - -] OVN reports status up for port: 771c8fe6-a9db-4679-8031-caf86b0a7c90
2026-05-19 23:30:29.087 9 INFO neutron.plugins.ml2.plugin [None req-b5b40027-f532-4c04-bc1b-23fb31c873b1 - - - - - -] Attempt 1 to provision port 771c8fe6-a9db-4679-8031-caf86b0a7c90
2026-05-19 23:30:29.338 9 INFO neutron.db.ovn_revision_numbers_db [None req-b5b40027-f532-4c04-bc1b-23fb31c873b1 - - - - - -] Successfully bumped revision number for resource 771c8fe6-a9db-4679-8031-caf86b0a7c90 (type: ports) to 4
2026-05-19 23:30:29.545 9 INFO neutron.db.ovn_revision_numbers_db [None req-36ab8b1b-138c-4392-b543-848381fac73a - - - - - -] Successfully bumped revision number for resource 1a9f342a-f5a7-4c00-b061-664e7ec39699 (type: router_ports) to 2
2026-05-19 23:30:29.639 10 INFO neutron.api.wsgi [None req-c18e08e7-e338-4a22-8941-877c885438ab cd01d9e63fc644b4a811d604a9183042 9f3c46f8450d40d8a7030348bf7b44e5 - - default default] 10.0.0.114 "GET /v2.0/security-groups?tenant_id=4a5b7e25a3c145ad9e06e36604d66539&name=default HTTP/1.1" status: 200 len: 3120 time: 0.2368846
2026-05-19 23:30:29.693 9 INFO neutron.db.ovn_revision_numbers_db [None req-9d2d7ced-7951-4d2b-992a-a98b80244329 fa25697cf19747a9870674580275d4eb 55cbc555c71e4c57983b9c02d190dda9 - - default default] Successfully bumped revision number for resource 8f6e38c2-6c4a-4fdc-ba9b-5bf79775f12b (type: routers) to 6
2026-05-19 23:30:29.728 9 INFO neutron.api.wsgi [None req-9d2d7ced-7951-4d2b-992a-a98b80244329 fa25697cf19747a9870674580275d4eb 55cbc555c71e4c57983b9c02d190dda9 - - default default] 10.0.0.114 "POST /v2.0/vpn/ipsec-site-connections HTTP/1.1" status: 201 len: 1043 time: 0.7358048
2026-05-19 23:30:29.849 10 INFO neutron.api.wsgi [None req-18fab299-d553-4146-9111-1a16f451cdd9 cd01d9e63fc644b4a811d604a9183042 9f3c46f8450d40d8a7030348bf7b44e5 - - default default] 10.0.0.114 "DELETE /v2.0/security-groups/f33ede44-277c-4182-a563-d3faf3e25771 HTTP/1.1" status: 204 len: 168 time: 0.2026701
2026-05-19 23:30:30.276 9 INFO neutron.db.ovn_revision_numbers_db [None req-787aee93-b629-4233-b016-4f9ca7f4c166 fa25697cf19747a9870674580275d4eb 55cbc555c71e4c57983b9c02d190dda9 - - default default] Successfully bumped revision number for resource 8f6e38c2-6c4a-4fdc-ba9b-5bf79775f12b (type: routers) to 7
2026-05-19 23:30:30.296 9 INFO neutron.api.wsgi [None req-787aee93-b629-4233-b016-4f9ca7f4c166 fa25697cf19747a9870674580275d4eb 55cbc555c71e4c57983b9c02d190dda9 - - default default] 10.0.0.114 "DELETE /v2.0/vpn/ipsec-site-connections/967a4633-cb79-42c7-9a7f-e034b9c79276 HTTP/1.1" status: 204 len: 168 time: 0.5624080
2026-05-19 23:30:30.321 10 INFO neutron.api.wsgi [None req-5f9f2d11-3c87-48c5-8708-d95288b1e34d fa25697cf19747a9870674580275d4eb 55cbc555c71e4c57983b9c02d190dda9 - - default default] 10.0.0.114 "GET /v2.0/vpn/ipsec-site-connections HTTP/1.1" status: 200 len: 989 time: 0.0187249
2026-05-19 23:30:30.335 10 INFO neutron.api.v2.resource [None req-029bb097-f79c-41b8-b2e4-406d7336116f fa25697cf19747a9870674580275d4eb 55cbc555c71e4c57983b9c02d190dda9 - - default default] delete failed (client error): The resource could not be found.
2026-05-19 23:30:30.336 10 INFO neutron.api.wsgi [None req-029bb097-f79c-41b8-b2e4-406d7336116f fa25697cf19747a9870674580275d4eb 55cbc555c71e4c57983b9c02d190dda9 - - default default] 10.0.0.114 "DELETE /v2.0/vpn/ipsec-site-connections/967a4633-cb79-42c7-9a7f-e034b9c79276 HTTP/1.1" status: 404 len: 355 time: 0.0118711
2026-05-19 23:30:30.347 10 INFO neutron.api.wsgi [None req-26081eb5-2823-46a8-839a-38c8214451ad fa25697cf19747a9870674580275d4eb 55cbc555c71e4c57983b9c02d190dda9 - - default default] 10.0.0.114 "GET /v2.0/vpn/endpoint-groups HTTP/1.1" status: 200 len: 1384 time: 0.0082102
2026-05-19 23:30:30.371 10 INFO neutron.api.wsgi [None req-d00c2c03-03c6-4224-9fdd-25c955075847 fa25697cf19747a9870674580275d4eb 55cbc555c71e4c57983b9c02d190dda9 - - default default] 10.0.0.114 "DELETE /v2.0/vpn/endpoint-groups/e7a59dac-455b-4a3a-a4f6-29be541e697b HTTP/1.1" status: 204 len: 168 time: 0.0203302
2026-05-19 23:30:30.394 10 INFO neutron.api.wsgi [None req-48729f5b-dab8-44eb-a4c0-90bf929fb9af fa25697cf19747a9870674580275d4eb 55cbc555c71e4c57983b9c02d190dda9 - - default default] 10.0.0.114 "GET /v2.0/vpn/endpoint-groups HTTP/1.1" status: 200 len: 1099 time: 0.0122361
2026-05-19 23:30:30.409 10 INFO neutron.api.wsgi [None req-bdd63fc8-a2ca-4f4a-bbac-91c162984df4 fa25697cf19747a9870674580275d4eb 55cbc555c71e4c57983b9c02d190dda9 - - default default] 10.0.0.114 "GET /v2.0/vpn/endpoint-groups HTTP/1.1" status: 200 len: 1099 time: 0.0084076
2026-05-19 23:30:30.437 10 INFO neutron.api.wsgi [None req-d037bfa8-ecb5-4d3e-8437-ea3529cd9b2f fa25697cf19747a9870674580275d4eb 55cbc555c71e4c57983b9c02d190dda9 - - default default] 10.0.0.114 "DELETE /v2.0/vpn/endpoint-groups/72b84831-ffbf-4fe8-8854-a2433c0034a1 HTTP/1.1" status: 204 len: 168 time: 0.0216248
2026-05-19 23:30:30.449 10 INFO neutron.api.wsgi [None req-8748ece2-e1b5-4863-8474-9f531b8aa389 fa25697cf19747a9870674580275d4eb 55cbc555c71e4c57983b9c02d190dda9 - - default default] 10.0.0.114 "GET /v2.0/vpn/endpoint-groups HTTP/1.1" status: 200 len: 827 time: 0.0083895
2026-05-19 23:30:30.457 10 WARNING neutron_lib.context [None req-8d26f526-9de4-4956-b2bd-0049e1e31e35 fa25697cf19747a9870674580275d4eb 55cbc555c71e4c57983b9c02d190dda9 - - default default] Method 'is_advsvc' is deprecated since 2023.2 release (neutron-lib 3.8.0) and will be removed once support for the old RBAC API policies will be removed from Neutron. Please use method 'is_service_role' instead.
2026-05-19 23:30:31.070 10 INFO neutron.db.ovn_revision_numbers_db [None req-8d26f526-9de4-4956-b2bd-0049e1e31e35 fa25697cf19747a9870674580275d4eb 55cbc555c71e4c57983b9c02d190dda9 - - default default] Successfully bumped revision number for resource 8f6e38c2-6c4a-4fdc-ba9b-5bf79775f12b (type: routers) to 8
2026-05-19 23:30:31.107 10 INFO neutron.api.wsgi [None req-8d26f526-9de4-4956-b2bd-0049e1e31e35 fa25697cf19747a9870674580275d4eb 55cbc555c71e4c57983b9c02d190dda9 - - default default] 10.0.0.114 "POST /v2.0/vpn/ipsec-site-connections HTTP/1.1" status: 201 len: 1003 time: 0.6525164
2026-05-19 23:30:31.666 9 INFO neutron.db.ovn_revision_numbers_db [None req-e57eb4a2-e0b8-4676-aa5a-b175fc7921f7 fa25697cf19747a9870674580275d4eb 55cbc555c71e4c57983b9c02d190dda9 - - default default] Successfully bumped revision number for resource 8f6e38c2-6c4a-4fdc-ba9b-5bf79775f12b (type: routers) to 9
2026-05-19 23:30:31.686 9 INFO neutron.api.wsgi [None req-e57eb4a2-e0b8-4676-aa5a-b175fc7921f7 fa25697cf19747a9870674580275d4eb 55cbc555c71e4c57983b9c02d190dda9 - - default default] 10.0.0.114 "DELETE /v2.0/vpn/ipsec-site-connections/72f7bcca-bbf2-4932-8abb-24df26dba744 HTTP/1.1" status: 204 len: 168 time: 0.5731428
2026-05-19 23:30:31.703 9 INFO neutron.api.wsgi [None req-927a689a-79c7-4671-872b-40f943c05ca9 fa25697cf19747a9870674580275d4eb 55cbc555c71e4c57983b9c02d190dda9 - - default default] 10.0.0.114 "GET /v2.0/vpn/ipsec-site-connections HTTP/1.1" status: 200 len: 989 time: 0.0117977
2026-05-19 23:30:31.714 9 INFO neutron.api.v2.resource [None req-a478a79d-a5f6-4fc2-a3b4-d25e881fade8 fa25697cf19747a9870674580275d4eb 55cbc555c71e4c57983b9c02d190dda9 - - default default] delete failed (client error): The resource could not be found.
2026-05-19 23:30:31.715 9 INFO neutron.api.wsgi [None req-a478a79d-a5f6-4fc2-a3b4-d25e881fade8 fa25697cf19747a9870674580275d4eb 55cbc555c71e4c57983b9c02d190dda9 - - default default] 10.0.0.114 "DELETE /v2.0/vpn/ipsec-site-connections/72f7bcca-bbf2-4932-8abb-24df26dba744 HTTP/1.1" status: 404 len: 355 time: 0.0072377
2026-05-19 23:30:31.722 9 WARNING neutron_lib.context [None req-46d6318d-8a49-49ce-a258-d1ce593988ad fa25697cf19747a9870674580275d4eb 55cbc555c71e4c57983b9c02d190dda9 - - default default] Method 'is_advsvc' is deprecated since 2023.2 release (neutron-lib 3.8.0) and will be removed once support for the old RBAC API policies will be removed from Neutron. Please use method 'is_service_role' instead.
2026-05-19 23:30:31.754 9 INFO neutron.api.wsgi [None req-46d6318d-8a49-49ce-a258-d1ce593988ad fa25697cf19747a9870674580275d4eb 55cbc555c71e4c57983b9c02d190dda9 - - default default] 10.0.0.114 "POST /v2.0/vpn/endpoint-groups HTTP/1.1" status: 201 len: 489 time: 0.0353236
2026-05-19 23:30:31.771 9 INFO neutron.api.wsgi [None req-a0a5ed9f-fae6-44c3-8a2a-5aae949f8dc6 fa25697cf19747a9870674580275d4eb 55cbc555c71e4c57983b9c02d190dda9 - - default default] 10.0.0.114 "PUT /v2.0/vpn/endpoint-groups/6d98c5e9-1621-4768-91a9-95a8803036a4 HTTP/1.1" status: 200 len: 484 time: 0.0127497
2026-05-19 23:30:31.784 9 INFO neutron.api.wsgi [None req-758deeeb-ecd7-4717-9314-a907039fe89a fa25697cf19747a9870674580275d4eb 55cbc555c71e4c57983b9c02d190dda9 - - default default] 10.0.0.114 "GET /v2.0/vpn/endpoint-groups/6d98c5e9-1621-4768-91a9-95a8803036a4 HTTP/1.1" status: 200 len: 484 time: 0.0072675
2026-05-19 23:30:31.807 9 INFO neutron.api.wsgi [None req-bfe606b2-de57-47be-94ef-9f243cee28d3 fa25697cf19747a9870674580275d4eb 55cbc555c71e4c57983b9c02d190dda9 - - default default] 10.0.0.114 "DELETE /v2.0/vpn/endpoint-groups/6d98c5e9-1621-4768-91a9-95a8803036a4 HTTP/1.1" status: 204 len: 168 time: 0.0198402
2026-05-19 23:30:31.828 9 INFO neutron.api.wsgi [None req-71057821-ee93-4b95-9559-1ef9d3ce05e0 fa25697cf19747a9870674580275d4eb 55cbc555c71e4c57983b9c02d190dda9 - - default default] 10.0.0.114 "GET /v2.0/vpn/endpoint-groups HTTP/1.1" status: 200 len: 827 time: 0.0172575
2026-05-19 23:30:31.839 9 INFO neutron.api.wsgi [None req-bab96de3-3434-46a4-acac-fd3ccb6ba04e fa25697cf19747a9870674580275d4eb 55cbc555c71e4c57983b9c02d190dda9 - - default default] 10.0.0.114 "GET /v2.0/vpn/endpoint-groups HTTP/1.1" status: 200 len: 827 time: 0.0072787
2026-05-19 23:30:31.849 9 WARNING neutron_lib.context [None req-c25d8bad-86b0-4a4e-a92e-ce01fb67bb60 fa25697cf19747a9870674580275d4eb 55cbc555c71e4c57983b9c02d190dda9 - - default default] Method 'is_advsvc' is deprecated since 2023.2 release (neutron-lib 3.8.0) and will be removed once support for the old RBAC API policies will be removed from Neutron. Please use method 'is_service_role' instead.
2026-05-19 23:30:31.891 9 INFO neutron.api.wsgi [None req-c25d8bad-86b0-4a4e-a92e-ce01fb67bb60 fa25697cf19747a9870674580275d4eb 55cbc555c71e4c57983b9c02d190dda9 - - default default] 10.0.0.114 "POST /v2.0/vpn/ikepolicies HTTP/1.1" status: 201 len: 602 time: 0.0476847
2026-05-19 23:30:31.926 9 INFO neutron.api.wsgi [None req-be6f3fee-2ca0-494f-8cf6-df6430ca6b33 fa25697cf19747a9870674580275d4eb 55cbc555c71e4c57983b9c02d190dda9 - - default default] 10.0.0.114 "PUT /v2.0/vpn/ikepolicies/5c90f756-f236-4e4a-8dc9-ce3bee8a9340 HTTP/1.1" status: 200 len: 612 time: 0.0292773
