2026-05-19 23:27:16.445 10 WARNING neutron_lib.context [req-536b36d5-f6e3-489c-a714-f4767e72e4c7 req-15d2d084-8d08-4dd8-8e1a-73d35929d1c0 7a395d5701d744189b78c0386210f730 7c6c9a1e7cba42c48d8a38dbdab4f689 - - default default] Method 'is_advsvc' is deprecated since 2023.2 release (neutron-lib 3.8.0) and will be removed once support for the old RBAC API policies will be removed from Neutron. Please use method 'is_service_role' instead.
2026-05-19 23:27:16.482 10 INFO neutron.db.ovn_revision_numbers_db [None req-05cdd354-3049-4977-8bae-6ea78caf7d3e cd01d9e63fc644b4a811d604a9183042 9f3c46f8450d40d8a7030348bf7b44e5 - - default default] Successfully bumped revision number for resource a13bc3f4-614c-4aa0-8826-d8dcb5353eee (type: security_groups) to 1
2026-05-19 23:27:16.501 10 INFO neutron.db.ovn_revision_numbers_db [None req-05cdd354-3049-4977-8bae-6ea78caf7d3e cd01d9e63fc644b4a811d604a9183042 9f3c46f8450d40d8a7030348bf7b44e5 - - default default] Successfully bumped revision number for resource 08d47b3c-9a51-498a-954c-9b8230424ed1 (type: security_group_rules) to 0
2026-05-19 23:27:16.519 10 INFO neutron.db.ovn_revision_numbers_db [None req-05cdd354-3049-4977-8bae-6ea78caf7d3e cd01d9e63fc644b4a811d604a9183042 9f3c46f8450d40d8a7030348bf7b44e5 - - default default] Successfully bumped revision number for resource 49b5493d-1a15-4cc0-b071-efbd20a08846 (type: security_group_rules) to 0
2026-05-19 23:27:16.537 10 INFO neutron.db.ovn_revision_numbers_db [None req-05cdd354-3049-4977-8bae-6ea78caf7d3e cd01d9e63fc644b4a811d604a9183042 9f3c46f8450d40d8a7030348bf7b44e5 - - default default] Successfully bumped revision number for resource 4ff7fc9f-cfa4-4bc6-93fb-5b486f98b758 (type: security_group_rules) to 0
2026-05-19 23:27:16.564 10 INFO neutron.db.ovn_revision_numbers_db [None req-05cdd354-3049-4977-8bae-6ea78caf7d3e cd01d9e63fc644b4a811d604a9183042 9f3c46f8450d40d8a7030348bf7b44e5 - - default default] Successfully bumped revision number for resource 61a01dc4-c14d-485f-9faa-b147a874fab2 (type: security_group_rules) to 0
2026-05-19 23:27:16.619 10 INFO neutron.api.wsgi [req-ccaa2b81-530d-49b1-ab99-8850aa3b7d69 req-b7f81a7d-837e-4383-8e2f-d7072294be27 9a1a0c772f3a4086bec73b7f422c3b1b 81ef9f555c0f46169a9d76abac9398eb - - a34a11348cc647f18b33937b190b4885 a34a11348cc647f18b33937b190b4885] 199.204.45.113 "GET /v2.0/ports?tenant_id=05f82b7589204ce3b4ac749c5788f582&device_id=bbae31e0-70ff-4e21-901d-38d2e14c3736 HTTP/1.1" status: 200 len: 1407 time: 0.0661771
2026-05-19 23:27:16.645 9 WARNING neutron.scheduler.dhcp_agent_scheduler [None req-679e0b41-f2dc-4e91-961f-6af37319c4b9 cd01d9e63fc644b4a811d604a9183042 9f3c46f8450d40d8a7030348bf7b44e5 - - default default] No more DHCP agents
2026-05-19 23:27:16.647 9 WARNING neutron.api.rpc.agentnotifiers.dhcp_rpc_agent_api [None req-679e0b41-f2dc-4e91-961f-6af37319c4b9 cd01d9e63fc644b4a811d604a9183042 9f3c46f8450d40d8a7030348bf7b44e5 - - default default] Unable to schedule network b10a6dc3-7d4b-4d49-9b0b-250658397072: no agents available; will retry on subsequent port and subnet creation events.
2026-05-19 23:27:16.661 10 INFO neutron.api.wsgi [req-ccaa2b81-530d-49b1-ab99-8850aa3b7d69 req-c6e8063a-b972-404e-8202-a1389094d7ef 9a1a0c772f3a4086bec73b7f422c3b1b 81ef9f555c0f46169a9d76abac9398eb - - a34a11348cc647f18b33937b190b4885 a34a11348cc647f18b33937b190b4885] 199.204.45.113 "GET /v2.0/floatingips?fixed_ip_address=10.100.0.6&port_id=bbf8c509-9070-4a15-b1cb-f388e876abdc HTTP/1.1" status: 200 len: 217 time: 0.0341449
2026-05-19 23:27:16.666 10 INFO neutron.api.wsgi [None req-05cdd354-3049-4977-8bae-6ea78caf7d3e cd01d9e63fc644b4a811d604a9183042 9f3c46f8450d40d8a7030348bf7b44e5 - - default default] 10.0.0.114 "GET /v2.0/security-groups?tenant_id=6252580e4314445e860406c43f10cd93&name=default HTTP/1.1" status: 200 len: 3120 time: 0.4478946
2026-05-19 23:27:16.739 9 INFO neutron.db.ovn_revision_numbers_db [None req-679e0b41-f2dc-4e91-961f-6af37319c4b9 cd01d9e63fc644b4a811d604a9183042 9f3c46f8450d40d8a7030348bf7b44e5 - - default default] Successfully bumped revision number for resource 12798a2e-3cd9-4477-b07e-586cf927fe16 (type: ports) to 1
2026-05-19 23:27:16.853 9 INFO neutron.api.wsgi [req-52d05669-6205-4786-8e5c-f9e86cfa5180 req-09f1634e-174c-44e6-b6e9-aeb0a3903a7b 4a1345e4f0e549579e596eb06271ffd3 05f82b7589204ce3b4ac749c5788f582 - - default default] 10.0.0.8 "GET /v2.0/ports?device_id=bbae31e0-70ff-4e21-901d-38d2e14c3736 HTTP/1.1" status: 200 len: 1168 time: 0.0391271
2026-05-19 23:27:16.904 9 INFO neutron.api.wsgi [req-52d05669-6205-4786-8e5c-f9e86cfa5180 req-1b33a9d2-bd6e-4035-9d3b-8fa02843361e 4a1345e4f0e549579e596eb06271ffd3 05f82b7589204ce3b4ac749c5788f582 - - default default] 10.0.0.8 "GET /v2.0/security-groups?id=319e9f4e-2a8e-4fa7-97db-437501daed77&fields=id&fields=name HTTP/1.1" status: 200 len: 313 time: 0.0438478
2026-05-19 23:27:16.948 10 INFO neutron.api.wsgi [req-ccaa2b81-530d-49b1-ab99-8850aa3b7d69 req-a936f010-24fb-43bb-ab13-1d32408fad88 9a1a0c772f3a4086bec73b7f422c3b1b 81ef9f555c0f46169a9d76abac9398eb - - a34a11348cc647f18b33937b190b4885 a34a11348cc647f18b33937b190b4885] 199.204.45.113 "GET /v2.0/subnets?id=5f617ebc-e7b9-4023-9b98-d3e11ee3b782 HTTP/1.1" status: 200 len: 892 time: 0.2782400
2026-05-19 23:27:16.992 10 INFO neutron.api.wsgi [req-ccaa2b81-530d-49b1-ab99-8850aa3b7d69 req-c9107cc6-7953-4241-a325-f1a4be75ce1b 9a1a0c772f3a4086bec73b7f422c3b1b 81ef9f555c0f46169a9d76abac9398eb - - a34a11348cc647f18b33937b190b4885 a34a11348cc647f18b33937b190b4885] 199.204.45.113 "GET /v2.0/ports?network_id=8113250e-46c9-490e-aa07-341471fb501a&device_owner=network%3Adhcp HTTP/1.1" status: 200 len: 210 time: 0.0352848
2026-05-19 23:27:17.070 10 INFO neutron.api.wsgi [req-ccaa2b81-530d-49b1-ab99-8850aa3b7d69 req-3963e9c1-93ce-461c-b1ae-171f538019d4 9a1a0c772f3a4086bec73b7f422c3b1b 81ef9f555c0f46169a9d76abac9398eb - - a34a11348cc647f18b33937b190b4885 a34a11348cc647f18b33937b190b4885] 199.204.45.113 "GET /v2.0/networks/8113250e-46c9-490e-aa07-341471fb501a?fields=segments HTTP/1.1" status: 200 len: 212 time: 0.0724261 /var/lib/openstack/lib/python3.12/site-packages/pycadf/identifier.py:71: UserWarning: Invalid uuid: neutron. To ensure interoperability, identifiers should be a valid uuid. warnings.warn(('Invalid uuid: %s. To ensure interoperability, '
2026-05-19 23:27:17.129 10 INFO neutron.api.wsgi [req-ccaa2b81-530d-49b1-ab99-8850aa3b7d69 req-b49a008e-2e9d-4e4a-a52d-1d90227a263c 9a1a0c772f3a4086bec73b7f422c3b1b 81ef9f555c0f46169a9d76abac9398eb - - a34a11348cc647f18b33937b190b4885 a34a11348cc647f18b33937b190b4885] 199.204.45.113 "GET /v2.0/networks/8113250e-46c9-490e-aa07-341471fb501a?fields=provider%3Aphysical_network&fields=provider%3Anetwork_type HTTP/1.1" status: 200 len: 277 time: 0.0530417
2026-05-19 23:27:17.136 10 WARNING neutron.scheduler.dhcp_agent_scheduler [req-536b36d5-f6e3-489c-a714-f4767e72e4c7 req-15d2d084-8d08-4dd8-8e1a-73d35929d1c0 7a395d5701d744189b78c0386210f730 7c6c9a1e7cba42c48d8a38dbdab4f689 - - default default] No more DHCP agents
2026-05-19 23:27:17.138 10 WARNING neutron.api.rpc.agentnotifiers.dhcp_rpc_agent_api [req-536b36d5-f6e3-489c-a714-f4767e72e4c7 req-15d2d084-8d08-4dd8-8e1a-73d35929d1c0 7a395d5701d744189b78c0386210f730 7c6c9a1e7cba42c48d8a38dbdab4f689 - - default default] Unable to schedule network ba52985a-40b6-4382-bb51-4c67fedb7c70: no agents available; will retry on subsequent port and subnet creation events.
2026-05-19 23:27:17.210 10 INFO neutron.api.wsgi [None req-0cba989e-25dd-4212-9a94-e0eeb1514ec0 cd01d9e63fc644b4a811d604a9183042 9f3c46f8450d40d8a7030348bf7b44e5 - - default default] 10.0.0.114 "DELETE /v2.0/security-groups/a13bc3f4-614c-4aa0-8826-d8dcb5353eee HTTP/1.1" status: 204 len: 168 time: 0.5374889
2026-05-19 23:27:17.235 10 INFO neutron.db.ovn_revision_numbers_db [req-536b36d5-f6e3-489c-a714-f4767e72e4c7 req-15d2d084-8d08-4dd8-8e1a-73d35929d1c0 7a395d5701d744189b78c0386210f730 7c6c9a1e7cba42c48d8a38dbdab4f689 - - default default] Successfully bumped revision number for resource 2ccf75c8-7bfc-439e-ae12-89248b773a49 (type: ports) to 1
2026-05-19 23:27:17.257 10 INFO neutron.api.wsgi [req-536b36d5-f6e3-489c-a714-f4767e72e4c7 req-15d2d084-8d08-4dd8-8e1a-73d35929d1c0 7a395d5701d744189b78c0386210f730 7c6c9a1e7cba42c48d8a38dbdab4f689 - - default default] 199.204.45.113 "POST /v2.0/ports HTTP/1.1" status: 201 len: 1158 time: 0.8162637 /var/lib/openstack/lib/python3.12/site-packages/pycadf/identifier.py:71: UserWarning: Invalid uuid: neutron. To ensure interoperability, identifiers should be a valid uuid. warnings.warn(('Invalid uuid: %s. To ensure interoperability, '
2026-05-19 23:27:17.352 9 INFO neutron.plugins.ml2.drivers.ovn.mech_driver.ovsdb.commands [None req-9be7f4bd-18a9-4ff2-b2a7-4ad6cd13d1d5 - - - - - -] Schedule LRP lrp-12798a2e-3cd9-4477-b07e-586cf927fe16 on gateway d93a5fac-b635-45d6-b68e-970988ee36b4 with priority 1
2026-05-19 23:27:17.366 9 INFO neutron.plugins.ml2.drivers.ovn.mech_driver.mech_driver [None req-0c75b0af-063b-4d59-869d-f008bc4d5918 - - - - - -] OVN reports status up for port: 12798a2e-3cd9-4477-b07e-586cf927fe16
2026-05-19 23:27:17.373 10 INFO neutron.plugins.ml2.drivers.ovn.mech_driver.ovsdb.ovsdb_monitor [None req-bdbc2c40-d9c6-4670-b03b-cc7e3039f7fc - - - - - -] Router 31beb079-b371-469a-aff5-7c88c315d3a3 is bound to host instance
2026-05-19 23:27:17.396 9 INFO neutron.plugins.ml2.plugin [None req-0c75b0af-063b-4d59-869d-f008bc4d5918 - - - - - -] Attempt 1 to provision port 12798a2e-3cd9-4477-b07e-586cf927fe16
2026-05-19 23:27:17.426 9 INFO neutron.db.ovn_revision_numbers_db [None req-679e0b41-f2dc-4e91-961f-6af37319c4b9 cd01d9e63fc644b4a811d604a9183042 9f3c46f8450d40d8a7030348bf7b44e5 - - default default] Successfully bumped revision number for resource 12798a2e-3cd9-4477-b07e-586cf927fe16 (type: router_ports) to 1
2026-05-19 23:27:17.524 9 INFO neutron.api.wsgi [req-7f51af41-9f8d-4291-9693-92effb033436 req-983faed2-d013-48ac-aba4-782143bab325 7a395d5701d744189b78c0386210f730 7c6c9a1e7cba42c48d8a38dbdab4f689 - - default default] 10.0.0.8 "GET /v2.0/ports?device_id=490581b2-b5ae-4006-b633-c79d5df961eb HTTP/1.1" status: 200 len: 1156 time: 0.1175318
2026-05-19 23:27:17.525 9 INFO neutron.db.ovn_revision_numbers_db [None req-679e0b41-f2dc-4e91-961f-6af37319c4b9 cd01d9e63fc644b4a811d604a9183042 9f3c46f8450d40d8a7030348bf7b44e5 - - default default] Successfully bumped revision number for resource 31beb079-b371-469a-aff5-7c88c315d3a3 (type: routers) to 2
2026-05-19 23:27:17.544 9 INFO neutron.api.wsgi [None req-679e0b41-f2dc-4e91-961f-6af37319c4b9 cd01d9e63fc644b4a811d604a9183042 9f3c46f8450d40d8a7030348bf7b44e5 - - default default] 10.0.0.114 "POST /v2.0/routers HTTP/1.1" status: 201 len: 1169 time: 1.5534902
2026-05-19 23:27:17.574 9 INFO neutron.api.wsgi [req-7f51af41-9f8d-4291-9693-92effb033436 req-79390d27-69c3-4958-9408-7a683020849f 7a395d5701d744189b78c0386210f730 7c6c9a1e7cba42c48d8a38dbdab4f689 - - default default] 10.0.0.8 "GET /v2.0/security-groups?id=f8fff44e-8c68-44a6-9865-55f7c3801c17&fields=id&fields=name HTTP/1.1" status: 200 len: 313 time: 0.0433960
2026-05-19 23:27:17.621 10 INFO neutron.db.ovn_revision_numbers_db [None req-6d7e2fb8-dc25-413d-b96e-8dd18ba9f33b cd01d9e63fc644b4a811d604a9183042 9f3c46f8450d40d8a7030348bf7b44e5 - - default default] Successfully bumped revision number for resource 9649bdc8-40a3-4532-a8ee-dfcedbd184e2 (type: security_groups) to 1
2026-05-19 23:27:17.647 10 INFO neutron.db.ovn_revision_numbers_db [None req-6d7e2fb8-dc25-413d-b96e-8dd18ba9f33b cd01d9e63fc644b4a811d604a9183042 9f3c46f8450d40d8a7030348bf7b44e5 - - default default] Successfully bumped revision number for resource 505af232-61a4-4ee8-879c-cfa335b37b0c (type: security_group_rules) to 0
2026-05-19 23:27:17.665 10 INFO neutron.db.ovn_revision_numbers_db [None req-6d7e2fb8-dc25-413d-b96e-8dd18ba9f33b cd01d9e63fc644b4a811d604a9183042 9f3c46f8450d40d8a7030348bf7b44e5 - - default default] Successfully bumped revision number for resource 8f20bfdf-0213-4d1f-9897-48bbaafaac38 (type: security_group_rules) to 0
2026-05-19 23:27:17.690 10 INFO neutron.db.ovn_revision_numbers_db [None req-6d7e2fb8-dc25-413d-b96e-8dd18ba9f33b cd01d9e63fc644b4a811d604a9183042 9f3c46f8450d40d8a7030348bf7b44e5 - - default default] Successfully bumped revision number for resource ec328922-f908-4967-ad5c-f1833e5f4b02 (type: security_group_rules) to 0
2026-05-19 23:27:17.701 10 INFO neutron.db.ovn_revision_numbers_db [req-536b36d5-f6e3-489c-a714-f4767e72e4c7 req-87d51d8f-6a2c-43d2-9596-3149f3f55dd3 9a1a0c772f3a4086bec73b7f422c3b1b 81ef9f555c0f46169a9d76abac9398eb - - a34a11348cc647f18b33937b190b4885 a34a11348cc647f18b33937b190b4885] Successfully bumped revision number for resource 2ccf75c8-7bfc-439e-ae12-89248b773a49 (type: ports) to 2
2026-05-19 23:27:17.706 10 INFO neutron.db.ovn_revision_numbers_db [None req-6d7e2fb8-dc25-413d-b96e-8dd18ba9f33b cd01d9e63fc644b4a811d604a9183042 9f3c46f8450d40d8a7030348bf7b44e5 - - default default] Successfully bumped revision number for resource fbec3a92-e4d6-44dd-96c0-53f894dab6da (type: security_group_rules) to 0
2026-05-19 23:27:17.752 10 INFO neutron.api.wsgi [None req-6d7e2fb8-dc25-413d-b96e-8dd18ba9f33b cd01d9e63fc644b4a811d604a9183042 9f3c46f8450d40d8a7030348bf7b44e5 - - default default] 10.0.0.114 "GET /v2.0/security-groups?tenant_id=898433cad82b4d0893aa92880afcb7f4&name=default HTTP/1.1" status: 200 len: 3120 time: 0.3284652
2026-05-19 23:27:17.876 10 INFO neutron.db.ovn_revision_numbers_db [None req-c998c491-af9a-4d43-b2f7-95dfda400401 - - - - - -] Successfully bumped revision number for resource 12798a2e-3cd9-4477-b07e-586cf927fe16 (type: ports) to 1
2026-05-19 23:27:17.931 10 INFO neutron.db.ovn_revision_numbers_db [req-536b36d5-f6e3-489c-a714-f4767e72e4c7 req-87d51d8f-6a2c-43d2-9596-3149f3f55dd3 9a1a0c772f3a4086bec73b7f422c3b1b 81ef9f555c0f46169a9d76abac9398eb - - a34a11348cc647f18b33937b190b4885 a34a11348cc647f18b33937b190b4885] Successfully bumped revision number for resource 2ccf75c8-7bfc-439e-ae12-89248b773a49 (type: ports) to 4
2026-05-19 23:27:17.954 10 INFO neutron.api.wsgi [req-536b36d5-f6e3-489c-a714-f4767e72e4c7 req-87d51d8f-6a2c-43d2-9596-3149f3f55dd3 9a1a0c772f3a4086bec73b7f422c3b1b 81ef9f555c0f46169a9d76abac9398eb - - a34a11348cc647f18b33937b190b4885 a34a11348cc647f18b33937b190b4885] 199.204.45.113 "PUT /v2.0/ports/2ccf75c8-7bfc-439e-ae12-89248b773a49 HTTP/1.1" status: 200 len: 1404 time: 0.6894228
2026-05-19 23:27:18.050 9 INFO neutron.api.wsgi [req-4849c382-4aa9-4584-9289-632a09150969 req-2aeec695-622b-4207-be48-8a41aa3f1624 4a1345e4f0e549579e596eb06271ffd3 05f82b7589204ce3b4ac749c5788f582 - - default default] 10.0.0.8 "GET /v2.0/ports?device_id=bbae31e0-70ff-4e21-901d-38d2e14c3736 HTTP/1.1" status: 200 len: 1168 time: 0.0461111
2026-05-19 23:27:18.105 9 INFO neutron.api.wsgi [req-4849c382-4aa9-4584-9289-632a09150969 req-6e0fde4e-25ae-4f10-81e5-a79eb37b66f0 4a1345e4f0e549579e596eb06271ffd3 05f82b7589204ce3b4ac749c5788f582 - - default default] 10.0.0.8 "GET /v2.0/security-groups?id=319e9f4e-2a8e-4fa7-97db-437501daed77&fields=id&fields=name HTTP/1.1" status: 200 len: 313 time: 0.0480118
2026-05-19 23:27:18.110 9 INFO neutron.api.wsgi [None req-b2c3d0ce-8386-4798-9735-4f09611c7bb6 cd01d9e63fc644b4a811d604a9183042 9f3c46f8450d40d8a7030348bf7b44e5 - - default default] 10.0.0.114 "DELETE /v2.0/security-groups/9649bdc8-40a3-4532-a8ee-dfcedbd184e2 HTTP/1.1" status: 204 len: 168 time: 0.3485630
2026-05-19 23:27:18.120 9 WARNING neutron.scheduler.dhcp_agent_scheduler [None req-7f3ec0e5-7853-4af2-8130-0651bf71a305 cd01d9e63fc644b4a811d604a9183042 9f3c46f8450d40d8a7030348bf7b44e5 - - default default] No more DHCP agents
2026-05-19 23:27:18.121 9 WARNING neutron.api.rpc.agentnotifiers.dhcp_rpc_agent_api [None req-7f3ec0e5-7853-4af2-8130-0651bf71a305 cd01d9e63fc644b4a811d604a9183042 9f3c46f8450d40d8a7030348bf7b44e5 - - default default] Unable to schedule network 3d2c067a-7d82-4fb7-9632-13d12a0678b2: no agents available; will retry on subsequent port and subnet creation events. /var/lib/openstack/lib/python3.12/site-packages/pycadf/identifier.py:71: UserWarning: Invalid uuid: neutron. To ensure interoperability, identifiers should be a valid uuid. warnings.warn(('Invalid uuid: %s. To ensure interoperability, '
2026-05-19 23:27:18.209 10 INFO neutron.api.wsgi [req-70f0deff-bf84-4c15-a69d-ad4b89cfbf7f req-589a1803-9800-4272-a060-f4d63b5f3bcc 9a1a0c772f3a4086bec73b7f422c3b1b 81ef9f555c0f46169a9d76abac9398eb - - a34a11348cc647f18b33937b190b4885 a34a11348cc647f18b33937b190b4885] 199.204.45.113 "GET /v2.0/ports?tenant_id=05f82b7589204ce3b4ac749c5788f582&device_id=bbae31e0-70ff-4e21-901d-38d2e14c3736 HTTP/1.1" status: 200 len: 1407 time: 0.0472822
2026-05-19 23:27:18.219 10 INFO neutron.notifiers.nova [-] Nova event matching ['req-445a98da-5a3b-4e3f-ae99-17dce2fe9cb1'] response: {'name': 'network-changed', 'server_uuid': '490581b2-b5ae-4006-b633-c79d5df961eb', 'tag': '2ccf75c8-7bfc-439e-ae12-89248b773a49', 'status': 'completed', 'code': 200}
2026-05-19 23:27:18.284 10 INFO neutron.db.ovn_revision_numbers_db [None req-c998c491-af9a-4d43-b2f7-95dfda400401 - - - - - -] Successfully bumped revision number for resource 12798a2e-3cd9-4477-b07e-586cf927fe16 (type: ports) to 4
2026-05-19 23:27:18.286 9 INFO neutron.db.ovn_revision_numbers_db [None req-7f3ec0e5-7853-4af2-8130-0651bf71a305 cd01d9e63fc644b4a811d604a9183042 9f3c46f8450d40d8a7030348bf7b44e5 - - default default] Successfully bumped revision number for resource 9092bec3-4142-49b4-865a-7dc1ff76011b (type: ports) to 1
2026-05-19 23:27:18.317 10 INFO neutron.api.wsgi [req-70f0deff-bf84-4c15-a69d-ad4b89cfbf7f req-26b0a2d9-7fec-486f-a150-858268eaf0e4 9a1a0c772f3a4086bec73b7f422c3b1b 81ef9f555c0f46169a9d76abac9398eb - - a34a11348cc647f18b33937b190b4885 a34a11348cc647f18b33937b190b4885] 199.204.45.113 "GET /v2.0/networks?id=8113250e-46c9-490e-aa07-341471fb501a HTTP/1.1" status: 200 len: 973 time: 0.0639775
2026-05-19 23:27:18.346 10 INFO neutron.api.wsgi [req-70f0deff-bf84-4c15-a69d-ad4b89cfbf7f req-8d6b58ac-c217-4a83-a59d-67e07274e41b 9a1a0c772f3a4086bec73b7f422c3b1b 81ef9f555c0f46169a9d76abac9398eb - - a34a11348cc647f18b33937b190b4885 a34a11348cc647f18b33937b190b4885] 199.204.45.113 "GET /v2.0/floatingips?fixed_ip_address=10.100.0.6&port_id=bbf8c509-9070-4a15-b1cb-f388e876abdc HTTP/1.1" status: 200 len: 217 time: 0.0215237
2026-05-19 23:27:18.391 10 INFO neutron.api.wsgi [req-70f0deff-bf84-4c15-a69d-ad4b89cfbf7f req-bbbebbc8-18fe-4585-9c50-d74d8d00f88c 9a1a0c772f3a4086bec73b7f422c3b1b 81ef9f555c0f46169a9d76abac9398eb - - a34a11348cc647f18b33937b190b4885 a34a11348cc647f18b33937b190b4885] 199.204.45.113 "GET /v2.0/subnets?id=5f617ebc-e7b9-4023-9b98-d3e11ee3b782 HTTP/1.1" status: 200 len: 892 time: 0.0313520
2026-05-19 23:27:18.447 10 INFO neutron.api.wsgi [req-70f0deff-bf84-4c15-a69d-ad4b89cfbf7f req-4bf132da-3393-40a7-ad74-c8a5882ddc58 9a1a0c772f3a4086bec73b7f422c3b1b 81ef9f555c0f46169a9d76abac9398eb - - a34a11348cc647f18b33937b190b4885 a34a11348cc647f18b33937b190b4885] 199.204.45.113 "GET /v2.0/ports?network_id=8113250e-46c9-490e-aa07-341471fb501a&device_owner=network%3Adhcp HTTP/1.1" status: 200 len: 210 time: 0.0271182
2026-05-19 23:27:18.493 10 INFO neutron.api.wsgi [req-70f0deff-bf84-4c15-a69d-ad4b89cfbf7f req-ed829866-3651-4e13-ba12-366678a44fd4 9a1a0c772f3a4086bec73b7f422c3b1b 81ef9f555c0f46169a9d76abac9398eb - - a34a11348cc647f18b33937b190b4885 a34a11348cc647f18b33937b190b4885] 199.204.45.113 "GET /v2.0/networks/8113250e-46c9-490e-aa07-341471fb501a?fields=segments HTTP/1.1" status: 200 len: 212 time: 0.0395954
2026-05-19 23:27:18.551 10 INFO neutron.api.wsgi [req-70f0deff-bf84-4c15-a69d-ad4b89cfbf7f req-77d746ca-cf5c-43aa-8f14-d5535bd09abb 9a1a0c772f3a4086bec73b7f422c3b1b 81ef9f555c0f46169a9d76abac9398eb - - a34a11348cc647f18b33937b190b4885 a34a11348cc647f18b33937b190b4885] 199.204.45.113 "GET /v2.0/networks/8113250e-46c9-490e-aa07-341471fb501a?fields=provider%3Aphysical_network&fields=provider%3Anetwork_type HTTP/1.1" status: 200 len: 277 time: 0.0400927
2026-05-19 23:27:18.651 10 INFO neutron.db.ovn_revision_numbers_db [None req-c998c491-af9a-4d43-b2f7-95dfda400401 - - - - - -] Successfully bumped revision number for resource 12798a2e-3cd9-4477-b07e-586cf927fe16 (type: ports) to 5
2026-05-19 23:27:18.693 9 INFO neutron.api.wsgi [req-b1cf5976-c363-4dd7-8ddb-3c15acaf0900 req-11d87cca-4826-4217-af5e-a6254dc2dc5a 7a395d5701d744189b78c0386210f730 7c6c9a1e7cba42c48d8a38dbdab4f689 - - default default] 10.0.0.8 "GET /v2.0/ports?device_id=490581b2-b5ae-4006-b633-c79d5df961eb HTTP/1.1" status: 200 len: 1168 time: 0.0352032
2026-05-19 23:27:18.737 9 INFO neutron.api.wsgi [req-b1cf5976-c363-4dd7-8ddb-3c15acaf0900 req-548ce9b5-b5f8-4b1b-98af-14679b623431 7a395d5701d744189b78c0386210f730 7c6c9a1e7cba42c48d8a38dbdab4f689 - - default default] 10.0.0.8 "GET /v2.0/security-groups?id=f8fff44e-8c68-44a6-9865-55f7c3801c17&fields=id&fields=name HTTP/1.1" status: 200 len: 313 time: 0.0365443
2026-05-19 23:27:18.793 10 INFO neutron.api.wsgi [req-2039948a-9cc5-4d55-8e10-3bb08511867b req-5847008a-776e-4780-be69-fc679a2fd72e 9a1a0c772f3a4086bec73b7f422c3b1b 81ef9f555c0f46169a9d76abac9398eb - - a34a11348cc647f18b33937b190b4885 a34a11348cc647f18b33937b190b4885] 199.204.45.113 "GET /v2.0/ports?tenant_id=7c6c9a1e7cba42c48d8a38dbdab4f689&device_id=490581b2-b5ae-4006-b633-c79d5df961eb HTTP/1.1" status: 200 len: 1407 time: 0.0330994
2026-05-19 23:27:18.832 10 INFO neutron.api.wsgi [req-2039948a-9cc5-4d55-8e10-3bb08511867b req-a7760c50-1ef7-4abf-9ed4-e7e08867a8e6 9a1a0c772f3a4086bec73b7f422c3b1b 81ef9f555c0f46169a9d76abac9398eb - - a34a11348cc647f18b33937b190b4885 a34a11348cc647f18b33937b190b4885] 199.204.45.113 "GET /v2.0/networks?tenant_id=7c6c9a1e7cba42c48d8a38dbdab4f689&shared=False HTTP/1.1" status: 200 len: 967 time: 0.0333264
2026-05-19 23:27:18.880 10 INFO neutron.api.wsgi [req-2039948a-9cc5-4d55-8e10-3bb08511867b req-4daeecc1-1a79-4df8-85b0-b679a6064e3b 9a1a0c772f3a4086bec73b7f422c3b1b 81ef9f555c0f46169a9d76abac9398eb - - a34a11348cc647f18b33937b190b4885 a34a11348cc647f18b33937b190b4885] 199.204.45.113 "GET /v2.0/networks?shared=True HTTP/1.1" status: 200 len: 952 time: 0.0434487
2026-05-19 23:27:18.894 9 INFO neutron.db.ovn_revision_numbers_db [None req-7f3ec0e5-7853-4af2-8130-0651bf71a305 cd01d9e63fc644b4a811d604a9183042 9f3c46f8450d40d8a7030348bf7b44e5 - - default default] Successfully bumped revision number for resource 9092bec3-4142-49b4-865a-7dc1ff76011b (type: ports) to 1
2026-05-19 23:27:18.975 9 WARNING neutron.scheduler.dhcp_agent_scheduler [None req-7f3ec0e5-7853-4af2-8130-0651bf71a305 cd01d9e63fc644b4a811d604a9183042 9f3c46f8450d40d8a7030348bf7b44e5 - - default default] No more DHCP agents
2026-05-19 23:27:18.976 9 WARNING neutron.api.rpc.agentnotifiers.dhcp_rpc_agent_api [None req-7f3ec0e5-7853-4af2-8130-0651bf71a305 cd01d9e63fc644b4a811d604a9183042 9f3c46f8450d40d8a7030348bf7b44e5 - - default default] Unable to schedule network 3d2c067a-7d82-4fb7-9632-13d12a0678b2: no agents available; will retry on subsequent port and subnet creation events.
2026-05-19 23:27:19.239 9 INFO neutron.api.wsgi [req-b89857e4-fa2a-4a35-af35-b48a4f5a0938 req-04ed5ca0-c99a-4ae1-bd27-3334a4adb4aa 4a1345e4f0e549579e596eb06271ffd3 05f82b7589204ce3b4ac749c5788f582 - - default default] 10.0.0.8 "GET /v2.0/ports?device_id=bbae31e0-70ff-4e21-901d-38d2e14c3736 HTTP/1.1" status: 200 len: 1168 time: 0.0476050
2026-05-19 23:27:19.286 9 INFO neutron.api.wsgi [req-b89857e4-fa2a-4a35-af35-b48a4f5a0938 req-56354ffc-1e28-46b0-99b5-2305f5e47837 4a1345e4f0e549579e596eb06271ffd3 05f82b7589204ce3b4ac749c5788f582 - - default default] 10.0.0.8 "GET /v2.0/security-groups?id=319e9f4e-2a8e-4fa7-97db-437501daed77&fields=id&fields=name HTTP/1.1" status: 200 len: 313 time: 0.0415521
2026-05-19 23:27:19.690 9 INFO neutron.plugins.ml2.drivers.ovn.mech_driver.mech_driver [None req-0c75b0af-063b-4d59-869d-f008bc4d5918 - - - - - -] OVN reports status up for port: 9092bec3-4142-49b4-865a-7dc1ff76011b
2026-05-19 23:27:19.706 9 INFO neutron.plugins.ml2.plugin [None req-0c75b0af-063b-4d59-869d-f008bc4d5918 - - - - - -] Attempt 1 to provision port 9092bec3-4142-49b4-865a-7dc1ff76011b
2026-05-19 23:27:19.732 9 INFO neutron.db.ovn_revision_numbers_db [None req-7f3ec0e5-7853-4af2-8130-0651bf71a305 cd01d9e63fc644b4a811d604a9183042 9f3c46f8450d40d8a7030348bf7b44e5 - - default default] Successfully bumped revision number for resource 9092bec3-4142-49b4-865a-7dc1ff76011b (type: router_ports) to 1
2026-05-19 23:27:19.736 9 INFO neutron.api.wsgi [None req-7f3ec0e5-7853-4af2-8130-0651bf71a305 cd01d9e63fc644b4a811d604a9183042 9f3c46f8450d40d8a7030348bf7b44e5 - - default default] 10.0.0.114 "PUT /v2.0/routers/31beb079-b371-469a-aff5-7c88c315d3a3/add_router_interface HTTP/1.1" status: 200 len: 503 time: 2.1866264
2026-05-19 23:27:19.857 9 INFO neutron.api.wsgi [req-09adbf66-da07-4277-8d8a-ca43fb8fb23f req-7ff2317c-d85c-4d01-8f7f-a1d3cddd0fc3 7a395d5701d744189b78c0386210f730 7c6c9a1e7cba42c48d8a38dbdab4f689 - - default default] 10.0.0.8 "GET /v2.0/ports?device_id=490581b2-b5ae-4006-b633-c79d5df961eb HTTP/1.1" status: 200 len: 1168 time: 0.0525639
2026-05-19 23:27:19.896 9 INFO neutron.api.wsgi [req-09adbf66-da07-4277-8d8a-ca43fb8fb23f req-4f9ba4ee-a0a1-4d8a-81f9-57d5dfb622b1 7a395d5701d744189b78c0386210f730 7c6c9a1e7cba42c48d8a38dbdab4f689 - - default default] 10.0.0.8 "GET /v2.0/security-groups?id=f8fff44e-8c68-44a6-9865-55f7c3801c17&fields=id&fields=name HTTP/1.1" status: 200 len: 313 time: 0.0329440
2026-05-19 23:27:19.937 10 INFO neutron.api.wsgi [req-536b36d5-f6e3-489c-a714-f4767e72e4c7 req-52573c77-5493-4dc8-8ef0-fa97cbc2087a 9a1a0c772f3a4086bec73b7f422c3b1b 81ef9f555c0f46169a9d76abac9398eb - - a34a11348cc647f18b33937b190b4885 a34a11348cc647f18b33937b190b4885] 199.204.45.113 "GET /v2.0/ports?tenant_id=7c6c9a1e7cba42c48d8a38dbdab4f689&device_id=490581b2-b5ae-4006-b633-c79d5df961eb HTTP/1.1" status: 200 len: 1407 time: 0.0428712
2026-05-19 23:27:19.962 10 INFO neutron.api.wsgi [req-536b36d5-f6e3-489c-a714-f4767e72e4c7 req-a1a3dac8-7e70-4ef8-9f68-a16888b8987d 9a1a0c772f3a4086bec73b7f422c3b1b 81ef9f555c0f46169a9d76abac9398eb - - a34a11348cc647f18b33937b190b4885 a34a11348cc647f18b33937b190b4885] 199.204.45.113 "GET /v2.0/floatingips?fixed_ip_address=10.100.0.8&port_id=2ccf75c8-7bfc-439e-ae12-89248b773a49 HTTP/1.1" status: 200 len: 217 time: 0.0178058
2026-05-19 23:27:19.994 10 INFO neutron.api.wsgi [req-536b36d5-f6e3-489c-a714-f4767e72e4c7 req-2203a1b1-ad7a-442d-988c-65c76b730c20 9a1a0c772f3a4086bec73b7f422c3b1b 81ef9f555c0f46169a9d76abac9398eb - - a34a11348cc647f18b33937b190b4885 a34a11348cc647f18b33937b190b4885] 199.204.45.113 "GET /v2.0/subnets?id=67e52fb9-be6c-4b43-8df3-19df17314f88 HTTP/1.1" status: 200 len: 886 time: 0.0269203
2026-05-19 23:27:20.030 10 INFO neutron.api.wsgi [req-536b36d5-f6e3-489c-a714-f4767e72e4c7 req-b4fab1db-aec0-498c-9959-5acc624cb5e4 9a1a0c772f3a4086bec73b7f422c3b1b 81ef9f555c0f46169a9d76abac9398eb - - a34a11348cc647f18b33937b190b4885 a34a11348cc647f18b33937b190b4885] 199.204.45.113 "GET /v2.0/ports?network_id=ba52985a-40b6-4382-bb51-4c67fedb7c70&device_owner=network%3Adhcp HTTP/1.1" status: 200 len: 210 time: 0.0307841
2026-05-19 23:27:20.089 10 INFO neutron.api.wsgi [req-536b36d5-f6e3-489c-a714-f4767e72e4c7 req-2c52d234-de13-49c0-99fc-579f86839b04 9a1a0c772f3a4086bec73b7f422c3b1b 81ef9f555c0f46169a9d76abac9398eb - - a34a11348cc647f18b33937b190b4885 a34a11348cc647f18b33937b190b4885] 199.204.45.113 "GET /v2.0/networks/ba52985a-40b6-4382-bb51-4c67fedb7c70?fields=segments HTTP/1.1" status: 200 len: 212 time: 0.0533094
2026-05-19 23:27:20.136 9 INFO neutron.db.ovn_revision_numbers_db [None req-0c75b0af-063b-4d59-869d-f008bc4d5918 - - - - - -] Successfully bumped revision number for resource 9092bec3-4142-49b4-865a-7dc1ff76011b (type: ports) to 2
2026-05-19 23:27:20.154 10 INFO neutron.api.wsgi [req-536b36d5-f6e3-489c-a714-f4767e72e4c7 req-e5b40dce-bc5d-454b-aad0-afa31dcc8a2f 9a1a0c772f3a4086bec73b7f422c3b1b 81ef9f555c0f46169a9d76abac9398eb - - a34a11348cc647f18b33937b190b4885 a34a11348cc647f18b33937b190b4885] 199.204.45.113 "GET /v2.0/networks/ba52985a-40b6-4382-bb51-4c67fedb7c70?fields=provider%3Aphysical_network&fields=provider%3Anetwork_type HTTP/1.1" status: 200 len: 277 time: 0.0607085
2026-05-19 23:27:20.421 9 WARNING neutron_lib.context [req-884261b9-e7d4-4bc2-a39a-61773a089eb9 req-b43e93e3-f1fc-46c5-b534-4ebb148ec87b 16978e9ed1ad42889d22970a61f1b86e 757fe911af674ca2969555fecbe2e59d - - default default] Method 'is_advsvc' is deprecated since 2023.2 release (neutron-lib 3.8.0) and will be removed once support for the old RBAC API policies will be removed from Neutron. Please use method 'is_service_role' instead.
2026-05-19 23:27:20.467 9 INFO neutron.api.wsgi [req-f9455ec0-80bb-4377-8b31-3b6a4eb28c82 req-e914cc6e-2ce4-49c9-aade-4fd375ffd411 4a1345e4f0e549579e596eb06271ffd3 05f82b7589204ce3b4ac749c5788f582 - - default default] 10.0.0.8 "GET /v2.0/ports?device_id=bbae31e0-70ff-4e21-901d-38d2e14c3736 HTTP/1.1" status: 200 len: 1168 time: 0.1152980
2026-05-19 23:27:20.511 9 INFO neutron.api.wsgi [req-f9455ec0-80bb-4377-8b31-3b6a4eb28c82 req-44586429-080a-4e97-b7ca-c800d9bf27cc 4a1345e4f0e549579e596eb06271ffd3 05f82b7589204ce3b4ac749c5788f582 - - default default] 10.0.0.8 "GET /v2.0/security-groups?id=319e9f4e-2a8e-4fa7-97db-437501daed77&fields=id&fields=name HTTP/1.1" status: 200 len: 313 time: 0.0384493
2026-05-19 23:27:20.549 9 INFO neutron.db.ovn_revision_numbers_db [req-884261b9-e7d4-4bc2-a39a-61773a089eb9 req-b43e93e3-f1fc-46c5-b534-4ebb148ec87b 16978e9ed1ad42889d22970a61f1b86e 757fe911af674ca2969555fecbe2e59d - - default default] Successfully bumped revision number for resource d13d2728-3e77-42d4-8048-29e33540dc73 (type: security_groups) to 1
2026-05-19 23:27:20.566 9 INFO neutron.db.ovn_revision_numbers_db [req-884261b9-e7d4-4bc2-a39a-61773a089eb9 req-b43e93e3-f1fc-46c5-b534-4ebb148ec87b 16978e9ed1ad42889d22970a61f1b86e 757fe911af674ca2969555fecbe2e59d - - default default] Successfully bumped revision number for resource 63b12702-8179-4808-a4a0-b767fad4bd8f (type: security_group_rules) to 0
2026-05-19 23:27:20.578 9 INFO neutron.db.ovn_revision_numbers_db [req-884261b9-e7d4-4bc2-a39a-61773a089eb9 req-b43e93e3-f1fc-46c5-b534-4ebb148ec87b 16978e9ed1ad42889d22970a61f1b86e 757fe911af674ca2969555fecbe2e59d - - default default] Successfully bumped revision number for resource d5bf5b81-5270-4fc7-961d-1bc3023d2eb7 (type: security_group_rules) to 0
2026-05-19 23:27:20.614 9 INFO neutron.api.wsgi [req-884261b9-e7d4-4bc2-a39a-61773a089eb9 req-b43e93e3-f1fc-46c5-b534-4ebb148ec87b 16978e9ed1ad42889d22970a61f1b86e 757fe911af674ca2969555fecbe2e59d - - default default] 10.0.0.8 "POST /v2.0/security-groups HTTP/1.1" status: 201 len: 1883 time: 0.2055297
2026-05-19 23:27:20.641 10 INFO neutron.db.ovn_revision_numbers_db [None req-6067de0e-efd1-42c1-be1c-9260efecf725 cd01d9e63fc644b4a811d604a9183042 9f3c46f8450d40d8a7030348bf7b44e5 - - default default] Successfully bumped revision number for resource 19f78c35-57f7-4a1a-8d9f-2b6f2c4d5dee (type: security_groups) to 1
2026-05-19 23:27:20.651 9 WARNING neutron_lib.context [req-363b53ad-f17b-41ab-a3c7-66e86ae3d4f9 req-deff2d07-7bea-4377-b269-16674c8d485f 16978e9ed1ad42889d22970a61f1b86e 757fe911af674ca2969555fecbe2e59d - - default default] Method 'is_advsvc' is deprecated since 2023.2 release (neutron-lib 3.8.0) and will be removed once support for the old RBAC API policies will be removed from Neutron. Please use method 'is_service_role' instead.
2026-05-19 23:27:20.655 10 INFO neutron.db.ovn_revision_numbers_db [None req-6067de0e-efd1-42c1-be1c-9260efecf725 cd01d9e63fc644b4a811d604a9183042 9f3c46f8450d40d8a7030348bf7b44e5 - - default default] Successfully bumped revision number for resource 4d47ba13-4ca9-41e4-8470-fec57a6a881e (type: security_group_rules) to 0
2026-05-19 23:27:20.671 10 INFO neutron.db.ovn_revision_numbers_db [None req-6067de0e-efd1-42c1-be1c-9260efecf725 cd01d9e63fc644b4a811d604a9183042 9f3c46f8450d40d8a7030348bf7b44e5 - - default default] Successfully bumped revision number for resource 531adc77-de51-4871-8c67-c030c3f95dd8 (type: security_group_rules) to 0
2026-05-19 23:27:20.691 10 INFO neutron.db.ovn_revision_numbers_db [None req-6067de0e-efd1-42c1-be1c-9260efecf725 cd01d9e63fc644b4a811d604a9183042 9f3c46f8450d40d8a7030348bf7b44e5 - - default default] Successfully bumped revision number for resource 9b00c38f-fecf-4be7-bd45-de8d66c4486c (type: security_group_rules) to 0
2026-05-19 23:27:20.708 10 INFO neutron.db.ovn_revision_numbers_db [None req-6067de0e-efd1-42c1-be1c-9260efecf725 cd01d9e63fc644b4a811d604a9183042 9f3c46f8450d40d8a7030348bf7b44e5 - - default default] Successfully bumped revision number for resource c10b8226-c3b0-4fff-99e6-e17f0a3b9cff (type: security_group_rules) to 0
2026-05-19 23:27:20.740 10 INFO neutron.api.wsgi [None req-6067de0e-efd1-42c1-be1c-9260efecf725 cd01d9e63fc644b4a811d604a9183042 9f3c46f8450d40d8a7030348bf7b44e5 - - default default] 10.0.0.114 "GET /v2.0/security-groups?tenant_id=cb33dcc7fd954874a863cba2ea9f0c2c&name=default HTTP/1.1" status: 200 len: 3120 time: 0.3268785
2026-05-19 23:27:20.792 9 INFO neutron.db.ovn_revision_numbers_db [req-363b53ad-f17b-41ab-a3c7-66e86ae3d4f9 req-deff2d07-7bea-4377-b269-16674c8d485f 16978e9ed1ad42889d22970a61f1b86e 757fe911af674ca2969555fecbe2e59d - - default default] Successfully bumped revision number for resource 61cafdce-a42f-49bc-b4fb-2624769089a2 (type: security_groups) to 1
2026-05-19 23:27:20.812 9 INFO neutron.db.ovn_revision_numbers_db [req-363b53ad-f17b-41ab-a3c7-66e86ae3d4f9 req-deff2d07-7bea-4377-b269-16674c8d485f 16978e9ed1ad42889d22970a61f1b86e 757fe911af674ca2969555fecbe2e59d - - default default] Successfully bumped revision number for resource 56a5f5bf-544f-41ad-badb-a5e0b00475a4 (type: security_group_rules) to 0
2026-05-19 23:27:20.831 9 INFO neutron.db.ovn_revision_numbers_db [req-363b53ad-f17b-41ab-a3c7-66e86ae3d4f9 req-deff2d07-7bea-4377-b269-16674c8d485f 16978e9ed1ad42889d22970a61f1b86e 757fe911af674ca2969555fecbe2e59d - - default default] Successfully bumped revision number for resource d1c1b7cf-42c8-40a3-921c-0b1efda8136d (type: security_group_rules) to 0
2026-05-19 23:27:20.875 9 INFO neutron.api.wsgi [req-363b53ad-f17b-41ab-a3c7-66e86ae3d4f9 req-deff2d07-7bea-4377-b269-16674c8d485f 16978e9ed1ad42889d22970a61f1b86e 757fe911af674ca2969555fecbe2e59d - - default default] 10.0.0.8 "POST /v2.0/security-groups HTTP/1.1" status: 201 len: 1886 time: 0.2319279
2026-05-19 23:27:20.914 9 WARNING neutron_lib.context [req-d6f0918f-35fb-48ef-9fe3-9bc5185d7fe1 req-88333f74-6b37-476d-a3e2-9f00522318ec 16978e9ed1ad42889d22970a61f1b86e 757fe911af674ca2969555fecbe2e59d - - default default] Method 'is_advsvc' is deprecated since 2023.2 release (neutron-lib 3.8.0) and will be removed once support for the old RBAC API policies will be removed from Neutron. Please use method 'is_service_role' instead.
2026-05-19 23:27:20.985 9 INFO neutron.api.wsgi [None req-aeea5206-451b-42c0-946f-a752274ae7b6 cd01d9e63fc644b4a811d604a9183042 9f3c46f8450d40d8a7030348bf7b44e5 - - default default] 10.0.0.114 "DELETE /v2.0/security-groups/19f78c35-57f7-4a1a-8d9f-2b6f2c4d5dee HTTP/1.1" status: 204 len: 168 time: 0.2395623
2026-05-19 23:27:21.012 9 INFO neutron.api.wsgi [req-597aebd7-473e-4225-b02c-dd68095688b1 req-56aa545e-27a2-44a8-a931-9a6499246190 7a395d5701d744189b78c0386210f730 7c6c9a1e7cba42c48d8a38dbdab4f689 - - default default] 10.0.0.8 "GET /v2.0/ports?device_id=490581b2-b5ae-4006-b633-c79d5df961eb HTTP/1.1" status: 200 len: 1168 time: 0.0514264
2026-05-19 23:27:21.053 9 INFO neutron.db.ovn_revision_numbers_db [req-d6f0918f-35fb-48ef-9fe3-9bc5185d7fe1 req-88333f74-6b37-476d-a3e2-9f00522318ec 16978e9ed1ad42889d22970a61f1b86e 757fe911af674ca2969555fecbe2e59d - - default default] Successfully bumped revision number for resource 69a097de-b977-4826-8e8c-78148efad9b8 (type: security_groups) to 1
2026-05-19 23:27:21.058 9 INFO neutron.api.wsgi [req-597aebd7-473e-4225-b02c-dd68095688b1 req-563ec57c-1e87-4a26-a38d-c745bfd6e936 7a395d5701d744189b78c0386210f730 7c6c9a1e7cba42c48d8a38dbdab4f689 - - default default] 10.0.0.8 "GET /v2.0/security-groups?id=f8fff44e-8c68-44a6-9865-55f7c3801c17&fields=id&fields=name HTTP/1.1" status: 200 len: 313 time: 0.0387244
2026-05-19 23:27:21.069 9 INFO neutron.db.ovn_revision_numbers_db [req-d6f0918f-35fb-48ef-9fe3-9bc5185d7fe1 req-88333f74-6b37-476d-a3e2-9f00522318ec 16978e9ed1ad42889d22970a61f1b86e 757fe911af674ca2969555fecbe2e59d - - default default] Successfully bumped revision number for resource 2538ed52-bb17-4acc-a436-1a22bde0ca57 (type: security_group_rules) to 0
2026-05-19 23:27:21.079 9 INFO neutron.db.ovn_revision_numbers_db [req-d6f0918f-35fb-48ef-9fe3-9bc5185d7fe1 req-88333f74-6b37-476d-a3e2-9f00522318ec 16978e9ed1ad42889d22970a61f1b86e 757fe911af674ca2969555fecbe2e59d - - default default] Successfully bumped revision number for resource e6ec9d6b-1bab-480b-b26e-1a1759a82d6e (type: security_group_rules) to 0
2026-05-19 23:27:21.111 9 INFO neutron.api.wsgi [req-d6f0918f-35fb-48ef-9fe3-9bc5185d7fe1 req-88333f74-6b37-476d-a3e2-9f00522318ec 16978e9ed1ad42889d22970a61f1b86e 757fe911af674ca2969555fecbe2e59d - - default default] 10.0.0.8 "POST /v2.0/security-groups HTTP/1.1" status: 201 len: 1887 time: 0.2057452
2026-05-19 23:27:21.180 9 INFO neutron.api.wsgi [req-d69aefa0-9a70-42f7-a2f4-19674e857a72 req-cce1a3b3-1f36-4549-b2a5-f0abf2f70d95 16978e9ed1ad42889d22970a61f1b86e 757fe911af674ca2969555fecbe2e59d - - default default] 10.0.0.8 "GET /v2.0/security-groups?tenant_id=757fe911af674ca2969555fecbe2e59d HTTP/1.1" status: 200 len: 8106 time: 0.0440812
2026-05-19 23:27:21.213 9 INFO neutron.api.wsgi [req-d69aefa0-9a70-42f7-a2f4-19674e857a72 req-dd5b0e36-81e1-4d09-a98a-36d34f1be22e 16978e9ed1ad42889d22970a61f1b86e 757fe911af674ca2969555fecbe2e59d - - default default] 10.0.0.8 "GET /v2.0/security-groups/6497e6c0-30f5-4d5f-81f7-8c61bb8944a6 HTTP/1.1" status: 200 len: 3122 time: 0.0287545
2026-05-19 23:27:21.247 9 INFO neutron.api.wsgi [req-d69aefa0-9a70-42f7-a2f4-19674e857a72 req-1eda7085-f5eb-44ae-bf2e-b5d57e9694d1 16978e9ed1ad42889d22970a61f1b86e 757fe911af674ca2969555fecbe2e59d - - default default] 10.0.0.8 "GET /v2.0/security-groups/6497e6c0-30f5-4d5f-81f7-8c61bb8944a6 HTTP/1.1" status: 200 len: 3122 time: 0.0281160
2026-05-19 23:27:21.309 9 INFO neutron.api.wsgi [req-546eb219-ec36-426d-ba66-67936c28794a req-eb731195-011f-477e-b632-116b6cb243ab 16978e9ed1ad42889d22970a61f1b86e 757fe911af674ca2969555fecbe2e59d - - default default] 10.0.0.8 "GET /v2.0/security-groups/d13d2728-3e77-42d4-8048-29e33540dc73 HTTP/1.1" status: 200 len: 1878 time: 0.0310607
2026-05-19 23:27:21.432 9 INFO neutron.api.wsgi [req-546eb219-ec36-426d-ba66-67936c28794a req-32870982-a671-45cc-b7b0-e4b5b044ffb9 16978e9ed1ad42889d22970a61f1b86e 757fe911af674ca2969555fecbe2e59d - - default default] 10.0.0.8 "DELETE /v2.0/security-groups/d13d2728-3e77-42d4-8048-29e33540dc73 HTTP/1.1" status: 204 len: 173 time: 0.1162143
2026-05-19 23:27:21.461 9 INFO neutron.api.v2.resource [req-32d07dd0-dd73-493b-ae50-bff982984ced req-ea5787da-3ae4-4f69-9464-045ffc5aed12 16978e9ed1ad42889d22970a61f1b86e 757fe911af674ca2969555fecbe2e59d - - default default] show failed (client error): The resource could not be found.
2026-05-19 23:27:21.462 9 INFO neutron.api.wsgi [req-32d07dd0-dd73-493b-ae50-bff982984ced req-ea5787da-3ae4-4f69-9464-045ffc5aed12 16978e9ed1ad42889d22970a61f1b86e 757fe911af674ca2969555fecbe2e59d - - default default] 10.0.0.8 "GET /v2.0/security-groups/d13d2728-3e77-42d4-8048-29e33540dc73 HTTP/1.1" status: 404 len: 352 time: 0.0116270
2026-05-19 23:27:21.516 9 INFO neutron.api.wsgi [req-87bdd98a-6ee3-42cd-8ce7-5dffdeb861ad req-9f372578-931d-4d30-ba68-a2f685541a31 16978e9ed1ad42889d22970a61f1b86e 757fe911af674ca2969555fecbe2e59d - - default default] 10.0.0.8 "GET /v2.0/security-groups/61cafdce-a42f-49bc-b4fb-2624769089a2 HTTP/1.1" status: 200 len: 1881 time: 0.0308888
2026-05-19 23:27:21.622 9 INFO neutron.api.wsgi [req-60f02bfd-628f-4357-acdf-b5eb4fa2785a req-acf5f9bd-7cee-45ac-bf29-1ed1039df22e 4a1345e4f0e549579e596eb06271ffd3 05f82b7589204ce3b4ac749c5788f582 - - default default] 10.0.0.8 "GET /v2.0/ports?device_id=bbae31e0-70ff-4e21-901d-38d2e14c3736 HTTP/1.1" status: 200 len: 1168 time: 0.0391953
2026-05-19 23:27:21.669 9 INFO neutron.api.wsgi [req-60f02bfd-628f-4357-acdf-b5eb4fa2785a req-9ae63f47-1cc4-405a-84f0-f988d849c79c 4a1345e4f0e549579e596eb06271ffd3 05f82b7589204ce3b4ac749c5788f582 - - default default] 10.0.0.8 "GET /v2.0/security-groups?id=319e9f4e-2a8e-4fa7-97db-437501daed77&fields=id&fields=name HTTP/1.1" status: 200 len: 313 time: 0.0426571
2026-05-19 23:27:21.674 9 INFO neutron.api.wsgi [req-87bdd98a-6ee3-42cd-8ce7-5dffdeb861ad req-8dfbc3d3-557c-442f-99aa-845231365c47 16978e9ed1ad42889d22970a61f1b86e 757fe911af674ca2969555fecbe2e59d - - default default] 10.0.0.8 "DELETE /v2.0/security-groups/61cafdce-a42f-49bc-b4fb-2624769089a2 HTTP/1.1" status: 204 len: 173 time: 0.1468453
2026-05-19 23:27:21.713 9 INFO neutron.api.v2.resource [req-3fb843c7-b2c0-45f8-a947-bfde569703c6 req-70670f6e-cbab-4196-bb6f-6bfbe662721f 16978e9ed1ad42889d22970a61f1b86e 757fe911af674ca2969555fecbe2e59d - - default default] show failed (client error): The resource could not be found.
2026-05-19 23:27:21.714 9 INFO neutron.api.wsgi [req-3fb843c7-b2c0-45f8-a947-bfde569703c6 req-70670f6e-cbab-4196-bb6f-6bfbe662721f 16978e9ed1ad42889d22970a61f1b86e 757fe911af674ca2969555fecbe2e59d - - default default] 10.0.0.8 "GET /v2.0/security-groups/61cafdce-a42f-49bc-b4fb-2624769089a2 HTTP/1.1" status: 404 len: 352 time: 0.0186448
2026-05-19 23:27:21.768 9 INFO neutron.api.wsgi [req-0106e025-9b0f-49c7-a4d8-8db228f6eccb req-c42af1c8-4fa0-4774-b04b-2aba944e1f39 16978e9ed1ad42889d22970a61f1b86e 757fe911af674ca2969555fecbe2e59d - - default default] 10.0.0.8 "GET /v2.0/security-groups/69a097de-b977-4826-8e8c-78148efad9b8 HTTP/1.1" status: 200 len: 1882 time: 0.0251915
2026-05-19 23:27:21.869 9 INFO neutron.api.wsgi [req-0106e025-9b0f-49c7-a4d8-8db228f6eccb req-37b5c4c3-143c-45f1-89a4-10312e2ebf0d 16978e9ed1ad42889d22970a61f1b86e 757fe911af674ca2969555fecbe2e59d - - default default] 10.0.0.8 "DELETE /v2.0/security-groups/69a097de-b977-4826-8e8c-78148efad9b8 HTTP/1.1" status: 204 len: 173 time: 0.0970378
2026-05-19 23:27:21.912 9 INFO neutron.api.v2.resource [req-2893e4b8-fb95-44a4-82fc-f8814970b3b6 req-106ec91a-1fee-4caf-8d6f-1747abe3d3ca 16978e9ed1ad42889d22970a61f1b86e 757fe911af674ca2969555fecbe2e59d - - default default] show failed (client error): The resource could not be found.
2026-05-19 23:27:21.913 9 INFO neutron.api.wsgi [req-2893e4b8-fb95-44a4-82fc-f8814970b3b6 req-106ec91a-1fee-4caf-8d6f-1747abe3d3ca 16978e9ed1ad42889d22970a61f1b86e 757fe911af674ca2969555fecbe2e59d - - default default] 10.0.0.8 "GET /v2.0/security-groups/69a097de-b977-4826-8e8c-78148efad9b8 HTTP/1.1" status: 404 len: 352 time: 0.0256684
2026-05-19 23:27:21.966 9 INFO neutron.api.wsgi [req-ede419b8-ae2e-41b6-840b-404827bdda81 req-384cd36b-378a-40eb-bf6d-17da914ae7e3 16978e9ed1ad42889d22970a61f1b86e 757fe911af674ca2969555fecbe2e59d - - default default] 10.0.0.8 "GET /v2.0/security-groups?tenant_id=757fe911af674ca2969555fecbe2e59d HTTP/1.1" status: 200 len: 3125 time: 0.0325401
2026-05-19 23:27:21.997 9 INFO neutron.api.wsgi [req-ede419b8-ae2e-41b6-840b-404827bdda81 req-7f2307f6-a7da-4381-9cd1-340e9674fbe5 16978e9ed1ad42889d22970a61f1b86e 757fe911af674ca2969555fecbe2e59d - - default default] 10.0.0.8 "GET /v2.0/security-groups/6497e6c0-30f5-4d5f-81f7-8c61bb8944a6 HTTP/1.1" status: 200 len: 3122 time: 0.0248563
2026-05-19 23:27:22.029 9 INFO neutron.api.wsgi [req-ede419b8-ae2e-41b6-840b-404827bdda81 req-73773630-00fc-4dde-83da-7de6f3f805e0 16978e9ed1ad42889d22970a61f1b86e 757fe911af674ca2969555fecbe2e59d - - default default] 10.0.0.8 "GET /v2.0/security-groups/6497e6c0-30f5-4d5f-81f7-8c61bb8944a6 HTTP/1.1" status: 200 len: 3122 time: 0.0251782
2026-05-19 23:27:22.065 9 INFO neutron.api.v2.resource [req-3d812890-aa09-43f3-bc0b-d723195c8006 req-0526d208-70b1-4637-a0ae-5b9c9e7ccbba 16978e9ed1ad42889d22970a61f1b86e 757fe911af674ca2969555fecbe2e59d - - default default] show failed (client error): The resource could not be found.
2026-05-19 23:27:22.066 9 INFO neutron.api.wsgi [req-3d812890-aa09-43f3-bc0b-d723195c8006 req-0526d208-70b1-4637-a0ae-5b9c9e7ccbba 16978e9ed1ad42889d22970a61f1b86e 757fe911af674ca2969555fecbe2e59d - - default default] 10.0.0.8 "GET /v2.0/security-groups/69a097de-b977-4826-8e8c-78148efad9b8 HTTP/1.1" status: 404 len: 352 time: 0.0125923
2026-05-19 23:27:22.096 9 INFO neutron.api.v2.resource [req-6bccc2ba-103e-433d-a723-2cb1c8508acc req-187e7bf4-1fee-46c3-b0b5-c10834be018c 16978e9ed1ad42889d22970a61f1b86e 757fe911af674ca2969555fecbe2e59d - - default default] show failed (client error): The resource could not be found.
2026-05-19 23:27:22.096 9 INFO neutron.api.wsgi [req-6bccc2ba-103e-433d-a723-2cb1c8508acc req-187e7bf4-1fee-46c3-b0b5-c10834be018c 16978e9ed1ad42889d22970a61f1b86e 757fe911af674ca2969555fecbe2e59d - - default default] 10.0.0.8 "GET /v2.0/security-groups/61cafdce-a42f-49bc-b4fb-2624769089a2 HTTP/1.1" status: 404 len: 352 time: 0.0109618
2026-05-19 23:27:22.126 9 INFO neutron.api.v2.resource [req-38d694d8-c6dc-4ca8-8d08-de9b5cda2b37 req-f50b388c-b7d7-4315-98e3-f2cc7832593b 16978e9ed1ad42889d22970a61f1b86e 757fe911af674ca2969555fecbe2e59d - - default default] show failed (client error): The resource could not be found.
2026-05-19 23:27:22.127 9 INFO neutron.api.wsgi [req-38d694d8-c6dc-4ca8-8d08-de9b5cda2b37 req-f50b388c-b7d7-4315-98e3-f2cc7832593b 16978e9ed1ad42889d22970a61f1b86e 757fe911af674ca2969555fecbe2e59d - - default default] 10.0.0.8 "GET /v2.0/security-groups/d13d2728-3e77-42d4-8048-29e33540dc73 HTTP/1.1" status: 404 len: 352 time: 0.0122817
2026-05-19 23:27:22.165 9 INFO neutron.api.wsgi [req-312c320a-9232-456a-aaa7-711581bbf06d req-197d075c-7f19-4385-8ba6-a082eab53a69 7a395d5701d744189b78c0386210f730 7c6c9a1e7cba42c48d8a38dbdab4f689 - - default default] 10.0.0.8 "GET /v2.0/ports?device_id=490581b2-b5ae-4006-b633-c79d5df961eb HTTP/1.1" status: 200 len: 1168 time: 0.0362844
2026-05-19 23:27:22.199 9 INFO neutron.api.wsgi [req-312c320a-9232-456a-aaa7-711581bbf06d req-ebbc5f27-fc28-4885-b59d-e79c34c13bdf 7a395d5701d744189b78c0386210f730 7c6c9a1e7cba42c48d8a38dbdab4f689 - - default default] 10.0.0.8 "GET /v2.0/security-groups?id=f8fff44e-8c68-44a6-9865-55f7c3801c17&fields=id&fields=name HTTP/1.1" status: 200 len: 313 time: 0.0291026
2026-05-19 23:27:22.507 10 INFO neutron.plugins.ml2.drivers.ovn.mech_driver.mech_driver [None req-2983b84d-d6cc-4a5c-ba88-722b3dc6426b - - - - - -] OVN reports status up for port: 2ccf75c8-7bfc-439e-ae12-89248b773a49
2026-05-19 23:27:22.524 10 INFO neutron.plugins.ml2.plugin [None req-2983b84d-d6cc-4a5c-ba88-722b3dc6426b - - - - - -] Attempt 1 to provision port 2ccf75c8-7bfc-439e-ae12-89248b773a49
2026-05-19 23:27:22.682 10 INFO neutron.notifiers.nova [-] Nova event matching ['req-377fa67c-73f1-4bd0-8902-9271d99230fb'] response: {'server_uuid': '490581b2-b5ae-4006-b633-c79d5df961eb', 'name': 'network-vif-plugged', 'status': 'completed', 'tag': '2ccf75c8-7bfc-439e-ae12-89248b773a49', 'code': 200}
2026-05-19 23:27:22.786 9 INFO neutron.api.wsgi [req-9b9bb8be-6f8b-444f-8dd1-8fdbb11f23ef req-9ede13de-ebd7-4be2-974d-533fff591afc 4a1345e4f0e549579e596eb06271ffd3 05f82b7589204ce3b4ac749c5788f582 - - default default] 10.0.0.8 "GET /v2.0/ports?device_id=bbae31e0-70ff-4e21-901d-38d2e14c3736 HTTP/1.1" status: 200 len: 1168 time: 0.0599318
2026-05-19 23:27:22.831 9 INFO neutron.api.wsgi [req-9b9bb8be-6f8b-444f-8dd1-8fdbb11f23ef req-9d0e34c4-0dbe-4468-91fb-5589fa70f112 4a1345e4f0e549579e596eb06271ffd3 05f82b7589204ce3b4ac749c5788f582 - - default default] 10.0.0.8 "GET /v2.0/security-groups?id=319e9f4e-2a8e-4fa7-97db-437501daed77&fields=id&fields=name HTTP/1.1" status: 200 len: 313 time: 0.0342772
2026-05-19 23:27:22.870 10 INFO neutron.db.ovn_revision_numbers_db [None req-2983b84d-d6cc-4a5c-ba88-722b3dc6426b - - - - - -] Successfully bumped revision number for resource 2ccf75c8-7bfc-439e-ae12-89248b773a49 (type: ports) to 5
2026-05-19 23:27:22.946 10 INFO neutron.plugins.ml2.drivers.ovn.mech_driver.mech_driver [None req-a7db4c94-52ba-4dcb-a455-ccf0bce3b9f0 - - - - - -] OVN reports status up for port: bbf8c509-9070-4a15-b1cb-f388e876abdc
2026-05-19 23:27:22.968 10 INFO neutron.plugins.ml2.plugin [None req-a7db4c94-52ba-4dcb-a455-ccf0bce3b9f0 - - - - - -] Attempt 1 to provision port bbf8c509-9070-4a15-b1cb-f388e876abdc
2026-05-19 23:27:23.265 10 INFO neutron.db.ovn_revision_numbers_db [None req-a7db4c94-52ba-4dcb-a455-ccf0bce3b9f0 - - - - - -] Successfully bumped revision number for resource bbf8c509-9070-4a15-b1cb-f388e876abdc (type: ports) to 5
2026-05-19 23:27:23.379 9 INFO neutron.api.wsgi [req-ec649cd0-fb93-474a-9569-b8c579848f37 req-a28d906b-f0c7-4ca4-b7a8-424c73666215 7a395d5701d744189b78c0386210f730 7c6c9a1e7cba42c48d8a38dbdab4f689 - - default default] 10.0.0.8 "GET /v2.0/ports?device_id=490581b2-b5ae-4006-b633-c79d5df961eb HTTP/1.1" status: 200 len: 1170 time: 0.0813534
2026-05-19 23:27:23.442 9 INFO neutron.api.wsgi [req-ec649cd0-fb93-474a-9569-b8c579848f37 req-6e598bf3-edcc-4cc4-8415-4277a6af398b 7a395d5701d744189b78c0386210f730 7c6c9a1e7cba42c48d8a38dbdab4f689 - - default default] 10.0.0.8 "GET /v2.0/security-groups?id=f8fff44e-8c68-44a6-9865-55f7c3801c17&fields=id&fields=name HTTP/1.1" status: 200 len: 313 time: 0.0545948
2026-05-19 23:27:23.454 10 INFO neutron.api.wsgi [None req-a0e2f018-004e-4242-9d79-79474262a11e cd01d9e63fc644b4a811d604a9183042 9f3c46f8450d40d8a7030348bf7b44e5 - - default default] 10.0.0.114 "PUT /v2.0/routers/31beb079-b371-469a-aff5-7c88c315d3a3/remove_router_interface HTTP/1.1" status: 200 len: 503 time: 1.3131061
2026-05-19 23:27:23.848 10 INFO neutron.api.wsgi [-] 10.0.0.70 "GET / HTTP/1.1" status: 200 len: 246 time: 0.0035570
