2026-05-19 23:28:20.375 10 INFO neutron.services.segments.plugin [-] Segment f89d62cd-7ba5-4559-8239-c4cb1e6fccac resource provider aggregate not found
2026-05-19 23:28:20.391 10 INFO neutron.services.segments.plugin [-] Segment f89d62cd-7ba5-4559-8239-c4cb1e6fccac resource provider not found; error: Placement Client Error (4xx): {"errors": [{"status": 404, "title": "Not Found", "detail": "The resource could not be found.\n\n No resource provider with uuid f89d62cd-7ba5-4559-8239-c4cb1e6fccac found for delete ", "request_id": "req-e7701034-4a22-4c23-9973-11c8fba2fe3e"}]}
2026-05-19 23:28:20.393 10 INFO neutron.services.segments.plugin [-] Segment f89d62cd-7ba5-4559-8239-c4cb1e6fccac resource provider not found; error: Placement Client Error (4xx): {"errors": [{"status": 404, "title": "Not Found", "detail": "The resource could not be found.\n\n No resource provider with uuid f89d62cd-7ba5-4559-8239-c4cb1e6fccac found for delete ", "request_id": "req-0b0bf7d2-287f-4ce2-86d0-3df2296a28fc"}]}
2026-05-19 23:28:20.400 10 INFO neutron.api.wsgi [None req-c7aa1fd9-6036-426b-bd70-62c08edce8f2 cd01d9e63fc644b4a811d604a9183042 9f3c46f8450d40d8a7030348bf7b44e5 - - default default] 10.0.0.114 "DELETE /v2.0/networks/901affc7-bc00-4d99-b78f-7e2105ab0d92 HTTP/1.1" status: 204 len: 168 time: 0.3712440
2026-05-19 23:28:20.405 10 WARNING neutron.scheduler.dhcp_agent_scheduler [None req-ceeb1ed1-fefb-42ab-b67d-8d6cb94b342d cd01d9e63fc644b4a811d604a9183042 9f3c46f8450d40d8a7030348bf7b44e5 - - default default] No more DHCP agents
2026-05-19 23:28:20.406 10 WARNING neutron.api.rpc.agentnotifiers.dhcp_rpc_agent_api [None req-ceeb1ed1-fefb-42ab-b67d-8d6cb94b342d cd01d9e63fc644b4a811d604a9183042 9f3c46f8450d40d8a7030348bf7b44e5 - - default default] Unable to schedule network cb4be65a-3083-4e9a-bac9-2663218cb9c5: no agents available; will retry on subsequent port and subnet creation events.
2026-05-19 23:28:20.466 10 INFO neutron.db.ovn_revision_numbers_db [None req-ceeb1ed1-fefb-42ab-b67d-8d6cb94b342d cd01d9e63fc644b4a811d604a9183042 9f3c46f8450d40d8a7030348bf7b44e5 - - default default] Successfully bumped revision number for resource 752a4c83-bfba-44de-a3ba-528c1b5638bc (type: ports) to 1
2026-05-19 23:28:20.472 10 INFO neutron.plugins.ml2.drivers.ovn.mech_driver.mech_driver [None req-4fd54028-719d-4614-86a6-de6775f4c49c - - - - - -] OVN reports status down for port: 5b8e32b8-3fbe-40ca-872d-aa13ada279ec
2026-05-19 23:28:20.490 10 INFO neutron.api.wsgi [None req-ceeb1ed1-fefb-42ab-b67d-8d6cb94b342d cd01d9e63fc644b4a811d604a9183042 9f3c46f8450d40d8a7030348bf7b44e5 - - default default] 10.0.0.114 "POST /v2.0/networks HTTP/1.1" status: 201 len: 942 time: 0.9543483
2026-05-19 23:28:20.544 9 INFO neutron.api.wsgi [None req-08a1ef27-7826-44d2-8cfd-16307bbfcacc cd01d9e63fc644b4a811d604a9183042 9f3c46f8450d40d8a7030348bf7b44e5 - - default default] 10.0.0.114 "GET /v2.0/security-groups?tenant_id=5170dd91d0e448b3903e8d618cef1ce6&name=default HTTP/1.1" status: 200 len: 3120 time: 0.0344367
2026-05-19 23:28:20.600 10 INFO neutron.notifiers.nova [-] Nova event matching ['req-398f8625-efff-4869-b42e-f10408fad7b7'] response: {'server_uuid': '37e8790d-741e-4e80-a703-799006d00f2b', 'name': 'network-vif-unplugged', 'status': 'completed', 'tag': '5b8e32b8-3fbe-40ca-872d-aa13ada279ec', 'code': 200}
2026-05-19 23:28:20.642 10 WARNING neutron.scheduler.dhcp_agent_scheduler [None req-f62d73bf-751f-4027-a666-057c97433a60 cd01d9e63fc644b4a811d604a9183042 9f3c46f8450d40d8a7030348bf7b44e5 - - default default] No more DHCP agents
2026-05-19 23:28:20.643 10 WARNING neutron.api.rpc.agentnotifiers.dhcp_rpc_agent_api [None req-f62d73bf-751f-4027-a666-057c97433a60 cd01d9e63fc644b4a811d604a9183042 9f3c46f8450d40d8a7030348bf7b44e5 - - default default] Unable to schedule network cb4be65a-3083-4e9a-bac9-2663218cb9c5: no agents available; will retry on subsequent port and subnet creation events.
2026-05-19 23:28:20.708 10 INFO neutron.db.ovn_revision_numbers_db [None req-4fd54028-719d-4614-86a6-de6775f4c49c - - - - - -] Successfully bumped revision number for resource 5b8e32b8-3fbe-40ca-872d-aa13ada279ec (type: ports) to 6
2026-05-19 23:28:20.761 9 INFO neutron.api.wsgi [None req-379a4b60-a297-4337-a1af-58dad43a4c94 cd01d9e63fc644b4a811d604a9183042 9f3c46f8450d40d8a7030348bf7b44e5 - - default default] 10.0.0.114 "DELETE /v2.0/security-groups/e5f1133e-d806-4007-9cc5-52e6db0fa47b HTTP/1.1" status: 204 len: 168 time: 0.2124455
2026-05-19 23:28:21.040 10 INFO neutron.db.ovn_revision_numbers_db [None req-b8db44a4-516e-4a97-a5da-5c8f3dba8d6a - - - - - -] Successfully bumped revision number for resource 752a4c83-bfba-44de-a3ba-528c1b5638bc (type: ports) to 2
2026-05-19 23:28:21.069 10 INFO neutron.db.ovn_revision_numbers_db [None req-b8db44a4-516e-4a97-a5da-5c8f3dba8d6a - - - - - -] Successfully bumped revision number for resource e715dc0c-2865-4e73-b79d-af255bc55d97 (type: subnets) to 0
2026-05-19 23:28:21.085 10 INFO neutron.api.wsgi [None req-f62d73bf-751f-4027-a666-057c97433a60 cd01d9e63fc644b4a811d604a9183042 9f3c46f8450d40d8a7030348bf7b44e5 - - default default] 10.0.0.114 "POST /v2.0/subnets HTTP/1.1" status: 201 len: 886 time: 0.5888677
2026-05-19 23:28:21.118 9 INFO neutron.api.wsgi [req-84ffc699-9484-4ece-a8cb-5fb0ba5450c0 req-0872f43c-2fcf-45d2-a6cf-8746b11dd441 0655be4d6c07418a9d51dc596c10638a a610b53e34534c59ae049baa624a91a7 - - default default] 10.0.0.8 "GET /v2.0/ports?device_id=37e8790d-741e-4e80-a703-799006d00f2b HTTP/1.1" status: 200 len: 1168 time: 0.0754375
2026-05-19 23:28:21.163 9 INFO neutron.api.wsgi [req-84ffc699-9484-4ece-a8cb-5fb0ba5450c0 req-b0a13dcf-a51c-468a-8b45-e19231fb7e80 0655be4d6c07418a9d51dc596c10638a a610b53e34534c59ae049baa624a91a7 - - default default] 10.0.0.8 "GET /v2.0/security-groups?id=6a59992a-a563-44aa-b7ce-fe19642e7994&fields=id&fields=name HTTP/1.1" status: 200 len: 313 time: 0.0401921 /var/lib/openstack/lib/python3.12/site-packages/pycadf/identifier.py:71: UserWarning: Invalid uuid: neutron. To ensure interoperability, identifiers should be a valid uuid. warnings.warn(('Invalid uuid: %s. To ensure interoperability, '
2026-05-19 23:28:21.486 9 WARNING neutron.scheduler.dhcp_agent_scheduler [None req-cf9c2556-716a-4243-bbbf-1eaebee83e50 cd01d9e63fc644b4a811d604a9183042 9f3c46f8450d40d8a7030348bf7b44e5 - - default default] No more DHCP agents
2026-05-19 23:28:21.486 10 INFO neutron.db.ovn_revision_numbers_db [None req-d0433f1c-8612-4b5e-ba2e-7b1a65b5a5a1 cd01d9e63fc644b4a811d604a9183042 9f3c46f8450d40d8a7030348bf7b44e5 - - default default] Successfully bumped revision number for resource 9b2fdbb5-af33-4eeb-910c-40a9f19b4a1d (type: security_groups) to 1
2026-05-19 23:28:21.488 9 WARNING neutron.api.rpc.agentnotifiers.dhcp_rpc_agent_api [None req-cf9c2556-716a-4243-bbbf-1eaebee83e50 cd01d9e63fc644b4a811d604a9183042 9f3c46f8450d40d8a7030348bf7b44e5 - - default default] Unable to schedule network b10a6dc3-7d4b-4d49-9b0b-250658397072: no agents available; will retry on subsequent port and subnet creation events.
2026-05-19 23:28:21.501 10 INFO neutron.db.ovn_revision_numbers_db [None req-d0433f1c-8612-4b5e-ba2e-7b1a65b5a5a1 cd01d9e63fc644b4a811d604a9183042 9f3c46f8450d40d8a7030348bf7b44e5 - - default default] Successfully bumped revision number for resource 11c7dcba-dc10-408e-b67b-55ab2f5cfa87 (type: security_group_rules) to 0
2026-05-19 23:28:21.513 10 INFO neutron.db.ovn_revision_numbers_db [None req-d0433f1c-8612-4b5e-ba2e-7b1a65b5a5a1 cd01d9e63fc644b4a811d604a9183042 9f3c46f8450d40d8a7030348bf7b44e5 - - default default] Successfully bumped revision number for resource 5338f5bc-f9b3-4f57-97f0-263c2790db9e (type: security_group_rules) to 0
2026-05-19 23:28:21.524 10 INFO neutron.db.ovn_revision_numbers_db [None req-d0433f1c-8612-4b5e-ba2e-7b1a65b5a5a1 cd01d9e63fc644b4a811d604a9183042 9f3c46f8450d40d8a7030348bf7b44e5 - - default default] Successfully bumped revision number for resource cdca43ab-6305-4fb0-971c-5244725fd679 (type: security_group_rules) to 0
2026-05-19 23:28:21.536 10 INFO neutron.db.ovn_revision_numbers_db [None req-d0433f1c-8612-4b5e-ba2e-7b1a65b5a5a1 cd01d9e63fc644b4a811d604a9183042 9f3c46f8450d40d8a7030348bf7b44e5 - - default default] Successfully bumped revision number for resource d311115c-6cfc-4bd7-90b9-538c90383c90 (type: security_group_rules) to 0
2026-05-19 23:28:21.601 9 INFO neutron.db.ovn_revision_numbers_db [None req-cf9c2556-716a-4243-bbbf-1eaebee83e50 cd01d9e63fc644b4a811d604a9183042 9f3c46f8450d40d8a7030348bf7b44e5 - - default default] Successfully bumped revision number for resource 5df3a168-25ec-4ccb-8fe9-e491969308e6 (type: ports) to 1
2026-05-19 23:28:21.603 10 INFO neutron.db.segments_db [None req-d0433f1c-8612-4b5e-ba2e-7b1a65b5a5a1 cd01d9e63fc644b4a811d604a9183042 9f3c46f8450d40d8a7030348bf7b44e5 - - default default] Added segment 7f212d74-2cf0-4c9d-b575-1f3d9b994c81 of type geneve for network 6ca0d451-7291-44b5-bf3f-4ec1250f04fc
2026-05-19 23:28:21.719 10 INFO neutron.db.ovn_revision_numbers_db [None req-d0433f1c-8612-4b5e-ba2e-7b1a65b5a5a1 cd01d9e63fc644b4a811d604a9183042 9f3c46f8450d40d8a7030348bf7b44e5 - - default default] Successfully bumped revision number for resource 6ca0d451-7291-44b5-bf3f-4ec1250f04fc (type: networks) to 1
2026-05-19 23:28:21.856 10 WARNING neutron.scheduler.dhcp_agent_scheduler [None req-d0433f1c-8612-4b5e-ba2e-7b1a65b5a5a1 cd01d9e63fc644b4a811d604a9183042 9f3c46f8450d40d8a7030348bf7b44e5 - - default default] No more DHCP agents
2026-05-19 23:28:21.858 10 WARNING neutron.api.rpc.agentnotifiers.dhcp_rpc_agent_api [None req-d0433f1c-8612-4b5e-ba2e-7b1a65b5a5a1 cd01d9e63fc644b4a811d604a9183042 9f3c46f8450d40d8a7030348bf7b44e5 - - default default] Unable to schedule network 6ca0d451-7291-44b5-bf3f-4ec1250f04fc: no agents available; will retry on subsequent port and subnet creation events.
2026-05-19 23:28:21.919 10 INFO neutron.db.ovn_revision_numbers_db [None req-d0433f1c-8612-4b5e-ba2e-7b1a65b5a5a1 cd01d9e63fc644b4a811d604a9183042 9f3c46f8450d40d8a7030348bf7b44e5 - - default default] Successfully bumped revision number for resource d44fb773-9a83-44e4-b6bb-f319c0f13f30 (type: ports) to 1
2026-05-19 23:28:21.935 10 INFO neutron.api.wsgi [None req-d0433f1c-8612-4b5e-ba2e-7b1a65b5a5a1 cd01d9e63fc644b4a811d604a9183042 9f3c46f8450d40d8a7030348bf7b44e5 - - default default] 10.0.0.114 "POST /v2.0/networks HTTP/1.1" status: 201 len: 940 time: 0.6009631
2026-05-19 23:28:22.087 9 WARNING neutron.scheduler.dhcp_agent_scheduler [None req-259072d0-57e2-42cf-a8f2-f7dd86b01852 cd01d9e63fc644b4a811d604a9183042 9f3c46f8450d40d8a7030348bf7b44e5 - - default default] No more DHCP agents
2026-05-19 23:28:22.089 9 WARNING neutron.api.rpc.agentnotifiers.dhcp_rpc_agent_api [None req-259072d0-57e2-42cf-a8f2-f7dd86b01852 cd01d9e63fc644b4a811d604a9183042 9f3c46f8450d40d8a7030348bf7b44e5 - - default default] Unable to schedule network 6ca0d451-7291-44b5-bf3f-4ec1250f04fc: no agents available; will retry on subsequent port and subnet creation events.
2026-05-19 23:28:22.164 9 INFO neutron.plugins.ml2.drivers.ovn.mech_driver.ovsdb.commands [None req-9be7f4bd-18a9-4ff2-b2a7-4ad6cd13d1d5 - - - - - -] Schedule LRP lrp-5df3a168-25ec-4ccb-8fe9-e491969308e6 on gateway d93a5fac-b635-45d6-b68e-970988ee36b4 with priority 1
2026-05-19 23:28:22.176 10 INFO neutron.plugins.ml2.drivers.ovn.mech_driver.mech_driver [None req-7cf31b02-780c-431c-815d-01948153603d - - - - - -] OVN reports status up for port: 5df3a168-25ec-4ccb-8fe9-e491969308e6
2026-05-19 23:28:22.194 10 INFO neutron.plugins.ml2.drivers.ovn.mech_driver.ovsdb.ovsdb_monitor [None req-827dd163-bd4c-421e-a3d1-e37e95fd7b45 - - - - - -] Router 33ffb852-7b5a-4e30-933e-4739fb3868c2 is bound to host instance
2026-05-19 23:28:22.196 10 INFO neutron.plugins.ml2.plugin [None req-7cf31b02-780c-431c-815d-01948153603d - - - - - -] Attempt 1 to provision port 5df3a168-25ec-4ccb-8fe9-e491969308e6
2026-05-19 23:28:22.211 9 INFO neutron.db.ovn_revision_numbers_db [None req-cf9c2556-716a-4243-bbbf-1eaebee83e50 cd01d9e63fc644b4a811d604a9183042 9f3c46f8450d40d8a7030348bf7b44e5 - - default default] Successfully bumped revision number for resource 5df3a168-25ec-4ccb-8fe9-e491969308e6 (type: router_ports) to 1
2026-05-19 23:28:22.523 9 INFO neutron.api.wsgi [req-ca8d3230-f887-4d18-8067-9a27058883b6 req-28916f3f-d974-40e4-8ef2-b80d9f197d8c 0655be4d6c07418a9d51dc596c10638a a610b53e34534c59ae049baa624a91a7 - - default default] 10.0.0.8 "GET /v2.0/ports?device_id=37e8790d-741e-4e80-a703-799006d00f2b HTTP/1.1" status: 200 len: 1168 time: 0.0521257
2026-05-19 23:28:22.583 10 INFO neutron.db.ovn_revision_numbers_db [None req-8ca15b61-090c-4b28-9383-c6747113f5b3 - - - - - -] Successfully bumped revision number for resource 5df3a168-25ec-4ccb-8fe9-e491969308e6 (type: ports) to 1
2026-05-19 23:28:22.583 9 INFO neutron.db.ovn_revision_numbers_db [None req-cf9c2556-716a-4243-bbbf-1eaebee83e50 cd01d9e63fc644b4a811d604a9183042 9f3c46f8450d40d8a7030348bf7b44e5 - - default default] Successfully bumped revision number for resource 33ffb852-7b5a-4e30-933e-4739fb3868c2 (type: routers) to 2
2026-05-19 23:28:22.591 9 INFO neutron.api.wsgi [req-ca8d3230-f887-4d18-8067-9a27058883b6 req-c3da33fa-5728-4284-a3e8-72cbead007aa 0655be4d6c07418a9d51dc596c10638a a610b53e34534c59ae049baa624a91a7 - - default default] 10.0.0.8 "GET /v2.0/security-groups?id=6a59992a-a563-44aa-b7ce-fe19642e7994&fields=id&fields=name HTTP/1.1" status: 200 len: 313 time: 0.0592277
2026-05-19 23:28:22.601 9 INFO neutron.api.wsgi [None req-cf9c2556-716a-4243-bbbf-1eaebee83e50 cd01d9e63fc644b4a811d604a9183042 9f3c46f8450d40d8a7030348bf7b44e5 - - default default] 10.0.0.114 "POST /v2.0/routers HTTP/1.1" status: 201 len: 1164 time: 1.5079637
2026-05-19 23:28:22.650 10 INFO neutron.notifiers.nova [-] Nova event matching ['req-1a17e061-a2a8-48f0-852a-a9d134207e29'] response: {'server_uuid': '37e8790d-741e-4e80-a703-799006d00f2b', 'name': 'network-vif-unplugged', 'status': 'completed', 'tag': '5b8e32b8-3fbe-40ca-872d-aa13ada279ec', 'code': 200}
2026-05-19 23:28:22.809 9 INFO neutron.db.ovn_revision_numbers_db [None req-f132de08-ca07-47a1-9af3-ad1812dfa398 - - - - - -] Successfully bumped revision number for resource d44fb773-9a83-44e4-b6bb-f319c0f13f30 (type: ports) to 2
2026-05-19 23:28:22.837 9 INFO neutron.db.ovn_revision_numbers_db [None req-f132de08-ca07-47a1-9af3-ad1812dfa398 - - - - - -] Successfully bumped revision number for resource 6e980e12-b8d7-4ee8-b64f-d8e3e6ad344b (type: subnets) to 0
2026-05-19 23:28:22.852 9 INFO neutron.api.wsgi [None req-259072d0-57e2-42cf-a8f2-f7dd86b01852 cd01d9e63fc644b4a811d604a9183042 9f3c46f8450d40d8a7030348bf7b44e5 - - default default] 10.0.0.114 "POST /v2.0/subnets HTTP/1.1" status: 201 len: 885 time: 0.9115531
2026-05-19 23:28:23.133 10 INFO neutron.db.ovn_revision_numbers_db [None req-d268d575-4fdf-4d7f-a551-a971a6e8495a cd01d9e63fc644b4a811d604a9183042 9f3c46f8450d40d8a7030348bf7b44e5 - - default default] Successfully bumped revision number for resource 38898f28-8d7f-43fc-a518-62eabcd3f72a (type: security_groups) to 1
2026-05-19 23:28:23.156 10 INFO neutron.db.ovn_revision_numbers_db [None req-d268d575-4fdf-4d7f-a551-a971a6e8495a cd01d9e63fc644b4a811d604a9183042 9f3c46f8450d40d8a7030348bf7b44e5 - - default default] Successfully bumped revision number for resource 7a76ae66-c52a-4a7a-962a-de8b65b34c18 (type: security_group_rules) to 0
2026-05-19 23:28:23.173 10 INFO neutron.db.ovn_revision_numbers_db [None req-d268d575-4fdf-4d7f-a551-a971a6e8495a cd01d9e63fc644b4a811d604a9183042 9f3c46f8450d40d8a7030348bf7b44e5 - - default default] Successfully bumped revision number for resource a4bfa033-d7c2-45eb-81c7-4af4495f9789 (type: security_group_rules) to 0
2026-05-19 23:28:23.194 10 INFO neutron.db.ovn_revision_numbers_db [None req-d268d575-4fdf-4d7f-a551-a971a6e8495a cd01d9e63fc644b4a811d604a9183042 9f3c46f8450d40d8a7030348bf7b44e5 - - default default] Successfully bumped revision number for resource dc15ed6a-72d6-4d6f-9f0a-cda4d9798d08 (type: security_group_rules) to 0
2026-05-19 23:28:23.236 10 INFO neutron.db.ovn_revision_numbers_db [None req-d268d575-4fdf-4d7f-a551-a971a6e8495a cd01d9e63fc644b4a811d604a9183042 9f3c46f8450d40d8a7030348bf7b44e5 - - default default] Successfully bumped revision number for resource edb68552-1b92-4627-908b-4a6d55831335 (type: security_group_rules) to 0
2026-05-19 23:28:23.240 9 WARNING neutron.scheduler.dhcp_agent_scheduler [None req-01030e86-8ae5-4439-a96d-3a04300825ed cd01d9e63fc644b4a811d604a9183042 9f3c46f8450d40d8a7030348bf7b44e5 - - default default] No more DHCP agents
2026-05-19 23:28:23.241 9 WARNING neutron.api.rpc.agentnotifiers.dhcp_rpc_agent_api [None req-01030e86-8ae5-4439-a96d-3a04300825ed cd01d9e63fc644b4a811d604a9183042 9f3c46f8450d40d8a7030348bf7b44e5 - - default default] Unable to schedule network b10a6dc3-7d4b-4d49-9b0b-250658397072: no agents available; will retry on subsequent port and subnet creation events.
2026-05-19 23:28:23.342 10 INFO neutron.db.segments_db [None req-d268d575-4fdf-4d7f-a551-a971a6e8495a cd01d9e63fc644b4a811d604a9183042 9f3c46f8450d40d8a7030348bf7b44e5 - - default default] Added segment 2f36cdd3-99b8-482d-920e-e6564e5067e3 of type geneve for network 6d75a569-8f0b-4853-be5d-6e664e4b84d9
2026-05-19 23:28:23.382 9 INFO neutron.db.ovn_revision_numbers_db [None req-01030e86-8ae5-4439-a96d-3a04300825ed cd01d9e63fc644b4a811d604a9183042 9f3c46f8450d40d8a7030348bf7b44e5 - - default default] Successfully bumped revision number for resource a1bc3c29-af89-4412-a26d-12b7bdfc2692 (type: ports) to 1
2026-05-19 23:28:23.435 10 INFO neutron.db.ovn_revision_numbers_db [None req-8ca15b61-090c-4b28-9383-c6747113f5b3 - - - - - -] Successfully bumped revision number for resource 5df3a168-25ec-4ccb-8fe9-e491969308e6 (type: ports) to 4
2026-05-19 23:28:23.509 10 INFO neutron.db.ovn_revision_numbers_db [None req-d268d575-4fdf-4d7f-a551-a971a6e8495a cd01d9e63fc644b4a811d604a9183042 9f3c46f8450d40d8a7030348bf7b44e5 - - default default] Successfully bumped revision number for resource 6d75a569-8f0b-4853-be5d-6e664e4b84d9 (type: networks) to 1
2026-05-19 23:28:23.517 10 WARNING neutron.scheduler.dhcp_agent_scheduler [None req-b58c2953-9f21-4b33-9b9d-9e8810adeeec cd01d9e63fc644b4a811d604a9183042 9f3c46f8450d40d8a7030348bf7b44e5 - - default default] No more DHCP agents
2026-05-19 23:28:23.520 10 WARNING neutron.api.rpc.agentnotifiers.dhcp_rpc_agent_api [None req-b58c2953-9f21-4b33-9b9d-9e8810adeeec cd01d9e63fc644b4a811d604a9183042 9f3c46f8450d40d8a7030348bf7b44e5 - - default default] Unable to schedule network cb4be65a-3083-4e9a-bac9-2663218cb9c5: no agents available; will retry on subsequent port and subnet creation events.
2026-05-19 23:28:23.686 10 INFO neutron.db.ovn_revision_numbers_db [None req-b58c2953-9f21-4b33-9b9d-9e8810adeeec cd01d9e63fc644b4a811d604a9183042 9f3c46f8450d40d8a7030348bf7b44e5 - - default default] Successfully bumped revision number for resource ffc7bf2f-6a50-4eb9-b201-9211c7488835 (type: ports) to 1
2026-05-19 23:28:23.714 9 INFO neutron.api.wsgi [req-3d4d413e-bbd3-4b41-a246-89aeb368092a req-3834a9cf-6314-4acf-a967-e387e011a25d 0655be4d6c07418a9d51dc596c10638a a610b53e34534c59ae049baa624a91a7 - - default default] 10.0.0.8 "GET /v2.0/ports?device_id=37e8790d-741e-4e80-a703-799006d00f2b HTTP/1.1" status: 200 len: 1168 time: 0.0461380
2026-05-19 23:28:23.739 10 WARNING neutron.scheduler.dhcp_agent_scheduler [None req-d268d575-4fdf-4d7f-a551-a971a6e8495a cd01d9e63fc644b4a811d604a9183042 9f3c46f8450d40d8a7030348bf7b44e5 - - default default] No more DHCP agents
2026-05-19 23:28:23.745 10 WARNING neutron.api.rpc.agentnotifiers.dhcp_rpc_agent_api [None req-d268d575-4fdf-4d7f-a551-a971a6e8495a cd01d9e63fc644b4a811d604a9183042 9f3c46f8450d40d8a7030348bf7b44e5 - - default default] Unable to schedule network 6d75a569-8f0b-4853-be5d-6e664e4b84d9: no agents available; will retry on subsequent port and subnet creation events.
2026-05-19 23:28:23.756 9 INFO neutron.api.wsgi [req-3d4d413e-bbd3-4b41-a246-89aeb368092a req-4b04dc5a-4eab-4e5d-8c08-17118d54e956 0655be4d6c07418a9d51dc596c10638a a610b53e34534c59ae049baa624a91a7 - - default default] 10.0.0.8 "GET /v2.0/security-groups?id=6a59992a-a563-44aa-b7ce-fe19642e7994&fields=id&fields=name HTTP/1.1" status: 200 len: 313 time: 0.0348651
2026-05-19 23:28:23.844 10 INFO neutron.api.wsgi [-] 10.0.0.70 "GET / HTTP/1.1" status: 200 len: 246 time: 0.0015326
2026-05-19 23:28:23.845 10 INFO neutron.api.wsgi [-] 10.0.0.70 "GET / HTTP/1.1" status: 200 len: 246 time: 0.0009515
2026-05-19 23:28:23.848 10 INFO neutron.db.ovn_revision_numbers_db [None req-d268d575-4fdf-4d7f-a551-a971a6e8495a cd01d9e63fc644b4a811d604a9183042 9f3c46f8450d40d8a7030348bf7b44e5 - - default default] Successfully bumped revision number for resource d4b26472-af6e-4552-a56c-9fb95b0f637b (type: ports) to 1
2026-05-19 23:28:23.874 10 INFO neutron.api.wsgi [None req-d268d575-4fdf-4d7f-a551-a971a6e8495a cd01d9e63fc644b4a811d604a9183042 9f3c46f8450d40d8a7030348bf7b44e5 - - default default] 10.0.0.114 "POST /v2.0/networks HTTP/1.1" status: 201 len: 950 time: 1.4486873
2026-05-19 23:28:23.875 10 INFO neutron.db.ovn_revision_numbers_db [None req-8ca15b61-090c-4b28-9383-c6747113f5b3 - - - - - -] Successfully bumped revision number for resource 5df3a168-25ec-4ccb-8fe9-e491969308e6 (type: ports) to 5
2026-05-19 23:28:23.964 9 INFO neutron.plugins.ml2.drivers.ovn.mech_driver.ovsdb.commands [None req-9be7f4bd-18a9-4ff2-b2a7-4ad6cd13d1d5 - - - - - -] Schedule LRP lrp-a1bc3c29-af89-4412-a26d-12b7bdfc2692 on gateway d93a5fac-b635-45d6-b68e-970988ee36b4 with priority 1
2026-05-19 23:28:23.996 9 INFO neutron.plugins.ml2.drivers.ovn.mech_driver.ovsdb.ovsdb_monitor [None req-76f3baf4-2f3c-4f39-91c1-14cc87d8dce6 - - - - - -] Router 5d482e9a-22d4-4a8b-98df-8d041bbb7efa is bound to host instance
2026-05-19 23:28:24.030 9 INFO neutron.db.ovn_revision_numbers_db [None req-01030e86-8ae5-4439-a96d-3a04300825ed cd01d9e63fc644b4a811d604a9183042 9f3c46f8450d40d8a7030348bf7b44e5 - - default default] Successfully bumped revision number for resource a1bc3c29-af89-4412-a26d-12b7bdfc2692 (type: router_ports) to 1
2026-05-19 23:28:24.080 9 WARNING neutron.scheduler.dhcp_agent_scheduler [None req-4440cce5-0289-4aff-90a5-124821dee7d6 cd01d9e63fc644b4a811d604a9183042 9f3c46f8450d40d8a7030348bf7b44e5 - - default default] No more DHCP agents
2026-05-19 23:28:24.085 9 WARNING neutron.api.rpc.agentnotifiers.dhcp_rpc_agent_api [None req-4440cce5-0289-4aff-90a5-124821dee7d6 cd01d9e63fc644b4a811d604a9183042 9f3c46f8450d40d8a7030348bf7b44e5 - - default default] Unable to schedule network 6d75a569-8f0b-4853-be5d-6e664e4b84d9: no agents available; will retry on subsequent port and subnet creation events.
2026-05-19 23:28:24.135 9 INFO neutron.db.ovn_revision_numbers_db [None req-01030e86-8ae5-4439-a96d-3a04300825ed cd01d9e63fc644b4a811d604a9183042 9f3c46f8450d40d8a7030348bf7b44e5 - - default default] Successfully bumped revision number for resource 5d482e9a-22d4-4a8b-98df-8d041bbb7efa (type: routers) to 2
2026-05-19 23:28:24.166 9 INFO neutron.api.wsgi [None req-01030e86-8ae5-4439-a96d-3a04300825ed cd01d9e63fc644b4a811d604a9183042 9f3c46f8450d40d8a7030348bf7b44e5 - - default default] 10.0.0.114 "POST /v2.0/routers HTTP/1.1" status: 201 len: 1163 time: 1.3078885
2026-05-19 23:28:24.315 10 INFO neutron.db.ovn_revision_numbers_db [None req-b58c2953-9f21-4b33-9b9d-9e8810adeeec cd01d9e63fc644b4a811d604a9183042 9f3c46f8450d40d8a7030348bf7b44e5 - - default default] Successfully bumped revision number for resource ffc7bf2f-6a50-4eb9-b201-9211c7488835 (type: ports) to 1
2026-05-19 23:28:24.387 10 WARNING neutron.scheduler.dhcp_agent_scheduler [None req-b58c2953-9f21-4b33-9b9d-9e8810adeeec cd01d9e63fc644b4a811d604a9183042 9f3c46f8450d40d8a7030348bf7b44e5 - - default default] No more DHCP agents
2026-05-19 23:28:24.389 10 WARNING neutron.api.rpc.agentnotifiers.dhcp_rpc_agent_api [None req-b58c2953-9f21-4b33-9b9d-9e8810adeeec cd01d9e63fc644b4a811d604a9183042 9f3c46f8450d40d8a7030348bf7b44e5 - - default default] Unable to schedule network cb4be65a-3083-4e9a-bac9-2663218cb9c5: no agents available; will retry on subsequent port and subnet creation events.
2026-05-19 23:28:24.468 10 INFO neutron.plugins.ml2.drivers.ovn.mech_driver.mech_driver [None req-7cf31b02-780c-431c-815d-01948153603d - - - - - -] OVN reports status up for port: 5b8e32b8-3fbe-40ca-872d-aa13ada279ec
2026-05-19 23:28:24.485 10 INFO neutron.plugins.ml2.plugin [None req-7cf31b02-780c-431c-815d-01948153603d - - - - - -] Attempt 1 to provision port 5b8e32b8-3fbe-40ca-872d-aa13ada279ec
2026-05-19 23:28:24.525 9 INFO neutron.db.ovn_revision_numbers_db [None req-35028a76-16f4-46db-a9e2-2295ede4c957 - - - - - -] Successfully bumped revision number for resource a1bc3c29-af89-4412-a26d-12b7bdfc2692 (type: ports) to 1
2026-05-19 23:28:24.564 9 INFO neutron.db.ovn_revision_numbers_db [None req-c93ab0c1-f4c4-4be7-814c-3408b226327b - - - - - -] Successfully bumped revision number for resource d4b26472-af6e-4552-a56c-9fb95b0f637b (type: ports) to 2
2026-05-19 23:28:24.603 9 INFO neutron.db.ovn_revision_numbers_db [None req-c93ab0c1-f4c4-4be7-814c-3408b226327b - - - - - -] Successfully bumped revision number for resource 8d131f19-7032-4f10-a823-518dc542acae (type: subnets) to 0
2026-05-19 23:28:24.625 9 INFO neutron.api.wsgi [None req-4440cce5-0289-4aff-90a5-124821dee7d6 cd01d9e63fc644b4a811d604a9183042 9f3c46f8450d40d8a7030348bf7b44e5 - - default default] 10.0.0.114 "POST /v2.0/subnets HTTP/1.1" status: 201 len: 894 time: 0.7449646
2026-05-19 23:28:24.692 10 INFO neutron.notifiers.nova [-] Nova event matching ['req-57e588de-fad1-4c99-bd5b-4c5802a9a425'] response: {'server_uuid': '37e8790d-741e-4e80-a703-799006d00f2b', 'name': 'network-vif-plugged', 'status': 'completed', 'tag': '5b8e32b8-3fbe-40ca-872d-aa13ada279ec', 'code': 200}
2026-05-19 23:28:24.733 10 WARNING neutron.scheduler.dhcp_agent_scheduler [None req-6b261659-02bd-4f6b-a22e-ef64743ba02e cd01d9e63fc644b4a811d604a9183042 9f3c46f8450d40d8a7030348bf7b44e5 - - default default] No more DHCP agents
2026-05-19 23:28:24.737 10 WARNING neutron.api.rpc.agentnotifiers.dhcp_rpc_agent_api [None req-6b261659-02bd-4f6b-a22e-ef64743ba02e cd01d9e63fc644b4a811d604a9183042 9f3c46f8450d40d8a7030348bf7b44e5 - - default default] Unable to schedule network 6ca0d451-7291-44b5-bf3f-4ec1250f04fc: no agents available; will retry on subsequent port and subnet creation events.
2026-05-19 23:28:24.836 10 INFO neutron.db.ovn_revision_numbers_db [None req-7cf31b02-780c-431c-815d-01948153603d - - - - - -] Successfully bumped revision number for resource 5b8e32b8-3fbe-40ca-872d-aa13ada279ec (type: ports) to 7
2026-05-19 23:28:24.868 9 INFO neutron.api.wsgi [req-6957d567-d92b-4ee1-bb6e-e39aa2fab276 req-1ad2b6ef-6ac3-40b1-969e-a2f826510a51 0655be4d6c07418a9d51dc596c10638a a610b53e34534c59ae049baa624a91a7 - - default default] 10.0.0.8 "GET /v2.0/ports?device_id=37e8790d-741e-4e80-a703-799006d00f2b HTTP/1.1" status: 200 len: 1170 time: 0.0488222
2026-05-19 23:28:24.923 9 INFO neutron.api.wsgi [req-6957d567-d92b-4ee1-bb6e-e39aa2fab276 req-f5640f60-eeba-43d2-bbce-1372b6335ff4 0655be4d6c07418a9d51dc596c10638a a610b53e34534c59ae049baa624a91a7 - - default default] 10.0.0.8 "GET /v2.0/security-groups?id=6a59992a-a563-44aa-b7ce-fe19642e7994&fields=id&fields=name HTTP/1.1" status: 200 len: 313 time: 0.0487862
2026-05-19 23:28:24.942 10 INFO neutron.plugins.ml2.drivers.ovn.mech_driver.mech_driver [None req-4a7829a7-df7b-4a8e-aeba-ef0f26a06f41 - - - - - -] OVN reports status up for port: a1bc3c29-af89-4412-a26d-12b7bdfc2692
2026-05-19 23:28:24.943 9 INFO neutron.db.ovn_revision_numbers_db [None req-35028a76-16f4-46db-a9e2-2295ede4c957 - - - - - -] Successfully bumped revision number for resource a1bc3c29-af89-4412-a26d-12b7bdfc2692 (type: ports) to 4
2026-05-19 23:28:24.955 10 INFO neutron.db.ovn_revision_numbers_db [None req-6b261659-02bd-4f6b-a22e-ef64743ba02e cd01d9e63fc644b4a811d604a9183042 9f3c46f8450d40d8a7030348bf7b44e5 - - default default] Successfully bumped revision number for resource c147e316-83d3-4749-8d96-5a84bdc528d9 (type: ports) to 1
2026-05-19 23:28:24.960 10 INFO neutron.plugins.ml2.plugin [None req-4a7829a7-df7b-4a8e-aeba-ef0f26a06f41 - - - - - -] Attempt 1 to provision port a1bc3c29-af89-4412-a26d-12b7bdfc2692
2026-05-19 23:28:25.089 9 WARNING neutron.scheduler.dhcp_agent_scheduler [None req-2f48b291-f4a5-439a-81c0-1aeb4f529615 cd01d9e63fc644b4a811d604a9183042 9f3c46f8450d40d8a7030348bf7b44e5 - - default default] No more DHCP agents
2026-05-19 23:28:25.092 9 WARNING neutron.api.rpc.agentnotifiers.dhcp_rpc_agent_api [None req-2f48b291-f4a5-439a-81c0-1aeb4f529615 cd01d9e63fc644b4a811d604a9183042 9f3c46f8450d40d8a7030348bf7b44e5 - - default default] Unable to schedule network b10a6dc3-7d4b-4d49-9b0b-250658397072: no agents available; will retry on subsequent port and subnet creation events.
2026-05-19 23:28:25.211 9 INFO neutron.db.ovn_revision_numbers_db [None req-2f48b291-f4a5-439a-81c0-1aeb4f529615 cd01d9e63fc644b4a811d604a9183042 9f3c46f8450d40d8a7030348bf7b44e5 - - default default] Successfully bumped revision number for resource ff31dc4c-d7ec-4fcc-a0a5-8d25cf1365f1 (type: ports) to 1
2026-05-19 23:28:25.315 9 INFO neutron.db.ovn_revision_numbers_db [None req-35028a76-16f4-46db-a9e2-2295ede4c957 - - - - - -] Successfully bumped revision number for resource a1bc3c29-af89-4412-a26d-12b7bdfc2692 (type: ports) to 5
2026-05-19 23:28:25.371 9 WARNING neutron.plugins.ml2.drivers.ovn.mech_driver.ovsdb.ovn_client [None req-23a7b267-acd9-43b3-9928-37080065f913 - - - - - -] No hosting information found for port 79b3c377-b11a-4874-bc41-e72aeb7b3b57: RuntimeError: No hosting information found for port 79b3c377-b11a-4874-bc41-e72aeb7b3b57
2026-05-19 23:28:25.417 10 INFO neutron.db.ovn_revision_numbers_db [None req-b58c2953-9f21-4b33-9b9d-9e8810adeeec cd01d9e63fc644b4a811d604a9183042 9f3c46f8450d40d8a7030348bf7b44e5 - - default default] Successfully bumped revision number for resource ffc7bf2f-6a50-4eb9-b201-9211c7488835 (type: router_ports) to 1
2026-05-19 23:28:25.422 10 INFO neutron.api.wsgi [None req-b58c2953-9f21-4b33-9b9d-9e8810adeeec cd01d9e63fc644b4a811d604a9183042 9f3c46f8450d40d8a7030348bf7b44e5 - - default default] 10.0.0.114 "PUT /v2.0/routers/33ffb852-7b5a-4e30-933e-4739fb3868c2/add_router_interface HTTP/1.1" status: 200 len: 503 time: 2.8120070
2026-05-19 23:28:25.476 9 INFO neutron.db.ovn_revision_numbers_db [None req-23a7b267-acd9-43b3-9928-37080065f913 - - - - - -] Successfully bumped revision number for resource 79b3c377-b11a-4874-bc41-e72aeb7b3b57 (type: router_ports) to 2
2026-05-19 23:28:25.614 10 INFO neutron.db.ovn_revision_numbers_db [None req-6b261659-02bd-4f6b-a22e-ef64743ba02e cd01d9e63fc644b4a811d604a9183042 9f3c46f8450d40d8a7030348bf7b44e5 - - default default] Successfully bumped revision number for resource c147e316-83d3-4749-8d96-5a84bdc528d9 (type: ports) to 1
2026-05-19 23:28:25.678 10 WARNING neutron.scheduler.dhcp_agent_scheduler [None req-6b261659-02bd-4f6b-a22e-ef64743ba02e cd01d9e63fc644b4a811d604a9183042 9f3c46f8450d40d8a7030348bf7b44e5 - - default default] No more DHCP agents
2026-05-19 23:28:25.680 10 WARNING neutron.api.rpc.agentnotifiers.dhcp_rpc_agent_api [None req-6b261659-02bd-4f6b-a22e-ef64743ba02e cd01d9e63fc644b4a811d604a9183042 9f3c46f8450d40d8a7030348bf7b44e5 - - default default] Unable to schedule network 6ca0d451-7291-44b5-bf3f-4ec1250f04fc: no agents available; will retry on subsequent port and subnet creation events.
2026-05-19 23:28:25.701 10 INFO neutron.plugins.ml2.drivers.ovn.mech_driver.mech_driver [None req-4a7829a7-df7b-4a8e-aeba-ef0f26a06f41 - - - - - -] OVN reports status up for port: ffc7bf2f-6a50-4eb9-b201-9211c7488835
2026-05-19 23:28:25.714 10 INFO neutron.plugins.ml2.plugin [None req-4a7829a7-df7b-4a8e-aeba-ef0f26a06f41 - - - - - -] Attempt 1 to provision port ffc7bf2f-6a50-4eb9-b201-9211c7488835
2026-05-19 23:28:25.813 9 INFO neutron.plugins.ml2.drivers.ovn.mech_driver.ovsdb.commands [None req-9be7f4bd-18a9-4ff2-b2a7-4ad6cd13d1d5 - - - - - -] Schedule LRP lrp-ff31dc4c-d7ec-4fcc-a0a5-8d25cf1365f1 on gateway d93a5fac-b635-45d6-b68e-970988ee36b4 with priority 1
2026-05-19 23:28:25.823 9 INFO neutron.plugins.ml2.drivers.ovn.mech_driver.mech_driver [None req-23a7b267-acd9-43b3-9928-37080065f913 - - - - - -] OVN reports status up for port: ff31dc4c-d7ec-4fcc-a0a5-8d25cf1365f1
2026-05-19 23:28:25.837 10 INFO neutron.plugins.ml2.drivers.ovn.mech_driver.ovsdb.ovsdb_monitor [None req-8ca15b61-090c-4b28-9383-c6747113f5b3 - - - - - -] Router e8a5e005-dee3-4103-a437-1f2894f568d7 is bound to host instance
2026-05-19 23:28:25.847 9 INFO neutron.plugins.ml2.plugin [None req-23a7b267-acd9-43b3-9928-37080065f913 - - - - - -] Attempt 1 to provision port ff31dc4c-d7ec-4fcc-a0a5-8d25cf1365f1
2026-05-19 23:28:25.876 9 INFO neutron.db.ovn_revision_numbers_db [None req-2f48b291-f4a5-439a-81c0-1aeb4f529615 cd01d9e63fc644b4a811d604a9183042 9f3c46f8450d40d8a7030348bf7b44e5 - - default default] Successfully bumped revision number for resource ff31dc4c-d7ec-4fcc-a0a5-8d25cf1365f1 (type: router_ports) to 1
2026-05-19 23:28:25.960 9 INFO neutron.db.ovn_revision_numbers_db [None req-2f48b291-f4a5-439a-81c0-1aeb4f529615 cd01d9e63fc644b4a811d604a9183042 9f3c46f8450d40d8a7030348bf7b44e5 - - default default] Successfully bumped revision number for resource e8a5e005-dee3-4103-a437-1f2894f568d7 (type: routers) to 2
2026-05-19 23:28:25.977 9 INFO neutron.api.wsgi [None req-2f48b291-f4a5-439a-81c0-1aeb4f529615 cd01d9e63fc644b4a811d604a9183042 9f3c46f8450d40d8a7030348bf7b44e5 - - default default] 10.0.0.114 "POST /v2.0/routers HTTP/1.1" status: 201 len: 1172 time: 1.3462238
2026-05-19 23:28:26.438 9 WARNING neutron.scheduler.dhcp_agent_scheduler [None req-af4801c6-489d-4836-a184-b3ad82ec7a30 cd01d9e63fc644b4a811d604a9183042 9f3c46f8450d40d8a7030348bf7b44e5 - - default default] No more DHCP agents
2026-05-19 23:28:26.440 9 WARNING neutron.api.rpc.agentnotifiers.dhcp_rpc_agent_api [None req-af4801c6-489d-4836-a184-b3ad82ec7a30 cd01d9e63fc644b4a811d604a9183042 9f3c46f8450d40d8a7030348bf7b44e5 - - default default] Unable to schedule network 6d75a569-8f0b-4853-be5d-6e664e4b84d9: no agents available; will retry on subsequent port and subnet creation events.
2026-05-19 23:28:26.506 10 INFO neutron.db.ovn_revision_numbers_db [None req-4a7829a7-df7b-4a8e-aeba-ef0f26a06f41 - - - - - -] Successfully bumped revision number for resource ffc7bf2f-6a50-4eb9-b201-9211c7488835 (type: ports) to 2
2026-05-19 23:28:26.562 9 INFO neutron.db.ovn_revision_numbers_db [None req-af4801c6-489d-4836-a184-b3ad82ec7a30 cd01d9e63fc644b4a811d604a9183042 9f3c46f8450d40d8a7030348bf7b44e5 - - default default] Successfully bumped revision number for resource d4db43d9-bbd7-4f8a-8b09-9aa3f96399c2 (type: ports) to 1
2026-05-19 23:28:26.670 10 INFO neutron.db.ovn_revision_numbers_db [None req-32341c67-3f7c-4ce5-bda7-27550e854501 - - - - - -] Successfully bumped revision number for resource ff31dc4c-d7ec-4fcc-a0a5-8d25cf1365f1 (type: ports) to 1
2026-05-19 23:28:26.733 10 INFO neutron.notifiers.nova [-] Nova event matching ['req-42fa9577-4113-4c76-ad7f-4ed62fb8b74e'] response: {'server_uuid': '37e8790d-741e-4e80-a703-799006d00f2b', 'name': 'network-vif-plugged', 'status': 'completed', 'tag': '5b8e32b8-3fbe-40ca-872d-aa13ada279ec', 'code': 200}
2026-05-19 23:28:26.963 10 INFO neutron.db.ovn_revision_numbers_db [None req-6b261659-02bd-4f6b-a22e-ef64743ba02e cd01d9e63fc644b4a811d604a9183042 9f3c46f8450d40d8a7030348bf7b44e5 - - default default] Successfully bumped revision number for resource c147e316-83d3-4749-8d96-5a84bdc528d9 (type: router_ports) to 1
2026-05-19 23:28:26.968 10 INFO neutron.api.wsgi [None req-6b261659-02bd-4f6b-a22e-ef64743ba02e cd01d9e63fc644b4a811d604a9183042 9f3c46f8450d40d8a7030348bf7b44e5 - - default default] 10.0.0.114 "PUT /v2.0/routers/5d482e9a-22d4-4a8b-98df-8d041bbb7efa/add_router_interface HTTP/1.1" status: 200 len: 503 time: 2.7921641 /var/lib/openstack/lib/python3.12/site-packages/pycadf/identifier.py:71: UserWarning: Invalid uuid: neutron. To ensure interoperability, identifiers should be a valid uuid. warnings.warn(('Invalid uuid: %s. To ensure interoperability, '
2026-05-19 23:28:27.052 10 INFO neutron.api.wsgi [req-7de53ec4-9e7f-432b-83c1-062c1954f66e req-6f21469b-23d5-4c78-a5a6-8963d1686bfc 9a1a0c772f3a4086bec73b7f422c3b1b 81ef9f555c0f46169a9d76abac9398eb - - a34a11348cc647f18b33937b190b4885 a34a11348cc647f18b33937b190b4885] 199.204.45.113 "GET /v2.0/ports?device_id=37e8790d-741e-4e80-a703-799006d00f2b&fields=binding%3Ahost_id&fields=binding%3Avif_type HTTP/1.1" status: 200 len: 265 time: 0.0289984
2026-05-19 23:28:27.074 10 INFO neutron.db.ovn_revision_numbers_db [None req-32341c67-3f7c-4ce5-bda7-27550e854501 - - - - - -] Successfully bumped revision number for resource ff31dc4c-d7ec-4fcc-a0a5-8d25cf1365f1 (type: ports) to 4
2026-05-19 23:28:27.144 9 INFO neutron.db.ovn_revision_numbers_db [None req-af4801c6-489d-4836-a184-b3ad82ec7a30 cd01d9e63fc644b4a811d604a9183042 9f3c46f8450d40d8a7030348bf7b44e5 - - default default] Successfully bumped revision number for resource d4db43d9-bbd7-4f8a-8b09-9aa3f96399c2 (type: ports) to 1
2026-05-19 23:28:27.189 9 WARNING neutron.scheduler.dhcp_agent_scheduler [None req-af4801c6-489d-4836-a184-b3ad82ec7a30 cd01d9e63fc644b4a811d604a9183042 9f3c46f8450d40d8a7030348bf7b44e5 - - default default] No more DHCP agents
2026-05-19 23:28:27.191 9 WARNING neutron.api.rpc.agentnotifiers.dhcp_rpc_agent_api [None req-af4801c6-489d-4836-a184-b3ad82ec7a30 cd01d9e63fc644b4a811d604a9183042 9f3c46f8450d40d8a7030348bf7b44e5 - - default default] Unable to schedule network 6d75a569-8f0b-4853-be5d-6e664e4b84d9: no agents available; will retry on subsequent port and subnet creation events.
2026-05-19 23:28:27.351 10 INFO neutron.db.ovn_revision_numbers_db [None req-32341c67-3f7c-4ce5-bda7-27550e854501 - - - - - -] Successfully bumped revision number for resource ff31dc4c-d7ec-4fcc-a0a5-8d25cf1365f1 (type: ports) to 5
2026-05-19 23:28:27.644 10 WARNING neutron_lib.context [None req-f00190b9-2470-4d55-b8be-142c685d5a43 a025af208ae548f18e5131eebc0d979f 87e28f3eb5fb4e95acf3cde790ad3498 - - default default] Method 'is_advsvc' is deprecated since 2023.2 release (neutron-lib 3.8.0) and will be removed once support for the old RBAC API policies will be removed from Neutron. Please use method 'is_service_role' instead.
2026-05-19 23:28:27.750 10 INFO neutron.db.ovn_revision_numbers_db [None req-f00190b9-2470-4d55-b8be-142c685d5a43 a025af208ae548f18e5131eebc0d979f 87e28f3eb5fb4e95acf3cde790ad3498 - - default default] Successfully bumped revision number for resource 534a6f47-8a17-495d-9bbe-487ec3cc0846 (type: security_groups) to 1
2026-05-19 23:28:27.763 10 INFO neutron.db.ovn_revision_numbers_db [None req-f00190b9-2470-4d55-b8be-142c685d5a43 a025af208ae548f18e5131eebc0d979f 87e28f3eb5fb4e95acf3cde790ad3498 - - default default] Successfully bumped revision number for resource 7119ddfb-88ed-43ac-9898-b97d44fabe8a (type: security_group_rules) to 0
2026-05-19 23:28:27.774 10 INFO neutron.db.ovn_revision_numbers_db [None req-f00190b9-2470-4d55-b8be-142c685d5a43 a025af208ae548f18e5131eebc0d979f 87e28f3eb5fb4e95acf3cde790ad3498 - - default default] Successfully bumped revision number for resource 833953ed-b940-4d72-a968-d67cb6d006ad (type: security_group_rules) to 0
2026-05-19 23:28:27.808 10 INFO neutron.api.wsgi [None req-f00190b9-2470-4d55-b8be-142c685d5a43 a025af208ae548f18e5131eebc0d979f 87e28f3eb5fb4e95acf3cde790ad3498 - - default default] 10.0.0.114 "POST /v2.0/security-groups HTTP/1.1" status: 201 len: 1875 time: 0.1720135
2026-05-19 23:28:27.823 10 WARNING neutron_lib.context [None req-fd689ca0-aafe-4573-94e3-73b7c4d2121b a025af208ae548f18e5131eebc0d979f 87e28f3eb5fb4e95acf3cde790ad3498 - - default default] Method 'is_advsvc' is deprecated since 2023.2 release (neutron-lib 3.8.0) and will be removed once support for the old RBAC API policies will be removed from Neutron. Please use method 'is_service_role' instead.
2026-05-19 23:28:27.941 10 INFO neutron.db.ovn_revision_numbers_db [None req-fd689ca0-aafe-4573-94e3-73b7c4d2121b a025af208ae548f18e5131eebc0d979f 87e28f3eb5fb4e95acf3cde790ad3498 - - default default] Successfully bumped revision number for resource 1c79d342-d98d-48eb-8e00-23b687f6617b (type: security_group_rules) to 0
2026-05-19 23:28:27.972 10 INFO neutron.api.wsgi [None req-fd689ca0-aafe-4573-94e3-73b7c4d2121b a025af208ae548f18e5131eebc0d979f 87e28f3eb5fb4e95acf3cde790ad3498 - - default default] 10.0.0.114 "POST /v2.0/security-group-rules HTTP/1.1" status: 201 len: 796 time: 0.1566360
2026-05-19 23:28:27.981 10 WARNING neutron_lib.context [None req-95b6c33e-96fc-491c-b57f-ecaa4d20dc77 a025af208ae548f18e5131eebc0d979f 87e28f3eb5fb4e95acf3cde790ad3498 - - default default] Method 'is_advsvc' is deprecated since 2023.2 release (neutron-lib 3.8.0) and will be removed once support for the old RBAC API policies will be removed from Neutron. Please use method 'is_service_role' instead.
2026-05-19 23:28:28.103 10 INFO neutron.api.wsgi [req-7de53ec4-9e7f-432b-83c1-062c1954f66e req-7f8332c7-75fe-49fb-9b04-5c0883905ca9 9a1a0c772f3a4086bec73b7f422c3b1b 81ef9f555c0f46169a9d76abac9398eb - - a34a11348cc647f18b33937b190b4885 a34a11348cc647f18b33937b190b4885] 199.204.45.113 "GET /v2.0/ports?tenant_id=a610b53e34534c59ae049baa624a91a7&device_id=37e8790d-741e-4e80-a703-799006d00f2b HTTP/1.1" status: 200 len: 1409 time: 0.0351157
2026-05-19 23:28:28.107 10 INFO neutron.db.ovn_revision_numbers_db [None req-95b6c33e-96fc-491c-b57f-ecaa4d20dc77 a025af208ae548f18e5131eebc0d979f 87e28f3eb5fb4e95acf3cde790ad3498 - - default default] Successfully bumped revision number for resource fa0d562c-2151-4ef1-a6f0-a02fb2c1ea3c (type: security_group_rules) to 0
2026-05-19 23:28:28.141 10 INFO neutron.api.wsgi [None req-95b6c33e-96fc-491c-b57f-ecaa4d20dc77 a025af208ae548f18e5131eebc0d979f 87e28f3eb5fb4e95acf3cde790ad3498 - - default default] 10.0.0.114 "POST /v2.0/security-group-rules HTTP/1.1" status: 201 len: 795 time: 0.1642630
2026-05-19 23:28:28.152 10 WARNING neutron_lib.context [None req-c17a62b4-53b6-439a-8b99-9d663972e3f8 a025af208ae548f18e5131eebc0d979f 87e28f3eb5fb4e95acf3cde790ad3498 - - default default] Method 'is_advsvc' is deprecated since 2023.2 release (neutron-lib 3.8.0) and will be removed once support for the old RBAC API policies will be removed from Neutron. Please use method 'is_service_role' instead.
2026-05-19 23:28:28.269 10 INFO neutron.db.ovn_revision_numbers_db [None req-c17a62b4-53b6-439a-8b99-9d663972e3f8 a025af208ae548f18e5131eebc0d979f 87e28f3eb5fb4e95acf3cde790ad3498 - - default default] Successfully bumped revision number for resource d1091718-d26c-4a4d-b7f9-c1e1f7077008 (type: security_group_rules) to 0
2026-05-19 23:28:28.297 10 INFO neutron.api.wsgi [None req-c17a62b4-53b6-439a-8b99-9d663972e3f8 a025af208ae548f18e5131eebc0d979f 87e28f3eb5fb4e95acf3cde790ad3498 - - default default] 10.0.0.114 "POST /v2.0/security-group-rules HTTP/1.1" status: 201 len: 801 time: 0.1491966
2026-05-19 23:28:28.307 10 WARNING neutron_lib.context [None req-73d82d93-d144-4639-886e-52f08c160c27 a025af208ae548f18e5131eebc0d979f 87e28f3eb5fb4e95acf3cde790ad3498 - - default default] Method 'is_advsvc' is deprecated since 2023.2 release (neutron-lib 3.8.0) and will be removed once support for the old RBAC API policies will be removed from Neutron. Please use method 'is_service_role' instead.
2026-05-19 23:28:28.337 9 INFO neutron.db.ovn_revision_numbers_db [None req-af4801c6-489d-4836-a184-b3ad82ec7a30 cd01d9e63fc644b4a811d604a9183042 9f3c46f8450d40d8a7030348bf7b44e5 - - default default] Successfully bumped revision number for resource d4db43d9-bbd7-4f8a-8b09-9aa3f96399c2 (type: router_ports) to 1
2026-05-19 23:28:28.344 9 INFO neutron.api.wsgi [None req-af4801c6-489d-4836-a184-b3ad82ec7a30 cd01d9e63fc644b4a811d604a9183042 9f3c46f8450d40d8a7030348bf7b44e5 - - default default] 10.0.0.114 "PUT /v2.0/routers/e8a5e005-dee3-4103-a437-1f2894f568d7/add_router_interface HTTP/1.1" status: 200 len: 503 time: 2.3603766
2026-05-19 23:28:28.378 9 INFO neutron.plugins.ml2.drivers.ovn.mech_driver.mech_driver [None req-23a7b267-acd9-43b3-9928-37080065f913 - - - - - -] OVN reports status up for port: d4db43d9-bbd7-4f8a-8b09-9aa3f96399c2
2026-05-19 23:28:28.384 9 INFO neutron.plugins.ml2.plugin [None req-23a7b267-acd9-43b3-9928-37080065f913 - - - - - -] Attempt 1 to provision port d4db43d9-bbd7-4f8a-8b09-9aa3f96399c2
2026-05-19 23:28:28.430 10 INFO neutron.db.ovn_revision_numbers_db [None req-73d82d93-d144-4639-886e-52f08c160c27 a025af208ae548f18e5131eebc0d979f 87e28f3eb5fb4e95acf3cde790ad3498 - - default default] Successfully bumped revision number for resource acea0989-f06e-4f80-928e-3f5536694984 (type: security_group_rules) to 0
2026-05-19 23:28:28.460 10 INFO neutron.api.wsgi [None req-73d82d93-d144-4639-886e-52f08c160c27 a025af208ae548f18e5131eebc0d979f 87e28f3eb5fb4e95acf3cde790ad3498 - - default default] 10.0.0.114 "POST /v2.0/security-group-rules HTTP/1.1" status: 201 len: 800 time: 0.1577609
2026-05-19 23:28:28.481 10 WARNING neutron_lib.context [None req-eae10a28-f115-45af-bef0-07ffb2c77042 a025af208ae548f18e5131eebc0d979f 87e28f3eb5fb4e95acf3cde790ad3498 - - default default] Method 'is_advsvc' is deprecated since 2023.2 release (neutron-lib 3.8.0) and will be removed once support for the old RBAC API policies will be removed from Neutron. Please use method 'is_service_role' instead.
2026-05-19 23:28:28.517 10 INFO neutron.db.securitygroups_db [None req-eae10a28-f115-45af-bef0-07ffb2c77042 a025af208ae548f18e5131eebc0d979f 87e28f3eb5fb4e95acf3cde790ad3498 - - default default] Project 87e28f3eb5fb4e95acf3cde790ad3498 added a security group rule with legacy IPv6 ICMP protocol name icmp, ipv6-icmp should be used instead. It was automatically converted.
2026-05-19 23:28:28.604 10 INFO neutron.db.ovn_revision_numbers_db [None req-eae10a28-f115-45af-bef0-07ffb2c77042 a025af208ae548f18e5131eebc0d979f 87e28f3eb5fb4e95acf3cde790ad3498 - - default default] Successfully bumped revision number for resource b23ea7d1-059a-40cb-9353-e3b2f00ddfe9 (type: security_group_rules) to 0
2026-05-19 23:28:28.642 10 INFO neutron.api.wsgi [None req-eae10a28-f115-45af-bef0-07ffb2c77042 a025af208ae548f18e5131eebc0d979f 87e28f3eb5fb4e95acf3cde790ad3498 - - default default] 10.0.0.114 "POST /v2.0/security-group-rules HTTP/1.1" status: 201 len: 806 time: 0.1710410
2026-05-19 23:28:28.654 9 WARNING neutron_lib.context [None req-a1cfb4aa-3a80-4452-b391-8620909308fa a025af208ae548f18e5131eebc0d979f 87e28f3eb5fb4e95acf3cde790ad3498 - - default default] Method 'is_advsvc' is deprecated since 2023.2 release (neutron-lib 3.8.0) and will be removed once support for the old RBAC API policies will be removed from Neutron. Please use method 'is_service_role' instead.
2026-05-19 23:28:28.666 10 INFO neutron.api.wsgi [req-7de53ec4-9e7f-432b-83c1-062c1954f66e req-1c18b60e-f3a5-46aa-a90b-52dc889969d8 9a1a0c772f3a4086bec73b7f422c3b1b 81ef9f555c0f46169a9d76abac9398eb - - a34a11348cc647f18b33937b190b4885 a34a11348cc647f18b33937b190b4885] 199.204.45.113 "GET /v2.0/networks?id=b3b9d5c0-5f06-4345-bce9-c4c025696083 HTTP/1.1" status: 200 len: 974 time: 0.0516756
2026-05-19 23:28:28.715 9 INFO neutron.db.securitygroups_db [None req-a1cfb4aa-3a80-4452-b391-8620909308fa a025af208ae548f18e5131eebc0d979f 87e28f3eb5fb4e95acf3cde790ad3498 - - default default] Project 87e28f3eb5fb4e95acf3cde790ad3498 added a security group rule with legacy IPv6 ICMP protocol name icmp, ipv6-icmp should be used instead. It was automatically converted.
2026-05-19 23:28:28.717 10 INFO neutron.api.wsgi [req-7de53ec4-9e7f-432b-83c1-062c1954f66e req-b11fbc68-668b-45be-b288-9b788cfc1e13 9a1a0c772f3a4086bec73b7f422c3b1b 81ef9f555c0f46169a9d76abac9398eb - - a34a11348cc647f18b33937b190b4885 a34a11348cc647f18b33937b190b4885] 199.204.45.113 "GET /v2.0/floatingips?fixed_ip_address=10.100.0.3&port_id=5b8e32b8-3fbe-40ca-872d-aa13ada279ec HTTP/1.1" status: 200 len: 1059 time: 0.0445929
2026-05-19 23:28:28.747 10 INFO neutron.api.wsgi [req-7de53ec4-9e7f-432b-83c1-062c1954f66e req-18f7f706-c4e8-4c7a-ba67-772f2b7b22d3 9a1a0c772f3a4086bec73b7f422c3b1b 81ef9f555c0f46169a9d76abac9398eb - - a34a11348cc647f18b33937b190b4885 a34a11348cc647f18b33937b190b4885] 199.204.45.113 "GET /v2.0/subnets?id=aaa0d1b9-8392-4d5d-a785-92bb08e40bf7 HTTP/1.1" status: 200 len: 893 time: 0.0247231
2026-05-19 23:28:28.770 10 INFO neutron.api.wsgi [req-7de53ec4-9e7f-432b-83c1-062c1954f66e req-e4c334a1-05b4-4e71-8747-276d4c41f83c 9a1a0c772f3a4086bec73b7f422c3b1b 81ef9f555c0f46169a9d76abac9398eb - - a34a11348cc647f18b33937b190b4885 a34a11348cc647f18b33937b190b4885] 199.204.45.113 "GET /v2.0/ports?network_id=b3b9d5c0-5f06-4345-bce9-c4c025696083&device_owner=network%3Adhcp HTTP/1.1" status: 200 len: 210 time: 0.0192153
2026-05-19 23:28:28.777 9 INFO neutron.db.ovn_revision_numbers_db [None req-23a7b267-acd9-43b3-9928-37080065f913 - - - - - -] Successfully bumped revision number for resource d4db43d9-bbd7-4f8a-8b09-9aa3f96399c2 (type: ports) to 2
2026-05-19 23:28:28.815 9 INFO neutron.db.ovn_revision_numbers_db [None req-a1cfb4aa-3a80-4452-b391-8620909308fa a025af208ae548f18e5131eebc0d979f 87e28f3eb5fb4e95acf3cde790ad3498 - - default default] Successfully bumped revision number for resource a66788a3-6ebf-46ad-8cbf-31a927d85d27 (type: security_group_rules) to 0
2026-05-19 23:28:28.820 10 INFO neutron.api.wsgi [req-7de53ec4-9e7f-432b-83c1-062c1954f66e req-4c693d61-97a9-47e5-aa0f-865ce982ab42 9a1a0c772f3a4086bec73b7f422c3b1b 81ef9f555c0f46169a9d76abac9398eb - - a34a11348cc647f18b33937b190b4885 a34a11348cc647f18b33937b190b4885] 199.204.45.113 "GET /v2.0/networks/b3b9d5c0-5f06-4345-bce9-c4c025696083?fields=segments HTTP/1.1" status: 200 len: 212 time: 0.0450008
