2026-05-19 23:27:52.767 10 INFO neutron.api.wsgi [req-96ec5822-3fc9-4dc1-95d9-201980fb3e28 req-4a1b245a-7424-494a-aec1-57a8c219be1c 0655be4d6c07418a9d51dc596c10638a a610b53e34534c59ae049baa624a91a7 - - default default] 199.204.45.113 "POST /v2.0/ports HTTP/1.1" status: 201 len: 1158 time: 0.3484282 /var/lib/openstack/lib/python3.12/site-packages/pycadf/identifier.py:71: UserWarning: Invalid uuid: neutron. To ensure interoperability, identifiers should be a valid uuid. warnings.warn(('Invalid uuid: %s. To ensure interoperability, '
2026-05-19 23:27:52.836 9 INFO neutron.api.wsgi [None req-8cd8c970-71d8-4f30-b0a4-69b417061e70 cd01d9e63fc644b4a811d604a9183042 9f3c46f8450d40d8a7030348bf7b44e5 - - default default] 10.0.0.114 "GET /v2.0/security-groups?tenant_id=0564734446684b869492eeba299941b4&name=default HTTP/1.1" status: 200 len: 3120 time: 0.1672122
2026-05-19 23:27:53.042 9 INFO neutron.api.wsgi [None req-7389db43-dc58-447b-9702-3126683cd94d cd01d9e63fc644b4a811d604a9183042 9f3c46f8450d40d8a7030348bf7b44e5 - - default default] 10.0.0.114 "DELETE /v2.0/security-groups/65fb7904-35fc-498a-a003-f93c754ebfee HTTP/1.1" status: 204 len: 168 time: 0.1998026
2026-05-19 23:27:53.084 10 INFO neutron.db.ovn_revision_numbers_db [req-96ec5822-3fc9-4dc1-95d9-201980fb3e28 req-7a921eb4-c117-4090-97f7-a9f311e100e7 9a1a0c772f3a4086bec73b7f422c3b1b 81ef9f555c0f46169a9d76abac9398eb - - a34a11348cc647f18b33937b190b4885 a34a11348cc647f18b33937b190b4885] Successfully bumped revision number for resource 5b8e32b8-3fbe-40ca-872d-aa13ada279ec (type: ports) to 2
2026-05-19 23:27:53.276 10 INFO neutron.db.ovn_revision_numbers_db [req-96ec5822-3fc9-4dc1-95d9-201980fb3e28 req-7a921eb4-c117-4090-97f7-a9f311e100e7 9a1a0c772f3a4086bec73b7f422c3b1b 81ef9f555c0f46169a9d76abac9398eb - - a34a11348cc647f18b33937b190b4885 a34a11348cc647f18b33937b190b4885] Successfully bumped revision number for resource 5b8e32b8-3fbe-40ca-872d-aa13ada279ec (type: ports) to 4
2026-05-19 23:27:53.294 10 INFO neutron.api.wsgi [req-96ec5822-3fc9-4dc1-95d9-201980fb3e28 req-7a921eb4-c117-4090-97f7-a9f311e100e7 9a1a0c772f3a4086bec73b7f422c3b1b 81ef9f555c0f46169a9d76abac9398eb - - a34a11348cc647f18b33937b190b4885 a34a11348cc647f18b33937b190b4885] 199.204.45.113 "PUT /v2.0/ports/5b8e32b8-3fbe-40ca-872d-aa13ada279ec HTTP/1.1" status: 200 len: 1404 time: 0.5198581
2026-05-19 23:27:53.331 10 INFO neutron.notifiers.nova [-] Nova event matching ['req-560811df-c488-4ba7-b4be-003b6654ca65'] response: {'name': 'network-changed', 'server_uuid': '37e8790d-741e-4e80-a703-799006d00f2b', 'tag': '5b8e32b8-3fbe-40ca-872d-aa13ada279ec', 'status': 'completed', 'code': 200}
2026-05-19 23:27:53.517 9 INFO neutron.api.wsgi [req-eb99b16c-5d31-4ab3-a896-241b99b8c75e req-d85c546a-fe65-4887-aaf3-470a656d9d2a 0655be4d6c07418a9d51dc596c10638a a610b53e34534c59ae049baa624a91a7 - - default default] 10.0.0.8 "GET /v2.0/ports?device_id=37e8790d-741e-4e80-a703-799006d00f2b HTTP/1.1" status: 200 len: 1168 time: 0.0661855
2026-05-19 23:27:53.562 9 INFO neutron.api.wsgi [req-eb99b16c-5d31-4ab3-a896-241b99b8c75e req-6d5bac2a-acb9-4cee-bcdb-0ec2d1bedd04 0655be4d6c07418a9d51dc596c10638a a610b53e34534c59ae049baa624a91a7 - - default default] 10.0.0.8 "GET /v2.0/security-groups?id=6a59992a-a563-44aa-b7ce-fe19642e7994&fields=id&fields=name HTTP/1.1" status: 200 len: 313 time: 0.0389354 /var/lib/openstack/lib/python3.12/site-packages/pycadf/identifier.py:71: UserWarning: Invalid uuid: neutron. To ensure interoperability, identifiers should be a valid uuid. warnings.warn(('Invalid uuid: %s. To ensure interoperability, '
2026-05-19 23:27:53.848 9 INFO neutron.api.wsgi [-] 10.0.0.70 "GET / HTTP/1.1" status: 200 len: 246 time: 0.0026357
2026-05-19 23:27:53.850 9 INFO neutron.api.wsgi [-] 10.0.0.70 "GET / HTTP/1.1" status: 200 len: 246 time: 0.0015669
2026-05-19 23:27:53.868 10 INFO neutron.api.wsgi [req-7aa6fc9b-76a8-4c39-b27b-2aad996cbe92 req-ff0b9d5c-6bc2-4d46-8b2f-164f3c0088c8 9a1a0c772f3a4086bec73b7f422c3b1b 81ef9f555c0f46169a9d76abac9398eb - - a34a11348cc647f18b33937b190b4885 a34a11348cc647f18b33937b190b4885] 199.204.45.113 "GET /v2.0/ports?tenant_id=a610b53e34534c59ae049baa624a91a7&device_id=37e8790d-741e-4e80-a703-799006d00f2b HTTP/1.1" status: 200 len: 1407 time: 0.0311062
2026-05-19 23:27:53.926 10 INFO neutron.api.wsgi [req-7aa6fc9b-76a8-4c39-b27b-2aad996cbe92 req-320dae05-4b7f-410e-8c38-43a1a29d205c 9a1a0c772f3a4086bec73b7f422c3b1b 81ef9f555c0f46169a9d76abac9398eb - - a34a11348cc647f18b33937b190b4885 a34a11348cc647f18b33937b190b4885] 199.204.45.113 "GET /v2.0/networks?tenant_id=a610b53e34534c59ae049baa624a91a7&shared=False HTTP/1.1" status: 200 len: 974 time: 0.0537729
2026-05-19 23:27:53.967 10 INFO neutron.api.wsgi [req-7aa6fc9b-76a8-4c39-b27b-2aad996cbe92 req-f7baea72-d7de-46c0-827c-d914bbe44f9a 9a1a0c772f3a4086bec73b7f422c3b1b 81ef9f555c0f46169a9d76abac9398eb - - a34a11348cc647f18b33937b190b4885 a34a11348cc647f18b33937b190b4885] 199.204.45.113 "GET /v2.0/networks?shared=True HTTP/1.1" status: 200 len: 952 time: 0.0339346
2026-05-19 23:27:54.671 9 INFO neutron.api.wsgi [req-a4bf6d1b-ab59-4cf8-90e5-fb2664ef11ad req-01f06a50-d031-4e07-8970-b4aba8142cb3 0655be4d6c07418a9d51dc596c10638a a610b53e34534c59ae049baa624a91a7 - - default default] 10.0.0.8 "GET /v2.0/ports?device_id=37e8790d-741e-4e80-a703-799006d00f2b HTTP/1.1" status: 200 len: 1168 time: 0.0401006
2026-05-19 23:27:54.710 9 INFO neutron.api.wsgi [req-a4bf6d1b-ab59-4cf8-90e5-fb2664ef11ad req-04850124-9407-43db-a6ac-893a82acddf7 0655be4d6c07418a9d51dc596c10638a a610b53e34534c59ae049baa624a91a7 - - default default] 10.0.0.8 "GET /v2.0/security-groups?id=6a59992a-a563-44aa-b7ce-fe19642e7994&fields=id&fields=name HTTP/1.1" status: 200 len: 313 time: 0.0310133
2026-05-19 23:27:54.904 9 WARNING neutron_lib.context [None req-61f99f7c-5274-4e1d-8483-4d80a44b1b37 2dfe3e6f1eda49c99b9e7af54ef2fea1 d50413d403b941c8bc7b49c3365400db - - default default] Method 'is_advsvc' is deprecated since 2023.2 release (neutron-lib 3.8.0) and will be removed once support for the old RBAC API policies will be removed from Neutron. Please use method 'is_service_role' instead.
2026-05-19 23:27:54.971 9 INFO neutron.api.wsgi [None req-61f99f7c-5274-4e1d-8483-4d80a44b1b37 2dfe3e6f1eda49c99b9e7af54ef2fea1 d50413d403b941c8bc7b49c3365400db - - default default] 10.0.0.114 "POST /v2.0/subnetpools HTTP/1.1" status: 201 len: 748 time: 0.2387748
2026-05-19 23:27:54.997 9 INFO neutron.api.wsgi [None req-ae1f3419-c8fb-4ed8-9b11-880d28638eab 2dfe3e6f1eda49c99b9e7af54ef2fea1 d50413d403b941c8bc7b49c3365400db - - default default] 10.0.0.114 "GET /v2.0/subnetpools/9e2eb2bb-52eb-4f28-a81a-b295fce64267 HTTP/1.1" status: 200 len: 743 time: 0.0207450
2026-05-19 23:27:55.031 10 INFO neutron.api.wsgi [req-96ec5822-3fc9-4dc1-95d9-201980fb3e28 req-dad88c3a-2a97-4426-a4af-42a8204ad158 9a1a0c772f3a4086bec73b7f422c3b1b 81ef9f555c0f46169a9d76abac9398eb - - a34a11348cc647f18b33937b190b4885 a34a11348cc647f18b33937b190b4885] 199.204.45.113 "GET /v2.0/ports?tenant_id=a610b53e34534c59ae049baa624a91a7&device_id=37e8790d-741e-4e80-a703-799006d00f2b HTTP/1.1" status: 200 len: 1407 time: 0.0336123
2026-05-19 23:27:55.050 9 INFO neutron.api.wsgi [None req-a74bc291-edf6-45b2-b8bf-ee1e1f3cf59d 2dfe3e6f1eda49c99b9e7af54ef2fea1 d50413d403b941c8bc7b49c3365400db - - default default] 10.0.0.114 "PUT /v2.0/subnetpools/9e2eb2bb-52eb-4f28-a81a-b295fce64267 HTTP/1.1" status: 200 len: 695 time: 0.0493848
2026-05-19 23:27:55.054 10 INFO neutron.api.wsgi [req-96ec5822-3fc9-4dc1-95d9-201980fb3e28 req-8fc0428e-7e9f-45d0-ad4b-eea5be93184d 9a1a0c772f3a4086bec73b7f422c3b1b 81ef9f555c0f46169a9d76abac9398eb - - a34a11348cc647f18b33937b190b4885 a34a11348cc647f18b33937b190b4885] 199.204.45.113 "GET /v2.0/floatingips?fixed_ip_address=10.100.0.3&port_id=5b8e32b8-3fbe-40ca-872d-aa13ada279ec HTTP/1.1" status: 200 len: 217 time: 0.0176497
2026-05-19 23:27:55.086 10 INFO neutron.api.wsgi [req-96ec5822-3fc9-4dc1-95d9-201980fb3e28 req-e5b50bd3-a737-4dd3-ad63-3a05d5b0a357 9a1a0c772f3a4086bec73b7f422c3b1b 81ef9f555c0f46169a9d76abac9398eb - - a34a11348cc647f18b33937b190b4885 a34a11348cc647f18b33937b190b4885] 199.204.45.113 "GET /v2.0/subnets?id=aaa0d1b9-8392-4d5d-a785-92bb08e40bf7 HTTP/1.1" status: 200 len: 893 time: 0.0264642
2026-05-19 23:27:55.102 10 INFO neutron.api.wsgi [req-96ec5822-3fc9-4dc1-95d9-201980fb3e28 req-727b7911-8c5c-473d-8c37-98ca62480d69 9a1a0c772f3a4086bec73b7f422c3b1b 81ef9f555c0f46169a9d76abac9398eb - - a34a11348cc647f18b33937b190b4885 a34a11348cc647f18b33937b190b4885] 199.204.45.113 "GET /v2.0/ports?network_id=b3b9d5c0-5f06-4345-bce9-c4c025696083&device_owner=network%3Adhcp HTTP/1.1" status: 200 len: 210 time: 0.0130174
2026-05-19 23:27:55.124 10 INFO neutron.api.wsgi [None req-9860b368-1db5-42ef-90cc-d5054d6f245f 2dfe3e6f1eda49c99b9e7af54ef2fea1 d50413d403b941c8bc7b49c3365400db - - default default] 10.0.0.114 "DELETE /v2.0/subnetpools/9e2eb2bb-52eb-4f28-a81a-b295fce64267 HTTP/1.1" status: 204 len: 168 time: 0.0680974
2026-05-19 23:27:55.142 10 INFO neutron.api.v2.resource [None req-4e0332d2-41cf-45df-979c-3d27654693e9 2dfe3e6f1eda49c99b9e7af54ef2fea1 d50413d403b941c8bc7b49c3365400db - - default default] show failed (client error): The resource could not be found.
2026-05-19 23:27:55.144 10 INFO neutron.api.wsgi [None req-4e0332d2-41cf-45df-979c-3d27654693e9 2dfe3e6f1eda49c99b9e7af54ef2fea1 d50413d403b941c8bc7b49c3365400db - - default default] 10.0.0.114 "GET /v2.0/subnetpools/9e2eb2bb-52eb-4f28-a81a-b295fce64267 HTTP/1.1" status: 404 len: 346 time: 0.0158389
2026-05-19 23:27:55.157 9 INFO neutron.api.v2.resource [None req-25189f37-95b2-49ed-8036-79cadd6b7a68 2dfe3e6f1eda49c99b9e7af54ef2fea1 d50413d403b941c8bc7b49c3365400db - - default default] delete failed (client error): The resource could not be found.
2026-05-19 23:27:55.158 9 INFO neutron.api.wsgi [None req-25189f37-95b2-49ed-8036-79cadd6b7a68 2dfe3e6f1eda49c99b9e7af54ef2fea1 d50413d403b941c8bc7b49c3365400db - - default default] 10.0.0.114 "DELETE /v2.0/subnetpools/9e2eb2bb-52eb-4f28-a81a-b295fce64267 HTTP/1.1" status: 404 len: 346 time: 0.0098441
2026-05-19 23:27:55.160 10 INFO neutron.api.wsgi [req-96ec5822-3fc9-4dc1-95d9-201980fb3e28 req-90674f0e-5815-4907-8121-fb245a915b0e 9a1a0c772f3a4086bec73b7f422c3b1b 81ef9f555c0f46169a9d76abac9398eb - - a34a11348cc647f18b33937b190b4885 a34a11348cc647f18b33937b190b4885] 199.204.45.113 "GET /v2.0/networks/b3b9d5c0-5f06-4345-bce9-c4c025696083?fields=segments HTTP/1.1" status: 200 len: 212 time: 0.0552409
2026-05-19 23:27:55.203 10 INFO neutron.api.wsgi [req-96ec5822-3fc9-4dc1-95d9-201980fb3e28 req-815d037e-3a10-4754-8c1a-5f614e5cc5a6 9a1a0c772f3a4086bec73b7f422c3b1b 81ef9f555c0f46169a9d76abac9398eb - - a34a11348cc647f18b33937b190b4885 a34a11348cc647f18b33937b190b4885] 199.204.45.113 "GET /v2.0/networks/b3b9d5c0-5f06-4345-bce9-c4c025696083?fields=provider%3Aphysical_network&fields=provider%3Anetwork_type HTTP/1.1" status: 200 len: 277 time: 0.0387733
2026-05-19 23:27:55.828 9 INFO neutron.api.wsgi [req-39cbc6f4-ca58-4472-bd92-a190b83faaff req-4c07ddde-5c86-43d6-9872-d12246d48178 0655be4d6c07418a9d51dc596c10638a a610b53e34534c59ae049baa624a91a7 - - default default] 10.0.0.8 "GET /v2.0/ports?device_id=37e8790d-741e-4e80-a703-799006d00f2b HTTP/1.1" status: 200 len: 1168 time: 0.0528409
2026-05-19 23:27:55.882 9 INFO neutron.api.wsgi [req-39cbc6f4-ca58-4472-bd92-a190b83faaff req-408e3d19-e2e4-496a-a0ae-b30228195992 0655be4d6c07418a9d51dc596c10638a a610b53e34534c59ae049baa624a91a7 - - default default] 10.0.0.8 "GET /v2.0/security-groups?id=6a59992a-a563-44aa-b7ce-fe19642e7994&fields=id&fields=name HTTP/1.1" status: 200 len: 313 time: 0.0449631
2026-05-19 23:27:55.922 10 INFO neutron.db.ovn_revision_numbers_db [None req-4c69c6bd-831f-454f-bf40-ad4ad8cc3866 cd01d9e63fc644b4a811d604a9183042 9f3c46f8450d40d8a7030348bf7b44e5 - - default default] Successfully bumped revision number for resource c8d373cf-6041-4b2a-b986-226fabdfe241 (type: security_groups) to 1
2026-05-19 23:27:55.935 10 INFO neutron.db.ovn_revision_numbers_db [None req-4c69c6bd-831f-454f-bf40-ad4ad8cc3866 cd01d9e63fc644b4a811d604a9183042 9f3c46f8450d40d8a7030348bf7b44e5 - - default default] Successfully bumped revision number for resource 68045f4f-b918-4331-96c0-0022ebc0978d (type: security_group_rules) to 0
2026-05-19 23:27:55.947 10 INFO neutron.db.ovn_revision_numbers_db [None req-4c69c6bd-831f-454f-bf40-ad4ad8cc3866 cd01d9e63fc644b4a811d604a9183042 9f3c46f8450d40d8a7030348bf7b44e5 - - default default] Successfully bumped revision number for resource d2ab2963-f21e-4c06-83b7-19505ff1a766 (type: security_group_rules) to 0
2026-05-19 23:27:55.962 10 INFO neutron.db.ovn_revision_numbers_db [None req-4c69c6bd-831f-454f-bf40-ad4ad8cc3866 cd01d9e63fc644b4a811d604a9183042 9f3c46f8450d40d8a7030348bf7b44e5 - - default default] Successfully bumped revision number for resource d4daa191-fcb4-4ac8-b5d7-4c6183cbb426 (type: security_group_rules) to 0
2026-05-19 23:27:55.979 10 INFO neutron.db.ovn_revision_numbers_db [None req-4c69c6bd-831f-454f-bf40-ad4ad8cc3866 cd01d9e63fc644b4a811d604a9183042 9f3c46f8450d40d8a7030348bf7b44e5 - - default default] Successfully bumped revision number for resource f504b4d5-e9ca-4b34-87ec-c906a064fcef (type: security_group_rules) to 0
2026-05-19 23:27:56.021 10 INFO neutron.api.wsgi [None req-4c69c6bd-831f-454f-bf40-ad4ad8cc3866 cd01d9e63fc644b4a811d604a9183042 9f3c46f8450d40d8a7030348bf7b44e5 - - default default] 10.0.0.114 "GET /v2.0/security-groups?tenant_id=d50413d403b941c8bc7b49c3365400db&name=default HTTP/1.1" status: 200 len: 3120 time: 0.2922382
2026-05-19 23:27:56.219 10 INFO neutron.api.wsgi [None req-f464ac4c-a929-4746-bf3b-0d88e3cc779f cd01d9e63fc644b4a811d604a9183042 9f3c46f8450d40d8a7030348bf7b44e5 - - default default] 10.0.0.114 "DELETE /v2.0/security-groups/c8d373cf-6041-4b2a-b986-226fabdfe241 HTTP/1.1" status: 204 len: 168 time: 0.1927302
2026-05-19 23:27:56.988 9 INFO neutron.api.wsgi [req-f26f7d40-b455-406e-9b35-237389e3d2f7 req-438669b1-a7b9-4075-bd68-06e8d7c86409 0655be4d6c07418a9d51dc596c10638a a610b53e34534c59ae049baa624a91a7 - - default default] 10.0.0.8 "GET /v2.0/ports?device_id=37e8790d-741e-4e80-a703-799006d00f2b HTTP/1.1" status: 200 len: 1168 time: 0.0394700
2026-05-19 23:27:57.027 9 INFO neutron.api.wsgi [req-f26f7d40-b455-406e-9b35-237389e3d2f7 req-6d9f3e42-9550-455d-acf5-f58e3f76d0dc 0655be4d6c07418a9d51dc596c10638a a610b53e34534c59ae049baa624a91a7 - - default default] 10.0.0.8 "GET /v2.0/security-groups?id=6a59992a-a563-44aa-b7ce-fe19642e7994&fields=id&fields=name HTTP/1.1" status: 200 len: 313 time: 0.0309043
2026-05-19 23:27:57.389 10 INFO neutron.plugins.ml2.drivers.ovn.mech_driver.mech_driver [None req-c5ffda1f-5ef1-42f4-8b99-175dc5f91ff4 - - - - - -] OVN reports status up for port: 5b8e32b8-3fbe-40ca-872d-aa13ada279ec
2026-05-19 23:27:57.402 10 INFO neutron.plugins.ml2.plugin [None req-c5ffda1f-5ef1-42f4-8b99-175dc5f91ff4 - - - - - -] Attempt 1 to provision port 5b8e32b8-3fbe-40ca-872d-aa13ada279ec
2026-05-19 23:27:57.535 10 INFO neutron.notifiers.nova [-] Nova event matching ['req-c679f39a-9674-4f2a-83e6-770c5febc308'] response: {'server_uuid': '37e8790d-741e-4e80-a703-799006d00f2b', 'name': 'network-vif-plugged', 'status': 'completed', 'tag': '5b8e32b8-3fbe-40ca-872d-aa13ada279ec', 'code': 200}
2026-05-19 23:27:57.537 9 INFO neutron.db.ovn_revision_numbers_db [None req-486dc669-f67c-4e41-8413-d295688915da cd01d9e63fc644b4a811d604a9183042 9f3c46f8450d40d8a7030348bf7b44e5 - - default default] Successfully bumped revision number for resource c20938d9-b03e-452d-99bf-134685e41b51 (type: security_groups) to 1
2026-05-19 23:27:57.554 9 INFO neutron.db.ovn_revision_numbers_db [None req-486dc669-f67c-4e41-8413-d295688915da cd01d9e63fc644b4a811d604a9183042 9f3c46f8450d40d8a7030348bf7b44e5 - - default default] Successfully bumped revision number for resource 58cb8772-6749-467c-8b48-7b43fc1e46da (type: security_group_rules) to 0
2026-05-19 23:27:57.568 9 INFO neutron.db.ovn_revision_numbers_db [None req-486dc669-f67c-4e41-8413-d295688915da cd01d9e63fc644b4a811d604a9183042 9f3c46f8450d40d8a7030348bf7b44e5 - - default default] Successfully bumped revision number for resource a7b8a7c1-a70e-4e6d-a01e-bf8b70b95d3d (type: security_group_rules) to 0
2026-05-19 23:27:57.579 9 INFO neutron.db.ovn_revision_numbers_db [None req-486dc669-f67c-4e41-8413-d295688915da cd01d9e63fc644b4a811d604a9183042 9f3c46f8450d40d8a7030348bf7b44e5 - - default default] Successfully bumped revision number for resource e0aa20d0-bed3-443b-ade2-f6f8d5304759 (type: security_group_rules) to 0
2026-05-19 23:27:57.592 9 INFO neutron.db.ovn_revision_numbers_db [None req-486dc669-f67c-4e41-8413-d295688915da cd01d9e63fc644b4a811d604a9183042 9f3c46f8450d40d8a7030348bf7b44e5 - - default default] Successfully bumped revision number for resource ffc74b7e-ed47-4931-8629-6a3bd75f5821 (type: security_group_rules) to 0
2026-05-19 23:27:57.630 9 INFO neutron.api.wsgi [None req-486dc669-f67c-4e41-8413-d295688915da cd01d9e63fc644b4a811d604a9183042 9f3c46f8450d40d8a7030348bf7b44e5 - - default default] 10.0.0.114 "GET /v2.0/security-groups?tenant_id=7aaf1eee5a63415f83b8d45273f48fdf&name=default HTTP/1.1" status: 200 len: 3120 time: 0.4204416
2026-05-19 23:27:57.671 10 INFO neutron.db.ovn_revision_numbers_db [None req-c5ffda1f-5ef1-42f4-8b99-175dc5f91ff4 - - - - - -] Successfully bumped revision number for resource 5b8e32b8-3fbe-40ca-872d-aa13ada279ec (type: ports) to 5
2026-05-19 23:27:57.846 10 INFO neutron.api.wsgi [None req-db05fe36-a4ba-46fc-9648-410ef1f98df6 cd01d9e63fc644b4a811d604a9183042 9f3c46f8450d40d8a7030348bf7b44e5 - - default default] 10.0.0.114 "DELETE /v2.0/security-groups/c20938d9-b03e-452d-99bf-134685e41b51 HTTP/1.1" status: 204 len: 168 time: 0.2101727
2026-05-19 23:27:57.962 9 INFO neutron.api.wsgi [-] 10.0.0.114 "GET / HTTP/1.1" status: 200 len: 279 time: 0.0027630
2026-05-19 23:27:58.127 9 INFO neutron.api.wsgi [req-cbdf91c4-5614-4946-93c0-b75f2ac11026 req-5ef32016-e3b6-405c-82db-8126ced389b9 0655be4d6c07418a9d51dc596c10638a a610b53e34534c59ae049baa624a91a7 - - default default] 10.0.0.8 "GET /v2.0/ports?device_id=37e8790d-741e-4e80-a703-799006d00f2b HTTP/1.1" status: 200 len: 1170 time: 0.0367949
2026-05-19 23:27:58.139 9 INFO neutron.db.ovn_revision_numbers_db [None req-082493b4-b760-438a-a70d-bbca92d81068 cd01d9e63fc644b4a811d604a9183042 9f3c46f8450d40d8a7030348bf7b44e5 - - default default] Successfully bumped revision number for resource 675ca2f3-492a-4b9c-a93d-06beac559750 (type: security_groups) to 1
2026-05-19 23:27:58.154 9 INFO neutron.db.ovn_revision_numbers_db [None req-082493b4-b760-438a-a70d-bbca92d81068 cd01d9e63fc644b4a811d604a9183042 9f3c46f8450d40d8a7030348bf7b44e5 - - default default] Successfully bumped revision number for resource 1f3f5a1d-5af4-4049-8f9b-a11746998925 (type: security_group_rules) to 0
2026-05-19 23:27:58.164 9 INFO neutron.api.wsgi [req-cbdf91c4-5614-4946-93c0-b75f2ac11026 req-f8a80a4b-092d-4054-be33-3dbd05e8d8f1 0655be4d6c07418a9d51dc596c10638a a610b53e34534c59ae049baa624a91a7 - - default default] 10.0.0.8 "GET /v2.0/security-groups?id=6a59992a-a563-44aa-b7ce-fe19642e7994&fields=id&fields=name HTTP/1.1" status: 200 len: 313 time: 0.0309153
2026-05-19 23:27:58.176 9 INFO neutron.db.ovn_revision_numbers_db [None req-082493b4-b760-438a-a70d-bbca92d81068 cd01d9e63fc644b4a811d604a9183042 9f3c46f8450d40d8a7030348bf7b44e5 - - default default] Successfully bumped revision number for resource 2e715087-2063-47eb-9165-7b48e7cfd6b4 (type: security_group_rules) to 0
2026-05-19 23:27:58.184 9 INFO neutron.api.wsgi [None req-3cac9f83-b996-4017-a27b-9395d50994b2 8634e81c111e4be5a0094b4adf780ab5 69e528cbae0d425e90f3a567ec8c46e6 - - default default] 10.0.0.114 "GET /v2.0/ HTTP/1.1" status: 200 len: 826 time: 0.2173738
2026-05-19 23:27:58.201 9 INFO neutron.db.ovn_revision_numbers_db [None req-082493b4-b760-438a-a70d-bbca92d81068 cd01d9e63fc644b4a811d604a9183042 9f3c46f8450d40d8a7030348bf7b44e5 - - default default] Successfully bumped revision number for resource 3dc3a1fc-f5ca-4aef-a23b-869334c6e128 (type: security_group_rules) to 0
2026-05-19 23:27:58.212 9 INFO neutron.db.ovn_revision_numbers_db [None req-082493b4-b760-438a-a70d-bbca92d81068 cd01d9e63fc644b4a811d604a9183042 9f3c46f8450d40d8a7030348bf7b44e5 - - default default] Successfully bumped revision number for resource 9fa38b25-f98f-464e-8a1f-b8e4d9df3441 (type: security_group_rules) to 0
2026-05-19 23:27:58.250 9 INFO neutron.api.wsgi [None req-082493b4-b760-438a-a70d-bbca92d81068 cd01d9e63fc644b4a811d604a9183042 9f3c46f8450d40d8a7030348bf7b44e5 - - default default] 10.0.0.114 "GET /v2.0/security-groups?tenant_id=a2467a1be6e54fa8a99d72a2be661c8a&name=default HTTP/1.1" status: 200 len: 3120 time: 0.2334805
2026-05-19 23:27:58.515 9 INFO neutron.api.wsgi [None req-d1b17c18-8398-4881-8f88-df86ee2ba948 cd01d9e63fc644b4a811d604a9183042 9f3c46f8450d40d8a7030348bf7b44e5 - - default default] 10.0.0.114 "DELETE /v2.0/security-groups/675ca2f3-492a-4b9c-a93d-06beac559750 HTTP/1.1" status: 204 len: 168 time: 0.2597632 /var/lib/openstack/lib/python3.12/site-packages/pycadf/identifier.py:71: UserWarning: Invalid uuid: neutron. To ensure interoperability, identifiers should be a valid uuid. warnings.warn(('Invalid uuid: %s. To ensure interoperability, '
2026-05-19 23:27:58.920 10 INFO neutron.api.wsgi [req-8b210b9f-d390-4bfd-9fdd-731d9a1e075d req-0c23bd94-3035-4853-a6e8-fe12dfd2a31c 9a1a0c772f3a4086bec73b7f422c3b1b 81ef9f555c0f46169a9d76abac9398eb - - a34a11348cc647f18b33937b190b4885 a34a11348cc647f18b33937b190b4885] 10.0.0.215 "GET /v2.0/ports?device_id=efc6281c-672e-4db6-a425-4206310ca6e1 HTTP/1.1" status: 200 len: 1413 time: 0.2283170
2026-05-19 23:27:58.966 10 INFO neutron.api.wsgi [req-8b210b9f-d390-4bfd-9fdd-731d9a1e075d req-54c77dd9-cf0f-44d7-869b-085e5702db3f 9a1a0c772f3a4086bec73b7f422c3b1b 81ef9f555c0f46169a9d76abac9398eb - - a34a11348cc647f18b33937b190b4885 a34a11348cc647f18b33937b190b4885] 10.0.0.215 "GET /v2.0/security-groups?id=7bfd5662-2a5d-41a4-ba07-15f8394903fb&fields=id&fields=name HTTP/1.1" status: 200 len: 312 time: 0.0394585
2026-05-19 23:27:59.051 10 INFO neutron.db.ovn_revision_numbers_db [None req-80a9b014-3ac4-4d89-8c14-9d04ecceead6 cd01d9e63fc644b4a811d604a9183042 9f3c46f8450d40d8a7030348bf7b44e5 - - default default] Successfully bumped revision number for resource 68ea7bcb-fb14-4882-99df-e36cfed506c0 (type: security_groups) to 1
2026-05-19 23:27:59.078 10 INFO neutron.db.ovn_revision_numbers_db [None req-80a9b014-3ac4-4d89-8c14-9d04ecceead6 cd01d9e63fc644b4a811d604a9183042 9f3c46f8450d40d8a7030348bf7b44e5 - - default default] Successfully bumped revision number for resource 8851c256-a71d-4912-ac72-6b942828db40 (type: security_group_rules) to 0
2026-05-19 23:27:59.093 10 INFO neutron.db.ovn_revision_numbers_db [None req-80a9b014-3ac4-4d89-8c14-9d04ecceead6 cd01d9e63fc644b4a811d604a9183042 9f3c46f8450d40d8a7030348bf7b44e5 - - default default] Successfully bumped revision number for resource 92647551-30ba-4e67-852b-e87afc21db22 (type: security_group_rules) to 0
2026-05-19 23:27:59.116 10 INFO neutron.db.ovn_revision_numbers_db [None req-80a9b014-3ac4-4d89-8c14-9d04ecceead6 cd01d9e63fc644b4a811d604a9183042 9f3c46f8450d40d8a7030348bf7b44e5 - - default default] Successfully bumped revision number for resource 9beddfbf-90f5-4eb9-9d0c-effb74761f03 (type: security_group_rules) to 0
2026-05-19 23:27:59.136 10 INFO neutron.db.ovn_revision_numbers_db [None req-80a9b014-3ac4-4d89-8c14-9d04ecceead6 cd01d9e63fc644b4a811d604a9183042 9f3c46f8450d40d8a7030348bf7b44e5 - - default default] Successfully bumped revision number for resource bd63bc58-3817-43ec-889b-067dd5603642 (type: security_group_rules) to 0
2026-05-19 23:27:59.170 10 INFO neutron.api.wsgi [None req-80a9b014-3ac4-4d89-8c14-9d04ecceead6 cd01d9e63fc644b4a811d604a9183042 9f3c46f8450d40d8a7030348bf7b44e5 - - default default] 10.0.0.114 "GET /v2.0/security-groups?tenant_id=69e528cbae0d425e90f3a567ec8c46e6&name=default HTTP/1.1" status: 200 len: 3120 time: 0.4469461
2026-05-19 23:27:59.335 9 INFO neutron.api.wsgi [req-a56925fa-623a-4036-9268-587c5ae3da06 req-f17086d2-e15b-4127-aa8e-2eeccdf809dd 0655be4d6c07418a9d51dc596c10638a a610b53e34534c59ae049baa624a91a7 - - default default] 10.0.0.8 "GET /v2.0/ports?device_id=37e8790d-741e-4e80-a703-799006d00f2b HTTP/1.1" status: 200 len: 1170 time: 0.0975285
2026-05-19 23:27:59.384 9 INFO neutron.api.wsgi [req-a56925fa-623a-4036-9268-587c5ae3da06 req-6784da04-9024-4234-8cb2-a086f0f94c42 0655be4d6c07418a9d51dc596c10638a a610b53e34534c59ae049baa624a91a7 - - default default] 10.0.0.8 "GET /v2.0/security-groups?id=6a59992a-a563-44aa-b7ce-fe19642e7994&fields=id&fields=name HTTP/1.1" status: 200 len: 313 time: 0.0461972
2026-05-19 23:27:59.424 10 INFO neutron.api.wsgi [None req-68e85e4d-75fa-4bd7-bc79-e84ba290080e cd01d9e63fc644b4a811d604a9183042 9f3c46f8450d40d8a7030348bf7b44e5 - - default default] 10.0.0.114 "DELETE /v2.0/security-groups/68ea7bcb-fb14-4882-99df-e36cfed506c0 HTTP/1.1" status: 204 len: 168 time: 0.2480090
2026-05-19 23:27:59.484 9 INFO neutron.api.wsgi [req-17f1daeb-ecae-4472-a484-c6bc40881350 req-e16b2e47-3b0a-418e-ab69-8953391496cf 0655be4d6c07418a9d51dc596c10638a a610b53e34534c59ae049baa624a91a7 - - default default] 10.0.0.8 "GET /v2.0/ports?device_id=37e8790d-741e-4e80-a703-799006d00f2b HTTP/1.1" status: 200 len: 1170 time: 0.0348566
2026-05-19 23:27:59.578 10 INFO neutron.notifiers.nova [-] Nova event matching ['req-0a409321-b5f1-47df-960e-bffbde1f6ece'] response: {'server_uuid': '37e8790d-741e-4e80-a703-799006d00f2b', 'name': 'network-vif-plugged', 'status': 'completed', 'tag': '5b8e32b8-3fbe-40ca-872d-aa13ada279ec', 'code': 200}
2026-05-19 23:27:59.992 9 INFO neutron.db.ovn_revision_numbers_db [None req-4859b7bc-75da-489a-938f-9fbbcb5e2dc6 0655be4d6c07418a9d51dc596c10638a a610b53e34534c59ae049baa624a91a7 - - default default] Successfully bumped revision number for resource bd6e103e-f5b8-4686-a5bf-164e31d4eba9 (type: floatingips) to 1
2026-05-19 23:28:00.130 9 INFO neutron.db.ovn_revision_numbers_db [None req-4859b7bc-75da-489a-938f-9fbbcb5e2dc6 0655be4d6c07418a9d51dc596c10638a a610b53e34534c59ae049baa624a91a7 - - default default] Successfully bumped revision number for resource bd6e103e-f5b8-4686-a5bf-164e31d4eba9 (type: floatingips) to 2
2026-05-19 23:28:00.131 9 INFO neutron.db.l3_db [None req-4859b7bc-75da-489a-938f-9fbbcb5e2dc6 0655be4d6c07418a9d51dc596c10638a a610b53e34534c59ae049baa624a91a7 - - default default] Floating IP bd6e103e-f5b8-4686-a5bf-164e31d4eba9 associated. External IP: 10.96.250.210, port: 5b8e32b8-3fbe-40ca-872d-aa13ada279ec.
2026-05-19 23:28:00.159 9 INFO neutron.api.wsgi [None req-4859b7bc-75da-489a-938f-9fbbcb5e2dc6 0655be4d6c07418a9d51dc596c10638a a610b53e34534c59ae049baa624a91a7 - - default default] 10.0.0.114 "PUT /v2.0/floatingips/bd6e103e-f5b8-4686-a5bf-164e31d4eba9 HTTP/1.1" status: 200 len: 1049 time: 0.6636376
2026-05-19 23:28:00.493 9 INFO neutron.notifiers.nova [-] Nova event matching ['req-a5d86097-8435-4901-8cc9-78a0f0b50bb7'] response: {'name': 'network-changed', 'server_uuid': '37e8790d-741e-4e80-a703-799006d00f2b', 'tag': '5b8e32b8-3fbe-40ca-872d-aa13ada279ec', 'status': 'completed', 'code': 200}
2026-05-19 23:28:00.524 9 INFO neutron.api.wsgi [None req-1fca84a9-c9ef-40b2-804e-0d60b0429269 46ade66b4862452da36dba415c8cf85c e71b684a6a9c42cb9ee0bbadf9bceb51 - - default default] 10.0.0.114 "GET /v2.0/extensions HTTP/1.1" status: 200 len: 19293 time: 0.2142355
2026-05-19 23:28:00.537 9 INFO neutron.api.wsgi [None req-5fbcf4ef-1ae3-47c3-a0b3-8990a820315f 46ade66b4862452da36dba415c8cf85c e71b684a6a9c42cb9ee0bbadf9bceb51 - - default default] 10.0.0.114 "GET /v2.0/extensions/address-group HTTP/1.1" status: 200 len: 353 time: 0.0066090
2026-05-19 23:28:00.545 9 INFO neutron.api.wsgi [None req-a54c1ed3-3702-46a9-b0e3-c14ff0f88b38 46ade66b4862452da36dba415c8cf85c e71b684a6a9c42cb9ee0bbadf9bceb51 - - default default] 10.0.0.114 "GET /v2.0/extensions/address-scope HTTP/1.1" status: 200 len: 357 time: 0.0039732
2026-05-19 23:28:00.552 9 INFO neutron.api.wsgi [None req-c70f8272-775d-40e3-800e-353eff59a8a9 46ade66b4862452da36dba415c8cf85c e71b684a6a9c42cb9ee0bbadf9bceb51 - - default default] 10.0.0.114 "GET /v2.0/extensions/agent HTTP/1.1" status: 200 len: 347 time: 0.0040438
2026-05-19 23:28:00.558 9 INFO neutron.api.wsgi [None req-23e516e0-cff6-48f7-960e-a599aec34778 46ade66b4862452da36dba415c8cf85c e71b684a6a9c42cb9ee0bbadf9bceb51 - - default default] 10.0.0.114 "GET /v2.0/extensions/allowed-address-pairs HTTP/1.1" status: 200 len: 378 time: 0.0034420
2026-05-19 23:28:00.564 9 INFO neutron.api.wsgi [None req-0a774915-7080-4409-88d3-f9915dcccb04 46ade66b4862452da36dba415c8cf85c e71b684a6a9c42cb9ee0bbadf9bceb51 - - default default] 10.0.0.114 "GET /v2.0/extensions/auto-allocated-topology HTTP/1.1" status: 200 len: 394 time: 0.0033519 /var/lib/openstack/lib/python3.12/site-packages/pycadf/identifier.py:71: UserWarning: Invalid uuid: neutron. To ensure interoperability, identifiers should be a valid uuid. warnings.warn(('Invalid uuid: %s. To ensure interoperability, '
2026-05-19 23:28:00.575 10 INFO neutron.api.wsgi [None req-78f84668-0ce3-43ab-96aa-0be76816a2ae 46ade66b4862452da36dba415c8cf85c e71b684a6a9c42cb9ee0bbadf9bceb51 - - default default] 10.0.0.114 "GET /v2.0/extensions/availability_zone HTTP/1.1" status: 200 len: 372 time: 0.0070014
2026-05-19 23:28:00.582 10 INFO neutron.api.wsgi [None req-dd45b4c1-d77c-4025-8146-7a5f8cbbe9af 46ade66b4862452da36dba415c8cf85c e71b684a6a9c42cb9ee0bbadf9bceb51 - - default default] 10.0.0.114 "GET /v2.0/extensions/default-subnetpools HTTP/1.1" status: 200 len: 405 time: 0.0039840
2026-05-19 23:28:00.589 10 INFO neutron.api.wsgi [None req-391e316f-6ef3-42ff-aa18-cf9256230ce5 46ade66b4862452da36dba415c8cf85c e71b684a6a9c42cb9ee0bbadf9bceb51 - - default default] 10.0.0.114 "GET /v2.0/extensions/dhcp_agent_scheduler HTTP/1.1" status: 200 len: 381 time: 0.0038507
2026-05-19 23:28:00.596 10 INFO neutron.api.wsgi [None req-42e08a3a-616d-4c39-959d-14eff54f1ed4 46ade66b4862452da36dba415c8cf85c e71b684a6a9c42cb9ee0bbadf9bceb51 - - default default] 10.0.0.114 "GET /v2.0/extensions/dns-integration HTTP/1.1" status: 200 len: 366 time: 0.0045173
2026-05-19 23:28:00.602 10 INFO neutron.api.wsgi [None req-397d5052-edcb-4504-a509-e682d9317f1b 46ade66b4862452da36dba415c8cf85c e71b684a6a9c42cb9ee0bbadf9bceb51 - - default default] 10.0.0.114 "GET /v2.0/extensions/dns-domain-ports HTTP/1.1" status: 200 len: 399 time: 0.0028152
2026-05-19 23:28:00.608 10 INFO neutron.api.wsgi [None req-2ae93165-45da-43be-960d-c74d0a3ab872 46ade66b4862452da36dba415c8cf85c e71b684a6a9c42cb9ee0bbadf9bceb51 - - default default] 10.0.0.114 "GET /v2.0/extensions/dns-integration-domain-keywords HTTP/1.1" status: 200 len: 477 time: 0.0026743
2026-05-19 23:28:00.614 10 INFO neutron.api.wsgi [None req-0b2a5cae-9f49-455b-b9c9-711ed2e3fdbb 46ade66b4862452da36dba415c8cf85c e71b684a6a9c42cb9ee0bbadf9bceb51 - - default default] 10.0.0.114 "GET /v2.0/extensions/empty-string-filtering HTTP/1.1" status: 200 len: 413 time: 0.0037525
2026-05-19 23:28:00.622 10 INFO neutron.api.wsgi [None req-8060a779-9bc9-4337-af8b-7343d534b0e2 46ade66b4862452da36dba415c8cf85c e71b684a6a9c42cb9ee0bbadf9bceb51 - - default default] 10.0.0.114 "GET /v2.0/extensions/external-net HTTP/1.1" status: 200 len: 394 time: 0.0047481
2026-05-19 23:28:00.629 10 INFO neutron.api.wsgi [None req-4637d536-6838-459f-b1a5-b5ff1df0533a 46ade66b4862452da36dba415c8cf85c e71b684a6a9c42cb9ee0bbadf9bceb51 - - default default] 10.0.0.114 "GET /v2.0/extensions/extra_dhcp_opt HTTP/1.1" status: 200 len: 498 time: 0.0038638
2026-05-19 23:28:00.636 10 INFO neutron.api.wsgi [None req-7cbe8246-4dc6-4a42-9b10-ea4c4109caf5 46ade66b4862452da36dba415c8cf85c e71b684a6a9c42cb9ee0bbadf9bceb51 - - default default] 10.0.0.114 "GET /v2.0/extensions/extraroute HTTP/1.1" status: 200 len: 375 time: 0.0032036
2026-05-19 23:28:00.641 10 INFO neutron.api.wsgi [None req-1f69b65d-550e-43e8-ad67-633593c1b673 46ade66b4862452da36dba415c8cf85c e71b684a6a9c42cb9ee0bbadf9bceb51 - - default default] 10.0.0.114 "GET /v2.0/extensions/floating-ip-port-forwarding-detail HTTP/1.1" status: 200 len: 465 time: 0.0026255
2026-05-19 23:28:00.649 10 INFO neutron.api.wsgi [None req-4deddc3a-6e9c-4028-af33-374c271b2a49 46ade66b4862452da36dba415c8cf85c e71b684a6a9c42cb9ee0bbadf9bceb51 - - default default] 10.0.0.114 "GET /v2.0/extensions/fip-port-details HTTP/1.1" status: 200 len: 406 time: 0.0042887
2026-05-19 23:28:00.655 10 INFO neutron.api.wsgi [None req-13ed728a-58ad-4aee-9af1-f7295c709ad2 46ade66b4862452da36dba415c8cf85c e71b684a6a9c42cb9ee0bbadf9bceb51 - - default default] 10.0.0.114 "GET /v2.0/extensions/flavors HTTP/1.1" status: 200 len: 387 time: 0.0036383
2026-05-19 23:28:00.662 10 INFO neutron.api.wsgi [None req-68643e3a-8235-4ba9-ba1a-968b14a119f7 46ade66b4862452da36dba415c8cf85c e71b684a6a9c42cb9ee0bbadf9bceb51 - - default default] 10.0.0.114 "GET /v2.0/extensions/floatingip-pools HTTP/1.1" status: 200 len: 382 time: 0.0035827
2026-05-19 23:28:00.669 10 INFO neutron.api.wsgi [None req-c8303b8e-0acf-49e3-be9e-3f9e56dabd67 46ade66b4862452da36dba415c8cf85c e71b684a6a9c42cb9ee0bbadf9bceb51 - - default default] 10.0.0.114 "GET /v2.0/extensions/ip_allocation HTTP/1.1" status: 200 len: 356 time: 0.0036614
2026-05-19 23:28:00.676 10 INFO neutron.api.wsgi [None req-24293578-f77c-40d5-9695-9a8d1b98126e 46ade66b4862452da36dba415c8cf85c e71b684a6a9c42cb9ee0bbadf9bceb51 - - default default] 10.0.0.114 "GET /v2.0/extensions/l2_adjacency HTTP/1.1" status: 200 len: 372 time: 0.0039117
2026-05-19 23:28:00.683 10 INFO neutron.api.wsgi [None req-62e9599c-6a91-476d-8ed3-0c244401af58 46ade66b4862452da36dba415c8cf85c e71b684a6a9c42cb9ee0bbadf9bceb51 - - default default] 10.0.0.114 "GET /v2.0/extensions/router HTTP/1.1" status: 200 len: 450 time: 0.0035121
2026-05-19 23:28:00.689 10 INFO neutron.api.wsgi [None req-5f39dd08-6a01-4d87-9ab3-57ed01c4560a 46ade66b4862452da36dba415c8cf85c e71b684a6a9c42cb9ee0bbadf9bceb51 - - default default] 10.0.0.114 "GET /v2.0/extensions/enable-default-route-bfd HTTP/1.1" status: 200 len: 406 time: 0.0035915
2026-05-19 23:28:00.696 10 INFO neutron.api.wsgi [None req-19d02a7d-464b-4bf2-b9f3-24d22c7a0bff 46ade66b4862452da36dba415c8cf85c e71b684a6a9c42cb9ee0bbadf9bceb51 - - default default] 10.0.0.114 "GET /v2.0/extensions/enable-default-route-ecmp HTTP/1.1" status: 200 len: 409 time: 0.0035312
2026-05-19 23:28:00.703 10 INFO neutron.api.wsgi [None req-c14aca51-5fb7-450d-8bab-388cf6548079 46ade66b4862452da36dba415c8cf85c e71b684a6a9c42cb9ee0bbadf9bceb51 - - default default] 10.0.0.114 "GET /v2.0/extensions/ext-gw-mode HTTP/1.1" status: 200 len: 462 time: 0.0038359
2026-05-19 23:28:00.710 10 INFO neutron.api.wsgi [None req-a75cdcf1-49e4-45d7-b47a-9a4292316926 46ade66b4862452da36dba415c8cf85c e71b684a6a9c42cb9ee0bbadf9bceb51 - - default default] 10.0.0.114 "GET /v2.0/extensions/l3-ha HTTP/1.1" status: 200 len: 360 time: 0.0036273
2026-05-19 23:28:00.717 10 INFO neutron.api.wsgi [None req-34fd4b3b-5bb2-472c-8148-1c0e3058be7d 46ade66b4862452da36dba415c8cf85c e71b684a6a9c42cb9ee0bbadf9bceb51 - - default default] 10.0.0.114 "GET /v2.0/extensions/external-gateway-multihoming HTTP/1.1" status: 200 len: 421 time: 0.0037198
2026-05-19 23:28:00.724 10 INFO neutron.api.wsgi [None req-536a116f-7af6-433a-93c1-e732f3f28978 46ade66b4862452da36dba415c8cf85c e71b684a6a9c42cb9ee0bbadf9bceb51 - - default default] 10.0.0.114 "GET /v2.0/extensions/l3-flavors HTTP/1.1" status: 200 len: 366 time: 0.0034063
2026-05-19 23:28:00.730 10 INFO neutron.api.wsgi [None req-d9557ef6-144a-409e-b5a0-be9c18f8eb52 46ade66b4862452da36dba415c8cf85c e71b684a6a9c42cb9ee0bbadf9bceb51 - - default default] 10.0.0.114 "GET /v2.0/extensions/logging HTTP/1.1" status: 200 len: 407 time: 0.0027814
2026-05-19 23:28:00.739 10 INFO neutron.api.wsgi [None req-340659a6-f6f3-4e5c-b9c9-5a4ab4b472cd 46ade66b4862452da36dba415c8cf85c e71b684a6a9c42cb9ee0bbadf9bceb51 - - default default] 10.0.0.114 "GET /v2.0/extensions/multi-provider HTTP/1.1" status: 200 len: 406 time: 0.0040622
2026-05-19 23:28:00.745 10 INFO neutron.api.wsgi [None req-1a27c8bd-e9e5-4845-b9fe-e4d48d429872 46ade66b4862452da36dba415c8cf85c e71b684a6a9c42cb9ee0bbadf9bceb51 - - default default] 10.0.0.114 "GET /v2.0/extensions/net-mtu HTTP/1.1" status: 200 len: 370 time: 0.0040267
2026-05-19 23:28:00.753 10 INFO neutron.api.wsgi [None req-94dc5789-f5dc-4845-a9d9-4c511419a62c 46ade66b4862452da36dba415c8cf85c e71b684a6a9c42cb9ee0bbadf9bceb51 - - default default] 10.0.0.114 "GET /v2.0/extensions/net-mtu-writable HTTP/1.1" status: 200 len: 401 time: 0.0041401
2026-05-19 23:28:00.765 10 INFO neutron.api.wsgi [None req-60b9ef53-7827-4c87-a092-7b1a619038e5 46ade66b4862452da36dba415c8cf85c e71b684a6a9c42cb9ee0bbadf9bceb51 - - default default] 10.0.0.114 "GET /v2.0/extensions/network_availability_zone HTTP/1.1" status: 200 len: 394 time: 0.0045340
2026-05-19 23:28:00.775 9 INFO neutron.api.wsgi [None req-a31f1f0a-42ff-458f-8e61-bbae35cd2779 46ade66b4862452da36dba415c8cf85c e71b684a6a9c42cb9ee0bbadf9bceb51 - - default default] 10.0.0.114 "GET /v2.0/extensions/network-ip-availability HTTP/1.1" status: 200 len: 410 time: 0.0063915
2026-05-19 23:28:00.785 9 INFO neutron.api.wsgi [None req-10dc4b3d-251d-43d8-883e-326ffd1e7e05 46ade66b4862452da36dba415c8cf85c e71b684a6a9c42cb9ee0bbadf9bceb51 - - default default] 10.0.0.114 "GET /v2.0/extensions/pagination HTTP/1.1" status: 200 len: 386 time: 0.0039961
2026-05-19 23:28:00.797 10 INFO neutron.api.wsgi [None req-b4244f63-da21-49a4-b528-54dbceee6fff 46ade66b4862452da36dba415c8cf85c e71b684a6a9c42cb9ee0bbadf9bceb51 - - default default] 10.0.0.114 "GET /v2.0/extensions/port-device-profile HTTP/1.1" status: 200 len: 383 time: 0.0067668
2026-05-19 23:28:00.804 10 INFO neutron.api.wsgi [None req-aa9f8650-4e0c-4189-92fd-7eaf54963d93 46ade66b4862452da36dba415c8cf85c e71b684a6a9c42cb9ee0bbadf9bceb51 - - default default] 10.0.0.114 "GET /v2.0/extensions/port-mac-address-regenerate HTTP/1.1" status: 200 len: 403 time: 0.0032270
2026-05-19 23:28:00.811 10 INFO neutron.api.wsgi [None req-4755cff6-bf66-4501-87f2-a17421ddf990 46ade66b4862452da36dba415c8cf85c e71b684a6a9c42cb9ee0bbadf9bceb51 - - default default] 10.0.0.114 "GET /v2.0/extensions/port-numa-affinity-policy HTTP/1.1" status: 200 len: 392 time: 0.0036411
2026-05-19 23:28:00.816 10 INFO neutron.api.wsgi [None req-e7650ac9-916f-47e2-b3a3-61c222f11a75 46ade66b4862452da36dba415c8cf85c e71b684a6a9c42cb9ee0bbadf9bceb51 - - default default] 10.0.0.114 "GET /v2.0/extensions/port-numa-affinity-policy-socket HTTP/1.1" status: 200 len: 434 time: 0.0027676
2026-05-19 23:28:00.823 10 INFO neutron.api.wsgi [None req-a4b4b24b-265c-48d6-b4b5-73c5929e7755 46ade66b4862452da36dba415c8cf85c e71b684a6a9c42cb9ee0bbadf9bceb51 - - default default] 10.0.0.114 "GET /v2.0/extensions/port-resource-request HTTP/1.1" status: 200 len: 379 time: 0.0036223
2026-05-19 23:28:00.831 10 INFO neutron.api.wsgi [None req-589fdafe-ed9c-479b-ba79-12d531864d0d 46ade66b4862452da36dba415c8cf85c e71b684a6a9c42cb9ee0bbadf9bceb51 - - default default] 10.0.0.114 "GET /v2.0/extensions/port-resource-request-groups HTTP/1.1" status: 200 len: 465 time: 0.0039167
2026-05-19 23:28:00.838 10 INFO neutron.api.wsgi [None req-7a40971a-338c-4e70-8547-2706f05fa5d7 46ade66b4862452da36dba415c8cf85c e71b684a6a9c42cb9ee0bbadf9bceb51 - - default default] 10.0.0.114 "GET /v2.0/extensions/binding HTTP/1.1" status: 200 len: 387 time: 0.0039032
2026-05-19 23:28:00.847 10 INFO neutron.api.wsgi [None req-10b6fbd5-75ad-4117-970e-6af644c98ffc 46ade66b4862452da36dba415c8cf85c e71b684a6a9c42cb9ee0bbadf9bceb51 - - default default] 10.0.0.114 "GET /v2.0/extensions/binding-extended HTTP/1.1" status: 200 len: 406 time: 0.0051446
2026-05-19 23:28:00.853 10 INFO neutron.api.wsgi [None req-e6d617d8-9816-4209-906e-bfdb3cc3f19d 46ade66b4862452da36dba415c8cf85c e71b684a6a9c42cb9ee0bbadf9bceb51 - - default default] 10.0.0.114 "GET /v2.0/extensions/port-security HTTP/1.1" status: 200 len: 354 time: 0.0036507
2026-05-19 23:28:00.860 10 INFO neutron.api.wsgi [None req-29d1eb6e-7e04-46ec-880a-8d97216159a9 46ade66b4862452da36dba415c8cf85c e71b684a6a9c42cb9ee0bbadf9bceb51 - - default default] 10.0.0.114 "GET /v2.0/extensions/project-id HTTP/1.1" status: 200 len: 398 time: 0.0038056
2026-05-19 23:28:00.868 10 INFO neutron.api.wsgi [None req-8bb83e9c-684e-4115-9eb0-15cae98aea9f 46ade66b4862452da36dba415c8cf85c e71b684a6a9c42cb9ee0bbadf9bceb51 - - default default] 10.0.0.114 "GET /v2.0/extensions/provider HTTP/1.1" status: 200 len: 385 time: 0.0037215
2026-05-19 23:28:00.878 9 INFO neutron.api.wsgi [None req-9844b0ea-7e82-443e-a797-23049259ab76 46ade66b4862452da36dba415c8cf85c e71b684a6a9c42cb9ee0bbadf9bceb51 - - default default] 10.0.0.114 "GET /v2.0/extensions/qos HTTP/1.1" status: 200 len: 360 time: 0.0061469
2026-05-19 23:28:00.885 9 INFO neutron.api.wsgi [None req-aa73dec6-01c0-4b88-b4ab-2d19d9ff824e 46ade66b4862452da36dba415c8cf85c e71b684a6a9c42cb9ee0bbadf9bceb51 - - default default] 10.0.0.114 "GET /v2.0/extensions/qos-bw-limit-direction HTTP/1.1" status: 200 len: 452 time: 0.0035479
2026-05-19 23:28:00.892 9 INFO neutron.api.wsgi [None req-542cbbf4-3141-4af9-a675-8e84a321e860 46ade66b4862452da36dba415c8cf85c e71b684a6a9c42cb9ee0bbadf9bceb51 - - default default] 10.0.0.114 "GET /v2.0/extensions/qos-bw-minimum-ingress HTTP/1.1" status: 200 len: 445 time: 0.0036871
2026-05-19 23:28:00.899 9 INFO neutron.api.wsgi [None req-6193b91e-332d-4971-a704-222064c4b805 46ade66b4862452da36dba415c8cf85c e71b684a6a9c42cb9ee0bbadf9bceb51 - - default default] 10.0.0.114 "GET /v2.0/extensions/qos-default HTTP/1.1" status: 200 len: 377 time: 0.0035563
2026-05-19 23:28:00.907 10 INFO neutron.api.wsgi [None req-13163a68-819e-4296-a889-e5119935e349 46ade66b4862452da36dba415c8cf85c e71b684a6a9c42cb9ee0bbadf9bceb51 - - default default] 10.0.0.114 "GET /v2.0/extensions/qos-fip HTTP/1.1" status: 200 len: 372 time: 0.0040488
2026-05-19 23:28:00.913 10 INFO neutron.api.wsgi [None req-5c6bb64c-8fd5-4c43-8461-bd0cd01afd2c 46ade66b4862452da36dba415c8cf85c e71b684a6a9c42cb9ee0bbadf9bceb51 - - default default] 10.0.0.114 "GET /v2.0/extensions/qos-gateway-ip HTTP/1.1" status: 200 len: 391 time: 0.0040820
2026-05-19 23:28:00.920 10 INFO neutron.api.wsgi [None req-f97c3161-f2d8-458a-92dc-7c16c7bae0c0 46ade66b4862452da36dba415c8cf85c e71b684a6a9c42cb9ee0bbadf9bceb51 - - default default] 10.0.0.114 "GET /v2.0/extensions/qos-port-network-policy HTTP/1.1" status: 200 len: 403 time: 0.0035682
2026-05-19 23:28:00.926 10 INFO neutron.api.wsgi [None req-a31dc54d-4e57-4721-a304-4bf4ce6be925 46ade66b4862452da36dba415c8cf85c e71b684a6a9c42cb9ee0bbadf9bceb51 - - default default] 10.0.0.114 "GET /v2.0/extensions/qos-pps-minimum HTTP/1.1" status: 200 len: 397 time: 0.0027039
2026-05-19 23:28:00.932 10 INFO neutron.api.wsgi [None req-2dbdc0d1-bc60-4030-9cb0-6bc7fa9e03ed 46ade66b4862452da36dba415c8cf85c e71b684a6a9c42cb9ee0bbadf9bceb51 - - default default] 10.0.0.114 "GET /v2.0/extensions/qos-pps-minimum-rule-alias HTTP/1.1" status: 200 len: 471 time: 0.0034504
2026-05-19 23:28:00.940 10 INFO neutron.api.wsgi [None req-bdea3f8f-1794-449a-bb0e-1c8e418897f7 46ade66b4862452da36dba415c8cf85c e71b684a6a9c42cb9ee0bbadf9bceb51 - - default default] 10.0.0.114 "GET /v2.0/extensions/qos-pps HTTP/1.1" status: 200 len: 389 time: 0.0030432
2026-05-19 23:28:00.946 10 INFO neutron.api.wsgi [None req-369c22b8-9095-470a-a7a0-6eed059f51b9 46ade66b4862452da36dba415c8cf85c e71b684a6a9c42cb9ee0bbadf9bceb51 - - default default] 10.0.0.114 "GET /v2.0/extensions/qos-rule-type-details HTTP/1.1" status: 200 len: 423 time: 0.0034387
2026-05-19 23:28:00.953 10 INFO neutron.api.wsgi [None req-8d0198ba-f105-4fcc-9c23-2afc2e5d61bf 46ade66b4862452da36dba415c8cf85c e71b684a6a9c42cb9ee0bbadf9bceb51 - - default default] 10.0.0.114 "GET /v2.0/extensions/qos-rule-type-filter HTTP/1.1" status: 200 len: 567 time: 0.0035183
2026-05-19 23:28:00.961 10 INFO neutron.api.wsgi [None req-b15b7212-9d1c-433e-b1df-85ced0bedf45 46ade66b4862452da36dba415c8cf85c e71b684a6a9c42cb9ee0bbadf9bceb51 - - default default] 10.0.0.114 "GET /v2.0/extensions/qos-rules-alias HTTP/1.1" status: 200 len: 448 time: 0.0037680
2026-05-19 23:28:00.967 10 INFO neutron.api.wsgi [None req-1985f27f-df1e-4cf5-91db-dde09cce1156 46ade66b4862452da36dba415c8cf85c e71b684a6a9c42cb9ee0bbadf9bceb51 - - default default] 10.0.0.114 "GET /v2.0/extensions/quota-check-limit HTTP/1.1" status: 200 len: 420 time: 0.0035334
2026-05-19 23:28:00.973 10 INFO neutron.api.wsgi [None req-bfcf8cba-aa43-44ce-810e-d46e1709383a 46ade66b4862452da36dba415c8cf85c e71b684a6a9c42cb9ee0bbadf9bceb51 - - default default] 10.0.0.114 "GET /v2.0/extensions/quotas HTTP/1.1" status: 200 len: 386 time: 0.0032444
2026-05-19 23:28:00.978 10 INFO neutron.api.wsgi [None req-7b11c933-c15b-4780-a0dd-bd3c48980ce6 46ade66b4862452da36dba415c8cf85c e71b684a6a9c42cb9ee0bbadf9bceb51 - - default default] 10.0.0.114 "GET /v2.0/extensions/quota_details HTTP/1.1" status: 200 len: 407 time: 0.0025477
2026-05-19 23:28:00.989 10 INFO neutron.api.wsgi [None req-f3d412ab-643a-43f0-858d-3723879dd04e 46ade66b4862452da36dba415c8cf85c e71b684a6a9c42cb9ee0bbadf9bceb51 - - default default] 10.0.0.114 "GET /v2.0/extensions/rbac-policies HTTP/1.1" status: 200 len: 417 time: 0.0055683
2026-05-19 23:28:00.997 10 INFO neutron.api.wsgi [None req-a6afe5da-3698-465a-b8e2-019bf130814f 46ade66b4862452da36dba415c8cf85c e71b684a6a9c42cb9ee0bbadf9bceb51 - - default default] 10.0.0.114 "GET /v2.0/extensions/rbac-address-scope HTTP/1.1" status: 200 len: 384 time: 0.0035198
2026-05-19 23:28:01.004 10 INFO neutron.api.wsgi [None req-8da2a894-f529-401c-bce2-f8293978cf54 46ade66b4862452da36dba415c8cf85c e71b684a6a9c42cb9ee0bbadf9bceb51 - - default default] 10.0.0.114 "GET /v2.0/extensions/rbac-security-groups HTTP/1.1" status: 200 len: 404 time: 0.0036500
2026-05-19 23:28:01.014 9 INFO neutron.api.wsgi [None req-2fbc7761-9f0a-4c86-a2af-30756bd2fbc0 46ade66b4862452da36dba415c8cf85c e71b684a6a9c42cb9ee0bbadf9bceb51 - - default default] 10.0.0.114 "GET /v2.0/extensions/revision-if-match HTTP/1.1" status: 200 len: 441 time: 0.0067177
2026-05-19 23:28:01.020 9 INFO neutron.api.wsgi [None req-f56dcaf9-80c9-4d85-8c5e-03381a10f18a 46ade66b4862452da36dba415c8cf85c e71b684a6a9c42cb9ee0bbadf9bceb51 - - default default] 10.0.0.114 "GET /v2.0/extensions/standard-attr-revisions HTTP/1.1" status: 200 len: 423 time: 0.0034585
2026-05-19 23:28:01.028 9 INFO neutron.api.wsgi [None req-3428250a-9491-4180-a42a-32a710b5f7a5 46ade66b4862452da36dba415c8cf85c e71b684a6a9c42cb9ee0bbadf9bceb51 - - default default] 10.0.0.114 "GET /v2.0/extensions/router_availability_zone HTTP/1.1" status: 200 len: 391 time: 0.0040805
2026-05-19 23:28:01.035 9 INFO neutron.api.wsgi [None req-1e5d62f9-333d-4e4b-9d9d-730d44cdddba 46ade66b4862452da36dba415c8cf85c e71b684a6a9c42cb9ee0bbadf9bceb51 - - default default] 10.0.0.114 "GET /v2.0/extensions/security-groups-default-rules HTTP/1.1" status: 200 len: 456 time: 0.0045083
2026-05-19 23:28:01.038 10 INFO neutron.api.wsgi [req-71eeaf24-669c-4626-acbc-ff4fec48e51d req-d7e72071-9caf-460f-a2e1-e6ac8deba66f 9a1a0c772f3a4086bec73b7f422c3b1b 81ef9f555c0f46169a9d76abac9398eb - - a34a11348cc647f18b33937b190b4885 a34a11348cc647f18b33937b190b4885] 199.204.45.113 "GET /v2.0/ports?tenant_id=a610b53e34534c59ae049baa624a91a7&device_id=37e8790d-741e-4e80-a703-799006d00f2b HTTP/1.1" status: 200 len: 1409 time: 0.0338938
2026-05-19 23:28:01.042 9 INFO neutron.api.wsgi [None req-3a3ffe4b-c1a0-4d09-9dbc-d45371fb9a5a 46ade66b4862452da36dba415c8cf85c e71b684a6a9c42cb9ee0bbadf9bceb51 - - default default] 10.0.0.114 "GET /v2.0/extensions/security-groups-normalized-cidr HTTP/1.1" status: 200 len: 445 time: 0.0036757
2026-05-19 23:28:01.049 9 INFO neutron.api.wsgi [None req-6715a023-3753-48c1-b770-f2409ae19a04 46ade66b4862452da36dba415c8cf85c e71b684a6a9c42cb9ee0bbadf9bceb51 - - default default] 10.0.0.114 "GET /v2.0/extensions/security-groups-remote-address-group HTTP/1.1" status: 200 len: 448 time: 0.0037937
2026-05-19 23:28:01.057 9 INFO neutron.api.wsgi [None req-62f060f1-38df-47d9-aab2-00d93f3a00ef 46ade66b4862452da36dba415c8cf85c e71b684a6a9c42cb9ee0bbadf9bceb51 - - default default] 10.0.0.114 "GET /v2.0/extensions/security-groups-rules-belongs-to-default-sg HTTP/1.1" status: 200 len: 508 time: 0.0058479
2026-05-19 23:28:01.065 9 INFO neutron.api.wsgi [None req-6090205c-0878-41f2-99f9-180d2b04d4f5 46ade66b4862452da36dba415c8cf85c e71b684a6a9c42cb9ee0bbadf9bceb51 - - default default] 10.0.0.114 "GET /v2.0/extensions/security-groups-shared-filtering HTTP/1.1" status: 200 len: 435 time: 0.0043223
2026-05-19 23:28:01.075 9 INFO neutron.api.wsgi [None req-3264159d-5ff9-48d7-b550-da69d78e135e 46ade66b4862452da36dba415c8cf85c e71b684a6a9c42cb9ee0bbadf9bceb51 - - default default] 10.0.0.114 "GET /v2.0/extensions/security-group HTTP/1.1" status: 200 len: 364 time: 0.0033166
2026-05-19 23:28:01.082 10 INFO neutron.api.wsgi [req-71eeaf24-669c-4626-acbc-ff4fec48e51d req-cbd0f5ad-98bb-46e3-a284-b83304f5fb50 9a1a0c772f3a4086bec73b7f422c3b1b 81ef9f555c0f46169a9d76abac9398eb - - a34a11348cc647f18b33937b190b4885 a34a11348cc647f18b33937b190b4885] 199.204.45.113 "GET /v2.0/networks?id=b3b9d5c0-5f06-4345-bce9-c4c025696083 HTTP/1.1" status: 200 len: 974 time: 0.0395737
2026-05-19 23:28:01.083 9 INFO neutron.api.wsgi [None req-ccd6cd60-5496-4390-a465-b2fa272beff6 46ade66b4862452da36dba415c8cf85c e71b684a6a9c42cb9ee0bbadf9bceb51 - - default default] 10.0.0.114 "GET /v2.0/extensions/segment HTTP/1.1" status: 200 len: 339 time: 0.0038939
2026-05-19 23:28:01.090 10 INFO neutron.api.wsgi [None req-bada4fc5-b610-4753-a9fa-3862533b2eed 46ade66b4862452da36dba415c8cf85c e71b684a6a9c42cb9ee0bbadf9bceb51 - - default default] 10.0.0.114 "GET /v2.0/extensions/segments-peer-subnet-host-routes HTTP/1.1" status: 200 len: 427 time: 0.0032861
