2026-05-19 23:25:11.684 9 INFO neutron.api.wsgi [None req-2e135a6d-2068-4a5d-9e07-4b557c6bea1a cd01d9e63fc644b4a811d604a9183042 9f3c46f8450d40d8a7030348bf7b44e5 - - default default] 199.204.45.113,10.0.0.70 "GET /v2.0/quotas/81ef9f555c0f46169a9d76abac9398eb HTTP/1.1" status: 200 len: 466 time: 0.0098963
2026-05-19 23:25:23.845 10 INFO neutron.api.wsgi [-] 10.0.0.70 "GET / HTTP/1.1" status: 200 len: 246 time: 0.0027778
2026-05-19 23:25:23.848 9 INFO neutron.api.wsgi [-] 10.0.0.70 "GET / HTTP/1.1" status: 200 len: 246 time: 0.0036387
2026-05-19 23:25:38.847 10 INFO neutron.api.wsgi [-] 10.0.0.70 "GET / HTTP/1.1" status: 200 len: 246 time: 0.0035360
2026-05-19 23:25:38.850 10 INFO neutron.api.wsgi [-] 10.0.0.70 "GET / HTTP/1.1" status: 200 len: 246 time: 0.0017171
2026-05-19 23:25:49.645 9 INFO neutron.api.wsgi [None req-60e632bd-89da-48e1-95ab-ea1a52248844 cd01d9e63fc644b4a811d604a9183042 9f3c46f8450d40d8a7030348bf7b44e5 - - default default] 10.0.0.42 "GET /v2.0/networks HTTP/1.1" status: 200 len: 2348 time: 0.1190188
2026-05-19 23:25:49.674 9 INFO neutron.api.wsgi [None req-ca5ae1a8-0eb0-44c5-8165-000875ae75e7 cd01d9e63fc644b4a811d604a9183042 9f3c46f8450d40d8a7030348bf7b44e5 - - default default] 10.0.0.42 "GET /v2.0/subnets HTTP/1.1" status: 200 len: 1484 time: 0.0258870
2026-05-19 23:25:49.690 9 INFO neutron.api.wsgi [None req-9277f7f9-f2e4-4d21-864a-9451be200456 cd01d9e63fc644b4a811d604a9183042 9f3c46f8450d40d8a7030348bf7b44e5 - - default default] 10.0.0.42 "GET /v2.0/routers HTTP/1.1" status: 200 len: 189 time: 0.0147803
2026-05-19 23:25:49.718 9 INFO neutron.api.wsgi [None req-2621cd5e-3695-4dbc-b813-09739136748f cd01d9e63fc644b4a811d604a9183042 9f3c46f8450d40d8a7030348bf7b44e5 - - default default] 10.0.0.42 "GET /v2.0/agents?binary=ovn-controller HTTP/1.1" status: 200 len: 591 time: 0.0272408
2026-05-19 23:25:49.730 9 INFO neutron.api.wsgi [None req-1c23b43b-c5f2-43c1-b1af-8c4f4a64d937 cd01d9e63fc644b4a811d604a9183042 9f3c46f8450d40d8a7030348bf7b44e5 - - default default] 10.0.0.42 "GET /v2.0/network-ip-availabilities HTTP/1.1" status: 200 len: 1280 time: 0.0108387
2026-05-19 23:25:49.748 9 INFO neutron.api.wsgi [None req-d06d91f0-06f0-40d8-96bc-2014ff9a2106 cd01d9e63fc644b4a811d604a9183042 9f3c46f8450d40d8a7030348bf7b44e5 - - default default] 10.0.0.42 "GET /v2.0/floatingips HTTP/1.1" status: 200 len: 193 time: 0.0137670
2026-05-19 23:25:49.782 9 INFO neutron.api.wsgi [None req-8ea9deb5-347e-4527-a4e5-2979757743a3 cd01d9e63fc644b4a811d604a9183042 9f3c46f8450d40d8a7030348bf7b44e5 - - default default] 10.0.0.42 "GET /v2.0/ports HTTP/1.1" status: 200 len: 5351 time: 0.0331621
2026-05-19 23:25:49.795 9 INFO neutron.api.wsgi [None req-c1345fa3-23ae-4e84-9d8d-07f1b89936d1 cd01d9e63fc644b4a811d604a9183042 9f3c46f8450d40d8a7030348bf7b44e5 - - default default] 10.0.0.42 "GET /v2.0/agents HTTP/1.1" status: 200 len: 1390 time: 0.0090032
2026-05-19 23:25:49.828 9 INFO neutron.api.wsgi [None req-a1bac5bd-dee9-47da-b9a8-0e0776b4fcab cd01d9e63fc644b4a811d604a9183042 9f3c46f8450d40d8a7030348bf7b44e5 - - default default] 10.0.0.42 "GET /v2.0/security-groups HTTP/1.1" status: 200 len: 17578 time: 0.0320449
2026-05-19 23:25:49.854 9 INFO neutron.api.wsgi [None req-93e4f836-b52b-474c-a16f-7eb40525df63 cd01d9e63fc644b4a811d604a9183042 9f3c46f8450d40d8a7030348bf7b44e5 - - default default] 10.0.0.42 "GET /v2.0/subnets HTTP/1.1" status: 200 len: 1484 time: 0.0205829
2026-05-19 23:25:49.878 9 INFO neutron.api.wsgi [None req-50a1a50d-e012-4e67-a78f-8667706e5b1c cd01d9e63fc644b4a811d604a9183042 9f3c46f8450d40d8a7030348bf7b44e5 - - default default] 10.0.0.42 "GET /v2.0/subnetpools HTTP/1.1" status: 200 len: 193 time: 0.0233479
2026-05-19 23:25:53.844 9 INFO neutron.api.wsgi [-] 10.0.0.70 "GET / HTTP/1.1" status: 200 len: 246 time: 0.0013945
2026-05-19 23:25:53.845 10 INFO neutron.api.wsgi [-] 10.0.0.70 "GET / HTTP/1.1" status: 200 len: 246 time: 0.0025527
2026-05-19 23:26:07.269 9 INFO neutron.api.wsgi [None req-2b6ce033-b567-4ed3-adca-e2de81334d1c cd01d9e63fc644b4a811d604a9183042 9f3c46f8450d40d8a7030348bf7b44e5 - - default default] 199.204.45.113,10.0.0.70 "GET /v2.0/networks?name=public HTTP/1.1" status: 200 len: 928 time: 0.0791118
2026-05-19 23:26:08.845 10 INFO neutron.api.wsgi [-] 10.0.0.70 "GET / HTTP/1.1" status: 200 len: 246 time: 0.0024498
2026-05-19 23:26:08.847 10 INFO neutron.api.wsgi [-] 10.0.0.70 "GET / HTTP/1.1" status: 200 len: 246 time: 0.0012352
2026-05-19 23:26:23.845 9 INFO neutron.api.wsgi [-] 10.0.0.70 "GET / HTTP/1.1" status: 200 len: 246 time: 0.0016658
2026-05-19 23:26:23.846 10 INFO neutron.api.wsgi [-] 10.0.0.70 "GET / HTTP/1.1" status: 200 len: 246 time: 0.0025258
2026-05-19 23:26:38.846 10 INFO neutron.api.wsgi [-] 10.0.0.70 "GET / HTTP/1.1" status: 200 len: 246 time: 0.0026758
2026-05-19 23:26:38.846 9 INFO neutron.api.wsgi [-] 10.0.0.70 "GET / HTTP/1.1" status: 200 len: 246 time: 0.0026650
2026-05-19 23:26:47.486 9 INFO neutron.api.wsgi [None req-20667274-9bab-4c76-a078-0141375092ad cd01d9e63fc644b4a811d604a9183042 9f3c46f8450d40d8a7030348bf7b44e5 - - default default] 10.0.0.114 "GET /v2.0/networks HTTP/1.1" status: 200 len: 2367 time: 0.1702271
2026-05-19 23:26:48.655 9 INFO neutron.api.wsgi [None req-aeb7f311-961e-49c3-9ed2-63624aeac8e1 cd01d9e63fc644b4a811d604a9183042 9f3c46f8450d40d8a7030348bf7b44e5 - - default default] 10.0.0.114 "GET /v2.0/floatingips HTTP/1.1" status: 200 len: 212 time: 0.0168638
2026-05-19 23:26:48.673 9 INFO neutron.api.wsgi [None req-c60b1c6a-ed02-4287-80c8-ba01fe2d07cd cd01d9e63fc644b4a811d604a9183042 9f3c46f8450d40d8a7030348bf7b44e5 - - default default] 10.0.0.114 "GET /v2.0/routers HTTP/1.1" status: 200 len: 208 time: 0.0138984
2026-05-19 23:26:48.714 9 INFO neutron.api.wsgi [None req-a6d499ec-fa7d-4e4c-9b47-dad3b6d4722c cd01d9e63fc644b4a811d604a9183042 9f3c46f8450d40d8a7030348bf7b44e5 - - default default] 10.0.0.114 "GET /v2.0/ports HTTP/1.1" status: 200 len: 5370 time: 0.0375612
2026-05-19 23:26:48.742 9 INFO neutron.api.wsgi [None req-4ee7a69c-af84-48cc-814b-6fa567997ce2 cd01d9e63fc644b4a811d604a9183042 9f3c46f8450d40d8a7030348bf7b44e5 - - default default] 10.0.0.114 "GET /v2.0/subnets HTTP/1.1" status: 200 len: 1503 time: 0.0232935
2026-05-19 23:26:48.787 9 INFO neutron.api.wsgi [None req-6b313bb4-ec62-495f-a019-603adecac402 cd01d9e63fc644b4a811d604a9183042 9f3c46f8450d40d8a7030348bf7b44e5 - - default default] 10.0.0.114 "GET /v2.0/networks HTTP/1.1" status: 200 len: 2367 time: 0.0411561
2026-05-19 23:26:48.826 9 INFO neutron.api.wsgi [None req-9a1bda2e-4d4a-4a2e-b7b5-b1275925edb0 cd01d9e63fc644b4a811d604a9183042 9f3c46f8450d40d8a7030348bf7b44e5 - - default default] 10.0.0.114 "GET /v2.0/security-groups HTTP/1.1" status: 200 len: 17597 time: 0.0338037
2026-05-19 23:26:48.836 9 INFO neutron.api.wsgi [None req-96357bad-3746-4730-9c89-f92c8e05388f cd01d9e63fc644b4a811d604a9183042 9f3c46f8450d40d8a7030348bf7b44e5 - - default default] 10.0.0.114 "GET /v2.0/subnetpools HTTP/1.1" status: 200 len: 212 time: 0.0059295
2026-05-19 23:26:49.545 9 INFO neutron.api.wsgi [None req-2a634383-0daa-47ab-99a3-f5c22d7740ff cd01d9e63fc644b4a811d604a9183042 9f3c46f8450d40d8a7030348bf7b44e5 - - default default] 10.0.0.42 "GET /v2.0/agents HTTP/1.1" status: 200 len: 1390 time: 0.0750484
2026-05-19 23:26:49.566 9 INFO neutron.api.wsgi [None req-08aff7c8-25d1-470d-8a53-9103b581a0e9 cd01d9e63fc644b4a811d604a9183042 9f3c46f8450d40d8a7030348bf7b44e5 - - default default] 10.0.0.42 "GET /v2.0/subnets HTTP/1.1" status: 200 len: 1484 time: 0.0204628
2026-05-19 23:26:49.607 9 INFO neutron.api.wsgi [None req-67b07489-e71b-4fd4-9831-90e087e6a233 cd01d9e63fc644b4a811d604a9183042 9f3c46f8450d40d8a7030348bf7b44e5 - - default default] 10.0.0.42 "GET /v2.0/ports HTTP/1.1" status: 200 len: 5351 time: 0.0398462
2026-05-19 23:26:49.631 9 INFO neutron.api.wsgi [None req-c27b83cf-69e6-4bcb-88ae-adf0b20b7b61 cd01d9e63fc644b4a811d604a9183042 9f3c46f8450d40d8a7030348bf7b44e5 - - default default] 10.0.0.42 "GET /v2.0/network-ip-availabilities HTTP/1.1" status: 200 len: 1280 time: 0.0189495
2026-05-19 23:26:49.646 9 INFO neutron.api.wsgi [None req-359cbf40-f1ab-4581-96f5-f9be0f93bc23 cd01d9e63fc644b4a811d604a9183042 9f3c46f8450d40d8a7030348bf7b44e5 - - default default] 10.0.0.42 "GET /v2.0/floatingips HTTP/1.1" status: 200 len: 193 time: 0.0132027
2026-05-19 23:26:49.724 9 INFO neutron.api.wsgi [None req-535955fb-da89-42dc-9921-9d3f4c77746e cd01d9e63fc644b4a811d604a9183042 9f3c46f8450d40d8a7030348bf7b44e5 - - default default] 10.0.0.42 "GET /v2.0/networks HTTP/1.1" status: 200 len: 2348 time: 0.0772915
2026-05-19 23:26:49.749 9 INFO neutron.api.wsgi [None req-a6b817b6-764a-495f-8d5d-06804fc46595 cd01d9e63fc644b4a811d604a9183042 9f3c46f8450d40d8a7030348bf7b44e5 - - default default] 10.0.0.42 "GET /v2.0/subnets HTTP/1.1" status: 200 len: 1484 time: 0.0226576
2026-05-19 23:26:49.757 9 INFO neutron.api.wsgi [None req-86f1ddcd-41b0-4f09-b2b3-ffe4a205248b cd01d9e63fc644b4a811d604a9183042 9f3c46f8450d40d8a7030348bf7b44e5 - - default default] 10.0.0.42 "GET /v2.0/subnetpools HTTP/1.1" status: 200 len: 193 time: 0.0065958
2026-05-19 23:26:49.787 9 INFO neutron.api.wsgi [None req-7fd37422-3b74-49b3-a805-c591397e78a1 cd01d9e63fc644b4a811d604a9183042 9f3c46f8450d40d8a7030348bf7b44e5 - - default default] 10.0.0.42 "GET /v2.0/security-groups HTTP/1.1" status: 200 len: 17578 time: 0.0300636
2026-05-19 23:26:49.803 9 INFO neutron.api.wsgi [None req-8a870a26-7e14-49bf-b8dd-ffa61804c4b0 cd01d9e63fc644b4a811d604a9183042 9f3c46f8450d40d8a7030348bf7b44e5 - - default default] 10.0.0.42 "GET /v2.0/routers HTTP/1.1" status: 200 len: 189 time: 0.0114219
2026-05-19 23:26:49.812 9 INFO neutron.api.wsgi [None req-b62b24ea-6fa9-4cad-a067-202815a4338a cd01d9e63fc644b4a811d604a9183042 9f3c46f8450d40d8a7030348bf7b44e5 - - default default] 10.0.0.42 "GET /v2.0/agents?binary=ovn-controller HTTP/1.1" status: 200 len: 591 time: 0.0084107
2026-05-19 23:26:53.846 10 INFO neutron.api.wsgi [-] 10.0.0.70 "GET / HTTP/1.1" status: 200 len: 246 time: 0.0026460
2026-05-19 23:26:53.847 9 INFO neutron.api.wsgi [-] 10.0.0.70 "GET / HTTP/1.1" status: 200 len: 246 time: 0.0030310
2026-05-19 23:27:00.228 9 INFO neutron.db.ovn_revision_numbers_db [None req-002fc8d4-04bd-4a14-96e3-f2247a37a398 cd01d9e63fc644b4a811d604a9183042 9f3c46f8450d40d8a7030348bf7b44e5 - - default default] Successfully bumped revision number for resource 6f166f09-10a9-4a9f-befd-36d6e1945025 (type: security_groups) to 1
2026-05-19 23:27:00.244 9 INFO neutron.db.ovn_revision_numbers_db [None req-002fc8d4-04bd-4a14-96e3-f2247a37a398 cd01d9e63fc644b4a811d604a9183042 9f3c46f8450d40d8a7030348bf7b44e5 - - default default] Successfully bumped revision number for resource 38046c8f-1fcb-415a-9290-802b32123097 (type: security_group_rules) to 0
2026-05-19 23:27:00.256 9 INFO neutron.db.ovn_revision_numbers_db [None req-002fc8d4-04bd-4a14-96e3-f2247a37a398 cd01d9e63fc644b4a811d604a9183042 9f3c46f8450d40d8a7030348bf7b44e5 - - default default] Successfully bumped revision number for resource 7ce42042-b44e-4c4e-bc26-b7e5fdae548a (type: security_group_rules) to 0
2026-05-19 23:27:00.271 9 INFO neutron.db.ovn_revision_numbers_db [None req-002fc8d4-04bd-4a14-96e3-f2247a37a398 cd01d9e63fc644b4a811d604a9183042 9f3c46f8450d40d8a7030348bf7b44e5 - - default default] Successfully bumped revision number for resource b351502f-c378-455e-810c-a6e2c7253267 (type: security_group_rules) to 0
2026-05-19 23:27:00.286 9 INFO neutron.db.ovn_revision_numbers_db [None req-002fc8d4-04bd-4a14-96e3-f2247a37a398 cd01d9e63fc644b4a811d604a9183042 9f3c46f8450d40d8a7030348bf7b44e5 - - default default] Successfully bumped revision number for resource d6a9ec2e-3d41-4b6b-b6f4-392f4e87e28f (type: security_group_rules) to 0
2026-05-19 23:27:00.344 9 INFO neutron.db.ovn_revision_numbers_db [None req-97bc0c8c-359f-4114-b843-c7ef25b24221 cd01d9e63fc644b4a811d604a9183042 9f3c46f8450d40d8a7030348bf7b44e5 - - default default] Successfully bumped revision number for resource c1fa8531-e6ce-4c76-b4b0-0f49b1331964 (type: security_groups) to 1
2026-05-19 23:27:00.361 9 INFO neutron.db.ovn_revision_numbers_db [None req-97bc0c8c-359f-4114-b843-c7ef25b24221 cd01d9e63fc644b4a811d604a9183042 9f3c46f8450d40d8a7030348bf7b44e5 - - default default] Successfully bumped revision number for resource 13e71d01-ef3b-4bd0-b0d9-0a94e42fe425 (type: security_group_rules) to 0
2026-05-19 23:27:00.387 9 INFO neutron.db.segments_db [None req-002fc8d4-04bd-4a14-96e3-f2247a37a398 cd01d9e63fc644b4a811d604a9183042 9f3c46f8450d40d8a7030348bf7b44e5 - - default default] Added segment db355ad9-7996-4094-b424-845f1c0220b2 of type geneve for network d6fed93a-dc77-48fe-978c-13dcdd1c16e1
2026-05-19 23:27:00.391 9 INFO neutron.db.ovn_revision_numbers_db [None req-97bc0c8c-359f-4114-b843-c7ef25b24221 cd01d9e63fc644b4a811d604a9183042 9f3c46f8450d40d8a7030348bf7b44e5 - - default default] Successfully bumped revision number for resource 34bd573f-883c-40f5-aeeb-28d67d439512 (type: security_group_rules) to 0
2026-05-19 23:27:00.413 9 INFO neutron.db.ovn_revision_numbers_db [None req-97bc0c8c-359f-4114-b843-c7ef25b24221 cd01d9e63fc644b4a811d604a9183042 9f3c46f8450d40d8a7030348bf7b44e5 - - default default] Successfully bumped revision number for resource 5ba9c3f2-97e8-4489-9642-458d5fc61393 (type: security_group_rules) to 0
2026-05-19 23:27:00.435 9 INFO neutron.db.ovn_revision_numbers_db [None req-97bc0c8c-359f-4114-b843-c7ef25b24221 cd01d9e63fc644b4a811d604a9183042 9f3c46f8450d40d8a7030348bf7b44e5 - - default default] Successfully bumped revision number for resource 66710494-2efb-4892-b2ea-19d8a882e176 (type: security_group_rules) to 0
2026-05-19 23:27:00.536 10 INFO neutron.db.ovn_revision_numbers_db [None req-1cf79e0e-4ccd-4527-aa63-5252eeb4ec55 cd01d9e63fc644b4a811d604a9183042 9f3c46f8450d40d8a7030348bf7b44e5 - - default default] Successfully bumped revision number for resource df91245c-5f9d-4738-8957-84499e03cc7c (type: security_groups) to 1
2026-05-19 23:27:00.557 10 INFO neutron.db.ovn_revision_numbers_db [None req-1cf79e0e-4ccd-4527-aa63-5252eeb4ec55 cd01d9e63fc644b4a811d604a9183042 9f3c46f8450d40d8a7030348bf7b44e5 - - default default] Successfully bumped revision number for resource 040d9b69-0e89-48bc-890e-8cb539763ae5 (type: security_group_rules) to 0
2026-05-19 23:27:00.561 9 INFO neutron.db.segments_db [None req-97bc0c8c-359f-4114-b843-c7ef25b24221 cd01d9e63fc644b4a811d604a9183042 9f3c46f8450d40d8a7030348bf7b44e5 - - default default] Added segment 63678805-5143-4303-b55d-688bb9d40fa6 of type geneve for network 8113250e-46c9-490e-aa07-341471fb501a
2026-05-19 23:27:00.569 9 INFO neutron.db.ovn_revision_numbers_db [None req-002fc8d4-04bd-4a14-96e3-f2247a37a398 cd01d9e63fc644b4a811d604a9183042 9f3c46f8450d40d8a7030348bf7b44e5 - - default default] Successfully bumped revision number for resource d6fed93a-dc77-48fe-978c-13dcdd1c16e1 (type: networks) to 1
2026-05-19 23:27:00.576 10 INFO neutron.db.ovn_revision_numbers_db [None req-1cf79e0e-4ccd-4527-aa63-5252eeb4ec55 cd01d9e63fc644b4a811d604a9183042 9f3c46f8450d40d8a7030348bf7b44e5 - - default default] Successfully bumped revision number for resource 7f1bcd12-8e5c-4eda-86d2-bd10aa8cda14 (type: security_group_rules) to 0
2026-05-19 23:27:00.589 10 INFO neutron.db.ovn_revision_numbers_db [None req-1cf79e0e-4ccd-4527-aa63-5252eeb4ec55 cd01d9e63fc644b4a811d604a9183042 9f3c46f8450d40d8a7030348bf7b44e5 - - default default] Successfully bumped revision number for resource 7f36ee4c-d5aa-482f-ac81-a128729d872d (type: security_group_rules) to 0
2026-05-19 23:27:00.600 10 INFO neutron.db.ovn_revision_numbers_db [None req-1cf79e0e-4ccd-4527-aa63-5252eeb4ec55 cd01d9e63fc644b4a811d604a9183042 9f3c46f8450d40d8a7030348bf7b44e5 - - default default] Successfully bumped revision number for resource 9cc91308-3323-4cd6-851c-406ecda06dd4 (type: security_group_rules) to 0
2026-05-19 23:27:00.645 10 INFO neutron.api.wsgi [None req-1cf79e0e-4ccd-4527-aa63-5252eeb4ec55 cd01d9e63fc644b4a811d604a9183042 9f3c46f8450d40d8a7030348bf7b44e5 - - default default] 10.0.0.114 "GET /v2.0/security-groups?tenant_id=8fe815611bfa42c79d39e2b1e7a6361d&name=default HTTP/1.1" status: 200 len: 3116 time: 0.3419566
2026-05-19 23:27:00.714 9 INFO neutron.db.ovn_revision_numbers_db [None req-97bc0c8c-359f-4114-b843-c7ef25b24221 cd01d9e63fc644b4a811d604a9183042 9f3c46f8450d40d8a7030348bf7b44e5 - - default default] Successfully bumped revision number for resource 8113250e-46c9-490e-aa07-341471fb501a (type: networks) to 1
2026-05-19 23:27:00.784 9 WARNING neutron.scheduler.dhcp_agent_scheduler [None req-002fc8d4-04bd-4a14-96e3-f2247a37a398 cd01d9e63fc644b4a811d604a9183042 9f3c46f8450d40d8a7030348bf7b44e5 - - default default] No more DHCP agents
2026-05-19 23:27:00.786 9 WARNING neutron.api.rpc.agentnotifiers.dhcp_rpc_agent_api [None req-002fc8d4-04bd-4a14-96e3-f2247a37a398 cd01d9e63fc644b4a811d604a9183042 9f3c46f8450d40d8a7030348bf7b44e5 - - default default] Unable to schedule network d6fed93a-dc77-48fe-978c-13dcdd1c16e1: no agents available; will retry on subsequent port and subnet creation events.
2026-05-19 23:27:00.865 10 INFO neutron.api.wsgi [None req-0d7631cd-e735-4952-b8d6-5c1ddc569c51 cd01d9e63fc644b4a811d604a9183042 9f3c46f8450d40d8a7030348bf7b44e5 - - default default] 10.0.0.114 "DELETE /v2.0/security-groups/df91245c-5f9d-4738-8957-84499e03cc7c HTTP/1.1" status: 204 len: 168 time: 0.2132168
2026-05-19 23:27:00.874 9 INFO neutron.db.ovn_revision_numbers_db [None req-002fc8d4-04bd-4a14-96e3-f2247a37a398 cd01d9e63fc644b4a811d604a9183042 9f3c46f8450d40d8a7030348bf7b44e5 - - default default] Successfully bumped revision number for resource ebf9aacb-f094-4f73-a315-4d95741a346c (type: ports) to 1
2026-05-19 23:27:00.882 9 WARNING neutron.scheduler.dhcp_agent_scheduler [None req-97bc0c8c-359f-4114-b843-c7ef25b24221 cd01d9e63fc644b4a811d604a9183042 9f3c46f8450d40d8a7030348bf7b44e5 - - default default] No more DHCP agents
2026-05-19 23:27:00.885 9 WARNING neutron.api.rpc.agentnotifiers.dhcp_rpc_agent_api [None req-97bc0c8c-359f-4114-b843-c7ef25b24221 cd01d9e63fc644b4a811d604a9183042 9f3c46f8450d40d8a7030348bf7b44e5 - - default default] Unable to schedule network 8113250e-46c9-490e-aa07-341471fb501a: no agents available; will retry on subsequent port and subnet creation events.
2026-05-19 23:27:00.896 9 INFO neutron.api.wsgi [None req-002fc8d4-04bd-4a14-96e3-f2247a37a398 cd01d9e63fc644b4a811d604a9183042 9f3c46f8450d40d8a7030348bf7b44e5 - - default default] 10.0.0.114 "POST /v2.0/networks HTTP/1.1" status: 201 len: 950 time: 0.9916260
2026-05-19 23:27:00.948 9 INFO neutron.db.ovn_revision_numbers_db [None req-97bc0c8c-359f-4114-b843-c7ef25b24221 cd01d9e63fc644b4a811d604a9183042 9f3c46f8450d40d8a7030348bf7b44e5 - - default default] Successfully bumped revision number for resource 38161e90-6b56-4cc2-ab79-f505d40cbe92 (type: ports) to 1
2026-05-19 23:27:00.966 9 INFO neutron.api.wsgi [None req-97bc0c8c-359f-4114-b843-c7ef25b24221 cd01d9e63fc644b4a811d604a9183042 9f3c46f8450d40d8a7030348bf7b44e5 - - default default] 10.0.0.114 "POST /v2.0/networks HTTP/1.1" status: 201 len: 945 time: 1.0353973
2026-05-19 23:27:01.044 10 WARNING neutron.scheduler.dhcp_agent_scheduler [None req-6db87a74-fc94-408c-947d-661219add36f cd01d9e63fc644b4a811d604a9183042 9f3c46f8450d40d8a7030348bf7b44e5 - - default default] No more DHCP agents
2026-05-19 23:27:01.045 10 WARNING neutron.api.rpc.agentnotifiers.dhcp_rpc_agent_api [None req-6db87a74-fc94-408c-947d-661219add36f cd01d9e63fc644b4a811d604a9183042 9f3c46f8450d40d8a7030348bf7b44e5 - - default default] Unable to schedule network d6fed93a-dc77-48fe-978c-13dcdd1c16e1: no agents available; will retry on subsequent port and subnet creation events.
2026-05-19 23:27:01.128 9 WARNING neutron.scheduler.dhcp_agent_scheduler [None req-347fd77d-8a9b-4d86-9d1e-3468489066ad cd01d9e63fc644b4a811d604a9183042 9f3c46f8450d40d8a7030348bf7b44e5 - - default default] No more DHCP agents
2026-05-19 23:27:01.129 9 WARNING neutron.api.rpc.agentnotifiers.dhcp_rpc_agent_api [None req-347fd77d-8a9b-4d86-9d1e-3468489066ad cd01d9e63fc644b4a811d604a9183042 9f3c46f8450d40d8a7030348bf7b44e5 - - default default] Unable to schedule network 8113250e-46c9-490e-aa07-341471fb501a: no agents available; will retry on subsequent port and subnet creation events.
2026-05-19 23:27:01.474 10 INFO neutron.db.ovn_revision_numbers_db [None req-55145514-804c-41f8-9881-f326da983e59 - - - - - -] Successfully bumped revision number for resource ebf9aacb-f094-4f73-a315-4d95741a346c (type: ports) to 2
2026-05-19 23:27:01.501 10 INFO neutron.db.ovn_revision_numbers_db [None req-55145514-804c-41f8-9881-f326da983e59 - - - - - -] Successfully bumped revision number for resource 059d754a-0363-4b33-8964-04a21f4db0aa (type: subnets) to 0
2026-05-19 23:27:01.516 10 INFO neutron.api.wsgi [None req-6db87a74-fc94-408c-947d-661219add36f cd01d9e63fc644b4a811d604a9183042 9f3c46f8450d40d8a7030348bf7b44e5 - - default default] 10.0.0.114 "POST /v2.0/subnets HTTP/1.1" status: 201 len: 894 time: 0.6142716
2026-05-19 23:27:01.653 9 INFO neutron.db.ovn_revision_numbers_db [None req-b6fb002c-5d0d-4061-8fb1-40af1f1c4821 - - - - - -] Successfully bumped revision number for resource 38161e90-6b56-4cc2-ab79-f505d40cbe92 (type: ports) to 2
2026-05-19 23:27:01.726 9 INFO neutron.db.ovn_revision_numbers_db [None req-b6fb002c-5d0d-4061-8fb1-40af1f1c4821 - - - - - -] Successfully bumped revision number for resource 5f617ebc-e7b9-4023-9b98-d3e11ee3b782 (type: subnets) to 0
2026-05-19 23:27:01.743 9 INFO neutron.api.wsgi [None req-347fd77d-8a9b-4d86-9d1e-3468489066ad cd01d9e63fc644b4a811d604a9183042 9f3c46f8450d40d8a7030348bf7b44e5 - - default default] 10.0.0.114 "POST /v2.0/subnets HTTP/1.1" status: 201 len: 889 time: 0.7706411
2026-05-19 23:27:02.129 10 WARNING neutron.scheduler.dhcp_agent_scheduler [None req-ebe36c00-0f95-4841-848e-161bdec25a58 cd01d9e63fc644b4a811d604a9183042 9f3c46f8450d40d8a7030348bf7b44e5 - - default default] No more DHCP agents
2026-05-19 23:27:02.130 10 WARNING neutron.api.rpc.agentnotifiers.dhcp_rpc_agent_api [None req-ebe36c00-0f95-4841-848e-161bdec25a58 cd01d9e63fc644b4a811d604a9183042 9f3c46f8450d40d8a7030348bf7b44e5 - - default default] Unable to schedule network b10a6dc3-7d4b-4d49-9b0b-250658397072: no agents available; will retry on subsequent port and subnet creation events.
2026-05-19 23:27:02.139 9 WARNING neutron.scheduler.dhcp_agent_scheduler [None req-435ffe4b-26d0-446c-8e77-dd8d9c936eb6 cd01d9e63fc644b4a811d604a9183042 9f3c46f8450d40d8a7030348bf7b44e5 - - default default] No more DHCP agents
2026-05-19 23:27:02.141 9 WARNING neutron.api.rpc.agentnotifiers.dhcp_rpc_agent_api [None req-435ffe4b-26d0-446c-8e77-dd8d9c936eb6 cd01d9e63fc644b4a811d604a9183042 9f3c46f8450d40d8a7030348bf7b44e5 - - default default] Unable to schedule network b10a6dc3-7d4b-4d49-9b0b-250658397072: no agents available; will retry on subsequent port and subnet creation events.
2026-05-19 23:27:02.216 10 INFO neutron.db.ovn_revision_numbers_db [None req-ebe36c00-0f95-4841-848e-161bdec25a58 cd01d9e63fc644b4a811d604a9183042 9f3c46f8450d40d8a7030348bf7b44e5 - - default default] Successfully bumped revision number for resource fef2ed50-639c-46db-b4b6-9a184967f387 (type: ports) to 1
2026-05-19 23:27:02.236 9 INFO neutron.db.ovn_revision_numbers_db [None req-435ffe4b-26d0-446c-8e77-dd8d9c936eb6 cd01d9e63fc644b4a811d604a9183042 9f3c46f8450d40d8a7030348bf7b44e5 - - default default] Successfully bumped revision number for resource b9e5ae63-7d1c-4b93-9d7d-b6b2f039fdbd (type: ports) to 1
2026-05-19 23:27:02.523 9 INFO neutron.plugins.ml2.drivers.ovn.mech_driver.ovsdb.extensions.qos [None req-435ffe4b-26d0-446c-8e77-dd8d9c936eb6 cd01d9e63fc644b4a811d604a9183042 9f3c46f8450d40d8a7030348bf7b44e5 - - default default] Starting OVNClientQosExtension
2026-05-19 23:27:02.636 10 INFO neutron.plugins.ml2.drivers.ovn.mech_driver.ovsdb.extensions.qos [None req-ebe36c00-0f95-4841-848e-161bdec25a58 cd01d9e63fc644b4a811d604a9183042 9f3c46f8450d40d8a7030348bf7b44e5 - - default default] Starting OVNClientQosExtension
2026-05-19 23:27:02.847 9 INFO neutron.plugins.ml2.drivers.ovn.mech_driver.ovsdb.commands [None req-9be7f4bd-18a9-4ff2-b2a7-4ad6cd13d1d5 - - - - - -] Schedule LRP lrp-b9e5ae63-7d1c-4b93-9d7d-b6b2f039fdbd on gateway d93a5fac-b635-45d6-b68e-970988ee36b4 with priority 1
2026-05-19 23:27:02.854 9 INFO neutron.plugins.ml2.drivers.ovn.mech_driver.mech_driver [None req-fc173446-1aec-4aeb-bf7b-b38187b2063a - - - - - -] OVN reports status up for port: b9e5ae63-7d1c-4b93-9d7d-b6b2f039fdbd
2026-05-19 23:27:02.856 9 INFO neutron.db.ovn_revision_numbers_db [None req-a4d6603a-d041-4e79-8910-1dc9f26230c1 cd01d9e63fc644b4a811d604a9183042 9f3c46f8450d40d8a7030348bf7b44e5 - - default default] Successfully bumped revision number for resource 58a105fc-cea7-4469-b30f-9853a6fafd26 (type: security_groups) to 1
2026-05-19 23:27:02.870 10 INFO neutron.plugins.ml2.drivers.ovn.mech_driver.ovsdb.ovsdb_monitor [-] Router f9462e8d-4af2-4de3-a262-3bff9670e2ef is bound to host instance
2026-05-19 23:27:02.894 9 INFO neutron.db.ovn_revision_numbers_db [None req-a4d6603a-d041-4e79-8910-1dc9f26230c1 cd01d9e63fc644b4a811d604a9183042 9f3c46f8450d40d8a7030348bf7b44e5 - - default default] Successfully bumped revision number for resource 42b843b7-b096-48a2-838e-b852863e8b92 (type: security_group_rules) to 0
2026-05-19 23:27:02.906 9 INFO neutron.plugins.ml2.plugin [None req-fc173446-1aec-4aeb-bf7b-b38187b2063a - - - - - -] Attempt 1 to provision port b9e5ae63-7d1c-4b93-9d7d-b6b2f039fdbd
2026-05-19 23:27:02.908 9 INFO neutron.db.ovn_revision_numbers_db [None req-435ffe4b-26d0-446c-8e77-dd8d9c936eb6 cd01d9e63fc644b4a811d604a9183042 9f3c46f8450d40d8a7030348bf7b44e5 - - default default] Successfully bumped revision number for resource b9e5ae63-7d1c-4b93-9d7d-b6b2f039fdbd (type: router_ports) to 1
2026-05-19 23:27:02.932 9 INFO neutron.db.ovn_revision_numbers_db [None req-a4d6603a-d041-4e79-8910-1dc9f26230c1 cd01d9e63fc644b4a811d604a9183042 9f3c46f8450d40d8a7030348bf7b44e5 - - default default] Successfully bumped revision number for resource 74fca0d4-d241-469d-a8f8-124c64545fdd (type: security_group_rules) to 0
2026-05-19 23:27:02.933 10 INFO neutron.db.ovn_revision_numbers_db [None req-c38231f4-33f9-4711-8a9f-299d5fe35fe5 cd01d9e63fc644b4a811d604a9183042 9f3c46f8450d40d8a7030348bf7b44e5 - - default default] Successfully bumped revision number for resource c68af31b-0ef2-426f-9b6d-83a3e86c6134 (type: security_groups) to 1
2026-05-19 23:27:02.954 10 INFO neutron.db.ovn_revision_numbers_db [None req-c38231f4-33f9-4711-8a9f-299d5fe35fe5 cd01d9e63fc644b4a811d604a9183042 9f3c46f8450d40d8a7030348bf7b44e5 - - default default] Successfully bumped revision number for resource d5e36642-6303-48f9-b724-6be8c1abcffd (type: security_group_rules) to 0
2026-05-19 23:27:02.960 9 INFO neutron.db.ovn_revision_numbers_db [None req-a4d6603a-d041-4e79-8910-1dc9f26230c1 cd01d9e63fc644b4a811d604a9183042 9f3c46f8450d40d8a7030348bf7b44e5 - - default default] Successfully bumped revision number for resource e8dd2996-a3fe-426d-8deb-4e5e5140bed1 (type: security_group_rules) to 0
2026-05-19 23:27:02.976 10 INFO neutron.db.ovn_revision_numbers_db [None req-c38231f4-33f9-4711-8a9f-299d5fe35fe5 cd01d9e63fc644b4a811d604a9183042 9f3c46f8450d40d8a7030348bf7b44e5 - - default default] Successfully bumped revision number for resource e8b858ef-acb6-4686-9839-7d2c40d44f02 (type: security_group_rules) to 0
2026-05-19 23:27:02.983 9 INFO neutron.db.ovn_revision_numbers_db [None req-a4d6603a-d041-4e79-8910-1dc9f26230c1 cd01d9e63fc644b4a811d604a9183042 9f3c46f8450d40d8a7030348bf7b44e5 - - default default] Successfully bumped revision number for resource fbed0f87-d4de-4bf3-b062-1d12301e4369 (type: security_group_rules) to 0
2026-05-19 23:27:03.003 10 INFO neutron.db.ovn_revision_numbers_db [None req-c38231f4-33f9-4711-8a9f-299d5fe35fe5 cd01d9e63fc644b4a811d604a9183042 9f3c46f8450d40d8a7030348bf7b44e5 - - default default] Successfully bumped revision number for resource f62faa40-a1e8-469a-bb06-b442606681c9 (type: security_group_rules) to 0
2026-05-19 23:27:03.007 9 INFO neutron.db.ovn_revision_numbers_db [None req-435ffe4b-26d0-446c-8e77-dd8d9c936eb6 cd01d9e63fc644b4a811d604a9183042 9f3c46f8450d40d8a7030348bf7b44e5 - - default default] Successfully bumped revision number for resource f9462e8d-4af2-4de3-a262-3bff9670e2ef (type: routers) to 2
2026-05-19 23:27:03.030 9 INFO neutron.api.wsgi [None req-435ffe4b-26d0-446c-8e77-dd8d9c936eb6 cd01d9e63fc644b4a811d604a9183042 9f3c46f8450d40d8a7030348bf7b44e5 - - default default] 10.0.0.114 "POST /v2.0/routers HTTP/1.1" status: 201 len: 1172 time: 1.5081737
2026-05-19 23:27:03.030 10 INFO neutron.db.ovn_revision_numbers_db [None req-c38231f4-33f9-4711-8a9f-299d5fe35fe5 cd01d9e63fc644b4a811d604a9183042 9f3c46f8450d40d8a7030348bf7b44e5 - - default default] Successfully bumped revision number for resource fe7fea74-2d41-4053-8494-e6681198fca3 (type: security_group_rules) to 0
2026-05-19 23:27:03.077 9 INFO neutron.db.segments_db [None req-a4d6603a-d041-4e79-8910-1dc9f26230c1 cd01d9e63fc644b4a811d604a9183042 9f3c46f8450d40d8a7030348bf7b44e5 - - default default] Added segment 7ca42ce6-abb7-4198-8942-d4ee66a0c916 of type geneve for network ba52985a-40b6-4382-bb51-4c67fedb7c70
2026-05-19 23:27:03.083 10 INFO neutron.api.wsgi [None req-c38231f4-33f9-4711-8a9f-299d5fe35fe5 cd01d9e63fc644b4a811d604a9183042 9f3c46f8450d40d8a7030348bf7b44e5 - - default default] 10.0.0.114 "GET /v2.0/security-groups?tenant_id=ecfc921de2544b2e820f2465c81bd14f&name=default HTTP/1.1" status: 200 len: 3116 time: 0.3860462
2026-05-19 23:27:03.122 10 INFO neutron.plugins.ml2.drivers.ovn.mech_driver.ovsdb.commands [None req-ebe2b456-0d8b-41de-821b-87068288ccce - - - - - -] Schedule LRP lrp-fef2ed50-639c-46db-b4b6-9a184967f387 on gateway d93a5fac-b635-45d6-b68e-970988ee36b4 with priority 1
2026-05-19 23:27:03.130 10 INFO neutron.plugins.ml2.drivers.ovn.mech_driver.mech_driver [None req-d3a2a92d-09c0-4a20-a7ff-4c71c8f705f7 - - - - - -] OVN reports status up for port: fef2ed50-639c-46db-b4b6-9a184967f387
2026-05-19 23:27:03.146 10 INFO neutron.plugins.ml2.plugin [None req-d3a2a92d-09c0-4a20-a7ff-4c71c8f705f7 - - - - - -] Attempt 1 to provision port fef2ed50-639c-46db-b4b6-9a184967f387
2026-05-19 23:27:03.160 9 INFO neutron.plugins.ml2.drivers.ovn.mech_driver.ovsdb.ovsdb_monitor [-] Router a7b3fc9b-a95e-4b4a-a185-794658731f49 is bound to host instance
2026-05-19 23:27:03.186 10 INFO neutron.db.ovn_revision_numbers_db [None req-ebe36c00-0f95-4841-848e-161bdec25a58 cd01d9e63fc644b4a811d604a9183042 9f3c46f8450d40d8a7030348bf7b44e5 - - default default] Successfully bumped revision number for resource fef2ed50-639c-46db-b4b6-9a184967f387 (type: router_ports) to 1
2026-05-19 23:27:03.268 10 INFO neutron.db.ovn_revision_numbers_db [None req-ebe36c00-0f95-4841-848e-161bdec25a58 cd01d9e63fc644b4a811d604a9183042 9f3c46f8450d40d8a7030348bf7b44e5 - - default default] Successfully bumped revision number for resource a7b3fc9b-a95e-4b4a-a185-794658731f49 (type: routers) to 2
2026-05-19 23:27:03.290 10 INFO neutron.api.wsgi [None req-ebe36c00-0f95-4841-848e-161bdec25a58 cd01d9e63fc644b4a811d604a9183042 9f3c46f8450d40d8a7030348bf7b44e5 - - default default] 10.0.0.114 "POST /v2.0/routers HTTP/1.1" status: 201 len: 1167 time: 1.5405920
2026-05-19 23:27:03.324 9 INFO neutron.db.ovn_revision_numbers_db [None req-a4d6603a-d041-4e79-8910-1dc9f26230c1 cd01d9e63fc644b4a811d604a9183042 9f3c46f8450d40d8a7030348bf7b44e5 - - default default] Successfully bumped revision number for resource ba52985a-40b6-4382-bb51-4c67fedb7c70 (type: networks) to 1
2026-05-19 23:27:03.468 10 INFO neutron.db.ovn_revision_numbers_db [None req-81fd03d2-7200-4789-baa0-a923240b43de - - - - - -] Successfully bumped revision number for resource b9e5ae63-7d1c-4b93-9d7d-b6b2f039fdbd (type: ports) to 1
2026-05-19 23:27:03.696 9 INFO neutron.api.wsgi [None req-0470dd18-857d-444f-8b5f-f99d89cdbabf cd01d9e63fc644b4a811d604a9183042 9f3c46f8450d40d8a7030348bf7b44e5 - - default default] 10.0.0.114 "DELETE /v2.0/security-groups/c68af31b-0ef2-426f-9b6d-83a3e86c6134 HTTP/1.1" status: 204 len: 168 time: 0.6062899
2026-05-19 23:27:03.740 10 WARNING neutron.scheduler.dhcp_agent_scheduler [None req-fbab1510-77f9-45a6-9217-1d92160723f7 cd01d9e63fc644b4a811d604a9183042 9f3c46f8450d40d8a7030348bf7b44e5 - - default default] No more DHCP agents
2026-05-19 23:27:03.742 10 WARNING neutron.api.rpc.agentnotifiers.dhcp_rpc_agent_api [None req-fbab1510-77f9-45a6-9217-1d92160723f7 cd01d9e63fc644b4a811d604a9183042 9f3c46f8450d40d8a7030348bf7b44e5 - - default default] Unable to schedule network 8113250e-46c9-490e-aa07-341471fb501a: no agents available; will retry on subsequent port and subnet creation events.
2026-05-19 23:27:03.747 9 WARNING neutron.scheduler.dhcp_agent_scheduler [None req-a4d6603a-d041-4e79-8910-1dc9f26230c1 cd01d9e63fc644b4a811d604a9183042 9f3c46f8450d40d8a7030348bf7b44e5 - - default default] No more DHCP agents
2026-05-19 23:27:03.753 9 WARNING neutron.api.rpc.agentnotifiers.dhcp_rpc_agent_api [None req-a4d6603a-d041-4e79-8910-1dc9f26230c1 cd01d9e63fc644b4a811d604a9183042 9f3c46f8450d40d8a7030348bf7b44e5 - - default default] Unable to schedule network ba52985a-40b6-4382-bb51-4c67fedb7c70: no agents available; will retry on subsequent port and subnet creation events.
2026-05-19 23:27:03.794 10 INFO neutron.db.ovn_revision_numbers_db [None req-81fd03d2-7200-4789-baa0-a923240b43de - - - - - -] Successfully bumped revision number for resource b9e5ae63-7d1c-4b93-9d7d-b6b2f039fdbd (type: ports) to 4
2026-05-19 23:27:03.865 10 INFO neutron.db.ovn_revision_numbers_db [None req-fbab1510-77f9-45a6-9217-1d92160723f7 cd01d9e63fc644b4a811d604a9183042 9f3c46f8450d40d8a7030348bf7b44e5 - - default default] Successfully bumped revision number for resource 16c01956-8009-48e1-9549-896fa846f1c4 (type: ports) to 1
2026-05-19 23:27:03.875 9 INFO neutron.db.ovn_revision_numbers_db [None req-a4d6603a-d041-4e79-8910-1dc9f26230c1 cd01d9e63fc644b4a811d604a9183042 9f3c46f8450d40d8a7030348bf7b44e5 - - default default] Successfully bumped revision number for resource b8731e60-afda-4c19-9a25-54aa6ec9e7a9 (type: ports) to 1
2026-05-19 23:27:03.890 9 WARNING neutron.scheduler.dhcp_agent_scheduler [None req-813f5cc1-3486-4924-a8e2-a9d0d1cd3273 cd01d9e63fc644b4a811d604a9183042 9f3c46f8450d40d8a7030348bf7b44e5 - - default default] No more DHCP agents
2026-05-19 23:27:03.893 9 WARNING neutron.api.rpc.agentnotifiers.dhcp_rpc_agent_api [None req-813f5cc1-3486-4924-a8e2-a9d0d1cd3273 cd01d9e63fc644b4a811d604a9183042 9f3c46f8450d40d8a7030348bf7b44e5 - - default default] Unable to schedule network d6fed93a-dc77-48fe-978c-13dcdd1c16e1: no agents available; will retry on subsequent port and subnet creation events.
2026-05-19 23:27:03.902 9 INFO neutron.api.wsgi [None req-a4d6603a-d041-4e79-8910-1dc9f26230c1 cd01d9e63fc644b4a811d604a9183042 9f3c46f8450d40d8a7030348bf7b44e5 - - default default] 10.0.0.114 "POST /v2.0/networks HTTP/1.1" status: 201 len: 939 time: 1.3554630
2026-05-19 23:27:04.003 9 INFO neutron.db.ovn_revision_numbers_db [None req-01e70eb7-8d43-43a2-818d-17ba2965283a - - - - - -] Successfully bumped revision number for resource fef2ed50-639c-46db-b4b6-9a184967f387 (type: ports) to 1
2026-05-19 23:27:04.054 9 INFO neutron.db.ovn_revision_numbers_db [None req-813f5cc1-3486-4924-a8e2-a9d0d1cd3273 cd01d9e63fc644b4a811d604a9183042 9f3c46f8450d40d8a7030348bf7b44e5 - - default default] Successfully bumped revision number for resource d3c0b0bc-9c0c-4777-9167-2841bb25d003 (type: ports) to 1
2026-05-19 23:27:04.148 10 INFO neutron.db.ovn_revision_numbers_db [None req-d7df47ea-9759-4a22-9d27-2e1ff71f3bfb cd01d9e63fc644b4a811d604a9183042 9f3c46f8450d40d8a7030348bf7b44e5 - - default default] Successfully bumped revision number for resource 0c639a2b-a087-4112-be51-ccf658fd4984 (type: security_groups) to 1
2026-05-19 23:27:04.171 9 WARNING neutron.scheduler.dhcp_agent_scheduler [None req-04c3763f-36f3-4308-b065-eec1ed064ffe cd01d9e63fc644b4a811d604a9183042 9f3c46f8450d40d8a7030348bf7b44e5 - - default default] No more DHCP agents
2026-05-19 23:27:04.175 9 WARNING neutron.api.rpc.agentnotifiers.dhcp_rpc_agent_api [None req-04c3763f-36f3-4308-b065-eec1ed064ffe cd01d9e63fc644b4a811d604a9183042 9f3c46f8450d40d8a7030348bf7b44e5 - - default default] Unable to schedule network ba52985a-40b6-4382-bb51-4c67fedb7c70: no agents available; will retry on subsequent port and subnet creation events.
2026-05-19 23:27:04.177 10 INFO neutron.db.ovn_revision_numbers_db [None req-d7df47ea-9759-4a22-9d27-2e1ff71f3bfb cd01d9e63fc644b4a811d604a9183042 9f3c46f8450d40d8a7030348bf7b44e5 - - default default] Successfully bumped revision number for resource 355d00fa-492d-4450-87f5-57f5313f70e1 (type: security_group_rules) to 0
2026-05-19 23:27:04.195 10 INFO neutron.db.ovn_revision_numbers_db [None req-d7df47ea-9759-4a22-9d27-2e1ff71f3bfb cd01d9e63fc644b4a811d604a9183042 9f3c46f8450d40d8a7030348bf7b44e5 - - default default] Successfully bumped revision number for resource 40a02f8d-c7df-4ac3-a4d2-05da1fba8618 (type: security_group_rules) to 0
2026-05-19 23:27:04.219 10 INFO neutron.db.ovn_revision_numbers_db [None req-d7df47ea-9759-4a22-9d27-2e1ff71f3bfb cd01d9e63fc644b4a811d604a9183042 9f3c46f8450d40d8a7030348bf7b44e5 - - default default] Successfully bumped revision number for resource 6d6bb049-bcb3-40a1-aaf0-0bb7f6d166f2 (type: security_group_rules) to 0
2026-05-19 23:27:04.240 10 INFO neutron.db.ovn_revision_numbers_db [None req-d7df47ea-9759-4a22-9d27-2e1ff71f3bfb cd01d9e63fc644b4a811d604a9183042 9f3c46f8450d40d8a7030348bf7b44e5 - - default default] Successfully bumped revision number for resource e575b9b2-b406-43f4-a46a-b74375d2ff15 (type: security_group_rules) to 0
2026-05-19 23:27:04.303 10 INFO neutron.api.wsgi [None req-d7df47ea-9759-4a22-9d27-2e1ff71f3bfb cd01d9e63fc644b4a811d604a9183042 9f3c46f8450d40d8a7030348bf7b44e5 - - default default] 10.0.0.114 "GET /v2.0/security-groups?tenant_id=e8f5887858dc44709bec2c0047475228&name=default HTTP/1.1" status: 200 len: 3116 time: 0.5109854
2026-05-19 23:27:04.375 10 INFO neutron.db.ovn_revision_numbers_db [None req-81fd03d2-7200-4789-baa0-a923240b43de - - - - - -] Successfully bumped revision number for resource b9e5ae63-7d1c-4b93-9d7d-b6b2f039fdbd (type: ports) to 5
2026-05-19 23:27:04.656 9 INFO neutron.db.ovn_revision_numbers_db [None req-01e70eb7-8d43-43a2-818d-17ba2965283a - - - - - -] Successfully bumped revision number for resource fef2ed50-639c-46db-b4b6-9a184967f387 (type: ports) to 4
2026-05-19 23:27:04.660 10 INFO neutron.db.ovn_revision_numbers_db [None req-fbab1510-77f9-45a6-9217-1d92160723f7 cd01d9e63fc644b4a811d604a9183042 9f3c46f8450d40d8a7030348bf7b44e5 - - default default] Successfully bumped revision number for resource 16c01956-8009-48e1-9549-896fa846f1c4 (type: ports) to 1
2026-05-19 23:27:04.708 10 WARNING neutron.scheduler.dhcp_agent_scheduler [None req-fbab1510-77f9-45a6-9217-1d92160723f7 cd01d9e63fc644b4a811d604a9183042 9f3c46f8450d40d8a7030348bf7b44e5 - - default default] No more DHCP agents
2026-05-19 23:27:04.709 10 WARNING neutron.api.rpc.agentnotifiers.dhcp_rpc_agent_api [None req-fbab1510-77f9-45a6-9217-1d92160723f7 cd01d9e63fc644b4a811d604a9183042 9f3c46f8450d40d8a7030348bf7b44e5 - - default default] Unable to schedule network 8113250e-46c9-490e-aa07-341471fb501a: no agents available; will retry on subsequent port and subnet creation events.
2026-05-19 23:27:04.759 9 INFO neutron.api.wsgi [None req-f116044d-c125-4615-9c74-bbd1e59518f9 cd01d9e63fc644b4a811d604a9183042 9f3c46f8450d40d8a7030348bf7b44e5 - - default default] 10.0.0.114 "DELETE /v2.0/security-groups/0c639a2b-a087-4112-be51-ccf658fd4984 HTTP/1.1" status: 204 len: 168 time: 0.4480805
2026-05-19 23:27:05.119 9 INFO neutron.db.ovn_revision_numbers_db [None req-d8f07632-c9e0-4cad-8879-300902350cdd - - - - - -] Successfully bumped revision number for resource b8731e60-afda-4c19-9a25-54aa6ec9e7a9 (type: ports) to 2
2026-05-19 23:27:05.173 9 INFO neutron.db.ovn_revision_numbers_db [None req-813f5cc1-3486-4924-a8e2-a9d0d1cd3273 cd01d9e63fc644b4a811d604a9183042 9f3c46f8450d40d8a7030348bf7b44e5 - - default default] Successfully bumped revision number for resource d3c0b0bc-9c0c-4777-9167-2841bb25d003 (type: ports) to 1
2026-05-19 23:27:05.179 9 INFO neutron.db.ovn_revision_numbers_db [None req-d8f07632-c9e0-4cad-8879-300902350cdd - - - - - -] Successfully bumped revision number for resource 67e52fb9-be6c-4b43-8df3-19df17314f88 (type: subnets) to 0
2026-05-19 23:27:05.201 9 INFO neutron.api.wsgi [None req-04c3763f-36f3-4308-b065-eec1ed064ffe cd01d9e63fc644b4a811d604a9183042 9f3c46f8450d40d8a7030348bf7b44e5 - - default default] 10.0.0.114 "POST /v2.0/subnets HTTP/1.1" status: 201 len: 883 time: 1.2877338
2026-05-19 23:27:05.237 10 INFO neutron.db.ovn_revision_numbers_db [None req-fbab1510-77f9-45a6-9217-1d92160723f7 cd01d9e63fc644b4a811d604a9183042 9f3c46f8450d40d8a7030348bf7b44e5 - - default default] Successfully bumped revision number for resource 16c01956-8009-48e1-9549-896fa846f1c4 (type: router_ports) to 1
2026-05-19 23:27:05.242 10 INFO neutron.api.wsgi [None req-fbab1510-77f9-45a6-9217-1d92160723f7 cd01d9e63fc644b4a811d604a9183042 9f3c46f8450d40d8a7030348bf7b44e5 - - default default] 10.0.0.114 "PUT /v2.0/routers/a7b3fc9b-a95e-4b4a-a185-794658731f49/add_router_interface HTTP/1.1" status: 200 len: 503 time: 1.9455760
2026-05-19 23:27:05.291 9 WARNING neutron.scheduler.dhcp_agent_scheduler [None req-813f5cc1-3486-4924-a8e2-a9d0d1cd3273 cd01d9e63fc644b4a811d604a9183042 9f3c46f8450d40d8a7030348bf7b44e5 - - default default] No more DHCP agents
2026-05-19 23:27:05.293 9 WARNING neutron.api.rpc.agentnotifiers.dhcp_rpc_agent_api [None req-813f5cc1-3486-4924-a8e2-a9d0d1cd3273 cd01d9e63fc644b4a811d604a9183042 9f3c46f8450d40d8a7030348bf7b44e5 - - default default] Unable to schedule network d6fed93a-dc77-48fe-978c-13dcdd1c16e1: no agents available; will retry on subsequent port and subnet creation events.
2026-05-19 23:27:05.308 9 INFO neutron.db.ovn_revision_numbers_db [None req-01e70eb7-8d43-43a2-818d-17ba2965283a - - - - - -] Successfully bumped revision number for resource fef2ed50-639c-46db-b4b6-9a184967f387 (type: ports) to 5
2026-05-19 23:27:05.380 9 INFO neutron.plugins.ml2.drivers.ovn.mech_driver.mech_driver [None req-fc173446-1aec-4aeb-bf7b-b38187b2063a - - - - - -] OVN reports status up for port: 16c01956-8009-48e1-9549-896fa846f1c4
2026-05-19 23:27:05.390 9 INFO neutron.plugins.ml2.plugin [None req-fc173446-1aec-4aeb-bf7b-b38187b2063a - - - - - -] Attempt 1 to provision port 16c01956-8009-48e1-9549-896fa846f1c4
2026-05-19 23:27:05.594 10 WARNING neutron.scheduler.dhcp_agent_scheduler [None req-cc76375a-b73c-4b7e-a8c7-8f7431a6a8e0 cd01d9e63fc644b4a811d604a9183042 9f3c46f8450d40d8a7030348bf7b44e5 - - default default] No more DHCP agents
2026-05-19 23:27:05.596 10 WARNING neutron.api.rpc.agentnotifiers.dhcp_rpc_agent_api [None req-cc76375a-b73c-4b7e-a8c7-8f7431a6a8e0 cd01d9e63fc644b4a811d604a9183042 9f3c46f8450d40d8a7030348bf7b44e5 - - default default] Unable to schedule network b10a6dc3-7d4b-4d49-9b0b-250658397072: no agents available; will retry on subsequent port and subnet creation events.
2026-05-19 23:27:05.703 10 INFO neutron.db.ovn_revision_numbers_db [None req-cc76375a-b73c-4b7e-a8c7-8f7431a6a8e0 cd01d9e63fc644b4a811d604a9183042 9f3c46f8450d40d8a7030348bf7b44e5 - - default default] Successfully bumped revision number for resource 52ea3a3c-f478-4cc4-b146-7739e638f412 (type: ports) to 1
2026-05-19 23:27:05.871 9 INFO neutron.db.ovn_revision_numbers_db [None req-fc173446-1aec-4aeb-bf7b-b38187b2063a - - - - - -] Successfully bumped revision number for resource 16c01956-8009-48e1-9549-896fa846f1c4 (type: ports) to 2
2026-05-19 23:27:05.893 10 WARNING neutron_lib.context [None req-1115044c-c2dd-4c33-ae52-b3e75e5fcb4b 4a1345e4f0e549579e596eb06271ffd3 05f82b7589204ce3b4ac749c5788f582 - - default default] Method 'is_advsvc' is deprecated since 2023.2 release (neutron-lib 3.8.0) and will be removed once support for the old RBAC API policies will be removed from Neutron. Please use method 'is_service_role' instead.
2026-05-19 23:27:05.913 9 INFO neutron.db.ovn_revision_numbers_db [None req-813f5cc1-3486-4924-a8e2-a9d0d1cd3273 cd01d9e63fc644b4a811d604a9183042 9f3c46f8450d40d8a7030348bf7b44e5 - - default default] Successfully bumped revision number for resource d3c0b0bc-9c0c-4777-9167-2841bb25d003 (type: router_ports) to 1
2026-05-19 23:27:05.917 9 INFO neutron.api.wsgi [None req-813f5cc1-3486-4924-a8e2-a9d0d1cd3273 cd01d9e63fc644b4a811d604a9183042 9f3c46f8450d40d8a7030348bf7b44e5 - - default default] 10.0.0.114 "PUT /v2.0/routers/f9462e8d-4af2-4de3-a262-3bff9670e2ef/add_router_interface HTTP/1.1" status: 200 len: 503 time: 2.8824253
2026-05-19 23:27:06.203 10 INFO neutron.db.ovn_revision_numbers_db [None req-1115044c-c2dd-4c33-ae52-b3e75e5fcb4b 4a1345e4f0e549579e596eb06271ffd3 05f82b7589204ce3b4ac749c5788f582 - - default default] Successfully bumped revision number for resource 319e9f4e-2a8e-4fa7-97db-437501daed77 (type: security_groups) to 1
2026-05-19 23:27:06.215 10 INFO neutron.db.ovn_revision_numbers_db [None req-1115044c-c2dd-4c33-ae52-b3e75e5fcb4b 4a1345e4f0e549579e596eb06271ffd3 05f82b7589204ce3b4ac749c5788f582 - - default default] Successfully bumped revision number for resource 13b71973-7f92-4d9d-88f7-ac5cdb1c3e40 (type: security_group_rules) to 0
2026-05-19 23:27:06.227 10 INFO neutron.db.ovn_revision_numbers_db [None req-1115044c-c2dd-4c33-ae52-b3e75e5fcb4b 4a1345e4f0e549579e596eb06271ffd3 05f82b7589204ce3b4ac749c5788f582 - - default default] Successfully bumped revision number for resource 13e3fd09-5a76-47b5-a393-08684c60a09e (type: security_group_rules) to 0
2026-05-19 23:27:06.269 10 INFO neutron.api.wsgi [None req-1115044c-c2dd-4c33-ae52-b3e75e5fcb4b 4a1345e4f0e549579e596eb06271ffd3 05f82b7589204ce3b4ac749c5788f582 - - default default] 10.0.0.114 "POST /v2.0/security-groups HTTP/1.1" status: 201 len: 1860 time: 0.3827083
2026-05-19 23:27:06.280 10 WARNING neutron_lib.context [None req-430a9fdb-27e4-4de3-a806-f3294cdecd3b 4a1345e4f0e549579e596eb06271ffd3 05f82b7589204ce3b4ac749c5788f582 - - default default] Method 'is_advsvc' is deprecated since 2023.2 release (neutron-lib 3.8.0) and will be removed once support for the old RBAC API policies will be removed from Neutron. Please use method 'is_service_role' instead.
2026-05-19 23:27:06.432 10 INFO neutron.db.ovn_revision_numbers_db [None req-430a9fdb-27e4-4de3-a806-f3294cdecd3b 4a1345e4f0e549579e596eb06271ffd3 05f82b7589204ce3b4ac749c5788f582 - - default default] Successfully bumped revision number for resource 07faa5cc-ed3c-4de9-9393-81c562083702 (type: security_group_rules) to 0
2026-05-19 23:27:06.478 10 INFO neutron.api.wsgi [None req-430a9fdb-27e4-4de3-a806-f3294cdecd3b 4a1345e4f0e549579e596eb06271ffd3 05f82b7589204ce3b4ac749c5788f582 - - default default] 10.0.0.114 "POST /v2.0/security-group-rules HTTP/1.1" status: 201 len: 796 time: 0.2021062
2026-05-19 23:27:06.486 10 WARNING neutron_lib.context [None req-c4451ed4-0388-47d3-9632-7f3c3610443e 4a1345e4f0e549579e596eb06271ffd3 05f82b7589204ce3b4ac749c5788f582 - - default default] Method 'is_advsvc' is deprecated since 2023.2 release (neutron-lib 3.8.0) and will be removed once support for the old RBAC API policies will be removed from Neutron. Please use method 'is_service_role' instead.
2026-05-19 23:27:06.520 10 INFO neutron.plugins.ml2.drivers.ovn.mech_driver.ovsdb.commands [None req-ebe2b456-0d8b-41de-821b-87068288ccce - - - - - -] Schedule LRP lrp-52ea3a3c-f478-4cc4-b146-7739e638f412 on gateway d93a5fac-b635-45d6-b68e-970988ee36b4 with priority 1
2026-05-19 23:27:06.542 10 INFO neutron.plugins.ml2.drivers.ovn.mech_driver.mech_driver [None req-d3a2a92d-09c0-4a20-a7ff-4c71c8f705f7 - - - - - -] OVN reports status up for port: 52ea3a3c-f478-4cc4-b146-7739e638f412
2026-05-19 23:27:06.555 10 INFO neutron.plugins.ml2.drivers.ovn.mech_driver.ovsdb.ovsdb_monitor [None req-81fd03d2-7200-4789-baa0-a923240b43de - - - - - -] Router 94132a06-c49b-400b-917f-1814a88e3a4f is bound to host instance
2026-05-19 23:27:06.565 10 INFO neutron.plugins.ml2.plugin [None req-d3a2a92d-09c0-4a20-a7ff-4c71c8f705f7 - - - - - -] Attempt 1 to provision port 52ea3a3c-f478-4cc4-b146-7739e638f412
2026-05-19 23:27:06.591 10 INFO neutron.db.ovn_revision_numbers_db [None req-cc76375a-b73c-4b7e-a8c7-8f7431a6a8e0 cd01d9e63fc644b4a811d604a9183042 9f3c46f8450d40d8a7030348bf7b44e5 - - default default] Successfully bumped revision number for resource 52ea3a3c-f478-4cc4-b146-7739e638f412 (type: router_ports) to 1
2026-05-19 23:27:06.690 10 INFO neutron.db.ovn_revision_numbers_db [None req-cc76375a-b73c-4b7e-a8c7-8f7431a6a8e0 cd01d9e63fc644b4a811d604a9183042 9f3c46f8450d40d8a7030348bf7b44e5 - - default default] Successfully bumped revision number for resource 94132a06-c49b-400b-917f-1814a88e3a4f (type: routers) to 2
2026-05-19 23:27:06.693 10 INFO neutron.db.ovn_revision_numbers_db [None req-c4451ed4-0388-47d3-9632-7f3c3610443e 4a1345e4f0e549579e596eb06271ffd3 05f82b7589204ce3b4ac749c5788f582 - - default default] Successfully bumped revision number for resource d5921107-df88-4a82-b425-3eca1f002697 (type: security_group_rules) to 0
2026-05-19 23:27:06.712 10 INFO neutron.api.wsgi [None req-cc76375a-b73c-4b7e-a8c7-8f7431a6a8e0 cd01d9e63fc644b4a811d604a9183042 9f3c46f8450d40d8a7030348bf7b44e5 - - default default] 10.0.0.114 "POST /v2.0/routers HTTP/1.1" status: 201 len: 1161 time: 1.5014868
2026-05-19 23:27:06.744 10 INFO neutron.api.wsgi [None req-c4451ed4-0388-47d3-9632-7f3c3610443e 4a1345e4f0e549579e596eb06271ffd3 05f82b7589204ce3b4ac749c5788f582 - - default default] 10.0.0.114 "POST /v2.0/security-group-rules HTTP/1.1" status: 201 len: 801 time: 0.2626545
