2026-05-19 23:29:07.455 9 INFO neutron.api.wsgi [req-2f9de4fa-0c34-4adf-8a06-665883c2b112 req-bdeda3ee-4fd1-4072-818b-74e0073faf23 cc31b5c2b9424ecb9645037996ada46e c96c6e27a9ad4153a5fe2bdca8059b16 - - default default] 10.0.0.8 "GET /v2.0/security-groups?id=b054adbb-877a-473d-a636-6b56d780efb8&fields=id&fields=name HTTP/1.1" status: 200 len: 286 time: 0.0408666
2026-05-19 23:29:07.726 10 INFO neutron.plugins.ml2.drivers.ovn.mech_driver.mech_driver [None req-1de9e12d-9cbe-45cd-a44c-28debd3af667 - - - - - -] OVN reports status down for port: 078f5add-0d7c-4327-b7d7-17548e733e8b
2026-05-19 23:29:07.846 10 INFO neutron.notifiers.nova [-] Nova event matching ['req-4d77473b-43ab-402e-a6f4-d91d74b62249'] response: {'server_uuid': '7f030696-8834-4775-b006-9fc6b152ca80', 'name': 'network-vif-unplugged', 'status': 'completed', 'tag': '078f5add-0d7c-4327-b7d7-17548e733e8b', 'code': 200}
2026-05-19 23:29:07.942 10 INFO neutron.db.ovn_revision_numbers_db [None req-1de9e12d-9cbe-45cd-a44c-28debd3af667 - - - - - -] Successfully bumped revision number for resource 078f5add-0d7c-4327-b7d7-17548e733e8b (type: ports) to 6
2026-05-19 23:29:08.014 9 WARNING neutron_lib.context [None req-ab85563a-93b1-4568-a9b6-24374dc74cfe eb0d2623c53e48db976f2de4647ca773 d50e7a360b4541be98ca716eb753e820 - - default default] Method 'is_advsvc' is deprecated since 2023.2 release (neutron-lib 3.8.0) and will be removed once support for the old RBAC API policies will be removed from Neutron. Please use method 'is_service_role' instead.
2026-05-19 23:29:08.115 9 INFO neutron.plugins.ml2.drivers.ovn.mech_driver.mech_driver [None req-6690f671-2d4f-470e-accf-5d908d1db4fb - - - - - -] OVN reports status up for port: 79a15f0d-c1a3-4079-966d-f606703bc4d8
2026-05-19 23:29:08.130 9 INFO neutron.plugins.ml2.plugin [None req-6690f671-2d4f-470e-accf-5d908d1db4fb - - - - - -] Attempt 1 to provision port 79a15f0d-c1a3-4079-966d-f606703bc4d8
2026-05-19 23:29:08.294 9 INFO neutron.notifiers.nova [-] Nova event matching ['req-55a8a5fe-3698-449e-8317-c65434edf925'] response: {'server_uuid': '15a96327-3380-4d97-b0e8-938c07845fa2', 'name': 'network-vif-plugged', 'status': 'completed', 'tag': '79a15f0d-c1a3-4079-966d-f606703bc4d8', 'code': 200}
2026-05-19 23:29:08.299 9 WARNING neutron.scheduler.dhcp_agent_scheduler [None req-ab85563a-93b1-4568-a9b6-24374dc74cfe eb0d2623c53e48db976f2de4647ca773 d50e7a360b4541be98ca716eb753e820 - - default default] No more DHCP agents
2026-05-19 23:29:08.300 9 WARNING neutron.api.rpc.agentnotifiers.dhcp_rpc_agent_api [None req-ab85563a-93b1-4568-a9b6-24374dc74cfe eb0d2623c53e48db976f2de4647ca773 d50e7a360b4541be98ca716eb753e820 - - default default] Unable to schedule network b10a6dc3-7d4b-4d49-9b0b-250658397072: no agents available; will retry on subsequent port and subnet creation events.
2026-05-19 23:29:08.364 9 INFO neutron.api.wsgi [req-88085902-9027-4804-befb-0bdda1b6b728 req-35852029-ac76-4b6d-a1b9-adccad8c656d a025af208ae548f18e5131eebc0d979f 87e28f3eb5fb4e95acf3cde790ad3498 - - default default] 10.0.0.8 "GET /v2.0/ports?device_id=7f030696-8834-4775-b006-9fc6b152ca80 HTTP/1.1" status: 200 len: 1208 time: 0.0461922
2026-05-19 23:29:08.430 9 INFO neutron.api.wsgi [req-88085902-9027-4804-befb-0bdda1b6b728 req-3a6bad0e-5042-4219-a2e0-2055d4aa315d a025af208ae548f18e5131eebc0d979f 87e28f3eb5fb4e95acf3cde790ad3498 - - default default] 10.0.0.8 "GET /v2.0/security-groups?id=00adbd2d-93b4-4f3d-b316-c5aafcfe01d4&id=534a6f47-8a17-495d-9bbe-487ec3cc0846&fields=id&fields=name HTTP/1.1" status: 200 len: 406 time: 0.0596013
2026-05-19 23:29:08.451 9 INFO neutron.db.ovn_revision_numbers_db [None req-6690f671-2d4f-470e-accf-5d908d1db4fb - - - - - -] Successfully bumped revision number for resource 79a15f0d-c1a3-4079-966d-f606703bc4d8 (type: ports) to 5 /var/lib/openstack/lib/python3.12/site-packages/pycadf/identifier.py:71: UserWarning: Invalid uuid: neutron. To ensure interoperability, identifiers should be a valid uuid. warnings.warn(('Invalid uuid: %s. To ensure interoperability, '
2026-05-19 23:29:08.565 9 INFO neutron.api.wsgi [req-ae3cc14a-3841-462f-8459-050a81bb7768 req-3f76ffdb-89bf-4c97-8d24-ecccd9f98f3a cc31b5c2b9424ecb9645037996ada46e c96c6e27a9ad4153a5fe2bdca8059b16 - - default default] 10.0.0.8 "GET /v2.0/ports?device_id=15a96327-3380-4d97-b0e8-938c07845fa2 HTTP/1.1" status: 200 len: 1170 time: 0.0449924
2026-05-19 23:29:08.614 9 INFO neutron.api.wsgi [req-ae3cc14a-3841-462f-8459-050a81bb7768 req-b6495905-d572-4cc4-b614-c6442d8da26e cc31b5c2b9424ecb9645037996ada46e c96c6e27a9ad4153a5fe2bdca8059b16 - - default default] 10.0.0.8 "GET /v2.0/security-groups?id=b054adbb-877a-473d-a636-6b56d780efb8&fields=id&fields=name HTTP/1.1" status: 200 len: 286 time: 0.0405648
2026-05-19 23:29:08.685 9 INFO neutron.api.wsgi [None req-ab85563a-93b1-4568-a9b6-24374dc74cfe eb0d2623c53e48db976f2de4647ca773 d50e7a360b4541be98ca716eb753e820 - - default default] 10.0.0.114 "POST /v2.0/floatingips HTTP/1.1" status: 201 len: 751 time: 0.8732078
2026-05-19 23:29:08.694 9 WARNING neutron_lib.context [None req-28ff4471-b75e-4bf3-b912-d343baaeb6c0 eb0d2623c53e48db976f2de4647ca773 d50e7a360b4541be98ca716eb753e820 - - default default] Method 'is_advsvc' is deprecated since 2023.2 release (neutron-lib 3.8.0) and will be removed once support for the old RBAC API policies will be removed from Neutron. Please use method 'is_service_role' instead.
2026-05-19 23:29:08.845 9 INFO neutron.api.wsgi [-] 10.0.0.70 "GET / HTTP/1.1" status: 200 len: 246 time: 0.0019405
2026-05-19 23:29:08.845 10 INFO neutron.api.wsgi [-] 10.0.0.70 "GET / HTTP/1.1" status: 200 len: 246 time: 0.0022147
2026-05-19 23:29:08.910 9 WARNING neutron.scheduler.dhcp_agent_scheduler [None req-28ff4471-b75e-4bf3-b912-d343baaeb6c0 eb0d2623c53e48db976f2de4647ca773 d50e7a360b4541be98ca716eb753e820 - - default default] No more DHCP agents
2026-05-19 23:29:08.912 9 WARNING neutron.api.rpc.agentnotifiers.dhcp_rpc_agent_api [None req-28ff4471-b75e-4bf3-b912-d343baaeb6c0 eb0d2623c53e48db976f2de4647ca773 d50e7a360b4541be98ca716eb753e820 - - default default] Unable to schedule network b10a6dc3-7d4b-4d49-9b0b-250658397072: no agents available; will retry on subsequent port and subnet creation events. /var/lib/openstack/lib/python3.12/site-packages/pycadf/identifier.py:71: UserWarning: Invalid uuid: neutron. To ensure interoperability, identifiers should be a valid uuid. warnings.warn(('Invalid uuid: %s. To ensure interoperability, '
2026-05-19 23:29:09.020 10 INFO neutron.api.wsgi [req-f9fe8795-81c2-44cd-b414-e47b25544cfc req-79878916-6f02-4b27-bcce-113e62c978c7 a025af208ae548f18e5131eebc0d979f 87e28f3eb5fb4e95acf3cde790ad3498 - - default default] 199.204.45.113 "GET /v2.0/ports?device_id=7f030696-8834-4775-b006-9fc6b152ca80 HTTP/1.1" status: 200 len: 1208 time: 0.0799749
2026-05-19 23:29:09.222 9 INFO neutron.api.wsgi [None req-28ff4471-b75e-4bf3-b912-d343baaeb6c0 eb0d2623c53e48db976f2de4647ca773 d50e7a360b4541be98ca716eb753e820 - - default default] 10.0.0.114 "POST /v2.0/floatingips HTTP/1.1" status: 201 len: 751 time: 0.5319662
2026-05-19 23:29:09.231 9 WARNING neutron_lib.context [None req-a860176e-b8f8-4f43-90f7-163cef2dda49 eb0d2623c53e48db976f2de4647ca773 d50e7a360b4541be98ca716eb753e820 - - default default] Method 'is_advsvc' is deprecated since 2023.2 release (neutron-lib 3.8.0) and will be removed once support for the old RBAC API policies will be removed from Neutron. Please use method 'is_service_role' instead.
2026-05-19 23:29:09.345 10 INFO neutron.db.l3_db [req-f9fe8795-81c2-44cd-b414-e47b25544cfc req-b57bdff4-cc82-42f5-bca2-51224cafa2c2 a025af208ae548f18e5131eebc0d979f 87e28f3eb5fb4e95acf3cde790ad3498 - - default default] Floating IP 5e23ac3b-981d-4c07-aaa9-d56af1c3925f disassociated. External IP: 10.96.250.213, port: 078f5add-0d7c-4327-b7d7-17548e733e8b.
2026-05-19 23:29:09.480 10 INFO neutron.api.wsgi [req-f9fe8795-81c2-44cd-b414-e47b25544cfc req-b57bdff4-cc82-42f5-bca2-51224cafa2c2 a025af208ae548f18e5131eebc0d979f 87e28f3eb5fb4e95acf3cde790ad3498 - - default default] 199.204.45.113 "DELETE /v2.0/ports/078f5add-0d7c-4327-b7d7-17548e733e8b HTTP/1.1" status: 204 len: 173 time: 0.4559946 /var/lib/openstack/lib/python3.12/site-packages/pycadf/identifier.py:71: UserWarning: Invalid uuid: neutron. To ensure interoperability, identifiers should be a valid uuid. warnings.warn(('Invalid uuid: %s. To ensure interoperability, '
2026-05-19 23:29:09.515 9 INFO neutron.api.wsgi [req-af986ef4-1fa5-4da6-8f88-acc8b9aa615d req-cdf91da5-6b48-4893-b11f-61d8834cf5af a025af208ae548f18e5131eebc0d979f 87e28f3eb5fb4e95acf3cde790ad3498 - - default default] 10.0.0.8 "GET /v2.0/ports?device_id=7f030696-8834-4775-b006-9fc6b152ca80 HTTP/1.1" status: 200 len: 210 time: 0.0203500
2026-05-19 23:29:09.529 9 WARNING neutron.scheduler.dhcp_agent_scheduler [None req-a860176e-b8f8-4f43-90f7-163cef2dda49 eb0d2623c53e48db976f2de4647ca773 d50e7a360b4541be98ca716eb753e820 - - default default] No more DHCP agents
2026-05-19 23:29:09.530 9 WARNING neutron.api.rpc.agentnotifiers.dhcp_rpc_agent_api [None req-a860176e-b8f8-4f43-90f7-163cef2dda49 eb0d2623c53e48db976f2de4647ca773 d50e7a360b4541be98ca716eb753e820 - - default default] Unable to schedule network b10a6dc3-7d4b-4d49-9b0b-250658397072: no agents available; will retry on subsequent port and subnet creation events.
2026-05-19 23:29:09.535 10 INFO neutron.db.ovn_revision_numbers_db [None req-190062a9-d403-4654-8b8a-cc8cc024ffa3 cd01d9e63fc644b4a811d604a9183042 9f3c46f8450d40d8a7030348bf7b44e5 - - default default] Successfully bumped revision number for resource 342e64ff-b149-4d68-ac2e-2542680b5aaa (type: security_groups) to 1
2026-05-19 23:29:09.547 10 INFO neutron.db.ovn_revision_numbers_db [None req-190062a9-d403-4654-8b8a-cc8cc024ffa3 cd01d9e63fc644b4a811d604a9183042 9f3c46f8450d40d8a7030348bf7b44e5 - - default default] Successfully bumped revision number for resource 3dbf9f61-9366-4f4b-b353-b94a15b1ce0a (type: security_group_rules) to 0
2026-05-19 23:29:09.560 10 INFO neutron.db.ovn_revision_numbers_db [None req-190062a9-d403-4654-8b8a-cc8cc024ffa3 cd01d9e63fc644b4a811d604a9183042 9f3c46f8450d40d8a7030348bf7b44e5 - - default default] Successfully bumped revision number for resource 906af4f8-563d-4355-8a25-5c7a8ccf0d01 (type: security_group_rules) to 0
2026-05-19 23:29:09.572 10 INFO neutron.db.ovn_revision_numbers_db [None req-190062a9-d403-4654-8b8a-cc8cc024ffa3 cd01d9e63fc644b4a811d604a9183042 9f3c46f8450d40d8a7030348bf7b44e5 - - default default] Successfully bumped revision number for resource dea0b536-dd47-4ef9-bee5-06a489643841 (type: security_group_rules) to 0
2026-05-19 23:29:09.597 10 INFO neutron.db.ovn_revision_numbers_db [None req-190062a9-d403-4654-8b8a-cc8cc024ffa3 cd01d9e63fc644b4a811d604a9183042 9f3c46f8450d40d8a7030348bf7b44e5 - - default default] Successfully bumped revision number for resource e8f95c32-aa62-4ffa-be2e-0ef38d595f48 (type: security_group_rules) to 0
2026-05-19 23:29:09.636 10 INFO neutron.api.wsgi [None req-190062a9-d403-4654-8b8a-cc8cc024ffa3 cd01d9e63fc644b4a811d604a9183042 9f3c46f8450d40d8a7030348bf7b44e5 - - default default] 10.0.0.114 "GET /v2.0/security-groups?tenant_id=bc74917de1264dacb3475dca82e6b4a7&name=default HTTP/1.1" status: 200 len: 3120 time: 0.4376683
2026-05-19 23:29:09.818 9 INFO neutron.api.wsgi [req-4bf24ce5-a843-4da3-8630-4dc0714fb419 req-40ac357a-4319-47a8-9960-8ba20bc45181 cc31b5c2b9424ecb9645037996ada46e c96c6e27a9ad4153a5fe2bdca8059b16 - - default default] 10.0.0.8 "GET /v2.0/ports?device_id=15a96327-3380-4d97-b0e8-938c07845fa2 HTTP/1.1" status: 200 len: 1170 time: 0.1079032
2026-05-19 23:29:09.844 10 INFO neutron.api.wsgi [None req-dc9e39ad-0ae0-4bb2-a110-7a718df051d7 cd01d9e63fc644b4a811d604a9183042 9f3c46f8450d40d8a7030348bf7b44e5 - - default default] 10.0.0.114 "DELETE /v2.0/security-groups/342e64ff-b149-4d68-ac2e-2542680b5aaa HTTP/1.1" status: 204 len: 168 time: 0.1937041
2026-05-19 23:29:09.870 9 INFO neutron.api.wsgi [req-4bf24ce5-a843-4da3-8630-4dc0714fb419 req-cb288d5d-a40f-42b8-b3f4-6a07988ccaff cc31b5c2b9424ecb9645037996ada46e c96c6e27a9ad4153a5fe2bdca8059b16 - - default default] 10.0.0.8 "GET /v2.0/security-groups?id=b054adbb-877a-473d-a636-6b56d780efb8&fields=id&fields=name HTTP/1.1" status: 200 len: 286 time: 0.0461364
2026-05-19 23:29:09.904 10 INFO neutron.notifiers.nova [-] Nova event matching ['req-1b5bc937-2181-4aa6-8992-db3e7a830b5e'] response: {'server_uuid': '7f030696-8834-4775-b006-9fc6b152ca80', 'name': 'network-vif-unplugged', 'status': 'completed', 'tag': '078f5add-0d7c-4327-b7d7-17548e733e8b', 'code': 200}
2026-05-19 23:29:09.904 10 INFO neutron.notifiers.nova [-] Nova event matching ['req-1b5bc937-2181-4aa6-8992-db3e7a830b5e'] response: {'server_uuid': '7f030696-8834-4775-b006-9fc6b152ca80', 'name': 'network-vif-deleted', 'tag': '078f5add-0d7c-4327-b7d7-17548e733e8b', 'status': 'completed', 'code': 200}
2026-05-19 23:29:09.938 9 INFO neutron.api.wsgi [None req-a860176e-b8f8-4f43-90f7-163cef2dda49 eb0d2623c53e48db976f2de4647ca773 d50e7a360b4541be98ca716eb753e820 - - default default] 10.0.0.114 "POST /v2.0/floatingips HTTP/1.1" status: 201 len: 751 time: 0.7115119
2026-05-19 23:29:09.949 10 WARNING neutron_lib.context [None req-573fc60c-eb00-460f-ae77-9e35ac40ff7b eb0d2623c53e48db976f2de4647ca773 d50e7a360b4541be98ca716eb753e820 - - default default] Method 'is_advsvc' is deprecated since 2023.2 release (neutron-lib 3.8.0) and will be removed once support for the old RBAC API policies will be removed from Neutron. Please use method 'is_service_role' instead.
2026-05-19 23:29:10.101 10 INFO neutron.db.ovn_revision_numbers_db [None req-a56030ef-2e8f-41ef-807e-5d237315d988 cd01d9e63fc644b4a811d604a9183042 9f3c46f8450d40d8a7030348bf7b44e5 - - default default] Successfully bumped revision number for resource aa9996eb-3e40-429e-abd8-6a9fe684e89a (type: security_groups) to 1
2026-05-19 23:29:10.119 10 INFO neutron.db.ovn_revision_numbers_db [None req-a56030ef-2e8f-41ef-807e-5d237315d988 cd01d9e63fc644b4a811d604a9183042 9f3c46f8450d40d8a7030348bf7b44e5 - - default default] Successfully bumped revision number for resource 1be67a4d-1f82-468d-96ed-f8b120e506db (type: security_group_rules) to 0
2026-05-19 23:29:10.148 10 INFO neutron.db.ovn_revision_numbers_db [None req-a56030ef-2e8f-41ef-807e-5d237315d988 cd01d9e63fc644b4a811d604a9183042 9f3c46f8450d40d8a7030348bf7b44e5 - - default default] Successfully bumped revision number for resource 8d896fce-7b97-4f20-8889-edf7aac77125 (type: security_group_rules) to 0
2026-05-19 23:29:10.170 10 INFO neutron.db.ovn_revision_numbers_db [None req-a56030ef-2e8f-41ef-807e-5d237315d988 cd01d9e63fc644b4a811d604a9183042 9f3c46f8450d40d8a7030348bf7b44e5 - - default default] Successfully bumped revision number for resource d0baa775-0b5c-43be-9e83-0f3df2c45a07 (type: security_group_rules) to 0
2026-05-19 23:29:10.183 10 INFO neutron.db.ovn_revision_numbers_db [None req-a56030ef-2e8f-41ef-807e-5d237315d988 cd01d9e63fc644b4a811d604a9183042 9f3c46f8450d40d8a7030348bf7b44e5 - - default default] Successfully bumped revision number for resource e228c4f7-b626-4cb0-bba4-817a95a09da2 (type: security_group_rules) to 0
2026-05-19 23:29:10.208 10 WARNING neutron.scheduler.dhcp_agent_scheduler [None req-573fc60c-eb00-460f-ae77-9e35ac40ff7b eb0d2623c53e48db976f2de4647ca773 d50e7a360b4541be98ca716eb753e820 - - default default] No more DHCP agents
2026-05-19 23:29:10.211 10 WARNING neutron.api.rpc.agentnotifiers.dhcp_rpc_agent_api [None req-573fc60c-eb00-460f-ae77-9e35ac40ff7b eb0d2623c53e48db976f2de4647ca773 d50e7a360b4541be98ca716eb753e820 - - default default] Unable to schedule network b10a6dc3-7d4b-4d49-9b0b-250658397072: no agents available; will retry on subsequent port and subnet creation events.
2026-05-19 23:29:10.221 9 INFO neutron.api.wsgi [req-62110f68-1def-4c36-a531-64783a7dee38 req-8ef29352-0f09-45b9-8215-c1a2d448b236 cc31b5c2b9424ecb9645037996ada46e c96c6e27a9ad4153a5fe2bdca8059b16 - - default default] 10.0.0.8 "GET /v2.0/ports?device_id=15a96327-3380-4d97-b0e8-938c07845fa2 HTTP/1.1" status: 200 len: 1170 time: 0.0294685
2026-05-19 23:29:10.234 10 INFO neutron.api.wsgi [None req-a56030ef-2e8f-41ef-807e-5d237315d988 cd01d9e63fc644b4a811d604a9183042 9f3c46f8450d40d8a7030348bf7b44e5 - - default default] 10.0.0.114 "GET /v2.0/security-groups?tenant_id=1365da363dc54ae0b01759fed9b07554&name=default HTTP/1.1" status: 200 len: 3120 time: 0.2754741
2026-05-19 23:29:10.256 9 INFO neutron.api.wsgi [req-62110f68-1def-4c36-a531-64783a7dee38 req-e9269af5-171b-4bbf-ba3b-43a766b7818d cc31b5c2b9424ecb9645037996ada46e c96c6e27a9ad4153a5fe2bdca8059b16 - - default default] 10.0.0.8 "GET /v2.0/security-groups?id=b054adbb-877a-473d-a636-6b56d780efb8&fields=id&fields=name HTTP/1.1" status: 200 len: 286 time: 0.0282085
2026-05-19 23:29:10.328 9 INFO neutron.notifiers.nova [-] Nova event matching ['req-b57219a8-b301-4f05-8b18-9759d1f3b466'] response: {'server_uuid': '15a96327-3380-4d97-b0e8-938c07845fa2', 'name': 'network-vif-plugged', 'status': 'completed', 'tag': '79a15f0d-c1a3-4079-966d-f606703bc4d8', 'code': 200}
2026-05-19 23:29:10.455 10 INFO neutron.api.wsgi [None req-1f5014a7-88a0-4fdd-a581-973a7891a2f3 cd01d9e63fc644b4a811d604a9183042 9f3c46f8450d40d8a7030348bf7b44e5 - - default default] 10.0.0.114 "DELETE /v2.0/security-groups/aa9996eb-3e40-429e-abd8-6a9fe684e89a HTTP/1.1" status: 204 len: 168 time: 0.2153504
2026-05-19 23:29:10.523 10 INFO neutron.api.wsgi [None req-573fc60c-eb00-460f-ae77-9e35ac40ff7b eb0d2623c53e48db976f2de4647ca773 d50e7a360b4541be98ca716eb753e820 - - default default] 10.0.0.114 "POST /v2.0/floatingips HTTP/1.1" status: 201 len: 751 time: 0.5803823
2026-05-19 23:29:10.532 10 WARNING neutron_lib.context [None req-a39dceaa-2877-4dd0-b611-b44e7b9f57a1 eb0d2623c53e48db976f2de4647ca773 d50e7a360b4541be98ca716eb753e820 - - default default] Method 'is_advsvc' is deprecated since 2023.2 release (neutron-lib 3.8.0) and will be removed once support for the old RBAC API policies will be removed from Neutron. Please use method 'is_service_role' instead.
2026-05-19 23:29:10.596 9 INFO neutron.api.wsgi [req-5da75d92-f395-433e-ade3-8bd0f84d0578 req-c801a19e-0ce9-4a31-b52e-19dbad798ad9 a025af208ae548f18e5131eebc0d979f 87e28f3eb5fb4e95acf3cde790ad3498 - - default default] 10.0.0.8 "GET /v2.0/ports?device_id=7f030696-8834-4775-b006-9fc6b152ca80 HTTP/1.1" status: 200 len: 210 time: 0.0161693
2026-05-19 23:29:10.698 9 INFO neutron.plugins.ml2.drivers.ovn.mech_driver.mech_driver [None req-06af4208-13c6-4a76-a698-0c28a9c98c98 - - - - - -] OVN reports status down for port: 79a15f0d-c1a3-4079-966d-f606703bc4d8
2026-05-19 23:29:10.777 10 WARNING neutron.scheduler.dhcp_agent_scheduler [None req-a39dceaa-2877-4dd0-b611-b44e7b9f57a1 eb0d2623c53e48db976f2de4647ca773 d50e7a360b4541be98ca716eb753e820 - - default default] No more DHCP agents
2026-05-19 23:29:10.779 10 WARNING neutron.api.rpc.agentnotifiers.dhcp_rpc_agent_api [None req-a39dceaa-2877-4dd0-b611-b44e7b9f57a1 eb0d2623c53e48db976f2de4647ca773 d50e7a360b4541be98ca716eb753e820 - - default default] Unable to schedule network b10a6dc3-7d4b-4d49-9b0b-250658397072: no agents available; will retry on subsequent port and subnet creation events.
2026-05-19 23:29:10.951 9 INFO neutron.db.ovn_revision_numbers_db [None req-06af4208-13c6-4a76-a698-0c28a9c98c98 - - - - - -] Successfully bumped revision number for resource 79a15f0d-c1a3-4079-966d-f606703bc4d8 (type: ports) to 6
2026-05-19 23:29:11.090 10 INFO neutron.api.wsgi [None req-a39dceaa-2877-4dd0-b611-b44e7b9f57a1 eb0d2623c53e48db976f2de4647ca773 d50e7a360b4541be98ca716eb753e820 - - default default] 10.0.0.114 "POST /v2.0/floatingips HTTP/1.1" status: 201 len: 751 time: 0.5608630
2026-05-19 23:29:11.146 10 INFO neutron.api.wsgi [None req-7f44a95c-7a53-411f-b532-6b93ff774da1 eb0d2623c53e48db976f2de4647ca773 d50e7a360b4541be98ca716eb753e820 - - default default] 10.0.0.114 "PUT /v2.0/floatingips/1725f0a4-0bfb-46ac-9c05-724ee620f809/tags HTTP/1.1" status: 200 len: 210 time: 0.0506103
2026-05-19 23:29:11.181 10 INFO neutron.api.wsgi [None req-363ea74f-98e3-41d2-b525-d95519e38385 eb0d2623c53e48db976f2de4647ca773 d50e7a360b4541be98ca716eb753e820 - - default default] 10.0.0.114 "PUT /v2.0/floatingips/c42e65a5-a26d-499c-bdef-a2b4847db39d/tags HTTP/1.1" status: 200 len: 218 time: 0.0304985
2026-05-19 23:29:11.217 10 INFO neutron.api.wsgi [None req-643b2004-7d17-4215-b0f3-0a58fcd91004 eb0d2623c53e48db976f2de4647ca773 d50e7a360b4541be98ca716eb753e820 - - default default] 10.0.0.114 "PUT /v2.0/floatingips/b334252c-c008-415a-9721-23bd68aa2c27/tags HTTP/1.1" status: 200 len: 227 time: 0.0322039
2026-05-19 23:29:11.254 10 INFO neutron.api.wsgi [None req-f2e10066-42e9-433d-8a7c-d24f207a27f2 eb0d2623c53e48db976f2de4647ca773 d50e7a360b4541be98ca716eb753e820 - - default default] 10.0.0.114 "PUT /v2.0/floatingips/270b75dd-31c1-4e04-9061-541dea1bc687/tags HTTP/1.1" status: 200 len: 212 time: 0.0331497
2026-05-19 23:29:11.292 10 INFO neutron.api.wsgi [None req-215cafde-5f15-4ed2-aca3-a613f9c8c06c eb0d2623c53e48db976f2de4647ca773 d50e7a360b4541be98ca716eb753e820 - - default default] 10.0.0.114 "GET /v2.0/floatingips?tags=red HTTP/1.1" status: 200 len: 1866 time: 0.0326011 /var/lib/openstack/lib/python3.12/site-packages/pycadf/identifier.py:71: UserWarning: Invalid uuid: neutron. To ensure interoperability, identifiers should be a valid uuid. warnings.warn(('Invalid uuid: %s. To ensure interoperability, '
2026-05-19 23:29:11.334 10 INFO neutron.api.wsgi [None req-5881bf98-36ca-4d10-b6c2-6d5232063dec eb0d2623c53e48db976f2de4647ca773 d50e7a360b4541be98ca716eb753e820 - - default default] 10.0.0.114 "GET /v2.0/floatingips?tags=red%2Cblue HTTP/1.1" status: 200 len: 1323 time: 0.0368168
2026-05-19 23:29:11.379 9 INFO neutron.api.wsgi [req-7cf62765-e6ec-4b57-bfd5-891cab8e6fd0 req-6dfa1416-8951-400f-8118-13c78b0a569d cc31b5c2b9424ecb9645037996ada46e c96c6e27a9ad4153a5fe2bdca8059b16 - - default default] 10.0.0.8 "GET /v2.0/ports?device_id=15a96327-3380-4d97-b0e8-938c07845fa2 HTTP/1.1" status: 200 len: 1168 time: 0.0643733
2026-05-19 23:29:11.382 9 INFO neutron.api.wsgi [None req-1e4c086d-329e-4396-96fd-c14909e7cf15 eb0d2623c53e48db976f2de4647ca773 d50e7a360b4541be98ca716eb753e820 - - default default] 10.0.0.114 "GET /v2.0/floatingips?tags-any=blue HTTP/1.1" status: 200 len: 1323 time: 0.0436699
2026-05-19 23:29:11.411 9 INFO neutron.api.wsgi [req-7cf62765-e6ec-4b57-bfd5-891cab8e6fd0 req-62f5abe5-dd7b-4a44-860f-4c85bef40403 cc31b5c2b9424ecb9645037996ada46e c96c6e27a9ad4153a5fe2bdca8059b16 - - default default] 10.0.0.8 "GET /v2.0/security-groups?id=b054adbb-877a-473d-a636-6b56d780efb8&fields=id&fields=name HTTP/1.1" status: 200 len: 286 time: 0.0252447
2026-05-19 23:29:11.442 10 INFO neutron.api.wsgi [None req-6491212c-995d-48b3-9cbf-67943d858e00 eb0d2623c53e48db976f2de4647ca773 d50e7a360b4541be98ca716eb753e820 - - default default] 10.0.0.114 "GET /v2.0/floatingips?tags-any=red%2Cblue HTTP/1.1" status: 200 len: 1866 time: 0.0540338
2026-05-19 23:29:11.492 10 INFO neutron.api.wsgi [None req-1c6ce715-17a1-4d94-a4b5-4913c6c4656d eb0d2623c53e48db976f2de4647ca773 d50e7a360b4541be98ca716eb753e820 - - default default] 10.0.0.114 "GET /v2.0/floatingips?not-tags=red HTTP/1.1" status: 200 len: 1295 time: 0.0458984
2026-05-19 23:29:11.856 9 INFO neutron.api.wsgi [None req-8abfa75e-6dc1-4a46-b99c-9d4b47f8d356 eb0d2623c53e48db976f2de4647ca773 d50e7a360b4541be98ca716eb753e820 - - default default] 10.0.0.114 "GET /v2.0/floatingips?not-tags=red%2Cblue HTTP/1.1" status: 200 len: 1838 time: 0.3530674
2026-05-19 23:29:11.862 9 INFO neutron.api.wsgi [req-8a264725-11a4-448c-b67c-db85d48b4f01 req-3467701d-8b7b-4af9-895c-aa8fcc4b4536 a025af208ae548f18e5131eebc0d979f 87e28f3eb5fb4e95acf3cde790ad3498 - - default default] 10.0.0.8 "GET /v2.0/ports?device_id=7f030696-8834-4775-b006-9fc6b152ca80 HTTP/1.1" status: 200 len: 210 time: 0.0171478
2026-05-19 23:29:11.909 10 INFO neutron.api.wsgi [None req-800748d9-466b-44bc-bf8e-693f30c449e6 eb0d2623c53e48db976f2de4647ca773 d50e7a360b4541be98ca716eb753e820 - - default default] 10.0.0.114 "GET /v2.0/floatingips?not-tags-any=blue HTTP/1.1" status: 200 len: 1838 time: 0.0457602
2026-05-19 23:29:11.955 9 INFO neutron.api.wsgi [None req-583ae31f-a236-431d-a91e-46ded11557e1 eb0d2623c53e48db976f2de4647ca773 d50e7a360b4541be98ca716eb753e820 - - default default] 10.0.0.114 "GET /v2.0/floatingips?not-tags-any=red%2Cblue HTTP/1.1" status: 200 len: 1295 time: 0.0373738
2026-05-19 23:29:12.031 10 INFO neutron.api.wsgi [req-5cb7a13d-2aa9-4d62-a8ff-c5daae4bedbb req-79640f77-3136-4c55-86e6-abf9468f0dde cc31b5c2b9424ecb9645037996ada46e c96c6e27a9ad4153a5fe2bdca8059b16 - - default default] 199.204.45.113 "GET /v2.0/ports?device_id=15a96327-3380-4d97-b0e8-938c07845fa2 HTTP/1.1" status: 200 len: 1168 time: 0.0683250
2026-05-19 23:29:12.214 9 INFO neutron.api.wsgi [None req-e47fd174-719f-42f8-9276-37651100e5a0 eb0d2623c53e48db976f2de4647ca773 d50e7a360b4541be98ca716eb753e820 - - default default] 10.0.0.114 "DELETE /v2.0/floatingips/1725f0a4-0bfb-46ac-9c05-724ee620f809 HTTP/1.1" status: 204 len: 168 time: 0.2539666
2026-05-19 23:29:12.280 10 INFO neutron.api.wsgi [req-5cb7a13d-2aa9-4d62-a8ff-c5daae4bedbb req-038590b1-4ebf-4e49-b1d7-ccf8802043bb cc31b5c2b9424ecb9645037996ada46e c96c6e27a9ad4153a5fe2bdca8059b16 - - default default] 199.204.45.113 "DELETE /v2.0/ports/79a15f0d-c1a3-4079-966d-f606703bc4d8 HTTP/1.1" status: 204 len: 173 time: 0.2443511
2026-05-19 23:29:12.309 10 INFO neutron.notifiers.nova [-] Nova event matching ['req-b443c44a-1bf8-4c32-a5b2-35bd57cb934a'] response: {'server_uuid': '15a96327-3380-4d97-b0e8-938c07845fa2', 'name': 'network-vif-deleted', 'tag': '79a15f0d-c1a3-4079-966d-f606703bc4d8', 'status': 'completed', 'code': 200}
2026-05-19 23:29:12.361 9 INFO neutron.notifiers.nova [-] Nova event matching ['req-717de811-f661-4c46-ac3c-11ce28e0ec58'] response: {'server_uuid': '15a96327-3380-4d97-b0e8-938c07845fa2', 'name': 'network-vif-unplugged', 'status': 'completed', 'tag': '79a15f0d-c1a3-4079-966d-f606703bc4d8', 'code': 200}
2026-05-19 23:29:12.362 9 INFO neutron.notifiers.nova [-] Nova event matching ['req-717de811-f661-4c46-ac3c-11ce28e0ec58'] response: {'server_uuid': '15a96327-3380-4d97-b0e8-938c07845fa2', 'name': 'network-vif-unplugged', 'status': 'completed', 'tag': '79a15f0d-c1a3-4079-966d-f606703bc4d8', 'code': 200}
2026-05-19 23:29:12.494 9 INFO neutron.api.wsgi [req-34cd6588-aaef-477c-b1c4-2e65881221b7 req-4c6832b6-3f60-4124-b3d1-ec3ab6708a20 cc31b5c2b9424ecb9645037996ada46e c96c6e27a9ad4153a5fe2bdca8059b16 - - default default] 10.0.0.8 "GET /v2.0/ports?device_id=15a96327-3380-4d97-b0e8-938c07845fa2 HTTP/1.1" status: 200 len: 210 time: 0.0155873
2026-05-19 23:29:12.504 9 INFO neutron.api.wsgi [None req-ee4ebc8f-b9b6-4723-b998-a6f2b42ee877 eb0d2623c53e48db976f2de4647ca773 d50e7a360b4541be98ca716eb753e820 - - default default] 10.0.0.114 "DELETE /v2.0/floatingips/c42e65a5-a26d-499c-bdef-a2b4847db39d HTTP/1.1" status: 204 len: 168 time: 0.2845654
2026-05-19 23:29:12.751 9 INFO neutron.api.wsgi [None req-ce24a1c7-0bee-4251-8d12-a20ecf85e581 eb0d2623c53e48db976f2de4647ca773 d50e7a360b4541be98ca716eb753e820 - - default default] 10.0.0.114 "DELETE /v2.0/floatingips/b334252c-c008-415a-9721-23bd68aa2c27 HTTP/1.1" status: 204 len: 168 time: 0.2417562
2026-05-19 23:29:13.031 9 INFO neutron.api.wsgi [None req-5d98e20e-218f-4fa8-845b-e65b194e7100 eb0d2623c53e48db976f2de4647ca773 d50e7a360b4541be98ca716eb753e820 - - default default] 10.0.0.114 "DELETE /v2.0/floatingips/270b75dd-31c1-4e04-9061-541dea1bc687 HTTP/1.1" status: 204 len: 168 time: 0.2752125
2026-05-19 23:29:13.163 9 INFO neutron.api.wsgi [None req-0d0101c9-db3c-4c08-be79-abf6d40e3d1b a025af208ae548f18e5131eebc0d979f 87e28f3eb5fb4e95acf3cde790ad3498 - - default default] 10.0.0.114 "DELETE /v2.0/security-groups/00adbd2d-93b4-4f3d-b316-c5aafcfe01d4 HTTP/1.1" status: 204 len: 168 time: 0.1471407
2026-05-19 23:29:13.183 10 INFO neutron.api.v2.resource [None req-8db53ef8-7cfa-4b72-915d-dad8b1b4361e a025af208ae548f18e5131eebc0d979f 87e28f3eb5fb4e95acf3cde790ad3498 - - default default] show failed (client error): The resource could not be found.
2026-05-19 23:29:13.184 10 INFO neutron.api.wsgi [None req-8db53ef8-7cfa-4b72-915d-dad8b1b4361e a025af208ae548f18e5131eebc0d979f 87e28f3eb5fb4e95acf3cde790ad3498 - - default default] 10.0.0.114 "GET /v2.0/security-groups/00adbd2d-93b4-4f3d-b316-c5aafcfe01d4 HTTP/1.1" status: 404 len: 347 time: 0.0138211
2026-05-19 23:29:13.351 9 INFO neutron.api.wsgi [None req-da9663c6-1919-40a4-b4a8-5eb4c83ac38f eb0d2623c53e48db976f2de4647ca773 d50e7a360b4541be98ca716eb753e820 - - default default] 10.0.0.114 "DELETE /v2.0/floatingips/044938c7-9fb3-4363-888e-b1e71e2c31e0 HTTP/1.1" status: 204 len: 168 time: 0.3135223
2026-05-19 23:29:13.490 10 INFO neutron.api.wsgi [None req-f93020ef-4af3-40db-8716-27d4a40e252a a025af208ae548f18e5131eebc0d979f 87e28f3eb5fb4e95acf3cde790ad3498 - - default default] 10.0.0.114 "DELETE /v2.0/floatingips/5e23ac3b-981d-4c07-aaa9-d56af1c3925f HTTP/1.1" status: 204 len: 168 time: 0.3000085
2026-05-19 23:29:13.583 9 INFO neutron.api.wsgi [req-a5d89be5-ae8c-4b9d-b39a-798c44bb8b98 req-628485cb-d303-454f-8233-3dbb04d816a8 cc31b5c2b9424ecb9645037996ada46e c96c6e27a9ad4153a5fe2bdca8059b16 - - default default] 10.0.0.8 "GET /v2.0/ports?device_id=15a96327-3380-4d97-b0e8-938c07845fa2 HTTP/1.1" status: 200 len: 210 time: 0.0189774
2026-05-19 23:29:13.633 10 INFO neutron.api.wsgi [None req-132bcba6-5217-40e5-ab5b-8ca51798c1b5 a025af208ae548f18e5131eebc0d979f 87e28f3eb5fb4e95acf3cde790ad3498 - - default default] 10.0.0.114 "DELETE /v2.0/security-groups/534a6f47-8a17-495d-9bbe-487ec3cc0846 HTTP/1.1" status: 204 len: 168 time: 0.1363733
2026-05-19 23:29:14.386 9 INFO neutron.db.ovn_revision_numbers_db [None req-ce3ef224-4e17-4460-b2ae-20dedcc2e1c8 cd01d9e63fc644b4a811d604a9183042 9f3c46f8450d40d8a7030348bf7b44e5 - - default default] Successfully bumped revision number for resource fbecf88b-8b0b-4ae5-826f-b202acd13df5 (type: security_groups) to 1
2026-05-19 23:29:14.401 9 INFO neutron.db.ovn_revision_numbers_db [None req-ce3ef224-4e17-4460-b2ae-20dedcc2e1c8 cd01d9e63fc644b4a811d604a9183042 9f3c46f8450d40d8a7030348bf7b44e5 - - default default] Successfully bumped revision number for resource 01c74524-75fa-4d73-81bc-69f1b815d55f (type: security_group_rules) to 0
2026-05-19 23:29:14.404 9 INFO neutron.db.ovn_revision_numbers_db [None req-998dc24f-2fa4-4dcb-ab6f-89e2ec00361e cd01d9e63fc644b4a811d604a9183042 9f3c46f8450d40d8a7030348bf7b44e5 - - default default] Successfully bumped revision number for resource 299379b9-5867-436b-8616-90d47d54cb84 (type: security_groups) to 1
2026-05-19 23:29:14.418 9 INFO neutron.db.ovn_revision_numbers_db [None req-ce3ef224-4e17-4460-b2ae-20dedcc2e1c8 cd01d9e63fc644b4a811d604a9183042 9f3c46f8450d40d8a7030348bf7b44e5 - - default default] Successfully bumped revision number for resource 808f4e6d-8830-4e33-9dea-308a3343c151 (type: security_group_rules) to 0
2026-05-19 23:29:14.420 9 INFO neutron.db.ovn_revision_numbers_db [None req-998dc24f-2fa4-4dcb-ab6f-89e2ec00361e cd01d9e63fc644b4a811d604a9183042 9f3c46f8450d40d8a7030348bf7b44e5 - - default default] Successfully bumped revision number for resource 29cd51f3-4c01-4b03-b8b8-deb0ca547e9f (type: security_group_rules) to 0
2026-05-19 23:29:14.432 9 INFO neutron.db.ovn_revision_numbers_db [None req-ce3ef224-4e17-4460-b2ae-20dedcc2e1c8 cd01d9e63fc644b4a811d604a9183042 9f3c46f8450d40d8a7030348bf7b44e5 - - default default] Successfully bumped revision number for resource 9591a713-c2cf-4979-9379-4948ed4b8cbf (type: security_group_rules) to 0
2026-05-19 23:29:14.436 9 INFO neutron.db.ovn_revision_numbers_db [None req-998dc24f-2fa4-4dcb-ab6f-89e2ec00361e cd01d9e63fc644b4a811d604a9183042 9f3c46f8450d40d8a7030348bf7b44e5 - - default default] Successfully bumped revision number for resource 352fefcb-1a02-4d5a-8553-36f13d6d16b5 (type: security_group_rules) to 0
2026-05-19 23:29:14.446 9 INFO neutron.db.ovn_revision_numbers_db [None req-ce3ef224-4e17-4460-b2ae-20dedcc2e1c8 cd01d9e63fc644b4a811d604a9183042 9f3c46f8450d40d8a7030348bf7b44e5 - - default default] Successfully bumped revision number for resource dc0a1e5b-8aca-47e4-b7eb-21d34f1a9a80 (type: security_group_rules) to 0
2026-05-19 23:29:14.455 9 INFO neutron.db.ovn_revision_numbers_db [None req-998dc24f-2fa4-4dcb-ab6f-89e2ec00361e cd01d9e63fc644b4a811d604a9183042 9f3c46f8450d40d8a7030348bf7b44e5 - - default default] Successfully bumped revision number for resource aafaf9e7-6a5d-42b2-975b-302a6569590e (type: security_group_rules) to 0
2026-05-19 23:29:14.471 9 INFO neutron.db.ovn_revision_numbers_db [None req-998dc24f-2fa4-4dcb-ab6f-89e2ec00361e cd01d9e63fc644b4a811d604a9183042 9f3c46f8450d40d8a7030348bf7b44e5 - - default default] Successfully bumped revision number for resource c2336c2a-5f0c-4e20-a6fb-baf7d8aaae65 (type: security_group_rules) to 0
2026-05-19 23:29:14.482 9 INFO neutron.api.wsgi [None req-ce3ef224-4e17-4460-b2ae-20dedcc2e1c8 cd01d9e63fc644b4a811d604a9183042 9f3c46f8450d40d8a7030348bf7b44e5 - - default default] 10.0.0.114 "GET /v2.0/security-groups?tenant_id=d50e7a360b4541be98ca716eb753e820&name=default HTTP/1.1" status: 200 len: 3120 time: 0.3428504
2026-05-19 23:29:14.506 9 INFO neutron.api.wsgi [None req-998dc24f-2fa4-4dcb-ab6f-89e2ec00361e cd01d9e63fc644b4a811d604a9183042 9f3c46f8450d40d8a7030348bf7b44e5 - - default default] 10.0.0.114 "GET /v2.0/security-groups?tenant_id=ac509318e212452b89bfd833009d3f5e&name=default HTTP/1.1" status: 200 len: 3120 time: 0.4177423
2026-05-19 23:29:14.669 9 INFO neutron.api.wsgi [req-5b818ac2-9b8b-4abe-851a-36070b13e577 req-5c0e9765-53e7-4bcb-9017-dd40f6d13c32 cc31b5c2b9424ecb9645037996ada46e c96c6e27a9ad4153a5fe2bdca8059b16 - - default default] 10.0.0.8 "GET /v2.0/ports?device_id=15a96327-3380-4d97-b0e8-938c07845fa2 HTTP/1.1" status: 200 len: 210 time: 0.0145547
2026-05-19 23:29:14.717 9 INFO neutron.api.wsgi [None req-006e8980-1139-4418-98fd-a845c7247d52 cd01d9e63fc644b4a811d604a9183042 9f3c46f8450d40d8a7030348bf7b44e5 - - default default] 10.0.0.114 "DELETE /v2.0/security-groups/299379b9-5867-436b-8616-90d47d54cb84 HTTP/1.1" status: 204 len: 168 time: 0.2021272
2026-05-19 23:29:14.730 10 INFO neutron.api.wsgi [None req-3189d4c8-a3d4-4cb6-8d31-259e23baaf0f cd01d9e63fc644b4a811d604a9183042 9f3c46f8450d40d8a7030348bf7b44e5 - - default default] 10.0.0.114 "DELETE /v2.0/security-groups/fbecf88b-8b0b-4ae5-826f-b202acd13df5 HTTP/1.1" status: 204 len: 168 time: 0.2425981
2026-05-19 23:29:14.920 9 INFO neutron.db.ovn_revision_numbers_db [None req-3e47c785-3499-4823-93b3-e1c37ab4b533 cd01d9e63fc644b4a811d604a9183042 9f3c46f8450d40d8a7030348bf7b44e5 - - default default] Successfully bumped revision number for resource 09ea68b4-9fee-4fa6-8eb1-8f5d016ca7d8 (type: security_groups) to 1
2026-05-19 23:29:14.934 9 INFO neutron.db.ovn_revision_numbers_db [None req-3e47c785-3499-4823-93b3-e1c37ab4b533 cd01d9e63fc644b4a811d604a9183042 9f3c46f8450d40d8a7030348bf7b44e5 - - default default] Successfully bumped revision number for resource 4cc73930-1b17-4dea-a071-9826cc4975e9 (type: security_group_rules) to 0
2026-05-19 23:29:14.948 9 INFO neutron.db.ovn_revision_numbers_db [None req-3e47c785-3499-4823-93b3-e1c37ab4b533 cd01d9e63fc644b4a811d604a9183042 9f3c46f8450d40d8a7030348bf7b44e5 - - default default] Successfully bumped revision number for resource 88991019-e2cf-4114-8ade-7010149b6c30 (type: security_group_rules) to 0
2026-05-19 23:29:14.961 9 INFO neutron.db.ovn_revision_numbers_db [None req-3e47c785-3499-4823-93b3-e1c37ab4b533 cd01d9e63fc644b4a811d604a9183042 9f3c46f8450d40d8a7030348bf7b44e5 - - default default] Successfully bumped revision number for resource d54e6767-9e77-47d0-8c60-ccef4730b8a6 (type: security_group_rules) to 0
2026-05-19 23:29:14.965 9 INFO neutron.db.ovn_revision_numbers_db [None req-cf61aa44-a15e-43c0-b538-877357ad15df cd01d9e63fc644b4a811d604a9183042 9f3c46f8450d40d8a7030348bf7b44e5 - - default default] Successfully bumped revision number for resource 4fe63cf3-7e4d-4b75-9b5c-53a328cc9145 (type: security_groups) to 1
2026-05-19 23:29:14.976 9 INFO neutron.db.ovn_revision_numbers_db [None req-3e47c785-3499-4823-93b3-e1c37ab4b533 cd01d9e63fc644b4a811d604a9183042 9f3c46f8450d40d8a7030348bf7b44e5 - - default default] Successfully bumped revision number for resource eb745a66-ad34-42af-9fba-8f6fe05b4007 (type: security_group_rules) to 0
2026-05-19 23:29:14.980 9 INFO neutron.db.ovn_revision_numbers_db [None req-cf61aa44-a15e-43c0-b538-877357ad15df cd01d9e63fc644b4a811d604a9183042 9f3c46f8450d40d8a7030348bf7b44e5 - - default default] Successfully bumped revision number for resource 1a758340-34d0-42fd-b342-e3c830c4d19e (type: security_group_rules) to 0
2026-05-19 23:29:14.999 9 INFO neutron.db.ovn_revision_numbers_db [None req-cf61aa44-a15e-43c0-b538-877357ad15df cd01d9e63fc644b4a811d604a9183042 9f3c46f8450d40d8a7030348bf7b44e5 - - default default] Successfully bumped revision number for resource 3172301d-4878-4090-a8e4-835ebf81bd5e (type: security_group_rules) to 0
2026-05-19 23:29:15.013 9 INFO neutron.api.wsgi [None req-3e47c785-3499-4823-93b3-e1c37ab4b533 cd01d9e63fc644b4a811d604a9183042 9f3c46f8450d40d8a7030348bf7b44e5 - - default default] 10.0.0.114 "GET /v2.0/security-groups?tenant_id=cabde55c3e95458f87c86695c70c6c9d&name=default HTTP/1.1" status: 200 len: 3120 time: 0.2179840
2026-05-19 23:29:15.014 9 INFO neutron.db.ovn_revision_numbers_db [None req-cf61aa44-a15e-43c0-b538-877357ad15df cd01d9e63fc644b4a811d604a9183042 9f3c46f8450d40d8a7030348bf7b44e5 - - default default] Successfully bumped revision number for resource 618eb75a-65d8-4d95-a5d2-5d8271c5e75f (type: security_group_rules) to 0
2026-05-19 23:29:15.030 9 INFO neutron.db.ovn_revision_numbers_db [None req-cf61aa44-a15e-43c0-b538-877357ad15df cd01d9e63fc644b4a811d604a9183042 9f3c46f8450d40d8a7030348bf7b44e5 - - default default] Successfully bumped revision number for resource ee5582b9-523e-4167-922f-1434311c01f6 (type: security_group_rules) to 0
2026-05-19 23:29:15.070 9 INFO neutron.api.wsgi [None req-cf61aa44-a15e-43c0-b538-877357ad15df cd01d9e63fc644b4a811d604a9183042 9f3c46f8450d40d8a7030348bf7b44e5 - - default default] 10.0.0.114 "GET /v2.0/security-groups?tenant_id=cec52aa8ae2d41038ec4a6d5d59c9968&name=default HTTP/1.1" status: 200 len: 3120 time: 0.2314265
2026-05-19 23:29:15.141 10 INFO neutron.api.wsgi [None req-edffdb8d-894e-4c77-aaa5-8f42d8027537 cd01d9e63fc644b4a811d604a9183042 9f3c46f8450d40d8a7030348bf7b44e5 - - default default] 10.0.0.114 "PUT /v2.0/routers/7c76861e-1d8b-4b66-8380-d66779d9fb5c/remove_router_interface HTTP/1.1" status: 200 len: 503 time: 1.4664118 /var/lib/openstack/lib/python3.12/site-packages/pycadf/identifier.py:71: UserWarning: Invalid uuid: neutron. To ensure interoperability, identifiers should be a valid uuid. warnings.warn(('Invalid uuid: %s. To ensure interoperability, '
2026-05-19 23:29:15.241 9 INFO neutron.api.wsgi [None req-525b7034-7c82-4277-a6a8-6ffffb4dca02 cd01d9e63fc644b4a811d604a9183042 9f3c46f8450d40d8a7030348bf7b44e5 - - default default] 10.0.0.114 "DELETE /v2.0/security-groups/09ea68b4-9fee-4fa6-8eb1-8f5d016ca7d8 HTTP/1.1" status: 204 len: 168 time: 0.2218187
2026-05-19 23:29:15.280 9 INFO neutron.api.wsgi [None req-0a8060f0-76fb-4cfe-ad67-25585468672e cd01d9e63fc644b4a811d604a9183042 9f3c46f8450d40d8a7030348bf7b44e5 - - default default] 10.0.0.114 "DELETE /v2.0/security-groups/4fe63cf3-7e4d-4b75-9b5c-53a328cc9145 HTTP/1.1" status: 204 len: 168 time: 0.2027886
2026-05-19 23:29:15.506 9 INFO neutron.db.ovn_revision_numbers_db [None req-83875e91-463b-4cdc-9fdb-fb59abeac7df cd01d9e63fc644b4a811d604a9183042 9f3c46f8450d40d8a7030348bf7b44e5 - - default default] Successfully bumped revision number for resource ba0221fb-6776-483e-934f-2c2132816f41 (type: security_groups) to 1
2026-05-19 23:29:15.521 9 INFO neutron.db.ovn_revision_numbers_db [None req-83875e91-463b-4cdc-9fdb-fb59abeac7df cd01d9e63fc644b4a811d604a9183042 9f3c46f8450d40d8a7030348bf7b44e5 - - default default] Successfully bumped revision number for resource 5371591e-6d86-4698-a949-38e619a17ca3 (type: security_group_rules) to 0
2026-05-19 23:29:15.535 9 INFO neutron.db.ovn_revision_numbers_db [None req-83875e91-463b-4cdc-9fdb-fb59abeac7df cd01d9e63fc644b4a811d604a9183042 9f3c46f8450d40d8a7030348bf7b44e5 - - default default] Successfully bumped revision number for resource 71d947fd-f3af-4b32-8351-8e95cdbed1ca (type: security_group_rules) to 0
2026-05-19 23:29:15.552 9 INFO neutron.db.ovn_revision_numbers_db [None req-83875e91-463b-4cdc-9fdb-fb59abeac7df cd01d9e63fc644b4a811d604a9183042 9f3c46f8450d40d8a7030348bf7b44e5 - - default default] Successfully bumped revision number for resource a06f555a-96e7-45a8-970c-335f4e937844 (type: security_group_rules) to 0
2026-05-19 23:29:15.565 9 INFO neutron.db.ovn_revision_numbers_db [None req-83875e91-463b-4cdc-9fdb-fb59abeac7df cd01d9e63fc644b4a811d604a9183042 9f3c46f8450d40d8a7030348bf7b44e5 - - default default] Successfully bumped revision number for resource cb8ccfcc-d2f5-4323-aeb6-bfb6213cc5c1 (type: security_group_rules) to 0
2026-05-19 23:29:15.600 9 INFO neutron.api.wsgi [None req-83875e91-463b-4cdc-9fdb-fb59abeac7df cd01d9e63fc644b4a811d604a9183042 9f3c46f8450d40d8a7030348bf7b44e5 - - default default] 10.0.0.114 "GET /v2.0/security-groups?tenant_id=330e806d28ca4b94825b8a97414a5d5a&name=default HTTP/1.1" status: 200 len: 3120 time: 0.1957154
2026-05-19 23:29:15.722 10 INFO neutron.api.wsgi [None req-388c2e5c-3dd1-4ad0-9cd8-c78aa4688741 cd01d9e63fc644b4a811d604a9183042 9f3c46f8450d40d8a7030348bf7b44e5 - - default default] 10.0.0.114 "DELETE /v2.0/routers/7c76861e-1d8b-4b66-8380-d66779d9fb5c HTTP/1.1" status: 204 len: 168 time: 0.5675218
2026-05-19 23:29:15.798 9 INFO neutron.api.wsgi [None req-0bf7bde8-96e4-4f2f-9bf7-394c16b96271 cd01d9e63fc644b4a811d604a9183042 9f3c46f8450d40d8a7030348bf7b44e5 - - default default] 10.0.0.114 "DELETE /v2.0/security-groups/ba0221fb-6776-483e-934f-2c2132816f41 HTTP/1.1" status: 204 len: 168 time: 0.1924598
2026-05-19 23:29:15.881 9 INFO neutron.api.wsgi [None req-541ddf89-2158-4be8-a220-4e5ce16b7d36 cd01d9e63fc644b4a811d604a9183042 9f3c46f8450d40d8a7030348bf7b44e5 - - default default] 10.0.0.114 "DELETE /v2.0/subnets/d8eeffa0-e0fa-43e5-b7c1-4c15d526cbd9 HTTP/1.1" status: 204 len: 168 time: 0.1533747
2026-05-19 23:29:16.150 15 INFO neutron.db.ovn_revision_numbers_db [None req-5b0c4391-0861-451a-885a-a0f4d373c145 - - - - - -] Successfully bumped revision number for resource 2ecb8915-4d0c-451e-95a4-3d9c882102bb (type: networks) to 3
2026-05-19 23:29:16.160 9 INFO neutron.services.segments.plugin [-] Segment 19cfa433-35c0-4e05-8dff-30ce4381e206 resource provider aggregate not found
2026-05-19 23:29:16.165 9 INFO neutron.services.segments.plugin [-] Segment 19cfa433-35c0-4e05-8dff-30ce4381e206 resource provider aggregate not found
2026-05-19 23:29:16.178 9 INFO neutron.services.segments.plugin [-] Segment 19cfa433-35c0-4e05-8dff-30ce4381e206 resource provider not found; error: Placement Client Error (4xx): {"errors": [{"status": 404, "title": "Not Found", "detail": "The resource could not be found.\n\n No resource provider with uuid 19cfa433-35c0-4e05-8dff-30ce4381e206 found for delete ", "request_id": "req-61c17423-679f-4e82-b3e2-d9d5b7629bad"}]}
2026-05-19 23:29:16.179 9 INFO neutron.services.segments.plugin [-] Segment 19cfa433-35c0-4e05-8dff-30ce4381e206 resource provider not found; error: Placement Client Error (4xx): {"errors": [{"status": 404, "title": "Not Found", "detail": "The resource could not be found.\n\n No resource provider with uuid 19cfa433-35c0-4e05-8dff-30ce4381e206 found for delete ", "request_id": "req-b1345840-cdfc-4266-9270-3d7fd8f7705b"}]}
2026-05-19 23:29:16.204 9 INFO neutron.api.wsgi [None req-caaf68e9-df44-4044-86bc-aec8fc1c1b74 cd01d9e63fc644b4a811d604a9183042 9f3c46f8450d40d8a7030348bf7b44e5 - - default default] 10.0.0.114 "DELETE /v2.0/networks/2ecb8915-4d0c-451e-95a4-3d9c882102bb HTTP/1.1" status: 204 len: 168 time: 0.3178194
2026-05-19 23:29:16.705 10 INFO neutron.api.wsgi [None req-4e978899-47ed-4720-93de-2772c560ed9a cd01d9e63fc644b4a811d604a9183042 9f3c46f8450d40d8a7030348bf7b44e5 - - default default] 10.0.0.114 "PUT /v2.0/routers/c1cf1647-cb29-438a-aced-44441dd1eb37/remove_router_interface HTTP/1.1" status: 200 len: 503 time: 0.9762745 /var/lib/openstack/lib/python3.12/site-packages/pycadf/identifier.py:71: UserWarning: Invalid uuid: neutron. To ensure interoperability, identifiers should be a valid uuid. warnings.warn(('Invalid uuid: %s. To ensure interoperability, '
2026-05-19 23:29:17.136 15 INFO neutron.plugins.ml2.drivers.ovn.mech_driver.ovsdb.maintenance [None req-5b0c4391-0861-451a-885a-a0f4d373c145 - - - - - -] OVN maintenance task check_for_inconsistencies finished in 1.090 seconds
2026-05-19 23:29:17.167 9 INFO neutron.api.wsgi [None req-98365816-81df-4ef0-9f99-38cb44380fac cd01d9e63fc644b4a811d604a9183042 9f3c46f8450d40d8a7030348bf7b44e5 - - default default] 10.0.0.114 "PUT /v2.0/routers/5d482e9a-22d4-4a8b-98df-8d041bbb7efa/remove_router_interface HTTP/1.1" status: 200 len: 503 time: 0.9577820
2026-05-19 23:29:17.330 10 INFO neutron.api.wsgi [None req-3d1228e5-cca7-4284-a6fe-f15e301782fb cd01d9e63fc644b4a811d604a9183042 9f3c46f8450d40d8a7030348bf7b44e5 - - default default] 10.0.0.114 "DELETE /v2.0/routers/c1cf1647-cb29-438a-aced-44441dd1eb37 HTTP/1.1" status: 204 len: 168 time: 0.6208375 /var/lib/openstack/lib/python3.12/site-packages/pycadf/identifier.py:71: UserWarning: Invalid uuid: neutron. To ensure interoperability, identifiers should be a valid uuid. warnings.warn(('Invalid uuid: %s. To ensure interoperability, '
2026-05-19 23:29:17.531 9 INFO neutron.api.wsgi [None req-65997411-f44a-42a8-86a8-63b593b8d82b cd01d9e63fc644b4a811d604a9183042 9f3c46f8450d40d8a7030348bf7b44e5 - - default default] 10.0.0.114 "DELETE /v2.0/subnets/5b48c623-a9b6-4229-98fd-b6b015ef6bd4 HTTP/1.1" status: 204 len: 168 time: 0.1919961
2026-05-19 23:29:17.841 10 INFO neutron.api.wsgi [None req-8d5769a3-8905-4881-a6f0-9c39db8753ce cd01d9e63fc644b4a811d604a9183042 9f3c46f8450d40d8a7030348bf7b44e5 - - default default] 10.0.0.114 "DELETE /v2.0/routers/5d482e9a-22d4-4a8b-98df-8d041bbb7efa HTTP/1.1" status: 204 len: 168 time: 0.6695855
2026-05-19 23:29:17.852 9 INFO neutron.api.wsgi [None req-56341f01-b451-4400-9584-332cf3960e05 cd01d9e63fc644b4a811d604a9183042 9f3c46f8450d40d8a7030348bf7b44e5 - - default default] 10.0.0.114 "DELETE /v2.0/networks/9d477457-3e79-4c31-80f0-fcd68689a98d HTTP/1.1" status: 204 len: 168 time: 0.3162022
2026-05-19 23:29:17.984 10 INFO neutron.api.wsgi [None req-8f787c47-59db-4cae-b052-ddc5d7cef259 cd01d9e63fc644b4a811d604a9183042 9f3c46f8450d40d8a7030348bf7b44e5 - - default default] 10.0.0.114 "DELETE /v2.0/subnets/6e980e12-b8d7-4ee8-b64f-d8e3e6ad344b HTTP/1.1" status: 204 len: 168 time: 0.1376512
2026-05-19 23:29:18.067 9 INFO neutron.api.wsgi [None req-64687442-abcf-4a93-919c-15670a77274d cd01d9e63fc644b4a811d604a9183042 9f3c46f8450d40d8a7030348bf7b44e5 - - default default] 10.0.0.114 "GET /v2.0/security-groups?tenant_id=c96c6e27a9ad4153a5fe2bdca8059b16&name=default HTTP/1.1" status: 200 len: 3120 time: 0.0553448
2026-05-19 23:29:18.209 9 INFO neutron.services.segments.plugin [-] Segment 9df298a3-64bc-4a36-9db7-7e6a88356b31 resource provider aggregate not found
2026-05-19 23:29:18.213 9 INFO neutron.services.segments.plugin [-] Segment 9df298a3-64bc-4a36-9db7-7e6a88356b31 resource provider aggregate not found
2026-05-19 23:29:18.224 9 INFO neutron.services.segments.plugin [-] Segment 9df298a3-64bc-4a36-9db7-7e6a88356b31 resource provider not found; error: Placement Client Error (4xx): {"errors": [{"status": 404, "title": "Not Found", "detail": "The resource could not be found.\n\n No resource provider with uuid 9df298a3-64bc-4a36-9db7-7e6a88356b31 found for delete ", "request_id": "req-c0191a85-3350-423f-a9f4-29f2da9433a2"}]}
2026-05-19 23:29:18.225 9 INFO neutron.services.segments.plugin [-] Segment 9df298a3-64bc-4a36-9db7-7e6a88356b31 resource provider not found; error: Placement Client Error (4xx): {"errors": [{"status": 404, "title": "Not Found", "detail": "The resource could not be found.\n\n No resource provider with uuid 9df298a3-64bc-4a36-9db7-7e6a88356b31 found for delete ", "request_id": "req-06989ee5-38c5-45d9-b915-0c8b43a5a3e2"}]}
2026-05-19 23:29:18.341 10 INFO neutron.api.wsgi [None req-72453cc5-eb8d-44bf-b130-dd1d4246120a cd01d9e63fc644b4a811d604a9183042 9f3c46f8450d40d8a7030348bf7b44e5 - - default default] 10.0.0.114 "DELETE /v2.0/security-groups/b054adbb-877a-473d-a636-6b56d780efb8 HTTP/1.1" status: 204 len: 168 time: 0.2687907
2026-05-19 23:29:18.391 10 INFO neutron.services.segments.plugin [-] Segment 7f212d74-2cf0-4c9d-b575-1f3d9b994c81 resource provider aggregate not found
2026-05-19 23:29:18.398 10 INFO neutron.services.segments.plugin [-] Segment 7f212d74-2cf0-4c9d-b575-1f3d9b994c81 resource provider aggregate not found
2026-05-19 23:29:18.411 10 INFO neutron.services.segments.plugin [-] Segment 7f212d74-2cf0-4c9d-b575-1f3d9b994c81 resource provider not found; error: Placement Client Error (4xx): {"errors": [{"status": 404, "title": "Not Found", "detail": "The resource could not be found.\n\n No resource provider with uuid 7f212d74-2cf0-4c9d-b575-1f3d9b994c81 found for delete ", "request_id": "req-201e949a-8ed9-48a8-bc33-c70eb9ec446d"}]}
2026-05-19 23:29:18.413 10 INFO neutron.services.segments.plugin [-] Segment 7f212d74-2cf0-4c9d-b575-1f3d9b994c81 resource provider not found; error: Placement Client Error (4xx): {"errors": [{"status": 404, "title": "Not Found", "detail": "The resource could not be found.\n\n No resource provider with uuid 7f212d74-2cf0-4c9d-b575-1f3d9b994c81 found for delete ", "request_id": "req-0fc2e2f2-6195-4b60-9270-2d6776c64e6e"}]}
