+ COMMAND=start + start + for KEYSTONE_WSGI_SCRIPT in keystone-wsgi-public ++ type -p keystone-wsgi-public + cp -a /var/lib/openstack/bin/keystone-wsgi-public /var/www/cgi-bin/keystone/ + '[' -f /etc/apache2/envvars ']' + source /etc/apache2/envvars ++ unset HOME ++ '[' '' '!=' '' ']' ++ SUFFIX= ++ export APACHE_RUN_USER=www-data ++ APACHE_RUN_USER=www-data ++ export APACHE_RUN_GROUP=www-data ++ APACHE_RUN_GROUP=www-data ++ export APACHE_PID_FILE=/var/run/apache2/apache2.pid ++ APACHE_PID_FILE=/var/run/apache2/apache2.pid ++ export APACHE_RUN_DIR=/var/run/apache2 ++ APACHE_RUN_DIR=/var/run/apache2 ++ export APACHE_LOCK_DIR=/var/lock/apache2 ++ APACHE_LOCK_DIR=/var/lock/apache2 ++ export APACHE_LOG_DIR=/var/log/apache2 ++ APACHE_LOG_DIR=/var/log/apache2 ++ export LANG=C ++ LANG=C ++ export LANG + '[' -f /var/run/apache2/apache2.pid ']' + exec apache2 -DFOREGROUND AH00558: apache2: Could not reliably determine the server's fully qualified domain name, using 10.0.0.100. Set the 'ServerName' directive globally to suppress this message AH00558: apache2: Could not reliably determine the server's fully qualified domain name, using 10.0.0.100. Set the 'ServerName' directive globally to suppress this message
[Sun Jul 12 02:03:22.321729 2026] [mpm_event:notice] [pid 1:tid 140713494255488] AH00489: Apache/2.4.58 (Ubuntu) mod_wsgi/5.0.0 Python/3.12 configured -- resuming normal operations
[Sun Jul 12 02:03:22.321859 2026] [core:notice] [pid 1:tid 140713494255488] AH00094: Command line: 'apache2 -D FOREGROUND'
[Sun Jul 12 02:04:21.928487 2026] [wsgi:error] [pid 10:tid 140712856434368] /var/lib/openstack/lib/python3.12/site-packages/oslo_utils/importutils.py:77: EventletDeprecationWarning:
[Sun Jul 12 02:04:21.928580 2026] [wsgi:error] [pid 10:tid 140712856434368] Eventlet is deprecated. It is currently being maintained in bugfix mode, and
[Sun Jul 12 02:04:21.928594 2026] [wsgi:error] [pid 10:tid 140712856434368] we strongly recommend against using it for new projects.
[Sun Jul 12 02:04:21.928609 2026] [wsgi:error] [pid 10:tid 140712856434368]
[Sun Jul 12 02:04:21.928622 2026] [wsgi:error] [pid 10:tid 140712856434368] If you are already using Eventlet, we recommend migrating to a different
[Sun Jul 12 02:04:21.928634 2026] [wsgi:error] [pid 10:tid 140712856434368] framework. For more detail see
[Sun Jul 12 02:04:21.928644 2026] [wsgi:error] [pid 10:tid 140712856434368] https://eventlet.readthedocs.io/en/latest/asyncio/migration.html
[Sun Jul 12 02:04:21.928654 2026] [wsgi:error] [pid 10:tid 140712856434368]
[Sun Jul 12 02:04:21.928667 2026] [wsgi:error] [pid 10:tid 140712856434368] __import__(import_str)
[Sun Jul 12 02:04:21.975727 2026] [wsgi:error] [pid 9:tid 140712856434368] /var/lib/openstack/lib/python3.12/site-packages/oslo_utils/importutils.py:77: EventletDeprecationWarning:
[Sun Jul 12 02:04:21.975770 2026] [wsgi:error] [pid 9:tid 140712856434368] Eventlet is deprecated. It is currently being maintained in bugfix mode, and
[Sun Jul 12 02:04:21.975773 2026] [wsgi:error] [pid 9:tid 140712856434368] we strongly recommend against using it for new projects.
[Sun Jul 12 02:04:21.975774 2026] [wsgi:error] [pid 9:tid 140712856434368]
[Sun Jul 12 02:04:21.975775 2026] [wsgi:error] [pid 9:tid 140712856434368] If you are already using Eventlet, we recommend migrating to a different
[Sun Jul 12 02:04:21.975776 2026] [wsgi:error] [pid 9:tid 140712856434368] framework. For more detail see
[Sun Jul 12 02:04:21.975778 2026] [wsgi:error] [pid 9:tid 140712856434368] https://eventlet.readthedocs.io/en/latest/asyncio/migration.html
[Sun Jul 12 02:04:21.975779 2026] [wsgi:error] [pid 9:tid 140712856434368]
[Sun Jul 12 02:04:21.975780 2026] [wsgi:error] [pid 9:tid 140712856434368] __import__(import_str) 10.0.0.116 - - [12/Jul/2026:02:04:21 +0000] "GET /v3/ HTTP/1.1" 200 250 10.0.0.116 - - [12/Jul/2026:02:04:21 +0000] "GET /v3/ HTTP/1.1" 200 250
[Sun Jul 12 02:04:27.161699 2026] [wsgi:error] [pid 12:tid 140712856434368] /var/lib/openstack/lib/python3.12/site-packages/oslo_utils/importutils.py:77: EventletDeprecationWarning:
[Sun Jul 12 02:04:27.161738 2026] [wsgi:error] [pid 12:tid 140712856434368] Eventlet is deprecated. It is currently being maintained in bugfix mode, and
[Sun Jul 12 02:04:27.161740 2026] [wsgi:error] [pid 12:tid 140712856434368] we strongly recommend against using it for new projects.
[Sun Jul 12 02:04:27.161741 2026] [wsgi:error] [pid 12:tid 140712856434368]
[Sun Jul 12 02:04:27.161742 2026] [wsgi:error] [pid 12:tid 140712856434368] If you are already using Eventlet, we recommend migrating to a different
[Sun Jul 12 02:04:27.161743 2026] [wsgi:error] [pid 12:tid 140712856434368] framework. For more detail see
[Sun Jul 12 02:04:27.161745 2026] [wsgi:error] [pid 12:tid 140712856434368] https://eventlet.readthedocs.io/en/latest/asyncio/migration.html
[Sun Jul 12 02:04:27.161746 2026] [wsgi:error] [pid 12:tid 140712856434368]
[Sun Jul 12 02:04:27.161747 2026] [wsgi:error] [pid 12:tid 140712856434368] __import__(import_str) 10.0.0.116 - - [12/Jul/2026:02:04:26 +0000] "GET /v3/ HTTP/1.1" 200 250
[Sun Jul 12 02:04:34.272779 2026] [wsgi:error] [pid 11:tid 140712856434368] /var/lib/openstack/lib/python3.12/site-packages/oslo_utils/importutils.py:77: EventletDeprecationWarning:
[Sun Jul 12 02:04:34.272815 2026] [wsgi:error] [pid 11:tid 140712856434368] Eventlet is deprecated. It is currently being maintained in bugfix mode, and
[Sun Jul 12 02:04:34.272817 2026] [wsgi:error] [pid 11:tid 140712856434368] we strongly recommend against using it for new projects.
[Sun Jul 12 02:04:34.272818 2026] [wsgi:error] [pid 11:tid 140712856434368]
[Sun Jul 12 02:04:34.272819 2026] [wsgi:error] [pid 11:tid 140712856434368] If you are already using Eventlet, we recommend migrating to a different
[Sun Jul 12 02:04:34.272820 2026] [wsgi:error] [pid 11:tid 140712856434368] framework. For more detail see
[Sun Jul 12 02:04:34.272822 2026] [wsgi:error] [pid 11:tid 140712856434368] https://eventlet.readthedocs.io/en/latest/asyncio/migration.html
[Sun Jul 12 02:04:34.272823 2026] [wsgi:error] [pid 11:tid 140712856434368]
[Sun Jul 12 02:04:34.272824 2026] [wsgi:error] [pid 11:tid 140712856434368] __import__(import_str) 10.0.0.217 - - [12/Jul/2026:02:04:33 +0000] "GET / HTTP/1.1" 300 295
[Sun Jul 12 02:04:38.783666 2026] [wsgi:error] [pid 10:tid 140712856434368] [remote 10.0.0.217:33352] 2026-07-12 02:04:38.780 10 WARNING keystone.identity.core [None req-ad4155dc-617f-48c8-9540-f1d8f2796f2f - - - - - -] Invalid domain name (atmosphere) found in config file name: keystone.exception.DomainNotFound: Could not find domain: atmosphere.
[Sun Jul 12 02:04:38.853500 2026] [wsgi:error] [pid 10:tid 140712856434368] [remote 10.0.0.217:33352] 2026-07-12 02:04:38.852 10 WARNING keystone.common.password_hashing [None req-ad4155dc-617f-48c8-9540-f1d8f2796f2f - - - - - -] Truncating password to algorithm specific maximum length 72 characters.
[Sun Jul 12 02:04:39.159148 2026] [wsgi:error] [pid 10:tid 140712856434368] [remote 10.0.0.217:33352] 2026-07-12 02:04:39.158 10 WARNING keystone.common.fernet_utils [None req-ad4155dc-617f-48c8-9540-f1d8f2796f2f - - - - - -] key_repository is world readable: /etc/keystone/fernet-keys/ 10.0.0.217 - - [12/Jul/2026:02:04:38 +0000] "POST /v3/auth/tokens HTTP/1.1" 201 1360
[Sun Jul 12 02:04:39.532730 2026] [wsgi:error] [pid 9:tid 140712856434368] [remote 10.0.0.217:33352] 2026-07-12 02:04:39.530 9 WARNING keystone.identity.core [None req-5896b6e9-6dc3-4448-8ddf-581508eeef28 - - - - - -] Invalid domain name (atmosphere) found in config file name: keystone.exception.DomainNotFound: Could not find domain: atmosphere. 10.0.0.217 - - [12/Jul/2026:02:04:39 +0000] "POST /v3/domains HTTP/1.1" 201 261 10.0.0.192 - - [12/Jul/2026:02:04:51 +0000] "GET / HTTP/1.1" 300 295
[Sun Jul 12 02:04:52.110837 2026] [wsgi:error] [pid 11:tid 140712856434368] [remote 10.0.0.192:58984] 2026-07-12 02:04:52.110 11 WARNING keystone.common.password_hashing [None req-5d3ae8af-2fe6-4b51-ba8d-6d3658dc6e65 - - - - - -] Truncating password to algorithm specific maximum length 72 characters.
[Sun Jul 12 02:04:52.393772 2026] [wsgi:error] [pid 11:tid 140712856434368] [remote 10.0.0.192:58984] 2026-07-12 02:04:52.393 11 WARNING keystone.common.fernet_utils [None req-5d3ae8af-2fe6-4b51-ba8d-6d3658dc6e65 - - - - - -] key_repository is world readable: /etc/keystone/fernet-keys/ 10.0.0.192 - - [12/Jul/2026:02:04:51 +0000] "POST /v3/auth/tokens HTTP/1.1" 201 1360 10.0.0.192 - - [12/Jul/2026:02:04:52 +0000] "GET /v3/roles/admin HTTP/1.1" 404 83
[Sun Jul 12 02:04:52.631581 2026] [wsgi:error] [pid 9:tid 140712856434368] [remote 10.0.0.192:58984] 2026-07-12 02:04:52.631 9 WARNING keystone.common.rbac_enforcer.enforcer [None req-bf25bdd0-a4aa-4a87-83b3-c6b4ed8d93d4 22f42f01adf042a9a1440b3ad90e33a1 792f783657784aeca76015e8ba2625ad - - default default] Deprecated policy rules found. Use oslopolicy-policy-generator and oslopolicy-policy-upgrade to detect and resolve deprecated policies in your configuration. 10.0.0.192 - - [12/Jul/2026:02:04:52 +0000] "GET /v3/roles?name=admin HTTP/1.1" 200 389
[Sun Jul 12 02:04:53.314709 2026] [wsgi:error] [pid 12:tid 140712856434368] [remote 10.0.0.192:58984] 2026-07-12 02:04:53.314 12 WARNING keystone.common.rbac_enforcer.enforcer [None req-874d88d5-1505-4b19-a8b2-9f98080a174b 22f42f01adf042a9a1440b3ad90e33a1 792f783657784aeca76015e8ba2625ad - - default default] Deprecated policy rules found. Use oslopolicy-policy-generator and oslopolicy-policy-upgrade to detect and resolve deprecated policies in your configuration. 10.0.0.192 - - [12/Jul/2026:02:04:52 +0000] "GET /v3/users/admin-RegionOne HTTP/1.1" 404 93
[Sun Jul 12 02:04:53.473503 2026] [wsgi:error] [pid 11:tid 140712856434368] [remote 10.0.0.192:58984] 2026-07-12 02:04:53.473 11 WARNING keystone.common.rbac_enforcer.enforcer [None req-2c4718da-9403-4136-b678-aaccbcb4df53 22f42f01adf042a9a1440b3ad90e33a1 792f783657784aeca76015e8ba2625ad - - default default] Deprecated policy rules found. Use oslopolicy-policy-generator and oslopolicy-policy-upgrade to detect and resolve deprecated policies in your configuration. 10.0.0.192 - - [12/Jul/2026:02:04:53 +0000] "GET /v3/users?name=admin-RegionOne HTTP/1.1" 200 422
[Sun Jul 12 02:04:53.652448 2026] [wsgi:error] [pid 10:tid 140712856434368] [remote 10.0.0.192:58984] 2026-07-12 02:04:53.652 10 WARNING keystone.common.rbac_enforcer.enforcer [None req-32f3f4c1-fac2-43cf-a5a3-418d764fad4d 22f42f01adf042a9a1440b3ad90e33a1 792f783657784aeca76015e8ba2625ad - - default default] Deprecated policy rules found. Use oslopolicy-policy-generator and oslopolicy-policy-upgrade to detect and resolve deprecated policies in your configuration. 10.0.0.192 - - [12/Jul/2026:02:04:53 +0000] "GET /v3/domains/default HTTP/1.1" 200 224 10.0.0.192 - - [12/Jul/2026:02:04:53 +0000] "PUT /v3/domains/default/users/22f42f01adf042a9a1440b3ad90e33a1/roles/848d97df51a74813a9b0abf7c61aa224 HTTP/1.1" 204 - 10.0.0.116 - - [12/Jul/2026:02:05:03 +0000] "GET / HTTP/1.1" 300 281 10.0.0.116 - - [12/Jul/2026:02:05:05 +0000] "GET /v3 HTTP/1.1" 200 266
[Sun Jul 12 02:05:05.150244 2026] [wsgi:error] [pid 10:tid 140712856434368] [remote 10.0.0.116:34936] 2026-07-12 02:05:05.150 10 WARNING keystone.common.password_hashing [None req-b165c6c7-1faa-472a-9255-740ff0dfe235 - - - - - -] Truncating password to algorithm specific maximum length 72 characters.
[Sun Jul 12 02:05:05.428799 2026] [wsgi:error] [pid 10:tid 140712856434368] [remote 10.0.0.116:34936] 2026-07-12 02:05:05.428 10 WARNING keystone.common.fernet_utils [None req-b165c6c7-1faa-472a-9255-740ff0dfe235 - - - - - -] key_repository is world readable: /etc/keystone/fernet-keys/ 10.0.0.116 - - [12/Jul/2026:02:05:05 +0000] "POST /v3/auth/tokens HTTP/1.1" 201 1360 10.0.0.116 - - [12/Jul/2026:02:05:05 +0000] "GET / HTTP/1.1" 300 281 10.0.0.116 - - [12/Jul/2026:02:05:05 +0000] "GET /v3/domains/atmosphere HTTP/1.1" 404 90 10.0.0.116 - - [12/Jul/2026:02:05:05 +0000] "GET /v3/domains?name=atmosphere HTTP/1.1" 200 370 10.0.0.116 - - [12/Jul/2026:02:05:05 +0000] "GET /v3/domains/4b215016936f44deaf2c7dc47aef0162 HTTP/1.1" 200 247 10.0.0.116 - - [12/Jul/2026:02:05:06 +0000] "GET /v3 HTTP/1.1" 200 266
[Sun Jul 12 02:05:06.504158 2026] [wsgi:error] [pid 12:tid 140712856434368] [remote 10.0.0.116:34936] 2026-07-12 02:05:06.503 12 WARNING keystone.common.password_hashing [None req-f217d8f0-d9be-4520-9d31-e366d44636e6 - - - - - -] Truncating password to algorithm specific maximum length 72 characters.
[Sun Jul 12 02:05:06.780286 2026] [wsgi:error] [pid 12:tid 140712856434368] [remote 10.0.0.116:34936] 2026-07-12 02:05:06.780 12 WARNING keystone.common.fernet_utils [None req-f217d8f0-d9be-4520-9d31-e366d44636e6 - - - - - -] key_repository is world readable: /etc/keystone/fernet-keys/ 10.0.0.116 - - [12/Jul/2026:02:05:06 +0000] "POST /v3/auth/tokens HTTP/1.1" 201 1360 10.0.0.116 - - [12/Jul/2026:02:05:06 +0000] "GET / HTTP/1.1" 300 281 10.0.0.116 - - [12/Jul/2026:02:05:06 +0000] "GET /v3/OS-FEDERATION/identity_providers/atmosphere HTTP/1.1" 404 101 10.0.0.116 - - [12/Jul/2026:02:05:06 +0000] "GET /v3/OS-FEDERATION/identity_providers HTTP/1.1" 200 156 10.0.0.116 - - [12/Jul/2026:02:05:06 +0000] "PUT /v3/OS-FEDERATION/identity_providers/atmosphere HTTP/1.1" 201 342 10.0.0.116 - - [12/Jul/2026:02:05:07 +0000] "GET /v3 HTTP/1.1" 200 266
[Sun Jul 12 02:05:07.604260 2026] [wsgi:error] [pid 10:tid 140712856434368] [remote 10.0.0.116:34926] 2026-07-12 02:05:07.604 10 WARNING keystone.common.password_hashing [None req-546a48db-18d3-4402-ac22-d4658695cf7a - - - - - -] Truncating password to algorithm specific maximum length 72 characters.
[Sun Jul 12 02:05:07.875734 2026] [wsgi:error] [pid 10:tid 140712856434368] [remote 10.0.0.116:34926] 2026-07-12 02:05:07.875 10 WARNING keystone.common.fernet_utils [None req-546a48db-18d3-4402-ac22-d4658695cf7a - - - - - -] key_repository is world readable: /etc/keystone/fernet-keys/ 10.0.0.116 - - [12/Jul/2026:02:05:07 +0000] "POST /v3/auth/tokens HTTP/1.1" 201 1360 10.0.0.116 - - [12/Jul/2026:02:05:07 +0000] "GET / HTTP/1.1" 300 281 10.0.0.116 - - [12/Jul/2026:02:05:07 +0000] "GET /v3/OS-FEDERATION/mappings/atmosphere-openid HTTP/1.1" 404 98 10.0.0.116 - - [12/Jul/2026:02:05:07 +0000] "GET /v3/OS-FEDERATION/mappings HTTP/1.1" 200 136 10.0.0.116 - - [12/Jul/2026:02:05:07 +0000] "PUT /v3/OS-FEDERATION/mappings/atmosphere-openid HTTP/1.1" 201 357 10.0.0.116 - - [12/Jul/2026:02:05:08 +0000] "GET /v3 HTTP/1.1" 200 266
[Sun Jul 12 02:05:08.657491 2026] [wsgi:error] [pid 12:tid 140712856434368] [remote 10.0.0.116:34936] 2026-07-12 02:05:08.657 12 WARNING keystone.common.password_hashing [None req-9580733d-37b9-4628-a51a-7e02e122b9bb - - - - - -] Truncating password to algorithm specific maximum length 72 characters.
[Sun Jul 12 02:05:08.929929 2026] [wsgi:error] [pid 12:tid 140712856434368] [remote 10.0.0.116:34936] 2026-07-12 02:05:08.929 12 WARNING keystone.common.fernet_utils [None req-9580733d-37b9-4628-a51a-7e02e122b9bb - - - - - -] key_repository is world readable: /etc/keystone/fernet-keys/ 10.0.0.116 - - [12/Jul/2026:02:05:08 +0000] "POST /v3/auth/tokens HTTP/1.1" 201 1360 10.0.0.116 - - [12/Jul/2026:02:05:08 +0000] "GET / HTTP/1.1" 300 281 10.0.0.116 - - [12/Jul/2026:02:05:08 +0000] "GET /v3/OS-FEDERATION/identity_providers/atmosphere/protocols/openid?idp_id=atmosphere HTTP/1.1" 404 131 10.0.0.116 - - [12/Jul/2026:02:05:08 +0000] "GET /v3/OS-FEDERATION/identity_providers/atmosphere/protocols HTTP/1.1" 200 168 10.0.0.116 - - [12/Jul/2026:02:05:08 +0000] "PUT /v3/OS-FEDERATION/identity_providers/atmosphere/protocols/openid HTTP/1.1" 201 224 10.0.0.116 - - [12/Jul/2026:02:05:21 +0000] "GET /v3/ HTTP/1.1" 200 250 10.0.0.116 - - [12/Jul/2026:02:05:21 +0000] "GET /v3/ HTTP/1.1" 200 250 10.0.0.116 - - [12/Jul/2026:02:06:21 +0000] "GET /v3/ HTTP/1.1" 200 250 10.0.0.116 - - [12/Jul/2026:02:06:21 +0000] "GET /v3/ HTTP/1.1" 200 250 10.0.0.75 - - [12/Jul/2026:02:06:29 +0000] "GET / HTTP/1.1" 300 295
[Sun Jul 12 02:06:29.574668 2026] [wsgi:error] [pid 10:tid 140712856434368] [remote 10.0.0.75:41618] 2026-07-12 02:06:29.574 10 WARNING keystone.common.password_hashing [None req-7544243d-8148-41d0-8f5c-2332bd665610 - - - - - -] Truncating password to algorithm specific maximum length 72 characters.
[Sun Jul 12 02:06:29.857670 2026] [wsgi:error] [pid 10:tid 140712856434368] [remote 10.0.0.75:41618] 2026-07-12 02:06:29.857 10 WARNING keystone.common.fernet_utils [None req-7544243d-8148-41d0-8f5c-2332bd665610 - - - - - -] key_repository is world readable: /etc/keystone/fernet-keys/ 10.0.0.75 - - [12/Jul/2026:02:06:29 +0000] "POST /v3/auth/tokens HTTP/1.1" 201 1360 10.0.0.75 - - [12/Jul/2026:02:06:29 +0000] "GET /v3/services HTTP/1.1" 200 355 10.0.0.75 - - [12/Jul/2026:02:06:33 +0000] "GET / HTTP/1.1" 300 295
[Sun Jul 12 02:06:33.535592 2026] [wsgi:error] [pid 11:tid 140712856434368] [remote 10.0.0.75:38766] 2026-07-12 02:06:33.535 11 WARNING keystone.common.password_hashing [None req-8e502d53-7a09-4f71-b779-d03b096d29bf - - - - - -] Truncating password to algorithm specific maximum length 72 characters.
[Sun Jul 12 02:06:33.807946 2026] [wsgi:error] [pid 11:tid 140712856434368] [remote 10.0.0.75:38766] 2026-07-12 02:06:33.807 11 WARNING keystone.common.fernet_utils [None req-8e502d53-7a09-4f71-b779-d03b096d29bf - - - - - -] key_repository is world readable: /etc/keystone/fernet-keys/ 10.0.0.75 - - [12/Jul/2026:02:06:33 +0000] "POST /v3/auth/tokens HTTP/1.1" 201 1360 10.0.0.75 - - [12/Jul/2026:02:06:33 +0000] "GET /v3/services HTTP/1.1" 200 355 10.0.0.75 - - [12/Jul/2026:02:06:37 +0000] "GET / HTTP/1.1" 300 295
[Sun Jul 12 02:06:37.399830 2026] [wsgi:error] [pid 12:tid 140712856434368] [remote 10.0.0.75:38774] 2026-07-12 02:06:37.399 12 WARNING keystone.common.password_hashing [None req-7855947d-7ddd-495d-bfc2-b4fc0420be2b - - - - - -] Truncating password to algorithm specific maximum length 72 characters.
[Sun Jul 12 02:06:37.685776 2026] [wsgi:error] [pid 12:tid 140712856434368] [remote 10.0.0.75:38774] 2026-07-12 02:06:37.685 12 WARNING keystone.common.fernet_utils [None req-7855947d-7ddd-495d-bfc2-b4fc0420be2b - - - - - -] key_repository is world readable: /etc/keystone/fernet-keys/ 10.0.0.75 - - [12/Jul/2026:02:06:37 +0000] "POST /v3/auth/tokens HTTP/1.1" 201 1360 10.0.0.75 - - [12/Jul/2026:02:06:37 +0000] "GET /v3/services HTTP/1.1" 200 355 10.0.0.75 - - [12/Jul/2026:02:06:41 +0000] "GET / HTTP/1.1" 300 295
[Sun Jul 12 02:06:41.299579 2026] [wsgi:error] [pid 9:tid 140712856434368] [remote 10.0.0.75:38788] 2026-07-12 02:06:41.299 9 WARNING keystone.common.password_hashing [None req-1acc3dbf-d4ae-499d-baac-67b1478c085e - - - - - -] Truncating password to algorithm specific maximum length 72 characters.
[Sun Jul 12 02:06:41.589054 2026] [wsgi:error] [pid 9:tid 140712856434368] [remote 10.0.0.75:38788] 2026-07-12 02:06:41.588 9 WARNING keystone.common.fernet_utils [None req-1acc3dbf-d4ae-499d-baac-67b1478c085e - - - - - -] key_repository is world readable: /etc/keystone/fernet-keys/ 10.0.0.75 - - [12/Jul/2026:02:06:41 +0000] "POST /v3/auth/tokens HTTP/1.1" 201 1360 10.0.0.75 - - [12/Jul/2026:02:06:41 +0000] "POST /v3/services HTTP/1.1" 201 296 10.0.0.35 - - [12/Jul/2026:02:06:52 +0000] "GET / HTTP/1.1" 300 295
[Sun Jul 12 02:06:52.758266 2026] [wsgi:error] [pid 10:tid 140712856434368] [remote 10.0.0.35:44072] 2026-07-12 02:06:52.758 10 WARNING keystone.common.password_hashing [None req-879a828a-1dfb-4f10-a85f-4e3d12857f76 - - - - - -] Truncating password to algorithm specific maximum length 72 characters. 10.0.0.35 - - [12/Jul/2026:02:06:52 +0000] "GET / HTTP/1.1" 300 295
[Sun Jul 12 02:06:52.839338 2026] [wsgi:error] [pid 12:tid 140712856434368] [remote 10.0.0.35:44084] 2026-07-12 02:06:52.839 12 WARNING keystone.common.password_hashing [None req-7e3d3c9f-1771-4942-8ea4-720cc1f03b06 - - - - - -] Truncating password to algorithm specific maximum length 72 characters.
[Sun Jul 12 02:06:53.026801 2026] [wsgi:error] [pid 10:tid 140712856434368] [remote 10.0.0.35:44072] 2026-07-12 02:06:53.026 10 WARNING keystone.common.fernet_utils [None req-879a828a-1dfb-4f10-a85f-4e3d12857f76 - - - - - -] key_repository is world readable: /etc/keystone/fernet-keys/ 10.0.0.35 - - [12/Jul/2026:02:06:52 +0000] "POST /v3/auth/tokens HTTP/1.1" 201 1464 10.0.0.35 - - [12/Jul/2026:02:06:53 +0000] "GET / HTTP/1.1" 300 295
[Sun Jul 12 02:06:53.067694 2026] [wsgi:error] [pid 11:tid 140712856434368] [remote 10.0.0.35:44086] 2026-07-12 02:06:53.067 11 WARNING keystone.common.password_hashing [None req-f04bf0d4-67d8-48b3-a92f-88bf2f2bc86f - - - - - -] Truncating password to algorithm specific maximum length 72 characters.
[Sun Jul 12 02:06:53.110060 2026] [wsgi:error] [pid 12:tid 140712856434368] [remote 10.0.0.35:44084] 2026-07-12 02:06:53.109 12 WARNING keystone.common.fernet_utils [None req-7e3d3c9f-1771-4942-8ea4-720cc1f03b06 - - - - - -] key_repository is world readable: /etc/keystone/fernet-keys/ 10.0.0.35 - - [12/Jul/2026:02:06:52 +0000] "POST /v3/auth/tokens HTTP/1.1" 201 1464 10.0.0.35 - - [12/Jul/2026:02:06:53 +0000] "GET /v3/services HTTP/1.1" 200 639 10.0.0.35 - - [12/Jul/2026:02:06:53 +0000] "GET /v3/services HTTP/1.1" 200 639
[Sun Jul 12 02:06:53.366553 2026] [wsgi:error] [pid 11:tid 140712856434368] [remote 10.0.0.35:44086] 2026-07-12 02:06:53.366 11 WARNING keystone.common.fernet_utils [None req-f04bf0d4-67d8-48b3-a92f-88bf2f2bc86f - - - - - -] key_repository is world readable: /etc/keystone/fernet-keys/ 10.0.0.35 - - [12/Jul/2026:02:06:53 +0000] "POST /v3/auth/tokens HTTP/1.1" 201 1464 10.0.0.35 - - [12/Jul/2026:02:06:53 +0000] "GET /v3/services HTTP/1.1" 200 639 10.0.0.35 - - [12/Jul/2026:02:06:54 +0000] "GET / HTTP/1.1" 300 295
[Sun Jul 12 02:06:54.728453 2026] [wsgi:error] [pid 10:tid 140712856434368] [remote 10.0.0.35:44092] 2026-07-12 02:06:54.728 10 WARNING keystone.common.password_hashing [None req-55215ff9-60f2-477f-a4bc-5e64e8ca8e1b - - - - - -] Truncating password to algorithm specific maximum length 72 characters. 10.0.0.35 - - [12/Jul/2026:02:06:54 +0000] "GET / HTTP/1.1" 300 295
[Sun Jul 12 02:06:54.787483 2026] [wsgi:error] [pid 12:tid 140712856434368] [remote 10.0.0.35:44100] 2026-07-12 02:06:54.787 12 WARNING keystone.common.password_hashing [None req-5bb3719e-19f5-4fa4-8a9a-58bc926e3159 - - - - - -] Truncating password to algorithm specific maximum length 72 characters. 10.0.0.35 - - [12/Jul/2026:02:06:54 +0000] "GET / HTTP/1.1" 300 295
[Sun Jul 12 02:06:54.976891 2026] [wsgi:error] [pid 11:tid 140712856434368] [remote 10.0.0.35:44104] 2026-07-12 02:06:54.976 11 WARNING keystone.common.password_hashing [None req-9e321aa5-cdd7-4fb7-970e-2e1b4b63feaf - - - - - -] Truncating password to algorithm specific maximum length 72 characters.
[Sun Jul 12 02:06:54.996859 2026] [wsgi:error] [pid 10:tid 140712856434368] [remote 10.0.0.35:44092] 2026-07-12 02:06:54.996 10 WARNING keystone.common.fernet_utils [None req-55215ff9-60f2-477f-a4bc-5e64e8ca8e1b - - - - - -] key_repository is world readable: /etc/keystone/fernet-keys/ 10.0.0.35 - - [12/Jul/2026:02:06:54 +0000] "POST /v3/auth/tokens HTTP/1.1" 201 1464
[Sun Jul 12 02:06:55.053670 2026] [wsgi:error] [pid 12:tid 140712856434368] [remote 10.0.0.35:44100] 2026-07-12 02:06:55.053 12 WARNING keystone.common.fernet_utils [None req-5bb3719e-19f5-4fa4-8a9a-58bc926e3159 - - - - - -] key_repository is world readable: /etc/keystone/fernet-keys/ 10.0.0.35 - - [12/Jul/2026:02:06:54 +0000] "POST /v3/auth/tokens HTTP/1.1" 201 1464 10.0.0.35 - - [12/Jul/2026:02:06:55 +0000] "GET /v3/endpoints HTTP/1.1" 200 1227 10.0.0.35 - - [12/Jul/2026:02:06:55 +0000] "GET /v3/services/df9211a0dcb04357b66dd0393a01f211 HTTP/1.1" 200 233 10.0.0.35 - - [12/Jul/2026:02:06:55 +0000] "GET /v3/services/df9211a0dcb04357b66dd0393a01f211 HTTP/1.1" 200 233 10.0.0.35 - - [12/Jul/2026:02:06:55 +0000] "GET /v3/services/df9211a0dcb04357b66dd0393a01f211 HTTP/1.1" 200 233 10.0.0.35 - - [12/Jul/2026:02:06:55 +0000] "GET /v3/endpoints HTTP/1.1" 200 1227 10.0.0.35 - - [12/Jul/2026:02:06:55 +0000] "GET /v3/services/df9211a0dcb04357b66dd0393a01f211 HTTP/1.1" 200 233 10.0.0.35 - - [12/Jul/2026:02:06:55 +0000] "GET /v3/services/df9211a0dcb04357b66dd0393a01f211 HTTP/1.1" 200 233
[Sun Jul 12 02:06:55.250887 2026] [wsgi:error] [pid 11:tid 140712856434368] [remote 10.0.0.35:44104] 2026-07-12 02:06:55.250 11 WARNING keystone.common.fernet_utils [None req-9e321aa5-cdd7-4fb7-970e-2e1b4b63feaf - - - - - -] key_repository is world readable: /etc/keystone/fernet-keys/ 10.0.0.35 - - [12/Jul/2026:02:06:54 +0000] "POST /v3/auth/tokens HTTP/1.1" 201 1464 10.0.0.35 - - [12/Jul/2026:02:06:55 +0000] "GET /v3/services/df9211a0dcb04357b66dd0393a01f211 HTTP/1.1" 200 233 10.0.0.35 - - [12/Jul/2026:02:06:55 +0000] "GET /v3/endpoints HTTP/1.1" 200 1227 10.0.0.35 - - [12/Jul/2026:02:06:55 +0000] "GET /v3/services/df9211a0dcb04357b66dd0393a01f211 HTTP/1.1" 200 233 10.0.0.35 - - [12/Jul/2026:02:06:55 +0000] "GET /v3/services/df9211a0dcb04357b66dd0393a01f211 HTTP/1.1" 200 233 10.0.0.35 - - [12/Jul/2026:02:06:55 +0000] "GET /v3/services/df9211a0dcb04357b66dd0393a01f211 HTTP/1.1" 200 233 10.0.0.35 - - [12/Jul/2026:02:06:56 +0000] "GET / HTTP/1.1" 300 295
[Sun Jul 12 02:06:56.627203 2026] [wsgi:error] [pid 10:tid 140712856434368] [remote 10.0.0.35:44106] 2026-07-12 02:06:56.627 10 WARNING keystone.common.password_hashing [None req-d64b2d2b-4533-469f-9117-5cbda237dcc4 - - - - - -] Truncating password to algorithm specific maximum length 72 characters. 10.0.0.35 - - [12/Jul/2026:02:06:56 +0000] "GET / HTTP/1.1" 300 295
[Sun Jul 12 02:06:56.829180 2026] [wsgi:error] [pid 9:tid 140712856434368] [remote 10.0.0.35:44114] 2026-07-12 02:06:56.829 9 WARNING keystone.common.password_hashing [None req-03a67a14-8a99-4fe1-a638-1ba44b7ead4e - - - - - -] Truncating password to algorithm specific maximum length 72 characters. 10.0.0.35 - - [12/Jul/2026:02:06:56 +0000] "GET / HTTP/1.1" 300 295
[Sun Jul 12 02:06:56.894235 2026] [wsgi:error] [pid 11:tid 140712856434368] [remote 10.0.0.35:44126] 2026-07-12 02:06:56.894 11 WARNING keystone.common.password_hashing [None req-f1f75ba5-264e-48eb-81cb-99a1cc710b45 - - - - - -] Truncating password to algorithm specific maximum length 72 characters.
[Sun Jul 12 02:06:56.910398 2026] [wsgi:error] [pid 10:tid 140712856434368] [remote 10.0.0.35:44106] 2026-07-12 02:06:56.910 10 WARNING keystone.common.fernet_utils [None req-d64b2d2b-4533-469f-9117-5cbda237dcc4 - - - - - -] key_repository is world readable: /etc/keystone/fernet-keys/ 10.0.0.35 - - [12/Jul/2026:02:06:56 +0000] "POST /v3/auth/tokens HTTP/1.1" 201 1464 10.0.0.35 - - [12/Jul/2026:02:06:57 +0000] "GET /v3/services/713f6c70397c4f369d6d5722a0ace145 HTTP/1.1" 200 296 10.0.0.35 - - [12/Jul/2026:02:06:57 +0000] "GET /v3/regions/RegionOne HTTP/1.1" 200 173 10.0.0.35 - - [12/Jul/2026:02:06:57 +0000] "POST /v3/endpoints HTTP/1.1" 201 380
[Sun Jul 12 02:06:57.103098 2026] [wsgi:error] [pid 9:tid 140712856434368] [remote 10.0.0.35:44114] 2026-07-12 02:06:57.102 9 WARNING keystone.common.fernet_utils [None req-03a67a14-8a99-4fe1-a638-1ba44b7ead4e - - - - - -] key_repository is world readable: /etc/keystone/fernet-keys/ 10.0.0.35 - - [12/Jul/2026:02:06:56 +0000] "POST /v3/auth/tokens HTTP/1.1" 201 1641
[Sun Jul 12 02:06:57.165440 2026] [wsgi:error] [pid 11:tid 140712856434368] [remote 10.0.0.35:44126] 2026-07-12 02:06:57.165 11 WARNING keystone.common.fernet_utils [None req-f1f75ba5-264e-48eb-81cb-99a1cc710b45 - - - - - -] key_repository is world readable: /etc/keystone/fernet-keys/ 10.0.0.35 - - [12/Jul/2026:02:06:56 +0000] "POST /v3/auth/tokens HTTP/1.1" 201 1641 10.0.0.35 - - [12/Jul/2026:02:06:57 +0000] "GET /v3/services/713f6c70397c4f369d6d5722a0ace145 HTTP/1.1" 200 296 10.0.0.35 - - [12/Jul/2026:02:06:57 +0000] "GET /v3/regions/RegionOne HTTP/1.1" 200 173 10.0.0.35 - - [12/Jul/2026:02:06:57 +0000] "POST /v3/endpoints HTTP/1.1" 201 383 10.0.0.35 - - [12/Jul/2026:02:06:57 +0000] "GET /v3/services/713f6c70397c4f369d6d5722a0ace145 HTTP/1.1" 200 296 10.0.0.35 - - [12/Jul/2026:02:06:57 +0000] "GET /v3/regions/RegionOne HTTP/1.1" 200 173 10.0.0.35 - - [12/Jul/2026:02:06:57 +0000] "POST /v3/endpoints HTTP/1.1" 201 370 10.0.0.35 - - [12/Jul/2026:02:06:58 +0000] "GET / HTTP/1.1" 300 295
[Sun Jul 12 02:06:58.612009 2026] [wsgi:error] [pid 11:tid 140712856434368] [remote 10.0.0.35:44130] 2026-07-12 02:06:58.611 11 WARNING keystone.common.password_hashing [None req-c3d0dc8c-bd26-4161-8e4d-cd3d85a9a75d - - - - - -] Truncating password to algorithm specific maximum length 72 characters. 10.0.0.35 - - [12/Jul/2026:02:06:58 +0000] "GET / HTTP/1.1" 300 295 10.0.0.35 - - [12/Jul/2026:02:06:58 +0000] "GET / HTTP/1.1" 300 295
[Sun Jul 12 02:06:58.755334 2026] [wsgi:error] [pid 12:tid 140712856434368] [remote 10.0.0.35:44136] 2026-07-12 02:06:58.755 12 WARNING keystone.common.password_hashing [None req-cd49a44f-838c-4bd9-9fb6-b27d1713521b - - - - - -] Truncating password to algorithm specific maximum length 72 characters.
[Sun Jul 12 02:06:58.787221 2026] [wsgi:error] [pid 10:tid 140712856434368] [remote 10.0.0.35:44142] 2026-07-12 02:06:58.786 10 WARNING keystone.common.password_hashing [None req-3ec7498a-3113-479b-b0fb-9b2216e04123 - - - - - -] Truncating password to algorithm specific maximum length 72 characters.
[Sun Jul 12 02:06:58.887291 2026] [wsgi:error] [pid 11:tid 140712856434368] [remote 10.0.0.35:44130] 2026-07-12 02:06:58.887 11 WARNING keystone.common.fernet_utils [None req-c3d0dc8c-bd26-4161-8e4d-cd3d85a9a75d - - - - - -] key_repository is world readable: /etc/keystone/fernet-keys/ 10.0.0.35 - - [12/Jul/2026:02:06:58 +0000] "POST /v3/auth/tokens HTTP/1.1" 201 1992 10.0.0.35 - - [12/Jul/2026:02:06:58 +0000] "GET /v3/endpoints/6994aa3b00104e34beac5addd2cdb1b0 HTTP/1.1" 200 380
[Sun Jul 12 02:06:59.032359 2026] [wsgi:error] [pid 12:tid 140712856434368] [remote 10.0.0.35:44136] 2026-07-12 02:06:59.032 12 WARNING keystone.common.fernet_utils [None req-cd49a44f-838c-4bd9-9fb6-b27d1713521b - - - - - -] key_repository is world readable: /etc/keystone/fernet-keys/ 10.0.0.35 - - [12/Jul/2026:02:06:59 +0000] "GET /v3/services/713f6c70397c4f369d6d5722a0ace145 HTTP/1.1" 200 296 10.0.0.35 - - [12/Jul/2026:02:06:58 +0000] "POST /v3/auth/tokens HTTP/1.1" 201 1992
[Sun Jul 12 02:06:59.076460 2026] [wsgi:error] [pid 10:tid 140712856434368] [remote 10.0.0.35:44142] 2026-07-12 02:06:59.076 10 WARNING keystone.common.fernet_utils [None req-3ec7498a-3113-479b-b0fb-9b2216e04123 - - - - - -] key_repository is world readable: /etc/keystone/fernet-keys/ 10.0.0.35 - - [12/Jul/2026:02:06:58 +0000] "POST /v3/auth/tokens HTTP/1.1" 201 1992 10.0.0.35 - - [12/Jul/2026:02:06:59 +0000] "GET /v3/endpoints/160e82f5850641149064fc2e468ef45d HTTP/1.1" 200 370 10.0.0.35 - - [12/Jul/2026:02:06:59 +0000] "GET /v3/services/713f6c70397c4f369d6d5722a0ace145 HTTP/1.1" 200 296 10.0.0.35 - - [12/Jul/2026:02:06:59 +0000] "GET /v3/endpoints/71585f7a737843fa91c7da30a8141763 HTTP/1.1" 200 383 10.0.0.35 - - [12/Jul/2026:02:06:59 +0000] "GET /v3/services/713f6c70397c4f369d6d5722a0ace145 HTTP/1.1" 200 296 10.0.0.240 - - [12/Jul/2026:02:07:10 +0000] "GET / HTTP/1.1" 300 295
[Sun Jul 12 02:07:10.138656 2026] [wsgi:error] [pid 11:tid 140712856434368] [remote 10.0.0.240:34060] 2026-07-12 02:07:10.138 11 WARNING keystone.common.password_hashing [None req-d135d7ad-36a9-4505-9dc4-955a5c8ab6a3 - - - - - -] Truncating password to algorithm specific maximum length 72 characters.
[Sun Jul 12 02:07:10.413925 2026] [wsgi:error] [pid 11:tid 140712856434368] [remote 10.0.0.240:34060] 2026-07-12 02:07:10.413 11 WARNING keystone.common.fernet_utils [None req-d135d7ad-36a9-4505-9dc4-955a5c8ab6a3 - - - - - -] key_repository is world readable: /etc/keystone/fernet-keys/ 10.0.0.240 - - [12/Jul/2026:02:07:10 +0000] "POST /v3/auth/tokens HTTP/1.1" 201 1992 10.0.0.240 - - [12/Jul/2026:02:07:10 +0000] "POST /v3/domains HTTP/1.1" 201 284 10.0.0.240 - - [12/Jul/2026:02:07:12 +0000] "GET / HTTP/1.1" 300 295
[Sun Jul 12 02:07:12.421684 2026] [wsgi:error] [pid 9:tid 140712856434368] [remote 10.0.0.240:34076] 2026-07-12 02:07:12.421 9 WARNING keystone.common.password_hashing [None req-cdf7d6db-4ed5-4b84-bf09-357bdb16ed38 - - - - - -] Truncating password to algorithm specific maximum length 72 characters.
[Sun Jul 12 02:07:12.691352 2026] [wsgi:error] [pid 9:tid 140712856434368] [remote 10.0.0.240:34076] 2026-07-12 02:07:12.691 9 WARNING keystone.common.fernet_utils [None req-cdf7d6db-4ed5-4b84-bf09-357bdb16ed38 - - - - - -] key_repository is world readable: /etc/keystone/fernet-keys/ 10.0.0.240 - - [12/Jul/2026:02:07:12 +0000] "POST /v3/auth/tokens HTTP/1.1" 201 1992
[Sun Jul 12 02:07:12.890257 2026] [wsgi:error] [pid 11:tid 140712856434368] [remote 10.0.0.240:34076] 2026-07-12 02:07:12.871 11 ERROR keystone.server.flask.application [None req-1cf579f1-849a-4c50-95c9-fa222c5db281 22f42f01adf042a9a1440b3ad90e33a1 792f783657784aeca76015e8ba2625ad - - default default] Conflict occurred attempting to store project - it is not permitted to have two projects acting as domains with the same name: service.: keystone.exception.Conflict: Conflict occurred attempting to store project - it is not permitted to have two projects acting as domains with the same name: service.
[Sun Jul 12 02:07:12.890285 2026] [wsgi:error] [pid 11:tid 140712856434368] [remote 10.0.0.240:34076] 2026-07-12 02:07:12.871 11 ERROR keystone.server.flask.application
Traceback (most recent call last):
[Sun Jul 12 02:07:12.890287 2026] [wsgi:error] [pid 11:tid 140712856434368] [remote 10.0.0.240:34076] 2026-07-12 02:07:12.871 11 ERROR keystone.server.flask.application
File "/var/lib/openstack/lib/python3.12/site-packages/sqlalchemy/engine/base.py", line 1969, in _exec_single_context
[Sun Jul 12 02:07:12.890288 2026] [wsgi:error] [pid 11:tid 140712856434368] [remote 10.0.0.240:34076] 2026-07-12 02:07:12.871 11 ERROR keystone.server.flask.application self.dialect.do_execute(
[Sun Jul 12 02:07:12.890290 2026] [wsgi:error] [pid 11:tid 140712856434368] [remote 10.0.0.240:34076] 2026-07-12 02:07:12.871 11 ERROR keystone.server.flask.application
File "/var/lib/openstack/lib/python3.12/site-packages/sqlalchemy/engine/default.py", line 952, in do_execute
[Sun Jul 12 02:07:12.890292 2026] [wsgi:error] [pid 11:tid 140712856434368] [remote 10.0.0.240:34076] 2026-07-12 02:07:12.871 11 ERROR keystone.server.flask.application cursor.execute(statement, parameters)
[Sun Jul 12 02:07:12.890293 2026] [wsgi:error] [pid 11:tid 140712856434368] [remote 10.0.0.240:34076] 2026-07-12 02:07:12.871 11 ERROR keystone.server.flask.application
File "/var/lib/openstack/lib/python3.12/site-packages/pymysql/cursors.py", line 159, in execute
[Sun Jul 12 02:07:12.890294 2026] [wsgi:error] [pid 11:tid 140712856434368] [remote 10.0.0.240:34076] 2026-07-12 02:07:12.871 11 ERROR keystone.server.flask.application result = self._query(query)
[Sun Jul 12 02:07:12.890296 2026] [wsgi:error] [pid 11:tid 140712856434368] [remote 10.0.0.240:34076] 2026-07-12 02:07:12.871 11 ERROR keystone.server.flask.application ^^^^^^^^^^^^^^^^^^
[Sun Jul 12 02:07:12.890297 2026] [wsgi:error] [pid 11:tid 140712856434368] [remote 10.0.0.240:34076] 2026-07-12 02:07:12.871 11 ERROR keystone.server.flask.application
File "/var/lib/openstack/lib/python3.12/site-packages/pymysql/cursors.py", line 330, in _query
[Sun Jul 12 02:07:12.890299 2026] [wsgi:error] [pid 11:tid 140712856434368] [remote 10.0.0.240:34076] 2026-07-12 02:07:12.871 11 ERROR keystone.server.flask.application conn.query(q)
[Sun Jul 12 02:07:12.890300 2026] [wsgi:error] [pid 11:tid 140712856434368] [remote 10.0.0.240:34076] 2026-07-12 02:07:12.871 11 ERROR keystone.server.flask.application
File "/var/lib/openstack/lib/python3.12/site-packages/pymysql/connections.py", line 582, in query
[Sun Jul 12 02:07:12.890301 2026] [wsgi:error] [pid 11:tid 140712856434368] [remote 10.0.0.240:34076] 2026-07-12 02:07:12.871 11 ERROR keystone.server.flask.application self._affected_rows = self._read_query_result(unbuffered=unbuffered)
[Sun Jul 12 02:07:12.890303 2026] [wsgi:error] [pid 11:tid 140712856434368] [remote 10.0.0.240:34076] 2026-07-12 02:07:12.871 11 ERROR keystone.server.flask.application ^^^^^^^^^^^^^^^^^^^^^^^^^^^^^^^^^^^^^^^^^^^^^^
[Sun Jul 12 02:07:12.890304 2026] [wsgi:error] [pid 11:tid 140712856434368] [remote 10.0.0.240:34076] 2026-07-12 02:07:12.871 11 ERROR keystone.server.flask.application
File "/var/lib/openstack/lib/python3.12/site-packages/pymysql/connections.py", line 847, in _read_query_result
[Sun Jul 12 02:07:12.890306 2026] [wsgi:error] [pid 11:tid 140712856434368] [remote 10.0.0.240:34076] 2026-07-12 02:07:12.871 11 ERROR keystone.server.flask.application result.read()
[Sun Jul 12 02:07:12.890308 2026] [wsgi:error] [pid 11:tid 140712856434368] [remote 10.0.0.240:34076] 2026-07-12 02:07:12.871 11 ERROR keystone.server.flask.application
File "/var/lib/openstack/lib/python3.12/site-packages/pymysql/connections.py", line 1245, in read
[Sun Jul 12 02:07:12.890310 2026] [wsgi:error] [pid 11:tid 140712856434368] [remote 10.0.0.240:34076] 2026-07-12 02:07:12.871 11 ERROR keystone.server.flask.application first_packet = self.connection._read_packet()
[Sun Jul 12 02:07:12.890311 2026] [wsgi:error] [pid 11:tid 140712856434368] [remote 10.0.0.240:34076] 2026-07-12 02:07:12.871 11 ERROR keystone.server.flask.application ^^^^^^^^^^^^^^^^^^^^^^^^^^^^^^
[Sun Jul 12 02:07:12.890312 2026] [wsgi:error] [pid 11:tid 140712856434368] [remote 10.0.0.240:34076] 2026-07-12 02:07:12.871 11 ERROR keystone.server.flask.application
File "/var/lib/openstack/lib/python3.12/site-packages/pymysql/connections.py", line 803, in _read_packet
[Sun Jul 12 02:07:12.890314 2026] [wsgi:error] [pid 11:tid 140712856434368] [remote 10.0.0.240:34076] 2026-07-12 02:07:12.871 11 ERROR keystone.server.flask.application packet.raise_for_error()
[Sun Jul 12 02:07:12.890315 2026] [wsgi:error] [pid 11:tid 140712856434368] [remote 10.0.0.240:34076] 2026-07-12 02:07:12.871 11 ERROR keystone.server.flask.application
File "/var/lib/openstack/lib/python3.12/site-packages/pymysql/protocol.py", line 219, in raise_for_error
[Sun Jul 12 02:07:12.890316 2026] [wsgi:error] [pid 11:tid 140712856434368] [remote 10.0.0.240:34076] 2026-07-12 02:07:12.871 11 ERROR keystone.server.flask.application err.raise_mysql_exception(self._data)
[Sun Jul 12 02:07:12.890318 2026] [wsgi:error] [pid 11:tid 140712856434368] [remote 10.0.0.240:34076] 2026-07-12 02:07:12.871 11 ERROR keystone.server.flask.application
File "/var/lib/openstack/lib/python3.12/site-packages/pymysql/err.py", line 154, in raise_mysql_exception
[Sun Jul 12 02:07:12.890319 2026] [wsgi:error] [pid 11:tid 140712856434368] [remote 10.0.0.240:34076] 2026-07-12 02:07:12.871 11 ERROR keystone.server.flask.application raise errorclass(errno, errval, sqlstate=sqlstate)
[Sun Jul 12 02:07:12.890320 2026] [wsgi:error] [pid 11:tid 140712856434368] [remote 10.0.0.240:34076] 2026-07-12 02:07:12.871 11 ERROR keystone.server.flask.application pymysql.err.IntegrityError: (1062, "Duplicate entry '<>-service' for key 'project.ixu_project_name_domain_id'")
[Sun Jul 12 02:07:12.890322 2026] [wsgi:error] [pid 11:tid 140712856434368] [remote 10.0.0.240:34076] 2026-07-12 02:07:12.871 11 ERROR keystone.server.flask.application
[Sun Jul 12 02:07:12.890323 2026] [wsgi:error] [pid 11:tid 140712856434368] [remote 10.0.0.240:34076] 2026-07-12 02:07:12.871 11 ERROR keystone.server.flask.application The above exception was the direct cause of the following exception:
[Sun Jul 12 02:07:12.890325 2026] [wsgi:error] [pid 11:tid 140712856434368] [remote 10.0.0.240:34076] 2026-07-12 02:07:12.871 11 ERROR keystone.server.flask.application
[Sun Jul 12 02:07:12.890326 2026] [wsgi:error] [pid 11:tid 140712856434368] [remote 10.0.0.240:34076] 2026-07-12 02:07:12.871 11 ERROR keystone.server.flask.application
Traceback (most recent call last):
[Sun Jul 12 02:07:12.890327 2026] [wsgi:error] [pid 11:tid 140712856434368] [remote 10.0.0.240:34076] 2026-07-12 02:07:12.871 11 ERROR keystone.server.flask.application
File "/var/lib/openstack/lib/python3.12/site-packages/keystone/common/sql/core.py", line 575, in wrapper
[Sun Jul 12 02:07:12.890329 2026] [wsgi:error] [pid 11:tid 140712856434368] [remote 10.0.0.240:34076] 2026-07-12 02:07:12.871 11 ERROR keystone.server.flask.application return method(*args, **kwargs)
[Sun Jul 12 02:07:12.890330 2026] [wsgi:error] [pid 11:tid 140712856434368] [remote 10.0.0.240:34076] 2026-07-12 02:07:12.871 11 ERROR keystone.server.flask.application ^^^^^^^^^^^^^^^^^^^^^^^
[Sun Jul 12 02:07:12.890332 2026] [wsgi:error] [pid 11:tid 140712856434368] [remote 10.0.0.240:34076] 2026-07-12 02:07:12.871 11 ERROR keystone.server.flask.application
File "/var/lib/openstack/lib/python3.12/site-packages/keystone/resource/backends/sql.py", line 278, in create_project
[Sun Jul 12 02:07:12.890334 2026] [wsgi:error] [pid 11:tid 140712856434368] [remote 10.0.0.240:34076] 2026-07-12 02:07:12.871 11 ERROR keystone.server.flask.application with sql.session_for_write() as session:
[Sun Jul 12 02:07:12.890335 2026] [wsgi:error] [pid 11:tid 140712856434368] [remote 10.0.0.240:34076] 2026-07-12 02:07:12.871 11 ERROR keystone.server.flask.application
File "/usr/lib/python3.12/contextlib.py", line 144, in __exit__
[Sun Jul 12 02:07:12.890336 2026] [wsgi:error] [pid 11:tid 140712856434368] [remote 10.0.0.240:34076] 2026-07-12 02:07:12.871 11 ERROR keystone.server.flask.application next(self.gen)
[Sun Jul 12 02:07:12.890338 2026] [wsgi:error] [pid 11:tid 140712856434368] [remote 10.0.0.240:34076] 2026-07-12 02:07:12.871 11 ERROR keystone.server.flask.application
File "/var/lib/openstack/lib/python3.12/site-packages/oslo_db/sqlalchemy/enginefacade.py", line 1175, in _transaction_scope
[Sun Jul 12 02:07:12.890339 2026] [wsgi:error] [pid 11:tid 140712856434368] [remote 10.0.0.240:34076] 2026-07-12 02:07:12.871 11 ERROR keystone.server.flask.application with current._produce_block(
[Sun Jul 12 02:07:12.890340 2026] [wsgi:error] [pid 11:tid 140712856434368] [remote 10.0.0.240:34076] 2026-07-12 02:07:12.871 11 ERROR keystone.server.flask.application
File "/usr/lib/python3.12/contextlib.py", line 144, in __exit__
[Sun Jul 12 02:07:12.890342 2026] [wsgi:error] [pid 11:tid 140712856434368] [remote 10.0.0.240:34076] 2026-07-12 02:07:12.871 11 ERROR keystone.server.flask.application next(self.gen)
[Sun Jul 12 02:07:12.890343 2026] [wsgi:error] [pid 11:tid 140712856434368] [remote 10.0.0.240:34076] 2026-07-12 02:07:12.871 11 ERROR keystone.server.flask.application
File "/var/lib/openstack/lib/python3.12/site-packages/oslo_db/sqlalchemy/enginefacade.py", line 837, in _session
[Sun Jul 12 02:07:12.890344 2026] [wsgi:error] [pid 11:tid 140712856434368] [remote 10.0.0.240:34076] 2026-07-12 02:07:12.871 11 ERROR keystone.server.flask.application with excutils.save_and_reraise_exception():
[Sun Jul 12 02:07:12.890346 2026] [wsgi:error] [pid 11:tid 140712856434368] [remote 10.0.0.240:34076] 2026-07-12 02:07:12.871 11 ERROR keystone.server.flask.application
File "/var/lib/openstack/lib/python3.12/site-packages/oslo_utils/excutils.py", line 266, in __exit__
[Sun Jul 12 02:07:12.890347 2026] [wsgi:error] [pid 11:tid 140712856434368] [remote 10.0.0.240:34076] 2026-07-12 02:07:12.871 11 ERROR keystone.server.flask.application self.force_reraise()
[Sun Jul 12 02:07:12.890349 2026] [wsgi:error] [pid 11:tid 140712856434368] [remote 10.0.0.240:34076] 2026-07-12 02:07:12.871 11 ERROR keystone.server.flask.application
File "/var/lib/openstack/lib/python3.12/site-packages/oslo_utils/excutils.py", line 232, in force_reraise
[Sun Jul 12 02:07:12.890350 2026] [wsgi:error] [pid 11:tid 140712856434368] [remote 10.0.0.240:34076] 2026-07-12 02:07:12.871 11 ERROR keystone.server.flask.application raise self.value
[Sun Jul 12 02:07:12.890352 2026] [wsgi:error] [pid 11:tid 140712856434368] [remote 10.0.0.240:34076] 2026-07-12 02:07:12.871 11 ERROR keystone.server.flask.application
File "/var/lib/openstack/lib/python3.12/site-packages/oslo_db/sqlalchemy/enginefacade.py", line 835, in _session
[Sun Jul 12 02:07:12.890353 2026] [wsgi:error] [pid 11:tid 140712856434368] [remote 10.0.0.240:34076] 2026-07-12 02:07:12.871 11 ERROR keystone.server.flask.application self._end_session_transaction(self.session)
[Sun Jul 12 02:07:12.890354 2026] [wsgi:error] [pid 11:tid 140712856434368] [remote 10.0.0.240:34076] 2026-07-12 02:07:12.871 11 ERROR keystone.server.flask.application
File "/var/lib/openstack/lib/python3.12/site-packages/oslo_db/sqlalchemy/enginefacade.py", line 748, in _end_session_transaction
[Sun Jul 12 02:07:12.890357 2026] [wsgi:error] [pid 11:tid 140712856434368] [remote 10.0.0.240:34076] 2026-07-12 02:07:12.871 11 ERROR keystone.server.flask.application session.commit()
[Sun Jul 12 02:07:12.890358 2026] [wsgi:error] [pid 11:tid 140712856434368] [remote 10.0.0.240:34076] 2026-07-12 02:07:12.871 11 ERROR keystone.server.flask.application
File "/var/lib/openstack/lib/python3.12/site-packages/sqlalchemy/orm/session.py", line 2034, in commit
[Sun Jul 12 02:07:12.890360 2026] [wsgi:error] [pid 11:tid 140712856434368] [remote 10.0.0.240:34076] 2026-07-12 02:07:12.871 11 ERROR keystone.server.flask.application trans.commit(_to_root=True)
[Sun Jul 12 02:07:12.890361 2026] [wsgi:error] [pid 11:tid 140712856434368] [remote 10.0.0.240:34076] 2026-07-12 02:07:12.871 11 ERROR keystone.server.flask.application File "", line 2, in commit
[Sun Jul 12 02:07:12.890362 2026] [wsgi:error] [pid 11:tid 140712856434368] [remote 10.0.0.240:34076] 2026-07-12 02:07:12.871 11 ERROR keystone.server.flask.application
File "/var/lib/openstack/lib/python3.12/site-packages/sqlalchemy/orm/state_changes.py", line 137, in _go
[Sun Jul 12 02:07:12.890364 2026] [wsgi:error] [pid 11:tid 140712856434368] [remote 10.0.0.240:34076] 2026-07-12 02:07:12.871 11 ERROR keystone.server.flask.application ret_value = fn(self, *arg, **kw)
[Sun Jul 12 02:07:12.890365 2026] [wsgi:error] [pid 11:tid 140712856434368] [remote 10.0.0.240:34076] 2026-07-12 02:07:12.871 11 ERROR keystone.server.flask.application ^^^^^^^^^^^^^^^^^^^^
[Sun Jul 12 02:07:12.890366 2026] [wsgi:error] [pid 11:tid 140712856434368] [remote 10.0.0.240:34076] 2026-07-12 02:07:12.871 11 ERROR keystone.server.flask.application
File "/var/lib/openstack/lib/python3.12/site-packages/sqlalchemy/orm/session.py", line 1315, in commit
[Sun Jul 12 02:07:12.890368 2026] [wsgi:error] [pid 11:tid 140712856434368] [remote 10.0.0.240:34076] 2026-07-12 02:07:12.871 11 ERROR keystone.server.flask.application self._prepare_impl()
[Sun Jul 12 02:07:12.890369 2026] [wsgi:error] [pid 11:tid 140712856434368] [remote 10.0.0.240:34076] 2026-07-12 02:07:12.871 11 ERROR keystone.server.flask.application File "", line 2, in _prepare_impl
[Sun Jul 12 02:07:12.890370 2026] [wsgi:error] [pid 11:tid 140712856434368] [remote 10.0.0.240:34076] 2026-07-12 02:07:12.871 11 ERROR keystone.server.flask.application
File "/var/lib/openstack/lib/python3.12/site-packages/sqlalchemy/orm/state_changes.py", line 137, in _go
[Sun Jul 12 02:07:12.890372 2026] [wsgi:error] [pid 11:tid 140712856434368] [remote 10.0.0.240:34076] 2026-07-12 02:07:12.871 11 ERROR keystone.server.flask.application ret_value = fn(self, *arg, **kw)
[Sun Jul 12 02:07:12.890373 2026] [wsgi:error] [pid 11:tid 140712856434368] [remote 10.0.0.240:34076] 2026-07-12 02:07:12.871 11 ERROR keystone.server.flask.application ^^^^^^^^^^^^^^^^^^^^
[Sun Jul 12 02:07:12.890374 2026] [wsgi:error] [pid 11:tid 140712856434368] [remote 10.0.0.240:34076] 2026-07-12 02:07:12.871 11 ERROR keystone.server.flask.application
File "/var/lib/openstack/lib/python3.12/site-packages/sqlalchemy/orm/session.py", line 1290, in _prepare_impl
[Sun Jul 12 02:07:12.890376 2026] [wsgi:error] [pid 11:tid 140712856434368] [remote 10.0.0.240:34076] 2026-07-12 02:07:12.871 11 ERROR keystone.server.flask.application self.session.flush()
[Sun Jul 12 02:07:12.890377 2026] [wsgi:error] [pid 11:tid 140712856434368] [remote 10.0.0.240:34076] 2026-07-12 02:07:12.871 11 ERROR keystone.server.flask.application
File "/var/lib/openstack/lib/python3.12/site-packages/sqlalchemy/orm/session.py", line 4352, in flush
[Sun Jul 12 02:07:12.890379 2026] [wsgi:error] [pid 11:tid 140712856434368] [remote 10.0.0.240:34076] 2026-07-12 02:07:12.871 11 ERROR keystone.server.flask.application self._flush(objects)
[Sun Jul 12 02:07:12.890392 2026] [wsgi:error] [pid 11:tid 140712856434368] [remote 10.0.0.240:34076] 2026-07-12 02:07:12.871 11 ERROR keystone.server.flask.application
File "/var/lib/openstack/lib/python3.12/site-packages/sqlalchemy/orm/session.py", line 4487, in _flush
[Sun Jul 12 02:07:12.890394 2026] [wsgi:error] [pid 11:tid 140712856434368] [remote 10.0.0.240:34076] 2026-07-12 02:07:12.871 11 ERROR keystone.server.flask.application with util.safe_reraise():
[Sun Jul 12 02:07:12.890395 2026] [wsgi:error] [pid 11:tid 140712856434368] [remote 10.0.0.240:34076] 2026-07-12 02:07:12.871 11 ERROR keystone.server.flask.application
File "/var/lib/openstack/lib/python3.12/site-packages/sqlalchemy/util/langhelpers.py", line 122, in __exit__
[Sun Jul 12 02:07:12.890397 2026] [wsgi:error] [pid 11:tid 140712856434368] [remote 10.0.0.240:34076] 2026-07-12 02:07:12.871 11 ERROR keystone.server.flask.application raise exc_value.with_traceback(exc_tb)
[Sun Jul 12 02:07:12.890398 2026] [wsgi:error] [pid 11:tid 140712856434368] [remote 10.0.0.240:34076] 2026-07-12 02:07:12.871 11 ERROR keystone.server.flask.application
File "/var/lib/openstack/lib/python3.12/site-packages/sqlalchemy/orm/session.py", line 4448, in _flush
[Sun Jul 12 02:07:12.890400 2026] [wsgi:error] [pid 11:tid 140712856434368] [remote 10.0.0.240:34076] 2026-07-12 02:07:12.871 11 ERROR keystone.server.flask.application flush_context.execute()
[Sun Jul 12 02:07:12.890401 2026] [wsgi:error] [pid 11:tid 140712856434368] [remote 10.0.0.240:34076] 2026-07-12 02:07:12.871 11 ERROR keystone.server.flask.application
