2026-07-21 21:38:19.038 8 INFO neutron.api.extensions [None req-1c2f7e3a-9572-4940-8343-34d933c4c232 - - - - - -] Loaded extension: net-mtu
2026-07-21 21:38:19.039 8 INFO neutron.api.extensions [None req-1c2f7e3a-9572-4940-8343-34d933c4c232 - - - - - -] Loaded extension: net-mtu-writable
2026-07-21 21:38:19.039 8 INFO neutron.api.extensions [None req-1c2f7e3a-9572-4940-8343-34d933c4c232 - - - - - -] Loaded extension: network_availability_zone
2026-07-21 21:38:19.039 7 INFO neutron.api.extensions [None req-bd8d5a17-2b95-4bcd-b1d9-779656bd2add - - - - - -] Loaded extension: vpnaas
2026-07-21 21:38:19.040 8 INFO neutron.api.extensions [None req-1c2f7e3a-9572-4940-8343-34d933c4c232 - - - - - -] Extension network_ha not supported by any of loaded plugins
2026-07-21 21:38:19.040 8 INFO neutron.api.extensions [None req-1c2f7e3a-9572-4940-8343-34d933c4c232 - - - - - -] Loaded extension: network-ip-availability
2026-07-21 21:38:19.041 7 INFO neutron.api.extensions [None req-bd8d5a17-2b95-4bcd-b1d9-779656bd2add - - - - - -] Loaded extension: taas
2026-07-21 21:38:19.041 8 INFO neutron.api.extensions [None req-1c2f7e3a-9572-4940-8343-34d933c4c232 - - - - - -] Extension network-segment-range not supported by any of loaded plugins
2026-07-21 21:38:19.042 8 INFO neutron.api.extensions [None req-1c2f7e3a-9572-4940-8343-34d933c4c232 - - - - - -] Loaded extension: pagination
2026-07-21 21:38:19.042 7 INFO neutron.api.extensions [None req-bd8d5a17-2b95-4bcd-b1d9-779656bd2add - - - - - -] Loaded extension: tap-mirror
2026-07-21 21:38:19.042 8 INFO neutron.api.extensions [None req-1c2f7e3a-9572-4940-8343-34d933c4c232 - - - - - -] Loaded extension: port-device-profile
2026-07-21 21:38:19.043 7 INFO neutron.api.extensions [None req-bd8d5a17-2b95-4bcd-b1d9-779656bd2add - - - - - -] Loaded extension: taas-vlan-filter
2026-07-21 21:38:19.043 8 INFO neutron.api.extensions [None req-1c2f7e3a-9572-4940-8343-34d933c4c232 - - - - - -] Extension port-hardware-offload-type not supported by any of loaded plugins
2026-07-21 21:38:19.043 8 INFO neutron.api.extensions [None req-1c2f7e3a-9572-4940-8343-34d933c4c232 - - - - - -] Extension port-hint-ovs-tx-steering not supported by any of loaded plugins
2026-07-21 21:38:19.044 8 INFO neutron.api.extensions [None req-1c2f7e3a-9572-4940-8343-34d933c4c232 - - - - - -] Extension port-hints not supported by any of loaded plugins
2026-07-21 21:38:19.044 8 INFO neutron.api.extensions [None req-1c2f7e3a-9572-4940-8343-34d933c4c232 - - - - - -] Extension port-mac-override not supported by any of loaded plugins
2026-07-21 21:38:19.045 8 INFO neutron.api.extensions [None req-1c2f7e3a-9572-4940-8343-34d933c4c232 - - - - - -] Loaded extension: port-mac-address-regenerate
2026-07-21 21:38:19.045 7 INFO neutron.quota.resource_registry [None req-bd8d5a17-2b95-4bcd-b1d9-779656bd2add - - - - - -] Creating instance of TrackedResource for resource:network
2026-07-21 21:38:19.045 7 INFO neutron.quota.resource_registry [None req-bd8d5a17-2b95-4bcd-b1d9-779656bd2add - - - - - -] Creating instance of TrackedResource for resource:subnet
2026-07-21 21:38:19.045 8 INFO neutron.api.extensions [None req-1c2f7e3a-9572-4940-8343-34d933c4c232 - - - - - -] Loaded extension: port-numa-affinity-policy
2026-07-21 21:38:19.046 7 INFO neutron.quota.resource_registry [None req-bd8d5a17-2b95-4bcd-b1d9-779656bd2add - - - - - -] Creating instance of TrackedResource for resource:subnetpool
2026-07-21 21:38:19.046 7 INFO neutron.quota.resource_registry [None req-bd8d5a17-2b95-4bcd-b1d9-779656bd2add - - - - - -] Creating instance of TrackedResource for resource:port
2026-07-21 21:38:19.046 8 INFO neutron.api.extensions [None req-1c2f7e3a-9572-4940-8343-34d933c4c232 - - - - - -] Loaded extension: port-numa-affinity-policy-socket
2026-07-21 21:38:19.046 8 INFO neutron.api.extensions [None req-1c2f7e3a-9572-4940-8343-34d933c4c232 - - - - - -] Loaded extension: port-resource-request
2026-07-21 21:38:19.047 8 INFO neutron.api.extensions [None req-1c2f7e3a-9572-4940-8343-34d933c4c232 - - - - - -] Loaded extension: port-resource-request-groups
2026-07-21 21:38:19.048 8 INFO neutron.api.extensions [None req-1c2f7e3a-9572-4940-8343-34d933c4c232 - - - - - -] Extension port-trusted-vif not supported by any of loaded plugins
2026-07-21 21:38:19.048 8 INFO neutron.api.extensions [None req-1c2f7e3a-9572-4940-8343-34d933c4c232 - - - - - -] Loaded extension: binding
2026-07-21 21:38:19.049 8 INFO neutron.api.extensions [None req-1c2f7e3a-9572-4940-8343-34d933c4c232 - - - - - -] Loaded extension: binding-extended
2026-07-21 21:38:19.049 7 INFO neutron.quota.resource_registry [None req-bd8d5a17-2b95-4bcd-b1d9-779656bd2add - - - - - -] Creating instance of TrackedResource for resource:router
2026-07-21 21:38:19.049 7 INFO neutron.quota.resource_registry [None req-bd8d5a17-2b95-4bcd-b1d9-779656bd2add - - - - - -] Creating instance of TrackedResource for resource:floatingip
2026-07-21 21:38:19.050 8 INFO neutron.api.extensions [None req-1c2f7e3a-9572-4940-8343-34d933c4c232 - - - - - -] Loaded extension: port-security
2026-07-21 21:38:19.050 8 INFO neutron.api.extensions [None req-1c2f7e3a-9572-4940-8343-34d933c4c232 - - - - - -] Loaded extension: project-id
2026-07-21 21:38:19.051 8 INFO neutron.api.extensions [None req-1c2f7e3a-9572-4940-8343-34d933c4c232 - - - - - -] Loaded extension: provider
2026-07-21 21:38:19.051 8 INFO neutron.api.extensions [None req-1c2f7e3a-9572-4940-8343-34d933c4c232 - - - - - -] Loaded extension: qinq
2026-07-21 21:38:19.054 8 INFO neutron.api.extensions [None req-1c2f7e3a-9572-4940-8343-34d933c4c232 - - - - - -] Loaded extension: qos
2026-07-21 21:38:19.055 8 INFO neutron.api.extensions [None req-1c2f7e3a-9572-4940-8343-34d933c4c232 - - - - - -] Loaded extension: qos-bw-limit-direction
2026-07-21 21:38:19.055 7 INFO neutron.quota.resource_registry [None req-bd8d5a17-2b95-4bcd-b1d9-779656bd2add - - - - - -] Creating instance of CountableResource for resource:rbac_policy
2026-07-21 21:38:19.055 8 INFO neutron.api.extensions [None req-1c2f7e3a-9572-4940-8343-34d933c4c232 - - - - - -] Loaded extension: qos-bw-minimum-ingress
2026-07-21 21:38:19.056 7 INFO neutron.quota.resource_registry [None req-bd8d5a17-2b95-4bcd-b1d9-779656bd2add - - - - - -] Creating instance of TrackedResource for resource:security_group
2026-07-21 21:38:19.056 8 INFO neutron.api.extensions [None req-1c2f7e3a-9572-4940-8343-34d933c4c232 - - - - - -] Loaded extension: qos-default
2026-07-21 21:38:19.056 7 INFO neutron.quota.resource_registry [None req-bd8d5a17-2b95-4bcd-b1d9-779656bd2add - - - - - -] Creating instance of TrackedResource for resource:security_group_rule
2026-07-21 21:38:19.056 8 INFO neutron.api.extensions [None req-1c2f7e3a-9572-4940-8343-34d933c4c232 - - - - - -] Loaded extension: qos-fip
2026-07-21 21:38:19.057 8 INFO neutron.api.extensions [None req-1c2f7e3a-9572-4940-8343-34d933c4c232 - - - - - -] Extension qos-fip-network-policy not supported by any of loaded plugins
2026-07-21 21:38:19.057 7 INFO neutron.quota.resource_registry [None req-bd8d5a17-2b95-4bcd-b1d9-779656bd2add - - - - - -] Creating instance of TrackedResource for resource:subnetpool
2026-07-21 21:38:19.057 7 WARNING neutron.quota.resource_registry [None req-bd8d5a17-2b95-4bcd-b1d9-779656bd2add - - - - - -] subnetpool is already registered
2026-07-21 21:38:19.057 8 INFO neutron.api.extensions [None req-1c2f7e3a-9572-4940-8343-34d933c4c232 - - - - - -] Loaded extension: qos-gateway-ip
2026-07-21 21:38:19.058 7 INFO neutron.quota.resource_registry [None req-bd8d5a17-2b95-4bcd-b1d9-779656bd2add - - - - - -] Creating instance of CountableResource for resource:trunk
2026-07-21 21:38:19.058 8 INFO neutron.api.extensions [None req-1c2f7e3a-9572-4940-8343-34d933c4c232 - - - - - -] Loaded extension: qos-port-network-policy
2026-07-21 21:38:19.058 7 INFO neutron.quota.resource_registry [None req-bd8d5a17-2b95-4bcd-b1d9-779656bd2add - - - - - -] Creating instance of CountableResource for resource:ikepolicy
2026-07-21 21:38:19.059 8 INFO neutron.api.extensions [None req-1c2f7e3a-9572-4940-8343-34d933c4c232 - - - - - -] Loaded extension: qos-pps-minimum
2026-07-21 21:38:19.059 7 INFO neutron.quota.resource_registry [None req-bd8d5a17-2b95-4bcd-b1d9-779656bd2add - - - - - -] Creating instance of CountableResource for resource:ipsecpolicy
2026-07-21 21:38:19.059 7 INFO neutron.quota.resource_registry [None req-bd8d5a17-2b95-4bcd-b1d9-779656bd2add - - - - - -] Creating instance of CountableResource for resource:endpoint_group
2026-07-21 21:38:19.059 8 INFO neutron.api.extensions [None req-1c2f7e3a-9572-4940-8343-34d933c4c232 - - - - - -] Loaded extension: qos-pps-minimum-rule-alias
2026-07-21 21:38:19.059 7 INFO neutron.quota.resource_registry [None req-bd8d5a17-2b95-4bcd-b1d9-779656bd2add - - - - - -] Creating instance of CountableResource for resource:vpnservice
2026-07-21 21:38:19.060 8 INFO neutron.api.extensions [None req-1c2f7e3a-9572-4940-8343-34d933c4c232 - - - - - -] Loaded extension: qos-pps
2026-07-21 21:38:19.060 7 INFO neutron.quota.resource_registry [None req-bd8d5a17-2b95-4bcd-b1d9-779656bd2add - - - - - -] Creating instance of CountableResource for resource:ipsec_site_connection
2026-07-21 21:38:19.060 8 INFO neutron.api.extensions [None req-1c2f7e3a-9572-4940-8343-34d933c4c232 - - - - - -] Loaded extension: qos-rule-type-details
2026-07-21 21:38:19.060 7 INFO neutron.quota.resource_registry [None req-bd8d5a17-2b95-4bcd-b1d9-779656bd2add - - - - - -] Creating instance of CountableResource for resource:ipsecpolicy
2026-07-21 21:38:19.060 7 WARNING neutron.quota.resource_registry [None req-bd8d5a17-2b95-4bcd-b1d9-779656bd2add - - - - - -] ipsecpolicy is already registered
2026-07-21 21:38:19.061 8 INFO neutron.api.extensions [None req-1c2f7e3a-9572-4940-8343-34d933c4c232 - - - - - -] Loaded extension: qos-rule-type-filter
2026-07-21 21:38:19.061 7 INFO neutron.quota.resource_registry [None req-bd8d5a17-2b95-4bcd-b1d9-779656bd2add - - - - - -] Creating instance of CountableResource for resource:ikepolicy
2026-07-21 21:38:19.061 7 WARNING neutron.quota.resource_registry [None req-bd8d5a17-2b95-4bcd-b1d9-779656bd2add - - - - - -] ikepolicy is already registered
2026-07-21 21:38:19.061 8 INFO neutron.api.extensions [None req-1c2f7e3a-9572-4940-8343-34d933c4c232 - - - - - -] Loaded extension: qos-rules-alias
2026-07-21 21:38:19.062 8 INFO neutron.api.extensions [None req-1c2f7e3a-9572-4940-8343-34d933c4c232 - - - - - -] Loaded extension: quota-check-limit
2026-07-21 21:38:19.063 8 INFO neutron.api.extensions [None req-1c2f7e3a-9572-4940-8343-34d933c4c232 - - - - - -] Loaded extension: quota-check-limit-default
2026-07-21 21:38:19.065 8 INFO neutron.api.extensions [None req-1c2f7e3a-9572-4940-8343-34d933c4c232 - - - - - -] Loaded extension: quotas
2026-07-21 21:38:19.066 7 INFO neutron.quota.resource_registry [None req-bd8d5a17-2b95-4bcd-b1d9-779656bd2add - - - - - -] Creating instance of TrackedResource for resource:router
2026-07-21 21:38:19.066 7 WARNING neutron.quota.resource_registry [None req-bd8d5a17-2b95-4bcd-b1d9-779656bd2add - - - - - -] router is already registered
2026-07-21 21:38:19.066 7 INFO neutron.quota.resource_registry [None req-bd8d5a17-2b95-4bcd-b1d9-779656bd2add - - - - - -] Creating instance of TrackedResource for resource:floatingip
2026-07-21 21:38:19.066 8 INFO neutron.api.extensions [None req-1c2f7e3a-9572-4940-8343-34d933c4c232 - - - - - -] Loaded extension: quota_details
2026-07-21 21:38:19.067 7 WARNING neutron.quota.resource_registry [None req-bd8d5a17-2b95-4bcd-b1d9-779656bd2add - - - - - -] floatingip is already registered
2026-07-21 21:38:19.068 8 INFO neutron.api.extensions [None req-1c2f7e3a-9572-4940-8343-34d933c4c232 - - - - - -] Loaded extension: rbac-policies
2026-07-21 21:38:19.069 8 INFO neutron.api.extensions [None req-1c2f7e3a-9572-4940-8343-34d933c4c232 - - - - - -] Extension rbac-address-group not supported by any of loaded plugins
2026-07-21 21:38:19.069 8 INFO neutron.api.extensions [None req-1c2f7e3a-9572-4940-8343-34d933c4c232 - - - - - -] Loaded extension: rbac-address-scope
2026-07-21 21:38:19.070 8 INFO neutron.api.extensions [None req-1c2f7e3a-9572-4940-8343-34d933c4c232 - - - - - -] Loaded extension: rbac-security-groups
2026-07-21 21:38:19.070 8 INFO neutron.api.extensions [None req-1c2f7e3a-9572-4940-8343-34d933c4c232 - - - - - -] Extension rbac-subnetpool not supported by any of loaded plugins
2026-07-21 21:38:19.071 8 INFO neutron.api.extensions [None req-1c2f7e3a-9572-4940-8343-34d933c4c232 - - - - - -] Loaded extension: revision-if-match
2026-07-21 21:38:19.071 7 INFO neutron.quota.resource_registry [None req-bd8d5a17-2b95-4bcd-b1d9-779656bd2add - - - - - -] Creating instance of CountableResource for resource:rbac_policy
2026-07-21 21:38:19.071 7 WARNING neutron.quota.resource_registry [None req-bd8d5a17-2b95-4bcd-b1d9-779656bd2add - - - - - -] rbac_policy is already registered
2026-07-21 21:38:19.071 8 INFO neutron.api.extensions [None req-1c2f7e3a-9572-4940-8343-34d933c4c232 - - - - - -] Loaded extension: standard-attr-revisions
2026-07-21 21:38:19.071 7 INFO neutron.quota.resource_registry [None req-bd8d5a17-2b95-4bcd-b1d9-779656bd2add - - - - - -] Creating instance of TrackedResource for resource:security_group
2026-07-21 21:38:19.072 7 WARNING neutron.quota.resource_registry [None req-bd8d5a17-2b95-4bcd-b1d9-779656bd2add - - - - - -] security_group is already registered
2026-07-21 21:38:19.072 8 INFO neutron.api.extensions [None req-1c2f7e3a-9572-4940-8343-34d933c4c232 - - - - - -] Loaded extension: router_availability_zone
2026-07-21 21:38:19.072 7 INFO neutron.quota.resource_registry [None req-bd8d5a17-2b95-4bcd-b1d9-779656bd2add - - - - - -] Creating instance of TrackedResource for resource:security_group_rule
2026-07-21 21:38:19.072 7 WARNING neutron.quota.resource_registry [None req-bd8d5a17-2b95-4bcd-b1d9-779656bd2add - - - - - -] security_group_rule is already registered
2026-07-21 21:38:19.072 8 INFO neutron.api.extensions [None req-1c2f7e3a-9572-4940-8343-34d933c4c232 - - - - - -] Extension router-service-type not supported by any of loaded plugins
2026-07-21 21:38:19.074 7 INFO neutron.quota.resource_registry [None req-bd8d5a17-2b95-4bcd-b1d9-779656bd2add - - - - - -] Creating instance of TrackedResource for resource:subnetpool
2026-07-21 21:38:19.074 7 WARNING neutron.quota.resource_registry [None req-bd8d5a17-2b95-4bcd-b1d9-779656bd2add - - - - - -] subnetpool is already registered
2026-07-21 21:38:19.075 7 INFO neutron.quota.resource_registry [None req-bd8d5a17-2b95-4bcd-b1d9-779656bd2add - - - - - -] Creating instance of CountableResource for resource:trunk
2026-07-21 21:38:19.075 7 WARNING neutron.quota.resource_registry [None req-bd8d5a17-2b95-4bcd-b1d9-779656bd2add - - - - - -] trunk is already registered
2026-07-21 21:38:19.075 7 INFO neutron.quota.resource_registry [None req-bd8d5a17-2b95-4bcd-b1d9-779656bd2add - - - - - -] Creating instance of CountableResource for resource:ikepolicy
2026-07-21 21:38:19.075 7 WARNING neutron.quota.resource_registry [None req-bd8d5a17-2b95-4bcd-b1d9-779656bd2add - - - - - -] ikepolicy is already registered
2026-07-21 21:38:19.076 7 INFO neutron.quota.resource_registry [None req-bd8d5a17-2b95-4bcd-b1d9-779656bd2add - - - - - -] Creating instance of CountableResource for resource:ipsecpolicy
2026-07-21 21:38:19.076 8 INFO neutron.api.extensions [None req-1c2f7e3a-9572-4940-8343-34d933c4c232 - - - - - -] Loaded extension: security-groups-default-rules
2026-07-21 21:38:19.076 7 WARNING neutron.quota.resource_registry [None req-bd8d5a17-2b95-4bcd-b1d9-779656bd2add - - - - - -] ipsecpolicy is already registered
2026-07-21 21:38:19.076 7 INFO neutron.quota.resource_registry [None req-bd8d5a17-2b95-4bcd-b1d9-779656bd2add - - - - - -] Creating instance of CountableResource for resource:endpoint_group
2026-07-21 21:38:19.076 8 INFO neutron.api.extensions [None req-1c2f7e3a-9572-4940-8343-34d933c4c232 - - - - - -] Loaded extension: security-groups-normalized-cidr
2026-07-21 21:38:19.076 7 WARNING neutron.quota.resource_registry [None req-bd8d5a17-2b95-4bcd-b1d9-779656bd2add - - - - - -] endpoint_group is already registered
2026-07-21 21:38:19.077 7 INFO neutron.quota.resource_registry [None req-bd8d5a17-2b95-4bcd-b1d9-779656bd2add - - - - - -] Creating instance of CountableResource for resource:vpnservice
2026-07-21 21:38:19.077 8 INFO neutron.api.extensions [None req-1c2f7e3a-9572-4940-8343-34d933c4c232 - - - - - -] Extension port-security-groups-filtering not supported by any of loaded plugins
2026-07-21 21:38:19.077 7 WARNING neutron.quota.resource_registry [None req-bd8d5a17-2b95-4bcd-b1d9-779656bd2add - - - - - -] vpnservice is already registered
2026-07-21 21:38:19.077 7 INFO neutron.quota.resource_registry [None req-bd8d5a17-2b95-4bcd-b1d9-779656bd2add - - - - - -] Creating instance of CountableResource for resource:ipsec_site_connection
2026-07-21 21:38:19.077 7 WARNING neutron.quota.resource_registry [None req-bd8d5a17-2b95-4bcd-b1d9-779656bd2add - - - - - -] ipsec_site_connection is already registered
2026-07-21 21:38:19.077 8 INFO neutron.api.extensions [None req-1c2f7e3a-9572-4940-8343-34d933c4c232 - - - - - -] Loaded extension: security-groups-remote-address-group
2026-07-21 21:38:19.078 7 INFO neutron.quota.resource_registry [None req-bd8d5a17-2b95-4bcd-b1d9-779656bd2add - - - - - -] Creating instance of CountableResource for resource:ipsecpolicy
2026-07-21 21:38:19.078 8 INFO neutron.api.extensions [None req-1c2f7e3a-9572-4940-8343-34d933c4c232 - - - - - -] Loaded extension: security-groups-rules-belongs-to-default-sg
2026-07-21 21:38:19.078 7 WARNING neutron.quota.resource_registry [None req-bd8d5a17-2b95-4bcd-b1d9-779656bd2add - - - - - -] ipsecpolicy is already registered
2026-07-21 21:38:19.079 7 INFO neutron.quota.resource_registry [None req-bd8d5a17-2b95-4bcd-b1d9-779656bd2add - - - - - -] Creating instance of CountableResource for resource:ikepolicy
2026-07-21 21:38:19.079 8 INFO neutron.api.extensions [None req-1c2f7e3a-9572-4940-8343-34d933c4c232 - - - - - -] Loaded extension: security-groups-shared-filtering
2026-07-21 21:38:19.079 7 WARNING neutron.quota.resource_registry [None req-bd8d5a17-2b95-4bcd-b1d9-779656bd2add - - - - - -] ikepolicy is already registered
2026-07-21 21:38:19.083 8 INFO neutron.api.extensions [None req-1c2f7e3a-9572-4940-8343-34d933c4c232 - - - - - -] Loaded extension: security-group
2026-07-21 21:38:19.085 8 INFO neutron.api.extensions [None req-1c2f7e3a-9572-4940-8343-34d933c4c232 - - - - - -] Loaded extension: segment
2026-07-21 21:38:19.085 8 INFO neutron.api.extensions [None req-1c2f7e3a-9572-4940-8343-34d933c4c232 - - - - - -] Loaded extension: segments-peer-subnet-host-routes
2026-07-21 21:38:19.086 8 INFO neutron.api.extensions [None req-1c2f7e3a-9572-4940-8343-34d933c4c232 - - - - - -] Loaded extension: service-type
2026-07-21 21:38:19.086 8 INFO neutron.api.extensions [None req-1c2f7e3a-9572-4940-8343-34d933c4c232 - - - - - -] Loaded extension: sorting
2026-07-21 21:38:19.087 8 INFO neutron.api.extensions [None req-1c2f7e3a-9572-4940-8343-34d933c4c232 - - - - - -] Loaded extension: standard-attr-segment
2026-07-21 21:38:19.087 8 INFO neutron.api.extensions [None req-1c2f7e3a-9572-4940-8343-34d933c4c232 - - - - - -] Loaded extension: standard-attr-description
2026-07-21 21:38:19.088 8 INFO neutron.api.extensions [None req-1c2f7e3a-9572-4940-8343-34d933c4c232 - - - - - -] Loaded extension: stateful-security-group
2026-07-21 21:38:19.088 8 WARNING neutron.api.extensions [None req-1c2f7e3a-9572-4940-8343-34d933c4c232 - - - - - -] Did not find expected name "Stdattrs_common" in /var/lib/openstack/lib/python3.12/site-packages/neutron/extensions/stdattrs_common.py
2026-07-21 21:38:19.089 8 INFO neutron.api.extensions [None req-1c2f7e3a-9572-4940-8343-34d933c4c232 - - - - - -] Loaded extension: subnet-dns-publish-fixed-ip
2026-07-21 21:38:19.089 8 INFO neutron.api.extensions [None req-1c2f7e3a-9572-4940-8343-34d933c4c232 - - - - - -] Loaded extension: subnet-external-network
2026-07-21 21:38:19.090 8 INFO neutron.api.extensions [None req-1c2f7e3a-9572-4940-8343-34d933c4c232 - - - - - -] Extension subnet_onboard not supported by any of loaded plugins
2026-07-21 21:38:19.090 8 INFO neutron.api.extensions [None req-1c2f7e3a-9572-4940-8343-34d933c4c232 - - - - - -] Loaded extension: subnet-segmentid-writable
2026-07-21 21:38:19.091 8 INFO neutron.api.extensions [None req-1c2f7e3a-9572-4940-8343-34d933c4c232 - - - - - -] Loaded extension: subnet-service-types
2026-07-21 21:38:19.092 8 INFO neutron.api.extensions [None req-1c2f7e3a-9572-4940-8343-34d933c4c232 - - - - - -] Loaded extension: subnet_allocation
2026-07-21 21:38:19.092 8 INFO neutron.api.extensions [None req-1c2f7e3a-9572-4940-8343-34d933c4c232 - - - - - -] Loaded extension: subnetpool-prefix-ops
2026-07-21 21:38:19.093 8 INFO neutron.api.extensions [None req-1c2f7e3a-9572-4940-8343-34d933c4c232 - - - - - -] Loaded extension: tag-creation
2026-07-21 21:38:19.093 8 INFO neutron.api.extensions [None req-1c2f7e3a-9572-4940-8343-34d933c4c232 - - - - - -] Extension tag-ports-during-bulk-creation not supported by any of loaded plugins
2026-07-21 21:38:19.097 8 INFO neutron.api.extensions [None req-1c2f7e3a-9572-4940-8343-34d933c4c232 - - - - - -] Loaded extension: standard-attr-tag
2026-07-21 21:38:19.098 8 INFO neutron.api.extensions [None req-1c2f7e3a-9572-4940-8343-34d933c4c232 - - - - - -] Loaded extension: standard-attr-timestamp
2026-07-21 21:38:19.099 8 INFO neutron.api.extensions [None req-1c2f7e3a-9572-4940-8343-34d933c4c232 - - - - - -] Loaded extension: trunk
2026-07-21 21:38:19.099 8 INFO neutron.api.extensions [None req-1c2f7e3a-9572-4940-8343-34d933c4c232 - - - - - -] Loaded extension: trunk-details
2026-07-21 21:38:19.100 8 INFO neutron.api.extensions [None req-1c2f7e3a-9572-4940-8343-34d933c4c232 - - - - - -] Extension uplink-status-propagation not supported by any of loaded plugins
2026-07-21 21:38:19.100 8 INFO neutron.api.extensions [None req-1c2f7e3a-9572-4940-8343-34d933c4c232 - - - - - -] Extension uplink-status-propagation-updatable not supported by any of loaded plugins
2026-07-21 21:38:19.101 8 INFO neutron.api.extensions [None req-1c2f7e3a-9572-4940-8343-34d933c4c232 - - - - - -] Loaded extension: vlan-transparent
2026-07-21 21:38:19.101 8 INFO neutron.api.extensions [None req-1c2f7e3a-9572-4940-8343-34d933c4c232 - - - - - -] Loaded extension: vpn-aes-ctr
2026-07-21 21:38:19.103 8 INFO neutron.api.extensions [None req-1c2f7e3a-9572-4940-8343-34d933c4c232 - - - - - -] Loaded extension: vpn-agent-scheduler
2026-07-21 21:38:19.104 8 INFO neutron.api.extensions [None req-1c2f7e3a-9572-4940-8343-34d933c4c232 - - - - - -] Loaded extension: vpn-endpoint-groups
2026-07-21 21:38:19.105 8 INFO neutron.api.extensions [None req-1c2f7e3a-9572-4940-8343-34d933c4c232 - - - - - -] Loaded extension: vpn-flavors
2026-07-21 21:38:19.106 8 INFO neutron.api.extensions [None req-1c2f7e3a-9572-4940-8343-34d933c4c232 - - - - - -] Loaded extension: vpnaas
2026-07-21 21:38:19.108 8 INFO neutron.api.extensions [None req-1c2f7e3a-9572-4940-8343-34d933c4c232 - - - - - -] Loaded extension: taas
2026-07-21 21:38:19.109 8 INFO neutron.api.extensions [None req-1c2f7e3a-9572-4940-8343-34d933c4c232 - - - - - -] Loaded extension: tap-mirror
2026-07-21 21:38:19.109 8 INFO neutron.api.extensions [None req-1c2f7e3a-9572-4940-8343-34d933c4c232 - - - - - -] Loaded extension: taas-vlan-filter
2026-07-21 21:38:19.112 8 INFO neutron.quota.resource_registry [None req-1c2f7e3a-9572-4940-8343-34d933c4c232 - - - - - -] Creating instance of TrackedResource for resource:network
2026-07-21 21:38:19.112 8 INFO neutron.quota.resource_registry [None req-1c2f7e3a-9572-4940-8343-34d933c4c232 - - - - - -] Creating instance of TrackedResource for resource:subnet
2026-07-21 21:38:19.112 8 INFO neutron.quota.resource_registry [None req-1c2f7e3a-9572-4940-8343-34d933c4c232 - - - - - -] Creating instance of TrackedResource for resource:subnetpool
2026-07-21 21:38:19.112 8 INFO neutron.quota.resource_registry [None req-1c2f7e3a-9572-4940-8343-34d933c4c232 - - - - - -] Creating instance of TrackedResource for resource:port
2026-07-21 21:38:19.115 8 INFO neutron.quota.resource_registry [None req-1c2f7e3a-9572-4940-8343-34d933c4c232 - - - - - -] Creating instance of TrackedResource for resource:router
2026-07-21 21:38:19.116 8 INFO neutron.quota.resource_registry [None req-1c2f7e3a-9572-4940-8343-34d933c4c232 - - - - - -] Creating instance of TrackedResource for resource:floatingip
2026-07-21 21:38:19.118 7 WARNING keystonemiddleware._common.config [None req-bd8d5a17-2b95-4bcd-b1d9-779656bd2add - - - - - -] The option "audit_map_file" is not known to keystonemiddleware
2026-07-21 21:38:19.121 8 INFO neutron.quota.resource_registry [None req-1c2f7e3a-9572-4940-8343-34d933c4c232 - - - - - -] Creating instance of CountableResource for resource:rbac_policy
2026-07-21 21:38:19.122 8 INFO neutron.quota.resource_registry [None req-1c2f7e3a-9572-4940-8343-34d933c4c232 - - - - - -] Creating instance of TrackedResource for resource:security_group
2026-07-21 21:38:19.122 8 INFO neutron.quota.resource_registry [None req-1c2f7e3a-9572-4940-8343-34d933c4c232 - - - - - -] Creating instance of TrackedResource for resource:security_group_rule
2026-07-21 21:38:19.123 8 INFO neutron.quota.resource_registry [None req-1c2f7e3a-9572-4940-8343-34d933c4c232 - - - - - -] Creating instance of TrackedResource for resource:subnetpool
2026-07-21 21:38:19.123 8 WARNING neutron.quota.resource_registry [None req-1c2f7e3a-9572-4940-8343-34d933c4c232 - - - - - -] subnetpool is already registered
2026-07-21 21:38:19.124 8 INFO neutron.quota.resource_registry [None req-1c2f7e3a-9572-4940-8343-34d933c4c232 - - - - - -] Creating instance of CountableResource for resource:trunk
2026-07-21 21:38:19.124 8 INFO neutron.quota.resource_registry [None req-1c2f7e3a-9572-4940-8343-34d933c4c232 - - - - - -] Creating instance of CountableResource for resource:ikepolicy
2026-07-21 21:38:19.125 8 INFO neutron.quota.resource_registry [None req-1c2f7e3a-9572-4940-8343-34d933c4c232 - - - - - -] Creating instance of CountableResource for resource:ipsecpolicy
2026-07-21 21:38:19.125 8 INFO neutron.quota.resource_registry [None req-1c2f7e3a-9572-4940-8343-34d933c4c232 - - - - - -] Creating instance of CountableResource for resource:endpoint_group
2026-07-21 21:38:19.126 8 INFO neutron.quota.resource_registry [None req-1c2f7e3a-9572-4940-8343-34d933c4c232 - - - - - -] Creating instance of CountableResource for resource:vpnservice
2026-07-21 21:38:19.126 8 INFO neutron.quota.resource_registry [None req-1c2f7e3a-9572-4940-8343-34d933c4c232 - - - - - -] Creating instance of CountableResource for resource:ipsec_site_connection
2026-07-21 21:38:19.126 8 INFO neutron.quota.resource_registry [None req-1c2f7e3a-9572-4940-8343-34d933c4c232 - - - - - -] Creating instance of CountableResource for resource:ipsecpolicy
2026-07-21 21:38:19.126 8 WARNING neutron.quota.resource_registry [None req-1c2f7e3a-9572-4940-8343-34d933c4c232 - - - - - -] ipsecpolicy is already registered
2026-07-21 21:38:19.127 8 INFO neutron.quota.resource_registry [None req-1c2f7e3a-9572-4940-8343-34d933c4c232 - - - - - -] Creating instance of CountableResource for resource:ikepolicy
2026-07-21 21:38:19.127 8 WARNING neutron.quota.resource_registry [None req-1c2f7e3a-9572-4940-8343-34d933c4c232 - - - - - -] ikepolicy is already registered
2026-07-21 21:38:19.127 7 WARNING oslo_config.cfg [None req-bd8d5a17-2b95-4bcd-b1d9-779656bd2add - - - - - -] Deprecated: Option "auth_uri" from group "keystone_authtoken" is deprecated. Use option "www_authenticate_uri" from group "keystone_authtoken".
2026-07-21 21:38:19.132 8 INFO neutron.quota.resource_registry [None req-1c2f7e3a-9572-4940-8343-34d933c4c232 - - - - - -] Creating instance of TrackedResource for resource:router
2026-07-21 21:38:19.132 8 WARNING neutron.quota.resource_registry [None req-1c2f7e3a-9572-4940-8343-34d933c4c232 - - - - - -] router is already registered
2026-07-21 21:38:19.132 8 INFO neutron.quota.resource_registry [None req-1c2f7e3a-9572-4940-8343-34d933c4c232 - - - - - -] Creating instance of TrackedResource for resource:floatingip
2026-07-21 21:38:19.132 8 WARNING neutron.quota.resource_registry [None req-1c2f7e3a-9572-4940-8343-34d933c4c232 - - - - - -] floatingip is already registered
2026-07-21 21:38:19.137 8 INFO neutron.quota.resource_registry [None req-1c2f7e3a-9572-4940-8343-34d933c4c232 - - - - - -] Creating instance of CountableResource for resource:rbac_policy
2026-07-21 21:38:19.137 8 WARNING neutron.quota.resource_registry [None req-1c2f7e3a-9572-4940-8343-34d933c4c232 - - - - - -] rbac_policy is already registered
2026-07-21 21:38:19.137 8 INFO neutron.quota.resource_registry [None req-1c2f7e3a-9572-4940-8343-34d933c4c232 - - - - - -] Creating instance of TrackedResource for resource:security_group
2026-07-21 21:38:19.137 8 WARNING neutron.quota.resource_registry [None req-1c2f7e3a-9572-4940-8343-34d933c4c232 - - - - - -] security_group is already registered
2026-07-21 21:38:19.138 8 INFO neutron.quota.resource_registry [None req-1c2f7e3a-9572-4940-8343-34d933c4c232 - - - - - -] Creating instance of TrackedResource for resource:security_group_rule
2026-07-21 21:38:19.138 8 WARNING neutron.quota.resource_registry [None req-1c2f7e3a-9572-4940-8343-34d933c4c232 - - - - - -] security_group_rule is already registered
2026-07-21 21:38:19.139 8 INFO neutron.quota.resource_registry [None req-1c2f7e3a-9572-4940-8343-34d933c4c232 - - - - - -] Creating instance of TrackedResource for resource:subnetpool
2026-07-21 21:38:19.139 8 WARNING neutron.quota.resource_registry [None req-1c2f7e3a-9572-4940-8343-34d933c4c232 - - - - - -] subnetpool is already registered
2026-07-21 21:38:19.139 8 INFO neutron.quota.resource_registry [None req-1c2f7e3a-9572-4940-8343-34d933c4c232 - - - - - -] Creating instance of CountableResource for resource:trunk
2026-07-21 21:38:19.139 8 WARNING neutron.quota.resource_registry [None req-1c2f7e3a-9572-4940-8343-34d933c4c232 - - - - - -] trunk is already registered
2026-07-21 21:38:19.140 8 INFO neutron.quota.resource_registry [None req-1c2f7e3a-9572-4940-8343-34d933c4c232 - - - - - -] Creating instance of CountableResource for resource:ikepolicy
2026-07-21 21:38:19.140 8 WARNING neutron.quota.resource_registry [None req-1c2f7e3a-9572-4940-8343-34d933c4c232 - - - - - -] ikepolicy is already registered
2026-07-21 21:38:19.140 8 INFO neutron.quota.resource_registry [None req-1c2f7e3a-9572-4940-8343-34d933c4c232 - - - - - -] Creating instance of CountableResource for resource:ipsecpolicy
2026-07-21 21:38:19.140 8 WARNING neutron.quota.resource_registry [None req-1c2f7e3a-9572-4940-8343-34d933c4c232 - - - - - -] ipsecpolicy is already registered
2026-07-21 21:38:19.141 8 INFO neutron.quota.resource_registry [None req-1c2f7e3a-9572-4940-8343-34d933c4c232 - - - - - -] Creating instance of CountableResource for resource:endpoint_group
2026-07-21 21:38:19.141 8 WARNING neutron.quota.resource_registry [None req-1c2f7e3a-9572-4940-8343-34d933c4c232 - - - - - -] endpoint_group is already registered
2026-07-21 21:38:19.141 8 INFO neutron.quota.resource_registry [None req-1c2f7e3a-9572-4940-8343-34d933c4c232 - - - - - -] Creating instance of CountableResource for resource:vpnservice
2026-07-21 21:38:19.141 8 WARNING neutron.quota.resource_registry [None req-1c2f7e3a-9572-4940-8343-34d933c4c232 - - - - - -] vpnservice is already registered
2026-07-21 21:38:19.142 8 INFO neutron.quota.resource_registry [None req-1c2f7e3a-9572-4940-8343-34d933c4c232 - - - - - -] Creating instance of CountableResource for resource:ipsec_site_connection
2026-07-21 21:38:19.142 8 WARNING neutron.quota.resource_registry [None req-1c2f7e3a-9572-4940-8343-34d933c4c232 - - - - - -] ipsec_site_connection is already registered
2026-07-21 21:38:19.142 8 INFO neutron.quota.resource_registry [None req-1c2f7e3a-9572-4940-8343-34d933c4c232 - - - - - -] Creating instance of CountableResource for resource:ipsecpolicy
2026-07-21 21:38:19.142 8 WARNING neutron.quota.resource_registry [None req-1c2f7e3a-9572-4940-8343-34d933c4c232 - - - - - -] ipsecpolicy is already registered
2026-07-21 21:38:19.143 8 INFO neutron.quota.resource_registry [None req-1c2f7e3a-9572-4940-8343-34d933c4c232 - - - - - -] Creating instance of CountableResource for resource:ikepolicy
2026-07-21 21:38:19.143 8 WARNING neutron.quota.resource_registry [None req-1c2f7e3a-9572-4940-8343-34d933c4c232 - - - - - -] ikepolicy is already registered
2026-07-21 21:38:19.147 7 WARNING neutron.plugins.ml2.drivers.ovn.mech_driver.mech_driver [None req-bd8d5a17-2b95-4bcd-b1d9-779656bd2add - - - - - -] uWSGI must provide a start time using the configuration parameter "start-time %t" in the configuration file
2026-07-21 21:38:19.164 7 INFO neutron.db.ovn_hash_ring_db [None req-bd8d5a17-2b95-4bcd-b1d9-779656bd2add - - - - - -] Nodes from host "neutron-server-55445878d-995k5" and group "mechanism_driver" removed from the Hash Ring created at
2026-07-21 21:38:19+00:00
2026-07-21 21:38:19.167 7 INFO neutron.db.ovn_hash_ring_db [None req-bd8d5a17-2b95-4bcd-b1d9-779656bd2add - - - - - -] Node 0e2df59577cb5c7b81c1b7cfea63b9c7 from host "neutron-server-55445878d-995k5" and group "mechanism_driver" added to the Hash Ring
2026-07-21 21:38:19.180 7 INFO neutron.plugins.ml2.drivers.ovn.mech_driver.mech_driver [None req-bd8d5a17-2b95-4bcd-b1d9-779656bd2add - - - - - -] Hash Ring probing thread for node 0e2df59577cb5c7b81c1b7cfea63b9c7 has started
2026-07-21 21:38:19.181 7 INFO neutron.plugins.ml2.drivers.ovn.mech_driver.ovsdb.impl_idl_ovn [None req-bd8d5a17-2b95-4bcd-b1d9-779656bd2add - - - - - -] Getting OvsdbNbOvnIdl for WorkerService with retry
2026-07-21 21:38:19.181 8 WARNING keystonemiddleware._common.config [None req-1c2f7e3a-9572-4940-8343-34d933c4c232 - - - - - -] The option "audit_map_file" is not known to keystonemiddleware
2026-07-21 21:38:19.189 8 WARNING oslo_config.cfg [None req-1c2f7e3a-9572-4940-8343-34d933c4c232 - - - - - -] Deprecated: Option "auth_uri" from group "keystone_authtoken" is deprecated. Use option "www_authenticate_uri" from group "keystone_authtoken".
2026-07-21 21:38:19.213 7 INFO ovsdbapp.backend.ovs_idl.vlog [None req-bd8d5a17-2b95-4bcd-b1d9-779656bd2add - - - - - -] tcp:10.110.184.103:6641: connecting...
2026-07-21 21:38:19.213 7 INFO ovsdbapp.backend.ovs_idl.vlog [None req-bd8d5a17-2b95-4bcd-b1d9-779656bd2add - - - - - -] tcp:10.110.184.103:6641: connected
2026-07-21 21:38:19.214 8 WARNING neutron.plugins.ml2.drivers.ovn.mech_driver.mech_driver [None req-1c2f7e3a-9572-4940-8343-34d933c4c232 - - - - - -] uWSGI must provide a start time using the configuration parameter "start-time %t" in the configuration file
2026-07-21 21:38:19.228 8 INFO neutron.db.ovn_hash_ring_db [None req-1c2f7e3a-9572-4940-8343-34d933c4c232 - - - - - -] Nodes from host "neutron-server-55445878d-995k5" and group "mechanism_driver" removed from the Hash Ring created at
2026-07-21 21:38:19+00:00
2026-07-21 21:38:19.230 8 INFO neutron.db.ovn_hash_ring_db [None req-1c2f7e3a-9572-4940-8343-34d933c4c232 - - - - - -] Node 0b256dcf0ac651888188db7552cd7073 from host "neutron-server-55445878d-995k5" and group "mechanism_driver" added to the Hash Ring
2026-07-21 21:38:19.241 8 INFO neutron.plugins.ml2.drivers.ovn.mech_driver.mech_driver [None req-1c2f7e3a-9572-4940-8343-34d933c4c232 - - - - - -] Hash Ring probing thread for node 0b256dcf0ac651888188db7552cd7073 has started
2026-07-21 21:38:19.242 8 INFO neutron.plugins.ml2.drivers.ovn.mech_driver.ovsdb.impl_idl_ovn [None req-1c2f7e3a-9572-4940-8343-34d933c4c232 - - - - - -] Getting OvsdbNbOvnIdl for WorkerService with retry
2026-07-21 21:38:19.258 7 INFO neutron.plugins.ml2.drivers.ovn.mech_driver.ovsdb.impl_idl_ovn [None req-bd8d5a17-2b95-4bcd-b1d9-779656bd2add - - - - - -] Getting OvsdbSbOvnIdl for WorkerService with retry
2026-07-21 21:38:19.278 7 INFO ovsdbapp.backend.ovs_idl.vlog [None req-bd8d5a17-2b95-4bcd-b1d9-779656bd2add - - - - - -] tcp:10.107.127.60:6642: connecting...
2026-07-21 21:38:19.278 7 INFO ovsdbapp.backend.ovs_idl.vlog [None req-bd8d5a17-2b95-4bcd-b1d9-779656bd2add - - - - - -] tcp:10.107.127.60:6642: connected
2026-07-21 21:38:19.283 8 INFO ovsdbapp.backend.ovs_idl.vlog [None req-1c2f7e3a-9572-4940-8343-34d933c4c232 - - - - - -] tcp:10.110.184.103:6641: connecting...
2026-07-21 21:38:19.284 8 INFO ovsdbapp.backend.ovs_idl.vlog [None req-1c2f7e3a-9572-4940-8343-34d933c4c232 - - - - - -] tcp:10.110.184.103:6641: connected
2026-07-21 21:38:19.316 7 INFO neutron.plugins.ml2.drivers.ovn.mech_driver.mech_driver [None req-bd8d5a17-2b95-4bcd-b1d9-779656bd2add - - - - - -] WorkerService process has finished the post initialization
2026-07-21 21:38:19.318 7 INFO neutron.plugins.ml2.drivers.ovn.mech_driver.ovsdb.extensions.qos [-] Starting OVNClientQosExtension
2026-07-21 21:38:19.319 7 INFO neutron.plugins.ml2.drivers.ovn.mech_driver.ovsdb.extensions.placement [-] Starting OVNClientPlacementExtension
2026-07-21 21:38:19.325 8 INFO neutron.plugins.ml2.drivers.ovn.mech_driver.ovsdb.impl_idl_ovn [None req-1c2f7e3a-9572-4940-8343-34d933c4c232 - - - - - -] Getting OvsdbSbOvnIdl for WorkerService with retry
2026-07-21 21:38:19.348 7 INFO ovsdbapp.backend.ovs_idl.vlog [None req-bd8d5a17-2b95-4bcd-b1d9-779656bd2add - - - - - -] tcp:10.110.184.103:6641: connecting...
2026-07-21 21:38:19.348 7 INFO ovsdbapp.backend.ovs_idl.vlog [None req-bd8d5a17-2b95-4bcd-b1d9-779656bd2add - - - - - -] tcp:10.110.184.103:6641: connected
2026-07-21 21:38:19.349 8 INFO ovsdbapp.backend.ovs_idl.vlog [None req-1c2f7e3a-9572-4940-8343-34d933c4c232 - - - - - -] tcp:10.107.127.60:6642: connecting...
2026-07-21 21:38:19.349 8 INFO ovsdbapp.backend.ovs_idl.vlog [None req-1c2f7e3a-9572-4940-8343-34d933c4c232 - - - - - -] tcp:10.107.127.60:6642: connected
2026-07-21 21:38:19.384 8 INFO neutron.plugins.ml2.drivers.ovn.mech_driver.mech_driver [None req-1c2f7e3a-9572-4940-8343-34d933c4c232 - - - - - -] WorkerService process has finished the post initialization
2026-07-21 21:38:19.410 8 INFO ovsdbapp.backend.ovs_idl.vlog [None req-1c2f7e3a-9572-4940-8343-34d933c4c232 - - - - - -] tcp:10.110.184.103:6641: connecting...
2026-07-21 21:38:19.410 8 INFO ovsdbapp.backend.ovs_idl.vlog [None req-1c2f7e3a-9572-4940-8343-34d933c4c232 - - - - - -] tcp:10.110.184.103:6641: connected
2026-07-21 21:38:19.452 8 INFO ovsdbapp.backend.ovs_idl.vlog [None req-1c2f7e3a-9572-4940-8343-34d933c4c232 - - - - - -] tcp:10.110.184.103:6641: connecting...
2026-07-21 21:38:19.453 8 INFO ovsdbapp.backend.ovs_idl.vlog [None req-1c2f7e3a-9572-4940-8343-34d933c4c232 - - - - - -] tcp:10.110.184.103:6641: connected WSGI app 0 (mountpoint='') ready in 11 seconds on interpreter 0x7f00bd830668 pid: 8 (default app)
2026-07-21 21:38:19.580 7 INFO ovsdbapp.backend.ovs_idl.vlog [None req-bd8d5a17-2b95-4bcd-b1d9-779656bd2add - - - - - -] tcp:10.110.184.103:6641: connecting...
2026-07-21 21:38:19.580 7 INFO ovsdbapp.backend.ovs_idl.vlog [None req-bd8d5a17-2b95-4bcd-b1d9-779656bd2add - - - - - -] tcp:10.110.184.103:6641: connected WSGI app 0 (mountpoint='') ready in 11 seconds on interpreter 0x7f00bd830668 pid: 7 (default app) /var/lib/openstack/lib/python3.12/site-packages/pycadf/identifier.py:70: UserWarning: Invalid uuid: unknown. To ensure interoperability, identifiers should be a valid uuid. warnings.warn(('Invalid uuid: %s. To ensure interoperability, '
2026-07-21 21:38:21.318 8 INFO neutron.pecan_wsgi.hooks.translation [None req-4502fce5-107d-4cbd-bbc9-79e50c356831 d9621f74387548f2981bb20d1a0af19c 3dd66d3a0ea84649ae9210aaa73c90dc - - default default] GET failed (client error): The resource could not be found. [pid: 8|app: 0|req: 4/4] 199.19.213.157 () {44 vars in 927 bytes} [Tue Jul 21 21:38:20 2026] GET /v2.0/networks/public => generated 108 bytes in 891 msecs (HTTP/1.1 404) 4 headers in 164 bytes (1 switches on core 0) /var/lib/openstack/lib/python3.12/site-packages/pycadf/identifier.py:70: UserWarning: Invalid uuid: unknown. To ensure interoperability, identifiers should be a valid uuid. warnings.warn(('Invalid uuid: %s. To ensure interoperability, ' [pid: 7|app: 0|req: 1/5] 199.19.213.157 () {44 vars in 949 bytes} [Tue Jul 21 21:38:21 2026] GET /v2.0/networks?name=public => generated 15 bytes in 240 msecs (HTTP/1.1 200) 4 headers in 156 bytes (1 switches on core 0)
2026-07-21 21:38:21.911 8 INFO neutron.plugins.ml2.drivers.ovn.mech_driver.ovsdb.extensions.qos [None req-3e1dc816-9c9e-41dd-bb49-6a92ee96b468 d9621f74387548f2981bb20d1a0af19c 3dd66d3a0ea84649ae9210aaa73c90dc - - default default] Starting OVNClientQosExtension
2026-07-21 21:38:21.911 8 INFO neutron.plugins.ml2.drivers.ovn.mech_driver.ovsdb.extensions.placement [None req-3e1dc816-9c9e-41dd-bb49-6a92ee96b468 d9621f74387548f2981bb20d1a0af19c 3dd66d3a0ea84649ae9210aaa73c90dc - - default default] Starting OVNClientPlacementExtension
2026-07-21 21:38:21.949 8 INFO neutron.db.ovn_revision_numbers_db [None req-3e1dc816-9c9e-41dd-bb49-6a92ee96b468 d9621f74387548f2981bb20d1a0af19c 3dd66d3a0ea84649ae9210aaa73c90dc - - default default] Successfully bumped revision number for resource 7dccac99-f8d5-4807-98a5-ed12de5bc04d (type: security_groups) to 1
2026-07-21 21:38:21.967 8 INFO neutron.db.ovn_revision_numbers_db [None req-3e1dc816-9c9e-41dd-bb49-6a92ee96b468 d9621f74387548f2981bb20d1a0af19c 3dd66d3a0ea84649ae9210aaa73c90dc - - default default] Successfully bumped revision number for resource 3eea125c-24bf-4f20-bba9-7bade581c10f (type: security_group_rules) to 0
2026-07-21 21:38:21.982 8 INFO neutron.db.ovn_revision_numbers_db [None req-3e1dc816-9c9e-41dd-bb49-6a92ee96b468 d9621f74387548f2981bb20d1a0af19c 3dd66d3a0ea84649ae9210aaa73c90dc - - default default] Successfully bumped revision number for resource 68876814-0218-4260-a7c0-ad1ad7edd962 (type: security_group_rules) to 0
2026-07-21 21:38:21.993 8 INFO neutron.db.ovn_revision_numbers_db [None req-3e1dc816-9c9e-41dd-bb49-6a92ee96b468 d9621f74387548f2981bb20d1a0af19c 3dd66d3a0ea84649ae9210aaa73c90dc - - default default] Successfully bumped revision number for resource 96d8393e-e42e-4ba4-a128-e2387e54c885 (type: security_group_rules) to 0
2026-07-21 21:38:22.012 8 INFO neutron.db.ovn_revision_numbers_db [None req-3e1dc816-9c9e-41dd-bb49-6a92ee96b468 d9621f74387548f2981bb20d1a0af19c 3dd66d3a0ea84649ae9210aaa73c90dc - - default default] Successfully bumped revision number for resource e69a80c0-cb91-4c72-ac8e-a939ed0b6912 (type: security_group_rules) to 0
2026-07-21 21:38:22.089 8 WARNING neutron.services.revisions.revision_plugin [None req-3e1dc816-9c9e-41dd-bb49-6a92ee96b468 d9621f74387548f2981bb20d1a0af19c 3dd66d3a0ea84649ae9210aaa73c90dc - - default default] Could not find related network for resource to bump revision.
2026-07-21 21:38:22.120 8 INFO neutron.db.segments_db [None req-3e1dc816-9c9e-41dd-bb49-6a92ee96b468 d9621f74387548f2981bb20d1a0af19c 3dd66d3a0ea84649ae9210aaa73c90dc - - default default] Added segment 74653aa0-872f-4d7a-a8b2-3313f8387dfb of type flat for network a550f17a-d915-4fa4-97ca-a426d848feab
2026-07-21 21:38:22.276 7 INFO neutron.plugins.ml2.drivers.ovn.mech_driver.mech_driver [-] OVN reports status down for port: provnet-74653aa0-872f-4d7a-a8b2-3313f8387dfb
2026-07-21 21:38:22.373 8 INFO neutron.db.ovn_revision_numbers_db [None req-3e1dc816-9c9e-41dd-bb49-6a92ee96b468 d9621f74387548f2981bb20d1a0af19c 3dd66d3a0ea84649ae9210aaa73c90dc - - default default] Successfully bumped revision number for resource a550f17a-d915-4fa4-97ca-a426d848feab (type: networks) to 1
2026-07-21 21:38:22.737 8 WARNING neutron.scheduler.dhcp_agent_scheduler [None req-3e1dc816-9c9e-41dd-bb49-6a92ee96b468 d9621f74387548f2981bb20d1a0af19c 3dd66d3a0ea84649ae9210aaa73c90dc - - default default] No more DHCP agents
2026-07-21 21:38:22.738 8 WARNING neutron.api.rpc.agentnotifiers.dhcp_rpc_agent_api [None req-3e1dc816-9c9e-41dd-bb49-6a92ee96b468 d9621f74387548f2981bb20d1a0af19c 3dd66d3a0ea84649ae9210aaa73c90dc - - default default] Unable to schedule network a550f17a-d915-4fa4-97ca-a426d848feab: no agents available; will retry on subsequent port and subnet creation events.
2026-07-21 21:38:22.798 8 INFO neutron.plugins.ml2.drivers.ovn.mech_driver.mech_driver [-] OVN reports status down for port: 841b60e3-29d7-4eaf-9924-964e8ea089f9
2026-07-21 21:38:23.338 8 INFO neutron.db.ovn_revision_numbers_db [None req-3e1dc816-9c9e-41dd-bb49-6a92ee96b468 d9621f74387548f2981bb20d1a0af19c 3dd66d3a0ea84649ae9210aaa73c90dc - - default default] Successfully bumped revision number for resource 841b60e3-29d7-4eaf-9924-964e8ea089f9 (type: ports) to 1 [pid: 8|app: 0|req: 5/6] 199.19.213.157 () {48 vars in 967 bytes} [Tue Jul 21 21:38:21 2026] POST /v2.0/networks => generated 744 bytes in 1845 msecs (HTTP/1.1 201) 4 headers in 162 bytes (1 switches on core 0)
2026-07-21 21:38:25.042 7 INFO neutron.pecan_wsgi.hooks.translation [None req-b55573f5-cb7e-4c02-8266-43683a2154bd d9621f74387548f2981bb20d1a0af19c 3dd66d3a0ea84649ae9210aaa73c90dc - - default default] GET failed (client error): The resource could not be found. [pid: 7|app: 0|req: 2/7] 199.19.213.157 () {44 vars in 927 bytes} [Tue Jul 21 21:38:24 2026] GET /v2.0/networks/public => generated 108 bytes in 417 msecs (HTTP/1.1 404) 4 headers in 164 bytes (1 switches on core 0) [pid: 8|app: 0|req: 6/8] 199.19.213.157 () {44 vars in 949 bytes} [Tue Jul 21 21:38:25 2026] GET /v2.0/networks?name=public => generated 753 bytes in 50 msecs (HTTP/1.1 200) 4 headers in 157 bytes (1 switches on core 0)
2026-07-21 21:38:25.131 7 INFO neutron.pecan_wsgi.hooks.translation [None req-254f1d65-a5b5-40d8-a1c1-ab2275ad6ade d9621f74387548f2981bb20d1a0af19c 3dd66d3a0ea84649ae9210aaa73c90dc - - default default] GET failed (client error): The resource could not be found. [pid: 7|app: 0|req: 3/9] 199.19.213.157 () {44 vars in 1034 bytes} [Tue Jul 21 21:38:25 2026] GET /v2.0/subnets/public-subnet?network_id=a550f17a-d915-4fa4-97ca-a426d848feab => generated 113 bytes in 25 msecs (HTTP/1.1 404) 4 headers in 164 bytes (1 switches on core 0) [pid: 8|app: 0|req: 7/10] 199.19.213.157 () {44 vars in 1057 bytes} [Tue Jul 21 21:38:25 2026] GET /v2.0/subnets?name=public-subnet&network_id=a550f17a-d915-4fa4-97ca-a426d848feab => generated 14 bytes in 38 msecs (HTTP/1.1 200) 4 headers in 156 bytes (1 switches on core 0)
2026-07-21 21:38:25.666 7 WARNING neutron.scheduler.dhcp_agent_scheduler [None req-dd14d91d-e911-49be-942f-15bb738793f4 d9621f74387548f2981bb20d1a0af19c 3dd66d3a0ea84649ae9210aaa73c90dc - - default default] No more DHCP agents
2026-07-21 21:38:25.668 7 WARNING neutron.api.rpc.agentnotifiers.dhcp_rpc_agent_api [None req-dd14d91d-e911-49be-942f-15bb738793f4 d9621f74387548f2981bb20d1a0af19c 3dd66d3a0ea84649ae9210aaa73c90dc - - default default] Unable to schedule network a550f17a-d915-4fa4-97ca-a426d848feab: no agents available; will retry on subsequent port and subnet creation events.
2026-07-21 21:38:26.514 7 INFO neutron.db.ovn_revision_numbers_db [None req-58d4b472-17ea-4389-8833-109db4490ce1 - - - - - -] Successfully bumped revision number for resource 841b60e3-29d7-4eaf-9924-964e8ea089f9 (type: ports) to 2
2026-07-21 21:38:26.560 7 INFO neutron.db.ovn_revision_numbers_db [None req-58d4b472-17ea-4389-8833-109db4490ce1 - - - - - -] Successfully bumped revision number for resource 549e6629-cfdc-4eb5-9325-b851ba118847 (type: subnets) to 0 [pid: 7|app: 0|req: 4/11] 199.19.213.157 () {48 vars in 965 bytes} [Tue Jul 21 21:38:25 2026] POST /v2.0/subnets => generated 664 bytes in 1400 msecs (HTTP/1.1 201) 4 headers in 162 bytes (1 switches on core 0)
2026-07-21 21:43:24.556 7 INFO neutron.pecan_wsgi.hooks.translation [None req-336e4a93-2707-458d-ae25-7f977e65f731 d9621f74387548f2981bb20d1a0af19c 3dd66d3a0ea84649ae9210aaa73c90dc - - default default] GET failed (client error): The resource could not be found. [pid: 7|app: 0|req: 23/49] 199.19.213.157 () {44 vars in 937 bytes} [Tue Jul 21 21:43:24 2026] GET /v2.0/networks/lb-mgmt-net => generated 113 bytes in 118 msecs (HTTP/1.1 404) 4 headers in 164 bytes (1 switches on core 0) [pid: 8|app: 0|req: 27/50] 199.19.213.157 () {44 vars in 959 bytes} [Tue Jul 21 21:43:24 2026] GET /v2.0/networks?name=lb-mgmt-net => generated 15 bytes in 19 msecs (HTTP/1.1 200) 4 headers in 156 bytes (1 switches on core 0)
2026-07-21 21:43:24.699 7 INFO neutron.db.segments_db [None req-c06ceb08-f7cd-419d-9880-d521d1a7b44e d9621f74387548f2981bb20d1a0af19c 3dd66d3a0ea84649ae9210aaa73c90dc - - default default] Added segment 9d80e2d9-4c39-4fcd-9514-967b66cf73e5 of type geneve for network 82332084-0d75-4420-91e4-d42bfb2a4ec9
2026-07-21 21:43:24.852 7 INFO neutron.db.ovn_revision_numbers_db [None req-c06ceb08-f7cd-419d-9880-d521d1a7b44e d9621f74387548f2981bb20d1a0af19c 3dd66d3a0ea84649ae9210aaa73c90dc - - default default] Successfully bumped revision number for resource 82332084-0d75-4420-91e4-d42bfb2a4ec9 (type: networks) to 1
2026-07-21 21:43:25.023 7 WARNING neutron.scheduler.dhcp_agent_scheduler [None req-c06ceb08-f7cd-419d-9880-d521d1a7b44e d9621f74387548f2981bb20d1a0af19c 3dd66d3a0ea84649ae9210aaa73c90dc - - default default] No more DHCP agents
2026-07-21 21:43:25.024 7 WARNING neutron.api.rpc.agentnotifiers.dhcp_rpc_agent_api [None req-c06ceb08-f7cd-419d-9880-d521d1a7b44e d9621f74387548f2981bb20d1a0af19c 3dd66d3a0ea84649ae9210aaa73c90dc - - default default] Unable to schedule network 82332084-0d75-4420-91e4-d42bfb2a4ec9: no agents available; will retry on subsequent port and subnet creation events.
2026-07-21 21:43:25.066 8 INFO neutron.plugins.ml2.drivers.ovn.mech_driver.mech_driver [None req-41d7bdd7-78bc-4675-b862-813631461cb8 - - - - - -] OVN reports status down for port: 38c4d7c3-7331-4601-aa88-0fd2efa96ecc
