May 16 01:25:27.746748 np0000174373 neutron-periodic-workers[104853]: DEBUG cotyledon.oslo_config_glue [-] database.connection_debug = 0 {{(pid=104853) log_opt_values /opt/stack/data/venv/lib/python3.12/site-packages/oslo_config/cfg.py:3006}}
May 16 01:25:27.746832 np0000174373 neutron-periodic-workers[104853]: DEBUG cotyledon.oslo_config_glue [-] database.connection_parameters = {{(pid=104853) log_opt_values /opt/stack/data/venv/lib/python3.12/site-packages/oslo_config/cfg.py:3006}}
May 16 01:25:27.746933 np0000174373 neutron-periodic-workers[104853]: DEBUG cotyledon.oslo_config_glue [-] database.connection_recycle_time = 3600 {{(pid=104853) log_opt_values /opt/stack/data/venv/lib/python3.12/site-packages/oslo_config/cfg.py:3006}}
May 16 01:25:27.747027 np0000174373 neutron-periodic-workers[104853]: DEBUG cotyledon.oslo_config_glue [-] database.connection_trace = False {{(pid=104853) log_opt_values /opt/stack/data/venv/lib/python3.12/site-packages/oslo_config/cfg.py:3006}}
May 16 01:25:27.747120 np0000174373 neutron-periodic-workers[104853]: DEBUG cotyledon.oslo_config_glue [-] database.db_inc_retry_interval = True {{(pid=104853) log_opt_values /opt/stack/data/venv/lib/python3.12/site-packages/oslo_config/cfg.py:3006}}
May 16 01:25:27.747228 np0000174373 neutron-periodic-workers[104853]: DEBUG cotyledon.oslo_config_glue [-] database.db_max_retries = 20 {{(pid=104853) log_opt_values /opt/stack/data/venv/lib/python3.12/site-packages/oslo_config/cfg.py:3006}}
May 16 01:25:27.747324 np0000174373 neutron-periodic-workers[104853]: DEBUG cotyledon.oslo_config_glue [-] database.db_max_retry_interval = 10 {{(pid=104853) log_opt_values /opt/stack/data/venv/lib/python3.12/site-packages/oslo_config/cfg.py:3006}}
May 16 01:25:27.747411 np0000174373 neutron-periodic-workers[104853]: DEBUG cotyledon.oslo_config_glue [-] database.db_retry_interval = 1 {{(pid=104853) log_opt_values /opt/stack/data/venv/lib/python3.12/site-packages/oslo_config/cfg.py:3006}}
May 16 01:25:27.747494 np0000174373 neutron-periodic-workers[104853]: DEBUG cotyledon.oslo_config_glue [-] database.max_overflow = 50 {{(pid=104853) log_opt_values /opt/stack/data/venv/lib/python3.12/site-packages/oslo_config/cfg.py:3006}}
May 16 01:25:27.747591 np0000174373 neutron-periodic-workers[104853]: DEBUG cotyledon.oslo_config_glue [-] database.max_pool_size = 5 {{(pid=104853) log_opt_values /opt/stack/data/venv/lib/python3.12/site-packages/oslo_config/cfg.py:3006}}
May 16 01:25:27.747679 np0000174373 neutron-periodic-workers[104853]: DEBUG cotyledon.oslo_config_glue [-] database.max_retries = 10 {{(pid=104853) log_opt_values /opt/stack/data/venv/lib/python3.12/site-packages/oslo_config/cfg.py:3006}}
May 16 01:25:27.747764 np0000174373 neutron-periodic-workers[104853]: DEBUG cotyledon.oslo_config_glue [-] database.mysql_sql_mode = TRADITIONAL {{(pid=104853) log_opt_values /opt/stack/data/venv/lib/python3.12/site-packages/oslo_config/cfg.py:3006}}
May 16 01:25:27.747848 np0000174373 neutron-periodic-workers[104853]: DEBUG cotyledon.oslo_config_glue [-] database.mysql_wsrep_sync_wait = None {{(pid=104853) log_opt_values /opt/stack/data/venv/lib/python3.12/site-packages/oslo_config/cfg.py:3006}}
May 16 01:25:27.747932 np0000174373 neutron-periodic-workers[104853]: DEBUG cotyledon.oslo_config_glue [-] database.pool_timeout = None {{(pid=104853) log_opt_values /opt/stack/data/venv/lib/python3.12/site-packages/oslo_config/cfg.py:3006}}
May 16 01:25:27.748015 np0000174373 neutron-periodic-workers[104853]: DEBUG cotyledon.oslo_config_glue [-] database.retry_interval = 10 {{(pid=104853) log_opt_values /opt/stack/data/venv/lib/python3.12/site-packages/oslo_config/cfg.py:3006}}
May 16 01:25:27.748099 np0000174373 neutron-periodic-workers[104853]: DEBUG cotyledon.oslo_config_glue [-] database.slave_connection = **** {{(pid=104853) log_opt_values /opt/stack/data/venv/lib/python3.12/site-packages/oslo_config/cfg.py:3006}}
May 16 01:25:27.748197 np0000174373 neutron-periodic-workers[104853]: DEBUG cotyledon.oslo_config_glue [-] database.sqlite_synchronous = True {{(pid=104853) log_opt_values /opt/stack/data/venv/lib/python3.12/site-packages/oslo_config/cfg.py:3006}}
May 16 01:25:27.748295 np0000174373 neutron-periodic-workers[104853]: DEBUG cotyledon.oslo_config_glue [-] database.synchronous_reader = True {{(pid=104853) log_opt_values /opt/stack/data/venv/lib/python3.12/site-packages/oslo_config/cfg.py:3006}}
May 16 01:25:27.748378 np0000174373 neutron-periodic-workers[104853]: DEBUG cotyledon.oslo_config_glue [-] database.use_db_reconnect = False {{(pid=104853) log_opt_values /opt/stack/data/venv/lib/python3.12/site-packages/oslo_config/cfg.py:3006}}
May 16 01:25:27.748533 np0000174373 neutron-periodic-workers[104853]: DEBUG cotyledon.oslo_config_glue [-] ovn.bfd_min_rx = 1000 {{(pid=104853) log_opt_values /opt/stack/data/venv/lib/python3.12/site-packages/oslo_config/cfg.py:3006}}
May 16 01:25:27.748614 np0000174373 neutron-periodic-workers[104853]: DEBUG cotyledon.oslo_config_glue [-] ovn.bfd_min_tx = 100 {{(pid=104853) log_opt_values /opt/stack/data/venv/lib/python3.12/site-packages/oslo_config/cfg.py:3006}}
May 16 01:25:27.748697 np0000174373 neutron-periodic-workers[104853]: DEBUG cotyledon.oslo_config_glue [-] ovn.bfd_mult = 3 {{(pid=104853) log_opt_values /opt/stack/data/venv/lib/python3.12/site-packages/oslo_config/cfg.py:3006}}
May 16 01:25:27.748785 np0000174373 neutron-periodic-workers[104853]: DEBUG cotyledon.oslo_config_glue [-] ovn.broadcast_arps_to_all_routers = True {{(pid=104853) log_opt_values /opt/stack/data/venv/lib/python3.12/site-packages/oslo_config/cfg.py:3006}}
May 16 01:25:27.748869 np0000174373 neutron-periodic-workers[104853]: DEBUG cotyledon.oslo_config_glue [-] ovn.dhcp_default_lease_time = 43200 {{(pid=104853) log_opt_values /opt/stack/data/venv/lib/python3.12/site-packages/oslo_config/cfg.py:3006}}
May 16 01:25:27.748952 np0000174373 neutron-periodic-workers[104853]: DEBUG cotyledon.oslo_config_glue [-] ovn.disable_ovn_dhcp_for_baremetal_ports = False {{(pid=104853) log_opt_values /opt/stack/data/venv/lib/python3.12/site-packages/oslo_config/cfg.py:3006}}
May 16 01:25:27.749036 np0000174373 neutron-periodic-workers[104853]: DEBUG cotyledon.oslo_config_glue [-] ovn.dns_records_ovn_owned = False {{(pid=104853) log_opt_values /opt/stack/data/venv/lib/python3.12/site-packages/oslo_config/cfg.py:3006}}
May 16 01:25:27.749118 np0000174373 neutron-periodic-workers[104853]: DEBUG cotyledon.oslo_config_glue [-] ovn.dns_servers = [] {{(pid=104853) log_opt_values /opt/stack/data/venv/lib/python3.12/site-packages/oslo_config/cfg.py:3006}}
May 16 01:25:27.749231 np0000174373 neutron-periodic-workers[104853]: DEBUG cotyledon.oslo_config_glue [-] ovn.enable_distributed_floating_ip = False {{(pid=104853) log_opt_values /opt/stack/data/venv/lib/python3.12/site-packages/oslo_config/cfg.py:3006}}
May 16 01:25:27.749319 np0000174373 neutron-periodic-workers[104853]: DEBUG cotyledon.oslo_config_glue [-] ovn.fdb_age_threshold = 300 {{(pid=104853) log_opt_values /opt/stack/data/venv/lib/python3.12/site-packages/oslo_config/cfg.py:3006}}
May 16 01:25:27.749403 np0000174373 neutron-periodic-workers[104853]: DEBUG cotyledon.oslo_config_glue [-] ovn.ha_failover_strategy = normal {{(pid=104853) log_opt_values /opt/stack/data/venv/lib/python3.12/site-packages/oslo_config/cfg.py:3006}}
May 16 01:25:27.749488 np0000174373 neutron-periodic-workers[104853]: DEBUG cotyledon.oslo_config_glue [-] ovn.live_migration_activation_strategy = rarp {{(pid=104853) log_opt_values /opt/stack/data/venv/lib/python3.12/site-packages/oslo_config/cfg.py:3006}}
May 16 01:25:27.749574 np0000174373 neutron-periodic-workers[104853]: DEBUG cotyledon.oslo_config_glue [-] ovn.localnet_learn_fdb = False {{(pid=104853) log_opt_values /opt/stack/data/venv/lib/python3.12/site-packages/oslo_config/cfg.py:3006}}
May 16 01:25:27.749658 np0000174373 neutron-periodic-workers[104853]: DEBUG cotyledon.oslo_config_glue [-] ovn.mac_binding_age_threshold = 300 {{(pid=104853) log_opt_values /opt/stack/data/venv/lib/python3.12/site-packages/oslo_config/cfg.py:3006}}
May 16 01:25:27.749754 np0000174373 neutron-periodic-workers[104853]: DEBUG cotyledon.oslo_config_glue [-] ovn.neutron_sync_mode = log {{(pid=104853) log_opt_values /opt/stack/data/venv/lib/python3.12/site-packages/oslo_config/cfg.py:3006}}
May 16 01:25:27.749838 np0000174373 neutron-periodic-workers[104853]: DEBUG cotyledon.oslo_config_glue [-] ovn.ovn_dhcp4_global_options = {} {{(pid=104853) log_opt_values /opt/stack/data/venv/lib/python3.12/site-packages/oslo_config/cfg.py:3006}}
May 16 01:25:27.749923 np0000174373 neutron-periodic-workers[104853]: DEBUG cotyledon.oslo_config_glue [-] ovn.ovn_dhcp6_global_options = {} {{(pid=104853) log_opt_values /opt/stack/data/venv/lib/python3.12/site-packages/oslo_config/cfg.py:3006}}
May 16 01:25:27.750020 np0000174373 neutron-periodic-workers[104853]: DEBUG cotyledon.oslo_config_glue [-] ovn.ovn_l3_scheduler = leastloaded {{(pid=104853) log_opt_values /opt/stack/data/venv/lib/python3.12/site-packages/oslo_config/cfg.py:3006}}
May 16 01:25:27.750104 np0000174373 neutron-periodic-workers[104853]: DEBUG cotyledon.oslo_config_glue [-] ovn.ovn_metadata_enabled = True {{(pid=104853) log_opt_values /opt/stack/data/venv/lib/python3.12/site-packages/oslo_config/cfg.py:3006}}
May 16 01:25:27.750246 np0000174373 neutron-periodic-workers[104853]: DEBUG cotyledon.oslo_config_glue [-] ovn.ovn_nb_ca_cert = /opt/stack/data/CA/int-ca/ca-chain.pem {{(pid=104853) log_opt_values /opt/stack/data/venv/lib/python3.12/site-packages/oslo_config/cfg.py:3006}}
May 16 01:25:27.750349 np0000174373 neutron-periodic-workers[104853]: DEBUG cotyledon.oslo_config_glue [-] ovn.ovn_nb_certificate = /opt/stack/data/CA/int-ca/devstack-cert.crt {{(pid=104853) log_opt_values /opt/stack/data/venv/lib/python3.12/site-packages/oslo_config/cfg.py:3006}}
May 16 01:25:27.750434 np0000174373 neutron-periodic-workers[104853]: DEBUG cotyledon.oslo_config_glue [-] ovn.ovn_nb_connection = ['ssl:199.204.45.74:6641'] {{(pid=104853) log_opt_values /opt/stack/data/venv/lib/python3.12/site-packages/oslo_config/cfg.py:3006}}
May 16 01:25:27.750520 np0000174373 neutron-periodic-workers[104853]: DEBUG cotyledon.oslo_config_glue [-] ovn.ovn_nb_private_key = /opt/stack/data/CA/int-ca/private/devstack-cert.key {{(pid=104853) log_opt_values /opt/stack/data/venv/lib/python3.12/site-packages/oslo_config/cfg.py:3006}}
May 16 01:25:27.750604 np0000174373 neutron-periodic-workers[104853]: DEBUG cotyledon.oslo_config_glue [-] ovn.ovn_router_indirect_snat = False {{(pid=104853) log_opt_values /opt/stack/data/venv/lib/python3.12/site-packages/oslo_config/cfg.py:3006}}
May 16 01:25:27.750687 np0000174373 neutron-periodic-workers[104853]: DEBUG cotyledon.oslo_config_glue [-] ovn.ovn_sb_ca_cert = /opt/stack/data/CA/int-ca/ca-chain.pem {{(pid=104853) log_opt_values /opt/stack/data/venv/lib/python3.12/site-packages/oslo_config/cfg.py:3006}}
May 16 01:25:27.750769 np0000174373 neutron-periodic-workers[104853]: DEBUG cotyledon.oslo_config_glue [-] ovn.ovn_sb_certificate = /opt/stack/data/CA/int-ca/devstack-cert.crt {{(pid=104853) log_opt_values /opt/stack/data/venv/lib/python3.12/site-packages/oslo_config/cfg.py:3006}}
May 16 01:25:27.750854 np0000174373 neutron-periodic-workers[104853]: DEBUG cotyledon.oslo_config_glue [-] ovn.ovn_sb_connection = ['ssl:199.204.45.74:6642'] {{(pid=104853) log_opt_values /opt/stack/data/venv/lib/python3.12/site-packages/oslo_config/cfg.py:3006}}
May 16 01:25:27.750935 np0000174373 neutron-periodic-workers[104853]: DEBUG cotyledon.oslo_config_glue [-] ovn.ovn_sb_private_key = /opt/stack/data/CA/int-ca/private/devstack-cert.key {{(pid=104853) log_opt_values /opt/stack/data/venv/lib/python3.12/site-packages/oslo_config/cfg.py:3006}}
May 16 01:25:27.751060 np0000174373 neutron-periodic-workers[104853]: DEBUG cotyledon.oslo_config_glue [-] ovn.ovs_create_tap = False {{(pid=104853) log_opt_values /opt/stack/data/venv/lib/python3.12/site-packages/oslo_config/cfg.py:3006}}
May 16 01:25:27.751152 np0000174373 neutron-periodic-workers[104853]: DEBUG cotyledon.oslo_config_glue [-] ovn.ovsdb_connection_timeout = 180 {{(pid=104853) log_opt_values /opt/stack/data/venv/lib/python3.12/site-packages/oslo_config/cfg.py:3006}}
May 16 01:25:27.751262 np0000174373 neutron-periodic-workers[104853]: DEBUG cotyledon.oslo_config_glue [-] ovn.ovsdb_log_level = INFO {{(pid=104853) log_opt_values /opt/stack/data/venv/lib/python3.12/site-packages/oslo_config/cfg.py:3006}}
May 16 01:25:27.751378 np0000174373 neutron-periodic-workers[104853]: DEBUG cotyledon.oslo_config_glue [-] ovn.ovsdb_probe_interval = 60000 {{(pid=104853) log_opt_values /opt/stack/data/venv/lib/python3.12/site-packages/oslo_config/cfg.py:3006}}
May 16 01:25:27.751470 np0000174373 neutron-periodic-workers[104853]: DEBUG cotyledon.oslo_config_glue [-] ovn.ovsdb_retry_max_interval = 180 {{(pid=104853) log_opt_values /opt/stack/data/venv/lib/python3.12/site-packages/oslo_config/cfg.py:3006}}
May 16 01:25:27.751555 np0000174373 neutron-periodic-workers[104853]: DEBUG cotyledon.oslo_config_glue [-] ovn.stateless_nat_enabled = False {{(pid=104853) log_opt_values /opt/stack/data/venv/lib/python3.12/site-packages/oslo_config/cfg.py:3006}}
May 16 01:25:27.751652 np0000174373 neutron-periodic-workers[104853]: DEBUG cotyledon.oslo_config_glue [-] ovn.vhost_sock_dir = /var/run/openvswitch {{(pid=104853) log_opt_values /opt/stack/data/venv/lib/python3.12/site-packages/oslo_config/cfg.py:3006}}
May 16 01:25:27.751755 np0000174373 neutron-periodic-workers[104853]: DEBUG cotyledon.oslo_config_glue [-] OVS.bridge_mac_table_size = 50000 {{(pid=104853) log_opt_values /opt/stack/data/venv/lib/python3.12/site-packages/oslo_config/cfg.py:3006}}
May 16 01:25:27.751844 np0000174373 neutron-periodic-workers[104853]: DEBUG cotyledon.oslo_config_glue [-] OVS.igmp_flood = False {{(pid=104853) log_opt_values /opt/stack/data/venv/lib/python3.12/site-packages/oslo_config/cfg.py:3006}}
May 16 01:25:27.751933 np0000174373 neutron-periodic-workers[104853]: DEBUG cotyledon.oslo_config_glue [-] OVS.igmp_flood_reports = True {{(pid=104853) log_opt_values /opt/stack/data/venv/lib/python3.12/site-packages/oslo_config/cfg.py:3006}}
May 16 01:25:27.752023 np0000174373 neutron-periodic-workers[104853]: DEBUG cotyledon.oslo_config_glue [-] OVS.igmp_flood_unregistered = False {{(pid=104853) log_opt_values /opt/stack/data/venv/lib/python3.12/site-packages/oslo_config/cfg.py:3006}}
May 16 01:25:27.752105 np0000174373 neutron-periodic-workers[104853]: DEBUG cotyledon.oslo_config_glue [-] OVS.igmp_snooping_enable = False {{(pid=104853) log_opt_values /opt/stack/data/venv/lib/python3.12/site-packages/oslo_config/cfg.py:3006}}
May 16 01:25:27.752217 np0000174373 neutron-periodic-workers[104853]: DEBUG cotyledon.oslo_config_glue [-] OVS.ovsdb_timeout = 10 {{(pid=104853) log_opt_values /opt/stack/data/venv/lib/python3.12/site-packages/oslo_config/cfg.py:3006}}
May 16 01:25:27.752319 np0000174373 neutron-periodic-workers[104853]: DEBUG cotyledon.oslo_config_glue [-] ovn_nb_global.fdb_removal_limit = 0 {{(pid=104853) log_opt_values /opt/stack/data/venv/lib/python3.12/site-packages/oslo_config/cfg.py:3006}}
May 16 01:25:27.752409 np0000174373 neutron-periodic-workers[104853]: DEBUG cotyledon.oslo_config_glue [-] ovn_nb_global.ignore_lsp_down = False {{(pid=104853) log_opt_values /opt/stack/data/venv/lib/python3.12/site-packages/oslo_config/cfg.py:3006}}
May 16 01:25:27.752499 np0000174373 neutron-periodic-workers[104853]: DEBUG cotyledon.oslo_config_glue [-] ovn_nb_global.mac_binding_removal_limit = 0 {{(pid=104853) log_opt_values /opt/stack/data/venv/lib/python3.12/site-packages/oslo_config/cfg.py:3006}}
May 16 01:25:27.752581 np0000174373 neutron-periodic-workers[104853]: DEBUG cotyledon.oslo_config_glue [-] ******************************************************************************** {{(pid=104853) log_opt_values /opt/stack/data/venv/lib/python3.12/site-packages/oslo_config/cfg.py:3013}}
May 16 01:25:27.752790 np0000174373 neutron-periodic-workers[104853]: DEBUG cotyledon._service_worker [-] Run service ServiceWrapper(0) [104853] {{(pid=104853) wait_forever /opt/stack/data/venv/lib/python3.12/site-packages/cotyledon/_service_worker.py:218}}
May 16 01:25:37.374243 np0000174373 neutron-periodic-workers[104093]: DEBUG dbcounter [-] [104093] Writing DB stats neutron:SELECT=4 {{(pid=104093) stat_writer /opt/stack/data/venv/lib/python3.12/site-packages/dbcounter.py:115}}
May 16 01:26:04.709221 np0000174373 neutron-periodic-workers[104834]: DEBUG oslo_db.sqlalchemy.engines [None req-55e93cbf-c343-4d83-9e2e-a42814500fa5 None None] Parent process 104093 forked (104834) with an open database connection, which is being discarded and recreated. {{(pid=104834) checkout /opt/stack/data/venv/lib/python3.12/site-packages/oslo_db/sqlalchemy/engines.py:402}}
May 16 01:26:04.716920 np0000174373 neutron-periodic-workers[104834]: DEBUG dbcounter [-] [104834] Writer thread running {{(pid=104834) stat_writer /opt/stack/data/venv/lib/python3.12/site-packages/dbcounter.py:102}}
May 16 01:26:04.725203 np0000174373 neutron-periodic-workers[104834]: DEBUG oslo.service.backend._threading.loopingcall [None req-55e93cbf-c343-4d83-9e2e-a42814500fa5 None None] Fixed interval looping call 'neutron.plugins.ml2.plugin.DhcpAgentSchedulerDbMixin.remove_networks_from_down_agents' sleeping for 36.98 seconds {{(pid=104834) _run_loop /opt/stack/data/venv/lib/python3.12/site-packages/oslo_service/backend/_threading/loopingcall.py:125}}
May 16 01:26:14.724484 np0000174373 neutron-periodic-workers[104834]: DEBUG dbcounter [-] [104834] Writing DB stats neutron:SELECT=3 {{(pid=104834) stat_writer /opt/stack/data/venv/lib/python3.12/site-packages/dbcounter.py:115}}
May 16 01:26:15.750767 np0000174373 neutron-periodic-workers[104844]: DEBUG dbcounter [-] [104844] Writer thread running {{(pid=104844) stat_writer /opt/stack/data/venv/lib/python3.12/site-packages/dbcounter.py:102}}
May 16 01:26:15.755240 np0000174373 neutron-periodic-workers[104844]: DEBUG neutron.db.agents_db [None req-17956352-570f-46db-bef3-8d2e171d403a None None] Agent healthcheck: found 0 active agents {{(pid=104844) agent_health_check /opt/stack/neutron/neutron/db/agents_db.py:322}}
May 16 01:26:15.755414 np0000174373 neutron-periodic-workers[104844]: DEBUG oslo.service.backend._threading.loopingcall [None req-17956352-570f-46db-bef3-8d2e171d403a None None] Fixed interval looping call 'neutron.plugins.ml2.plugin.AgentDbMixin.agent_health_check' sleeping for 36.98 seconds {{(pid=104844) _run_loop /opt/stack/data/venv/lib/python3.12/site-packages/oslo_service/backend/_threading/loopingcall.py:125}}
May 16 01:26:25.753528 np0000174373 neutron-periodic-workers[104844]: DEBUG dbcounter [-] [104844] Writing DB stats neutron:SELECT=1 {{(pid=104844) stat_writer /opt/stack/data/venv/lib/python3.12/site-packages/dbcounter.py:115}}
May 16 01:26:41.713744 np0000174373 neutron-periodic-workers[104834]: DEBUG oslo.service.backend._threading.loopingcall [None req-55e93cbf-c343-4d83-9e2e-a42814500fa5 None None] Fixed interval looping call 'neutron.plugins.ml2.plugin.DhcpAgentSchedulerDbMixin.remove_networks_from_down_agents' sleeping for 36.99 seconds {{(pid=104834) _run_loop /opt/stack/data/venv/lib/python3.12/site-packages/oslo_service/backend/_threading/loopingcall.py:125}}
May 16 01:26:51.713094 np0000174373 neutron-periodic-workers[104834]: DEBUG dbcounter [-] [104834] Writing DB stats neutron:SELECT=3 {{(pid=104834) stat_writer /opt/stack/data/venv/lib/python3.12/site-packages/dbcounter.py:115}}
May 16 01:26:52.740355 np0000174373 neutron-periodic-workers[104844]: DEBUG neutron.db.agents_db [None req-17956352-570f-46db-bef3-8d2e171d403a None None] Agent healthcheck: found 0 active agents {{(pid=104844) agent_health_check /opt/stack/neutron/neutron/db/agents_db.py:322}}
May 16 01:26:52.741006 np0000174373 neutron-periodic-workers[104844]: DEBUG oslo.service.backend._threading.loopingcall [None req-17956352-570f-46db-bef3-8d2e171d403a None None] Fixed interval looping call 'neutron.plugins.ml2.plugin.AgentDbMixin.agent_health_check' sleeping for 37.00 seconds {{(pid=104844) _run_loop /opt/stack/data/venv/lib/python3.12/site-packages/oslo_service/backend/_threading/loopingcall.py:125}}
May 16 01:27:02.739044 np0000174373 neutron-periodic-workers[104844]: DEBUG dbcounter [-] [104844] Writing DB stats neutron:SELECT=1 {{(pid=104844) stat_writer /opt/stack/data/venv/lib/python3.12/site-packages/dbcounter.py:115}}
May 16 01:27:18.714199 np0000174373 neutron-periodic-workers[104834]: DEBUG oslo.service.backend._threading.loopingcall [None req-55e93cbf-c343-4d83-9e2e-a42814500fa5 None None] Fixed interval looping call 'neutron.plugins.ml2.plugin.DhcpAgentSchedulerDbMixin.remove_networks_from_down_agents' sleeping for 36.99 seconds {{(pid=104834) _run_loop /opt/stack/data/venv/lib/python3.12/site-packages/oslo_service/backend/_threading/loopingcall.py:125}}
May 16 01:27:27.771661 np0000174373 neutron-periodic-workers[104853]: DEBUG dbcounter [-] [104853] Writer thread running {{(pid=104853) stat_writer /opt/stack/data/venv/lib/python3.12/site-packages/dbcounter.py:102}}
May 16 01:27:27.775878 np0000174373 neutron-periodic-workers[104853]: DEBUG oslo.service.backend._threading.loopingcall [None req-d859a802-9511-4c35-8629-dacd91a4c9d8 None None] Fixed interval looping call 'neutron.db.quota.driver_nolock.DbQuotaNoLockDriver._remove_expired_reservations' sleeping for 119.98 seconds {{(pid=104853) _run_loop /opt/stack/data/venv/lib/python3.12/site-packages/oslo_service/backend/_threading/loopingcall.py:125}}
May 16 01:27:28.713359 np0000174373 neutron-periodic-workers[104834]: DEBUG dbcounter [-] [104834] Writing DB stats neutron:SELECT=3 {{(pid=104834) stat_writer /opt/stack/data/venv/lib/python3.12/site-packages/dbcounter.py:115}}
May 16 01:27:29.746265 np0000174373 neutron-periodic-workers[104844]: DEBUG neutron.db.agents_db [None req-17956352-570f-46db-bef3-8d2e171d403a None None] Agent healthcheck: found 0 active agents {{(pid=104844) agent_health_check /opt/stack/neutron/neutron/db/agents_db.py:322}}
May 16 01:27:29.746950 np0000174373 neutron-periodic-workers[104844]: DEBUG oslo.service.backend._threading.loopingcall [None req-17956352-570f-46db-bef3-8d2e171d403a None None] Fixed interval looping call 'neutron.plugins.ml2.plugin.AgentDbMixin.agent_health_check' sleeping for 36.99 seconds {{(pid=104844) _run_loop /opt/stack/data/venv/lib/python3.12/site-packages/oslo_service/backend/_threading/loopingcall.py:125}}
May 16 01:27:37.772682 np0000174373 neutron-periodic-workers[104853]: DEBUG dbcounter [-] [104853] Writing DB stats neutron:DELETE=1 {{(pid=104853) stat_writer /opt/stack/data/venv/lib/python3.12/site-packages/dbcounter.py:115}}
May 16 01:27:39.744502 np0000174373 neutron-periodic-workers[104844]: DEBUG dbcounter [-] [104844] Writing DB stats neutron:SELECT=1 {{(pid=104844) stat_writer /opt/stack/data/venv/lib/python3.12/site-packages/dbcounter.py:115}}
May 16 01:27:55.713382 np0000174373 neutron-periodic-workers[104834]: DEBUG oslo.service.backend._threading.loopingcall [None req-55e93cbf-c343-4d83-9e2e-a42814500fa5 None None] Fixed interval looping call 'neutron.plugins.ml2.plugin.DhcpAgentSchedulerDbMixin.remove_networks_from_down_agents' sleeping for 36.99 seconds {{(pid=104834) _run_loop /opt/stack/data/venv/lib/python3.12/site-packages/oslo_service/backend/_threading/loopingcall.py:125}}
May 16 01:28:05.712646 np0000174373 neutron-periodic-workers[104834]: DEBUG dbcounter [-] [104834] Writing DB stats neutron:SELECT=3 {{(pid=104834) stat_writer /opt/stack/data/venv/lib/python3.12/site-packages/dbcounter.py:115}}
May 16 01:28:06.742253 np0000174373 neutron-periodic-workers[104844]: DEBUG neutron.db.agents_db [None req-17956352-570f-46db-bef3-8d2e171d403a None None] Agent healthcheck: found 0 active agents {{(pid=104844) agent_health_check /opt/stack/neutron/neutron/db/agents_db.py:322}}
May 16 01:28:06.742699 np0000174373 neutron-periodic-workers[104844]: DEBUG oslo.service.backend._threading.loopingcall [None req-17956352-570f-46db-bef3-8d2e171d403a None None] Fixed interval looping call 'neutron.plugins.ml2.plugin.AgentDbMixin.agent_health_check' sleeping for 37.00 seconds {{(pid=104844) _run_loop /opt/stack/data/venv/lib/python3.12/site-packages/oslo_service/backend/_threading/loopingcall.py:125}}
May 16 01:28:16.741076 np0000174373 neutron-periodic-workers[104844]: DEBUG dbcounter [-] [104844] Writing DB stats neutron:SELECT=1 {{(pid=104844) stat_writer /opt/stack/data/venv/lib/python3.12/site-packages/dbcounter.py:115}}
May 16 01:28:32.709626 np0000174373 neutron-periodic-workers[104834]: DEBUG oslo.service.backend._threading.loopingcall [None req-55e93cbf-c343-4d83-9e2e-a42814500fa5 None None] Fixed interval looping call 'neutron.plugins.ml2.plugin.DhcpAgentSchedulerDbMixin.remove_networks_from_down_agents' sleeping for 36.99 seconds {{(pid=104834) _run_loop /opt/stack/data/venv/lib/python3.12/site-packages/oslo_service/backend/_threading/loopingcall.py:125}}
May 16 01:28:42.708868 np0000174373 neutron-periodic-workers[104834]: DEBUG dbcounter [-] [104834] Writing DB stats neutron:SELECT=3 {{(pid=104834) stat_writer /opt/stack/data/venv/lib/python3.12/site-packages/dbcounter.py:115}}
May 16 01:28:43.747316 np0000174373 neutron-periodic-workers[104844]: DEBUG neutron.db.agents_db [None req-17956352-570f-46db-bef3-8d2e171d403a None None] Agent healthcheck: found 0 active agents {{(pid=104844) agent_health_check /opt/stack/neutron/neutron/db/agents_db.py:322}}
May 16 01:28:43.747677 np0000174373 neutron-periodic-workers[104844]: DEBUG oslo.service.backend._threading.loopingcall [None req-17956352-570f-46db-bef3-8d2e171d403a None None] Fixed interval looping call 'neutron.plugins.ml2.plugin.AgentDbMixin.agent_health_check' sleeping for 37.00 seconds {{(pid=104844) _run_loop /opt/stack/data/venv/lib/python3.12/site-packages/oslo_service/backend/_threading/loopingcall.py:125}}
May 16 01:28:53.747072 np0000174373 neutron-periodic-workers[104844]: DEBUG dbcounter [-] [104844] Writing DB stats neutron:SELECT=1 {{(pid=104844) stat_writer /opt/stack/data/venv/lib/python3.12/site-packages/dbcounter.py:115}}
May 16 01:29:09.710321 np0000174373 neutron-periodic-workers[104834]: DEBUG oslo.service.backend._threading.loopingcall [None req-55e93cbf-c343-4d83-9e2e-a42814500fa5 None None] Fixed interval looping call 'neutron.plugins.ml2.plugin.DhcpAgentSchedulerDbMixin.remove_networks_from_down_agents' sleeping for 36.99 seconds {{(pid=104834) _run_loop /opt/stack/data/venv/lib/python3.12/site-packages/oslo_service/backend/_threading/loopingcall.py:125}}
May 16 01:29:11.705149 np0000174373 neutron-periodic-workers[104827]: DEBUG dbcounter [-] [104827] Writer thread running {{(pid=104827) stat_writer /opt/stack/data/venv/lib/python3.12/site-packages/dbcounter.py:102}}
May 16 01:29:11.716591 np0000174373 neutron-periodic-workers[104827]: DEBUG oslo.service.backend._threading.loopingcall [None req-547f8c24-245b-46df-9183-fa076cf85bf9 None None] Fixed interval looping call 'neutron.services.ovn_l3.plugin.L3_NAT_dbonly_mixin._clean_garbage' sleeping for 299.96 seconds {{(pid=104827) _run_loop /opt/stack/data/venv/lib/python3.12/site-packages/oslo_service/backend/_threading/loopingcall.py:125}}
May 16 01:29:19.709308 np0000174373 neutron-periodic-workers[104834]: DEBUG dbcounter [-] [104834] Writing DB stats neutron:SELECT=3 {{(pid=104834) stat_writer /opt/stack/data/venv/lib/python3.12/site-packages/dbcounter.py:115}}
May 16 01:29:20.752134 np0000174373 neutron-periodic-workers[104844]: DEBUG neutron.db.agents_db [None req-17956352-570f-46db-bef3-8d2e171d403a None None] Agent healthcheck: found 0 active agents {{(pid=104844) agent_health_check /opt/stack/neutron/neutron/db/agents_db.py:322}}
May 16 01:29:20.752791 np0000174373 neutron-periodic-workers[104844]: DEBUG oslo.service.backend._threading.loopingcall [None req-17956352-570f-46db-bef3-8d2e171d403a None None] Fixed interval looping call 'neutron.plugins.ml2.plugin.AgentDbMixin.agent_health_check' sleeping for 37.00 seconds {{(pid=104844) _run_loop /opt/stack/data/venv/lib/python3.12/site-packages/oslo_service/backend/_threading/loopingcall.py:125}}
May 16 01:29:21.705907 np0000174373 neutron-periodic-workers[104827]: DEBUG dbcounter [-] [104827] Writing DB stats neutron:SELECT=1 {{(pid=104827) stat_writer /opt/stack/data/venv/lib/python3.12/site-packages/dbcounter.py:115}}
May 16 01:29:27.761488 np0000174373 neutron-periodic-workers[104853]: DEBUG oslo.service.backend._threading.loopingcall [None req-d859a802-9511-4c35-8629-dacd91a4c9d8 None None] Fixed interval looping call 'neutron.db.quota.driver_nolock.DbQuotaNoLockDriver._remove_expired_reservations' sleeping for 119.99 seconds {{(pid=104853) _run_loop /opt/stack/data/venv/lib/python3.12/site-packages/oslo_service/backend/_threading/loopingcall.py:125}}
May 16 01:29:30.751077 np0000174373 neutron-periodic-workers[104844]: DEBUG dbcounter [-] [104844] Writing DB stats neutron:SELECT=1 {{(pid=104844) stat_writer /opt/stack/data/venv/lib/python3.12/site-packages/dbcounter.py:115}}
May 16 01:29:37.759990 np0000174373 neutron-periodic-workers[104853]: DEBUG dbcounter [-] [104853] Writing DB stats neutron:DELETE=1 {{(pid=104853) stat_writer /opt/stack/data/venv/lib/python3.12/site-packages/dbcounter.py:115}}