+ COMMAND=start + start + for KEYSTONE_WSGI_SCRIPT in keystone-wsgi-public ++ type -p keystone-wsgi-public + cp -a /var/lib/openstack/bin/keystone-wsgi-public /var/www/cgi-bin/keystone/ + '[' -f /etc/apache2/envvars ']' + source /etc/apache2/envvars ++ unset HOME ++ '[' '' '!=' '' ']' ++ SUFFIX= ++ export APACHE_RUN_USER=www-data ++ APACHE_RUN_USER=www-data ++ export APACHE_RUN_GROUP=www-data ++ APACHE_RUN_GROUP=www-data ++ export APACHE_PID_FILE=/var/run/apache2/apache2.pid ++ APACHE_PID_FILE=/var/run/apache2/apache2.pid ++ export APACHE_RUN_DIR=/var/run/apache2 ++ APACHE_RUN_DIR=/var/run/apache2 ++ export APACHE_LOCK_DIR=/var/lock/apache2 ++ APACHE_LOCK_DIR=/var/lock/apache2 ++ export APACHE_LOG_DIR=/var/log/apache2 ++ APACHE_LOG_DIR=/var/log/apache2 ++ export LANG=C ++ LANG=C ++ export LANG + '[' -f /var/run/apache2/apache2.pid ']' + exec apache2 -DFOREGROUND AH00558: apache2: Could not reliably determine the server's fully qualified domain name, using 10.0.0.25. Set the 'ServerName' directive globally to suppress this message AH00558: apache2: Could not reliably determine the server's fully qualified domain name, using 10.0.0.25. Set the 'ServerName' directive globally to suppress this message
[Tue Sep 08 02:19:11.492986 2026] [mpm_event:notice] [pid 1:tid 140117447706496] AH00489: Apache/2.4.58 (Ubuntu) mod_wsgi/5.0.0 Python/3.12 configured -- resuming normal operations
[Tue Sep 08 02:19:11.493170 2026] [core:notice] [pid 1:tid 140117447706496] AH00094: Command line: 'apache2 -D FOREGROUND'
[Tue Sep 08 02:20:08.553327 2026] [wsgi:error] [pid 11:tid 140116809885376] /var/lib/openstack/lib/python3.12/site-packages/oslo_utils/importutils.py:77: EventletDeprecationWarning:
[Tue Sep 08 02:20:08.553372 2026] [wsgi:error] [pid 11:tid 140116809885376] Eventlet is deprecated. It is currently being maintained in bugfix mode, and
[Tue Sep 08 02:20:08.553374 2026] [wsgi:error] [pid 11:tid 140116809885376] we strongly recommend against using it for new projects.
[Tue Sep 08 02:20:08.553376 2026] [wsgi:error] [pid 11:tid 140116809885376]
[Tue Sep 08 02:20:08.553377 2026] [wsgi:error] [pid 11:tid 140116809885376] If you are already using Eventlet, we recommend migrating to a different
[Tue Sep 08 02:20:08.553378 2026] [wsgi:error] [pid 11:tid 140116809885376] framework. For more detail see
[Tue Sep 08 02:20:08.553380 2026] [wsgi:error] [pid 11:tid 140116809885376] https://eventlet.readthedocs.io/en/latest/asyncio/migration.html
[Tue Sep 08 02:20:08.553381 2026] [wsgi:error] [pid 11:tid 140116809885376]
[Tue Sep 08 02:20:08.553382 2026] [wsgi:error] [pid 11:tid 140116809885376] __import__(import_str)
[Tue Sep 08 02:20:08.629039 2026] [wsgi:error] [pid 10:tid 140116809885376] /var/lib/openstack/lib/python3.12/site-packages/oslo_utils/importutils.py:77: EventletDeprecationWarning:
[Tue Sep 08 02:20:08.629092 2026] [wsgi:error] [pid 10:tid 140116809885376] Eventlet is deprecated. It is currently being maintained in bugfix mode, and
[Tue Sep 08 02:20:08.629095 2026] [wsgi:error] [pid 10:tid 140116809885376] we strongly recommend against using it for new projects.
[Tue Sep 08 02:20:08.629096 2026] [wsgi:error] [pid 10:tid 140116809885376]
[Tue Sep 08 02:20:08.629098 2026] [wsgi:error] [pid 10:tid 140116809885376] If you are already using Eventlet, we recommend migrating to a different
[Tue Sep 08 02:20:08.629099 2026] [wsgi:error] [pid 10:tid 140116809885376] framework. For more detail see
[Tue Sep 08 02:20:08.629101 2026] [wsgi:error] [pid 10:tid 140116809885376] https://eventlet.readthedocs.io/en/latest/asyncio/migration.html
[Tue Sep 08 02:20:08.629103 2026] [wsgi:error] [pid 10:tid 140116809885376]
[Tue Sep 08 02:20:08.629104 2026] [wsgi:error] [pid 10:tid 140116809885376] __import__(import_str) 10.0.0.153 - - [08/Sep/2026:02:20:07 +0000] "GET /v3/ HTTP/1.1" 200 249 10.0.0.153 - - [08/Sep/2026:02:20:07 +0000] "GET /v3/ HTTP/1.1" 200 249
[Tue Sep 08 02:20:20.794084 2026] [wsgi:error] [pid 12:tid 140116809885376] /var/lib/openstack/lib/python3.12/site-packages/oslo_utils/importutils.py:77: EventletDeprecationWarning:
[Tue Sep 08 02:20:20.794135 2026] [wsgi:error] [pid 12:tid 140116809885376] Eventlet is deprecated. It is currently being maintained in bugfix mode, and
[Tue Sep 08 02:20:20.794137 2026] [wsgi:error] [pid 12:tid 140116809885376] we strongly recommend against using it for new projects.
[Tue Sep 08 02:20:20.794138 2026] [wsgi:error] [pid 12:tid 140116809885376]
[Tue Sep 08 02:20:20.794139 2026] [wsgi:error] [pid 12:tid 140116809885376] If you are already using Eventlet, we recommend migrating to a different
[Tue Sep 08 02:20:20.794141 2026] [wsgi:error] [pid 12:tid 140116809885376] framework. For more detail see
[Tue Sep 08 02:20:20.794142 2026] [wsgi:error] [pid 12:tid 140116809885376] https://eventlet.readthedocs.io/en/latest/asyncio/migration.html
[Tue Sep 08 02:20:20.794143 2026] [wsgi:error] [pid 12:tid 140116809885376]
[Tue Sep 08 02:20:20.794144 2026] [wsgi:error] [pid 12:tid 140116809885376] __import__(import_str) 10.0.0.114 - - [08/Sep/2026:02:20:19 +0000] "GET / HTTP/1.1" 300 295
[Tue Sep 08 02:20:26.197304 2026] [wsgi:error] [pid 9:tid 140116809885376] /var/lib/openstack/lib/python3.12/site-packages/oslo_utils/importutils.py:77: EventletDeprecationWarning:
[Tue Sep 08 02:20:26.197357 2026] [wsgi:error] [pid 9:tid 140116809885376] Eventlet is deprecated. It is currently being maintained in bugfix mode, and
[Tue Sep 08 02:20:26.197360 2026] [wsgi:error] [pid 9:tid 140116809885376] we strongly recommend against using it for new projects.
[Tue Sep 08 02:20:26.197361 2026] [wsgi:error] [pid 9:tid 140116809885376]
[Tue Sep 08 02:20:26.197362 2026] [wsgi:error] [pid 9:tid 140116809885376] If you are already using Eventlet, we recommend migrating to a different
[Tue Sep 08 02:20:26.197363 2026] [wsgi:error] [pid 9:tid 140116809885376] framework. For more detail see
[Tue Sep 08 02:20:26.197365 2026] [wsgi:error] [pid 9:tid 140116809885376] https://eventlet.readthedocs.io/en/latest/asyncio/migration.html
[Tue Sep 08 02:20:26.197366 2026] [wsgi:error] [pid 9:tid 140116809885376]
[Tue Sep 08 02:20:26.197367 2026] [wsgi:error] [pid 9:tid 140116809885376] __import__(import_str)
[Tue Sep 08 02:20:31.056524 2026] [wsgi:error] [pid 9:tid 140116809885376] [remote 10.0.0.114:43074] 2026-09-08 02:20:31.053 9 WARNING keystone.identity.core [None req-0d2a11d7-4cf4-485e-89d7-96a084838a6a - - - - - -] Invalid domain name (atmosphere) found in config file name: keystone.exception.DomainNotFound: Could not find domain: atmosphere.
[Tue Sep 08 02:20:31.107575 2026] [wsgi:error] [pid 9:tid 140116809885376] [remote 10.0.0.114:43074] 2026-09-08 02:20:31.107 9 WARNING keystone.common.password_hashing [None req-0d2a11d7-4cf4-485e-89d7-96a084838a6a - - - - - -] Truncating password to algorithm specific maximum length 72 characters.
[Tue Sep 08 02:20:31.392176 2026] [wsgi:error] [pid 9:tid 140116809885376] [remote 10.0.0.114:43074] 2026-09-08 02:20:31.392 9 WARNING keystone.common.fernet_utils [None req-0d2a11d7-4cf4-485e-89d7-96a084838a6a - - - - - -] key_repository is world readable: /etc/keystone/fernet-keys/ 10.0.0.114 - - [08/Sep/2026:02:20:25 +0000] "POST /v3/auth/tokens HTTP/1.1" 201 1360
[Tue Sep 08 02:20:31.809596 2026] [wsgi:error] [pid 11:tid 140116809885376] [remote 10.0.0.114:43074] 2026-09-08 02:20:31.807 11 WARNING keystone.identity.core [None req-d9c57a09-1dc9-4e26-9d08-c03784a9dbdb - - - - - -] Invalid domain name (atmosphere) found in config file name: keystone.exception.DomainNotFound: Could not find domain: atmosphere. 10.0.0.114 - - [08/Sep/2026:02:20:31 +0000] "POST /v3/domains HTTP/1.1" 201 261 10.0.0.248 - - [08/Sep/2026:02:20:44 +0000] "GET / HTTP/1.1" 300 295
[Tue Sep 08 02:20:44.565137 2026] [wsgi:error] [pid 12:tid 140116809885376] [remote 10.0.0.248:56094] 2026-09-08 02:20:44.564 12 WARNING keystone.common.password_hashing [None req-4c5fd78c-f92c-48f2-968f-199b45dead56 - - - - - -] Truncating password to algorithm specific maximum length 72 characters.
[Tue Sep 08 02:20:44.837914 2026] [wsgi:error] [pid 12:tid 140116809885376] [remote 10.0.0.248:56094] 2026-09-08 02:20:44.837 12 WARNING keystone.common.fernet_utils [None req-4c5fd78c-f92c-48f2-968f-199b45dead56 - - - - - -] key_repository is world readable: /etc/keystone/fernet-keys/ 10.0.0.248 - - [08/Sep/2026:02:20:44 +0000] "POST /v3/auth/tokens HTTP/1.1" 201 1360 10.0.0.248 - - [08/Sep/2026:02:20:45 +0000] "GET /v3/roles/admin HTTP/1.1" 404 83
[Tue Sep 08 02:20:45.107408 2026] [wsgi:error] [pid 11:tid 140116809885376] [remote 10.0.0.248:56094] 2026-09-08 02:20:45.106 11 WARNING keystone.common.rbac_enforcer.enforcer [None req-7670db59-4c4a-4abb-b60f-399ed17f635d 6b11f095ce5b474ca5b40e331d21af17 e315ff4ce02c45a6986e29c89b15d93f - - default default] Deprecated policy rules found. Use oslopolicy-policy-generator and oslopolicy-policy-upgrade to detect and resolve deprecated policies in your configuration. 10.0.0.248 - - [08/Sep/2026:02:20:45 +0000] "GET /v3/roles?name=admin HTTP/1.1" 200 389
[Tue Sep 08 02:20:45.722355 2026] [wsgi:error] [pid 10:tid 140116809885376] [remote 10.0.0.248:56094] 2026-09-08 02:20:45.722 10 WARNING keystone.common.rbac_enforcer.enforcer [None req-795f8ce4-b763-4e58-a489-3d47a1e1f478 6b11f095ce5b474ca5b40e331d21af17 e315ff4ce02c45a6986e29c89b15d93f - - default default] Deprecated policy rules found. Use oslopolicy-policy-generator and oslopolicy-policy-upgrade to detect and resolve deprecated policies in your configuration. 10.0.0.248 - - [08/Sep/2026:02:20:45 +0000] "GET /v3/users/admin-RegionOne HTTP/1.1" 404 93
[Tue Sep 08 02:20:45.972097 2026] [wsgi:error] [pid 12:tid 140116809885376] [remote 10.0.0.248:56094] 2026-09-08 02:20:45.971 12 WARNING keystone.common.rbac_enforcer.enforcer [None req-60fabff9-6505-4035-8843-2e2b1a4b0db9 6b11f095ce5b474ca5b40e331d21af17 e315ff4ce02c45a6986e29c89b15d93f - - default default] Deprecated policy rules found. Use oslopolicy-policy-generator and oslopolicy-policy-upgrade to detect and resolve deprecated policies in your configuration. 10.0.0.248 - - [08/Sep/2026:02:20:45 +0000] "GET /v3/users?name=admin-RegionOne HTTP/1.1" 200 422
[Tue Sep 08 02:20:46.192487 2026] [wsgi:error] [pid 9:tid 140116809885376] [remote 10.0.0.248:56094] 2026-09-08 02:20:46.192 9 WARNING keystone.common.rbac_enforcer.enforcer [None req-a45632bb-e719-4dfa-94cd-bd159a9641d5 6b11f095ce5b474ca5b40e331d21af17 e315ff4ce02c45a6986e29c89b15d93f - - default default] Deprecated policy rules found. Use oslopolicy-policy-generator and oslopolicy-policy-upgrade to detect and resolve deprecated policies in your configuration. 10.0.0.248 - - [08/Sep/2026:02:20:46 +0000] "GET /v3/domains/default HTTP/1.1" 200 224 10.0.0.248 - - [08/Sep/2026:02:20:46 +0000] "PUT /v3/domains/default/users/6b11f095ce5b474ca5b40e331d21af17/roles/82bc8568cdea413bae146e4155502489 HTTP/1.1" 204 - 10.0.0.153 - - [08/Sep/2026:02:20:56 +0000] "GET / HTTP/1.1" 300 281 10.0.0.153 - - [08/Sep/2026:02:20:57 +0000] "GET /v3 HTTP/1.1" 200 266
[Tue Sep 08 02:20:57.881930 2026] [wsgi:error] [pid 9:tid 140116809885376] [remote 10.0.0.153:37542] 2026-09-08 02:20:57.881 9 WARNING keystone.common.password_hashing [None req-a4c0c333-94f6-4a22-bafb-af15a191ee67 - - - - - -] Truncating password to algorithm specific maximum length 72 characters.
[Tue Sep 08 02:20:58.188478 2026] [wsgi:error] [pid 9:tid 140116809885376] [remote 10.0.0.153:37542] 2026-09-08 02:20:58.188 9 WARNING keystone.common.fernet_utils [None req-a4c0c333-94f6-4a22-bafb-af15a191ee67 - - - - - -] key_repository is world readable: /etc/keystone/fernet-keys/ 10.0.0.153 - - [08/Sep/2026:02:20:57 +0000] "POST /v3/auth/tokens HTTP/1.1" 201 1360 10.0.0.153 - - [08/Sep/2026:02:20:58 +0000] "GET / HTTP/1.1" 300 281 10.0.0.153 - - [08/Sep/2026:02:20:58 +0000] "GET /v3/domains/atmosphere HTTP/1.1" 404 90 10.0.0.153 - - [08/Sep/2026:02:20:58 +0000] "GET /v3/domains?name=atmosphere HTTP/1.1" 200 370 10.0.0.153 - - [08/Sep/2026:02:20:58 +0000] "GET /v3/domains/1984d63fc6134c628089ed7888078f2b HTTP/1.1" 200 247 10.0.0.153 - - [08/Sep/2026:02:20:59 +0000] "GET /v3 HTTP/1.1" 200 266
[Tue Sep 08 02:20:59.589312 2026] [wsgi:error] [pid 10:tid 140116809885376] [remote 10.0.0.153:37550] 2026-09-08 02:20:59.588 10 WARNING keystone.common.password_hashing [None req-73e74f0b-5de9-4f11-8203-91d0517e9099 - - - - - -] Truncating password to algorithm specific maximum length 72 characters.
[Tue Sep 08 02:20:59.880122 2026] [wsgi:error] [pid 10:tid 140116809885376] [remote 10.0.0.153:37550] 2026-09-08 02:20:59.879 10 WARNING keystone.common.fernet_utils [None req-73e74f0b-5de9-4f11-8203-91d0517e9099 - - - - - -] key_repository is world readable: /etc/keystone/fernet-keys/ 10.0.0.153 - - [08/Sep/2026:02:20:59 +0000] "POST /v3/auth/tokens HTTP/1.1" 201 1360 10.0.0.153 - - [08/Sep/2026:02:20:59 +0000] "GET / HTTP/1.1" 300 281 10.0.0.153 - - [08/Sep/2026:02:20:59 +0000] "GET /v3/OS-FEDERATION/identity_providers/atmosphere HTTP/1.1" 404 101 10.0.0.153 - - [08/Sep/2026:02:20:59 +0000] "GET /v3/OS-FEDERATION/identity_providers HTTP/1.1" 200 156 10.0.0.153 - - [08/Sep/2026:02:20:59 +0000] "PUT /v3/OS-FEDERATION/identity_providers/atmosphere HTTP/1.1" 201 342 10.0.0.153 - - [08/Sep/2026:02:21:00 +0000] "GET /v3 HTTP/1.1" 200 266
[Tue Sep 08 02:21:00.914077 2026] [wsgi:error] [pid 9:tid 140116809885376] [remote 10.0.0.153:37550] 2026-09-08 02:21:00.913 9 WARNING keystone.common.password_hashing [None req-2ea5b702-137b-4f71-b4e0-b78d12a75ab5 - - - - - -] Truncating password to algorithm specific maximum length 72 characters.
[Tue Sep 08 02:21:01.288400 2026] [wsgi:error] [pid 9:tid 140116809885376] [remote 10.0.0.153:37550] 2026-09-08 02:21:01.288 9 WARNING keystone.common.fernet_utils [None req-2ea5b702-137b-4f71-b4e0-b78d12a75ab5 - - - - - -] key_repository is world readable: /etc/keystone/fernet-keys/ 10.0.0.153 - - [08/Sep/2026:02:21:00 +0000] "POST /v3/auth/tokens HTTP/1.1" 201 1360 10.0.0.153 - - [08/Sep/2026:02:21:01 +0000] "GET / HTTP/1.1" 300 281 10.0.0.153 - - [08/Sep/2026:02:21:01 +0000] "GET /v3/OS-FEDERATION/mappings/atmosphere-openid HTTP/1.1" 404 98 10.0.0.153 - - [08/Sep/2026:02:21:01 +0000] "GET /v3/OS-FEDERATION/mappings HTTP/1.1" 200 136 10.0.0.153 - - [08/Sep/2026:02:21:01 +0000] "PUT /v3/OS-FEDERATION/mappings/atmosphere-openid HTTP/1.1" 201 357 10.0.0.153 - - [08/Sep/2026:02:21:02 +0000] "GET /v3 HTTP/1.1" 200 266
[Tue Sep 08 02:21:02.340013 2026] [wsgi:error] [pid 10:tid 140116809885376] [remote 10.0.0.153:37550] 2026-09-08 02:21:02.339 10 WARNING keystone.common.password_hashing [None req-5698074b-b69e-4132-832d-57556e0598fb - - - - - -] Truncating password to algorithm specific maximum length 72 characters.
[Tue Sep 08 02:21:02.635533 2026] [wsgi:error] [pid 10:tid 140116809885376] [remote 10.0.0.153:37550] 2026-09-08 02:21:02.635 10 WARNING keystone.common.fernet_utils [None req-5698074b-b69e-4132-832d-57556e0598fb - - - - - -] key_repository is world readable: /etc/keystone/fernet-keys/ 10.0.0.153 - - [08/Sep/2026:02:21:02 +0000] "POST /v3/auth/tokens HTTP/1.1" 201 1360 10.0.0.153 - - [08/Sep/2026:02:21:02 +0000] "GET / HTTP/1.1" 300 281 10.0.0.153 - - [08/Sep/2026:02:21:02 +0000] "GET /v3/OS-FEDERATION/identity_providers/atmosphere/protocols/openid?idp_id=atmosphere HTTP/1.1" 404 131 10.0.0.153 - - [08/Sep/2026:02:21:02 +0000] "GET /v3/OS-FEDERATION/identity_providers/atmosphere/protocols HTTP/1.1" 200 168 10.0.0.153 - - [08/Sep/2026:02:21:02 +0000] "PUT /v3/OS-FEDERATION/identity_providers/atmosphere/protocols/openid HTTP/1.1" 201 224 10.0.0.153 - - [08/Sep/2026:02:21:07 +0000] "GET /v3/ HTTP/1.1" 200 249 10.0.0.153 - - [08/Sep/2026:02:21:07 +0000] "GET /v3/ HTTP/1.1" 200 249 10.0.0.153 - - [08/Sep/2026:02:22:07 +0000] "GET /v3/ HTTP/1.1" 200 249 10.0.0.153 - - [08/Sep/2026:02:22:07 +0000] "GET /v3/ HTTP/1.1" 200 249 10.0.0.122 - - [08/Sep/2026:02:22:32 +0000] "GET / HTTP/1.1" 300 295
[Tue Sep 08 02:22:32.982270 2026] [wsgi:error] [pid 9:tid 140116809885376] [remote 10.0.0.122:52340] 2026-09-08 02:22:32.981 9 WARNING keystone.common.password_hashing [None req-946cd720-4091-4e85-b1c8-6910fd0281a6 - - - - - -] Truncating password to algorithm specific maximum length 72 characters.
[Tue Sep 08 02:22:33.326283 2026] [wsgi:error] [pid 9:tid 140116809885376] [remote 10.0.0.122:52340] 2026-09-08 02:22:33.326 9 WARNING keystone.common.fernet_utils [None req-946cd720-4091-4e85-b1c8-6910fd0281a6 - - - - - -] key_repository is world readable: /etc/keystone/fernet-keys/ 10.0.0.122 - - [08/Sep/2026:02:22:32 +0000] "POST /v3/auth/tokens HTTP/1.1" 201 1360 10.0.0.122 - - [08/Sep/2026:02:22:33 +0000] "GET /v3/services HTTP/1.1" 200 355 10.0.0.122 - - [08/Sep/2026:02:22:37 +0000] "GET / HTTP/1.1" 300 295
[Tue Sep 08 02:22:37.136469 2026] [wsgi:error] [pid 12:tid 140116809885376] [remote 10.0.0.122:43782] 2026-09-08 02:22:37.136 12 WARNING keystone.common.password_hashing [None req-2850ecb7-1581-4260-bda8-1917313ac1af - - - - - -] Truncating password to algorithm specific maximum length 72 characters.
[Tue Sep 08 02:22:37.444230 2026] [wsgi:error] [pid 12:tid 140116809885376] [remote 10.0.0.122:43782] 2026-09-08 02:22:37.443 12 WARNING keystone.common.fernet_utils [None req-2850ecb7-1581-4260-bda8-1917313ac1af - - - - - -] key_repository is world readable: /etc/keystone/fernet-keys/ 10.0.0.122 - - [08/Sep/2026:02:22:37 +0000] "POST /v3/auth/tokens HTTP/1.1" 201 1360 10.0.0.122 - - [08/Sep/2026:02:22:37 +0000] "GET /v3/services HTTP/1.1" 200 355 10.0.0.122 - - [08/Sep/2026:02:22:41 +0000] "GET / HTTP/1.1" 300 295
[Tue Sep 08 02:22:41.461100 2026] [wsgi:error] [pid 10:tid 140116809885376] [remote 10.0.0.122:43794] 2026-09-08 02:22:41.460 10 WARNING keystone.common.password_hashing [None req-dac1c6a2-a448-4a64-a864-c70f9adc4834 - - - - - -] Truncating password to algorithm specific maximum length 72 characters.
[Tue Sep 08 02:22:41.756337 2026] [wsgi:error] [pid 10:tid 140116809885376] [remote 10.0.0.122:43794] 2026-09-08 02:22:41.756 10 WARNING keystone.common.fernet_utils [None req-dac1c6a2-a448-4a64-a864-c70f9adc4834 - - - - - -] key_repository is world readable: /etc/keystone/fernet-keys/ 10.0.0.122 - - [08/Sep/2026:02:22:41 +0000] "POST /v3/auth/tokens HTTP/1.1" 201 1360 10.0.0.122 - - [08/Sep/2026:02:22:41 +0000] "GET /v3/services HTTP/1.1" 200 355 10.0.0.122 - - [08/Sep/2026:02:22:45 +0000] "GET / HTTP/1.1" 300 295
[Tue Sep 08 02:22:45.634807 2026] [wsgi:error] [pid 11:tid 140116809885376] [remote 10.0.0.122:60558] 2026-09-08 02:22:45.633 11 WARNING keystone.common.password_hashing [None req-3963e19a-b52b-4d1a-a9cb-9c1dc0422769 - - - - - -] Truncating password to algorithm specific maximum length 72 characters.
[Tue Sep 08 02:22:45.925395 2026] [wsgi:error] [pid 11:tid 140116809885376] [remote 10.0.0.122:60558] 2026-09-08 02:22:45.925 11 WARNING keystone.common.fernet_utils [None req-3963e19a-b52b-4d1a-a9cb-9c1dc0422769 - - - - - -] key_repository is world readable: /etc/keystone/fernet-keys/ 10.0.0.122 - - [08/Sep/2026:02:22:45 +0000] "POST /v3/auth/tokens HTTP/1.1" 201 1360 10.0.0.122 - - [08/Sep/2026:02:22:46 +0000] "POST /v3/services HTTP/1.1" 201 296 10.0.0.236 - - [08/Sep/2026:02:22:58 +0000] "GET / HTTP/1.1" 300 295
[Tue Sep 08 02:22:58.263982 2026] [wsgi:error] [pid 9:tid 140116809885376] [remote 10.0.0.236:42630] 2026-09-08 02:22:58.263 9 WARNING keystone.common.password_hashing [None req-bc7c904a-4cb1-454b-ad1c-844fff7703f7 - - - - - -] Truncating password to algorithm specific maximum length 72 characters.
[Tue Sep 08 02:22:58.568495 2026] [wsgi:error] [pid 9:tid 140116809885376] [remote 10.0.0.236:42630] 2026-09-08 02:22:58.568 9 WARNING keystone.common.fernet_utils [None req-bc7c904a-4cb1-454b-ad1c-844fff7703f7 - - - - - -] key_repository is world readable: /etc/keystone/fernet-keys/ 10.0.0.236 - - [08/Sep/2026:02:22:58 +0000] "POST /v3/auth/tokens HTTP/1.1" 201 1464 10.0.0.236 - - [08/Sep/2026:02:22:58 +0000] "GET / HTTP/1.1" 300 295 10.0.0.236 - - [08/Sep/2026:02:22:58 +0000] "GET / HTTP/1.1" 300 295
[Tue Sep 08 02:22:58.717998 2026] [wsgi:error] [pid 9:tid 140116809885376] [remote 10.0.0.236:42646] 2026-09-08 02:22:58.717 9 WARNING keystone.common.password_hashing [None req-0ea9a63b-73c0-4875-a8bd-743a95ee0b44 - - - - - -] Truncating password to algorithm specific maximum length 72 characters.
[Tue Sep 08 02:22:58.725183 2026] [wsgi:error] [pid 12:tid 140116809885376] [remote 10.0.0.236:42632] 2026-09-08 02:22:58.724 12 WARNING keystone.common.password_hashing [None req-00bc6505-22a6-4ef7-b00a-8dc056e4bf61 - - - - - -] Truncating password to algorithm specific maximum length 72 characters. 10.0.0.236 - - [08/Sep/2026:02:22:58 +0000] "GET /v3/services HTTP/1.1" 200 639
[Tue Sep 08 02:22:59.000008 2026] [wsgi:error] [pid 9:tid 140116809885376] [remote 10.0.0.236:42646] 2026-09-08 02:22:58.999 9 WARNING keystone.common.fernet_utils [None req-0ea9a63b-73c0-4875-a8bd-743a95ee0b44 - - - - - -] key_repository is world readable: /etc/keystone/fernet-keys/ 10.0.0.236 - - [08/Sep/2026:02:22:58 +0000] "POST /v3/auth/tokens HTTP/1.1" 201 1464
[Tue Sep 08 02:22:59.015789 2026] [wsgi:error] [pid 12:tid 140116809885376] [remote 10.0.0.236:42632] 2026-09-08 02:22:59.015 12 WARNING keystone.common.fernet_utils [None req-00bc6505-22a6-4ef7-b00a-8dc056e4bf61 - - - - - -] key_repository is world readable: /etc/keystone/fernet-keys/ 10.0.0.236 - - [08/Sep/2026:02:22:58 +0000] "POST /v3/auth/tokens HTTP/1.1" 201 1464 10.0.0.236 - - [08/Sep/2026:02:22:59 +0000] "GET /v3/services HTTP/1.1" 200 639 10.0.0.236 - - [08/Sep/2026:02:22:59 +0000] "GET /v3/services HTTP/1.1" 200 639 10.0.0.236 - - [08/Sep/2026:02:23:00 +0000] "GET / HTTP/1.1" 300 295
[Tue Sep 08 02:23:00.603351 2026] [wsgi:error] [pid 12:tid 140116809885376] [remote 10.0.0.236:42650] 2026-09-08 02:23:00.603 12 WARNING keystone.common.password_hashing [None req-e7f85dae-665c-4833-b6b5-29df8391b966 - - - - - -] Truncating password to algorithm specific maximum length 72 characters.
[Tue Sep 08 02:23:00.897907 2026] [wsgi:error] [pid 12:tid 140116809885376] [remote 10.0.0.236:42650] 2026-09-08 02:23:00.897 12 WARNING keystone.common.fernet_utils [None req-e7f85dae-665c-4833-b6b5-29df8391b966 - - - - - -] key_repository is world readable: /etc/keystone/fernet-keys/ 10.0.0.236 - - [08/Sep/2026:02:23:00 +0000] "POST /v3/auth/tokens HTTP/1.1" 201 1464 10.0.0.236 - - [08/Sep/2026:02:23:00 +0000] "GET / HTTP/1.1" 300 295 10.0.0.236 - - [08/Sep/2026:02:23:00 +0000] "GET / HTTP/1.1" 300 295
[Tue Sep 08 02:23:00.970160 2026] [wsgi:error] [pid 11:tid 140116809885376] [remote 10.0.0.236:42660] 2026-09-08 02:23:00.969 11 WARNING keystone.common.password_hashing [None req-f33260ba-f408-4a93-ac6b-6295f2900197 - - - - - -] Truncating password to algorithm specific maximum length 72 characters.
[Tue Sep 08 02:23:00.979010 2026] [wsgi:error] [pid 12:tid 140116809885376] [remote 10.0.0.236:42674] 2026-09-08 02:23:00.978 12 WARNING keystone.common.password_hashing [None req-253392f7-f70a-4e8f-888e-5935a246b826 - - - - - -] Truncating password to algorithm specific maximum length 72 characters. 10.0.0.236 - - [08/Sep/2026:02:23:01 +0000] "GET /v3/endpoints HTTP/1.1" 200 1227 10.0.0.236 - - [08/Sep/2026:02:23:01 +0000] "GET /v3/services/ef0ae978f0094d098b010ba5fe3e5c4a HTTP/1.1" 200 233 10.0.0.236 - - [08/Sep/2026:02:23:01 +0000] "GET /v3/services/ef0ae978f0094d098b010ba5fe3e5c4a HTTP/1.1" 200 233 10.0.0.236 - - [08/Sep/2026:02:23:01 +0000] "GET /v3/services/ef0ae978f0094d098b010ba5fe3e5c4a HTTP/1.1" 200 233
[Tue Sep 08 02:23:01.293141 2026] [wsgi:error] [pid 11:tid 140116809885376] [remote 10.0.0.236:42660] 2026-09-08 02:23:01.292 11 WARNING keystone.common.fernet_utils [None req-f33260ba-f408-4a93-ac6b-6295f2900197 - - - - - -] key_repository is world readable: /etc/keystone/fernet-keys/ 10.0.0.236 - - [08/Sep/2026:02:23:00 +0000] "POST /v3/auth/tokens HTTP/1.1" 201 1464
[Tue Sep 08 02:23:01.332190 2026] [wsgi:error] [pid 12:tid 140116809885376] [remote 10.0.0.236:42674] 2026-09-08 02:23:01.332 12 WARNING keystone.common.fernet_utils [None req-253392f7-f70a-4e8f-888e-5935a246b826 - - - - - -] key_repository is world readable: /etc/keystone/fernet-keys/ 10.0.0.236 - - [08/Sep/2026:02:23:00 +0000] "POST /v3/auth/tokens HTTP/1.1" 201 1464 10.0.0.236 - - [08/Sep/2026:02:23:01 +0000] "GET /v3/endpoints HTTP/1.1" 200 1227 10.0.0.236 - - [08/Sep/2026:02:23:01 +0000] "GET /v3/services/ef0ae978f0094d098b010ba5fe3e5c4a HTTP/1.1" 200 233 10.0.0.236 - - [08/Sep/2026:02:23:01 +0000] "GET /v3/services/ef0ae978f0094d098b010ba5fe3e5c4a HTTP/1.1" 200 233 10.0.0.236 - - [08/Sep/2026:02:23:01 +0000] "GET /v3/endpoints HTTP/1.1" 200 1227 10.0.0.236 - - [08/Sep/2026:02:23:01 +0000] "GET /v3/services/ef0ae978f0094d098b010ba5fe3e5c4a HTTP/1.1" 200 233 10.0.0.236 - - [08/Sep/2026:02:23:01 +0000] "GET /v3/services/ef0ae978f0094d098b010ba5fe3e5c4a HTTP/1.1" 200 233 10.0.0.236 - - [08/Sep/2026:02:23:01 +0000] "GET /v3/services/ef0ae978f0094d098b010ba5fe3e5c4a HTTP/1.1" 200 233 10.0.0.236 - - [08/Sep/2026:02:23:01 +0000] "GET /v3/services/ef0ae978f0094d098b010ba5fe3e5c4a HTTP/1.1" 200 233 10.0.0.236 - - [08/Sep/2026:02:23:02 +0000] "GET / HTTP/1.1" 300 295
[Tue Sep 08 02:23:02.786758 2026] [wsgi:error] [pid 9:tid 140116809885376] [remote 10.0.0.236:42676] 2026-09-08 02:23:02.786 9 WARNING keystone.common.password_hashing [None req-7c7fc079-2f5c-499f-b9e7-cbf25523da35 - - - - - -] Truncating password to algorithm specific maximum length 72 characters.
[Tue Sep 08 02:23:03.084502 2026] [wsgi:error] [pid 9:tid 140116809885376] [remote 10.0.0.236:42676] 2026-09-08 02:23:03.084 9 WARNING keystone.common.fernet_utils [None req-7c7fc079-2f5c-499f-b9e7-cbf25523da35 - - - - - -] key_repository is world readable: /etc/keystone/fernet-keys/ 10.0.0.236 - - [08/Sep/2026:02:23:02 +0000] "POST /v3/auth/tokens HTTP/1.1" 201 1464 10.0.0.236 - - [08/Sep/2026:02:23:03 +0000] "GET / HTTP/1.1" 300 295
[Tue Sep 08 02:23:03.123263 2026] [wsgi:error] [pid 12:tid 140116809885376] [remote 10.0.0.236:42688] 2026-09-08 02:23:03.123 12 WARNING keystone.common.password_hashing [None req-fed8d49f-de7b-4064-8a1e-5521b59d6a85 - - - - - -] Truncating password to algorithm specific maximum length 72 characters. 10.0.0.236 - - [08/Sep/2026:02:23:03 +0000] "GET / HTTP/1.1" 300 295 10.0.0.236 - - [08/Sep/2026:02:23:03 +0000] "GET /v3/services/f94b42b32e9f43c8bffae3826a150fb6 HTTP/1.1" 200 296
[Tue Sep 08 02:23:03.251743 2026] [wsgi:error] [pid 9:tid 140116809885376] [remote 10.0.0.236:42700] 2026-09-08 02:23:03.251 9 WARNING keystone.common.password_hashing [None req-d446e119-9cda-4080-b0f2-b1ad90a5f195 - - - - - -] Truncating password to algorithm specific maximum length 72 characters. 10.0.0.236 - - [08/Sep/2026:02:23:03 +0000] "GET /v3/regions/RegionOne HTTP/1.1" 200 173 10.0.0.236 - - [08/Sep/2026:02:23:03 +0000] "POST /v3/endpoints HTTP/1.1" 201 380
[Tue Sep 08 02:23:03.429419 2026] [wsgi:error] [pid 12:tid 140116809885376] [remote 10.0.0.236:42688] 2026-09-08 02:23:03.429 12 WARNING keystone.common.fernet_utils [None req-fed8d49f-de7b-4064-8a1e-5521b59d6a85 - - - - - -] key_repository is world readable: /etc/keystone/fernet-keys/ 10.0.0.236 - - [08/Sep/2026:02:23:03 +0000] "POST /v3/auth/tokens HTTP/1.1" 201 1641
[Tue Sep 08 02:23:03.542151 2026] [wsgi:error] [pid 9:tid 140116809885376] [remote 10.0.0.236:42700] 2026-09-08 02:23:03.541 9 WARNING keystone.common.fernet_utils [None req-d446e119-9cda-4080-b0f2-b1ad90a5f195 - - - - - -] key_repository is world readable: /etc/keystone/fernet-keys/ 10.0.0.236 - - [08/Sep/2026:02:23:03 +0000] "POST /v3/auth/tokens HTTP/1.1" 201 1641 10.0.0.236 - - [08/Sep/2026:02:23:03 +0000] "GET /v3/services/f94b42b32e9f43c8bffae3826a150fb6 HTTP/1.1" 200 296 10.0.0.236 - - [08/Sep/2026:02:23:03 +0000] "GET /v3/regions/RegionOne HTTP/1.1" 200 173 10.0.0.236 - - [08/Sep/2026:02:23:03 +0000] "GET /v3/services/f94b42b32e9f43c8bffae3826a150fb6 HTTP/1.1" 200 296 10.0.0.236 - - [08/Sep/2026:02:23:03 +0000] "GET /v3/regions/RegionOne HTTP/1.1" 200 173 10.0.0.236 - - [08/Sep/2026:02:23:03 +0000] "POST /v3/endpoints HTTP/1.1" 201 370 10.0.0.236 - - [08/Sep/2026:02:23:03 +0000] "POST /v3/endpoints HTTP/1.1" 201 383 10.0.0.236 - - [08/Sep/2026:02:23:05 +0000] "GET / HTTP/1.1" 300 295
[Tue Sep 08 02:23:05.035535 2026] [wsgi:error] [pid 11:tid 140116809885376] [remote 10.0.0.236:42716] 2026-09-08 02:23:05.035 11 WARNING keystone.common.password_hashing [None req-f48fd8ae-2d44-4038-9aee-68ea5a26647c - - - - - -] Truncating password to algorithm specific maximum length 72 characters.
[Tue Sep 08 02:23:05.380605 2026] [wsgi:error] [pid 11:tid 140116809885376] [remote 10.0.0.236:42716] 2026-09-08 02:23:05.380 11 WARNING keystone.common.fernet_utils [None req-f48fd8ae-2d44-4038-9aee-68ea5a26647c - - - - - -] key_repository is world readable: /etc/keystone/fernet-keys/ 10.0.0.236 - - [08/Sep/2026:02:23:05 +0000] "POST /v3/auth/tokens HTTP/1.1" 201 1992 10.0.0.236 - - [08/Sep/2026:02:23:05 +0000] "GET / HTTP/1.1" 300 295
[Tue Sep 08 02:23:05.427950 2026] [wsgi:error] [pid 12:tid 140116809885376] [remote 10.0.0.236:42722] 2026-09-08 02:23:05.427 12 WARNING keystone.common.password_hashing [None req-94b9e9b9-afda-4b94-86e7-844f8ce2dc70 - - - - - -] Truncating password to algorithm specific maximum length 72 characters. 10.0.0.236 - - [08/Sep/2026:02:23:05 +0000] "GET / HTTP/1.1" 300 295
[Tue Sep 08 02:23:05.449298 2026] [wsgi:error] [pid 11:tid 140116809885376] [remote 10.0.0.236:42732] 2026-09-08 02:23:05.449 11 WARNING keystone.common.password_hashing [None req-46a2ebf8-39ed-45b3-8912-1b67f65a9c91 - - - - - -] Truncating password to algorithm specific maximum length 72 characters. 10.0.0.236 - - [08/Sep/2026:02:23:05 +0000] "GET /v3/endpoints/6dc62e9eac334b56abd4c570f39e7edf HTTP/1.1" 200 380 10.0.0.236 - - [08/Sep/2026:02:23:05 +0000] "GET /v3/services/f94b42b32e9f43c8bffae3826a150fb6 HTTP/1.1" 200 296
[Tue Sep 08 02:23:05.699634 2026] [wsgi:error] [pid 12:tid 140116809885376] [remote 10.0.0.236:42722] 2026-09-08 02:23:05.699 12 WARNING keystone.common.fernet_utils [None req-94b9e9b9-afda-4b94-86e7-844f8ce2dc70 - - - - - -] key_repository is world readable: /etc/keystone/fernet-keys/ 10.0.0.236 - - [08/Sep/2026:02:23:05 +0000] "POST /v3/auth/tokens HTTP/1.1" 201 1992
[Tue Sep 08 02:23:05.727581 2026] [wsgi:error] [pid 11:tid 140116809885376] [remote 10.0.0.236:42732] 2026-09-08 02:23:05.727 11 WARNING keystone.common.fernet_utils [None req-46a2ebf8-39ed-45b3-8912-1b67f65a9c91 - - - - - -] key_repository is world readable: /etc/keystone/fernet-keys/ 10.0.0.236 - - [08/Sep/2026:02:23:05 +0000] "POST /v3/auth/tokens HTTP/1.1" 201 1992 10.0.0.236 - - [08/Sep/2026:02:23:05 +0000] "GET /v3/endpoints/1364f37313554d89913ae70ec5ccfcf2 HTTP/1.1" 200 370 10.0.0.236 - - [08/Sep/2026:02:23:05 +0000] "GET /v3/services/f94b42b32e9f43c8bffae3826a150fb6 HTTP/1.1" 200 296 10.0.0.236 - - [08/Sep/2026:02:23:05 +0000] "GET /v3/endpoints/cbcb6e92fb924bbdb269174bb068aab5 HTTP/1.1" 200 383 10.0.0.236 - - [08/Sep/2026:02:23:05 +0000] "GET /v3/services/f94b42b32e9f43c8bffae3826a150fb6 HTTP/1.1" 200 296 10.0.0.153 - - [08/Sep/2026:02:23:07 +0000] "GET /v3/ HTTP/1.1" 200 249 10.0.0.153 - - [08/Sep/2026:02:23:07 +0000] "GET /v3/ HTTP/1.1" 200 249 10.0.0.107 - - [08/Sep/2026:02:23:18 +0000] "GET / HTTP/1.1" 300 295
[Tue Sep 08 02:23:18.583840 2026] [wsgi:error] [pid 11:tid 140116809885376] [remote 10.0.0.107:35040] 2026-09-08 02:23:18.583 11 WARNING keystone.common.password_hashing [None req-696abfef-b581-4eac-988d-d06cc41bb9fc - - - - - -] Truncating password to algorithm specific maximum length 72 characters.
[Tue Sep 08 02:23:18.906042 2026] [wsgi:error] [pid 11:tid 140116809885376] [remote 10.0.0.107:35040] 2026-09-08 02:23:18.905 11 WARNING keystone.common.fernet_utils [None req-696abfef-b581-4eac-988d-d06cc41bb9fc - - - - - -] key_repository is world readable: /etc/keystone/fernet-keys/ 10.0.0.107 - - [08/Sep/2026:02:23:18 +0000] "POST /v3/auth/tokens HTTP/1.1" 201 1992 10.0.0.107 - - [08/Sep/2026:02:23:19 +0000] "POST /v3/domains HTTP/1.1" 201 284 10.0.0.107 - - [08/Sep/2026:02:23:20 +0000] "GET / HTTP/1.1" 300 295
[Tue Sep 08 02:23:20.912805 2026] [wsgi:error] [pid 12:tid 140116809885376] [remote 10.0.0.107:35044] 2026-09-08 02:23:20.912 12 WARNING keystone.common.password_hashing [None req-836ca968-2416-479a-b9e9-9cf5805b8a09 - - - - - -] Truncating password to algorithm specific maximum length 72 characters.
[Tue Sep 08 02:23:21.254045 2026] [wsgi:error] [pid 12:tid 140116809885376] [remote 10.0.0.107:35044] 2026-09-08 02:23:21.253 12 WARNING keystone.common.fernet_utils [None req-836ca968-2416-479a-b9e9-9cf5805b8a09 - - - - - -] key_repository is world readable: /etc/keystone/fernet-keys/ 10.0.0.107 - - [08/Sep/2026:02:23:20 +0000] "POST /v3/auth/tokens HTTP/1.1" 201 1992
[Tue Sep 08 02:23:21.469914 2026] [wsgi:error] [pid 11:tid 140116809885376] [remote 10.0.0.107:35044] 2026-09-08 02:23:21.439 11 ERROR keystone.server.flask.application [None req-7e61205d-6080-4cfa-99db-039309d9af54 6b11f095ce5b474ca5b40e331d21af17 e315ff4ce02c45a6986e29c89b15d93f - - default default] Conflict occurred attempting to store project - it is not permitted to have two projects acting as domains with the same name: service.: keystone.exception.Conflict: Conflict occurred attempting to store project - it is not permitted to have two projects acting as domains with the same name: service.
[Tue Sep 08 02:23:21.469947 2026] [wsgi:error] [pid 11:tid 140116809885376] [remote 10.0.0.107:35044] 2026-09-08 02:23:21.439 11 ERROR keystone.server.flask.application
Traceback (most recent call last):
[Tue Sep 08 02:23:21.469952 2026] [wsgi:error] [pid 11:tid 140116809885376] [remote 10.0.0.107:35044] 2026-09-08 02:23:21.439 11 ERROR keystone.server.flask.application
File "/var/lib/openstack/lib/python3.12/site-packages/sqlalchemy/engine/base.py", line 1969, in _exec_single_context
[Tue Sep 08 02:23:21.469956 2026] [wsgi:error] [pid 11:tid 140116809885376] [remote 10.0.0.107:35044] 2026-09-08 02:23:21.439 11 ERROR keystone.server.flask.application self.dialect.do_execute(
[Tue Sep 08 02:23:21.469959 2026] [wsgi:error] [pid 11:tid 140116809885376] [remote 10.0.0.107:35044] 2026-09-08 02:23:21.439 11 ERROR keystone.server.flask.application
File "/var/lib/openstack/lib/python3.12/site-packages/sqlalchemy/engine/default.py", line 952, in do_execute
[Tue Sep 08 02:23:21.469963 2026] [wsgi:error] [pid 11:tid 140116809885376] [remote 10.0.0.107:35044] 2026-09-08 02:23:21.439 11 ERROR keystone.server.flask.application cursor.execute(statement, parameters)
[Tue Sep 08 02:23:21.469966 2026] [wsgi:error] [pid 11:tid 140116809885376] [remote 10.0.0.107:35044] 2026-09-08 02:23:21.439 11 ERROR keystone.server.flask.application
File "/var/lib/openstack/lib/python3.12/site-packages/pymysql/cursors.py", line 159, in execute
[Tue Sep 08 02:23:21.469970 2026] [wsgi:error] [pid 11:tid 140116809885376] [remote 10.0.0.107:35044] 2026-09-08 02:23:21.439 11 ERROR keystone.server.flask.application result = self._query(query)
[Tue Sep 08 02:23:21.469973 2026] [wsgi:error] [pid 11:tid 140116809885376] [remote 10.0.0.107:35044] 2026-09-08 02:23:21.439 11 ERROR keystone.server.flask.application ^^^^^^^^^^^^^^^^^^
[Tue Sep 08 02:23:21.469976 2026] [wsgi:error] [pid 11:tid 140116809885376] [remote 10.0.0.107:35044] 2026-09-08 02:23:21.439 11 ERROR keystone.server.flask.application
File "/var/lib/openstack/lib/python3.12/site-packages/pymysql/cursors.py", line 330, in _query
[Tue Sep 08 02:23:21.469980 2026] [wsgi:error] [pid 11:tid 140116809885376] [remote 10.0.0.107:35044] 2026-09-08 02:23:21.439 11 ERROR keystone.server.flask.application conn.query(q)
[Tue Sep 08 02:23:21.469982 2026] [wsgi:error] [pid 11:tid 140116809885376] [remote 10.0.0.107:35044] 2026-09-08 02:23:21.439 11 ERROR keystone.server.flask.application
File "/var/lib/openstack/lib/python3.12/site-packages/pymysql/connections.py", line 582, in query
[Tue Sep 08 02:23:21.469986 2026] [wsgi:error] [pid 11:tid 140116809885376] [remote 10.0.0.107:35044] 2026-09-08 02:23:21.439 11 ERROR keystone.server.flask.application self._affected_rows = self._read_query_result(unbuffered=unbuffered)
[Tue Sep 08 02:23:21.469989 2026] [wsgi:error] [pid 11:tid 140116809885376] [remote 10.0.0.107:35044] 2026-09-08 02:23:21.439 11 ERROR keystone.server.flask.application ^^^^^^^^^^^^^^^^^^^^^^^^^^^^^^^^^^^^^^^^^^^^^^
[Tue Sep 08 02:23:21.469994 2026] [wsgi:error] [pid 11:tid 140116809885376] [remote 10.0.0.107:35044] 2026-09-08 02:23:21.439 11 ERROR keystone.server.flask.application
File "/var/lib/openstack/lib/python3.12/site-packages/pymysql/connections.py", line 847, in _read_query_result
[Tue Sep 08 02:23:21.469998 2026] [wsgi:error] [pid 11:tid 140116809885376] [remote 10.0.0.107:35044] 2026-09-08 02:23:21.439 11 ERROR keystone.server.flask.application result.read()
[Tue Sep 08 02:23:21.470002 2026] [wsgi:error] [pid 11:tid 140116809885376] [remote 10.0.0.107:35044] 2026-09-08 02:23:21.439 11 ERROR keystone.server.flask.application
File "/var/lib/openstack/lib/python3.12/site-packages/pymysql/connections.py", line 1245, in read
[Tue Sep 08 02:23:21.470005 2026] [wsgi:error] [pid 11:tid 140116809885376] [remote 10.0.0.107:35044] 2026-09-08 02:23:21.439 11 ERROR keystone.server.flask.application first_packet = self.connection._read_packet()
[Tue Sep 08 02:23:21.470008 2026] [wsgi:error] [pid 11:tid 140116809885376] [remote 10.0.0.107:35044] 2026-09-08 02:23:21.439 11 ERROR keystone.server.flask.application ^^^^^^^^^^^^^^^^^^^^^^^^^^^^^^
[Tue Sep 08 02:23:21.470012 2026] [wsgi:error] [pid 11:tid 140116809885376] [remote 10.0.0.107:35044] 2026-09-08 02:23:21.439 11 ERROR keystone.server.flask.application
File "/var/lib/openstack/lib/python3.12/site-packages/pymysql/connections.py", line 803, in _read_packet
[Tue Sep 08 02:23:21.470016 2026] [wsgi:error] [pid 11:tid 140116809885376] [remote 10.0.0.107:35044] 2026-09-08 02:23:21.439 11 ERROR keystone.server.flask.application packet.raise_for_error()
[Tue Sep 08 02:23:21.470020 2026] [wsgi:error] [pid 11:tid 140116809885376] [remote 10.0.0.107:35044] 2026-09-08 02:23:21.439 11 ERROR keystone.server.flask.application
File "/var/lib/openstack/lib/python3.12/site-packages/pymysql/protocol.py", line 219, in raise_for_error
[Tue Sep 08 02:23:21.470024 2026] [wsgi:error] [pid 11:tid 140116809885376] [remote 10.0.0.107:35044] 2026-09-08 02:23:21.439 11 ERROR keystone.server.flask.application err.raise_mysql_exception(self._data)
[Tue Sep 08 02:23:21.470028 2026] [wsgi:error] [pid 11:tid 140116809885376] [remote 10.0.0.107:35044] 2026-09-08 02:23:21.439 11 ERROR keystone.server.flask.application
File "/var/lib/openstack/lib/python3.12/site-packages/pymysql/err.py", line 154, in raise_mysql_exception
[Tue Sep 08 02:23:21.470032 2026] [wsgi:error] [pid 11:tid 140116809885376] [remote 10.0.0.107:35044] 2026-09-08 02:23:21.439 11 ERROR keystone.server.flask.application raise errorclass(errno, errval, sqlstate=sqlstate)
[Tue Sep 08 02:23:21.470036 2026] [wsgi:error] [pid 11:tid 140116809885376] [remote 10.0.0.107:35044] 2026-09-08 02:23:21.439 11 ERROR keystone.server.flask.application pymysql.err.IntegrityError: (1062, "Duplicate entry '<>-service' for key 'project.ixu_project_name_domain_id'")
[Tue Sep 08 02:23:21.470041 2026] [wsgi:error] [pid 11:tid 140116809885376] [remote 10.0.0.107:35044] 2026-09-08 02:23:21.439 11 ERROR keystone.server.flask.application
[Tue Sep 08 02:23:21.470045 2026] [wsgi:error] [pid 11:tid 140116809885376] [remote 10.0.0.107:35044] 2026-09-08 02:23:21.439 11 ERROR keystone.server.flask.application The above exception was the direct cause of the following exception:
[Tue Sep 08 02:23:21.470049 2026] [wsgi:error] [pid 11:tid 140116809885376] [remote 10.0.0.107:35044] 2026-09-08 02:23:21.439 11 ERROR keystone.server.flask.application
[Tue Sep 08 02:23:21.470053 2026] [wsgi:error] [pid 11:tid 140116809885376] [remote 10.0.0.107:35044] 2026-09-08 02:23:21.439 11 ERROR keystone.server.flask.application
Traceback (most recent call last):
[Tue Sep 08 02:23:21.470057 2026] [wsgi:error] [pid 11:tid 140116809885376] [remote 10.0.0.107:35044] 2026-09-08 02:23:21.439 11 ERROR keystone.server.flask.application
File "/var/lib/openstack/lib/python3.12/site-packages/keystone/common/sql/core.py", line 575, in wrapper
[Tue Sep 08 02:23:21.470062 2026] [wsgi:error] [pid 11:tid 140116809885376] [remote 10.0.0.107:35044] 2026-09-08 02:23:21.439 11 ERROR keystone.server.flask.application return method(*args, **kwargs)
[Tue Sep 08 02:23:21.470066 2026] [wsgi:error] [pid 11:tid 140116809885376] [remote 10.0.0.107:35044] 2026-09-08 02:23:21.439 11 ERROR keystone.server.flask.application ^^^^^^^^^^^^^^^^^^^^^^^
[Tue Sep 08 02:23:21.470070 2026] [wsgi:error] [pid 11:tid 140116809885376] [remote 10.0.0.107:35044] 2026-09-08 02:23:21.439 11 ERROR keystone.server.flask.application
File "/var/lib/openstack/lib/python3.12/site-packages/keystone/resource/backends/sql.py", line 278, in create_project
[Tue Sep 08 02:23:21.470074 2026] [wsgi:error] [pid 11:tid 140116809885376] [remote 10.0.0.107:35044] 2026-09-08 02:23:21.439 11 ERROR keystone.server.flask.application with sql.session_for_write() as session:
[Tue Sep 08 02:23:21.470077 2026] [wsgi:error] [pid 11:tid 140116809885376] [remote 10.0.0.107:35044] 2026-09-08 02:23:21.439 11 ERROR keystone.server.flask.application
File "/usr/lib/python3.12/contextlib.py", line 144, in __exit__
[Tue Sep 08 02:23:21.470082 2026] [wsgi:error] [pid 11:tid 140116809885376] [remote 10.0.0.107:35044] 2026-09-08 02:23:21.439 11 ERROR keystone.server.flask.application next(self.gen)
[Tue Sep 08 02:23:21.470086 2026] [wsgi:error] [pid 11:tid 140116809885376] [remote 10.0.0.107:35044] 2026-09-08 02:23:21.439 11 ERROR keystone.server.flask.application
File "/var/lib/openstack/lib/python3.12/site-packages/oslo_db/sqlalchemy/enginefacade.py", line 1175, in _transaction_scope
[Tue Sep 08 02:23:21.470090 2026] [wsgi:error] [pid 11:tid 140116809885376] [remote 10.0.0.107:35044] 2026-09-08 02:23:21.439 11 ERROR keystone.server.flask.application with current._produce_block(
[Tue Sep 08 02:23:21.470094 2026] [wsgi:error] [pid 11:tid 140116809885376] [remote 10.0.0.107:35044] 2026-09-08 02:23:21.439 11 ERROR keystone.server.flask.application
File "/usr/lib/python3.12/contextlib.py", line 144, in __exit__
[Tue Sep 08 02:23:21.470099 2026] [wsgi:error] [pid 11:tid 140116809885376] [remote 10.0.0.107:35044] 2026-09-08 02:23:21.439 11 ERROR keystone.server.flask.application next(self.gen)
[Tue Sep 08 02:23:21.470103 2026] [wsgi:error] [pid 11:tid 140116809885376] [remote 10.0.0.107:35044] 2026-09-08 02:23:21.439 11 ERROR keystone.server.flask.application
File "/var/lib/openstack/lib/python3.12/site-packages/oslo_db/sqlalchemy/enginefacade.py", line 837, in _session
[Tue Sep 08 02:23:21.470107 2026] [wsgi:error] [pid 11:tid 140116809885376] [remote 10.0.0.107:35044] 2026-09-08 02:23:21.439 11 ERROR keystone.server.flask.application with excutils.save_and_reraise_exception():
[Tue Sep 08 02:23:21.470111 2026] [wsgi:error] [pid 11:tid 140116809885376] [remote 10.0.0.107:35044] 2026-09-08 02:23:21.439 11 ERROR keystone.server.flask.application
File "/var/lib/openstack/lib/python3.12/site-packages/oslo_utils/excutils.py", line 266, in __exit__
[Tue Sep 08 02:23:21.470115 2026] [wsgi:error] [pid 11:tid 140116809885376] [remote 10.0.0.107:35044] 2026-09-08 02:23:21.439 11 ERROR keystone.server.flask.application self.force_reraise()
[Tue Sep 08 02:23:21.470120 2026] [wsgi:error] [pid 11:tid 140116809885376] [remote 10.0.0.107:35044] 2026-09-08 02:23:21.439 11 ERROR keystone.server.flask.application
File "/var/lib/openstack/lib/python3.12/site-packages/oslo_utils/excutils.py", line 232, in force_reraise
[Tue Sep 08 02:23:21.470124 2026] [wsgi:error] [pid 11:tid 140116809885376] [remote 10.0.0.107:35044] 2026-09-08 02:23:21.439 11 ERROR keystone.server.flask.application raise self.value
[Tue Sep 08 02:23:21.470127 2026] [wsgi:error] [pid 11:tid 140116809885376] [remote 10.0.0.107:35044] 2026-09-08 02:23:21.439 11 ERROR keystone.server.flask.application
File "/var/lib/openstack/lib/python3.12/site-packages/oslo_db/sqlalchemy/enginefacade.py", line 835, in _session
[Tue Sep 08 02:23:21.470132 2026] [wsgi:error] [pid 11:tid 140116809885376] [remote 10.0.0.107:35044] 2026-09-08 02:23:21.439 11 ERROR keystone.server.flask.application self._end_session_transaction(self.session)
[Tue Sep 08 02:23:21.470136 2026] [wsgi:error] [pid 11:tid 140116809885376] [remote 10.0.0.107:35044] 2026-09-08 02:23:21.439 11 ERROR keystone.server.flask.application
File "/var/lib/openstack/lib/python3.12/site-packages/oslo_db/sqlalchemy/enginefacade.py", line 748, in _end_session_transaction
[Tue Sep 08 02:23:21.470141 2026] [wsgi:error] [pid 11:tid 140116809885376] [remote 10.0.0.107:35044] 2026-09-08 02:23:21.439 11 ERROR keystone.server.flask.application session.commit()
[Tue Sep 08 02:23:21.470144 2026] [wsgi:error] [pid 11:tid 140116809885376] [remote 10.0.0.107:35044] 2026-09-08 02:23:21.439 11 ERROR keystone.server.flask.application
File "/var/lib/openstack/lib/python3.12/site-packages/sqlalchemy/orm/session.py", line 2034, in commit
[Tue Sep 08 02:23:21.470149 2026] [wsgi:error] [pid 11:tid 140116809885376] [remote 10.0.0.107:35044] 2026-09-08 02:23:21.439 11 ERROR keystone.server.flask.application trans.commit(_to_root=True)
[Tue Sep 08 02:23:21.470152 2026] [wsgi:error] [pid 11:tid 140116809885376] [remote 10.0.0.107:35044] 2026-09-08 02:23:21.439 11 ERROR keystone.server.flask.application File "", line 2, in commit
[Tue Sep 08 02:23:21.470157 2026] [wsgi:error] [pid 11:tid 140116809885376] [remote 10.0.0.107:35044] 2026-09-08 02:23:21.439 11 ERROR keystone.server.flask.application
File "/var/lib/openstack/lib/python3.12/site-packages/sqlalchemy/orm/state_changes.py", line 137, in _go
[Tue Sep 08 02:23:21.470161 2026] [wsgi:error] [pid 11:tid 140116809885376] [remote 10.0.0.107:35044] 2026-09-08 02:23:21.439 11 ERROR keystone.server.flask.application ret_value = fn(self, *arg, **kw)
[Tue Sep 08 02:23:21.470166 2026] [wsgi:error] [pid 11:tid 140116809885376] [remote 10.0.0.107:35044] 2026-09-08 02:23:21.439 11 ERROR keystone.server.flask.application ^^^^^^^^^^^^^^^^^^^^
[Tue Sep 08 02:23:21.470170 2026] [wsgi:error] [pid 11:tid 140116809885376] [remote 10.0.0.107:35044] 2026-09-08 02:23:21.439 11 ERROR keystone.server.flask.application
File "/var/lib/openstack/lib/python3.12/site-packages/sqlalchemy/orm/session.py", line 1315, in commit
[Tue Sep 08 02:23:21.470174 2026] [wsgi:error] [pid 11:tid 140116809885376] [remote 10.0.0.107:35044] 2026-09-08 02:23:21.439 11 ERROR keystone.server.flask.application self._prepare_impl()
[Tue Sep 08 02:23:21.470178 2026] [wsgi:error] [pid 11:tid 140116809885376] [remote 10.0.0.107:35044] 2026-09-08 02:23:21.439 11 ERROR keystone.server.flask.application File "", line 2, in _prepare_impl
[Tue Sep 08 02:23:21.470182 2026] [wsgi:error] [pid 11:tid 140116809885376] [remote 10.0.0.107:35044] 2026-09-08 02:23:21.439 11 ERROR keystone.server.flask.application
File "/var/lib/openstack/lib/python3.12/site-packages/sqlalchemy/orm/state_changes.py", line 137, in _go
[Tue Sep 08 02:23:21.470186 2026] [wsgi:error] [pid 11:tid 140116809885376] [remote 10.0.0.107:35044] 2026-09-08 02:23:21.439 11 ERROR keystone.server.flask.application ret_value = fn(self, *arg, **kw)
[Tue Sep 08 02:23:21.470191 2026] [wsgi:error] [pid 11:tid 140116809885376] [remote 10.0.0.107:35044] 2026-09-08 02:23:21.439 11 ERROR keystone.server.flask.application ^^^^^^^^^^^^^^^^^^^^
[Tue Sep 08 02:23:21.470195 2026] [wsgi:error] [pid 11:tid 140116809885376] [remote 10.0.0.107:35044] 2026-09-08 02:23:21.439 11 ERROR keystone.server.flask.application
File "/var/lib/openstack/lib/python3.12/site-packages/sqlalchemy/orm/session.py", line 1290, in _prepare_impl
[Tue Sep 08 02:23:21.470199 2026] [wsgi:error] [pid 11:tid 140116809885376] [remote 10.0.0.107:35044] 2026-09-08 02:23:21.439 11 ERROR keystone.server.flask.application self.session.flush()
[Tue Sep 08 02:23:21.470203 2026] [wsgi:error] [pid 11:tid 140116809885376] [remote 10.0.0.107:35044] 2026-09-08 02:23:21.439 11 ERROR keystone.server.flask.application
File "/var/lib/openstack/lib/python3.12/site-packages/sqlalchemy/orm/session.py", line 4352, in flush
[Tue Sep 08 02:23:21.470208 2026] [wsgi:error] [pid 11:tid 140116809885376] [remote 10.0.0.107:35044] 2026-09-08 02:23:21.439 11 ERROR keystone.server.flask.application self._flush(objects)
[Tue Sep 08 02:23:21.470212 2026] [wsgi:error] [pid 11:tid 140116809885376] [remote 10.0.0.107:35044] 2026-09-08 02:23:21.439 11 ERROR keystone.server.flask.application
File "/var/lib/openstack/lib/python3.12/site-packages/sqlalchemy/orm/session.py", line 4487, in _flush
[Tue Sep 08 02:23:21.470216 2026] [wsgi:error] [pid 11:tid 140116809885376] [remote 10.0.0.107:35044] 2026-09-08 02:23:21.439 11 ERROR keystone.server.flask.application with util.safe_reraise():
[Tue Sep 08 02:23:21.470220 2026] [wsgi:error] [pid 11:tid 140116809885376] [remote 10.0.0.107:35044] 2026-09-08 02:23:21.439 11 ERROR keystone.server.flask.application
File "/var/lib/openstack/lib/python3.12/site-packages/sqlalchemy/util/langhelpers.py", line 122, in __exit__
[Tue Sep 08 02:23:21.470225 2026] [wsgi:error] [pid 11:tid 140116809885376] [remote 10.0.0.107:35044] 2026-09-08 02:23:21.439 11 ERROR keystone.server.flask.application raise exc_value.with_traceback(exc_tb)
[Tue Sep 08 02:23:21.470229 2026] [wsgi:error] [pid 11:tid 140116809885376] [remote 10.0.0.107:35044] 2026-09-08 02:23:21.439 11 ERROR keystone.server.flask.application
File "/var/lib/openstack/lib/python3.12/site-packages/sqlalchemy/orm/session.py", line 4448, in _flush
[Tue Sep 08 02:23:21.470233 2026] [wsgi:error] [pid 11:tid 140116809885376] [remote 10.0.0.107:35044] 2026-09-08 02:23:21.439 11 ERROR keystone.server.flask.application flush_context.execute()
