Feb 24 01:21:41.499935 np0000156684 nova-scheduler[108498]: DEBUG cotyledon.oslo_config_glue [-] workarounds.disable_deep_image_inspection = False {{(pid=108498) log_opt_values /opt/stack/data/venv/lib/python3.12/site-packages/oslo_config/cfg.py:3006}}
Feb 24 01:21:41.499935 np0000156684 nova-scheduler[108498]: DEBUG cotyledon.oslo_config_glue [-] workarounds.disable_fallback_pcpu_query = False {{(pid=108498) log_opt_values /opt/stack/data/venv/lib/python3.12/site-packages/oslo_config/cfg.py:3006}}
Feb 24 01:21:41.500153 np0000156684 nova-scheduler[108498]: DEBUG cotyledon.oslo_config_glue [-] workarounds.disable_group_policy_check_upcall = False {{(pid=108498) log_opt_values /opt/stack/data/venv/lib/python3.12/site-packages/oslo_config/cfg.py:3006}}
Feb 24 01:21:41.500153 np0000156684 nova-scheduler[108498]: DEBUG cotyledon.oslo_config_glue [-] workarounds.disable_libvirt_livesnapshot = False {{(pid=108498) log_opt_values /opt/stack/data/venv/lib/python3.12/site-packages/oslo_config/cfg.py:3006}}
Feb 24 01:21:41.500153 np0000156684 nova-scheduler[108498]: DEBUG cotyledon.oslo_config_glue [-] workarounds.disable_rootwrap = False {{(pid=108498) log_opt_values /opt/stack/data/venv/lib/python3.12/site-packages/oslo_config/cfg.py:3006}}
Feb 24 01:21:41.500153 np0000156684 nova-scheduler[108498]: DEBUG cotyledon.oslo_config_glue [-] workarounds.enable_numa_live_migration = False {{(pid=108498) log_opt_values /opt/stack/data/venv/lib/python3.12/site-packages/oslo_config/cfg.py:3006}}
Feb 24 01:21:41.500153 np0000156684 nova-scheduler[108498]: DEBUG cotyledon.oslo_config_glue [-] workarounds.enable_qemu_monitor_announce_self = False {{(pid=108498) log_opt_values /opt/stack/data/venv/lib/python3.12/site-packages/oslo_config/cfg.py:3006}}
Feb 24 01:21:41.500153 np0000156684 nova-scheduler[108498]: DEBUG cotyledon.oslo_config_glue [-] workarounds.ensure_libvirt_rbd_instance_dir_cleanup = False {{(pid=108498) log_opt_values /opt/stack/data/venv/lib/python3.12/site-packages/oslo_config/cfg.py:3006}}
Feb 24 01:21:41.500153 np0000156684 nova-scheduler[108498]: DEBUG cotyledon.oslo_config_glue [-] workarounds.handle_virt_lifecycle_events = True {{(pid=108498) log_opt_values /opt/stack/data/venv/lib/python3.12/site-packages/oslo_config/cfg.py:3006}}
Feb 24 01:21:41.500153 np0000156684 nova-scheduler[108498]: DEBUG cotyledon.oslo_config_glue [-] workarounds.libvirt_disable_apic = False {{(pid=108498) log_opt_values /opt/stack/data/venv/lib/python3.12/site-packages/oslo_config/cfg.py:3006}}
Feb 24 01:21:41.500153 np0000156684 nova-scheduler[108498]: DEBUG cotyledon.oslo_config_glue [-] workarounds.never_download_image_if_on_rbd = False {{(pid=108498) log_opt_values /opt/stack/data/venv/lib/python3.12/site-packages/oslo_config/cfg.py:3006}}
Feb 24 01:21:41.500384 np0000156684 nova-scheduler[108498]: DEBUG cotyledon.oslo_config_glue [-] workarounds.qemu_monitor_announce_self_count = 3 {{(pid=108498) log_opt_values /opt/stack/data/venv/lib/python3.12/site-packages/oslo_config/cfg.py:3006}}
Feb 24 01:21:41.500384 np0000156684 nova-scheduler[108498]: DEBUG cotyledon.oslo_config_glue [-] workarounds.qemu_monitor_announce_self_interval = 1 {{(pid=108498) log_opt_values /opt/stack/data/venv/lib/python3.12/site-packages/oslo_config/cfg.py:3006}}
Feb 24 01:21:41.500384 np0000156684 nova-scheduler[108498]: DEBUG cotyledon.oslo_config_glue [-] workarounds.reserve_disk_resource_for_image_cache = False {{(pid=108498) log_opt_values /opt/stack/data/venv/lib/python3.12/site-packages/oslo_config/cfg.py:3006}}
Feb 24 01:21:41.500384 np0000156684 nova-scheduler[108498]: DEBUG cotyledon.oslo_config_glue [-] workarounds.skip_cpu_compare_at_startup = False {{(pid=108498) log_opt_values /opt/stack/data/venv/lib/python3.12/site-packages/oslo_config/cfg.py:3006}}
Feb 24 01:21:41.500384 np0000156684 nova-scheduler[108498]: DEBUG cotyledon.oslo_config_glue [-] workarounds.skip_cpu_compare_on_dest = False {{(pid=108498) log_opt_values /opt/stack/data/venv/lib/python3.12/site-packages/oslo_config/cfg.py:3006}}
Feb 24 01:21:41.500384 np0000156684 nova-scheduler[108498]: DEBUG cotyledon.oslo_config_glue [-] workarounds.skip_hypervisor_version_check_on_lm = False {{(pid=108498) log_opt_values /opt/stack/data/venv/lib/python3.12/site-packages/oslo_config/cfg.py:3006}}
Feb 24 01:21:41.500384 np0000156684 nova-scheduler[108498]: DEBUG cotyledon.oslo_config_glue [-] workarounds.skip_reserve_in_use_ironic_nodes = False {{(pid=108498) log_opt_values /opt/stack/data/venv/lib/python3.12/site-packages/oslo_config/cfg.py:3006}}
Feb 24 01:21:41.500384 np0000156684 nova-scheduler[108498]: DEBUG cotyledon.oslo_config_glue [-] workarounds.unified_limits_count_pcpu_as_vcpu = False {{(pid=108498) log_opt_values /opt/stack/data/venv/lib/python3.12/site-packages/oslo_config/cfg.py:3006}}
Feb 24 01:21:41.500576 np0000156684 nova-scheduler[108498]: DEBUG cotyledon.oslo_config_glue [-] workarounds.wait_for_vif_plugged_event_during_hard_reboot = [] {{(pid=108498) log_opt_values /opt/stack/data/venv/lib/python3.12/site-packages/oslo_config/cfg.py:3006}}
Feb 24 01:21:41.500576 np0000156684 nova-scheduler[108498]: DEBUG cotyledon.oslo_config_glue [-] wsgi.api_paste_config = /etc/nova/api-paste.ini {{(pid=108498) log_opt_values /opt/stack/data/venv/lib/python3.12/site-packages/oslo_config/cfg.py:3006}}
Feb 24 01:21:41.500576 np0000156684 nova-scheduler[108498]: DEBUG cotyledon.oslo_config_glue [-] wsgi.secure_proxy_ssl_header = None {{(pid=108498) log_opt_values /opt/stack/data/venv/lib/python3.12/site-packages/oslo_config/cfg.py:3006}}
Feb 24 01:21:41.500576 np0000156684 nova-scheduler[108498]: DEBUG cotyledon.oslo_config_glue [-] zvm.ca_file = None {{(pid=108498) log_opt_values /opt/stack/data/venv/lib/python3.12/site-packages/oslo_config/cfg.py:3006}}
Feb 24 01:21:41.500576 np0000156684 nova-scheduler[108498]: DEBUG cotyledon.oslo_config_glue [-] zvm.cloud_connector_url = None {{(pid=108498) log_opt_values /opt/stack/data/venv/lib/python3.12/site-packages/oslo_config/cfg.py:3006}}
Feb 24 01:21:41.500576 np0000156684 nova-scheduler[108498]: DEBUG cotyledon.oslo_config_glue [-] zvm.image_tmp_path = /opt/stack/data/nova/images {{(pid=108498) log_opt_values /opt/stack/data/venv/lib/python3.12/site-packages/oslo_config/cfg.py:3006}}
Feb 24 01:21:41.500576 np0000156684 nova-scheduler[108498]: DEBUG cotyledon.oslo_config_glue [-] zvm.reachable_timeout = 300 {{(pid=108498) log_opt_values /opt/stack/data/venv/lib/python3.12/site-packages/oslo_config/cfg.py:3006}}
Feb 24 01:21:41.500576 np0000156684 nova-scheduler[108498]: DEBUG cotyledon.oslo_config_glue [-] oslo_versionedobjects.fatal_exception_format_errors = False {{(pid=108498) log_opt_values /opt/stack/data/venv/lib/python3.12/site-packages/oslo_config/cfg.py:3006}}
Feb 24 01:21:41.500576 np0000156684 nova-scheduler[108498]: DEBUG cotyledon.oslo_config_glue [-] oslo_middleware.http_basic_auth_user_file = /etc/htpasswd {{(pid=108498) log_opt_values /opt/stack/data/venv/lib/python3.12/site-packages/oslo_config/cfg.py:3006}}
Feb 24 01:21:41.500818 np0000156684 nova-scheduler[108498]: DEBUG cotyledon.oslo_config_glue [-] oslo_messaging_metrics.metrics_buffer_size = 1000 {{(pid=108498) log_opt_values /opt/stack/data/venv/lib/python3.12/site-packages/oslo_config/cfg.py:3006}}
Feb 24 01:21:41.500818 np0000156684 nova-scheduler[108498]: DEBUG cotyledon.oslo_config_glue [-] oslo_messaging_metrics.metrics_enabled = False {{(pid=108498) log_opt_values /opt/stack/data/venv/lib/python3.12/site-packages/oslo_config/cfg.py:3006}}
Feb 24 01:21:41.500818 np0000156684 nova-scheduler[108498]: DEBUG cotyledon.oslo_config_glue [-] oslo_messaging_metrics.metrics_process_name = {{(pid=108498) log_opt_values /opt/stack/data/venv/lib/python3.12/site-packages/oslo_config/cfg.py:3006}}
Feb 24 01:21:41.500818 np0000156684 nova-scheduler[108498]: DEBUG cotyledon.oslo_config_glue [-] oslo_messaging_metrics.metrics_socket_file = /var/tmp/metrics_collector.sock {{(pid=108498) log_opt_values /opt/stack/data/venv/lib/python3.12/site-packages/oslo_config/cfg.py:3006}}
Feb 24 01:21:41.500818 np0000156684 nova-scheduler[108498]: DEBUG cotyledon.oslo_config_glue [-] oslo_messaging_metrics.metrics_thread_stop_timeout = 10 {{(pid=108498) log_opt_values /opt/stack/data/venv/lib/python3.12/site-packages/oslo_config/cfg.py:3006}}
Feb 24 01:21:41.500818 np0000156684 nova-scheduler[108498]: DEBUG cotyledon.oslo_config_glue [-] profiler.connection_string = messaging:// {{(pid=108498) log_opt_values /opt/stack/data/venv/lib/python3.12/site-packages/oslo_config/cfg.py:3006}}
Feb 24 01:21:41.500818 np0000156684 nova-scheduler[108498]: DEBUG cotyledon.oslo_config_glue [-] profiler.enabled = False {{(pid=108498) log_opt_values /opt/stack/data/venv/lib/python3.12/site-packages/oslo_config/cfg.py:3006}}
Feb 24 01:21:41.500818 np0000156684 nova-scheduler[108498]: DEBUG cotyledon.oslo_config_glue [-] profiler.es_doc_type = notification {{(pid=108498) log_opt_values /opt/stack/data/venv/lib/python3.12/site-packages/oslo_config/cfg.py:3006}}
Feb 24 01:21:41.500818 np0000156684 nova-scheduler[108498]: DEBUG cotyledon.oslo_config_glue [-] profiler.es_scroll_size = 10000 {{(pid=108498) log_opt_values /opt/stack/data/venv/lib/python3.12/site-packages/oslo_config/cfg.py:3006}}
Feb 24 01:21:41.501034 np0000156684 nova-scheduler[108498]: DEBUG cotyledon.oslo_config_glue [-] profiler.es_scroll_time = 2m {{(pid=108498) log_opt_values /opt/stack/data/venv/lib/python3.12/site-packages/oslo_config/cfg.py:3006}}
Feb 24 01:21:41.501034 np0000156684 nova-scheduler[108498]: DEBUG cotyledon.oslo_config_glue [-] profiler.filter_error_trace = False {{(pid=108498) log_opt_values /opt/stack/data/venv/lib/python3.12/site-packages/oslo_config/cfg.py:3006}}
Feb 24 01:21:41.501034 np0000156684 nova-scheduler[108498]: DEBUG cotyledon.oslo_config_glue [-] profiler.hmac_keys = **** {{(pid=108498) log_opt_values /opt/stack/data/venv/lib/python3.12/site-packages/oslo_config/cfg.py:3006}}
Feb 24 01:21:41.501034 np0000156684 nova-scheduler[108498]: DEBUG cotyledon.oslo_config_glue [-] profiler.sentinel_service_name = mymaster {{(pid=108498) log_opt_values /opt/stack/data/venv/lib/python3.12/site-packages/oslo_config/cfg.py:3006}}
Feb 24 01:21:41.501034 np0000156684 nova-scheduler[108498]: DEBUG cotyledon.oslo_config_glue [-] profiler.socket_timeout = 0.1 {{(pid=108498) log_opt_values /opt/stack/data/venv/lib/python3.12/site-packages/oslo_config/cfg.py:3006}}
Feb 24 01:21:41.501034 np0000156684 nova-scheduler[108498]: DEBUG cotyledon.oslo_config_glue [-] profiler.trace_requests = False {{(pid=108498) log_opt_values /opt/stack/data/venv/lib/python3.12/site-packages/oslo_config/cfg.py:3006}}
Feb 24 01:21:41.501034 np0000156684 nova-scheduler[108498]: DEBUG cotyledon.oslo_config_glue [-] profiler.trace_sqlalchemy = False {{(pid=108498) log_opt_values /opt/stack/data/venv/lib/python3.12/site-packages/oslo_config/cfg.py:3006}}
Feb 24 01:21:41.501034 np0000156684 nova-scheduler[108498]: DEBUG cotyledon.oslo_config_glue [-] profiler_jaeger.process_tags = {} {{(pid=108498) log_opt_values /opt/stack/data/venv/lib/python3.12/site-packages/oslo_config/cfg.py:3006}}
Feb 24 01:21:41.501034 np0000156684 nova-scheduler[108498]: DEBUG cotyledon.oslo_config_glue [-] profiler_jaeger.service_name_prefix = None {{(pid=108498) log_opt_values /opt/stack/data/venv/lib/python3.12/site-packages/oslo_config/cfg.py:3006}}
Feb 24 01:21:41.501249 np0000156684 nova-scheduler[108498]: DEBUG cotyledon.oslo_config_glue [-] profiler_otlp.service_name_prefix = None {{(pid=108498) log_opt_values /opt/stack/data/venv/lib/python3.12/site-packages/oslo_config/cfg.py:3006}}
Feb 24 01:21:41.501249 np0000156684 nova-scheduler[108498]: DEBUG cotyledon.oslo_config_glue [-] oslo_messaging_rabbit.amqp_auto_delete = False {{(pid=108498) log_opt_values /opt/stack/data/venv/lib/python3.12/site-packages/oslo_config/cfg.py:3006}}
Feb 24 01:21:41.501249 np0000156684 nova-scheduler[108498]: DEBUG cotyledon.oslo_config_glue [-] oslo_messaging_rabbit.amqp_durable_queues = False {{(pid=108498) log_opt_values /opt/stack/data/venv/lib/python3.12/site-packages/oslo_config/cfg.py:3006}}
Feb 24 01:21:41.501249 np0000156684 nova-scheduler[108498]: DEBUG cotyledon.oslo_config_glue [-] oslo_messaging_rabbit.conn_pool_min_size = 2 {{(pid=108498) log_opt_values /opt/stack/data/venv/lib/python3.12/site-packages/oslo_config/cfg.py:3006}}
Feb 24 01:21:41.501249 np0000156684 nova-scheduler[108498]: DEBUG cotyledon.oslo_config_glue [-] oslo_messaging_rabbit.conn_pool_ttl = 1200 {{(pid=108498) log_opt_values /opt/stack/data/venv/lib/python3.12/site-packages/oslo_config/cfg.py:3006}}
Feb 24 01:21:41.501249 np0000156684 nova-scheduler[108498]: DEBUG cotyledon.oslo_config_glue [-] oslo_messaging_rabbit.direct_mandatory_flag = True {{(pid=108498) log_opt_values /opt/stack/data/venv/lib/python3.12/site-packages/oslo_config/cfg.py:3006}}
Feb 24 01:21:41.501249 np0000156684 nova-scheduler[108498]: DEBUG cotyledon.oslo_config_glue [-] oslo_messaging_rabbit.enable_cancel_on_failover = False {{(pid=108498) log_opt_values /opt/stack/data/venv/lib/python3.12/site-packages/oslo_config/cfg.py:3006}}
Feb 24 01:21:41.501249 np0000156684 nova-scheduler[108498]: DEBUG cotyledon.oslo_config_glue [-] oslo_messaging_rabbit.heartbeat_in_pthread = False {{(pid=108498) log_opt_values /opt/stack/data/venv/lib/python3.12/site-packages/oslo_config/cfg.py:3006}}
Feb 24 01:21:41.501249 np0000156684 nova-scheduler[108498]: DEBUG cotyledon.oslo_config_glue [-] oslo_messaging_rabbit.heartbeat_rate = 3 {{(pid=108498) log_opt_values /opt/stack/data/venv/lib/python3.12/site-packages/oslo_config/cfg.py:3006}}
Feb 24 01:21:41.501476 np0000156684 nova-scheduler[108498]: DEBUG cotyledon.oslo_config_glue [-] oslo_messaging_rabbit.heartbeat_timeout_threshold = 60 {{(pid=108498) log_opt_values /opt/stack/data/venv/lib/python3.12/site-packages/oslo_config/cfg.py:3006}}
Feb 24 01:21:41.501476 np0000156684 nova-scheduler[108498]: DEBUG cotyledon.oslo_config_glue [-] oslo_messaging_rabbit.hostname = np0000156684 {{(pid=108498) log_opt_values /opt/stack/data/venv/lib/python3.12/site-packages/oslo_config/cfg.py:3006}}
Feb 24 01:21:41.501476 np0000156684 nova-scheduler[108498]: DEBUG cotyledon.oslo_config_glue [-] oslo_messaging_rabbit.kombu_compression = None {{(pid=108498) log_opt_values /opt/stack/data/venv/lib/python3.12/site-packages/oslo_config/cfg.py:3006}}
Feb 24 01:21:41.501476 np0000156684 nova-scheduler[108498]: DEBUG cotyledon.oslo_config_glue [-] oslo_messaging_rabbit.kombu_failover_strategy = round-robin {{(pid=108498) log_opt_values /opt/stack/data/venv/lib/python3.12/site-packages/oslo_config/cfg.py:3006}}
Feb 24 01:21:41.501476 np0000156684 nova-scheduler[108498]: DEBUG cotyledon.oslo_config_glue [-] oslo_messaging_rabbit.kombu_missing_consumer_retry_timeout = 60 {{(pid=108498) log_opt_values /opt/stack/data/venv/lib/python3.12/site-packages/oslo_config/cfg.py:3006}}
Feb 24 01:21:41.501476 np0000156684 nova-scheduler[108498]: DEBUG cotyledon.oslo_config_glue [-] oslo_messaging_rabbit.kombu_reconnect_delay = 1.0 {{(pid=108498) log_opt_values /opt/stack/data/venv/lib/python3.12/site-packages/oslo_config/cfg.py:3006}}
Feb 24 01:21:41.501476 np0000156684 nova-scheduler[108498]: DEBUG cotyledon.oslo_config_glue [-] oslo_messaging_rabbit.kombu_reconnect_splay = 0.0 {{(pid=108498) log_opt_values /opt/stack/data/venv/lib/python3.12/site-packages/oslo_config/cfg.py:3006}}
Feb 24 01:21:41.501476 np0000156684 nova-scheduler[108498]: DEBUG cotyledon.oslo_config_glue [-] oslo_messaging_rabbit.processname = nova-scheduler {{(pid=108498) log_opt_values /opt/stack/data/venv/lib/python3.12/site-packages/oslo_config/cfg.py:3006}}
Feb 24 01:21:41.501658 np0000156684 nova-scheduler[108498]: DEBUG cotyledon.oslo_config_glue [-] oslo_messaging_rabbit.rabbit_ha_queues = False {{(pid=108498) log_opt_values /opt/stack/data/venv/lib/python3.12/site-packages/oslo_config/cfg.py:3006}}
Feb 24 01:21:41.501658 np0000156684 nova-scheduler[108498]: DEBUG cotyledon.oslo_config_glue [-] oslo_messaging_rabbit.rabbit_interval_max = 30 {{(pid=108498) log_opt_values /opt/stack/data/venv/lib/python3.12/site-packages/oslo_config/cfg.py:3006}}
Feb 24 01:21:41.501658 np0000156684 nova-scheduler[108498]: DEBUG cotyledon.oslo_config_glue [-] oslo_messaging_rabbit.rabbit_login_method = AMQPLAIN {{(pid=108498) log_opt_values /opt/stack/data/venv/lib/python3.12/site-packages/oslo_config/cfg.py:3006}}
Feb 24 01:21:41.501658 np0000156684 nova-scheduler[108498]: DEBUG cotyledon.oslo_config_glue [-] oslo_messaging_rabbit.rabbit_qos_prefetch_count = 0 {{(pid=108498) log_opt_values /opt/stack/data/venv/lib/python3.12/site-packages/oslo_config/cfg.py:3006}}
Feb 24 01:21:41.501658 np0000156684 nova-scheduler[108498]: DEBUG cotyledon.oslo_config_glue [-] oslo_messaging_rabbit.rabbit_quorum_delivery_limit = 0 {{(pid=108498) log_opt_values /opt/stack/data/venv/lib/python3.12/site-packages/oslo_config/cfg.py:3006}}
Feb 24 01:21:41.501658 np0000156684 nova-scheduler[108498]: DEBUG cotyledon.oslo_config_glue [-] oslo_messaging_rabbit.rabbit_quorum_max_memory_bytes = 0 {{(pid=108498) log_opt_values /opt/stack/data/venv/lib/python3.12/site-packages/oslo_config/cfg.py:3006}}
Feb 24 01:21:41.501658 np0000156684 nova-scheduler[108498]: DEBUG cotyledon.oslo_config_glue [-] oslo_messaging_rabbit.rabbit_quorum_max_memory_length = 0 {{(pid=108498) log_opt_values /opt/stack/data/venv/lib/python3.12/site-packages/oslo_config/cfg.py:3006}}
Feb 24 01:21:41.501658 np0000156684 nova-scheduler[108498]: DEBUG cotyledon.oslo_config_glue [-] oslo_messaging_rabbit.rabbit_quorum_queue = False {{(pid=108498) log_opt_values /opt/stack/data/venv/lib/python3.12/site-packages/oslo_config/cfg.py:3006}}
Feb 24 01:21:41.501885 np0000156684 nova-scheduler[108498]: DEBUG cotyledon.oslo_config_glue [-] oslo_messaging_rabbit.rabbit_retry_backoff = 2 {{(pid=108498) log_opt_values /opt/stack/data/venv/lib/python3.12/site-packages/oslo_config/cfg.py:3006}}
Feb 24 01:21:41.501885 np0000156684 nova-scheduler[108498]: DEBUG cotyledon.oslo_config_glue [-] oslo_messaging_rabbit.rabbit_retry_interval = 1 {{(pid=108498) log_opt_values /opt/stack/data/venv/lib/python3.12/site-packages/oslo_config/cfg.py:3006}}
Feb 24 01:21:41.501885 np0000156684 nova-scheduler[108498]: DEBUG cotyledon.oslo_config_glue [-] oslo_messaging_rabbit.rabbit_stream_fanout = False {{(pid=108498) log_opt_values /opt/stack/data/venv/lib/python3.12/site-packages/oslo_config/cfg.py:3006}}
Feb 24 01:21:41.501885 np0000156684 nova-scheduler[108498]: DEBUG cotyledon.oslo_config_glue [-] oslo_messaging_rabbit.rabbit_transient_queues_ttl = 1800 {{(pid=108498) log_opt_values /opt/stack/data/venv/lib/python3.12/site-packages/oslo_config/cfg.py:3006}}
Feb 24 01:21:41.501885 np0000156684 nova-scheduler[108498]: DEBUG cotyledon.oslo_config_glue [-] oslo_messaging_rabbit.rabbit_transient_quorum_queue = False {{(pid=108498) log_opt_values /opt/stack/data/venv/lib/python3.12/site-packages/oslo_config/cfg.py:3006}}
Feb 24 01:21:41.501885 np0000156684 nova-scheduler[108498]: DEBUG cotyledon.oslo_config_glue [-] oslo_messaging_rabbit.rpc_conn_pool_size = 30 {{(pid=108498) log_opt_values /opt/stack/data/venv/lib/python3.12/site-packages/oslo_config/cfg.py:3006}}
Feb 24 01:21:41.501885 np0000156684 nova-scheduler[108498]: DEBUG cotyledon.oslo_config_glue [-] oslo_messaging_rabbit.ssl = False {{(pid=108498) log_opt_values /opt/stack/data/venv/lib/python3.12/site-packages/oslo_config/cfg.py:3006}}
Feb 24 01:21:41.501885 np0000156684 nova-scheduler[108498]: DEBUG cotyledon.oslo_config_glue [-] oslo_messaging_rabbit.ssl_ca_file = {{(pid=108498) log_opt_values /opt/stack/data/venv/lib/python3.12/site-packages/oslo_config/cfg.py:3006}}
Feb 24 01:21:41.501885 np0000156684 nova-scheduler[108498]: DEBUG cotyledon.oslo_config_glue [-] oslo_messaging_rabbit.ssl_cert_file = {{(pid=108498) log_opt_values /opt/stack/data/venv/lib/python3.12/site-packages/oslo_config/cfg.py:3006}}
Feb 24 01:21:41.502142 np0000156684 nova-scheduler[108498]: DEBUG cotyledon.oslo_config_glue [-] oslo_messaging_rabbit.ssl_enforce_fips_mode = False {{(pid=108498) log_opt_values /opt/stack/data/venv/lib/python3.12/site-packages/oslo_config/cfg.py:3006}}
Feb 24 01:21:41.502142 np0000156684 nova-scheduler[108498]: DEBUG cotyledon.oslo_config_glue [-] oslo_messaging_rabbit.ssl_key_file = {{(pid=108498) log_opt_values /opt/stack/data/venv/lib/python3.12/site-packages/oslo_config/cfg.py:3006}}
Feb 24 01:21:41.502142 np0000156684 nova-scheduler[108498]: DEBUG cotyledon.oslo_config_glue [-] oslo_messaging_rabbit.ssl_version = {{(pid=108498) log_opt_values /opt/stack/data/venv/lib/python3.12/site-packages/oslo_config/cfg.py:3006}}
Feb 24 01:21:41.502142 np0000156684 nova-scheduler[108498]: DEBUG cotyledon.oslo_config_glue [-] oslo_messaging_rabbit.use_queue_manager = False {{(pid=108498) log_opt_values /opt/stack/data/venv/lib/python3.12/site-packages/oslo_config/cfg.py:3006}}
Feb 24 01:21:41.502142 np0000156684 nova-scheduler[108498]: DEBUG cotyledon.oslo_config_glue [-] oslo_messaging_notifications.driver = ['messagingv2'] {{(pid=108498) log_opt_values /opt/stack/data/venv/lib/python3.12/site-packages/oslo_config/cfg.py:3006}}
Feb 24 01:21:41.502142 np0000156684 nova-scheduler[108498]: DEBUG cotyledon.oslo_config_glue [-] oslo_messaging_notifications.retry = -1 {{(pid=108498) log_opt_values /opt/stack/data/venv/lib/python3.12/site-packages/oslo_config/cfg.py:3006}}
Feb 24 01:21:41.502142 np0000156684 nova-scheduler[108498]: DEBUG cotyledon.oslo_config_glue [-] oslo_messaging_notifications.topics = ['notifications'] {{(pid=108498) log_opt_values /opt/stack/data/venv/lib/python3.12/site-packages/oslo_config/cfg.py:3006}}
Feb 24 01:21:41.502142 np0000156684 nova-scheduler[108498]: DEBUG cotyledon.oslo_config_glue [-] oslo_messaging_notifications.transport_url = **** {{(pid=108498) log_opt_values /opt/stack/data/venv/lib/python3.12/site-packages/oslo_config/cfg.py:3006}}
Feb 24 01:21:41.502142 np0000156684 nova-scheduler[108498]: DEBUG cotyledon.oslo_config_glue [-] oslo_limit.auth_section = None {{(pid=108498) log_opt_values /opt/stack/data/venv/lib/python3.12/site-packages/oslo_config/cfg.py:3006}}
Feb 24 01:21:41.502377 np0000156684 nova-scheduler[108498]: DEBUG cotyledon.oslo_config_glue [-] oslo_limit.auth_type = None {{(pid=108498) log_opt_values /opt/stack/data/venv/lib/python3.12/site-packages/oslo_config/cfg.py:3006}}
Feb 24 01:21:41.502377 np0000156684 nova-scheduler[108498]: DEBUG cotyledon.oslo_config_glue [-] oslo_limit.cafile = None {{(pid=108498) log_opt_values /opt/stack/data/venv/lib/python3.12/site-packages/oslo_config/cfg.py:3006}}
Feb 24 01:21:41.502377 np0000156684 nova-scheduler[108498]: DEBUG cotyledon.oslo_config_glue [-] oslo_limit.certfile = None {{(pid=108498) log_opt_values /opt/stack/data/venv/lib/python3.12/site-packages/oslo_config/cfg.py:3006}}
Feb 24 01:21:41.502377 np0000156684 nova-scheduler[108498]: DEBUG cotyledon.oslo_config_glue [-] oslo_limit.collect_timing = False {{(pid=108498) log_opt_values /opt/stack/data/venv/lib/python3.12/site-packages/oslo_config/cfg.py:3006}}
Feb 24 01:21:41.502377 np0000156684 nova-scheduler[108498]: DEBUG cotyledon.oslo_config_glue [-] oslo_limit.connect_retries = None {{(pid=108498) log_opt_values /opt/stack/data/venv/lib/python3.12/site-packages/oslo_config/cfg.py:3006}}
Feb 24 01:21:41.502377 np0000156684 nova-scheduler[108498]: DEBUG cotyledon.oslo_config_glue [-] oslo_limit.connect_retry_delay = None {{(pid=108498) log_opt_values /opt/stack/data/venv/lib/python3.12/site-packages/oslo_config/cfg.py:3006}}
Feb 24 01:21:41.502377 np0000156684 nova-scheduler[108498]: DEBUG cotyledon.oslo_config_glue [-] oslo_limit.endpoint_id = None {{(pid=108498) log_opt_values /opt/stack/data/venv/lib/python3.12/site-packages/oslo_config/cfg.py:3006}}
Feb 24 01:21:41.502377 np0000156684 nova-scheduler[108498]: DEBUG cotyledon.oslo_config_glue [-] oslo_limit.endpoint_interface = public {{(pid=108498) log_opt_values /opt/stack/data/venv/lib/python3.12/site-packages/oslo_config/cfg.py:3006}}
Feb 24 01:21:41.502377 np0000156684 nova-scheduler[108498]: DEBUG cotyledon.oslo_config_glue [-] oslo_limit.endpoint_override = None {{(pid=108498) log_opt_values /opt/stack/data/venv/lib/python3.12/site-packages/oslo_config/cfg.py:3006}}
Feb 24 01:21:41.502597 np0000156684 nova-scheduler[108498]: DEBUG cotyledon.oslo_config_glue [-] oslo_limit.endpoint_region_name = None {{(pid=108498) log_opt_values /opt/stack/data/venv/lib/python3.12/site-packages/oslo_config/cfg.py:3006}}
Feb 24 01:21:41.502597 np0000156684 nova-scheduler[108498]: DEBUG cotyledon.oslo_config_glue [-] oslo_limit.endpoint_service_name = None {{(pid=108498) log_opt_values /opt/stack/data/venv/lib/python3.12/site-packages/oslo_config/cfg.py:3006}}
Feb 24 01:21:41.502597 np0000156684 nova-scheduler[108498]: DEBUG cotyledon.oslo_config_glue [-] oslo_limit.endpoint_service_type = None {{(pid=108498) log_opt_values /opt/stack/data/venv/lib/python3.12/site-packages/oslo_config/cfg.py:3006}}
Feb 24 01:21:41.502597 np0000156684 nova-scheduler[108498]: DEBUG cotyledon.oslo_config_glue [-] oslo_limit.insecure = False {{(pid=108498) log_opt_values /opt/stack/data/venv/lib/python3.12/site-packages/oslo_config/cfg.py:3006}}
Feb 24 01:21:41.502597 np0000156684 nova-scheduler[108498]: DEBUG cotyledon.oslo_config_glue [-] oslo_limit.keyfile = None {{(pid=108498) log_opt_values /opt/stack/data/venv/lib/python3.12/site-packages/oslo_config/cfg.py:3006}}
Feb 24 01:21:41.502597 np0000156684 nova-scheduler[108498]: DEBUG cotyledon.oslo_config_glue [-] oslo_limit.max_version = None {{(pid=108498) log_opt_values /opt/stack/data/venv/lib/python3.12/site-packages/oslo_config/cfg.py:3006}}
Feb 24 01:21:41.502597 np0000156684 nova-scheduler[108498]: DEBUG cotyledon.oslo_config_glue [-] oslo_limit.min_version = None {{(pid=108498) log_opt_values /opt/stack/data/venv/lib/python3.12/site-packages/oslo_config/cfg.py:3006}}
Feb 24 01:21:41.502597 np0000156684 nova-scheduler[108498]: DEBUG cotyledon.oslo_config_glue [-] oslo_limit.region_name = None {{(pid=108498) log_opt_values /opt/stack/data/venv/lib/python3.12/site-packages/oslo_config/cfg.py:3006}}
Feb 24 01:21:41.502597 np0000156684 nova-scheduler[108498]: DEBUG cotyledon.oslo_config_glue [-] oslo_limit.retriable_status_codes = None {{(pid=108498) log_opt_values /opt/stack/data/venv/lib/python3.12/site-packages/oslo_config/cfg.py:3006}}
Feb 24 01:21:41.502790 np0000156684 nova-scheduler[108498]: DEBUG cotyledon.oslo_config_glue [-] oslo_limit.service_name = None {{(pid=108498) log_opt_values /opt/stack/data/venv/lib/python3.12/site-packages/oslo_config/cfg.py:3006}}
Feb 24 01:21:41.502790 np0000156684 nova-scheduler[108498]: DEBUG cotyledon.oslo_config_glue [-] oslo_limit.service_type = None {{(pid=108498) log_opt_values /opt/stack/data/venv/lib/python3.12/site-packages/oslo_config/cfg.py:3006}}
Feb 24 01:21:41.502790 np0000156684 nova-scheduler[108498]: DEBUG cotyledon.oslo_config_glue [-] oslo_limit.split_loggers = False {{(pid=108498) log_opt_values /opt/stack/data/venv/lib/python3.12/site-packages/oslo_config/cfg.py:3006}}
Feb 24 01:21:41.502790 np0000156684 nova-scheduler[108498]: DEBUG cotyledon.oslo_config_glue [-] oslo_limit.status_code_retries = None {{(pid=108498) log_opt_values /opt/stack/data/venv/lib/python3.12/site-packages/oslo_config/cfg.py:3006}}
Feb 24 01:21:41.502790 np0000156684 nova-scheduler[108498]: DEBUG cotyledon.oslo_config_glue [-] oslo_limit.status_code_retry_delay = None {{(pid=108498) log_opt_values /opt/stack/data/venv/lib/python3.12/site-packages/oslo_config/cfg.py:3006}}
Feb 24 01:21:41.502790 np0000156684 nova-scheduler[108498]: DEBUG cotyledon.oslo_config_glue [-] oslo_limit.timeout = None {{(pid=108498) log_opt_values /opt/stack/data/venv/lib/python3.12/site-packages/oslo_config/cfg.py:3006}}
Feb 24 01:21:41.502790 np0000156684 nova-scheduler[108498]: DEBUG cotyledon.oslo_config_glue [-] oslo_limit.valid_interfaces = None {{(pid=108498) log_opt_values /opt/stack/data/venv/lib/python3.12/site-packages/oslo_config/cfg.py:3006}}
Feb 24 01:21:41.502790 np0000156684 nova-scheduler[108498]: DEBUG cotyledon.oslo_config_glue [-] oslo_limit.version = None {{(pid=108498) log_opt_values /opt/stack/data/venv/lib/python3.12/site-packages/oslo_config/cfg.py:3006}}
Feb 24 01:21:41.502790 np0000156684 nova-scheduler[108498]: DEBUG cotyledon.oslo_config_glue [-] oslo_reports.file_event_handler = None {{(pid=108498) log_opt_values /opt/stack/data/venv/lib/python3.12/site-packages/oslo_config/cfg.py:3006}}
Feb 24 01:21:41.503059 np0000156684 nova-scheduler[108498]: DEBUG cotyledon.oslo_config_glue [-] oslo_reports.file_event_handler_interval = 1 {{(pid=108498) log_opt_values /opt/stack/data/venv/lib/python3.12/site-packages/oslo_config/cfg.py:3006}}
Feb 24 01:21:41.503059 np0000156684 nova-scheduler[108498]: DEBUG cotyledon.oslo_config_glue [-] oslo_reports.log_dir = None {{(pid=108498) log_opt_values /opt/stack/data/venv/lib/python3.12/site-packages/oslo_config/cfg.py:3006}}
Feb 24 01:21:41.503059 np0000156684 nova-scheduler[108498]: DEBUG cotyledon.oslo_config_glue [-] ******************************************************************************** {{(pid=108498) log_opt_values /opt/stack/data/venv/lib/python3.12/site-packages/oslo_config/cfg.py:3013}}
Feb 24 01:21:41.503059 np0000156684 nova-scheduler[108498]: DEBUG cotyledon._service_worker [-] Run service ServiceWrapper(3) [108498] {{(pid=108498) wait_forever /opt/stack/data/venv/lib/python3.12/site-packages/cotyledon/_service_worker.py:218}}
Feb 24 01:21:41.503059 np0000156684 nova-scheduler[108498]: INFO nova.service [-] Starting scheduler node (version 32.1.0)
Feb 24 01:21:41.503183 np0000156684 nova-scheduler[108473]: DEBUG nova.service [None req-d002309e-934c-4289-848a-730579006954 None None] Creating RPC server for service: nova-scheduler on topic: scheduler {{(pid=108473) start /opt/stack/nova/nova/service.py:195}}
Feb 24 01:21:41.503212 np0000156684 nova-scheduler[108490]: DEBUG dbcounter [-] [108490] Writer thread running {{(pid=108490) stat_writer /opt/stack/data/venv/lib/python3.12/site-packages/dbcounter.py:102}}
Feb 24 01:21:41.503212 np0000156684 nova-scheduler[108490]: DEBUG nova.service [None req-30a4d82b-74a8-46b7-b9a8-f761124c99ad None None] Creating RPC server for service: nova-scheduler on topic: scheduler {{(pid=108490) start /opt/stack/nova/nova/service.py:195}}
Feb 24 01:21:41.503260 np0000156684 nova-scheduler[108498]: INFO dbcounter [None req-f240a4d9-ace3-4625-ae34-0292098fb103 None None] Registered counter for database nova_cell0
Feb 24 01:21:41.508814 np0000156684 nova-scheduler[108480]: DEBUG nova.service [None req-b3990780-ac6b-4051-b218-04b64ca30f5e None None] Creating RPC server for service: nova-scheduler on topic: scheduler {{(pid=108480) start /opt/stack/nova/nova/service.py:195}}
Feb 24 01:21:41.512756 np0000156684 nova-scheduler[108498]: DEBUG oslo_db.sqlalchemy.engines [None req-f240a4d9-ace3-4625-ae34-0292098fb103 None None] MySQL server mode set to STRICT_TRANS_TABLES,STRICT_ALL_TABLES,NO_ZERO_IN_DATE,NO_ZERO_DATE,ERROR_FOR_DIVISION_BY_ZERO,TRADITIONAL,NO_ENGINE_SUBSTITUTION {{(pid=108498) _check_effective_sql_mode /opt/stack/data/venv/lib/python3.12/site-packages/oslo_db/sqlalchemy/engines.py:325}}
Feb 24 01:21:41.522919 np0000156684 nova-scheduler[108490]: DEBUG nova.service [None req-30a4d82b-74a8-46b7-b9a8-f761124c99ad None None] Join ServiceGroup membership for this service scheduler {{(pid=108490) start /opt/stack/nova/nova/service.py:221}}
Feb 24 01:21:41.523492 np0000156684 nova-scheduler[108490]: DEBUG nova.servicegroup.drivers.db [None req-30a4d82b-74a8-46b7-b9a8-f761124c99ad None None] DB_Driver: join new ServiceGroup member np0000156684 to the scheduler group, service = {{(pid=108490) join /opt/stack/nova/nova/servicegroup/drivers/db.py:44}}
Feb 24 01:21:41.528611 np0000156684 nova-scheduler[108480]: DEBUG nova.service [None req-b3990780-ac6b-4051-b218-04b64ca30f5e None None] Join ServiceGroup membership for this service scheduler {{(pid=108480) start /opt/stack/nova/nova/service.py:221}}
Feb 24 01:21:41.528763 np0000156684 nova-scheduler[108480]: DEBUG nova.servicegroup.drivers.db [None req-b3990780-ac6b-4051-b218-04b64ca30f5e None None] DB_Driver: join new ServiceGroup member np0000156684 to the scheduler group, service = {{(pid=108480) join /opt/stack/nova/nova/servicegroup/drivers/db.py:44}}
Feb 24 01:21:41.531190 np0000156684 nova-scheduler[108473]: DEBUG nova.service [None req-d002309e-934c-4289-848a-730579006954 None None] Join ServiceGroup membership for this service scheduler {{(pid=108473) start /opt/stack/nova/nova/service.py:221}}
Feb 24 01:21:41.531573 np0000156684 nova-scheduler[108473]: DEBUG nova.servicegroup.drivers.db [None req-d002309e-934c-4289-848a-730579006954 None None] DB_Driver: join new ServiceGroup member np0000156684 to the scheduler group, service = {{(pid=108473) join /opt/stack/nova/nova/servicegroup/drivers/db.py:44}}
Feb 24 01:21:41.531920 np0000156684 nova-scheduler[108498]: DEBUG dbcounter [-] [108498] Writer thread running {{(pid=108498) stat_writer /opt/stack/data/venv/lib/python3.12/site-packages/dbcounter.py:102}}
Feb 24 01:21:41.537087 np0000156684 nova-scheduler[108498]: DEBUG nova.service [None req-f240a4d9-ace3-4625-ae34-0292098fb103 None None] Creating RPC server for service: nova-scheduler on topic: scheduler {{(pid=108498) start /opt/stack/nova/nova/service.py:195}}
Feb 24 01:21:41.554103 np0000156684 nova-scheduler[108498]: DEBUG nova.service [None req-f240a4d9-ace3-4625-ae34-0292098fb103 None None] Join ServiceGroup membership for this service scheduler {{(pid=108498) start /opt/stack/nova/nova/service.py:221}}
Feb 24 01:21:41.554281 np0000156684 nova-scheduler[108498]: DEBUG nova.servicegroup.drivers.db [None req-f240a4d9-ace3-4625-ae34-0292098fb103 None None] DB_Driver: join new ServiceGroup member np0000156684 to the scheduler group, service = {{(pid=108498) join /opt/stack/nova/nova/servicegroup/drivers/db.py:44}}
Feb 24 01:21:46.548817 np0000156684 nova-scheduler[108490]: DEBUG oslo.service.backend._threading.loopingcall [-] Fixed interval looping call 'nova.servicegroup.drivers.db.DbDriver._report_state' sleeping for 119.98 seconds {{(pid=108490) _run_loop /opt/stack/data/venv/lib/python3.12/site-packages/oslo_service/backend/_threading/loopingcall.py:125}}
Feb 24 01:21:46.549429 np0000156684 nova-scheduler[108480]: DEBUG oslo.service.backend._threading.loopingcall [-] Fixed interval looping call 'nova.servicegroup.drivers.db.DbDriver._report_state' sleeping for 119.98 seconds {{(pid=108480) _run_loop /opt/stack/data/venv/lib/python3.12/site-packages/oslo_service/backend/_threading/loopingcall.py:125}}
Feb 24 01:21:46.549674 np0000156684 nova-scheduler[108473]: DEBUG oslo.service.backend._threading.loopingcall [-] Fixed interval looping call 'nova.servicegroup.drivers.db.DbDriver._report_state' sleeping for 119.99 seconds {{(pid=108473) _run_loop /opt/stack/data/venv/lib/python3.12/site-packages/oslo_service/backend/_threading/loopingcall.py:125}}
Feb 24 01:21:46.568666 np0000156684 nova-scheduler[108498]: DEBUG oslo.service.backend._threading.loopingcall [-] Fixed interval looping call 'nova.servicegroup.drivers.db.DbDriver._report_state' sleeping for 119.99 seconds {{(pid=108498) _run_loop /opt/stack/data/venv/lib/python3.12/site-packages/oslo_service/backend/_threading/loopingcall.py:125}}
Feb 24 01:21:50.124607 np0000156684 nova-scheduler[107731]: DEBUG dbcounter [-] [107731] Writing DB stats nova_api:SELECT=3 {{(pid=107731) stat_writer /opt/stack/data/venv/lib/python3.12/site-packages/dbcounter.py:115}}
Feb 24 01:21:50.236244 np0000156684 nova-scheduler[107731]: DEBUG dbcounter [-] [107731] Writing DB stats nova_cell0:SELECT=1 {{(pid=107731) stat_writer /opt/stack/data/venv/lib/python3.12/site-packages/dbcounter.py:115}}
Feb 24 01:21:50.237160 np0000156684 nova-scheduler[107731]: DEBUG dbcounter [-] [107731] Writing DB stats nova_cell1:SELECT=1 {{(pid=107731) stat_writer /opt/stack/data/venv/lib/python3.12/site-packages/dbcounter.py:115}}
Feb 24 01:21:56.541852 np0000156684 nova-scheduler[108490]: DEBUG dbcounter [-] [108490] Writing DB stats nova_cell0:SELECT=3,nova_cell0:UPDATE=1 {{(pid=108490) stat_writer /opt/stack/data/venv/lib/python3.12/site-packages/dbcounter.py:115}}
Feb 24 01:21:56.544848 np0000156684 nova-scheduler[108480]: DEBUG dbcounter [-] [108480] Writing DB stats nova_cell0:SELECT=5,nova_cell0:INSERT=1,nova_cell0:UPDATE=1 {{(pid=108480) stat_writer /opt/stack/data/venv/lib/python3.12/site-packages/dbcounter.py:115}}
Feb 24 01:21:56.545572 np0000156684 nova-scheduler[108473]: DEBUG dbcounter [-] [108473] Writing DB stats nova_cell0:SELECT=4,nova_cell0:INSERT=1,nova_cell0:UPDATE=1 {{(pid=108473) stat_writer /opt/stack/data/venv/lib/python3.12/site-packages/dbcounter.py:115}}
Feb 24 01:21:56.565118 np0000156684 nova-scheduler[108498]: DEBUG dbcounter [-] [108498] Writing DB stats nova_cell0:SELECT=3 {{(pid=108498) stat_writer /opt/stack/data/venv/lib/python3.12/site-packages/dbcounter.py:115}}
Feb 24 01:21:57.534619 np0000156684 nova-scheduler[108473]: DEBUG oslo.service.backend._threading.loopingcall [None req-f26384c0-2797-465c-9ca0-50170eab9fe6 None None] Dynamic interval looping call 'nova.service.Service.periodic_tasks' sleeping for 60.00 seconds {{(pid=108473) _run_loop /opt/stack/data/venv/lib/python3.12/site-packages/oslo_service/backend/_threading/loopingcall.py:125}}
Feb 24 01:21:58.532446 np0000156684 nova-scheduler[108480]: DEBUG oslo.service.backend._threading.loopingcall [None req-81bea749-a45a-424a-8e2e-f8b70caae105 None None] Dynamic interval looping call 'nova.service.Service.periodic_tasks' sleeping for 60.00 seconds {{(pid=108480) _run_loop /opt/stack/data/venv/lib/python3.12/site-packages/oslo_service/backend/_threading/loopingcall.py:125}}
Feb 24 01:22:13.527776 np0000156684 nova-scheduler[108490]: DEBUG oslo.service.backend._threading.loopingcall [None req-a983d892-b748-4748-a290-affa3e6a3c82 None None] Dynamic interval looping call 'nova.service.Service.periodic_tasks' sleeping for 60.00 seconds {{(pid=108490) _run_loop /opt/stack/data/venv/lib/python3.12/site-packages/oslo_service/backend/_threading/loopingcall.py:125}}
Feb 24 01:22:21.557277 np0000156684 nova-scheduler[108498]: DEBUG oslo.service.backend._threading.loopingcall [None req-430d2200-5932-48cc-a74a-0dc21389af58 None None] Dynamic interval looping call 'nova.service.Service.periodic_tasks' sleeping for 60.00 seconds {{(pid=108498) _run_loop /opt/stack/data/venv/lib/python3.12/site-packages/oslo_service/backend/_threading/loopingcall.py:125}}
Feb 24 01:22:57.535208 np0000156684 nova-scheduler[108473]: DEBUG oslo.service.backend._threading.loopingcall [None req-f26384c0-2797-465c-9ca0-50170eab9fe6 None None] Dynamic interval looping call 'nova.service.Service.periodic_tasks' sleeping for 60.00 seconds {{(pid=108473) _run_loop /opt/stack/data/venv/lib/python3.12/site-packages/oslo_service/backend/_threading/loopingcall.py:125}}
Feb 24 01:22:58.533127 np0000156684 nova-scheduler[108480]: DEBUG oslo.service.backend._threading.loopingcall [None req-81bea749-a45a-424a-8e2e-f8b70caae105 None None] Dynamic interval looping call 'nova.service.Service.periodic_tasks' sleeping for 60.00 seconds {{(pid=108480) _run_loop /opt/stack/data/venv/lib/python3.12/site-packages/oslo_service/backend/_threading/loopingcall.py:125}}
Feb 24 01:23:13.530150 np0000156684 nova-scheduler[108490]: DEBUG oslo.service.backend._threading.loopingcall [None req-a983d892-b748-4748-a290-affa3e6a3c82 None None] Dynamic interval looping call 'nova.service.Service.periodic_tasks' sleeping for 60.00 seconds {{(pid=108490) _run_loop /opt/stack/data/venv/lib/python3.12/site-packages/oslo_service/backend/_threading/loopingcall.py:125}}
Feb 24 01:23:21.558218 np0000156684 nova-scheduler[108498]: DEBUG oslo.service.backend._threading.loopingcall [None req-430d2200-5932-48cc-a74a-0dc21389af58 None None] Dynamic interval looping call 'nova.service.Service.periodic_tasks' sleeping for 60.00 seconds {{(pid=108498) _run_loop /opt/stack/data/venv/lib/python3.12/site-packages/oslo_service/backend/_threading/loopingcall.py:125}}
Feb 24 01:23:46.541072 np0000156684 nova-scheduler[108490]: DEBUG oslo.service.backend._threading.loopingcall [-] Fixed interval looping call 'nova.servicegroup.drivers.db.DbDriver._report_state' sleeping for 119.99 seconds {{(pid=108490) _run_loop /opt/stack/data/venv/lib/python3.12/site-packages/oslo_service/backend/_threading/loopingcall.py:125}}
Feb 24 01:23:46.542047 np0000156684 nova-scheduler[108480]: DEBUG oslo.service.backend._threading.loopingcall [-] Fixed interval looping call 'nova.servicegroup.drivers.db.DbDriver._report_state' sleeping for 119.99 seconds {{(pid=108480) _run_loop /opt/stack/data/venv/lib/python3.12/site-packages/oslo_service/backend/_threading/loopingcall.py:125}}
Feb 24 01:23:46.545123 np0000156684 nova-scheduler[108473]: DEBUG oslo.service.backend._threading.loopingcall [-] Fixed interval looping call 'nova.servicegroup.drivers.db.DbDriver._report_state' sleeping for 119.99 seconds {{(pid=108473) _run_loop /opt/stack/data/venv/lib/python3.12/site-packages/oslo_service/backend/_threading/loopingcall.py:125}}
Feb 24 01:23:46.564835 np0000156684 nova-scheduler[108498]: DEBUG oslo.service.backend._threading.loopingcall [-] Fixed interval looping call 'nova.servicegroup.drivers.db.DbDriver._report_state' sleeping for 119.99 seconds {{(pid=108498) _run_loop /opt/stack/data/venv/lib/python3.12/site-packages/oslo_service/backend/_threading/loopingcall.py:125}}
Feb 24 01:23:56.534422 np0000156684 nova-scheduler[108490]: DEBUG dbcounter [-] [108490] Writing DB stats nova_cell0:SELECT=1,nova_cell0:UPDATE=1 {{(pid=108490) stat_writer /opt/stack/data/venv/lib/python3.12/site-packages/dbcounter.py:115}}
Feb 24 01:23:56.535106 np0000156684 nova-scheduler[108480]: DEBUG dbcounter [-] [108480] Writing DB stats nova_cell0:SELECT=1,nova_cell0:UPDATE=1 {{(pid=108480) stat_writer /opt/stack/data/venv/lib/python3.12/site-packages/dbcounter.py:115}}
Feb 24 01:23:56.543651 np0000156684 nova-scheduler[108473]: DEBUG dbcounter [-] [108473] Writing DB stats nova_cell0:SELECT=1 {{(pid=108473) stat_writer /opt/stack/data/venv/lib/python3.12/site-packages/dbcounter.py:115}}
Feb 24 01:23:56.562185 np0000156684 nova-scheduler[108498]: DEBUG dbcounter [-] [108498] Writing DB stats nova_cell0:SELECT=1 {{(pid=108498) stat_writer /opt/stack/data/venv/lib/python3.12/site-packages/dbcounter.py:115}}
Feb 24 01:23:57.536007 np0000156684 nova-scheduler[108473]: DEBUG oslo.service.backend._threading.loopingcall [None req-f26384c0-2797-465c-9ca0-50170eab9fe6 None None] Dynamic interval looping call 'nova.service.Service.periodic_tasks' sleeping for 60.00 seconds {{(pid=108473) _run_loop /opt/stack/data/venv/lib/python3.12/site-packages/oslo_service/backend/_threading/loopingcall.py:125}}
Feb 24 01:23:58.533884 np0000156684 nova-scheduler[108480]: DEBUG oslo.service.backend._threading.loopingcall [None req-81bea749-a45a-424a-8e2e-f8b70caae105 None None] Dynamic interval looping call 'nova.service.Service.periodic_tasks' sleeping for 60.00 seconds {{(pid=108480) _run_loop /opt/stack/data/venv/lib/python3.12/site-packages/oslo_service/backend/_threading/loopingcall.py:125}}
Feb 24 01:24:13.531120 np0000156684 nova-scheduler[108490]: DEBUG oslo.service.backend._threading.loopingcall [None req-a983d892-b748-4748-a290-affa3e6a3c82 None None] Dynamic interval looping call 'nova.service.Service.periodic_tasks' sleeping for 60.00 seconds {{(pid=108490) _run_loop /opt/stack/data/venv/lib/python3.12/site-packages/oslo_service/backend/_threading/loopingcall.py:125}}
Feb 24 01:24:21.559013 np0000156684 nova-scheduler[108498]: DEBUG oslo.service.backend._threading.loopingcall [None req-430d2200-5932-48cc-a74a-0dc21389af58 None None] Dynamic interval looping call 'nova.service.Service.periodic_tasks' sleeping for 60.00 seconds {{(pid=108498) _run_loop /opt/stack/data/venv/lib/python3.12/site-packages/oslo_service/backend/_threading/loopingcall.py:125}}
Feb 24 01:24:58.760341 np0000156684 nova-scheduler[108473]: DEBUG oslo.service.backend._threading.loopingcall [None req-f26384c0-2797-465c-9ca0-50170eab9fe6 None None] Dynamic interval looping call 'nova.service.Service.periodic_tasks' sleeping for 60.00 seconds {{(pid=108473) _run_loop /opt/stack/data/venv/lib/python3.12/site-packages/oslo_service/backend/_threading/loopingcall.py:125}}
Feb 24 01:24:58.762316 np0000156684 nova-scheduler[108480]: DEBUG oslo.service.backend._threading.loopingcall [None req-81bea749-a45a-424a-8e2e-f8b70caae105 None None] Dynamic interval looping call 'nova.service.Service.periodic_tasks' sleeping for 60.00 seconds {{(pid=108480) _run_loop /opt/stack/data/venv/lib/python3.12/site-packages/oslo_service/backend/_threading/loopingcall.py:125}}
Feb 24 01:25:13.532071 np0000156684 nova-scheduler[108490]: DEBUG oslo.service.backend._threading.loopingcall [None req-a983d892-b748-4748-a290-affa3e6a3c82 None None] Dynamic interval looping call 'nova.service.Service.periodic_tasks' sleeping for 60.00 seconds {{(pid=108490) _run_loop /opt/stack/data/venv/lib/python3.12/site-packages/oslo_service/backend/_threading/loopingcall.py:125}}
Feb 24 01:25:21.559998 np0000156684 nova-scheduler[108498]: DEBUG oslo.service.backend._threading.loopingcall [None req-430d2200-5932-48cc-a74a-0dc21389af58 None None] Dynamic interval looping call 'nova.service.Service.periodic_tasks' sleeping for 60.00 seconds {{(pid=108498) _run_loop /opt/stack/data/venv/lib/python3.12/site-packages/oslo_service/backend/_threading/loopingcall.py:125}}
Feb 24 01:25:46.542605 np0000156684 nova-scheduler[108480]: DEBUG oslo.service.backend._threading.loopingcall [-] Fixed interval looping call 'nova.servicegroup.drivers.db.DbDriver._report_state' sleeping for 119.99 seconds {{(pid=108480) _run_loop /opt/stack/data/venv/lib/python3.12/site-packages/oslo_service/backend/_threading/loopingcall.py:125}}
Feb 24 01:25:46.543179 np0000156684 nova-scheduler[108473]: DEBUG oslo.service.backend._threading.loopingcall [-] Fixed interval looping call 'nova.servicegroup.drivers.db.DbDriver._report_state' sleeping for 119.99 seconds {{(pid=108473) _run_loop /opt/stack/data/venv/lib/python3.12/site-packages/oslo_service/backend/_threading/loopingcall.py:125}}
Feb 24 01:25:46.559446 np0000156684 nova-scheduler[108498]: DEBUG oslo.service.backend._threading.loopingcall [-] Fixed interval looping call 'nova.servicegroup.drivers.db.DbDriver._report_state' sleeping for 120.00 seconds {{(pid=108498) _run_loop /opt/stack/data/venv/lib/python3.12/site-packages/oslo_service/backend/_threading/loopingcall.py:125}}
Feb 24 01:25:46.565912 np0000156684 nova-scheduler[108490]: DEBUG oslo.service.backend._threading.loopingcall [-] Fixed interval looping call 'nova.servicegroup.drivers.db.DbDriver._report_state' sleeping for 119.97 seconds {{(pid=108490) _run_loop /opt/stack/data/venv/lib/python3.12/site-packages/oslo_service/backend/_threading/loopingcall.py:125}}
Feb 24 01:25:56.536703 np0000156684 nova-scheduler[108480]: DEBUG dbcounter [-] [108480] Writing DB stats nova_cell0:SELECT=1,nova_cell0:UPDATE=1 {{(pid=108480) stat_writer /opt/stack/data/venv/lib/python3.12/site-packages/dbcounter.py:115}}
Feb 24 01:25:56.539578 np0000156684 nova-scheduler[108473]: DEBUG dbcounter [-] [108473] Writing DB stats nova_cell0:SELECT=1,nova_cell0:UPDATE=1 {{(pid=108473) stat_writer /opt/stack/data/venv/lib/python3.12/site-packages/dbcounter.py:115}}
Feb 24 01:25:56.557529 np0000156684 nova-scheduler[108498]: DEBUG dbcounter [-] [108498] Writing DB stats nova_cell0:SELECT=1 {{(pid=108498) stat_writer /opt/stack/data/venv/lib/python3.12/site-packages/dbcounter.py:115}}
Feb 24 01:25:56.562894 np0000156684 nova-scheduler[108490]: DEBUG dbcounter [-] [108490] Writing DB stats nova_cell0:SELECT=1 {{(pid=108490) stat_writer /opt/stack/data/venv/lib/python3.12/site-packages/dbcounter.py:115}}
Feb 24 01:25:58.723837 np0000156684 nova-scheduler[108473]: DEBUG oslo.service.backend._threading.loopingcall [None req-f26384c0-2797-465c-9ca0-50170eab9fe6 None None] Dynamic interval looping call 'nova.service.Service.periodic_tasks' sleeping for 60.00 seconds {{(pid=108473) _run_loop /opt/stack/data/venv/lib/python3.12/site-packages/oslo_service/backend/_threading/loopingcall.py:125}}
Feb 24 01:25:58.724695 np0000156684 nova-scheduler[108480]: DEBUG oslo.service.backend._threading.loopingcall [None req-81bea749-a45a-424a-8e2e-f8b70caae105 None None] Dynamic interval looping call 'nova.service.Service.periodic_tasks' sleeping for 60.00 seconds {{(pid=108480) _run_loop /opt/stack/data/venv/lib/python3.12/site-packages/oslo_service/backend/_threading/loopingcall.py:125}}
Feb 24 01:26:13.532578 np0000156684 nova-scheduler[108490]: DEBUG oslo.service.backend._threading.loopingcall [None req-a983d892-b748-4748-a290-affa3e6a3c82 None None] Dynamic interval looping call 'nova.service.Service.periodic_tasks' sleeping for 60.00 seconds {{(pid=108490) _run_loop /opt/stack/data/venv/lib/python3.12/site-packages/oslo_service/backend/_threading/loopingcall.py:125}}
Feb 24 01:26:21.560832 np0000156684 nova-scheduler[108498]: DEBUG oslo.service.backend._threading.loopingcall [None req-430d2200-5932-48cc-a74a-0dc21389af58 None None] Dynamic interval looping call 'nova.service.Service.periodic_tasks' sleeping for 60.00 seconds {{(pid=108498) _run_loop /opt/stack/data/venv/lib/python3.12/site-packages/oslo_service/backend/_threading/loopingcall.py:125}}
Feb 24 01:26:43.948112 np0000156684 nova-scheduler[108490]: DEBUG nova.scheduler.manager [None req-bf2208fb-cf31-4e17-b241-b0b9a7871487 demo demo] Starting to schedule for instances: ['2e66693f-dddc-4cbd-b305-3c4d792c4fdb'] {{(pid=108490) select_destinations /opt/stack/nova/nova/scheduler/manager.py:187}}
