Feb 24 01:21:08.651181 np0000156684 neutron-periodic-workers[104968]: DEBUG cotyledon.oslo_config_glue [-] database.connection_debug = 0 {{(pid=104968) log_opt_values /opt/stack/data/venv/lib/python3.12/site-packages/oslo_config/cfg.py:3006}}
Feb 24 01:21:08.651181 np0000156684 neutron-periodic-workers[104968]: DEBUG cotyledon.oslo_config_glue [-] database.connection_parameters = {{(pid=104968) log_opt_values /opt/stack/data/venv/lib/python3.12/site-packages/oslo_config/cfg.py:3006}}
Feb 24 01:21:08.651181 np0000156684 neutron-periodic-workers[104968]: DEBUG cotyledon.oslo_config_glue [-] database.connection_recycle_time = 3600 {{(pid=104968) log_opt_values /opt/stack/data/venv/lib/python3.12/site-packages/oslo_config/cfg.py:3006}}
Feb 24 01:21:08.651181 np0000156684 neutron-periodic-workers[104968]: DEBUG cotyledon.oslo_config_glue [-] database.connection_trace = False {{(pid=104968) log_opt_values /opt/stack/data/venv/lib/python3.12/site-packages/oslo_config/cfg.py:3006}}
Feb 24 01:21:08.651181 np0000156684 neutron-periodic-workers[104968]: DEBUG cotyledon.oslo_config_glue [-] database.db_inc_retry_interval = True {{(pid=104968) log_opt_values /opt/stack/data/venv/lib/python3.12/site-packages/oslo_config/cfg.py:3006}}
Feb 24 01:21:08.651181 np0000156684 neutron-periodic-workers[104968]: DEBUG cotyledon.oslo_config_glue [-] database.db_max_retries = 20 {{(pid=104968) log_opt_values /opt/stack/data/venv/lib/python3.12/site-packages/oslo_config/cfg.py:3006}}
Feb 24 01:21:08.651181 np0000156684 neutron-periodic-workers[104968]: DEBUG cotyledon.oslo_config_glue [-] database.db_max_retry_interval = 10 {{(pid=104968) log_opt_values /opt/stack/data/venv/lib/python3.12/site-packages/oslo_config/cfg.py:3006}}
Feb 24 01:21:08.651418 np0000156684 neutron-periodic-workers[104968]: DEBUG cotyledon.oslo_config_glue [-] database.db_retry_interval = 1 {{(pid=104968) log_opt_values /opt/stack/data/venv/lib/python3.12/site-packages/oslo_config/cfg.py:3006}}
Feb 24 01:21:08.651418 np0000156684 neutron-periodic-workers[104968]: DEBUG cotyledon.oslo_config_glue [-] database.max_overflow = 50 {{(pid=104968) log_opt_values /opt/stack/data/venv/lib/python3.12/site-packages/oslo_config/cfg.py:3006}}
Feb 24 01:21:08.651418 np0000156684 neutron-periodic-workers[104968]: DEBUG cotyledon.oslo_config_glue [-] database.max_pool_size = 5 {{(pid=104968) log_opt_values /opt/stack/data/venv/lib/python3.12/site-packages/oslo_config/cfg.py:3006}}
Feb 24 01:21:08.651418 np0000156684 neutron-periodic-workers[104968]: DEBUG cotyledon.oslo_config_glue [-] database.max_retries = 10 {{(pid=104968) log_opt_values /opt/stack/data/venv/lib/python3.12/site-packages/oslo_config/cfg.py:3006}}
Feb 24 01:21:08.651418 np0000156684 neutron-periodic-workers[104968]: DEBUG cotyledon.oslo_config_glue [-] database.mysql_sql_mode = TRADITIONAL {{(pid=104968) log_opt_values /opt/stack/data/venv/lib/python3.12/site-packages/oslo_config/cfg.py:3006}}
Feb 24 01:21:08.651418 np0000156684 neutron-periodic-workers[104968]: DEBUG cotyledon.oslo_config_glue [-] database.mysql_wsrep_sync_wait = None {{(pid=104968) log_opt_values /opt/stack/data/venv/lib/python3.12/site-packages/oslo_config/cfg.py:3006}}
Feb 24 01:21:08.651418 np0000156684 neutron-periodic-workers[104968]: DEBUG cotyledon.oslo_config_glue [-] database.pool_timeout = None {{(pid=104968) log_opt_values /opt/stack/data/venv/lib/python3.12/site-packages/oslo_config/cfg.py:3006}}
Feb 24 01:21:08.651418 np0000156684 neutron-periodic-workers[104968]: DEBUG cotyledon.oslo_config_glue [-] database.retry_interval = 10 {{(pid=104968) log_opt_values /opt/stack/data/venv/lib/python3.12/site-packages/oslo_config/cfg.py:3006}}
Feb 24 01:21:08.651418 np0000156684 neutron-periodic-workers[104968]: DEBUG cotyledon.oslo_config_glue [-] database.slave_connection = **** {{(pid=104968) log_opt_values /opt/stack/data/venv/lib/python3.12/site-packages/oslo_config/cfg.py:3006}}
Feb 24 01:21:08.651709 np0000156684 neutron-periodic-workers[104968]: DEBUG cotyledon.oslo_config_glue [-] database.sqlite_synchronous = True {{(pid=104968) log_opt_values /opt/stack/data/venv/lib/python3.12/site-packages/oslo_config/cfg.py:3006}}
Feb 24 01:21:08.651709 np0000156684 neutron-periodic-workers[104968]: DEBUG cotyledon.oslo_config_glue [-] database.synchronous_reader = True {{(pid=104968) log_opt_values /opt/stack/data/venv/lib/python3.12/site-packages/oslo_config/cfg.py:3006}}
Feb 24 01:21:08.651709 np0000156684 neutron-periodic-workers[104968]: DEBUG cotyledon.oslo_config_glue [-] database.use_db_reconnect = False {{(pid=104968) log_opt_values /opt/stack/data/venv/lib/python3.12/site-packages/oslo_config/cfg.py:3006}}
Feb 24 01:21:08.651709 np0000156684 neutron-periodic-workers[104968]: DEBUG cotyledon.oslo_config_glue [-] ovn.broadcast_arps_to_all_routers = True {{(pid=104968) log_opt_values /opt/stack/data/venv/lib/python3.12/site-packages/oslo_config/cfg.py:3006}}
Feb 24 01:21:08.651709 np0000156684 neutron-periodic-workers[104968]: DEBUG cotyledon.oslo_config_glue [-] ovn.dhcp_default_lease_time = 43200 {{(pid=104968) log_opt_values /opt/stack/data/venv/lib/python3.12/site-packages/oslo_config/cfg.py:3006}}
Feb 24 01:21:08.651709 np0000156684 neutron-periodic-workers[104968]: DEBUG cotyledon.oslo_config_glue [-] ovn.disable_ovn_dhcp_for_baremetal_ports = False {{(pid=104968) log_opt_values /opt/stack/data/venv/lib/python3.12/site-packages/oslo_config/cfg.py:3006}}
Feb 24 01:21:08.651709 np0000156684 neutron-periodic-workers[104968]: DEBUG cotyledon.oslo_config_glue [-] ovn.dns_records_ovn_owned = False {{(pid=104968) log_opt_values /opt/stack/data/venv/lib/python3.12/site-packages/oslo_config/cfg.py:3006}}
Feb 24 01:21:08.651709 np0000156684 neutron-periodic-workers[104968]: DEBUG cotyledon.oslo_config_glue [-] ovn.dns_servers = [] {{(pid=104968) log_opt_values /opt/stack/data/venv/lib/python3.12/site-packages/oslo_config/cfg.py:3006}}
Feb 24 01:21:08.651709 np0000156684 neutron-periodic-workers[104968]: DEBUG cotyledon.oslo_config_glue [-] ovn.enable_distributed_floating_ip = False {{(pid=104968) log_opt_values /opt/stack/data/venv/lib/python3.12/site-packages/oslo_config/cfg.py:3006}}
Feb 24 01:21:08.651935 np0000156684 neutron-periodic-workers[104968]: DEBUG cotyledon.oslo_config_glue [-] ovn.fdb_age_threshold = 0 {{(pid=104968) log_opt_values /opt/stack/data/venv/lib/python3.12/site-packages/oslo_config/cfg.py:3006}}
Feb 24 01:21:08.651935 np0000156684 neutron-periodic-workers[104968]: DEBUG cotyledon.oslo_config_glue [-] ovn.live_migration_activation_strategy = rarp {{(pid=104968) log_opt_values /opt/stack/data/venv/lib/python3.12/site-packages/oslo_config/cfg.py:3006}}
Feb 24 01:21:08.651935 np0000156684 neutron-periodic-workers[104968]: DEBUG cotyledon.oslo_config_glue [-] ovn.localnet_learn_fdb = False {{(pid=104968) log_opt_values /opt/stack/data/venv/lib/python3.12/site-packages/oslo_config/cfg.py:3006}}
Feb 24 01:21:08.651935 np0000156684 neutron-periodic-workers[104968]: DEBUG cotyledon.oslo_config_glue [-] ovn.mac_binding_age_threshold = 0 {{(pid=104968) log_opt_values /opt/stack/data/venv/lib/python3.12/site-packages/oslo_config/cfg.py:3006}}
Feb 24 01:21:08.651935 np0000156684 neutron-periodic-workers[104968]: DEBUG cotyledon.oslo_config_glue [-] ovn.neutron_sync_mode = log {{(pid=104968) log_opt_values /opt/stack/data/venv/lib/python3.12/site-packages/oslo_config/cfg.py:3006}}
Feb 24 01:21:08.651935 np0000156684 neutron-periodic-workers[104968]: DEBUG cotyledon.oslo_config_glue [-] ovn.ovn_dhcp4_global_options = {} {{(pid=104968) log_opt_values /opt/stack/data/venv/lib/python3.12/site-packages/oslo_config/cfg.py:3006}}
Feb 24 01:21:08.651935 np0000156684 neutron-periodic-workers[104968]: DEBUG cotyledon.oslo_config_glue [-] ovn.ovn_dhcp6_global_options = {} {{(pid=104968) log_opt_values /opt/stack/data/venv/lib/python3.12/site-packages/oslo_config/cfg.py:3006}}
Feb 24 01:21:08.651935 np0000156684 neutron-periodic-workers[104968]: DEBUG cotyledon.oslo_config_glue [-] ovn.ovn_l3_scheduler = leastloaded {{(pid=104968) log_opt_values /opt/stack/data/venv/lib/python3.12/site-packages/oslo_config/cfg.py:3006}}
Feb 24 01:21:08.651935 np0000156684 neutron-periodic-workers[104968]: DEBUG cotyledon.oslo_config_glue [-] ovn.ovn_metadata_enabled = True {{(pid=104968) log_opt_values /opt/stack/data/venv/lib/python3.12/site-packages/oslo_config/cfg.py:3006}}
Feb 24 01:21:08.652171 np0000156684 neutron-periodic-workers[104968]: DEBUG cotyledon.oslo_config_glue [-] ovn.ovn_nb_ca_cert = /opt/stack/data/CA/int-ca/ca-chain.pem {{(pid=104968) log_opt_values /opt/stack/data/venv/lib/python3.12/site-packages/oslo_config/cfg.py:3006}}
Feb 24 01:21:08.652171 np0000156684 neutron-periodic-workers[104968]: DEBUG cotyledon.oslo_config_glue [-] ovn.ovn_nb_certificate = /opt/stack/data/CA/int-ca/devstack-cert.crt {{(pid=104968) log_opt_values /opt/stack/data/venv/lib/python3.12/site-packages/oslo_config/cfg.py:3006}}
Feb 24 01:21:08.652171 np0000156684 neutron-periodic-workers[104968]: DEBUG cotyledon.oslo_config_glue [-] ovn.ovn_nb_connection = ['ssl:162.253.55.12:6641'] {{(pid=104968) log_opt_values /opt/stack/data/venv/lib/python3.12/site-packages/oslo_config/cfg.py:3006}}
Feb 24 01:21:08.652171 np0000156684 neutron-periodic-workers[104968]: DEBUG cotyledon.oslo_config_glue [-] ovn.ovn_nb_private_key = /opt/stack/data/CA/int-ca/private/devstack-cert.key {{(pid=104968) log_opt_values /opt/stack/data/venv/lib/python3.12/site-packages/oslo_config/cfg.py:3006}}
Feb 24 01:21:08.652171 np0000156684 neutron-periodic-workers[104968]: DEBUG cotyledon.oslo_config_glue [-] ovn.ovn_router_indirect_snat = False {{(pid=104968) log_opt_values /opt/stack/data/venv/lib/python3.12/site-packages/oslo_config/cfg.py:3006}}
Feb 24 01:21:08.652171 np0000156684 neutron-periodic-workers[104968]: DEBUG cotyledon.oslo_config_glue [-] ovn.ovn_sb_ca_cert = /opt/stack/data/CA/int-ca/ca-chain.pem {{(pid=104968) log_opt_values /opt/stack/data/venv/lib/python3.12/site-packages/oslo_config/cfg.py:3006}}
Feb 24 01:21:08.652171 np0000156684 neutron-periodic-workers[104968]: DEBUG cotyledon.oslo_config_glue [-] ovn.ovn_sb_certificate = /opt/stack/data/CA/int-ca/devstack-cert.crt {{(pid=104968) log_opt_values /opt/stack/data/venv/lib/python3.12/site-packages/oslo_config/cfg.py:3006}}
Feb 24 01:21:08.652171 np0000156684 neutron-periodic-workers[104968]: DEBUG cotyledon.oslo_config_glue [-] ovn.ovn_sb_connection = ['ssl:162.253.55.12:6642'] {{(pid=104968) log_opt_values /opt/stack/data/venv/lib/python3.12/site-packages/oslo_config/cfg.py:3006}}
Feb 24 01:21:08.652557 np0000156684 neutron-periodic-workers[104968]: DEBUG cotyledon.oslo_config_glue [-] ovn.ovn_sb_private_key = /opt/stack/data/CA/int-ca/private/devstack-cert.key {{(pid=104968) log_opt_values /opt/stack/data/venv/lib/python3.12/site-packages/oslo_config/cfg.py:3006}}
Feb 24 01:21:08.652557 np0000156684 neutron-periodic-workers[104968]: DEBUG cotyledon.oslo_config_glue [-] ovn.ovs_create_tap = False {{(pid=104968) log_opt_values /opt/stack/data/venv/lib/python3.12/site-packages/oslo_config/cfg.py:3006}}
Feb 24 01:21:08.652557 np0000156684 neutron-periodic-workers[104968]: DEBUG cotyledon.oslo_config_glue [-] ovn.ovsdb_connection_timeout = 180 {{(pid=104968) log_opt_values /opt/stack/data/venv/lib/python3.12/site-packages/oslo_config/cfg.py:3006}}
Feb 24 01:21:08.652557 np0000156684 neutron-periodic-workers[104968]: DEBUG cotyledon.oslo_config_glue [-] ovn.ovsdb_log_level = INFO {{(pid=104968) log_opt_values /opt/stack/data/venv/lib/python3.12/site-packages/oslo_config/cfg.py:3006}}
Feb 24 01:21:08.652557 np0000156684 neutron-periodic-workers[104968]: DEBUG cotyledon.oslo_config_glue [-] ovn.ovsdb_probe_interval = 60000 {{(pid=104968) log_opt_values /opt/stack/data/venv/lib/python3.12/site-packages/oslo_config/cfg.py:3006}}
Feb 24 01:21:08.652557 np0000156684 neutron-periodic-workers[104968]: DEBUG cotyledon.oslo_config_glue [-] ovn.ovsdb_retry_max_interval = 180 {{(pid=104968) log_opt_values /opt/stack/data/venv/lib/python3.12/site-packages/oslo_config/cfg.py:3006}}
Feb 24 01:21:08.652557 np0000156684 neutron-periodic-workers[104968]: DEBUG cotyledon.oslo_config_glue [-] ovn.stateless_nat_enabled = False {{(pid=104968) log_opt_values /opt/stack/data/venv/lib/python3.12/site-packages/oslo_config/cfg.py:3006}}
Feb 24 01:21:08.652557 np0000156684 neutron-periodic-workers[104968]: DEBUG cotyledon.oslo_config_glue [-] ovn.vhost_sock_dir = /var/run/openvswitch {{(pid=104968) log_opt_values /opt/stack/data/venv/lib/python3.12/site-packages/oslo_config/cfg.py:3006}}
Feb 24 01:21:08.652557 np0000156684 neutron-periodic-workers[104968]: DEBUG cotyledon.oslo_config_glue [-] OVS.bridge_mac_table_size = 50000 {{(pid=104968) log_opt_values /opt/stack/data/venv/lib/python3.12/site-packages/oslo_config/cfg.py:3006}}
Feb 24 01:21:08.652767 np0000156684 neutron-periodic-workers[104968]: DEBUG cotyledon.oslo_config_glue [-] OVS.igmp_flood = False {{(pid=104968) log_opt_values /opt/stack/data/venv/lib/python3.12/site-packages/oslo_config/cfg.py:3006}}
Feb 24 01:21:08.652767 np0000156684 neutron-periodic-workers[104968]: DEBUG cotyledon.oslo_config_glue [-] OVS.igmp_flood_reports = True {{(pid=104968) log_opt_values /opt/stack/data/venv/lib/python3.12/site-packages/oslo_config/cfg.py:3006}}
Feb 24 01:21:08.652767 np0000156684 neutron-periodic-workers[104968]: DEBUG cotyledon.oslo_config_glue [-] OVS.igmp_flood_unregistered = False {{(pid=104968) log_opt_values /opt/stack/data/venv/lib/python3.12/site-packages/oslo_config/cfg.py:3006}}
Feb 24 01:21:08.652767 np0000156684 neutron-periodic-workers[104968]: DEBUG cotyledon.oslo_config_glue [-] OVS.igmp_snooping_enable = False {{(pid=104968) log_opt_values /opt/stack/data/venv/lib/python3.12/site-packages/oslo_config/cfg.py:3006}}
Feb 24 01:21:08.652767 np0000156684 neutron-periodic-workers[104968]: DEBUG cotyledon.oslo_config_glue [-] OVS.ovsdb_timeout = 10 {{(pid=104968) log_opt_values /opt/stack/data/venv/lib/python3.12/site-packages/oslo_config/cfg.py:3006}}
Feb 24 01:21:08.652767 np0000156684 neutron-periodic-workers[104968]: DEBUG cotyledon.oslo_config_glue [-] ovn_nb_global.fdb_removal_limit = 0 {{(pid=104968) log_opt_values /opt/stack/data/venv/lib/python3.12/site-packages/oslo_config/cfg.py:3006}}
Feb 24 01:21:08.652767 np0000156684 neutron-periodic-workers[104968]: DEBUG cotyledon.oslo_config_glue [-] ovn_nb_global.ignore_lsp_down = False {{(pid=104968) log_opt_values /opt/stack/data/venv/lib/python3.12/site-packages/oslo_config/cfg.py:3006}}
Feb 24 01:21:08.652767 np0000156684 neutron-periodic-workers[104968]: DEBUG cotyledon.oslo_config_glue [-] ovn_nb_global.mac_binding_removal_limit = 0 {{(pid=104968) log_opt_values /opt/stack/data/venv/lib/python3.12/site-packages/oslo_config/cfg.py:3006}}
Feb 24 01:21:08.652767 np0000156684 neutron-periodic-workers[104968]: DEBUG cotyledon.oslo_config_glue [-] ******************************************************************************** {{(pid=104968) log_opt_values /opt/stack/data/venv/lib/python3.12/site-packages/oslo_config/cfg.py:3013}}
Feb 24 01:21:08.652973 np0000156684 neutron-periodic-workers[104968]: DEBUG cotyledon._service_worker [-] Run service ServiceWrapper(0) [104968] {{(pid=104968) wait_forever /opt/stack/data/venv/lib/python3.12/site-packages/cotyledon/_service_worker.py:218}}
Feb 24 01:21:18.295957 np0000156684 neutron-periodic-workers[104187]: DEBUG dbcounter [-] [104187] Writing DB stats neutron:SELECT=4 {{(pid=104187) stat_writer /opt/stack/data/venv/lib/python3.12/site-packages/dbcounter.py:115}}
Feb 24 01:21:33.608475 np0000156684 neutron-periodic-workers[104935]: DEBUG oslo_db.sqlalchemy.engines [None req-01adfdc5-e90c-43ea-a0fd-fb557b55193c None None] Parent process 104187 forked (104935) with an open database connection, which is being discarded and recreated. {{(pid=104935) checkout /opt/stack/data/venv/lib/python3.12/site-packages/oslo_db/sqlalchemy/engines.py:402}}
Feb 24 01:21:33.632714 np0000156684 neutron-periodic-workers[104935]: DEBUG dbcounter [-] [104935] Writer thread running {{(pid=104935) stat_writer /opt/stack/data/venv/lib/python3.12/site-packages/dbcounter.py:102}}
Feb 24 01:21:33.645849 np0000156684 neutron-periodic-workers[104935]: DEBUG oslo.service.backend._threading.loopingcall [None req-01adfdc5-e90c-43ea-a0fd-fb557b55193c None None] Fixed interval looping call 'neutron.services.ovn_l3.plugin.L3_NAT_dbonly_mixin._clean_garbage' sleeping for 299.95 seconds {{(pid=104935) _run_loop /opt/stack/data/venv/lib/python3.12/site-packages/oslo_service/backend/_threading/loopingcall.py:125}}
Feb 24 01:21:43.633597 np0000156684 neutron-periodic-workers[104935]: DEBUG dbcounter [-] [104935] Writing DB stats neutron:SELECT=1 {{(pid=104935) stat_writer /opt/stack/data/venv/lib/python3.12/site-packages/dbcounter.py:115}}
Feb 24 01:22:14.658855 np0000156684 neutron-periodic-workers[104952]: DEBUG dbcounter [-] [104952] Writer thread running {{(pid=104952) stat_writer /opt/stack/data/venv/lib/python3.12/site-packages/dbcounter.py:102}}
Feb 24 01:22:14.662181 np0000156684 neutron-periodic-workers[104952]: DEBUG neutron.db.agents_db [None req-54b9145d-e42e-4fad-b8bf-4f3c9a36e7a2 None None] Agent healthcheck: found 0 active agents {{(pid=104952) agent_health_check /opt/stack/neutron/neutron/db/agents_db.py:317}}
Feb 24 01:22:14.662578 np0000156684 neutron-periodic-workers[104952]: DEBUG oslo.service.backend._threading.loopingcall [None req-54b9145d-e42e-4fad-b8bf-4f3c9a36e7a2 None None] Fixed interval looping call 'neutron.plugins.ml2.plugin.AgentDbMixin.agent_health_check' sleeping for 36.98 seconds {{(pid=104952) _run_loop /opt/stack/data/venv/lib/python3.12/site-packages/oslo_service/backend/_threading/loopingcall.py:125}}
Feb 24 01:22:17.626762 np0000156684 neutron-periodic-workers[104943]: DEBUG dbcounter [-] [104943] Writer thread running {{(pid=104943) stat_writer /opt/stack/data/venv/lib/python3.12/site-packages/dbcounter.py:102}}
Feb 24 01:22:17.634984 np0000156684 neutron-periodic-workers[104943]: DEBUG oslo.service.backend._threading.loopingcall [None req-58d98b1f-443d-4b80-a164-a142d853a1e0 None None] Fixed interval looping call 'neutron.plugins.ml2.plugin.DhcpAgentSchedulerDbMixin.remove_networks_from_down_agents' sleeping for 36.98 seconds {{(pid=104943) _run_loop /opt/stack/data/venv/lib/python3.12/site-packages/oslo_service/backend/_threading/loopingcall.py:125}}
Feb 24 01:22:24.659335 np0000156684 neutron-periodic-workers[104952]: DEBUG dbcounter [-] [104952] Writing DB stats neutron:SELECT=1 {{(pid=104952) stat_writer /opt/stack/data/venv/lib/python3.12/site-packages/dbcounter.py:115}}
Feb 24 01:22:27.633940 np0000156684 neutron-periodic-workers[104943]: DEBUG dbcounter [-] [104943] Writing DB stats neutron:SELECT=3 {{(pid=104943) stat_writer /opt/stack/data/venv/lib/python3.12/site-packages/dbcounter.py:115}}
Feb 24 01:22:51.648190 np0000156684 neutron-periodic-workers[104952]: DEBUG neutron.db.agents_db [None req-54b9145d-e42e-4fad-b8bf-4f3c9a36e7a2 None None] Agent healthcheck: found 0 active agents {{(pid=104952) agent_health_check /opt/stack/neutron/neutron/db/agents_db.py:317}}
Feb 24 01:22:51.648190 np0000156684 neutron-periodic-workers[104952]: DEBUG oslo.service.backend._threading.loopingcall [None req-54b9145d-e42e-4fad-b8bf-4f3c9a36e7a2 None None] Fixed interval looping call 'neutron.plugins.ml2.plugin.AgentDbMixin.agent_health_check' sleeping for 36.99 seconds {{(pid=104952) _run_loop /opt/stack/data/venv/lib/python3.12/site-packages/oslo_service/backend/_threading/loopingcall.py:125}}
Feb 24 01:22:54.710140 np0000156684 neutron-periodic-workers[104943]: DEBUG oslo.service.backend._threading.loopingcall [None req-58d98b1f-443d-4b80-a164-a142d853a1e0 None None] Fixed interval looping call 'neutron.plugins.ml2.plugin.DhcpAgentSchedulerDbMixin.remove_networks_from_down_agents' sleeping for 36.91 seconds {{(pid=104943) _run_loop /opt/stack/data/venv/lib/python3.12/site-packages/oslo_service/backend/_threading/loopingcall.py:125}}
Feb 24 01:23:01.646590 np0000156684 neutron-periodic-workers[104952]: DEBUG dbcounter [-] [104952] Writing DB stats neutron:SELECT=1 {{(pid=104952) stat_writer /opt/stack/data/venv/lib/python3.12/site-packages/dbcounter.py:115}}
Feb 24 01:23:04.720883 np0000156684 neutron-periodic-workers[104943]: DEBUG dbcounter [-] [104943] Writing DB stats neutron:SELECT=3 {{(pid=104943) stat_writer /opt/stack/data/venv/lib/python3.12/site-packages/dbcounter.py:115}}
Feb 24 01:23:08.666630 np0000156684 neutron-periodic-workers[104968]: DEBUG dbcounter [-] [104968] Writer thread running {{(pid=104968) stat_writer /opt/stack/data/venv/lib/python3.12/site-packages/dbcounter.py:102}}
Feb 24 01:23:08.668180 np0000156684 neutron-periodic-workers[104968]: DEBUG oslo.service.backend._threading.loopingcall [None req-65071c0b-868a-4585-bdd1-d260279833a5 None None] Fixed interval looping call 'neutron.db.quota.driver_nolock.DbQuotaNoLockDriver._remove_expired_reservations' sleeping for 119.99 seconds {{(pid=104968) _run_loop /opt/stack/data/venv/lib/python3.12/site-packages/oslo_service/backend/_threading/loopingcall.py:125}}
Feb 24 01:23:18.667478 np0000156684 neutron-periodic-workers[104968]: DEBUG dbcounter [-] [104968] Writing DB stats neutron:DELETE=1 {{(pid=104968) stat_writer /opt/stack/data/venv/lib/python3.12/site-packages/dbcounter.py:115}}
Feb 24 01:23:28.644140 np0000156684 neutron-periodic-workers[104952]: DEBUG neutron.db.agents_db [None req-54b9145d-e42e-4fad-b8bf-4f3c9a36e7a2 None None] Agent healthcheck: found 0 active agents {{(pid=104952) agent_health_check /opt/stack/neutron/neutron/db/agents_db.py:317}}
Feb 24 01:23:28.644905 np0000156684 neutron-periodic-workers[104952]: DEBUG oslo.service.backend._threading.loopingcall [None req-54b9145d-e42e-4fad-b8bf-4f3c9a36e7a2 None None] Fixed interval looping call 'neutron.plugins.ml2.plugin.AgentDbMixin.agent_health_check' sleeping for 36.99 seconds {{(pid=104952) _run_loop /opt/stack/data/venv/lib/python3.12/site-packages/oslo_service/backend/_threading/loopingcall.py:125}}
Feb 24 01:23:31.628493 np0000156684 neutron-periodic-workers[104943]: DEBUG oslo.service.backend._threading.loopingcall [None req-58d98b1f-443d-4b80-a164-a142d853a1e0 None None] Fixed interval looping call 'neutron.plugins.ml2.plugin.DhcpAgentSchedulerDbMixin.remove_networks_from_down_agents' sleeping for 36.99 seconds {{(pid=104943) _run_loop /opt/stack/data/venv/lib/python3.12/site-packages/oslo_service/backend/_threading/loopingcall.py:125}}
Feb 24 01:23:38.642173 np0000156684 neutron-periodic-workers[104952]: DEBUG dbcounter [-] [104952] Writing DB stats neutron:SELECT=1 {{(pid=104952) stat_writer /opt/stack/data/venv/lib/python3.12/site-packages/dbcounter.py:115}}
Feb 24 01:23:41.629098 np0000156684 neutron-periodic-workers[104943]: DEBUG dbcounter [-] [104943] Writing DB stats neutron:SELECT=3 {{(pid=104943) stat_writer /opt/stack/data/venv/lib/python3.12/site-packages/dbcounter.py:115}}
Feb 24 01:24:05.639531 np0000156684 neutron-periodic-workers[104952]: DEBUG neutron.db.agents_db [None req-54b9145d-e42e-4fad-b8bf-4f3c9a36e7a2 None None] Agent healthcheck: found 0 active agents {{(pid=104952) agent_health_check /opt/stack/neutron/neutron/db/agents_db.py:317}}
Feb 24 01:24:05.640250 np0000156684 neutron-periodic-workers[104952]: DEBUG oslo.service.backend._threading.loopingcall [None req-54b9145d-e42e-4fad-b8bf-4f3c9a36e7a2 None None] Fixed interval looping call 'neutron.plugins.ml2.plugin.AgentDbMixin.agent_health_check' sleeping for 36.99 seconds {{(pid=104952) _run_loop /opt/stack/data/venv/lib/python3.12/site-packages/oslo_service/backend/_threading/loopingcall.py:125}}
Feb 24 01:24:08.627548 np0000156684 neutron-periodic-workers[104943]: DEBUG oslo.service.backend._threading.loopingcall [None req-58d98b1f-443d-4b80-a164-a142d853a1e0 None None] Fixed interval looping call 'neutron.plugins.ml2.plugin.DhcpAgentSchedulerDbMixin.remove_networks_from_down_agents' sleeping for 36.99 seconds {{(pid=104943) _run_loop /opt/stack/data/venv/lib/python3.12/site-packages/oslo_service/backend/_threading/loopingcall.py:125}}
Feb 24 01:24:15.637904 np0000156684 neutron-periodic-workers[104952]: DEBUG dbcounter [-] [104952] Writing DB stats neutron:SELECT=1 {{(pid=104952) stat_writer /opt/stack/data/venv/lib/python3.12/site-packages/dbcounter.py:115}}
Feb 24 01:24:18.626677 np0000156684 neutron-periodic-workers[104943]: DEBUG dbcounter [-] [104943] Writing DB stats neutron:SELECT=3 {{(pid=104943) stat_writer /opt/stack/data/venv/lib/python3.12/site-packages/dbcounter.py:115}}
Feb 24 01:24:42.635089 np0000156684 neutron-periodic-workers[104952]: DEBUG neutron.db.agents_db [None req-54b9145d-e42e-4fad-b8bf-4f3c9a36e7a2 None None] Agent healthcheck: found 0 active agents {{(pid=104952) agent_health_check /opt/stack/neutron/neutron/db/agents_db.py:317}}
Feb 24 01:24:42.636838 np0000156684 neutron-periodic-workers[104952]: DEBUG oslo.service.backend._threading.loopingcall [None req-54b9145d-e42e-4fad-b8bf-4f3c9a36e7a2 None None] Fixed interval looping call 'neutron.plugins.ml2.plugin.AgentDbMixin.agent_health_check' sleeping for 36.99 seconds {{(pid=104952) _run_loop /opt/stack/data/venv/lib/python3.12/site-packages/oslo_service/backend/_threading/loopingcall.py:125}}
Feb 24 01:24:45.625998 np0000156684 neutron-periodic-workers[104943]: DEBUG oslo.service.backend._threading.loopingcall [None req-58d98b1f-443d-4b80-a164-a142d853a1e0 None None] Fixed interval looping call 'neutron.plugins.ml2.plugin.DhcpAgentSchedulerDbMixin.remove_networks_from_down_agents' sleeping for 36.99 seconds {{(pid=104943) _run_loop /opt/stack/data/venv/lib/python3.12/site-packages/oslo_service/backend/_threading/loopingcall.py:125}}
Feb 24 01:24:52.633647 np0000156684 neutron-periodic-workers[104952]: DEBUG dbcounter [-] [104952] Writing DB stats neutron:SELECT=1 {{(pid=104952) stat_writer /opt/stack/data/venv/lib/python3.12/site-packages/dbcounter.py:115}}
Feb 24 01:24:55.624905 np0000156684 neutron-periodic-workers[104943]: DEBUG dbcounter [-] [104943] Writing DB stats neutron:SELECT=3 {{(pid=104943) stat_writer /opt/stack/data/venv/lib/python3.12/site-packages/dbcounter.py:115}}
Feb 24 01:25:08.663929 np0000156684 neutron-periodic-workers[104968]: DEBUG oslo.service.backend._threading.loopingcall [None req-65071c0b-868a-4585-bdd1-d260279833a5 None None] Fixed interval looping call 'neutron.db.quota.driver_nolock.DbQuotaNoLockDriver._remove_expired_reservations' sleeping for 120.00 seconds {{(pid=104968) _run_loop /opt/stack/data/venv/lib/python3.12/site-packages/oslo_service/backend/_threading/loopingcall.py:125}}
Feb 24 01:25:18.662707 np0000156684 neutron-periodic-workers[104968]: DEBUG dbcounter [-] [104968] Writing DB stats neutron:DELETE=1 {{(pid=104968) stat_writer /opt/stack/data/venv/lib/python3.12/site-packages/dbcounter.py:115}}
Feb 24 01:25:19.815893 np0000156684 neutron-periodic-workers[104952]: DEBUG neutron.db.agents_db [None req-54b9145d-e42e-4fad-b8bf-4f3c9a36e7a2 None None] Agent healthcheck: found 0 active agents {{(pid=104952) agent_health_check /opt/stack/neutron/neutron/db/agents_db.py:317}}
Feb 24 01:25:19.815893 np0000156684 neutron-periodic-workers[104952]: DEBUG oslo.service.backend._threading.loopingcall [None req-54b9145d-e42e-4fad-b8bf-4f3c9a36e7a2 None None] Fixed interval looping call 'neutron.plugins.ml2.plugin.AgentDbMixin.agent_health_check' sleeping for 36.99 seconds {{(pid=104952) _run_loop /opt/stack/data/venv/lib/python3.12/site-packages/oslo_service/backend/_threading/loopingcall.py:125}}
Feb 24 01:25:22.623782 np0000156684 neutron-periodic-workers[104943]: DEBUG oslo.service.backend._threading.loopingcall [None req-58d98b1f-443d-4b80-a164-a142d853a1e0 None None] Fixed interval looping call 'neutron.plugins.ml2.plugin.DhcpAgentSchedulerDbMixin.remove_networks_from_down_agents' sleeping for 36.99 seconds {{(pid=104943) _run_loop /opt/stack/data/venv/lib/python3.12/site-packages/oslo_service/backend/_threading/loopingcall.py:125}}
Feb 24 01:25:29.629517 np0000156684 neutron-periodic-workers[104952]: DEBUG dbcounter [-] [104952] Writing DB stats neutron:SELECT=1 {{(pid=104952) stat_writer /opt/stack/data/venv/lib/python3.12/site-packages/dbcounter.py:115}}
Feb 24 01:25:32.622946 np0000156684 neutron-periodic-workers[104943]: DEBUG dbcounter [-] [104943] Writing DB stats neutron:SELECT=3 {{(pid=104943) stat_writer /opt/stack/data/venv/lib/python3.12/site-packages/dbcounter.py:115}}
Feb 24 01:25:56.626663 np0000156684 neutron-periodic-workers[104952]: DEBUG neutron.db.agents_db [None req-54b9145d-e42e-4fad-b8bf-4f3c9a36e7a2 None None] Agent healthcheck: found 0 active agents {{(pid=104952) agent_health_check /opt/stack/neutron/neutron/db/agents_db.py:317}}
Feb 24 01:25:56.627139 np0000156684 neutron-periodic-workers[104952]: DEBUG oslo.service.backend._threading.loopingcall [None req-54b9145d-e42e-4fad-b8bf-4f3c9a36e7a2 None None] Fixed interval looping call 'neutron.plugins.ml2.plugin.AgentDbMixin.agent_health_check' sleeping for 37.00 seconds {{(pid=104952) _run_loop /opt/stack/data/venv/lib/python3.12/site-packages/oslo_service/backend/_threading/loopingcall.py:125}}
Feb 24 01:25:59.623335 np0000156684 neutron-periodic-workers[104943]: DEBUG oslo.service.backend._threading.loopingcall [None req-58d98b1f-443d-4b80-a164-a142d853a1e0 None None] Fixed interval looping call 'neutron.plugins.ml2.plugin.DhcpAgentSchedulerDbMixin.remove_networks_from_down_agents' sleeping for 36.99 seconds {{(pid=104943) _run_loop /opt/stack/data/venv/lib/python3.12/site-packages/oslo_service/backend/_threading/loopingcall.py:125}}
Feb 24 01:26:06.625600 np0000156684 neutron-periodic-workers[104952]: DEBUG dbcounter [-] [104952] Writing DB stats neutron:SELECT=1 {{(pid=104952) stat_writer /opt/stack/data/venv/lib/python3.12/site-packages/dbcounter.py:115}}
Feb 24 01:26:09.622425 np0000156684 neutron-periodic-workers[104943]: DEBUG dbcounter [-] [104943] Writing DB stats neutron:SELECT=3 {{(pid=104943) stat_writer /opt/stack/data/venv/lib/python3.12/site-packages/dbcounter.py:115}}
Feb 24 01:26:33.609184 np0000156684 neutron-periodic-workers[104935]: DEBUG oslo.service.backend._threading.loopingcall [None req-01adfdc5-e90c-43ea-a0fd-fb557b55193c None None] Fixed interval looping call 'neutron.services.ovn_l3.plugin.L3_NAT_dbonly_mixin._clean_garbage' sleeping for 299.99 seconds {{(pid=104935) _run_loop /opt/stack/data/venv/lib/python3.12/site-packages/oslo_service/backend/_threading/loopingcall.py:125}}
Feb 24 01:26:33.632918 np0000156684 neutron-periodic-workers[104952]: DEBUG neutron.db.agents_db [None req-54b9145d-e42e-4fad-b8bf-4f3c9a36e7a2 None None] Agent healthcheck: found 0 active agents {{(pid=104952) agent_health_check /opt/stack/neutron/neutron/db/agents_db.py:317}}
Feb 24 01:26:33.632918 np0000156684 neutron-periodic-workers[104952]: DEBUG oslo.service.backend._threading.loopingcall [None req-54b9145d-e42e-4fad-b8bf-4f3c9a36e7a2 None None] Fixed interval looping call 'neutron.plugins.ml2.plugin.AgentDbMixin.agent_health_check' sleeping for 36.99 seconds {{(pid=104952) _run_loop /opt/stack/data/venv/lib/python3.12/site-packages/oslo_service/backend/_threading/loopingcall.py:125}}
Feb 24 01:26:36.623654 np0000156684 neutron-periodic-workers[104943]: DEBUG oslo.service.backend._threading.loopingcall [None req-58d98b1f-443d-4b80-a164-a142d853a1e0 None None] Fixed interval looping call 'neutron.plugins.ml2.plugin.DhcpAgentSchedulerDbMixin.remove_networks_from_down_agents' sleeping for 36.99 seconds {{(pid=104943) _run_loop /opt/stack/data/venv/lib/python3.12/site-packages/oslo_service/backend/_threading/loopingcall.py:125}}
Feb 24 01:26:43.599725 np0000156684 neutron-periodic-workers[104935]: DEBUG dbcounter [-] [104935] Writing DB stats neutron:SELECT=1 {{(pid=104935) stat_writer /opt/stack/data/venv/lib/python3.12/site-packages/dbcounter.py:115}}
Feb 24 01:26:43.630546 np0000156684 neutron-periodic-workers[104952]: DEBUG dbcounter [-] [104952] Writing DB stats neutron:SELECT=1 {{(pid=104952) stat_writer /opt/stack/data/venv/lib/python3.12/site-packages/dbcounter.py:115}}
Feb 24 01:26:46.622071 np0000156684 neutron-periodic-workers[104943]: DEBUG dbcounter [-] [104943] Writing DB stats neutron:SELECT=3 {{(pid=104943) stat_writer /opt/stack/data/venv/lib/python3.12/site-packages/dbcounter.py:115}}
Feb 24 01:27:08.668596 np0000156684 neutron-periodic-workers[104968]: DEBUG oslo.service.backend._threading.loopingcall [None req-65071c0b-868a-4585-bdd1-d260279833a5 None None] Fixed interval looping call 'neutron.db.quota.driver_nolock.DbQuotaNoLockDriver._remove_expired_reservations' sleeping for 120.00 seconds {{(pid=104968) _run_loop /opt/stack/data/venv/lib/python3.12/site-packages/oslo_service/backend/_threading/loopingcall.py:125}}
Feb 24 01:27:10.628104 np0000156684 neutron-periodic-workers[104952]: DEBUG neutron.db.agents_db [None req-54b9145d-e42e-4fad-b8bf-4f3c9a36e7a2 None None] Agent healthcheck: found 0 active agents {{(pid=104952) agent_health_check /opt/stack/neutron/neutron/db/agents_db.py:317}}
Feb 24 01:27:10.628779 np0000156684 neutron-periodic-workers[104952]: DEBUG oslo.service.backend._threading.loopingcall [None req-54b9145d-e42e-4fad-b8bf-4f3c9a36e7a2 None None] Fixed interval looping call 'neutron.plugins.ml2.plugin.AgentDbMixin.agent_health_check' sleeping for 37.00 seconds {{(pid=104952) _run_loop /opt/stack/data/venv/lib/python3.12/site-packages/oslo_service/backend/_threading/loopingcall.py:125}}
Feb 24 01:27:13.621835 np0000156684 neutron-periodic-workers[104943]: DEBUG oslo.service.backend._threading.loopingcall [None req-58d98b1f-443d-4b80-a164-a142d853a1e0 None None] Fixed interval looping call 'neutron.plugins.ml2.plugin.DhcpAgentSchedulerDbMixin.remove_networks_from_down_agents' sleeping for 36.99 seconds {{(pid=104943) _run_loop /opt/stack/data/venv/lib/python3.12/site-packages/oslo_service/backend/_threading/loopingcall.py:125}}
Feb 24 01:27:18.677941 np0000156684 neutron-periodic-workers[104968]: DEBUG dbcounter [-] [104968] Writing DB stats neutron:DELETE=1 {{(pid=104968) stat_writer /opt/stack/data/venv/lib/python3.12/site-packages/dbcounter.py:115}}
Feb 24 01:27:20.627371 np0000156684 neutron-periodic-workers[104952]: DEBUG dbcounter [-] [104952] Writing DB stats neutron:SELECT=1 {{(pid=104952) stat_writer /opt/stack/data/venv/lib/python3.12/site-packages/dbcounter.py:115}}
Feb 24 01:27:23.621578 np0000156684 neutron-periodic-workers[104943]: DEBUG dbcounter [-] [104943] Writing DB stats neutron:SELECT=3 {{(pid=104943) stat_writer /opt/stack/data/venv/lib/python3.12/site-packages/dbcounter.py:115}}
Feb 24 01:27:47.635219 np0000156684 neutron-periodic-workers[104952]: DEBUG neutron.db.agents_db [None req-54b9145d-e42e-4fad-b8bf-4f3c9a36e7a2 None None] Agent healthcheck: found 0 active agents {{(pid=104952) agent_health_check /opt/stack/neutron/neutron/db/agents_db.py:317}}
Feb 24 01:27:47.636039 np0000156684 neutron-periodic-workers[104952]: DEBUG oslo.service.backend._threading.loopingcall [None req-54b9145d-e42e-4fad-b8bf-4f3c9a36e7a2 None None] Fixed interval looping call 'neutron.plugins.ml2.plugin.AgentDbMixin.agent_health_check' sleeping for 36.99 seconds {{(pid=104952) _run_loop /opt/stack/data/venv/lib/python3.12/site-packages/oslo_service/backend/_threading/loopingcall.py:125}}
Feb 24 01:27:50.622612 np0000156684 neutron-periodic-workers[104943]: DEBUG oslo.service.backend._threading.loopingcall [None req-58d98b1f-443d-4b80-a164-a142d853a1e0 None None] Fixed interval looping call 'neutron.plugins.ml2.plugin.DhcpAgentSchedulerDbMixin.remove_networks_from_down_agents' sleeping for 36.99 seconds {{(pid=104943) _run_loop /opt/stack/data/venv/lib/python3.12/site-packages/oslo_service/backend/_threading/loopingcall.py:125}}
Feb 24 01:27:57.633553 np0000156684 neutron-periodic-workers[104952]: DEBUG dbcounter [-] [104952] Writing DB stats neutron:SELECT=1 {{(pid=104952) stat_writer /opt/stack/data/venv/lib/python3.12/site-packages/dbcounter.py:115}}
Feb 24 01:28:00.620701 np0000156684 neutron-periodic-workers[104943]: DEBUG dbcounter [-] [104943] Writing DB stats neutron:SELECT=3 {{(pid=104943) stat_writer /opt/stack/data/venv/lib/python3.12/site-packages/dbcounter.py:115}}
Feb 24 01:28:24.630343 np0000156684 neutron-periodic-workers[104952]: DEBUG neutron.db.agents_db [None req-54b9145d-e42e-4fad-b8bf-4f3c9a36e7a2 None None] Agent healthcheck: found 0 active agents {{(pid=104952) agent_health_check /opt/stack/neutron/neutron/db/agents_db.py:317}}
Feb 24 01:28:24.631051 np0000156684 neutron-periodic-workers[104952]: DEBUG oslo.service.backend._threading.loopingcall [None req-54b9145d-e42e-4fad-b8bf-4f3c9a36e7a2 None None] Fixed interval looping call 'neutron.plugins.ml2.plugin.AgentDbMixin.agent_health_check' sleeping for 37.00 seconds {{(pid=104952) _run_loop /opt/stack/data/venv/lib/python3.12/site-packages/oslo_service/backend/_threading/loopingcall.py:125}}
Feb 24 01:28:27.624104 np0000156684 neutron-periodic-workers[104943]: DEBUG oslo.service.backend._threading.loopingcall [None req-58d98b1f-443d-4b80-a164-a142d853a1e0 None None] Fixed interval looping call 'neutron.plugins.ml2.plugin.DhcpAgentSchedulerDbMixin.remove_networks_from_down_agents' sleeping for 36.99 seconds {{(pid=104943) _run_loop /opt/stack/data/venv/lib/python3.12/site-packages/oslo_service/backend/_threading/loopingcall.py:125}}
Feb 24 01:28:34.629170 np0000156684 neutron-periodic-workers[104952]: DEBUG dbcounter [-] [104952] Writing DB stats neutron:SELECT=1 {{(pid=104952) stat_writer /opt/stack/data/venv/lib/python3.12/site-packages/dbcounter.py:115}}
Feb 24 01:28:37.622250 np0000156684 neutron-periodic-workers[104943]: DEBUG dbcounter [-] [104943] Writing DB stats neutron:SELECT=3 {{(pid=104943) stat_writer /opt/stack/data/venv/lib/python3.12/site-packages/dbcounter.py:115}}
Feb 24 01:29:01.636836 np0000156684 neutron-periodic-workers[104952]: DEBUG neutron.db.agents_db [None req-54b9145d-e42e-4fad-b8bf-4f3c9a36e7a2 None None] Agent healthcheck: found 0 active agents {{(pid=104952) agent_health_check /opt/stack/neutron/neutron/db/agents_db.py:317}}
Feb 24 01:29:01.637467 np0000156684 neutron-periodic-workers[104952]: DEBUG oslo.service.backend._threading.loopingcall [None req-54b9145d-e42e-4fad-b8bf-4f3c9a36e7a2 None None] Fixed interval looping call 'neutron.plugins.ml2.plugin.AgentDbMixin.agent_health_check' sleeping for 36.99 seconds {{(pid=104952) _run_loop /opt/stack/data/venv/lib/python3.12/site-packages/oslo_service/backend/_threading/loopingcall.py:125}}
Feb 24 01:29:04.626760 np0000156684 neutron-periodic-workers[104943]: DEBUG oslo.service.backend._threading.loopingcall [None req-58d98b1f-443d-4b80-a164-a142d853a1e0 None None] Fixed interval looping call 'neutron.plugins.ml2.plugin.DhcpAgentSchedulerDbMixin.remove_networks_from_down_agents' sleeping for 36.99 seconds {{(pid=104943) _run_loop /opt/stack/data/venv/lib/python3.12/site-packages/oslo_service/backend/_threading/loopingcall.py:125}}
Feb 24 01:29:08.675754 np0000156684 neutron-periodic-workers[104968]: DEBUG oslo.service.backend._threading.loopingcall [None req-65071c0b-868a-4585-bdd1-d260279833a5 None None] Fixed interval looping call 'neutron.db.quota.driver_nolock.DbQuotaNoLockDriver._remove_expired_reservations' sleeping for 120.00 seconds {{(pid=104968) _run_loop /opt/stack/data/venv/lib/python3.12/site-packages/oslo_service/backend/_threading/loopingcall.py:125}}
Feb 24 01:29:11.634144 np0000156684 neutron-periodic-workers[104952]: DEBUG dbcounter [-] [104952] Writing DB stats neutron:SELECT=1 {{(pid=104952) stat_writer /opt/stack/data/venv/lib/python3.12/site-packages/dbcounter.py:115}}
Feb 24 01:29:14.625074 np0000156684 neutron-periodic-workers[104943]: DEBUG dbcounter [-] [104943] Writing DB stats neutron:SELECT=3 {{(pid=104943) stat_writer /opt/stack/data/venv/lib/python3.12/site-packages/dbcounter.py:115}}
Feb 24 01:29:18.672627 np0000156684 neutron-periodic-workers[104968]: DEBUG dbcounter [-] [104968] Writing DB stats neutron:DELETE=1 {{(pid=104968) stat_writer /opt/stack/data/venv/lib/python3.12/site-packages/dbcounter.py:115}}
Feb 24 01:29:38.632759 np0000156684 neutron-periodic-workers[104952]: DEBUG neutron.db.agents_db [None req-54b9145d-e42e-4fad-b8bf-4f3c9a36e7a2 None None] Agent healthcheck: found 0 active agents {{(pid=104952) agent_health_check /opt/stack/neutron/neutron/db/agents_db.py:317}}
Feb 24 01:29:38.633563 np0000156684 neutron-periodic-workers[104952]: DEBUG oslo.service.backend._threading.loopingcall [None req-54b9145d-e42e-4fad-b8bf-4f3c9a36e7a2 None None] Fixed interval looping call 'neutron.plugins.ml2.plugin.AgentDbMixin.agent_health_check' sleeping for 36.99 seconds {{(pid=104952) _run_loop /opt/stack/data/venv/lib/python3.12/site-packages/oslo_service/backend/_threading/loopingcall.py:125}}
Feb 24 01:29:41.625198 np0000156684 neutron-periodic-workers[104943]: DEBUG oslo.service.backend._threading.loopingcall [None req-58d98b1f-443d-4b80-a164-a142d853a1e0 None None] Fixed interval looping call 'neutron.plugins.ml2.plugin.DhcpAgentSchedulerDbMixin.remove_networks_from_down_agents' sleeping for 36.99 seconds {{(pid=104943) _run_loop /opt/stack/data/venv/lib/python3.12/site-packages/oslo_service/backend/_threading/loopingcall.py:125}}
Feb 24 01:29:48.630750 np0000156684 neutron-periodic-workers[104952]: DEBUG dbcounter [-] [104952] Writing DB stats neutron:SELECT=1 {{(pid=104952) stat_writer /opt/stack/data/venv/lib/python3.12/site-packages/dbcounter.py:115}}
Feb 24 01:29:51.623704 np0000156684 neutron-periodic-workers[104943]: DEBUG dbcounter [-] [104943] Writing DB stats neutron:SELECT=3 {{(pid=104943) stat_writer /opt/stack/data/venv/lib/python3.12/site-packages/dbcounter.py:115}}
Feb 24 01:30:15.628175 np0000156684 neutron-periodic-workers[104952]: DEBUG neutron.db.agents_db [None req-54b9145d-e42e-4fad-b8bf-4f3c9a36e7a2 None None] Agent healthcheck: found 0 active agents {{(pid=104952) agent_health_check /opt/stack/neutron/neutron/db/agents_db.py:317}}
Feb 24 01:30:15.628858 np0000156684 neutron-periodic-workers[104952]: DEBUG oslo.service.backend._threading.loopingcall [None req-54b9145d-e42e-4fad-b8bf-4f3c9a36e7a2 None None] Fixed interval looping call 'neutron.plugins.ml2.plugin.AgentDbMixin.agent_health_check' sleeping for 37.00 seconds {{(pid=104952) _run_loop /opt/stack/data/venv/lib/python3.12/site-packages/oslo_service/backend/_threading/loopingcall.py:125}}
Feb 24 01:30:18.625574 np0000156684 neutron-periodic-workers[104943]: DEBUG oslo.service.backend._threading.loopingcall [None req-58d98b1f-443d-4b80-a164-a142d853a1e0 None None] Fixed interval looping call 'neutron.plugins.ml2.plugin.DhcpAgentSchedulerDbMixin.remove_networks_from_down_agents' sleeping for 36.99 seconds {{(pid=104943) _run_loop /opt/stack/data/venv/lib/python3.12/site-packages/oslo_service/backend/_threading/loopingcall.py:125}}
Feb 24 01:30:25.626077 np0000156684 neutron-periodic-workers[104952]: DEBUG dbcounter [-] [104952] Writing DB stats neutron:SELECT=1 {{(pid=104952) stat_writer /opt/stack/data/venv/lib/python3.12/site-packages/dbcounter.py:115}}
Feb 24 01:30:28.624316 np0000156684 neutron-periodic-workers[104943]: DEBUG dbcounter [-] [104943] Writing DB stats neutron:SELECT=3 {{(pid=104943) stat_writer /opt/stack/data/venv/lib/python3.12/site-packages/dbcounter.py:115}}
Feb 24 01:30:52.633613 np0000156684 neutron-periodic-workers[104952]: DEBUG neutron.db.agents_db [None req-54b9145d-e42e-4fad-b8bf-4f3c9a36e7a2 None None] Agent healthcheck: found 0 active agents {{(pid=104952) agent_health_check /opt/stack/neutron/neutron/db/agents_db.py:317}}
Feb 24 01:30:52.639829 np0000156684 neutron-periodic-workers[104952]: DEBUG oslo.service.backend._threading.loopingcall [None req-54b9145d-e42e-4fad-b8bf-4f3c9a36e7a2 None None] Fixed interval looping call 'neutron.plugins.ml2.plugin.AgentDbMixin.agent_health_check' sleeping for 36.99 seconds {{(pid=104952) _run_loop /opt/stack/data/venv/lib/python3.12/site-packages/oslo_service/backend/_threading/loopingcall.py:125}}
Feb 24 01:30:55.638000 np0000156684 neutron-periodic-workers[104943]: DEBUG oslo.service.backend._threading.loopingcall [None req-58d98b1f-443d-4b80-a164-a142d853a1e0 None None] Fixed interval looping call 'neutron.plugins.ml2.plugin.DhcpAgentSchedulerDbMixin.remove_networks_from_down_agents' sleeping for 36.99 seconds {{(pid=104943) _run_loop /opt/stack/data/venv/lib/python3.12/site-packages/oslo_service/backend/_threading/loopingcall.py:125}}
Feb 24 01:31:02.632174 np0000156684 neutron-periodic-workers[104952]: DEBUG dbcounter [-] [104952] Writing DB stats neutron:SELECT=1 {{(pid=104952) stat_writer /opt/stack/data/venv/lib/python3.12/site-packages/dbcounter.py:115}}
Feb 24 01:31:05.623910 np0000156684 neutron-periodic-workers[104943]: DEBUG dbcounter [-] [104943] Writing DB stats neutron:SELECT=3 {{(pid=104943) stat_writer /opt/stack/data/venv/lib/python3.12/site-packages/dbcounter.py:115}}
Feb 24 01:31:08.677223 np0000156684 neutron-periodic-workers[104968]: DEBUG oslo.service.backend._threading.loopingcall [None req-65071c0b-868a-4585-bdd1-d260279833a5 None None] Fixed interval looping call 'neutron.db.quota.driver_nolock.DbQuotaNoLockDriver._remove_expired_reservations' sleeping for 120.00 seconds {{(pid=104968) _run_loop /opt/stack/data/venv/lib/python3.12/site-packages/oslo_service/backend/_threading/loopingcall.py:125}}
Feb 24 01:31:18.676554 np0000156684 neutron-periodic-workers[104968]: DEBUG dbcounter [-] [104968] Writing DB stats neutron:DELETE=1 {{(pid=104968) stat_writer /opt/stack/data/venv/lib/python3.12/site-packages/dbcounter.py:115}}
Feb 24 01:31:29.628365 np0000156684 neutron-periodic-workers[104952]: DEBUG neutron.db.agents_db [None req-54b9145d-e42e-4fad-b8bf-4f3c9a36e7a2 None None] Agent healthcheck: found 0 active agents {{(pid=104952) agent_health_check /opt/stack/neutron/neutron/db/agents_db.py:317}}
Feb 24 01:31:29.628701 np0000156684 neutron-periodic-workers[104952]: DEBUG oslo.service.backend._threading.loopingcall [None req-54b9145d-e42e-4fad-b8bf-4f3c9a36e7a2 None None] Fixed interval looping call 'neutron.plugins.ml2.plugin.AgentDbMixin.agent_health_check' sleeping for 37.00 seconds {{(pid=104952) _run_loop /opt/stack/data/venv/lib/python3.12/site-packages/oslo_service/backend/_threading/loopingcall.py:125}}
Feb 24 01:31:32.625861 np0000156684 neutron-periodic-workers[104943]: DEBUG oslo.service.backend._threading.loopingcall [None req-58d98b1f-443d-4b80-a164-a142d853a1e0 None None] Fixed interval looping call 'neutron.plugins.ml2.plugin.DhcpAgentSchedulerDbMixin.remove_networks_from_down_agents' sleeping for 36.99 seconds {{(pid=104943) _run_loop /opt/stack/data/venv/lib/python3.12/site-packages/oslo_service/backend/_threading/loopingcall.py:125}}
Feb 24 01:31:33.608910 np0000156684 neutron-periodic-workers[104935]: DEBUG oslo.service.backend._threading.loopingcall [None req-01adfdc5-e90c-43ea-a0fd-fb557b55193c None None] Fixed interval looping call 'neutron.services.ovn_l3.plugin.L3_NAT_dbonly_mixin._clean_garbage' sleeping for 299.99 seconds {{(pid=104935) _run_loop /opt/stack/data/venv/lib/python3.12/site-packages/oslo_service/backend/_threading/loopingcall.py:125}}
Feb 24 01:31:39.643020 np0000156684 neutron-periodic-workers[104952]: DEBUG dbcounter [-] [104952] Writing DB stats neutron:SELECT=1 {{(pid=104952) stat_writer /opt/stack/data/venv/lib/python3.12/site-packages/dbcounter.py:115}}
Feb 24 01:31:42.625144 np0000156684 neutron-periodic-workers[104943]: DEBUG dbcounter [-] [104943] Writing DB stats neutron:SELECT=3 {{(pid=104943) stat_writer /opt/stack/data/venv/lib/python3.12/site-packages/dbcounter.py:115}}
Feb 24 01:31:43.603968 np0000156684 neutron-periodic-workers[104935]: DEBUG dbcounter [-] [104935] Writing DB stats neutron:SELECT=1 {{(pid=104935) stat_writer /opt/stack/data/venv/lib/python3.12/site-packages/dbcounter.py:115}}
Feb 24 01:32:06.635115 np0000156684 neutron-periodic-workers[104952]: DEBUG neutron.db.agents_db [None req-54b9145d-e42e-4fad-b8bf-4f3c9a36e7a2 None None] Agent healthcheck: found 0 active agents {{(pid=104952) agent_health_check /opt/stack/neutron/neutron/db/agents_db.py:317}}
Feb 24 01:32:06.635115 np0000156684 neutron-periodic-workers[104952]: DEBUG oslo.service.backend._threading.loopingcall [None req-54b9145d-e42e-4fad-b8bf-4f3c9a36e7a2 None None] Fixed interval looping call 'neutron.plugins.ml2.plugin.AgentDbMixin.agent_health_check' sleeping for 36.99 seconds {{(pid=104952) _run_loop /opt/stack/data/venv/lib/python3.12/site-packages/oslo_service/backend/_threading/loopingcall.py:125}}
Feb 24 01:32:09.626721 np0000156684 neutron-periodic-workers[104943]: DEBUG oslo.service.backend._threading.loopingcall [None req-58d98b1f-443d-4b80-a164-a142d853a1e0 None None] Fixed interval looping call 'neutron.plugins.ml2.plugin.DhcpAgentSchedulerDbMixin.remove_networks_from_down_agents' sleeping for 36.99 seconds {{(pid=104943) _run_loop /opt/stack/data/venv/lib/python3.12/site-packages/oslo_service/backend/_threading/loopingcall.py:125}}
Feb 24 01:32:16.632214 np0000156684 neutron-periodic-workers[104952]: DEBUG dbcounter [-] [104952] Writing DB stats neutron:SELECT=1 {{(pid=104952) stat_writer /opt/stack/data/venv/lib/python3.12/site-packages/dbcounter.py:115}}
Feb 24 01:32:19.624754 np0000156684 neutron-periodic-workers[104943]: DEBUG dbcounter [-] [104943] Writing DB stats neutron:SELECT=3 {{(pid=104943) stat_writer /opt/stack/data/venv/lib/python3.12/site-packages/dbcounter.py:115}}
Feb 24 01:32:43.631842 np0000156684 neutron-periodic-workers[104952]: DEBUG neutron.db.agents_db [None req-54b9145d-e42e-4fad-b8bf-4f3c9a36e7a2 None None] Agent healthcheck: found 0 active agents {{(pid=104952) agent_health_check /opt/stack/neutron/neutron/db/agents_db.py:317}}
