2026-04-29 03:10:45.370 7 INFO cinder.api.openstack.wsgi [None req-32797755-86f4-4ac0-aded-40293777648f b614d6440fe24072be93a7ffdcb2d831 6c8bf693dc4e432794531548d9e6b4e1 - - default default] GET http://cinder-api.openstack.svc.cluster.local:8776/v3/6c8bf693dc4e432794531548d9e6b4e1/os-quota-sets/accdafaa17bc4d44a200806e0d26d157?usage=true
2026-04-29 03:10:45.397 7 INFO cinder.api.openstack.wsgi [None req-32797755-86f4-4ac0-aded-40293777648f b614d6440fe24072be93a7ffdcb2d831 6c8bf693dc4e432794531548d9e6b4e1 - - default default] http://cinder-api.openstack.svc.cluster.local:8776/v3/6c8bf693dc4e432794531548d9e6b4e1/os-quota-sets/accdafaa17bc4d44a200806e0d26d157?usage=true returned with HTTP 200 [pid: 7|app: 0|req: 486/961] 10.0.0.191 () {28 vars in 736 bytes} [Wed Apr 29 03:10:45 2026] GET /v3/6c8bf693dc4e432794531548d9e6b4e1/os-quota-sets/accdafaa17bc4d44a200806e0d26d157?usage=true => generated 847 bytes in 37 msecs (HTTP/1.1 200) 7 headers in 285 bytes (1 switches on core 0)
2026-04-29 03:10:45.412 8 INFO cinder.api.openstack.wsgi [None req-73830326-ca96-4470-8443-4b764fcb33d8 b614d6440fe24072be93a7ffdcb2d831 6c8bf693dc4e432794531548d9e6b4e1 - - default default] GET http://cinder-api.openstack.svc.cluster.local:8776/v3/6c8bf693dc4e432794531548d9e6b4e1/os-quota-sets/bab7fa223af140edb9a8b9f13d94bbb4?usage=true
2026-04-29 03:10:45.432 8 INFO cinder.api.openstack.wsgi [None req-73830326-ca96-4470-8443-4b764fcb33d8 b614d6440fe24072be93a7ffdcb2d831 6c8bf693dc4e432794531548d9e6b4e1 - - default default] http://cinder-api.openstack.svc.cluster.local:8776/v3/6c8bf693dc4e432794531548d9e6b4e1/os-quota-sets/bab7fa223af140edb9a8b9f13d94bbb4?usage=true returned with HTTP 200 [pid: 8|app: 0|req: 476/962] 10.0.0.191 () {28 vars in 736 bytes} [Wed Apr 29 03:10:45 2026] GET /v3/6c8bf693dc4e432794531548d9e6b4e1/os-quota-sets/bab7fa223af140edb9a8b9f13d94bbb4?usage=true => generated 847 bytes in 30 msecs (HTTP/1.1 200) 7 headers in 285 bytes (1 switches on core 0)
2026-04-29 03:10:45.447 7 INFO cinder.api.openstack.wsgi [None req-4c3dfd03-11f1-4d50-9b4b-e46998fc48a3 b614d6440fe24072be93a7ffdcb2d831 6c8bf693dc4e432794531548d9e6b4e1 - - default default] GET http://cinder-api.openstack.svc.cluster.local:8776/v3/6c8bf693dc4e432794531548d9e6b4e1/os-quota-sets/cd5057018a424bc1a1cba3f4b05a3ded?usage=true
2026-04-29 03:10:45.468 7 INFO cinder.api.openstack.wsgi [None req-4c3dfd03-11f1-4d50-9b4b-e46998fc48a3 b614d6440fe24072be93a7ffdcb2d831 6c8bf693dc4e432794531548d9e6b4e1 - - default default] http://cinder-api.openstack.svc.cluster.local:8776/v3/6c8bf693dc4e432794531548d9e6b4e1/os-quota-sets/cd5057018a424bc1a1cba3f4b05a3ded?usage=true returned with HTTP 200 [pid: 7|app: 0|req: 487/963] 10.0.0.191 () {28 vars in 736 bytes} [Wed Apr 29 03:10:45 2026] GET /v3/6c8bf693dc4e432794531548d9e6b4e1/os-quota-sets/cd5057018a424bc1a1cba3f4b05a3ded?usage=true => generated 847 bytes in 31 msecs (HTTP/1.1 200) 7 headers in 285 bytes (1 switches on core 0)
2026-04-29 03:10:45.481 8 INFO cinder.api.openstack.wsgi [None req-2dc539b1-5c83-45b1-8758-050844017562 b614d6440fe24072be93a7ffdcb2d831 6c8bf693dc4e432794531548d9e6b4e1 - - default default] GET http://cinder-api.openstack.svc.cluster.local:8776/v3/6c8bf693dc4e432794531548d9e6b4e1/snapshots?all_tenants=true
2026-04-29 03:10:45.488 8 INFO cinder.volume.api [None req-2dc539b1-5c83-45b1-8758-050844017562 b614d6440fe24072be93a7ffdcb2d831 6c8bf693dc4e432794531548d9e6b4e1 - - default default] Get all snapshots completed successfully.
2026-04-29 03:10:45.488 8 INFO cinder.api.openstack.wsgi [None req-2dc539b1-5c83-45b1-8758-050844017562 b614d6440fe24072be93a7ffdcb2d831 6c8bf693dc4e432794531548d9e6b4e1 - - default default] http://cinder-api.openstack.svc.cluster.local:8776/v3/6c8bf693dc4e432794531548d9e6b4e1/snapshots?all_tenants=true returned with HTTP 200 [pid: 8|app: 0|req: 477/964] 10.0.0.191 () {28 vars in 674 bytes} [Wed Apr 29 03:10:45 2026] GET /v3/6c8bf693dc4e432794531548d9e6b4e1/snapshots?all_tenants=true => generated 17 bytes in 15 msecs (HTTP/1.1 200) 7 headers in 284 bytes (1 switches on core 0)
2026-04-29 03:10:45.499 7 INFO cinder.api.openstack.wsgi [None req-a990e02f-1d34-456e-9cda-dcb72e7e21ad b614d6440fe24072be93a7ffdcb2d831 6c8bf693dc4e432794531548d9e6b4e1 - - default default] GET http://cinder-api.openstack.svc.cluster.local:8776/v3/6c8bf693dc4e432794531548d9e6b4e1/volumes/detail?all_tenants=true
2026-04-29 03:10:45.515 7 INFO cinder.volume.api [None req-a990e02f-1d34-456e-9cda-dcb72e7e21ad b614d6440fe24072be93a7ffdcb2d831 6c8bf693dc4e432794531548d9e6b4e1 - - default default] Get all volumes completed successfully. /var/lib/openstack/lib/python3.12/site-packages/oslo_context/context.py:100: DeprecationWarning: Policy enforcement is depending on the value of is_admin. This key is deprecated. Please update your policy file to use the standard policy values. warnings.warn('Policy enforcement is depending on the value of '
2026-04-29 03:10:45.521 7 INFO cinder.api.openstack.wsgi [None req-a990e02f-1d34-456e-9cda-dcb72e7e21ad b614d6440fe24072be93a7ffdcb2d831 6c8bf693dc4e432794531548d9e6b4e1 - - default default] http://cinder-api.openstack.svc.cluster.local:8776/v3/6c8bf693dc4e432794531548d9e6b4e1/volumes/detail?all_tenants=true returned with HTTP 200 /var/lib/openstack/lib/python3.12/site-packages/pycadf/timestamp.py:28: DeprecationWarning: datetime.datetime.utcnow() is deprecated and scheduled for removal in a future version. Use timezone-aware objects to represent datetimes in UTC: datetime.datetime.now(datetime.UTC). utc_datetime = pytz.utc.localize(datetime.datetime.utcnow()) [pid: 7|app: 0|req: 488/965] 10.0.0.191 () {28 vars in 684 bytes} [Wed Apr 29 03:10:45 2026] GET /v3/6c8bf693dc4e432794531548d9e6b4e1/volumes/detail?all_tenants=true => generated 1790 bytes in 30 msecs (HTTP/1.1 200) 7 headers in 286 bytes (1 switches on core 0)
2026-04-29 03:10:45.535 8 INFO cinder.api.openstack.wsgi [None req-37302742-5f56-4e7d-bdbb-b75918127c02 b614d6440fe24072be93a7ffdcb2d831 6c8bf693dc4e432794531548d9e6b4e1 - - default default] GET http://cinder-api.openstack.svc.cluster.local:8776/v3/6c8bf693dc4e432794531548d9e6b4e1/volumes/detail?all_tenants=true
2026-04-29 03:10:45.553 8 INFO cinder.volume.api [None req-37302742-5f56-4e7d-bdbb-b75918127c02 b614d6440fe24072be93a7ffdcb2d831 6c8bf693dc4e432794531548d9e6b4e1 - - default default] Get all volumes completed successfully. /var/lib/openstack/lib/python3.12/site-packages/oslo_context/context.py:100: DeprecationWarning: Policy enforcement is depending on the value of is_admin. This key is deprecated. Please update your policy file to use the standard policy values. warnings.warn('Policy enforcement is depending on the value of '
2026-04-29 03:10:45.560 8 INFO cinder.api.openstack.wsgi [None req-37302742-5f56-4e7d-bdbb-b75918127c02 b614d6440fe24072be93a7ffdcb2d831 6c8bf693dc4e432794531548d9e6b4e1 - - default default] http://cinder-api.openstack.svc.cluster.local:8776/v3/6c8bf693dc4e432794531548d9e6b4e1/volumes/detail?all_tenants=true returned with HTTP 200 /var/lib/openstack/lib/python3.12/site-packages/pycadf/timestamp.py:28: DeprecationWarning: datetime.datetime.utcnow() is deprecated and scheduled for removal in a future version. Use timezone-aware objects to represent datetimes in UTC: datetime.datetime.now(datetime.UTC). utc_datetime = pytz.utc.localize(datetime.datetime.utcnow()) [pid: 8|app: 0|req: 478/966] 10.0.0.191 () {28 vars in 684 bytes} [Wed Apr 29 03:10:45 2026] GET /v3/6c8bf693dc4e432794531548d9e6b4e1/volumes/detail?all_tenants=true => generated 1790 bytes in 32 msecs (HTTP/1.1 200) 7 headers in 286 bytes (1 switches on core 0) /var/lib/openstack/lib/python3.12/site-packages/pycadf/identifier.py:71: UserWarning: Invalid uuid: cinderv3. To ensure interoperability, identifiers should be a valid uuid. warnings.warn(('Invalid uuid: %s. To ensure interoperability, '
2026-04-29 03:10:45.570 7 INFO cinder.api.openstack.wsgi [None req-5bc87f59-a851-431f-a079-072de732b371 b614d6440fe24072be93a7ffdcb2d831 6c8bf693dc4e432794531548d9e6b4e1 - - default default] GET http://cinder-api.openstack.svc.cluster.local:8776/v3/6c8bf693dc4e432794531548d9e6b4e1/os-services
2026-04-29 03:10:45.577 7 INFO cinder.api.openstack.wsgi [None req-5bc87f59-a851-431f-a079-072de732b371 b614d6440fe24072be93a7ffdcb2d831 6c8bf693dc4e432794531548d9e6b4e1 - - default default] http://cinder-api.openstack.svc.cluster.local:8776/v3/6c8bf693dc4e432794531548d9e6b4e1/os-services returned with HTTP 200 [pid: 7|app: 0|req: 489/967] 10.0.0.191 () {28 vars in 645 bytes} [Wed Apr 29 03:10:45 2026] GET /v3/6c8bf693dc4e432794531548d9e6b4e1/os-services => generated 646 bytes in 13 msecs (HTTP/1.1 200) 7 headers in 285 bytes (1 switches on core 0) /var/lib/openstack/lib/python3.12/site-packages/pycadf/identifier.py:71: UserWarning: Invalid uuid: cinderv3. To ensure interoperability, identifiers should be a valid uuid. warnings.warn(('Invalid uuid: %s. To ensure interoperability, '
2026-04-29 03:10:45.590 8 INFO cinder.api.openstack.wsgi [None req-e8bb43db-3352-4c19-b081-193823330a2a b614d6440fe24072be93a7ffdcb2d831 6c8bf693dc4e432794531548d9e6b4e1 - - default default] GET http://cinder-api.openstack.svc.cluster.local:8776/v3/6c8bf693dc4e432794531548d9e6b4e1/scheduler-stats/get_pools?detail=true
2026-04-29 03:10:46.095 8 INFO cinder.api.openstack.wsgi [None req-e8bb43db-3352-4c19-b081-193823330a2a b614d6440fe24072be93a7ffdcb2d831 6c8bf693dc4e432794531548d9e6b4e1 - - default default] http://cinder-api.openstack.svc.cluster.local:8776/v3/6c8bf693dc4e432794531548d9e6b4e1/scheduler-stats/get_pools?detail=true returned with HTTP 200 [pid: 8|app: 0|req: 479/968] 10.0.0.191 () {28 vars in 696 bytes} [Wed Apr 29 03:10:45 2026] GET /v3/6c8bf693dc4e432794531548d9e6b4e1/scheduler-stats/get_pools?detail=true => generated 670 bytes in 515 msecs (HTTP/1.1 200) 7 headers in 285 bytes (1 switches on core 0)
2026-04-29 03:10:47.938 8 INFO cinder.api.openstack.wsgi [None req-e8bb43db-3352-4c19-b081-193823330a2a b614d6440fe24072be93a7ffdcb2d831 6c8bf693dc4e432794531548d9e6b4e1 - - default default] GET http://10.0.0.184:8776/
2026-04-29 03:10:47.939 8 INFO cinder.api.openstack.wsgi [None req-e8bb43db-3352-4c19-b081-193823330a2a b614d6440fe24072be93a7ffdcb2d831 6c8bf693dc4e432794531548d9e6b4e1 - - default default] http://10.0.0.184:8776/ returned with HTTP 300
2026-04-29 03:10:47.939 7 INFO cinder.api.openstack.wsgi [None req-5bc87f59-a851-431f-a079-072de732b371 b614d6440fe24072be93a7ffdcb2d831 6c8bf693dc4e432794531548d9e6b4e1 - - default default] GET http://10.0.0.184:8776/
2026-04-29 03:10:47.941 7 INFO cinder.api.openstack.wsgi [None req-5bc87f59-a851-431f-a079-072de732b371 b614d6440fe24072be93a7ffdcb2d831 6c8bf693dc4e432794531548d9e6b4e1 - - default default] http://10.0.0.184:8776/ returned with HTTP 300
2026-04-29 03:10:57.940 8 INFO cinder.api.openstack.wsgi [None req-e8bb43db-3352-4c19-b081-193823330a2a b614d6440fe24072be93a7ffdcb2d831 6c8bf693dc4e432794531548d9e6b4e1 - - default default] GET http://10.0.0.184:8776/
2026-04-29 03:10:57.940 7 INFO cinder.api.openstack.wsgi [None req-5bc87f59-a851-431f-a079-072de732b371 b614d6440fe24072be93a7ffdcb2d831 6c8bf693dc4e432794531548d9e6b4e1 - - default default] GET http://10.0.0.184:8776/
2026-04-29 03:10:57.941 8 INFO cinder.api.openstack.wsgi [None req-e8bb43db-3352-4c19-b081-193823330a2a b614d6440fe24072be93a7ffdcb2d831 6c8bf693dc4e432794531548d9e6b4e1 - - default default] http://10.0.0.184:8776/ returned with HTTP 300
2026-04-29 03:10:57.941 7 INFO cinder.api.openstack.wsgi [None req-5bc87f59-a851-431f-a079-072de732b371 b614d6440fe24072be93a7ffdcb2d831 6c8bf693dc4e432794531548d9e6b4e1 - - default default] http://10.0.0.184:8776/ returned with HTTP 300
2026-04-29 03:11:07.939 7 INFO cinder.api.openstack.wsgi [None req-5bc87f59-a851-431f-a079-072de732b371 b614d6440fe24072be93a7ffdcb2d831 6c8bf693dc4e432794531548d9e6b4e1 - - default default] GET http://10.0.0.184:8776/
2026-04-29 03:11:07.939 8 INFO cinder.api.openstack.wsgi [None req-e8bb43db-3352-4c19-b081-193823330a2a b614d6440fe24072be93a7ffdcb2d831 6c8bf693dc4e432794531548d9e6b4e1 - - default default] GET http://10.0.0.184:8776/
2026-04-29 03:11:07.940 7 INFO cinder.api.openstack.wsgi [None req-5bc87f59-a851-431f-a079-072de732b371 b614d6440fe24072be93a7ffdcb2d831 6c8bf693dc4e432794531548d9e6b4e1 - - default default] http://10.0.0.184:8776/ returned with HTTP 300
2026-04-29 03:11:07.940 8 INFO cinder.api.openstack.wsgi [None req-e8bb43db-3352-4c19-b081-193823330a2a b614d6440fe24072be93a7ffdcb2d831 6c8bf693dc4e432794531548d9e6b4e1 - - default default] http://10.0.0.184:8776/ returned with HTTP 300
2026-04-29 03:11:17.939 7 INFO cinder.api.openstack.wsgi [None req-5bc87f59-a851-431f-a079-072de732b371 b614d6440fe24072be93a7ffdcb2d831 6c8bf693dc4e432794531548d9e6b4e1 - - default default] GET http://10.0.0.184:8776/
2026-04-29 03:11:17.939 8 INFO cinder.api.openstack.wsgi [None req-e8bb43db-3352-4c19-b081-193823330a2a b614d6440fe24072be93a7ffdcb2d831 6c8bf693dc4e432794531548d9e6b4e1 - - default default] GET http://10.0.0.184:8776/
2026-04-29 03:11:17.941 8 INFO cinder.api.openstack.wsgi [None req-e8bb43db-3352-4c19-b081-193823330a2a b614d6440fe24072be93a7ffdcb2d831 6c8bf693dc4e432794531548d9e6b4e1 - - default default] http://10.0.0.184:8776/ returned with HTTP 300
2026-04-29 03:11:17.941 7 INFO cinder.api.openstack.wsgi [None req-5bc87f59-a851-431f-a079-072de732b371 b614d6440fe24072be93a7ffdcb2d831 6c8bf693dc4e432794531548d9e6b4e1 - - default default] http://10.0.0.184:8776/ returned with HTTP 300
2026-04-29 03:11:27.939 8 INFO cinder.api.openstack.wsgi [None req-e8bb43db-3352-4c19-b081-193823330a2a b614d6440fe24072be93a7ffdcb2d831 6c8bf693dc4e432794531548d9e6b4e1 - - default default] GET http://10.0.0.184:8776/
2026-04-29 03:11:27.939 7 INFO cinder.api.openstack.wsgi [None req-5bc87f59-a851-431f-a079-072de732b371 b614d6440fe24072be93a7ffdcb2d831 6c8bf693dc4e432794531548d9e6b4e1 - - default default] GET http://10.0.0.184:8776/
2026-04-29 03:11:27.941 8 INFO cinder.api.openstack.wsgi [None req-e8bb43db-3352-4c19-b081-193823330a2a b614d6440fe24072be93a7ffdcb2d831 6c8bf693dc4e432794531548d9e6b4e1 - - default default] http://10.0.0.184:8776/ returned with HTTP 300
2026-04-29 03:11:27.941 7 INFO cinder.api.openstack.wsgi [None req-5bc87f59-a851-431f-a079-072de732b371 b614d6440fe24072be93a7ffdcb2d831 6c8bf693dc4e432794531548d9e6b4e1 - - default default] http://10.0.0.184:8776/ returned with HTTP 300
2026-04-29 03:11:37.939 8 INFO cinder.api.openstack.wsgi [None req-e8bb43db-3352-4c19-b081-193823330a2a b614d6440fe24072be93a7ffdcb2d831 6c8bf693dc4e432794531548d9e6b4e1 - - default default] GET http://10.0.0.184:8776/
2026-04-29 03:11:37.940 7 INFO cinder.api.openstack.wsgi [None req-5bc87f59-a851-431f-a079-072de732b371 b614d6440fe24072be93a7ffdcb2d831 6c8bf693dc4e432794531548d9e6b4e1 - - default default] GET http://10.0.0.184:8776/
2026-04-29 03:11:37.940 8 INFO cinder.api.openstack.wsgi [None req-e8bb43db-3352-4c19-b081-193823330a2a b614d6440fe24072be93a7ffdcb2d831 6c8bf693dc4e432794531548d9e6b4e1 - - default default] http://10.0.0.184:8776/ returned with HTTP 300
2026-04-29 03:11:37.941 7 INFO cinder.api.openstack.wsgi [None req-5bc87f59-a851-431f-a079-072de732b371 b614d6440fe24072be93a7ffdcb2d831 6c8bf693dc4e432794531548d9e6b4e1 - - default default] http://10.0.0.184:8776/ returned with HTTP 300
2026-04-29 03:11:45.014 8 INFO cinder.api.openstack.wsgi [None req-412ce2a1-9945-48af-80ee-9141d55ed40f b614d6440fe24072be93a7ffdcb2d831 6c8bf693dc4e432794531548d9e6b4e1 - - default default] GET http://cinder-api.openstack.svc.cluster.local:8776/v3/6c8bf693dc4e432794531548d9e6b4e1/os-services
2026-04-29 03:11:45.028 8 INFO cinder.api.openstack.wsgi [None req-412ce2a1-9945-48af-80ee-9141d55ed40f b614d6440fe24072be93a7ffdcb2d831 6c8bf693dc4e432794531548d9e6b4e1 - - default default] http://cinder-api.openstack.svc.cluster.local:8776/v3/6c8bf693dc4e432794531548d9e6b4e1/os-services returned with HTTP 200 [pid: 8|app: 0|req: 486/981] 10.0.0.191 () {28 vars in 645 bytes} [Wed Apr 29 03:11:44 2026] GET /v3/6c8bf693dc4e432794531548d9e6b4e1/os-services => generated 646 bytes in 79 msecs (HTTP/1.1 200) 7 headers in 285 bytes (1 switches on core 0)
2026-04-29 03:11:45.043 7 INFO cinder.api.openstack.wsgi [None req-3c6d9c0c-d8a3-47cc-a1ce-9038047a7cbd b614d6440fe24072be93a7ffdcb2d831 6c8bf693dc4e432794531548d9e6b4e1 - - default default] GET http://cinder-api.openstack.svc.cluster.local:8776/v3/6c8bf693dc4e432794531548d9e6b4e1/scheduler-stats/get_pools?detail=true
2026-04-29 03:11:45.547 7 INFO cinder.api.openstack.wsgi [None req-3c6d9c0c-d8a3-47cc-a1ce-9038047a7cbd b614d6440fe24072be93a7ffdcb2d831 6c8bf693dc4e432794531548d9e6b4e1 - - default default] http://cinder-api.openstack.svc.cluster.local:8776/v3/6c8bf693dc4e432794531548d9e6b4e1/scheduler-stats/get_pools?detail=true returned with HTTP 200 [pid: 7|app: 0|req: 496/982] 10.0.0.191 () {28 vars in 696 bytes} [Wed Apr 29 03:11:45 2026] GET /v3/6c8bf693dc4e432794531548d9e6b4e1/scheduler-stats/get_pools?detail=true => generated 671 bytes in 516 msecs (HTTP/1.1 200) 7 headers in 285 bytes (1 switches on core 0)
2026-04-29 03:11:45.562 8 INFO cinder.api.openstack.wsgi [None req-02699ba8-675f-4f42-a0b4-0f56723332f9 b614d6440fe24072be93a7ffdcb2d831 6c8bf693dc4e432794531548d9e6b4e1 - - default default] GET http://cinder-api.openstack.svc.cluster.local:8776/v3/6c8bf693dc4e432794531548d9e6b4e1/snapshots?all_tenants=true
2026-04-29 03:11:45.570 8 INFO cinder.volume.api [None req-02699ba8-675f-4f42-a0b4-0f56723332f9 b614d6440fe24072be93a7ffdcb2d831 6c8bf693dc4e432794531548d9e6b4e1 - - default default] Get all snapshots completed successfully.
2026-04-29 03:11:45.570 8 INFO cinder.api.openstack.wsgi [None req-02699ba8-675f-4f42-a0b4-0f56723332f9 b614d6440fe24072be93a7ffdcb2d831 6c8bf693dc4e432794531548d9e6b4e1 - - default default] http://cinder-api.openstack.svc.cluster.local:8776/v3/6c8bf693dc4e432794531548d9e6b4e1/snapshots?all_tenants=true returned with HTTP 200 [pid: 8|app: 0|req: 487/983] 10.0.0.191 () {28 vars in 674 bytes} [Wed Apr 29 03:11:45 2026] GET /v3/6c8bf693dc4e432794531548d9e6b4e1/snapshots?all_tenants=true => generated 17 bytes in 15 msecs (HTTP/1.1 200) 7 headers in 284 bytes (1 switches on core 0)
2026-04-29 03:11:45.607 7 INFO cinder.api.openstack.wsgi [None req-c6f504d0-7529-4b41-8220-3bfd390aabd2 b614d6440fe24072be93a7ffdcb2d831 6c8bf693dc4e432794531548d9e6b4e1 - - default default] GET http://cinder-api.openstack.svc.cluster.local:8776/v3/6c8bf693dc4e432794531548d9e6b4e1/os-quota-sets/082b8f8eda054118a1e74bf3c2cea16e?usage=true
2026-04-29 03:11:45.633 7 INFO cinder.api.openstack.wsgi [None req-c6f504d0-7529-4b41-8220-3bfd390aabd2 b614d6440fe24072be93a7ffdcb2d831 6c8bf693dc4e432794531548d9e6b4e1 - - default default] http://cinder-api.openstack.svc.cluster.local:8776/v3/6c8bf693dc4e432794531548d9e6b4e1/os-quota-sets/082b8f8eda054118a1e74bf3c2cea16e?usage=true returned with HTTP 200 [pid: 7|app: 0|req: 497/984] 10.0.0.191 () {28 vars in 736 bytes} [Wed Apr 29 03:11:45 2026] GET /v3/6c8bf693dc4e432794531548d9e6b4e1/os-quota-sets/082b8f8eda054118a1e74bf3c2cea16e?usage=true => generated 847 bytes in 36 msecs (HTTP/1.1 200) 7 headers in 285 bytes (1 switches on core 0)
2026-04-29 03:11:45.644 8 INFO cinder.api.openstack.wsgi [None req-077361e2-08f6-4d20-ad6b-bdffa98e7366 b614d6440fe24072be93a7ffdcb2d831 6c8bf693dc4e432794531548d9e6b4e1 - - default default] GET http://cinder-api.openstack.svc.cluster.local:8776/v3/6c8bf693dc4e432794531548d9e6b4e1/os-quota-sets/2a32f2a492d94e3c83a9c7193be574a0?usage=true
2026-04-29 03:11:45.668 8 INFO cinder.api.openstack.wsgi [None req-077361e2-08f6-4d20-ad6b-bdffa98e7366 b614d6440fe24072be93a7ffdcb2d831 6c8bf693dc4e432794531548d9e6b4e1 - - default default] http://cinder-api.openstack.svc.cluster.local:8776/v3/6c8bf693dc4e432794531548d9e6b4e1/os-quota-sets/2a32f2a492d94e3c83a9c7193be574a0?usage=true returned with HTTP 200 [pid: 8|app: 0|req: 488/985] 10.0.0.191 () {28 vars in 736 bytes} [Wed Apr 29 03:11:45 2026] GET /v3/6c8bf693dc4e432794531548d9e6b4e1/os-quota-sets/2a32f2a492d94e3c83a9c7193be574a0?usage=true => generated 847 bytes in 31 msecs (HTTP/1.1 200) 7 headers in 285 bytes (1 switches on core 0)
2026-04-29 03:11:45.680 7 INFO cinder.api.openstack.wsgi [None req-03a1d841-2357-47a9-9207-2053e3244737 b614d6440fe24072be93a7ffdcb2d831 6c8bf693dc4e432794531548d9e6b4e1 - - default default] GET http://cinder-api.openstack.svc.cluster.local:8776/v3/6c8bf693dc4e432794531548d9e6b4e1/os-quota-sets/41a903d2228f43f6b63571315dcfa2da?usage=true
2026-04-29 03:11:45.698 7 INFO cinder.api.openstack.wsgi [None req-03a1d841-2357-47a9-9207-2053e3244737 b614d6440fe24072be93a7ffdcb2d831 6c8bf693dc4e432794531548d9e6b4e1 - - default default] http://cinder-api.openstack.svc.cluster.local:8776/v3/6c8bf693dc4e432794531548d9e6b4e1/os-quota-sets/41a903d2228f43f6b63571315dcfa2da?usage=true returned with HTTP 200 [pid: 7|app: 0|req: 498/986] 10.0.0.191 () {28 vars in 736 bytes} [Wed Apr 29 03:11:45 2026] GET /v3/6c8bf693dc4e432794531548d9e6b4e1/os-quota-sets/41a903d2228f43f6b63571315dcfa2da?usage=true => generated 847 bytes in 26 msecs (HTTP/1.1 200) 7 headers in 285 bytes (1 switches on core 0)
2026-04-29 03:11:45.708 8 INFO cinder.api.openstack.wsgi [None req-a782e0d1-7c01-4b6e-8a67-505bc47a55b9 b614d6440fe24072be93a7ffdcb2d831 6c8bf693dc4e432794531548d9e6b4e1 - - default default] GET http://cinder-api.openstack.svc.cluster.local:8776/v3/6c8bf693dc4e432794531548d9e6b4e1/os-quota-sets/4ef51442c27849f6b97fbac9673e83cd?usage=true
2026-04-29 03:11:45.736 8 INFO cinder.api.openstack.wsgi [None req-a782e0d1-7c01-4b6e-8a67-505bc47a55b9 b614d6440fe24072be93a7ffdcb2d831 6c8bf693dc4e432794531548d9e6b4e1 - - default default] http://cinder-api.openstack.svc.cluster.local:8776/v3/6c8bf693dc4e432794531548d9e6b4e1/os-quota-sets/4ef51442c27849f6b97fbac9673e83cd?usage=true returned with HTTP 200 [pid: 8|app: 0|req: 489/987] 10.0.0.191 () {28 vars in 736 bytes} [Wed Apr 29 03:11:45 2026] GET /v3/6c8bf693dc4e432794531548d9e6b4e1/os-quota-sets/4ef51442c27849f6b97fbac9673e83cd?usage=true => generated 845 bytes in 35 msecs (HTTP/1.1 200) 7 headers in 285 bytes (1 switches on core 0)
2026-04-29 03:11:45.747 7 INFO cinder.api.openstack.wsgi [None req-605214e9-b98c-4733-a000-f511b9b5b275 b614d6440fe24072be93a7ffdcb2d831 6c8bf693dc4e432794531548d9e6b4e1 - - default default] GET http://cinder-api.openstack.svc.cluster.local:8776/v3/6c8bf693dc4e432794531548d9e6b4e1/os-quota-sets/5eb558dd00644799ab031f49693b9bf7?usage=true
2026-04-29 03:11:45.764 7 INFO cinder.api.openstack.wsgi [None req-605214e9-b98c-4733-a000-f511b9b5b275 b614d6440fe24072be93a7ffdcb2d831 6c8bf693dc4e432794531548d9e6b4e1 - - default default] http://cinder-api.openstack.svc.cluster.local:8776/v3/6c8bf693dc4e432794531548d9e6b4e1/os-quota-sets/5eb558dd00644799ab031f49693b9bf7?usage=true returned with HTTP 200 [pid: 7|app: 0|req: 499/988] 10.0.0.191 () {28 vars in 736 bytes} [Wed Apr 29 03:11:45 2026] GET /v3/6c8bf693dc4e432794531548d9e6b4e1/os-quota-sets/5eb558dd00644799ab031f49693b9bf7?usage=true => generated 847 bytes in 24 msecs (HTTP/1.1 200) 7 headers in 285 bytes (1 switches on core 0)
2026-04-29 03:11:45.778 8 INFO cinder.api.openstack.wsgi [None req-2ca243b9-3441-471e-b1df-4cb032ef38ad b614d6440fe24072be93a7ffdcb2d831 6c8bf693dc4e432794531548d9e6b4e1 - - default default] GET http://cinder-api.openstack.svc.cluster.local:8776/v3/6c8bf693dc4e432794531548d9e6b4e1/os-quota-sets/6c8bf693dc4e432794531548d9e6b4e1?usage=true
2026-04-29 03:11:45.799 8 INFO cinder.api.openstack.wsgi [None req-2ca243b9-3441-471e-b1df-4cb032ef38ad b614d6440fe24072be93a7ffdcb2d831 6c8bf693dc4e432794531548d9e6b4e1 - - default default] http://cinder-api.openstack.svc.cluster.local:8776/v3/6c8bf693dc4e432794531548d9e6b4e1/os-quota-sets/6c8bf693dc4e432794531548d9e6b4e1?usage=true returned with HTTP 200 [pid: 8|app: 0|req: 490/989] 10.0.0.191 () {28 vars in 736 bytes} [Wed Apr 29 03:11:45 2026] GET /v3/6c8bf693dc4e432794531548d9e6b4e1/os-quota-sets/6c8bf693dc4e432794531548d9e6b4e1?usage=true => generated 847 bytes in 31 msecs (HTTP/1.1 200) 7 headers in 285 bytes (1 switches on core 0)
2026-04-29 03:11:45.814 7 INFO cinder.api.openstack.wsgi [None req-39121390-33ef-4cb1-b462-861013899c9f b614d6440fe24072be93a7ffdcb2d831 6c8bf693dc4e432794531548d9e6b4e1 - - default default] GET http://cinder-api.openstack.svc.cluster.local:8776/v3/6c8bf693dc4e432794531548d9e6b4e1/os-quota-sets/8296dd0658b64c2a9a4cc4364441c2cd?usage=true
2026-04-29 03:11:45.834 7 INFO cinder.api.openstack.wsgi [None req-39121390-33ef-4cb1-b462-861013899c9f b614d6440fe24072be93a7ffdcb2d831 6c8bf693dc4e432794531548d9e6b4e1 - - default default] http://cinder-api.openstack.svc.cluster.local:8776/v3/6c8bf693dc4e432794531548d9e6b4e1/os-quota-sets/8296dd0658b64c2a9a4cc4364441c2cd?usage=true returned with HTTP 200 [pid: 7|app: 0|req: 500/990] 10.0.0.191 () {28 vars in 736 bytes} [Wed Apr 29 03:11:45 2026] GET /v3/6c8bf693dc4e432794531548d9e6b4e1/os-quota-sets/8296dd0658b64c2a9a4cc4364441c2cd?usage=true => generated 847 bytes in 31 msecs (HTTP/1.1 200) 7 headers in 285 bytes (1 switches on core 0)
2026-04-29 03:11:45.848 8 INFO cinder.api.openstack.wsgi [None req-46855877-6d1d-4462-b08d-55015de6b1c9 b614d6440fe24072be93a7ffdcb2d831 6c8bf693dc4e432794531548d9e6b4e1 - - default default] GET http://cinder-api.openstack.svc.cluster.local:8776/v3/6c8bf693dc4e432794531548d9e6b4e1/os-quota-sets/9adf4617357b4a758bfb09caf50fa40a?usage=true
2026-04-29 03:11:45.870 8 INFO cinder.api.openstack.wsgi [None req-46855877-6d1d-4462-b08d-55015de6b1c9 b614d6440fe24072be93a7ffdcb2d831 6c8bf693dc4e432794531548d9e6b4e1 - - default default] http://cinder-api.openstack.svc.cluster.local:8776/v3/6c8bf693dc4e432794531548d9e6b4e1/os-quota-sets/9adf4617357b4a758bfb09caf50fa40a?usage=true returned with HTTP 200 [pid: 8|app: 0|req: 491/991] 10.0.0.191 () {28 vars in 736 bytes} [Wed Apr 29 03:11:45 2026] GET /v3/6c8bf693dc4e432794531548d9e6b4e1/os-quota-sets/9adf4617357b4a758bfb09caf50fa40a?usage=true => generated 847 bytes in 31 msecs (HTTP/1.1 200) 7 headers in 285 bytes (1 switches on core 0)
2026-04-29 03:11:45.885 7 INFO cinder.api.openstack.wsgi [None req-dda9bb24-e2c0-4116-97d3-2b335b990f6b b614d6440fe24072be93a7ffdcb2d831 6c8bf693dc4e432794531548d9e6b4e1 - - default default] GET http://cinder-api.openstack.svc.cluster.local:8776/v3/6c8bf693dc4e432794531548d9e6b4e1/os-quota-sets/accdafaa17bc4d44a200806e0d26d157?usage=true
2026-04-29 03:11:45.908 7 INFO cinder.api.openstack.wsgi [None req-dda9bb24-e2c0-4116-97d3-2b335b990f6b b614d6440fe24072be93a7ffdcb2d831 6c8bf693dc4e432794531548d9e6b4e1 - - default default] http://cinder-api.openstack.svc.cluster.local:8776/v3/6c8bf693dc4e432794531548d9e6b4e1/os-quota-sets/accdafaa17bc4d44a200806e0d26d157?usage=true returned with HTTP 200 [pid: 7|app: 0|req: 501/992] 10.0.0.191 () {28 vars in 736 bytes} [Wed Apr 29 03:11:45 2026] GET /v3/6c8bf693dc4e432794531548d9e6b4e1/os-quota-sets/accdafaa17bc4d44a200806e0d26d157?usage=true => generated 847 bytes in 34 msecs (HTTP/1.1 200) 7 headers in 285 bytes (1 switches on core 0)
2026-04-29 03:11:45.920 8 INFO cinder.api.openstack.wsgi [None req-04b6c91f-3d73-4778-bf54-15d6bf2e0355 b614d6440fe24072be93a7ffdcb2d831 6c8bf693dc4e432794531548d9e6b4e1 - - default default] GET http://cinder-api.openstack.svc.cluster.local:8776/v3/6c8bf693dc4e432794531548d9e6b4e1/os-quota-sets/bab7fa223af140edb9a8b9f13d94bbb4?usage=true
2026-04-29 03:11:45.943 8 INFO cinder.api.openstack.wsgi [None req-04b6c91f-3d73-4778-bf54-15d6bf2e0355 b614d6440fe24072be93a7ffdcb2d831 6c8bf693dc4e432794531548d9e6b4e1 - - default default] http://cinder-api.openstack.svc.cluster.local:8776/v3/6c8bf693dc4e432794531548d9e6b4e1/os-quota-sets/bab7fa223af140edb9a8b9f13d94bbb4?usage=true returned with HTTP 200 [pid: 8|app: 0|req: 492/993] 10.0.0.191 () {28 vars in 736 bytes} [Wed Apr 29 03:11:45 2026] GET /v3/6c8bf693dc4e432794531548d9e6b4e1/os-quota-sets/bab7fa223af140edb9a8b9f13d94bbb4?usage=true => generated 847 bytes in 31 msecs (HTTP/1.1 200) 7 headers in 285 bytes (1 switches on core 0)
2026-04-29 03:11:45.957 7 INFO cinder.api.openstack.wsgi [None req-3588eefe-0296-4002-a586-4afe7f00d7a1 b614d6440fe24072be93a7ffdcb2d831 6c8bf693dc4e432794531548d9e6b4e1 - - default default] GET http://cinder-api.openstack.svc.cluster.local:8776/v3/6c8bf693dc4e432794531548d9e6b4e1/os-quota-sets/cd5057018a424bc1a1cba3f4b05a3ded?usage=true
2026-04-29 03:11:45.981 7 INFO cinder.api.openstack.wsgi [None req-3588eefe-0296-4002-a586-4afe7f00d7a1 b614d6440fe24072be93a7ffdcb2d831 6c8bf693dc4e432794531548d9e6b4e1 - - default default] http://cinder-api.openstack.svc.cluster.local:8776/v3/6c8bf693dc4e432794531548d9e6b4e1/os-quota-sets/cd5057018a424bc1a1cba3f4b05a3ded?usage=true returned with HTTP 200 [pid: 7|app: 0|req: 502/994] 10.0.0.191 () {28 vars in 736 bytes} [Wed Apr 29 03:11:45 2026] GET /v3/6c8bf693dc4e432794531548d9e6b4e1/os-quota-sets/cd5057018a424bc1a1cba3f4b05a3ded?usage=true => generated 847 bytes in 34 msecs (HTTP/1.1 200) 7 headers in 285 bytes (1 switches on core 0)
2026-04-29 03:11:45.993 8 INFO cinder.api.openstack.wsgi [None req-469040ba-e0a9-46a3-bc32-86ce317a7140 b614d6440fe24072be93a7ffdcb2d831 6c8bf693dc4e432794531548d9e6b4e1 - - default default] GET http://cinder-api.openstack.svc.cluster.local:8776/v3/6c8bf693dc4e432794531548d9e6b4e1/volumes/detail?all_tenants=true
2026-04-29 03:11:46.008 8 INFO cinder.volume.api [None req-469040ba-e0a9-46a3-bc32-86ce317a7140 b614d6440fe24072be93a7ffdcb2d831 6c8bf693dc4e432794531548d9e6b4e1 - - default default] Get all volumes completed successfully. /var/lib/openstack/lib/python3.12/site-packages/oslo_context/context.py:100: DeprecationWarning: Policy enforcement is depending on the value of is_admin. This key is deprecated. Please update your policy file to use the standard policy values. warnings.warn('Policy enforcement is depending on the value of '
2026-04-29 03:11:46.013 8 INFO cinder.api.openstack.wsgi [None req-469040ba-e0a9-46a3-bc32-86ce317a7140 b614d6440fe24072be93a7ffdcb2d831 6c8bf693dc4e432794531548d9e6b4e1 - - default default] http://cinder-api.openstack.svc.cluster.local:8776/v3/6c8bf693dc4e432794531548d9e6b4e1/volumes/detail?all_tenants=true returned with HTTP 200 /var/lib/openstack/lib/python3.12/site-packages/pycadf/timestamp.py:28: DeprecationWarning: datetime.datetime.utcnow() is deprecated and scheduled for removal in a future version. Use timezone-aware objects to represent datetimes in UTC: datetime.datetime.now(datetime.UTC). utc_datetime = pytz.utc.localize(datetime.datetime.utcnow()) [pid: 8|app: 0|req: 493/995] 10.0.0.191 () {28 vars in 684 bytes} [Wed Apr 29 03:11:45 2026] GET /v3/6c8bf693dc4e432794531548d9e6b4e1/volumes/detail?all_tenants=true => generated 1790 bytes in 27 msecs (HTTP/1.1 200) 7 headers in 286 bytes (1 switches on core 0)
2026-04-29 03:11:46.026 7 INFO cinder.api.openstack.wsgi [None req-43a74b67-383b-44c3-8eb0-e6aa568008e8 b614d6440fe24072be93a7ffdcb2d831 6c8bf693dc4e432794531548d9e6b4e1 - - default default] GET http://cinder-api.openstack.svc.cluster.local:8776/v3/6c8bf693dc4e432794531548d9e6b4e1/volumes/detail?all_tenants=true
2026-04-29 03:11:46.039 7 INFO cinder.volume.api [None req-43a74b67-383b-44c3-8eb0-e6aa568008e8 b614d6440fe24072be93a7ffdcb2d831 6c8bf693dc4e432794531548d9e6b4e1 - - default default] Get all volumes completed successfully. /var/lib/openstack/lib/python3.12/site-packages/oslo_context/context.py:100: DeprecationWarning: Policy enforcement is depending on the value of is_admin. This key is deprecated. Please update your policy file to use the standard policy values. warnings.warn('Policy enforcement is depending on the value of '
2026-04-29 03:11:46.045 7 INFO cinder.api.openstack.wsgi [None req-43a74b67-383b-44c3-8eb0-e6aa568008e8 b614d6440fe24072be93a7ffdcb2d831 6c8bf693dc4e432794531548d9e6b4e1 - - default default] http://cinder-api.openstack.svc.cluster.local:8776/v3/6c8bf693dc4e432794531548d9e6b4e1/volumes/detail?all_tenants=true returned with HTTP 200 /var/lib/openstack/lib/python3.12/site-packages/pycadf/timestamp.py:28: DeprecationWarning: datetime.datetime.utcnow() is deprecated and scheduled for removal in a future version. Use timezone-aware objects to represent datetimes in UTC: datetime.datetime.now(datetime.UTC). utc_datetime = pytz.utc.localize(datetime.datetime.utcnow()) [pid: 7|app: 0|req: 503/996] 10.0.0.191 () {28 vars in 684 bytes} [Wed Apr 29 03:11:46 2026] GET /v3/6c8bf693dc4e432794531548d9e6b4e1/volumes/detail?all_tenants=true => generated 1790 bytes in 28 msecs (HTTP/1.1 200) 7 headers in 286 bytes (1 switches on core 0)
2026-04-29 03:11:47.939 7 INFO cinder.api.openstack.wsgi [None req-43a74b67-383b-44c3-8eb0-e6aa568008e8 b614d6440fe24072be93a7ffdcb2d831 6c8bf693dc4e432794531548d9e6b4e1 - - default default] GET http://10.0.0.184:8776/
2026-04-29 03:11:47.940 8 INFO cinder.api.openstack.wsgi [None req-469040ba-e0a9-46a3-bc32-86ce317a7140 b614d6440fe24072be93a7ffdcb2d831 6c8bf693dc4e432794531548d9e6b4e1 - - default default] GET http://10.0.0.184:8776/
2026-04-29 03:11:47.941 7 INFO cinder.api.openstack.wsgi [None req-43a74b67-383b-44c3-8eb0-e6aa568008e8 b614d6440fe24072be93a7ffdcb2d831 6c8bf693dc4e432794531548d9e6b4e1 - - default default] http://10.0.0.184:8776/ returned with HTTP 300
2026-04-29 03:11:47.942 8 INFO cinder.api.openstack.wsgi [None req-469040ba-e0a9-46a3-bc32-86ce317a7140 b614d6440fe24072be93a7ffdcb2d831 6c8bf693dc4e432794531548d9e6b4e1 - - default default] http://10.0.0.184:8776/ returned with HTTP 300
2026-04-29 03:11:57.939 8 INFO cinder.api.openstack.wsgi [None req-469040ba-e0a9-46a3-bc32-86ce317a7140 b614d6440fe24072be93a7ffdcb2d831 6c8bf693dc4e432794531548d9e6b4e1 - - default default] GET http://10.0.0.184:8776/
2026-04-29 03:11:57.939 7 INFO cinder.api.openstack.wsgi [None req-43a74b67-383b-44c3-8eb0-e6aa568008e8 b614d6440fe24072be93a7ffdcb2d831 6c8bf693dc4e432794531548d9e6b4e1 - - default default] GET http://10.0.0.184:8776/
2026-04-29 03:11:57.940 7 INFO cinder.api.openstack.wsgi [None req-43a74b67-383b-44c3-8eb0-e6aa568008e8 b614d6440fe24072be93a7ffdcb2d831 6c8bf693dc4e432794531548d9e6b4e1 - - default default] http://10.0.0.184:8776/ returned with HTTP 300
2026-04-29 03:11:57.940 8 INFO cinder.api.openstack.wsgi [None req-469040ba-e0a9-46a3-bc32-86ce317a7140 b614d6440fe24072be93a7ffdcb2d831 6c8bf693dc4e432794531548d9e6b4e1 - - default default] http://10.0.0.184:8776/ returned with HTTP 300
2026-04-29 03:12:07.940 8 INFO cinder.api.openstack.wsgi [None req-469040ba-e0a9-46a3-bc32-86ce317a7140 b614d6440fe24072be93a7ffdcb2d831 6c8bf693dc4e432794531548d9e6b4e1 - - default default] GET http://10.0.0.184:8776/
2026-04-29 03:12:07.940 7 INFO cinder.api.openstack.wsgi [None req-43a74b67-383b-44c3-8eb0-e6aa568008e8 b614d6440fe24072be93a7ffdcb2d831 6c8bf693dc4e432794531548d9e6b4e1 - - default default] GET http://10.0.0.184:8776/
2026-04-29 03:12:07.940 8 INFO cinder.api.openstack.wsgi [None req-469040ba-e0a9-46a3-bc32-86ce317a7140 b614d6440fe24072be93a7ffdcb2d831 6c8bf693dc4e432794531548d9e6b4e1 - - default default] http://10.0.0.184:8776/ returned with HTTP 300
2026-04-29 03:12:07.941 7 INFO cinder.api.openstack.wsgi [None req-43a74b67-383b-44c3-8eb0-e6aa568008e8 b614d6440fe24072be93a7ffdcb2d831 6c8bf693dc4e432794531548d9e6b4e1 - - default default] http://10.0.0.184:8776/ returned with HTTP 300
2026-04-29 03:12:17.939 8 INFO cinder.api.openstack.wsgi [None req-469040ba-e0a9-46a3-bc32-86ce317a7140 b614d6440fe24072be93a7ffdcb2d831 6c8bf693dc4e432794531548d9e6b4e1 - - default default] GET http://10.0.0.184:8776/
2026-04-29 03:12:17.939 7 INFO cinder.api.openstack.wsgi [None req-43a74b67-383b-44c3-8eb0-e6aa568008e8 b614d6440fe24072be93a7ffdcb2d831 6c8bf693dc4e432794531548d9e6b4e1 - - default default] GET http://10.0.0.184:8776/
2026-04-29 03:12:17.940 8 INFO cinder.api.openstack.wsgi [None req-469040ba-e0a9-46a3-bc32-86ce317a7140 b614d6440fe24072be93a7ffdcb2d831 6c8bf693dc4e432794531548d9e6b4e1 - - default default] http://10.0.0.184:8776/ returned with HTTP 300
2026-04-29 03:12:17.941 7 INFO cinder.api.openstack.wsgi [None req-43a74b67-383b-44c3-8eb0-e6aa568008e8 b614d6440fe24072be93a7ffdcb2d831 6c8bf693dc4e432794531548d9e6b4e1 - - default default] http://10.0.0.184:8776/ returned with HTTP 300
2026-04-29 03:12:27.939 7 INFO cinder.api.openstack.wsgi [None req-43a74b67-383b-44c3-8eb0-e6aa568008e8 b614d6440fe24072be93a7ffdcb2d831 6c8bf693dc4e432794531548d9e6b4e1 - - default default] GET http://10.0.0.184:8776/
2026-04-29 03:12:27.939 8 INFO cinder.api.openstack.wsgi [None req-469040ba-e0a9-46a3-bc32-86ce317a7140 b614d6440fe24072be93a7ffdcb2d831 6c8bf693dc4e432794531548d9e6b4e1 - - default default] GET http://10.0.0.184:8776/
2026-04-29 03:12:27.940 7 INFO cinder.api.openstack.wsgi [None req-43a74b67-383b-44c3-8eb0-e6aa568008e8 b614d6440fe24072be93a7ffdcb2d831 6c8bf693dc4e432794531548d9e6b4e1 - - default default] http://10.0.0.184:8776/ returned with HTTP 300
2026-04-29 03:12:27.941 8 INFO cinder.api.openstack.wsgi [None req-469040ba-e0a9-46a3-bc32-86ce317a7140 b614d6440fe24072be93a7ffdcb2d831 6c8bf693dc4e432794531548d9e6b4e1 - - default default] http://10.0.0.184:8776/ returned with HTTP 300 /var/lib/openstack/lib/python3.12/site-packages/pycadf/identifier.py:71: UserWarning: Invalid uuid: cinderv3. To ensure interoperability, identifiers should be a valid uuid. warnings.warn(('Invalid uuid: %s. To ensure interoperability, '
2026-04-29 03:12:36.491 7 INFO cinder.api.openstack.wsgi [req-944b152d-03c5-4e97-851e-503e0fdc152b req-58fbb0e5-a072-4fc8-86a4-bd8b30f0203a b614d6440fe24072be93a7ffdcb2d831 6c8bf693dc4e432794531548d9e6b4e1 - - default default] DELETE http://cinder-api.openstack.svc.cluster.local:8776/v3/6c8bf693dc4e432794531548d9e6b4e1/attachments/7cb97056-e947-4c66-aa49-915d998d350f /var/lib/openstack/lib/python3.12/site-packages/oslo_context/context.py:100: DeprecationWarning: Policy enforcement is depending on the value of is_admin. This key is deprecated. Please update your policy file to use the standard policy values. warnings.warn('Policy enforcement is depending on the value of '
2026-04-29 03:12:37.068 7 INFO cinder.api.openstack.wsgi [req-944b152d-03c5-4e97-851e-503e0fdc152b req-58fbb0e5-a072-4fc8-86a4-bd8b30f0203a b614d6440fe24072be93a7ffdcb2d831 6c8bf693dc4e432794531548d9e6b4e1 - - default default] http://cinder-api.openstack.svc.cluster.local:8776/v3/6c8bf693dc4e432794531548d9e6b4e1/attachments/7cb97056-e947-4c66-aa49-915d998d350f returned with HTTP 200 /var/lib/openstack/lib/python3.12/site-packages/pycadf/timestamp.py:28: DeprecationWarning: datetime.datetime.utcnow() is deprecated and scheduled for removal in a future version. Use timezone-aware objects to represent datetimes in UTC: datetime.datetime.now(datetime.UTC). utc_datetime = pytz.utc.localize(datetime.datetime.utcnow()) [pid: 7|app: 0|req: 509/1007] 199.204.45.235 () {38 vars in 1103 bytes} [Wed Apr 29 03:12:36 2026] DELETE /v3/6c8bf693dc4e432794531548d9e6b4e1/attachments/7cb97056-e947-4c66-aa49-915d998d350f => generated 19 bytes in 589 msecs (HTTP/1.1 200) 7 headers in 285 bytes (1 switches on core 0) /var/lib/openstack/lib/python3.12/site-packages/pycadf/identifier.py:71: UserWarning: Invalid uuid: cinderv3. To ensure interoperability, identifiers should be a valid uuid. warnings.warn(('Invalid uuid: %s. To ensure interoperability, '
2026-04-29 03:12:37.085 8 INFO cinder.api.openstack.wsgi [req-944b152d-03c5-4e97-851e-503e0fdc152b req-5ea957ff-95c5-44eb-a300-457920fa2155 b614d6440fe24072be93a7ffdcb2d831 6c8bf693dc4e432794531548d9e6b4e1 - - default default] DELETE http://cinder-api.openstack.svc.cluster.local:8776/v3/6c8bf693dc4e432794531548d9e6b4e1/volumes/56efdebb-3024-4003-9e9a-ddd9f7d1481f
2026-04-29 03:12:37.085 8 INFO cinder.api.v3.volumes [req-944b152d-03c5-4e97-851e-503e0fdc152b req-5ea957ff-95c5-44eb-a300-457920fa2155 b614d6440fe24072be93a7ffdcb2d831 6c8bf693dc4e432794531548d9e6b4e1 - - default default] Delete volume with id: 56efdebb-3024-4003-9e9a-ddd9f7d1481f /var/lib/openstack/lib/python3.12/site-packages/oslo_context/context.py:100: DeprecationWarning: Policy enforcement is depending on the value of is_admin. This key is deprecated. Please update your policy file to use the standard policy values. warnings.warn('Policy enforcement is depending on the value of '
2026-04-29 03:12:37.100 8 INFO cinder.volume.api [req-944b152d-03c5-4e97-851e-503e0fdc152b req-5ea957ff-95c5-44eb-a300-457920fa2155 b614d6440fe24072be93a7ffdcb2d831 6c8bf693dc4e432794531548d9e6b4e1 - - default default] Volume info retrieved successfully.
2026-04-29 03:12:37.122 8 INFO cinder.volume.api [req-944b152d-03c5-4e97-851e-503e0fdc152b req-5ea957ff-95c5-44eb-a300-457920fa2155 b614d6440fe24072be93a7ffdcb2d831 6c8bf693dc4e432794531548d9e6b4e1 - - default default] Delete volume request issued successfully.
2026-04-29 03:12:37.123 8 INFO cinder.api.openstack.wsgi [req-944b152d-03c5-4e97-851e-503e0fdc152b req-5ea957ff-95c5-44eb-a300-457920fa2155 b614d6440fe24072be93a7ffdcb2d831 6c8bf693dc4e432794531548d9e6b4e1 - - default default] http://cinder-api.openstack.svc.cluster.local:8776/v3/6c8bf693dc4e432794531548d9e6b4e1/volumes/56efdebb-3024-4003-9e9a-ddd9f7d1481f returned with HTTP 202 /var/lib/openstack/lib/python3.12/site-packages/pycadf/timestamp.py:28: DeprecationWarning: datetime.datetime.utcnow() is deprecated and scheduled for removal in a future version. Use timezone-aware objects to represent datetimes in UTC: datetime.datetime.now(datetime.UTC). utc_datetime = pytz.utc.localize(datetime.datetime.utcnow()) [pid: 8|app: 0|req: 499/1008] 199.204.45.235 () {36 vars in 1054 bytes} [Wed Apr 29 03:12:37 2026] DELETE /v3/6c8bf693dc4e432794531548d9e6b4e1/volumes/56efdebb-3024-4003-9e9a-ddd9f7d1481f => generated 0 bytes in 46 msecs (HTTP/1.1 202) 6 headers in 233 bytes (1 switches on core 0)
2026-04-29 03:12:37.939 7 INFO cinder.api.openstack.wsgi [req-944b152d-03c5-4e97-851e-503e0fdc152b req-58fbb0e5-a072-4fc8-86a4-bd8b30f0203a b614d6440fe24072be93a7ffdcb2d831 6c8bf693dc4e432794531548d9e6b4e1 - - default default] GET http://10.0.0.184:8776/
2026-04-29 03:12:37.940 8 INFO cinder.api.openstack.wsgi [req-944b152d-03c5-4e97-851e-503e0fdc152b req-5ea957ff-95c5-44eb-a300-457920fa2155 b614d6440fe24072be93a7ffdcb2d831 6c8bf693dc4e432794531548d9e6b4e1 - - default default] GET http://10.0.0.184:8776/
2026-04-29 03:12:37.941 7 INFO cinder.api.openstack.wsgi [req-944b152d-03c5-4e97-851e-503e0fdc152b req-58fbb0e5-a072-4fc8-86a4-bd8b30f0203a b614d6440fe24072be93a7ffdcb2d831 6c8bf693dc4e432794531548d9e6b4e1 - - default default] http://10.0.0.184:8776/ returned with HTTP 300
2026-04-29 03:12:37.942 8 INFO cinder.api.openstack.wsgi [req-944b152d-03c5-4e97-851e-503e0fdc152b req-5ea957ff-95c5-44eb-a300-457920fa2155 b614d6440fe24072be93a7ffdcb2d831 6c8bf693dc4e432794531548d9e6b4e1 - - default default] http://10.0.0.184:8776/ returned with HTTP 300 /var/lib/openstack/lib/python3.12/site-packages/pycadf/identifier.py:71: UserWarning: Invalid uuid: cinderv3. To ensure interoperability, identifiers should be a valid uuid. warnings.warn(('Invalid uuid: %s. To ensure interoperability, '
2026-04-29 03:12:44.994 7 INFO cinder.api.openstack.wsgi [None req-b2abdcad-50b7-467e-a700-10c925aa13c4 b614d6440fe24072be93a7ffdcb2d831 6c8bf693dc4e432794531548d9e6b4e1 - - default default] GET http://cinder-api.openstack.svc.cluster.local:8776/v3/6c8bf693dc4e432794531548d9e6b4e1/scheduler-stats/get_pools?detail=true /var/lib/openstack/lib/python3.12/site-packages/oslo_context/context.py:100: DeprecationWarning: Policy enforcement is depending on the value of is_admin. This key is deprecated. Please update your policy file to use the standard policy values. warnings.warn('Policy enforcement is depending on the value of '
2026-04-29 03:12:45.499 7 INFO cinder.api.openstack.wsgi [None req-b2abdcad-50b7-467e-a700-10c925aa13c4 b614d6440fe24072be93a7ffdcb2d831 6c8bf693dc4e432794531548d9e6b4e1 - - default default] http://cinder-api.openstack.svc.cluster.local:8776/v3/6c8bf693dc4e432794531548d9e6b4e1/scheduler-stats/get_pools?detail=true returned with HTTP 200 [pid: 7|app: 0|req: 511/1011] 10.0.0.191 () {28 vars in 696 bytes} [Wed Apr 29 03:12:44 2026] GET /v3/6c8bf693dc4e432794531548d9e6b4e1/scheduler-stats/get_pools?detail=true => generated 670 bytes in 549 msecs (HTTP/1.1 200) 7 headers in 285 bytes (1 switches on core 0) /var/lib/openstack/lib/python3.12/site-packages/pycadf/identifier.py:71: UserWarning: Invalid uuid: cinderv3. To ensure interoperability, identifiers should be a valid uuid. warnings.warn(('Invalid uuid: %s. To ensure interoperability, '
2026-04-29 03:12:45.520 8 INFO cinder.api.openstack.wsgi [None req-e080c6c7-cfea-4503-a2f3-673ece8cff9b b614d6440fe24072be93a7ffdcb2d831 6c8bf693dc4e432794531548d9e6b4e1 - - default default] GET http://cinder-api.openstack.svc.cluster.local:8776/v3/6c8bf693dc4e432794531548d9e6b4e1/os-services
2026-04-29 03:12:45.526 8 INFO cinder.api.openstack.wsgi [None req-e080c6c7-cfea-4503-a2f3-673ece8cff9b b614d6440fe24072be93a7ffdcb2d831 6c8bf693dc4e432794531548d9e6b4e1 - - default default] http://cinder-api.openstack.svc.cluster.local:8776/v3/6c8bf693dc4e432794531548d9e6b4e1/os-services returned with HTTP 200 [pid: 8|app: 0|req: 501/1012] 10.0.0.191 () {28 vars in 645 bytes} [Wed Apr 29 03:12:45 2026] GET /v3/6c8bf693dc4e432794531548d9e6b4e1/os-services => generated 646 bytes in 14 msecs (HTTP/1.1 200) 7 headers in 285 bytes (1 switches on core 0)
2026-04-29 03:12:45.537 7 INFO cinder.api.openstack.wsgi [None req-4ee12293-7655-4f76-babc-42e2928a79d3 b614d6440fe24072be93a7ffdcb2d831 6c8bf693dc4e432794531548d9e6b4e1 - - default default] GET http://cinder-api.openstack.svc.cluster.local:8776/v3/6c8bf693dc4e432794531548d9e6b4e1/volumes/detail?all_tenants=true
2026-04-29 03:12:45.546 7 INFO cinder.volume.api [None req-4ee12293-7655-4f76-babc-42e2928a79d3 b614d6440fe24072be93a7ffdcb2d831 6c8bf693dc4e432794531548d9e6b4e1 - - default default] Get all volumes completed successfully.
2026-04-29 03:12:45.548 7 INFO cinder.api.openstack.wsgi [None req-4ee12293-7655-4f76-babc-42e2928a79d3 b614d6440fe24072be93a7ffdcb2d831 6c8bf693dc4e432794531548d9e6b4e1 - - default default] http://cinder-api.openstack.svc.cluster.local:8776/v3/6c8bf693dc4e432794531548d9e6b4e1/volumes/detail?all_tenants=true returned with HTTP 200 [pid: 7|app: 0|req: 512/1013] 10.0.0.191 () {28 vars in 684 bytes} [Wed Apr 29 03:12:45 2026] GET /v3/6c8bf693dc4e432794531548d9e6b4e1/volumes/detail?all_tenants=true => generated 15 bytes in 17 msecs (HTTP/1.1 200) 7 headers in 284 bytes (1 switches on core 0)
2026-04-29 03:12:45.559 8 INFO cinder.api.openstack.wsgi [None req-4e5683f0-f2dd-4b86-b1d9-e0f99ae9bd6a b614d6440fe24072be93a7ffdcb2d831 6c8bf693dc4e432794531548d9e6b4e1 - - default default] GET http://cinder-api.openstack.svc.cluster.local:8776/v3/6c8bf693dc4e432794531548d9e6b4e1/snapshots?all_tenants=true
2026-04-29 03:12:45.565 8 INFO cinder.volume.api [None req-4e5683f0-f2dd-4b86-b1d9-e0f99ae9bd6a b614d6440fe24072be93a7ffdcb2d831 6c8bf693dc4e432794531548d9e6b4e1 - - default default] Get all snapshots completed successfully.
2026-04-29 03:12:45.566 8 INFO cinder.api.openstack.wsgi [None req-4e5683f0-f2dd-4b86-b1d9-e0f99ae9bd6a b614d6440fe24072be93a7ffdcb2d831 6c8bf693dc4e432794531548d9e6b4e1 - - default default] http://cinder-api.openstack.svc.cluster.local:8776/v3/6c8bf693dc4e432794531548d9e6b4e1/snapshots?all_tenants=true returned with HTTP 200 [pid: 8|app: 0|req: 502/1014] 10.0.0.191 () {28 vars in 674 bytes} [Wed Apr 29 03:12:45 2026] GET /v3/6c8bf693dc4e432794531548d9e6b4e1/snapshots?all_tenants=true => generated 17 bytes in 13 msecs (HTTP/1.1 200) 7 headers in 284 bytes (1 switches on core 0)
2026-04-29 03:12:45.575 7 INFO cinder.api.openstack.wsgi [None req-cdd1e28c-d8d6-45c2-b337-77fae60ec6ea b614d6440fe24072be93a7ffdcb2d831 6c8bf693dc4e432794531548d9e6b4e1 - - default default] GET http://cinder-api.openstack.svc.cluster.local:8776/v3/6c8bf693dc4e432794531548d9e6b4e1/volumes/detail?all_tenants=true
2026-04-29 03:12:45.584 7 INFO cinder.volume.api [None req-cdd1e28c-d8d6-45c2-b337-77fae60ec6ea b614d6440fe24072be93a7ffdcb2d831 6c8bf693dc4e432794531548d9e6b4e1 - - default default] Get all volumes completed successfully.
2026-04-29 03:12:45.586 7 INFO cinder.api.openstack.wsgi [None req-cdd1e28c-d8d6-45c2-b337-77fae60ec6ea b614d6440fe24072be93a7ffdcb2d831 6c8bf693dc4e432794531548d9e6b4e1 - - default default] http://cinder-api.openstack.svc.cluster.local:8776/v3/6c8bf693dc4e432794531548d9e6b4e1/volumes/detail?all_tenants=true returned with HTTP 200 [pid: 7|app: 0|req: 513/1015] 10.0.0.191 () {28 vars in 684 bytes} [Wed Apr 29 03:12:45 2026] GET /v3/6c8bf693dc4e432794531548d9e6b4e1/volumes/detail?all_tenants=true => generated 15 bytes in 17 msecs (HTTP/1.1 200) 7 headers in 284 bytes (1 switches on core 0)
2026-04-29 03:12:45.639 8 INFO cinder.api.openstack.wsgi [None req-2758acdc-03f0-4c01-b1a3-74b6da7b9b0b b614d6440fe24072be93a7ffdcb2d831 6c8bf693dc4e432794531548d9e6b4e1 - - default default] GET http://cinder-api.openstack.svc.cluster.local:8776/v3/6c8bf693dc4e432794531548d9e6b4e1/os-quota-sets/082b8f8eda054118a1e74bf3c2cea16e?usage=true
2026-04-29 03:12:45.657 8 INFO cinder.api.openstack.wsgi [None req-2758acdc-03f0-4c01-b1a3-74b6da7b9b0b b614d6440fe24072be93a7ffdcb2d831 6c8bf693dc4e432794531548d9e6b4e1 - - default default] http://cinder-api.openstack.svc.cluster.local:8776/v3/6c8bf693dc4e432794531548d9e6b4e1/os-quota-sets/082b8f8eda054118a1e74bf3c2cea16e?usage=true returned with HTTP 200 [pid: 8|app: 0|req: 503/1016] 10.0.0.191 () {28 vars in 736 bytes} [Wed Apr 29 03:12:45 2026] GET /v3/6c8bf693dc4e432794531548d9e6b4e1/os-quota-sets/082b8f8eda054118a1e74bf3c2cea16e?usage=true => generated 847 bytes in 28 msecs (HTTP/1.1 200) 7 headers in 285 bytes (1 switches on core 0)
