+ exec neutron-metadata-agent --config-file /etc/neutron/neutron.conf --config-file /tmp/pod-shared/neutron-agent.ini --config-file /etc/neutron/metadata_agent.ini 3 RLock(s) were not greened, to fix this error make sure you run eventlet.monkey_patch() before importing any other modules. /var/lib/openstack/lib/python3.12/site-packages/pecan/core.py:320: SyntaxWarning: invalid escape sequence '\*' ''' /var/lib/openstack/lib/python3.12/site-packages/pecan/routing.py:48: SyntaxWarning: invalid escape sequence '\(' '^[0-9a-zA-Z-_$\(\)\.~!,;:*+@=]+$', route
2026-04-29 02:31:07.855 39 INFO neutron.common.config [-] Logging enabled!
2026-04-29 02:31:07.856 39 INFO neutron.common.config [-] /var/lib/openstack/bin/neutron-metadata-agent version 25.2.4.dev1
2026-04-29 02:31:07.872 39 INFO oslo_service.service [None req-7f7713a2-d473-416d-b5b5-02b737d92276 - - - - - -] Starting 2 workers
2026-04-29 02:31:07.881 48 INFO eventlet.wsgi.server [-] (48) wsgi starting up on http:/var/lib/neutron/openstack-helm/metadata_proxy
2026-04-29 02:31:07.882 47 INFO eventlet.wsgi.server [-] (47) wsgi starting up on http:/var/lib/neutron/openstack-helm/metadata_proxy
2026-04-29 02:33:00.799 47 ERROR neutron.agent.metadata.agent [-] No port found in network None with IP address 169.254.169.254
2026-04-29 02:33:00.800 47 INFO eventlet.wsgi.server [-] 169.254.169.254, "GET / HTTP/1.1" status: 404 len: 176 time: 1.0607858
2026-04-29 02:34:39.716 47 ERROR neutron.agent.metadata.agent [-] No port found in network None with IP address 169.254.169.254
2026-04-29 02:34:39.717 47 INFO eventlet.wsgi.server [-] 169.254.169.254, "GET / HTTP/1.1" status: 404 len: 176 time: 0.0177510
2026-04-29 02:37:49.718 47 ERROR neutron.agent.metadata.agent [-] No port found in network None with IP address 169.254.169.254
2026-04-29 02:37:49.719 47 INFO eventlet.wsgi.server [-] 169.254.169.254, "GET / HTTP/1.1" status: 404 len: 176 time: 0.0211260
2026-04-29 02:38:19.714 47 ERROR neutron.agent.metadata.agent [-] No port found in network None with IP address 169.254.169.254
2026-04-29 02:38:19.714 47 INFO eventlet.wsgi.server [-] 169.254.169.254, "GET / HTTP/1.1" status: 404 len: 176 time: 0.0082619
2026-04-29 02:40:59.727 48 ERROR neutron.agent.metadata.agent [-] No port found in network None with IP address 169.254.169.254
2026-04-29 02:40:59.728 48 INFO eventlet.wsgi.server [-] 169.254.169.254, "GET / HTTP/1.1" status: 404 len: 176 time: 0.0217977
2026-04-29 02:44:10.756 48 ERROR neutron.agent.metadata.agent [-] No port found in network None with IP address 169.254.169.254
2026-04-29 02:44:10.757 48 INFO eventlet.wsgi.server [-] 169.254.169.254, "GET / HTTP/1.1" status: 404 len: 176 time: 1.0459197
2026-04-29 02:47:19.713 48 ERROR neutron.agent.metadata.agent [-] No port found in network None with IP address 169.254.169.254
2026-04-29 02:47:19.713 48 INFO eventlet.wsgi.server [-] 169.254.169.254, "GET / HTTP/1.1" status: 404 len: 176 time: 0.0066309
2026-04-29 02:48:19.678 47 ERROR neutron.agent.metadata.agent [-] No port found in network None with IP address 169.254.169.254
2026-04-29 02:48:19.679 47 INFO eventlet.wsgi.server [-] 169.254.169.254, "GET / HTTP/1.1" status: 404 len: 176 time: 0.0100029
2026-04-29 02:50:29.686 47 ERROR neutron.agent.metadata.agent [-] No port found in network None with IP address 169.254.169.254
2026-04-29 02:50:29.687 47 INFO eventlet.wsgi.server [-] 169.254.169.254, "GET / HTTP/1.1" status: 404 len: 176 time: 0.0086727
2026-04-29 02:53:39.654 48 ERROR neutron.agent.metadata.agent [-] No port found in network None with IP address 169.254.169.254
2026-04-29 02:53:39.654 48 INFO eventlet.wsgi.server [-] 169.254.169.254, "GET / HTTP/1.1" status: 404 len: 176 time: 0.0066040
2026-04-29 02:56:50.757 47 ERROR neutron.agent.metadata.agent [-] No port found in network None with IP address 169.254.169.254
2026-04-29 02:56:50.759 47 INFO eventlet.wsgi.server [-] 169.254.169.254, "GET / HTTP/1.1" status: 404 len: 176 time: 1.0161805
2026-04-29 02:58:19.768 47 ERROR neutron.agent.metadata.agent [-] No port found in network None with IP address 169.254.169.254
2026-04-29 02:58:19.769 47 INFO eventlet.wsgi.server [-] 169.254.169.254, "GET / HTTP/1.1" status: 404 len: 176 time: 0.0041425
2026-04-29 02:59:59.746 47 ERROR neutron.agent.metadata.agent [-] No port found in network None with IP address 169.254.169.254
2026-04-29 02:59:59.747 47 INFO eventlet.wsgi.server [-] 169.254.169.254, "GET / HTTP/1.1" status: 404 len: 176 time: 0.0088441
2026-04-29 03:03:09.819 48 ERROR neutron.agent.metadata.agent [-] No port found in network None with IP address 169.254.169.254
2026-04-29 03:03:09.819 48 INFO eventlet.wsgi.server [-] 169.254.169.254, "GET / HTTP/1.1" status: 404 len: 176 time: 0.0061500
2026-04-29 03:03:43.696 48 INFO eventlet.wsgi.server [-] 10.100.0.12, "GET /2009-04-04/meta-data/instance-id HTTP/1.1" status: 200 len: 146 time: 1.9692845
2026-04-29 03:03:43.735 48 INFO eventlet.wsgi.server [-] 10.100.0.12, "GET /2009-04-04/meta-data/public-keys HTTP/1.1" status: 200 len: 163 time: 0.0264351
2026-04-29 03:03:43.777 47 INFO eventlet.wsgi.server [-] 10.100.0.12, "GET /2009-04-04/meta-data/public-keys/0/openssh-key HTTP/1.1" status: 200 len: 341 time: 0.0342066
2026-04-29 03:03:43.795 47 INFO eventlet.wsgi.server [-] 10.100.0.12, "GET /2009-04-04/meta-data/instance-id HTTP/1.1" status: 200 len: 146 time: 0.0121775
2026-04-29 03:03:43.809 47 INFO eventlet.wsgi.server [-] 10.100.0.12, "GET /2009-04-04/meta-data/ami-launch-index HTTP/1.1" status: 200 len: 136 time: 0.0096302
2026-04-29 03:03:43.824 47 INFO eventlet.wsgi.server [-] 10.100.0.12, "GET /2009-04-04/meta-data/instance-type HTTP/1.1" status: 200 len: 142 time: 0.0100234
2026-04-29 03:03:43.839 47 INFO eventlet.wsgi.server [-] 10.100.0.12, "GET /2009-04-04/meta-data/local-ipv4 HTTP/1.1" status: 200 len: 147 time: 0.0098832
2026-04-29 03:03:43.856 47 INFO eventlet.wsgi.server [-] 10.100.0.12, "GET /2009-04-04/meta-data/public-ipv4 HTTP/1.1" status: 200 len: 149 time: 0.0115857
2026-04-29 03:03:43.888 48 INFO eventlet.wsgi.server [-] 10.100.0.12, "GET /2009-04-04/meta-data/hostname HTTP/1.1" status: 200 len: 200 time: 0.0256503
2026-04-29 03:03:43.907 48 INFO eventlet.wsgi.server [-] 10.100.0.12, "GET /2009-04-04/meta-data/local-hostname HTTP/1.1" status: 200 len: 200 time: 0.0120432
2026-04-29 03:03:43.964 48 INFO eventlet.wsgi.server [-] 10.100.0.12, "GET /2009-04-04/user-data HTTP/1.1" status: 200 len: 231 time: 0.0124402
2026-04-29 03:03:43.985 48 INFO eventlet.wsgi.server [-] 10.100.0.12, "GET /2009-04-04/meta-data/block-device-mapping HTTP/1.1" status: 200 len: 143 time: 0.0139580
2026-04-29 03:03:44.013 47 INFO eventlet.wsgi.server [-] 10.100.0.12, "GET /2009-04-04/meta-data/block-device-mapping/ami HTTP/1.1" status: 200 len: 138 time: 0.0218072
2026-04-29 03:03:44.035 47 INFO eventlet.wsgi.server [-] 10.100.0.12, "GET /2009-04-04/meta-data/block-device-mapping/root HTTP/1.1" status: 200 len: 143 time: 0.0157642
2026-04-29 03:03:44.054 47 INFO eventlet.wsgi.server [-] 10.100.0.12, "GET /2009-04-04/meta-data/public-hostname HTTP/1.1" status: 200 len: 200 time: 0.0124824
2026-04-29 03:03:44.087 47 INFO eventlet.wsgi.server [-] 10.100.0.12, "GET /2009-04-04/meta-data/placement/availability-zone HTTP/1.1" status: 200 len: 139 time: 0.0273771
2026-04-29 03:04:30.659 48 INFO eventlet.wsgi.server [-] 10.100.0.7, "GET /2009-04-04/meta-data/instance-id HTTP/1.1" status: 200 len: 146 time: 0.7032747
2026-04-29 03:04:30.685 48 INFO eventlet.wsgi.server [-] 10.100.0.7, "GET /2009-04-04/meta-data/public-keys HTTP/1.1" status: 200 len: 163 time: 0.0122614
2026-04-29 03:04:30.709 48 INFO eventlet.wsgi.server [-] 10.100.0.7, "GET /2009-04-04/meta-data/public-keys/0/openssh-key HTTP/1.1" status: 200 len: 341 time: 0.0171037
2026-04-29 03:04:30.749 47 INFO eventlet.wsgi.server [-] 10.100.0.7, "GET /2009-04-04/meta-data/instance-id HTTP/1.1" status: 200 len: 146 time: 0.0248992
2026-04-29 03:04:30.776 47 INFO eventlet.wsgi.server [-] 10.100.0.7, "GET /2009-04-04/meta-data/ami-launch-index HTTP/1.1" status: 200 len: 136 time: 0.0179789
2026-04-29 03:04:30.802 47 INFO eventlet.wsgi.server [-] 10.100.0.7, "GET /2009-04-04/meta-data/instance-type HTTP/1.1" status: 200 len: 142 time: 0.0170834
2026-04-29 03:04:30.826 47 INFO eventlet.wsgi.server [-] 10.100.0.7, "GET /2009-04-04/meta-data/local-ipv4 HTTP/1.1" status: 200 len: 146 time: 0.0167615
2026-04-29 03:04:30.849 48 INFO eventlet.wsgi.server [-] 10.100.0.7, "GET /2009-04-04/meta-data/public-ipv4 HTTP/1.1" status: 200 len: 149 time: 0.0145979
2026-04-29 03:04:30.870 47 INFO eventlet.wsgi.server [-] 10.100.0.7, "GET /2009-04-04/meta-data/hostname HTTP/1.1" status: 200 len: 192 time: 0.0116749
2026-04-29 03:04:30.918 48 INFO eventlet.wsgi.server [-] 10.100.0.7, "GET /2009-04-04/meta-data/local-hostname HTTP/1.1" status: 200 len: 192 time: 0.0398228
2026-04-29 03:04:30.943 47 INFO eventlet.wsgi.server [-] 10.100.0.7, "GET /2009-04-04/user-data HTTP/1.1" status: 200 len: 231 time: 0.0141799
2026-04-29 03:04:30.965 47 INFO eventlet.wsgi.server [-] 10.100.0.7, "GET /2009-04-04/meta-data/block-device-mapping HTTP/1.1" status: 200 len: 143 time: 0.0164661
2026-04-29 03:04:30.985 47 INFO eventlet.wsgi.server [-] 10.100.0.7, "GET /2009-04-04/meta-data/block-device-mapping/ami HTTP/1.1" status: 200 len: 138 time: 0.0134022
2026-04-29 03:04:31.004 47 INFO eventlet.wsgi.server [-] 10.100.0.7, "GET /2009-04-04/meta-data/block-device-mapping/root HTTP/1.1" status: 200 len: 143 time: 0.0138953
2026-04-29 03:04:31.027 48 INFO eventlet.wsgi.server [-] 10.100.0.7, "GET /2009-04-04/meta-data/public-hostname HTTP/1.1" status: 200 len: 192 time: 0.0148890
2026-04-29 03:04:31.049 48 INFO eventlet.wsgi.server [-] 10.100.0.7, "GET /2009-04-04/meta-data/placement/availability-zone HTTP/1.1" status: 200 len: 139 time: 0.0141873
2026-04-29 03:04:55.175 47 INFO eventlet.wsgi.server [-] 10.100.0.7, "GET /2009-04-04/meta-data/instance-id HTTP/1.1" status: 200 len: 146 time: 1.9995558
2026-04-29 03:04:55.203 47 INFO eventlet.wsgi.server [-] 10.100.0.7, "GET /2009-04-04/meta-data/public-keys HTTP/1.1" status: 200 len: 163 time: 0.0144370
2026-04-29 03:04:55.222 47 INFO eventlet.wsgi.server [-] 10.100.0.7, "GET /2009-04-04/meta-data/public-keys/0/openssh-key HTTP/1.1" status: 200 len: 341 time: 0.0138578
2026-04-29 03:04:55.240 47 INFO eventlet.wsgi.server [-] 10.100.0.7, "GET /2009-04-04/meta-data/instance-id HTTP/1.1" status: 200 len: 146 time: 0.0106983
2026-04-29 03:04:55.265 48 INFO eventlet.wsgi.server [-] 10.100.0.7, "GET /2009-04-04/meta-data/ami-launch-index HTTP/1.1" status: 200 len: 136 time: 0.0161200
2026-04-29 03:04:55.284 48 INFO eventlet.wsgi.server [-] 10.100.0.7, "GET /2009-04-04/meta-data/instance-type HTTP/1.1" status: 200 len: 142 time: 0.0116484
2026-04-29 03:04:55.307 48 INFO eventlet.wsgi.server [-] 10.100.0.7, "GET /2009-04-04/meta-data/local-ipv4 HTTP/1.1" status: 200 len: 146 time: 0.0161073
2026-04-29 03:04:55.330 48 INFO eventlet.wsgi.server [-] 10.100.0.7, "GET /2009-04-04/meta-data/public-ipv4 HTTP/1.1" status: 200 len: 149 time: 0.0138612
2026-04-29 03:04:55.361 48 INFO eventlet.wsgi.server [-] 10.100.0.7, "GET /2009-04-04/meta-data/hostname HTTP/1.1" status: 200 len: 192 time: 0.0214384
2026-04-29 03:04:55.383 47 INFO eventlet.wsgi.server [-] 10.100.0.7, "GET /2009-04-04/meta-data/local-hostname HTTP/1.1" status: 200 len: 192 time: 0.0131240
2026-04-29 03:04:55.400 47 INFO eventlet.wsgi.server [-] 10.100.0.7, "GET /2009-04-04/user-data HTTP/1.1" status: 200 len: 231 time: 0.0091186
2026-04-29 03:04:55.423 47 INFO eventlet.wsgi.server [-] 10.100.0.7, "GET /2009-04-04/meta-data/block-device-mapping HTTP/1.1" status: 200 len: 143 time: 0.0157573
2026-04-29 03:04:55.449 48 INFO eventlet.wsgi.server [-] 10.100.0.7, "GET /2009-04-04/meta-data/block-device-mapping/ami HTTP/1.1" status: 200 len: 138 time: 0.0159769
2026-04-29 03:04:55.465 47 INFO eventlet.wsgi.server [-] 10.100.0.7, "GET /2009-04-04/meta-data/block-device-mapping/root HTTP/1.1" status: 200 len: 143 time: 0.0117676
2026-04-29 03:04:55.480 47 INFO eventlet.wsgi.server [-] 10.100.0.7, "GET /2009-04-04/meta-data/public-hostname HTTP/1.1" status: 200 len: 192 time: 0.0107145
2026-04-29 03:04:55.499 48 INFO eventlet.wsgi.server [-] 10.100.0.7, "GET /2009-04-04/meta-data/placement/availability-zone HTTP/1.1" status: 200 len: 139 time: 0.0118034
2026-04-29 03:05:37.584 47 INFO eventlet.wsgi.server [-] 10.100.0.6, "GET /latest/meta-data/public-ipv4 HTTP/1.1" status: 200 len: 149 time: 0.9666877
2026-04-29 03:05:37.960 47 INFO eventlet.wsgi.server [-] 10.100.0.6, "POST /openstack/2013-10-17/password HTTP/1.1" status: 200 len: 134 time: 0.2948208
2026-04-29 03:06:19.879 47 ERROR neutron.agent.metadata.agent [-] No port found in network None with IP address 169.254.169.254
2026-04-29 03:06:19.881 47 INFO eventlet.wsgi.server [-] 169.254.169.254, "GET / HTTP/1.1" status: 404 len: 176 time: 0.0092945
2026-04-29 03:06:50.558 47 INFO eventlet.wsgi.server [-] 10.100.0.11, "GET /2009-04-04/meta-data/instance-id HTTP/1.1" status: 200 len: 146 time: 0.6845357
2026-04-29 03:06:50.590 47 INFO eventlet.wsgi.server [-] 10.100.0.11, "GET /2009-04-04/meta-data/public-keys HTTP/1.1" status: 200 len: 175 time: 0.0205503
2026-04-29 03:06:50.608 47 INFO eventlet.wsgi.server [-] 10.100.0.11, "GET /2009-04-04/meta-data/public-keys/0/openssh-key HTTP/1.1" status: 200 len: 341 time: 0.0124824
2026-04-29 03:06:50.638 48 INFO eventlet.wsgi.server [-] 10.100.0.11, "GET /2009-04-04/meta-data/instance-id HTTP/1.1" status: 200 len: 146 time: 0.0226862
2026-04-29 03:06:50.662 48 INFO eventlet.wsgi.server [-] 10.100.0.11, "GET /2009-04-04/meta-data/ami-launch-index HTTP/1.1" status: 200 len: 136 time: 0.0143993
2026-04-29 03:06:50.682 48 INFO eventlet.wsgi.server [-] 10.100.0.11, "GET /2009-04-04/meta-data/instance-type HTTP/1.1" status: 200 len: 142 time: 0.0115366
2026-04-29 03:06:50.701 48 INFO eventlet.wsgi.server [-] 10.100.0.11, "GET /2009-04-04/meta-data/local-ipv4 HTTP/1.1" status: 200 len: 147 time: 0.0119796
2026-04-29 03:06:50.719 48 INFO eventlet.wsgi.server [-] 10.100.0.11, "GET /2009-04-04/meta-data/public-ipv4 HTTP/1.1" status: 200 len: 149 time: 0.0113385
2026-04-29 03:06:50.739 47 INFO eventlet.wsgi.server [-] 10.100.0.11, "GET /2009-04-04/meta-data/hostname HTTP/1.1" status: 200 len: 190 time: 0.0107574
2026-04-29 03:06:50.761 47 INFO eventlet.wsgi.server [-] 10.100.0.11, "GET /2009-04-04/meta-data/local-hostname HTTP/1.1" status: 200 len: 190 time: 0.0145452
2026-04-29 03:06:50.777 47 INFO neutron.agent.metadata.proxy_base [-] The instance: 0719df99-815d-4818-982a-f80b65880baa is not present anymore, skipping cache...
2026-04-29 03:06:51.293 47 INFO eventlet.wsgi.server [-] 10.100.0.11, "GET /2009-04-04/user-data HTTP/1.1" status: 404 len: 297 time: 0.5267053
2026-04-29 03:06:51.320 47 INFO eventlet.wsgi.server [-] 10.100.0.11, "GET /2009-04-04/meta-data/block-device-mapping HTTP/1.1" status: 200 len: 143 time: 0.0139668
2026-04-29 03:06:51.338 48 INFO eventlet.wsgi.server [-] 10.100.0.11, "GET /2009-04-04/meta-data/block-device-mapping/ami HTTP/1.1" status: 200 len: 138 time: 0.0120308
2026-04-29 03:06:51.359 48 INFO eventlet.wsgi.server [-] 10.100.0.11, "GET /2009-04-04/meta-data/block-device-mapping/root HTTP/1.1" status: 200 len: 143 time: 0.0132728
2026-04-29 03:06:51.382 48 INFO eventlet.wsgi.server [-] 10.100.0.11, "GET /2009-04-04/meta-data/public-hostname HTTP/1.1" status: 200 len: 190 time: 0.0159223
2026-04-29 03:06:51.401 48 INFO eventlet.wsgi.server [-] 10.100.0.11, "GET /2009-04-04/meta-data/placement/availability-zone HTTP/1.1" status: 200 len: 139 time: 0.0106900
2026-04-29 03:07:23.534 48 INFO eventlet.wsgi.server [-] 10.100.0.13, "GET /2009-04-04/meta-data/instance-id HTTP/1.1" status: 200 len: 146 time: 0.6879709
2026-04-29 03:07:23.563 48 INFO eventlet.wsgi.server [-] 10.100.0.13, "GET /2009-04-04/meta-data/public-keys HTTP/1.1" status: 200 len: 175 time: 0.0147250
2026-04-29 03:07:23.593 47 INFO eventlet.wsgi.server [-] 10.100.0.13, "GET /2009-04-04/meta-data/public-keys/0/openssh-key HTTP/1.1" status: 200 len: 341 time: 0.0233777
2026-04-29 03:07:23.616 47 INFO eventlet.wsgi.server [-] 10.100.0.13, "GET /2009-04-04/meta-data/instance-id HTTP/1.1" status: 200 len: 146 time: 0.0156708
2026-04-29 03:07:23.637 48 INFO eventlet.wsgi.server [-] 10.100.0.13, "GET /2009-04-04/meta-data/ami-launch-index HTTP/1.1" status: 200 len: 136 time: 0.0147069
2026-04-29 03:07:23.657 48 INFO eventlet.wsgi.server [-] 10.100.0.13, "GET /2009-04-04/meta-data/instance-type HTTP/1.1" status: 200 len: 142 time: 0.0122423
2026-04-29 03:07:23.681 48 INFO eventlet.wsgi.server [-] 10.100.0.13, "GET /2009-04-04/meta-data/local-ipv4 HTTP/1.1" status: 200 len: 147 time: 0.0136249
2026-04-29 03:07:23.706 48 INFO eventlet.wsgi.server [-] 10.100.0.13, "GET /2009-04-04/meta-data/public-ipv4 HTTP/1.1" status: 200 len: 149 time: 0.0138230
2026-04-29 03:07:23.726 48 INFO eventlet.wsgi.server [-] 10.100.0.13, "GET /2009-04-04/meta-data/hostname HTTP/1.1" status: 200 len: 191 time: 0.0122886
2026-04-29 03:07:23.750 48 INFO eventlet.wsgi.server [-] 10.100.0.13, "GET /2009-04-04/meta-data/local-hostname HTTP/1.1" status: 200 len: 191 time: 0.0168393
2026-04-29 03:07:23.770 48 INFO neutron.agent.metadata.proxy_base [-] The instance: 0fd55935-9fb2-4584-810a-3a47de9d09d3 is not present anymore, skipping cache...
2026-04-29 03:07:24.285 48 INFO eventlet.wsgi.server [-] 10.100.0.13, "GET /2009-04-04/user-data HTTP/1.1" status: 404 len: 297 time: 0.5282376
2026-04-29 03:07:24.315 47 INFO eventlet.wsgi.server [-] 10.100.0.13, "GET /2009-04-04/meta-data/block-device-mapping HTTP/1.1" status: 200 len: 143 time: 0.0159421
2026-04-29 03:07:24.332 47 INFO eventlet.wsgi.server [-] 10.100.0.13, "GET /2009-04-04/meta-data/block-device-mapping/ami HTTP/1.1" status: 200 len: 138 time: 0.0101297
2026-04-29 03:07:24.348 47 INFO eventlet.wsgi.server [-] 10.100.0.13, "GET /2009-04-04/meta-data/block-device-mapping/root HTTP/1.1" status: 200 len: 143 time: 0.0090492
2026-04-29 03:07:24.369 47 INFO eventlet.wsgi.server [-] 10.100.0.13, "GET /2009-04-04/meta-data/public-hostname HTTP/1.1" status: 200 len: 191 time: 0.0131745
2026-04-29 03:07:24.390 47 INFO eventlet.wsgi.server [-] 10.100.0.13, "GET /2009-04-04/meta-data/placement/availability-zone HTTP/1.1" status: 200 len: 139 time: 0.0122778
2026-04-29 03:08:20.829 47 ERROR neutron.agent.metadata.agent [-] No port found in network None with IP address 169.254.169.254
2026-04-29 03:08:20.830 47 INFO eventlet.wsgi.server [-] 169.254.169.254, "GET / HTTP/1.1" status: 404 len: 176 time: 1.0230379
2026-04-29 03:09:15.258 47 INFO eventlet.wsgi.server [-] 10.2.1.95, "GET /2009-04-04/meta-data/instance-id HTTP/1.1" status: 200 len: 146 time: 0.6754422
2026-04-29 03:09:15.289 47 INFO eventlet.wsgi.server [-] 10.2.1.95, "GET /2009-04-04/meta-data/public-keys HTTP/1.1" status: 200 len: 174 time: 0.0157473
2026-04-29 03:09:15.308 47 INFO eventlet.wsgi.server [-] 10.2.1.95, "GET /2009-04-04/meta-data/public-keys/0/openssh-key HTTP/1.1" status: 200 len: 341 time: 0.0141289
2026-04-29 03:09:15.326 47 INFO eventlet.wsgi.server [-] 10.2.1.95, "GET /2009-04-04/meta-data/instance-id HTTP/1.1" status: 200 len: 146 time: 0.0097575
2026-04-29 03:09:15.341 47 INFO eventlet.wsgi.server [-] 10.2.1.95, "GET /2009-04-04/meta-data/ami-launch-index HTTP/1.1" status: 200 len: 136 time: 0.0104585
2026-04-29 03:09:15.359 47 INFO eventlet.wsgi.server [-] 10.2.1.95, "GET /2009-04-04/meta-data/instance-type HTTP/1.1" status: 200 len: 142 time: 0.0128150
2026-04-29 03:09:15.377 47 INFO eventlet.wsgi.server [-] 10.2.1.95, "GET /2009-04-04/meta-data/local-ipv4 HTTP/1.1" status: 200 len: 144 time: 0.0126836
2026-04-29 03:09:15.394 47 INFO eventlet.wsgi.server [-] 10.2.1.95, "GET /2009-04-04/meta-data/public-ipv4 HTTP/1.1" status: 200 len: 149 time: 0.0125301
2026-04-29 03:09:15.411 47 INFO eventlet.wsgi.server [-] 10.2.1.95, "GET /2009-04-04/meta-data/hostname HTTP/1.1" status: 200 len: 184 time: 0.0114064
2026-04-29 03:09:15.443 47 INFO eventlet.wsgi.server [-] 10.2.1.95, "GET /2009-04-04/meta-data/local-hostname HTTP/1.1" status: 200 len: 184 time: 0.0115383
2026-04-29 03:09:15.459 47 INFO neutron.agent.metadata.proxy_base [-] The instance: 84e061c5-fec8-4310-a7ad-78c03ddd0029 is not present anymore, skipping cache...
2026-04-29 03:09:15.971 47 INFO eventlet.wsgi.server [-] 10.2.1.95, "GET /2009-04-04/user-data HTTP/1.1" status: 404 len: 297 time: 0.5227578
2026-04-29 03:09:16.000 48 INFO eventlet.wsgi.server [-] 10.2.1.95, "GET /2009-04-04/meta-data/block-device-mapping HTTP/1.1" status: 200 len: 143 time: 0.0176301
2026-04-29 03:09:16.021 48 INFO eventlet.wsgi.server [-] 10.2.1.95, "GET /2009-04-04/meta-data/block-device-mapping/ami HTTP/1.1" status: 200 len: 138 time: 0.0150440
2026-04-29 03:09:16.038 48 INFO eventlet.wsgi.server [-] 10.2.1.95, "GET /2009-04-04/meta-data/block-device-mapping/root HTTP/1.1" status: 200 len: 143 time: 0.0121000
2026-04-29 03:09:16.057 47 INFO eventlet.wsgi.server [-] 10.2.1.95, "GET /2009-04-04/meta-data/public-hostname HTTP/1.1" status: 200 len: 184 time: 0.0109429
2026-04-29 03:09:16.081 48 INFO eventlet.wsgi.server [-] 10.2.1.95, "GET /2009-04-04/meta-data/placement/availability-zone HTTP/1.1" status: 200 len: 139 time: 0.0162544
2026-04-29 03:09:29.765 48 ERROR neutron.agent.metadata.agent [-] No port found in network None with IP address 169.254.169.254
2026-04-29 03:09:29.765 48 INFO eventlet.wsgi.server [-] 169.254.169.254, "GET / HTTP/1.1" status: 404 len: 176 time: 0.0090897
2026-04-29 03:09:34.492 47 INFO eventlet.wsgi.server [-] 10.2.2.238, "GET /2009-04-04/meta-data/instance-id HTTP/1.1" status: 200 len: 146 time: 0.7411695
2026-04-29 03:09:34.519 48 INFO eventlet.wsgi.server [-] 10.2.2.238, "GET /2009-04-04/meta-data/public-keys HTTP/1.1" status: 200 len: 174 time: 0.0156314
2026-04-29 03:09:34.534 48 INFO eventlet.wsgi.server [-] 10.2.2.238, "GET /2009-04-04/meta-data/public-keys/0/openssh-key HTTP/1.1" status: 200 len: 341 time: 0.0110555
2026-04-29 03:09:34.552 48 INFO eventlet.wsgi.server [-] 10.2.2.238, "GET /2009-04-04/meta-data/instance-id HTTP/1.1" status: 200 len: 146 time: 0.0110400
2026-04-29 03:09:34.572 48 INFO eventlet.wsgi.server [-] 10.2.2.238, "GET /2009-04-04/meta-data/ami-launch-index HTTP/1.1" status: 200 len: 136 time: 0.0096135
2026-04-29 03:09:34.593 47 INFO eventlet.wsgi.server [-] 10.2.2.238, "GET /2009-04-04/meta-data/instance-type HTTP/1.1" status: 200 len: 142 time: 0.0141907
2026-04-29 03:09:34.611 47 INFO eventlet.wsgi.server [-] 10.2.2.238, "GET /2009-04-04/meta-data/local-ipv4 HTTP/1.1" status: 200 len: 146 time: 0.0128572
2026-04-29 03:09:34.632 48 INFO eventlet.wsgi.server [-] 10.2.2.238, "GET /2009-04-04/meta-data/public-ipv4 HTTP/1.1" status: 200 len: 135 time: 0.0131662
2026-04-29 03:09:34.654 47 INFO eventlet.wsgi.server [-] 10.2.2.238, "GET /2009-04-04/meta-data/hostname HTTP/1.1" status: 200 len: 184 time: 0.0134015
2026-04-29 03:09:34.688 47 INFO eventlet.wsgi.server [-] 10.2.2.238, "GET /2009-04-04/meta-data/local-hostname HTTP/1.1" status: 200 len: 184 time: 0.0163133
2026-04-29 03:09:34.705 47 INFO neutron.agent.metadata.proxy_base [-] The instance: ba130874-770c-487a-b75d-8bd241dac8f0 is not present anymore, skipping cache...
2026-04-29 03:09:35.221 47 INFO eventlet.wsgi.server [-] 10.2.2.238, "GET /2009-04-04/user-data HTTP/1.1" status: 404 len: 297 time: 0.5263138
2026-04-29 03:09:35.245 48 INFO eventlet.wsgi.server [-] 10.2.2.238, "GET /2009-04-04/meta-data/block-device-mapping HTTP/1.1" status: 200 len: 143 time: 0.0138636
2026-04-29 03:09:35.262 48 INFO eventlet.wsgi.server [-] 10.2.2.238, "GET /2009-04-04/meta-data/block-device-mapping/ami HTTP/1.1" status: 200 len: 138 time: 0.0108886
2026-04-29 03:09:35.278 48 INFO eventlet.wsgi.server [-] 10.2.2.238, "GET /2009-04-04/meta-data/block-device-mapping/root HTTP/1.1" status: 200 len: 143 time: 0.0100112
2026-04-29 03:09:35.294 48 INFO eventlet.wsgi.server [-] 10.2.2.238, "GET /2009-04-04/meta-data/public-hostname HTTP/1.1" status: 200 len: 184 time: 0.0110767
2026-04-29 03:09:35.311 48 INFO eventlet.wsgi.server [-] 10.2.2.238, "GET /2009-04-04/meta-data/placement/availability-zone HTTP/1.1" status: 200 len: 139 time: 0.0111511
2026-04-29 03:12:39.762 47 ERROR neutron.agent.metadata.agent [-] No port found in network None with IP address 169.254.169.254
2026-04-29 03:12:39.763 47 INFO eventlet.wsgi.server [-] 169.254.169.254, "GET / HTTP/1.1" status: 404 len: 176 time: 0.0061882
2026-04-29 03:15:49.764 48 ERROR neutron.agent.metadata.agent [-] No port found in network None with IP address 169.254.169.254
2026-04-29 03:15:49.764 48 INFO eventlet.wsgi.server [-] 169.254.169.254, "GET / HTTP/1.1" status: 404 len: 176 time: 0.0051787
2026-04-29 03:18:19.687 48 ERROR neutron.agent.metadata.agent [-] No port found in network None with IP address 169.254.169.254
2026-04-29 03:18:19.688 48 INFO eventlet.wsgi.server [-] 169.254.169.254, "GET / HTTP/1.1" status: 404 len: 176 time: 0.0049615