Apr 22 13:19:24.871792 np0000169316 devstack@neutron-api.service[105088]: DEBUG ovsdbapp.backend.ovs_idl [None req-7f41d20a-179e-4698-b70b-06966400a2b7 None None] Created schema index Port_Group.name {{(pid=105088) autocreate_indices /opt/stack/data/venv/lib/python3.12/site-packages/ovsdbapp/backend/ovs_idl/__init__.py:106}}
Apr 22 13:19:24.871906 np0000169316 devstack@neutron-api.service[105088]: DEBUG ovsdbapp.backend.ovs_idl [None req-7f41d20a-179e-4698-b70b-06966400a2b7 None None] Created schema index Logical_Switch_Port.name {{(pid=105088) autocreate_indices /opt/stack/data/venv/lib/python3.12/site-packages/ovsdbapp/backend/ovs_idl/__init__.py:106}}
Apr 22 13:19:24.875186 np0000169316 devstack@neutron-api.service[105088]: INFO ovsdbapp.backend.ovs_idl.vlog [None req-7f41d20a-179e-4698-b70b-06966400a2b7 None None] ssl:199.204.45.216:6641: connecting...
Apr 22 13:19:24.879652 np0000169316 devstack@neutron-api.service[105087]: DEBUG neutron.common.ovn.hash_ring_manager [None req-92d34622-65db-46ad-b9c5-32a218f37176 None None] Hash Ring loaded. 4 active nodes. 0 offline nodes {{(pid=105087) _load_hash_ring /opt/stack/neutron/neutron/common/ovn/hash_ring_manager.py:102}}
Apr 22 13:19:24.880018 np0000169316 devstack@neutron-api.service[105087]: DEBUG neutron.plugins.ml2.drivers.ovn.mech_driver.ovsdb.ovsdb_monitor [None req-92d34622-65db-46ad-b9c5-32a218f37176 None None] Hash Ring: Node 5b91ef91b6c059fdb38bde42060576ad (host: np0000169316) handling event "create" for row 9b726359-fa9b-4f71-b8c9-b947926cede5 (table: ACL) {{(pid=105087) notify /opt/stack/neutron/neutron/plugins/ml2/drivers/ovn/mech_driver/ovsdb/ovsdb_monitor.py:914}}
Apr 22 13:19:24.880359 np0000169316 devstack@neutron-api.service[105087]: DEBUG neutron.plugins.ml2.drivers.ovn.mech_driver.ovsdb.ovsdb_monitor [None req-92d34622-65db-46ad-b9c5-32a218f37176 None None] Hash Ring: Node 5b91ef91b6c059fdb38bde42060576ad (host: np0000169316) handling event "create" for row d12471c0-1b50-4872-8b2e-de3384123dcd (table: Port_Group) {{(pid=105087) notify /opt/stack/neutron/neutron/plugins/ml2/drivers/ovn/mech_driver/ovsdb/ovsdb_monitor.py:914}}
Apr 22 13:19:24.880589 np0000169316 devstack@neutron-api.service[105087]: DEBUG neutron.plugins.ml2.drivers.ovn.mech_driver.ovsdb.ovsdb_monitor [None req-92d34622-65db-46ad-b9c5-32a218f37176 None None] Hash Ring: Node 5b91ef91b6c059fdb38bde42060576ad (host: np0000169316) handling event "create" for row 42e62e85-0641-47c1-b942-c6623de883d0 (table: SSL) {{(pid=105087) notify /opt/stack/neutron/neutron/plugins/ml2/drivers/ovn/mech_driver/ovsdb/ovsdb_monitor.py:914}}
Apr 22 13:19:24.881291 np0000169316 devstack@neutron-api.service[105088]: INFO ovsdbapp.backend.ovs_idl.vlog [None req-7f41d20a-179e-4698-b70b-06966400a2b7 None None] ssl:199.204.45.216:6641: connected
Apr 22 13:19:24.881816 np0000169316 devstack@neutron-api.service[105087]: INFO neutron.plugins.ml2.drivers.ovn.mech_driver.ovsdb.impl_idl_ovn [None req-92d34622-65db-46ad-b9c5-32a218f37176 None None] Getting OvsdbSbOvnIdl for WorkerService with retry
Apr 22 13:19:24.882760 np0000169316 devstack@neutron-api.service[105090]: DEBUG neutron.common.ovn.hash_ring_manager [None req-ced7b9aa-bea6-40f8-abce-683deab3d42b None None] Allow caching, nodes 4>=4 {{(pid=105090) _wait_startup_before_caching /opt/stack/neutron/neutron/common/ovn/hash_ring_manager.py:65}}
Apr 22 13:19:24.886397 np0000169316 devstack@neutron-api.service[105090]: DEBUG neutron.common.ovn.hash_ring_manager [None req-ced7b9aa-bea6-40f8-abce-683deab3d42b None None] Hash Ring loaded. 4 active nodes. 0 offline nodes {{(pid=105090) _load_hash_ring /opt/stack/neutron/neutron/common/ovn/hash_ring_manager.py:102}}
Apr 22 13:19:24.886601 np0000169316 devstack@neutron-api.service[105090]: DEBUG neutron.plugins.ml2.drivers.ovn.mech_driver.ovsdb.ovsdb_monitor [None req-ced7b9aa-bea6-40f8-abce-683deab3d42b None None] ChassisOVNAgentWriteEvent : Matched Chassis_Private, create, None None {{(pid=105090) matches /opt/stack/neutron/neutron/plugins/ml2/drivers/ovn/mech_driver/ovsdb/ovsdb_monitor.py:64}}
Apr 22 13:19:24.886778 np0000169316 devstack@neutron-api.service[105090]: DEBUG neutron.plugins.ml2.drivers.ovn.mech_driver.ovsdb.ovsdb_monitor [None req-ced7b9aa-bea6-40f8-abce-683deab3d42b None None] ChassisAgentWriteEvent : Matched Chassis_Private, create, None None {{(pid=105090) matches /opt/stack/neutron/neutron/plugins/ml2/drivers/ovn/mech_driver/ovsdb/ovsdb_monitor.py:64}}
Apr 22 13:19:24.892377 np0000169316 devstack@neutron-api.service[105090]: INFO neutron.plugins.ml2.drivers.ovn.mech_driver.mech_driver [None req-ced7b9aa-bea6-40f8-abce-683deab3d42b None None] WorkerService process has finished the post initialization
Apr 22 13:19:24.893805 np0000169316 devstack@neutron-api.service[105090]: WSGI app 0 (mountpoint='') ready in 8 seconds on interpreter 0x795358ea3668 pid: 105090 (default app)
Apr 22 13:19:24.911528 np0000169316 devstack@neutron-api.service[105087]: DEBUG ovsdbapp.backend.ovs_idl [None req-92d34622-65db-46ad-b9c5-32a218f37176 None None] Created lookup_table index Chassis.name {{(pid=105087) autocreate_indices /opt/stack/data/venv/lib/python3.12/site-packages/ovsdbapp/backend/ovs_idl/__init__.py:87}}
Apr 22 13:19:24.911616 np0000169316 devstack@neutron-api.service[105087]: DEBUG ovsdbapp.backend.ovs_idl [None req-92d34622-65db-46ad-b9c5-32a218f37176 None None] Created lookup_table index Port_Binding.logical_port {{(pid=105087) autocreate_indices /opt/stack/data/venv/lib/python3.12/site-packages/ovsdbapp/backend/ovs_idl/__init__.py:87}}
Apr 22 13:19:24.911719 np0000169316 devstack@neutron-api.service[105087]: DEBUG ovsdbapp.backend.ovs_idl [None req-92d34622-65db-46ad-b9c5-32a218f37176 None None] Created schema index Chassis_Private.name {{(pid=105087) autocreate_indices /opt/stack/data/venv/lib/python3.12/site-packages/ovsdbapp/backend/ovs_idl/__init__.py:106}}
Apr 22 13:19:24.911803 np0000169316 devstack@neutron-api.service[105087]: DEBUG ovsdbapp.backend.ovs_idl [None req-92d34622-65db-46ad-b9c5-32a218f37176 None None] Created schema index Datapath_Binding.tunnel_key {{(pid=105087) autocreate_indices /opt/stack/data/venv/lib/python3.12/site-packages/ovsdbapp/backend/ovs_idl/__init__.py:106}}
Apr 22 13:19:24.914083 np0000169316 devstack@neutron-api.service[105087]: INFO ovsdbapp.backend.ovs_idl.vlog [None req-92d34622-65db-46ad-b9c5-32a218f37176 None None] ssl:199.204.45.216:6642: connecting...
Apr 22 13:19:24.919219 np0000169316 devstack@neutron-api.service[105087]: INFO ovsdbapp.backend.ovs_idl.vlog [None req-92d34622-65db-46ad-b9c5-32a218f37176 None None] ssl:199.204.45.216:6642: connected
Apr 22 13:19:24.919879 np0000169316 devstack@neutron-api.service[105088]: DEBUG neutron.common.ovn.hash_ring_manager [None req-7f41d20a-179e-4698-b70b-06966400a2b7 None None] Allow caching, nodes 4>=4 {{(pid=105088) _wait_startup_before_caching /opt/stack/neutron/neutron/common/ovn/hash_ring_manager.py:65}}
Apr 22 13:19:24.926431 np0000169316 devstack@neutron-api.service[105088]: DEBUG neutron.common.ovn.hash_ring_manager [None req-7f41d20a-179e-4698-b70b-06966400a2b7 None None] Hash Ring loaded. 4 active nodes. 0 offline nodes {{(pid=105088) _load_hash_ring /opt/stack/neutron/neutron/common/ovn/hash_ring_manager.py:102}}
Apr 22 13:19:24.926617 np0000169316 devstack@neutron-api.service[105088]: DEBUG neutron.plugins.ml2.drivers.ovn.mech_driver.ovsdb.ovsdb_monitor [None req-7f41d20a-179e-4698-b70b-06966400a2b7 None None] Hash Ring: Node d1cbc7283db65281aed137d0717c488f (host: np0000169316) handling event "create" for row 41ea5821-ba39-4767-b78c-106775fae67c (table: ACL) {{(pid=105088) notify /opt/stack/neutron/neutron/plugins/ml2/drivers/ovn/mech_driver/ovsdb/ovsdb_monitor.py:914}}
Apr 22 13:19:24.926850 np0000169316 devstack@neutron-api.service[105088]: DEBUG neutron.plugins.ml2.drivers.ovn.mech_driver.ovsdb.ovsdb_monitor [None req-7f41d20a-179e-4698-b70b-06966400a2b7 None None] Hash Ring: Node d1cbc7283db65281aed137d0717c488f (host: np0000169316) handling event "create" for row 48858196-ca2e-49be-a1c4-2265f3027e2d (table: Connection) {{(pid=105088) notify /opt/stack/neutron/neutron/plugins/ml2/drivers/ovn/mech_driver/ovsdb/ovsdb_monitor.py:914}}
Apr 22 13:19:24.928328 np0000169316 devstack@neutron-api.service[105088]: INFO neutron.plugins.ml2.drivers.ovn.mech_driver.ovsdb.impl_idl_ovn [None req-7f41d20a-179e-4698-b70b-06966400a2b7 None None] Getting OvsdbSbOvnIdl for WorkerService with retry
Apr 22 13:19:24.952942 np0000169316 devstack@neutron-api.service[105087]: DEBUG neutron.common.ovn.hash_ring_manager [None req-92d34622-65db-46ad-b9c5-32a218f37176 None None] Allow caching, nodes 4>=4 {{(pid=105087) _wait_startup_before_caching /opt/stack/neutron/neutron/common/ovn/hash_ring_manager.py:65}}
Apr 22 13:19:24.959678 np0000169316 devstack@neutron-api.service[105087]: DEBUG neutron.common.ovn.hash_ring_manager [None req-92d34622-65db-46ad-b9c5-32a218f37176 None None] Hash Ring loaded. 4 active nodes. 0 offline nodes {{(pid=105087) _load_hash_ring /opt/stack/neutron/neutron/common/ovn/hash_ring_manager.py:102}}
Apr 22 13:19:24.959678 np0000169316 devstack@neutron-api.service[105087]: DEBUG neutron.plugins.ml2.drivers.ovn.mech_driver.ovsdb.ovsdb_monitor [None req-92d34622-65db-46ad-b9c5-32a218f37176 None None] ChassisOVNAgentWriteEvent : Matched Chassis_Private, create, None None {{(pid=105087) matches /opt/stack/neutron/neutron/plugins/ml2/drivers/ovn/mech_driver/ovsdb/ovsdb_monitor.py:64}}
Apr 22 13:19:24.959678 np0000169316 devstack@neutron-api.service[105087]: DEBUG neutron.plugins.ml2.drivers.ovn.mech_driver.ovsdb.ovsdb_monitor [None req-92d34622-65db-46ad-b9c5-32a218f37176 None None] ChassisAgentWriteEvent : Matched Chassis_Private, create, None None {{(pid=105087) matches /opt/stack/neutron/neutron/plugins/ml2/drivers/ovn/mech_driver/ovsdb/ovsdb_monitor.py:64}}
Apr 22 13:19:24.960261 np0000169316 devstack@neutron-api.service[105088]: DEBUG ovsdbapp.backend.ovs_idl [None req-7f41d20a-179e-4698-b70b-06966400a2b7 None None] Created lookup_table index Chassis.name {{(pid=105088) autocreate_indices /opt/stack/data/venv/lib/python3.12/site-packages/ovsdbapp/backend/ovs_idl/__init__.py:87}}
Apr 22 13:19:24.960261 np0000169316 devstack@neutron-api.service[105088]: DEBUG ovsdbapp.backend.ovs_idl [None req-7f41d20a-179e-4698-b70b-06966400a2b7 None None] Created lookup_table index Port_Binding.logical_port {{(pid=105088) autocreate_indices /opt/stack/data/venv/lib/python3.12/site-packages/ovsdbapp/backend/ovs_idl/__init__.py:87}}
Apr 22 13:19:24.960261 np0000169316 devstack@neutron-api.service[105088]: DEBUG ovsdbapp.backend.ovs_idl [None req-7f41d20a-179e-4698-b70b-06966400a2b7 None None] Created schema index Chassis_Private.name {{(pid=105088) autocreate_indices /opt/stack/data/venv/lib/python3.12/site-packages/ovsdbapp/backend/ovs_idl/__init__.py:106}}
Apr 22 13:19:24.960261 np0000169316 devstack@neutron-api.service[105088]: DEBUG ovsdbapp.backend.ovs_idl [None req-7f41d20a-179e-4698-b70b-06966400a2b7 None None] Created schema index Datapath_Binding.tunnel_key {{(pid=105088) autocreate_indices /opt/stack/data/venv/lib/python3.12/site-packages/ovsdbapp/backend/ovs_idl/__init__.py:106}}
Apr 22 13:19:24.960912 np0000169316 devstack@neutron-api.service[105087]: INFO neutron.plugins.ml2.drivers.ovn.mech_driver.mech_driver [None req-92d34622-65db-46ad-b9c5-32a218f37176 None None] WorkerService process has finished the post initialization
Apr 22 13:19:24.961892 np0000169316 devstack@neutron-api.service[105087]: WSGI app 0 (mountpoint='') ready in 8 seconds on interpreter 0x795358ea3668 pid: 105087 (default app)
Apr 22 13:19:24.965020 np0000169316 devstack@neutron-api.service[105088]: INFO ovsdbapp.backend.ovs_idl.vlog [None req-7f41d20a-179e-4698-b70b-06966400a2b7 None None] ssl:199.204.45.216:6642: connecting...
Apr 22 13:19:24.967163 np0000169316 devstack@neutron-api.service[105088]: INFO ovsdbapp.backend.ovs_idl.vlog [None req-7f41d20a-179e-4698-b70b-06966400a2b7 None None] ssl:199.204.45.216:6642: connected
Apr 22 13:19:24.999715 np0000169316 devstack@neutron-api.service[105088]: DEBUG neutron.common.ovn.hash_ring_manager [None req-7f41d20a-179e-4698-b70b-06966400a2b7 None None] Allow caching, nodes 4>=4 {{(pid=105088) _wait_startup_before_caching /opt/stack/neutron/neutron/common/ovn/hash_ring_manager.py:65}}
Apr 22 13:19:25.003417 np0000169316 devstack@neutron-api.service[105088]: DEBUG neutron.common.ovn.hash_ring_manager [None req-7f41d20a-179e-4698-b70b-06966400a2b7 None None] Hash Ring loaded. 4 active nodes. 0 offline nodes {{(pid=105088) _load_hash_ring /opt/stack/neutron/neutron/common/ovn/hash_ring_manager.py:102}}
Apr 22 13:19:25.003639 np0000169316 devstack@neutron-api.service[105088]: DEBUG neutron.plugins.ml2.drivers.ovn.mech_driver.ovsdb.ovsdb_monitor [None req-7f41d20a-179e-4698-b70b-06966400a2b7 None None] ChassisOVNAgentWriteEvent : Matched Chassis_Private, create, None None {{(pid=105088) matches /opt/stack/neutron/neutron/plugins/ml2/drivers/ovn/mech_driver/ovsdb/ovsdb_monitor.py:64}}
Apr 22 13:19:25.003761 np0000169316 devstack@neutron-api.service[105088]: DEBUG neutron.plugins.ml2.drivers.ovn.mech_driver.ovsdb.ovsdb_monitor [None req-7f41d20a-179e-4698-b70b-06966400a2b7 None None] ChassisAgentWriteEvent : Matched Chassis_Private, create, None None {{(pid=105088) matches /opt/stack/neutron/neutron/plugins/ml2/drivers/ovn/mech_driver/ovsdb/ovsdb_monitor.py:64}}
Apr 22 13:19:25.004090 np0000169316 devstack@neutron-api.service[105088]: DEBUG neutron.plugins.ml2.drivers.ovn.mech_driver.ovsdb.ovsdb_monitor [None req-7f41d20a-179e-4698-b70b-06966400a2b7 None None] Hash Ring: Node d1cbc7283db65281aed137d0717c488f (host: np0000169316) handling event "create" for row 6ee79d89-9939-4b56-b922-229223982477 (table: Chassis_Private) {{(pid=105088) notify /opt/stack/neutron/neutron/plugins/ml2/drivers/ovn/mech_driver/ovsdb/ovsdb_monitor.py:914}}
Apr 22 13:19:25.005549 np0000169316 devstack@neutron-api.service[105088]: INFO neutron.plugins.ml2.drivers.ovn.mech_driver.mech_driver [None req-7f41d20a-179e-4698-b70b-06966400a2b7 None None] WorkerService process has finished the post initialization
Apr 22 13:19:25.007054 np0000169316 devstack@neutron-api.service[105088]: WSGI app 0 (mountpoint='') ready in 9 seconds on interpreter 0x795358ea3668 pid: 105088 (default app)
Apr 22 13:19:25.526625 np0000169316 devstack@neutron-api.service[105088]: DEBUG neutron.plugins.ml2.drivers.ovn.mech_driver.ovsdb.ovsdb_monitor [-] Hash Ring: Node d1cbc7283db65281aed137d0717c488f (host: np0000169316) handling event "update" for row 48858196-ca2e-49be-a1c4-2265f3027e2d (table: Connection) {{(pid=105088) notify /opt/stack/neutron/neutron/plugins/ml2/drivers/ovn/mech_driver/ovsdb/ovsdb_monitor.py:914}}
Apr 22 13:19:25.530651 np0000169316 devstack@neutron-api.service[105089]: DEBUG neutron.common.ovn.hash_ring_manager [-] Allow caching, nodes 4>=4 {{(pid=105089) _wait_startup_before_caching /opt/stack/neutron/neutron/common/ovn/hash_ring_manager.py:65}}
Apr 22 13:19:25.531091 np0000169316 devstack@neutron-api.service[105089]: DEBUG neutron.plugins.ml2.drivers.ovn.mech_driver.ovsdb.ovsdb_monitor [-] Hash Ring: Node f74f14ad32795b2dadac5718d56116f2 (host: np0000169316) handling event "update" for row 48858196-ca2e-49be-a1c4-2265f3027e2d (table: Connection) {{(pid=105089) notify /opt/stack/neutron/neutron/plugins/ml2/drivers/ovn/mech_driver/ovsdb/ovsdb_monitor.py:914}}
Apr 22 13:19:28.026568 np0000169316 devstack@neutron-api.service[105089]: DEBUG neutron.plugins.ml2.drivers.ovn.mech_driver.ovsdb.ovsdb_monitor [-] Hash Ring: Node f74f14ad32795b2dadac5718d56116f2 (host: np0000169316) handling event "update" for row 48858196-ca2e-49be-a1c4-2265f3027e2d (table: Connection) {{(pid=105089) notify /opt/stack/neutron/neutron/plugins/ml2/drivers/ovn/mech_driver/ovsdb/ovsdb_monitor.py:914}}
Apr 22 13:19:28.028434 np0000169316 devstack@neutron-api.service[105088]: DEBUG neutron.plugins.ml2.drivers.ovn.mech_driver.ovsdb.ovsdb_monitor [-] Hash Ring: Node d1cbc7283db65281aed137d0717c488f (host: np0000169316) handling event "update" for row 48858196-ca2e-49be-a1c4-2265f3027e2d (table: Connection) {{(pid=105088) notify /opt/stack/neutron/neutron/plugins/ml2/drivers/ovn/mech_driver/ovsdb/ovsdb_monitor.py:914}}
Apr 22 13:19:30.914952 np0000169316 devstack@neutron-api.service[105089]: DEBUG neutron.api.wsgi [None req-4ff553f4-8d78-491d-bd0c-6d6229d699d4 admin admin] Missing Content-Type {{(pid=105089) get_content_type /opt/stack/neutron/neutron/api/wsgi.py:85}}
Apr 22 13:19:30.915730 np0000169316 devstack@neutron-api.service[105089]: DEBUG neutron.api.wsgi [None req-4ff553f4-8d78-491d-bd0c-6d6229d699d4 admin admin] https://199.204.45.216/networking/v2.0/extensions returned with HTTP 200 {{(pid=105089) __call__ /opt/stack/neutron/neutron/api/wsgi.py:545}}
Apr 22 13:19:30.915730 np0000169316 devstack@neutron-api.service[105089]: [pid: 105089|app: 0|req: 2/2] 199.204.45.216 () {64 vars in 1323 bytes} [Wed Apr 22 13:19:30 2026] GET /networking/v2.0/extensions => generated 15209 bytes in 472 msecs (HTTP/1.1 200) 4 headers in 159 bytes (1 switches on core 0)
Apr 22 13:19:31.329560 np0000169316 devstack@neutron-api.service[105090]: DEBUG neutron.api.v2.base [None req-cf3841b0-122b-43b0-a966-b40732e33796 admin admin] Request body: {'subnetpool': {'shared': True, 'is_default': True, 'prefixes': ['10.1.0.0/20'], 'name': 'shared-default-subnetpool-v4', 'default_prefixlen': 26}} {{(pid=105090) prepare_request_body /opt/stack/neutron/neutron/api/v2/base.py:727}}
Apr 22 13:19:31.562040 np0000169316 devstack@neutron-api.service[105090]: DEBUG neutron.policy [None req-cf3841b0-122b-43b0-a966-b40732e33796 admin admin] Loaded default policies from ['neutron'] under neutron.policies entry points {{(pid=105090) register_rules /opt/stack/neutron/neutron/policy.py:65}}
Apr 22 13:19:31.707345 np0000169316 devstack@neutron-api.service[105090]: DEBUG neutron_lib.callbacks.manager [None req-cf3841b0-122b-43b0-a966-b40732e33796 admin admin] Publish callbacks ['neutron.objects.securitygroup.RbacNeutronDbObjectMixin.validate_rbac_policy_change-2474685322291', 'neutron.objects.address_group.RbacNeutronDbObjectMixin.validate_rbac_policy_change-2474685217228', 'neutron.objects.network.RbacNeutronDbObjectMixin.validate_rbac_policy_change-2474685344799', 'neutron.objects.qos.policy.RbacNeutronDbObjectMixin.validate_rbac_policy_change-2474685361289', 'neutron.objects.subnetpool.RbacNeutronDbObjectMixin.validate_rbac_policy_change-2474685261889', 'neutron.objects.address_scope.RbacNeutronDbObjectMixin.validate_rbac_policy_change-2474685361831', 'neutron.plugins.ml2.plugin.External_net_db_mixin._process_ext_policy_create-1252838', 'neutron.plugins.ml2.plugin.NeutronDbPluginV2.validate_network_rbac_policy_change-1276954'] for rbac-policy (None), before_create {{(pid=105090) _notify_loop /opt/stack/data/venv/lib/python3.12/site-packages/neutron_lib/callbacks/manager.py:184}}
Apr 22 13:19:31.758016 np0000169316 devstack@neutron-api.service[105090]: DEBUG neutron_lib.callbacks.manager [None req-cf3841b0-122b-43b0-a966-b40732e33796 admin admin] Publish callbacks [] for subnetpool (None), before_response {{(pid=105090) _notify_loop /opt/stack/data/venv/lib/python3.12/site-packages/neutron_lib/callbacks/manager.py:184}}
Apr 22 13:19:31.758625 np0000169316 devstack@neutron-api.service[105090]: [pid: 105090|app: 0|req: 1/3] 199.204.45.216 () {68 vars in 1367 bytes} [Wed Apr 22 13:19:31 2026] POST /networking/v2.0/subnetpools => generated 533 bytes in 535 msecs (HTTP/1.1 201) 4 headers in 162 bytes (1 switches on core 0)
Apr 22 13:19:32.088092 np0000169316 devstack@neutron-api.service[105087]: DEBUG neutron.api.v2.base [None req-a84509c3-9d26-445f-952f-c434af8a389f admin admin] Request body: {'subnetpool': {'shared': True, 'is_default': True, 'prefixes': ['fde7:382f:3daa::/56'], 'name': 'shared-default-subnetpool-v6', 'default_prefixlen': 64}} {{(pid=105087) prepare_request_body /opt/stack/neutron/neutron/api/v2/base.py:727}}
Apr 22 13:19:32.263912 np0000169316 devstack@neutron-api.service[105087]: DEBUG neutron.policy [None req-a84509c3-9d26-445f-952f-c434af8a389f admin admin] Loaded default policies from ['neutron'] under neutron.policies entry points {{(pid=105087) register_rules /opt/stack/neutron/neutron/policy.py:65}}
Apr 22 13:19:32.440341 np0000169316 devstack@neutron-api.service[105087]: DEBUG neutron_lib.callbacks.manager [None req-a84509c3-9d26-445f-952f-c434af8a389f admin admin] Publish callbacks ['neutron.objects.securitygroup.RbacNeutronDbObjectMixin.validate_rbac_policy_change-2474685148475', 'neutron.objects.address_group.RbacNeutronDbObjectMixin.validate_rbac_policy_change-2474685121945', 'neutron.objects.network.RbacNeutronDbObjectMixin.validate_rbac_policy_change-2474685248682', 'neutron.objects.qos.policy.RbacNeutronDbObjectMixin.validate_rbac_policy_change-2474685363437', 'neutron.objects.subnetpool.RbacNeutronDbObjectMixin.validate_rbac_policy_change-2474685239809', 'neutron.objects.address_scope.RbacNeutronDbObjectMixin.validate_rbac_policy_change-2474685363959', 'neutron.plugins.ml2.plugin.External_net_db_mixin._process_ext_policy_create-1139437', 'neutron.plugins.ml2.plugin.NeutronDbPluginV2.validate_network_rbac_policy_change-1137273'] for rbac-policy (None), before_create {{(pid=105087) _notify_loop /opt/stack/data/venv/lib/python3.12/site-packages/neutron_lib/callbacks/manager.py:184}}
Apr 22 13:19:32.487969 np0000169316 devstack@neutron-api.service[105087]: DEBUG neutron_lib.callbacks.manager [None req-a84509c3-9d26-445f-952f-c434af8a389f admin admin] Publish callbacks [] for subnetpool (None), before_response {{(pid=105087) _notify_loop /opt/stack/data/venv/lib/python3.12/site-packages/neutron_lib/callbacks/manager.py:184}}
Apr 22 13:19:32.488747 np0000169316 devstack@neutron-api.service[105087]: [pid: 105087|app: 0|req: 1/4] 199.204.45.216 () {68 vars in 1367 bytes} [Wed Apr 22 13:19:31 2026] POST /networking/v2.0/subnetpools => generated 543 bytes in 514 msecs (HTTP/1.1 201) 4 headers in 162 bytes (1 switches on core 0)
Apr 22 13:19:32.932797 np0000169316 devstack@neutron-api.service[105088]: DEBUG neutron.api.v2.base [None req-4fedc195-e9c5-4cdf-8b7b-f7d1e6f3e187 admin admin] Request body: {'network': {'name': 'private', 'admin_state_up': True}} {{(pid=105088) prepare_request_body /opt/stack/neutron/neutron/api/v2/base.py:727}}
Apr 22 13:19:32.968931 np0000169316 devstack@neutron-api.service[105088]: DEBUG neutron.pecan_wsgi.hooks.quota_enforcement [None req-4fedc195-e9c5-4cdf-8b7b-f7d1e6f3e187 admin admin] Made reservation on behalf of 19c0d801b1f142f987c1e70a3171b310 for: {'network': 1} {{(pid=105088) before /opt/stack/neutron/neutron/pecan_wsgi/hooks/quota_enforcement.py:66}}
Apr 22 13:19:33.204672 np0000169316 devstack@neutron-api.service[105088]: DEBUG neutron.policy [None req-4fedc195-e9c5-4cdf-8b7b-f7d1e6f3e187 admin admin] Loaded default policies from ['neutron'] under neutron.policies entry points {{(pid=105088) register_rules /opt/stack/neutron/neutron/policy.py:65}}
Apr 22 13:19:33.316894 np0000169316 devstack@neutron-api.service[105088]: DEBUG neutron_lib.callbacks.manager [None req-4fedc195-e9c5-4cdf-8b7b-f7d1e6f3e187 admin admin] Publish callbacks ['neutron.plugins.ml2.plugin.SecurityGroupDbMixin._ensure_default_security_group_handler-195748'] for network (None), before_create {{(pid=105088) _notify_loop /opt/stack/data/venv/lib/python3.12/site-packages/neutron_lib/callbacks/manager.py:184}}
Apr 22 13:19:33.345580 np0000169316 devstack@neutron-api.service[105088]: DEBUG neutron_lib.callbacks.manager [None req-4fedc195-e9c5-4cdf-8b7b-f7d1e6f3e187 admin admin] Publish callbacks [] for security_group (None), before_create {{(pid=105088) _notify_loop /opt/stack/data/venv/lib/python3.12/site-packages/neutron_lib/callbacks/manager.py:184}}
Apr 22 13:19:33.450467 np0000169316 devstack@neutron-api.service[105088]: DEBUG neutron_lib.callbacks.manager [None req-4fedc195-e9c5-4cdf-8b7b-f7d1e6f3e187 admin admin] Publish callbacks ['neutron.plugins.ml2.drivers.ovn.mech_driver.mech_driver.OVNMechanismDriver._create_security_group_precommit-214758'] for security_group (87ff6e16-385b-4e0e-91e2-cf67511831e2), precommit_create {{(pid=105088) _notify_loop /opt/stack/data/venv/lib/python3.12/site-packages/neutron_lib/callbacks/manager.py:184}}
Apr 22 13:19:33.450763 np0000169316 devstack@neutron-api.service[105088]: DEBUG neutron.db.ovn_revision_numbers_db [None req-4fedc195-e9c5-4cdf-8b7b-f7d1e6f3e187 admin admin] create_initial_revision uuid=87ff6e16-385b-4e0e-91e2-cf67511831e2, type=security_groups, rev=-1 {{(pid=105088) create_initial_revision /opt/stack/neutron/neutron/db/ovn_revision_numbers_db.py:98}}
Apr 22 13:19:33.453474 np0000169316 devstack@neutron-api.service[105088]: DEBUG neutron.db.ovn_revision_numbers_db [None req-4fedc195-e9c5-4cdf-8b7b-f7d1e6f3e187 admin admin] create_initial_revision uuid=a961b5d2-7def-42bd-95db-47c6bd619b56, type=security_group_rules, rev=-1 {{(pid=105088) create_initial_revision /opt/stack/neutron/neutron/db/ovn_revision_numbers_db.py:98}}
Apr 22 13:19:33.454540 np0000169316 devstack@neutron-api.service[105088]: DEBUG neutron.db.ovn_revision_numbers_db [None req-4fedc195-e9c5-4cdf-8b7b-f7d1e6f3e187 admin admin] create_initial_revision uuid=b72f2e1e-95f0-43cf-936e-9a1a227496ee, type=security_group_rules, rev=-1 {{(pid=105088) create_initial_revision /opt/stack/neutron/neutron/db/ovn_revision_numbers_db.py:98}}
Apr 22 13:19:33.455545 np0000169316 devstack@neutron-api.service[105088]: DEBUG neutron.db.ovn_revision_numbers_db [None req-4fedc195-e9c5-4cdf-8b7b-f7d1e6f3e187 admin admin] create_initial_revision uuid=bf77f6c0-619a-4e1d-9113-84e50470d268, type=security_group_rules, rev=-1 {{(pid=105088) create_initial_revision /opt/stack/neutron/neutron/db/ovn_revision_numbers_db.py:98}}
Apr 22 13:19:33.456456 np0000169316 devstack@neutron-api.service[105088]: DEBUG neutron.db.ovn_revision_numbers_db [None req-4fedc195-e9c5-4cdf-8b7b-f7d1e6f3e187 admin admin] create_initial_revision uuid=cbd2cb9f-f85f-48b8-b61f-0995dd676ca6, type=security_group_rules, rev=-1 {{(pid=105088) create_initial_revision /opt/stack/neutron/neutron/db/ovn_revision_numbers_db.py:98}}
Apr 22 13:19:33.462890 np0000169316 devstack@neutron-api.service[105088]: DEBUG neutron_lib.callbacks.manager [None req-4fedc195-e9c5-4cdf-8b7b-f7d1e6f3e187 admin admin] Publish callbacks ['neutron.plugins.ml2.drivers.ovn.mech_driver.mech_driver.OVNMechanismDriver._create_security_group-214736', 'neutron.plugins.ml2.ovo_rpc._ObjectChangeHandler.handle_event-3382002'] for security_group (87ff6e16-385b-4e0e-91e2-cf67511831e2), after_create {{(pid=105088) _notify_loop /opt/stack/data/venv/lib/python3.12/site-packages/neutron_lib/callbacks/manager.py:184}}
Apr 22 13:19:33.463096 np0000169316 devstack@neutron-api.service[105088]: INFO neutron.plugins.ml2.drivers.ovn.mech_driver.ovsdb.extensions.qos [None req-4fedc195-e9c5-4cdf-8b7b-f7d1e6f3e187 admin admin] Starting OVNClientQosExtension
Apr 22 13:19:33.463229 np0000169316 devstack@neutron-api.service[105088]: INFO neutron.plugins.ml2.drivers.ovn.mech_driver.ovsdb.extensions.placement [None req-4fedc195-e9c5-4cdf-8b7b-f7d1e6f3e187 admin admin] Starting OVNClientPlacementExtension
Apr 22 13:19:33.464577 np0000169316 devstack@neutron-api.service[105088]: DEBUG ovsdbapp.backend.ovs_idl.transaction [-] Running txn n=1 command(idx=0): PgAddCommand(_result=None, name=pg_87ff6e16_385b_4e0e_91e2_cf67511831e2, may_exist=False, columns={'acls': [], 'external_ids': {'neutron:security_group_id': '87ff6e16-385b-4e0e-91e2-cf67511831e2'}}) {{(pid=105088) do_commit /opt/stack/data/venv/lib/python3.12/site-packages/ovsdbapp/backend/ovs_idl/transaction.py:89}}
Apr 22 13:19:33.469618 np0000169316 devstack@neutron-api.service[105088]: DEBUG ovsdbapp.backend.ovs_idl.transaction [-] Running txn n=1 command(idx=1): PgAclAddCommand(_result=None, entity=pg_87ff6e16_385b_4e0e_91e2_cf67511831e2, direction=from-lport, priority=1002, match=inport == @pg_87ff6e16_385b_4e0e_91e2_cf67511831e2 && ip4, action=allow-related, log=False, may_exist=True, severity=[], name=[], meter=[], external_ids={'neutron:security_group_rule_id': 'a961b5d2-7def-42bd-95db-47c6bd619b56'}) {{(pid=105088) do_commit /opt/stack/data/venv/lib/python3.12/site-packages/ovsdbapp/backend/ovs_idl/transaction.py:89}}
Apr 22 13:19:33.470031 np0000169316 devstack@neutron-api.service[105088]: DEBUG ovsdbapp.backend.ovs_idl.transaction [-] Running txn n=1 command(idx=2): PgAclAddCommand(_result=None, entity=pg_87ff6e16_385b_4e0e_91e2_cf67511831e2, direction=to-lport, priority=1002, match=outport == @pg_87ff6e16_385b_4e0e_91e2_cf67511831e2 && ip6 && ip6.src == $pg_87ff6e16_385b_4e0e_91e2_cf67511831e2_ip6, action=allow-related, log=False, may_exist=True, severity=[], name=[], meter=[], external_ids={'neutron:security_group_rule_id': 'b72f2e1e-95f0-43cf-936e-9a1a227496ee'}) {{(pid=105088) do_commit /opt/stack/data/venv/lib/python3.12/site-packages/ovsdbapp/backend/ovs_idl/transaction.py:89}}
Apr 22 13:19:33.470336 np0000169316 devstack@neutron-api.service[105088]: DEBUG ovsdbapp.backend.ovs_idl.transaction [-] Running txn n=1 command(idx=3): PgAclAddCommand(_result=None, entity=pg_87ff6e16_385b_4e0e_91e2_cf67511831e2, direction=to-lport, priority=1002, match=outport == @pg_87ff6e16_385b_4e0e_91e2_cf67511831e2 && ip4 && ip4.src == $pg_87ff6e16_385b_4e0e_91e2_cf67511831e2_ip4, action=allow-related, log=False, may_exist=True, severity=[], name=[], meter=[], external_ids={'neutron:security_group_rule_id': 'bf77f6c0-619a-4e1d-9113-84e50470d268'}) {{(pid=105088) do_commit /opt/stack/data/venv/lib/python3.12/site-packages/ovsdbapp/backend/ovs_idl/transaction.py:89}}
Apr 22 13:19:33.470722 np0000169316 devstack@neutron-api.service[105088]: DEBUG ovsdbapp.backend.ovs_idl.transaction [-] Running txn n=1 command(idx=4): PgAclAddCommand(_result=None, entity=pg_87ff6e16_385b_4e0e_91e2_cf67511831e2, direction=from-lport, priority=1002, match=inport == @pg_87ff6e16_385b_4e0e_91e2_cf67511831e2 && ip6, action=allow-related, log=False, may_exist=True, severity=[], name=[], meter=[], external_ids={'neutron:security_group_rule_id': 'cbd2cb9f-f85f-48b8-b61f-0995dd676ca6'}) {{(pid=105088) do_commit /opt/stack/data/venv/lib/python3.12/site-packages/ovsdbapp/backend/ovs_idl/transaction.py:89}}
Apr 22 13:19:33.508497 np0000169316 devstack@neutron-api.service[105089]: DEBUG neutron.plugins.ml2.drivers.ovn.mech_driver.ovsdb.ovsdb_monitor [-] Hash Ring: Node f74f14ad32795b2dadac5718d56116f2 (host: np0000169316) handling event "create" for row 247bdefc-4a0d-4d29-8170-e10cf35d0b5f (table: ACL) {{(pid=105089) notify /opt/stack/neutron/neutron/plugins/ml2/drivers/ovn/mech_driver/ovsdb/ovsdb_monitor.py:914}}
Apr 22 13:19:33.509088 np0000169316 devstack@neutron-api.service[105089]: DEBUG neutron.plugins.ml2.drivers.ovn.mech_driver.ovsdb.ovsdb_monitor [-] Hash Ring: Node f74f14ad32795b2dadac5718d56116f2 (host: np0000169316) handling event "create" for row 6398233a-3d66-4103-b5e8-39a3bfc837c9 (table: ACL) {{(pid=105089) notify /opt/stack/neutron/neutron/plugins/ml2/drivers/ovn/mech_driver/ovsdb/ovsdb_monitor.py:914}}
Apr 22 13:19:33.509472 np0000169316 devstack@neutron-api.service[105089]: DEBUG neutron.plugins.ml2.drivers.ovn.mech_driver.ovsdb.ovsdb_monitor [-] Hash Ring: Node f74f14ad32795b2dadac5718d56116f2 (host: np0000169316) handling event "create" for row aa7132d7-d54b-4369-9b43-558b67b162c2 (table: ACL) {{(pid=105089) notify /opt/stack/neutron/neutron/plugins/ml2/drivers/ovn/mech_driver/ovsdb/ovsdb_monitor.py:914}}
Apr 22 13:19:33.509730 np0000169316 devstack@neutron-api.service[105090]: DEBUG neutron.plugins.ml2.drivers.ovn.mech_driver.ovsdb.ovsdb_monitor [-] Hash Ring: Node 8899d01a10c55b5dbaa87e3c0821ac74 (host: np0000169316) handling event "create" for row 247bdefc-4a0d-4d29-8170-e10cf35d0b5f (table: ACL) {{(pid=105090) notify /opt/stack/neutron/neutron/plugins/ml2/drivers/ovn/mech_driver/ovsdb/ovsdb_monitor.py:914}}
Apr 22 13:19:33.510014 np0000169316 devstack@neutron-api.service[105089]: DEBUG neutron.plugins.ml2.drivers.ovn.mech_driver.ovsdb.ovsdb_monitor [-] Hash Ring: Node f74f14ad32795b2dadac5718d56116f2 (host: np0000169316) handling event "create" for row f8eb400c-1c6b-41e3-980b-d85f21ec2125 (table: ACL) {{(pid=105089) notify /opt/stack/neutron/neutron/plugins/ml2/drivers/ovn/mech_driver/ovsdb/ovsdb_monitor.py:914}}
Apr 22 13:19:33.510125 np0000169316 devstack@neutron-api.service[105090]: DEBUG neutron.plugins.ml2.drivers.ovn.mech_driver.ovsdb.ovsdb_monitor [-] Hash Ring: Node 8899d01a10c55b5dbaa87e3c0821ac74 (host: np0000169316) handling event "create" for row aa7132d7-d54b-4369-9b43-558b67b162c2 (table: ACL) {{(pid=105090) notify /opt/stack/neutron/neutron/plugins/ml2/drivers/ovn/mech_driver/ovsdb/ovsdb_monitor.py:914}}
Apr 22 13:19:33.510207 np0000169316 devstack@neutron-api.service[105089]: DEBUG neutron.plugins.ml2.drivers.ovn.mech_driver.ovsdb.ovsdb_monitor [-] Hash Ring: Node f74f14ad32795b2dadac5718d56116f2 (host: np0000169316) handling event "create" for row ba4942fb-7e2a-40fc-ba06-814e9b263316 (table: Port_Group) {{(pid=105089) notify /opt/stack/neutron/neutron/plugins/ml2/drivers/ovn/mech_driver/ovsdb/ovsdb_monitor.py:914}}
Apr 22 13:19:33.512979 np0000169316 devstack@neutron-api.service[105088]: DEBUG neutron.plugins.ml2.drivers.ovn.mech_driver.ovsdb.ovsdb_monitor [-] Hash Ring: Node d1cbc7283db65281aed137d0717c488f (host: np0000169316) handling event "create" for row 6398233a-3d66-4103-b5e8-39a3bfc837c9 (table: ACL) {{(pid=105088) notify /opt/stack/neutron/neutron/plugins/ml2/drivers/ovn/mech_driver/ovsdb/ovsdb_monitor.py:914}}
Apr 22 13:19:33.513734 np0000169316 devstack@neutron-api.service[105087]: DEBUG neutron.plugins.ml2.drivers.ovn.mech_driver.ovsdb.ovsdb_monitor [-] Hash Ring: Node 5b91ef91b6c059fdb38bde42060576ad (host: np0000169316) handling event "create" for row f8eb400c-1c6b-41e3-980b-d85f21ec2125 (table: ACL) {{(pid=105087) notify /opt/stack/neutron/neutron/plugins/ml2/drivers/ovn/mech_driver/ovsdb/ovsdb_monitor.py:914}}
Apr 22 13:19:33.544006 np0000169316 devstack@neutron-api.service[105088]: INFO neutron.db.ovn_revision_numbers_db [None req-4fedc195-e9c5-4cdf-8b7b-f7d1e6f3e187 admin admin] Successfully bumped revision number for resource 87ff6e16-385b-4e0e-91e2-cf67511831e2 (type: security_groups) to 1
Apr 22 13:19:33.561894 np0000169316 devstack@neutron-api.service[105088]: INFO neutron.db.ovn_revision_numbers_db [None req-4fedc195-e9c5-4cdf-8b7b-f7d1e6f3e187 admin admin] Successfully bumped revision number for resource a961b5d2-7def-42bd-95db-47c6bd619b56 (type: security_group_rules) to 0
Apr 22 13:19:33.577780 np0000169316 devstack@neutron-api.service[105088]: INFO neutron.db.ovn_revision_numbers_db [None req-4fedc195-e9c5-4cdf-8b7b-f7d1e6f3e187 admin admin] Successfully bumped revision number for resource b72f2e1e-95f0-43cf-936e-9a1a227496ee (type: security_group_rules) to 0
Apr 22 13:19:33.593271 np0000169316 devstack@neutron-api.service[105088]: INFO neutron.db.ovn_revision_numbers_db [None req-4fedc195-e9c5-4cdf-8b7b-f7d1e6f3e187 admin admin] Successfully bumped revision number for resource bf77f6c0-619a-4e1d-9113-84e50470d268 (type: security_group_rules) to 0
Apr 22 13:19:33.607388 np0000169316 devstack@neutron-api.service[105088]: INFO neutron.db.ovn_revision_numbers_db [None req-4fedc195-e9c5-4cdf-8b7b-f7d1e6f3e187 admin admin] Successfully bumped revision number for resource cbd2cb9f-f85f-48b8-b61f-0995dd676ca6 (type: security_group_rules) to 0
Apr 22 13:19:33.644646 np0000169316 devstack@neutron-api.service[105088]: DEBUG neutron.api.rpc.handlers.resources_rpc [None req-4fedc195-e9c5-4cdf-8b7b-f7d1e6f3e187 admin admin] Pushing event updated for resources: {'SecurityGroup': ['ID=87ff6e16-385b-4e0e-91e2-cf67511831e2,revision_number=1']} {{(pid=105088) push /opt/stack/neutron/neutron/api/rpc/handlers/resources_rpc.py:237}}
Apr 22 13:19:33.655941 np0000169316 devstack@neutron-api.service[105088]: DEBUG ovsdbapp.backend.ovs_idl.transaction [-] Running txn n=1 command(idx=0): CheckLivenessCommand(_result=None) {{(pid=105088) do_commit /opt/stack/data/venv/lib/python3.12/site-packages/ovsdbapp/backend/ovs_idl/transaction.py:89}}
Apr 22 13:19:33.660353 np0000169316 devstack@neutron-api.service[105089]: DEBUG neutron.plugins.ml2.drivers.ovn.mech_driver.ovsdb.ovsdb_monitor [-] Hash Ring: Node f74f14ad32795b2dadac5718d56116f2 (host: np0000169316) handling event "update" for row 4cd023b2-c8d3-463c-a64f-9e7b778b211f (table: NB_Global) {{(pid=105089) notify /opt/stack/neutron/neutron/plugins/ml2/drivers/ovn/mech_driver/ovsdb/ovsdb_monitor.py:914}}
Apr 22 13:19:33.661984 np0000169316 devstack@neutron-api.service[105088]: DEBUG neutron.api.rpc.callbacks.version_manager [None req-4fedc195-e9c5-4cdf-8b7b-f7d1e6f3e187 admin admin] Tracked resource versions report:
Apr 22 13:19:33.661984 np0000169316 devstack@neutron-api.service[105088]: pushed versions:
Apr 22 13:19:33.661984 np0000169316 devstack@neutron-api.service[105088]: { 'AddressGroup': {'1.2'},
Apr 22 13:19:33.661984 np0000169316 devstack@neutron-api.service[105088]: 'Agent': {'1.1'},
Apr 22 13:19:33.661984 np0000169316 devstack@neutron-api.service[105088]: 'ConntrackHelper': {'1.0'},
Apr 22 13:19:33.661984 np0000169316 devstack@neutron-api.service[105088]: 'LocalIPAssociation': {'1.0'},
Apr 22 13:19:33.661984 np0000169316 devstack@neutron-api.service[105088]: 'Log': {'1.0'},
Apr 22 13:19:33.661984 np0000169316 devstack@neutron-api.service[105088]: 'NDPProxy': {'1.0'},
Apr 22 13:19:33.661984 np0000169316 devstack@neutron-api.service[105088]: 'Network': {'1.2'},
Apr 22 13:19:33.661984 np0000169316 devstack@neutron-api.service[105088]: 'Port': {'1.10'},
Apr 22 13:19:33.661984 np0000169316 devstack@neutron-api.service[105088]: 'PortForwarding': {'1.3'},
Apr 22 13:19:33.661984 np0000169316 devstack@neutron-api.service[105088]: 'QosPolicy': {'1.10'},
Apr 22 13:19:33.661984 np0000169316 devstack@neutron-api.service[105088]: 'SecurityGroup': {'1.6'},
Apr 22 13:19:33.661984 np0000169316 devstack@neutron-api.service[105088]: 'SecurityGroupRule': {'1.3'},
Apr 22 13:19:33.661984 np0000169316 devstack@neutron-api.service[105088]: 'SubPort': {'1.0'},
Apr 22 13:19:33.661984 np0000169316 devstack@neutron-api.service[105088]: 'Subnet': {'1.2'},
Apr 22 13:19:33.661984 np0000169316 devstack@neutron-api.service[105088]: 'Trunk': {'1.1'}}
Apr 22 13:19:33.661984 np0000169316 devstack@neutron-api.service[105088]: consumer versions:
Apr 22 13:19:33.661984 np0000169316 devstack@neutron-api.service[105088]: {}
Apr 22 13:19:33.661984 np0000169316 devstack@neutron-api.service[105088]: {{(pid=105088) report /opt/stack/neutron/neutron/api/rpc/callbacks/version_manager.py:183}}
Apr 22 13:19:33.663798 np0000169316 devstack@neutron-api.service[105089]: DEBUG neutron.plugins.ml2.drivers.ovn.mech_driver.ovsdb.ovsdb_monitor [-] Hash Ring: Node f74f14ad32795b2dadac5718d56116f2 (host: np0000169316) handling event "update" for row 4cd023b2-c8d3-463c-a64f-9e7b778b211f (table: NB_Global) {{(pid=105089) notify /opt/stack/neutron/neutron/plugins/ml2/drivers/ovn/mech_driver/ovsdb/ovsdb_monitor.py:914}}
Apr 22 13:19:33.663798 np0000169316 devstack@neutron-api.service[105089]: DEBUG neutron.plugins.ml2.drivers.ovn.mech_driver.ovsdb.ovsdb_monitor [-] Hash Ring: Node f74f14ad32795b2dadac5718d56116f2 (host: np0000169316) handling event "update" for row 4cd023b2-c8d3-463c-a64f-9e7b778b211f (table: NB_Global) {{(pid=105089) notify /opt/stack/neutron/neutron/plugins/ml2/drivers/ovn/mech_driver/ovsdb/ovsdb_monitor.py:914}}
Apr 22 13:19:33.665603 np0000169316 devstack@neutron-api.service[105087]: DEBUG neutron.plugins.ml2.drivers.ovn.mech_driver.ovsdb.ovsdb_monitor [-] ChassisAgentWriteEvent : Matched Chassis_Private, update, None None {{(pid=105087) matches /opt/stack/neutron/neutron/plugins/ml2/drivers/ovn/mech_driver/ovsdb/ovsdb_monitor.py:64}}
Apr 22 13:19:33.666572 np0000169316 devstack@neutron-api.service[105090]: DEBUG neutron.plugins.ml2.drivers.ovn.mech_driver.ovsdb.ovsdb_monitor [-] ChassisAgentWriteEvent : Matched Chassis_Private, update, None None {{(pid=105090) matches /opt/stack/neutron/neutron/plugins/ml2/drivers/ovn/mech_driver/ovsdb/ovsdb_monitor.py:64}}
Apr 22 13:19:33.668294 np0000169316 devstack@neutron-api.service[105089]: DEBUG neutron.plugins.ml2.drivers.ovn.mech_driver.ovsdb.ovsdb_monitor [-] ChassisAgentWriteEvent : Matched Chassis_Private, update, None None {{(pid=105089) matches /opt/stack/neutron/neutron/plugins/ml2/drivers/ovn/mech_driver/ovsdb/ovsdb_monitor.py:64}}
Apr 22 13:19:33.672486 np0000169316 devstack@neutron-api.service[105089]: DEBUG neutron.plugins.ml2.drivers.ovn.mech_driver.ovsdb.ovsdb_monitor [-] Hash Ring: Node f74f14ad32795b2dadac5718d56116f2 (host: np0000169316) handling event "update" for row 4cd023b2-c8d3-463c-a64f-9e7b778b211f (table: NB_Global) {{(pid=105089) notify /opt/stack/neutron/neutron/plugins/ml2/drivers/ovn/mech_driver/ovsdb/ovsdb_monitor.py:914}}
Apr 22 13:19:33.673008 np0000169316 devstack@neutron-api.service[105090]: DEBUG neutron.plugins.ml2.drivers.ovn.mech_driver.ovsdb.ovsdb_monitor [-] ChassisOVNAgentWriteEvent : Matched Chassis_Private, update, None None {{(pid=105090) matches /opt/stack/neutron/neutron/plugins/ml2/drivers/ovn/mech_driver/ovsdb/ovsdb_monitor.py:64}}
Apr 22 13:19:33.673119 np0000169316 devstack@neutron-api.service[105087]: DEBUG neutron.plugins.ml2.drivers.ovn.mech_driver.ovsdb.ovsdb_monitor [-] ChassisOVNAgentWriteEvent : Matched Chassis_Private, update, None None {{(pid=105087) matches /opt/stack/neutron/neutron/plugins/ml2/drivers/ovn/mech_driver/ovsdb/ovsdb_monitor.py:64}}
Apr 22 13:19:33.675148 np0000169316 devstack@neutron-api.service[105088]: DEBUG neutron.plugins.ml2.drivers.ovn.mech_driver.ovsdb.ovsdb_monitor [-] ChassisAgentWriteEvent : Matched Chassis_Private, update, None None {{(pid=105088) matches /opt/stack/neutron/neutron/plugins/ml2/drivers/ovn/mech_driver/ovsdb/ovsdb_monitor.py:64}}
Apr 22 13:19:33.675496 np0000169316 devstack@neutron-api.service[105089]: DEBUG neutron.common.ovn.hash_ring_manager [-] Allow caching, nodes 4>=4 {{(pid=105089) _wait_startup_before_caching /opt/stack/neutron/neutron/common/ovn/hash_ring_manager.py:65}}
Apr 22 13:19:33.675592 np0000169316 devstack@neutron-api.service[105088]: DEBUG neutron.plugins.ml2.drivers.ovn.mech_driver.ovsdb.ovsdb_monitor [-] Hash Ring: Node d1cbc7283db65281aed137d0717c488f (host: np0000169316) handling event "update" for row 6ee79d89-9939-4b56-b922-229223982477 (table: Chassis_Private) {{(pid=105088) notify /opt/stack/neutron/neutron/plugins/ml2/drivers/ovn/mech_driver/ovsdb/ovsdb_monitor.py:914}}
Apr 22 13:19:33.675804 np0000169316 devstack@neutron-api.service[105089]: DEBUG neutron.plugins.ml2.drivers.ovn.mech_driver.ovsdb.ovsdb_monitor [-] Hash Ring: Node f74f14ad32795b2dadac5718d56116f2 (host: np0000169316) handling event "update" for row 6ee79d89-9939-4b56-b922-229223982477 (table: Chassis_Private) {{(pid=105089) notify /opt/stack/neutron/neutron/plugins/ml2/drivers/ovn/mech_driver/ovsdb/ovsdb_monitor.py:914}}
Apr 22 13:19:33.677341 np0000169316 devstack@neutron-api.service[105089]: DEBUG neutron.plugins.ml2.drivers.ovn.mech_driver.ovsdb.ovsdb_monitor [-] ChassisOVNAgentWriteEvent : Matched Chassis_Private, update, None None {{(pid=105089) matches /opt/stack/neutron/neutron/plugins/ml2/drivers/ovn/mech_driver/ovsdb/ovsdb_monitor.py:64}}
Apr 22 13:19:33.677969 np0000169316 devstack@neutron-api.service[105089]: DEBUG neutron.plugins.ml2.drivers.ovn.mech_driver.ovsdb.ovsdb_monitor [-] Hash Ring: Node f74f14ad32795b2dadac5718d56116f2 (host: np0000169316) handling event "update" for row 6ee79d89-9939-4b56-b922-229223982477 (table: Chassis_Private) {{(pid=105089) notify /opt/stack/neutron/neutron/plugins/ml2/drivers/ovn/mech_driver/ovsdb/ovsdb_monitor.py:914}}
Apr 22 13:19:33.682367 np0000169316 devstack@neutron-api.service[105088]: DEBUG neutron.plugins.ml2.drivers.ovn.mech_driver.ovsdb.ovsdb_monitor [-] ChassisOVNAgentWriteEvent : Matched Chassis_Private, update, None None {{(pid=105088) matches /opt/stack/neutron/neutron/plugins/ml2/drivers/ovn/mech_driver/ovsdb/ovsdb_monitor.py:64}}
Apr 22 13:19:33.683069 np0000169316 devstack@neutron-api.service[105088]: DEBUG neutron.plugins.ml2.drivers.ovn.mech_driver.ovsdb.ovsdb_monitor [-] Hash Ring: Node d1cbc7283db65281aed137d0717c488f (host: np0000169316) handling event "update" for row 6ee79d89-9939-4b56-b922-229223982477 (table: Chassis_Private) {{(pid=105088) notify /opt/stack/neutron/neutron/plugins/ml2/drivers/ovn/mech_driver/ovsdb/ovsdb_monitor.py:914}}
Apr 22 13:19:33.738102 np0000169316 devstack@neutron-api.service[105088]: DEBUG neutron.plugins.ml2.drivers.helpers [None req-4fedc195-e9c5-4cdf-8b7b-f7d1e6f3e187 admin admin] geneve segment allocate from pool success with {'geneve_vni': 21787} {{(pid=105088) allocate_partially_specified_segment /opt/stack/neutron/neutron/plugins/ml2/drivers/helpers.py:142}}
Apr 22 13:19:33.752925 np0000169316 devstack@neutron-api.service[105088]: DEBUG neutron_lib.callbacks.manager [None req-4fedc195-e9c5-4cdf-8b7b-f7d1e6f3e187 admin admin] Publish callbacks ['neutron.services.segments.db._add_segment_host_mapping_for_segment-8337422967982', 'neutron.plugins.ml2.plugin.Ml2Plugin._handle_segment_change-4118236'] for segment (7e49c6f9-49e5-4cbb-a630-d9e5bf5e2e87), precommit_create {{(pid=105088) _notify_loop /opt/stack/data/venv/lib/python3.12/site-packages/neutron_lib/callbacks/manager.py:184}}
Apr 22 13:19:33.753136 np0000169316 devstack@neutron-api.service[105088]: INFO neutron.db.segments_db [None req-4fedc195-e9c5-4cdf-8b7b-f7d1e6f3e187 admin admin] Added segment 7e49c6f9-49e5-4cbb-a630-d9e5bf5e2e87 of type geneve for network bbd84344-3228-47ad-8c00-48612eab39fc
Apr 22 13:19:33.810525 np0000169316 devstack@neutron-api.service[105088]: DEBUG neutron_lib.callbacks.manager [None req-4fedc195-e9c5-4cdf-8b7b-f7d1e6f3e187 admin admin] Publish callbacks ['neutron.services.auto_allocate.db._ensure_external_network_default_value_callback-8337421795662'] for network (bbd84344-3228-47ad-8c00-48612eab39fc), precommit_create {{(pid=105088) _notify_loop /opt/stack/data/venv/lib/python3.12/site-packages/neutron_lib/callbacks/manager.py:184}}
Apr 22 13:19:33.827994 np0000169316 devstack@neutron-api.service[105088]: DEBUG neutron.plugins.ml2.drivers.ovn.mech_driver.mech_driver [None req-4fedc195-e9c5-4cdf-8b7b-f7d1e6f3e187 admin admin] Validating network segment with type geneve, segmentation ID 21787, physical network None {{(pid=105088) _validate_network_segments /opt/stack/neutron/neutron/plugins/ml2/drivers/ovn/mech_driver/mech_driver.py:641}}
Apr 22 13:19:33.828211 np0000169316 devstack@neutron-api.service[105088]: DEBUG neutron.db.ovn_revision_numbers_db [None req-4fedc195-e9c5-4cdf-8b7b-f7d1e6f3e187 admin admin] create_initial_revision uuid=bbd84344-3228-47ad-8c00-48612eab39fc, type=networks, rev=-1 {{(pid=105088) create_initial_revision /opt/stack/neutron/neutron/db/ovn_revision_numbers_db.py:98}}
Apr 22 13:19:33.846479 np0000169316 devstack@neutron-api.service[105088]: DEBUG neutron_lib.callbacks.manager [None req-4fedc195-e9c5-4cdf-8b7b-f7d1e6f3e187 admin admin] Publish callbacks ['neutron.plugins.ml2.ovo_rpc._ObjectChangeHandler.handle_event-3382029'] for network (bbd84344-3228-47ad-8c00-48612eab39fc), after_create {{(pid=105088) _notify_loop /opt/stack/data/venv/lib/python3.12/site-packages/neutron_lib/callbacks/manager.py:184}}
Apr 22 13:19:33.895710 np0000169316 devstack@neutron-api.service[105088]: DEBUG neutron.api.rpc.handlers.resources_rpc [None req-4fedc195-e9c5-4cdf-8b7b-f7d1e6f3e187 admin admin] Pushing event updated for resources: {'Network': ['ID=bbd84344-3228-47ad-8c00-48612eab39fc,revision_number=1']} {{(pid=105088) push /opt/stack/neutron/neutron/api/rpc/handlers/resources_rpc.py:237}}
Apr 22 13:19:33.906154 np0000169316 devstack@neutron-api.service[105088]: DEBUG ovsdbapp.backend.ovs_idl.transaction [-] Running txn n=1 command(idx=0): AddNetworkCommand(_result=None, network_uuid=bbd84344-3228-47ad-8c00-48612eab39fc, may_exist=True, columns={'external_ids': {'neutron:network_name': 'private', 'neutron:mtu': '1372', 'neutron:revision_number': '1', 'neutron:availability_zone_hints': '', 'neutron:provnet-network-type': 'geneve'}, 'other_config': {'mcast_snoop': 'false', 'mcast_flood_unregistered': 'false', 'vlan-passthru': 'false'}}) {{(pid=105088) do_commit /opt/stack/data/venv/lib/python3.12/site-packages/ovsdbapp/backend/ovs_idl/transaction.py:89}}
Apr 22 13:19:33.906695 np0000169316 devstack@neutron-api.service[105088]: DEBUG neutron.common.ovn.utils [-] OVS persist_uuid supported=True {{(pid=105088) ovs_persist_uuid_supported /opt/stack/neutron/neutron/common/ovn/utils.py:1537}}
Apr 22 13:19:33.910332 np0000169316 devstack@neutron-api.service[105089]: DEBUG neutron.plugins.ml2.drivers.ovn.mech_driver.ovsdb.ovsdb_monitor [-] Hash Ring: Node f74f14ad32795b2dadac5718d56116f2 (host: np0000169316) handling event "create" for row bbd84344-3228-47ad-8c00-48612eab39fc (table: Logical_Switch) {{(pid=105089) notify /opt/stack/neutron/neutron/plugins/ml2/drivers/ovn/mech_driver/ovsdb/ovsdb_monitor.py:914}}
Apr 22 13:19:33.918804 np0000169316 devstack@neutron-api.service[105087]: DEBUG neutron.plugins.ml2.drivers.ovn.mech_driver.ovsdb.ovsdb_monitor [-] Hash Ring: Node 5b91ef91b6c059fdb38bde42060576ad (host: np0000169316) handling event "create" for row cf75ff4a-fe4a-4403-a710-5e82647d3845 (table: Datapath_Binding) {{(pid=105087) notify /opt/stack/neutron/neutron/plugins/ml2/drivers/ovn/mech_driver/ovsdb/ovsdb_monitor.py:914}}
