Apr 22 13:19:24.325414 np0000169316 devstack@neutron-api.service[105090]: DEBUG neutron.api.extensions [None req-ced7b9aa-bea6-40f8-abce-683deab3d42b None None] Loading extension file: qos_pps_minimum_rule.py {{(pid=105090) _load_all_extensions_from_path /opt/stack/neutron/neutron/api/extensions.py:449}}
Apr 22 13:19:24.325449 np0000169316 devstack@neutron-api.service[105088]: DEBUG neutron_lib.callbacks.manager [None req-7f41d20a-179e-4698-b70b-06966400a2b7 None None] Subscribe: port after_delete 55550000, False {{(pid=105088) subscribe /opt/stack/data/venv/lib/python3.12/site-packages/neutron_lib/callbacks/manager.py:52}}
Apr 22 13:19:24.325566 np0000169316 devstack@neutron-api.service[105087]: INFO neutron.api.extensions [None req-92d34622-65db-46ad-b9c5-32a218f37176 None None] Loaded extension: dns-integration-domain-keywords
Apr 22 13:19:24.325730 np0000169316 devstack@neutron-api.service[105088]: DEBUG neutron_lib.callbacks.manager [None req-7f41d20a-179e-4698-b70b-06966400a2b7 None None] Subscribe: subnet after_update 55550000, False {{(pid=105088) subscribe /opt/stack/data/venv/lib/python3.12/site-packages/neutron_lib/callbacks/manager.py:52}}
Apr 22 13:19:24.325803 np0000169316 devstack@neutron-api.service[105087]: DEBUG neutron.api.extensions [None req-92d34622-65db-46ad-b9c5-32a218f37176 None None] Loading extension file: dvr.py {{(pid=105087) _load_all_extensions_from_path /opt/stack/neutron/neutron/api/extensions.py:449}}
Apr 22 13:19:24.325875 np0000169316 devstack@neutron-api.service[105088]: DEBUG neutron_lib.callbacks.manager [None req-7f41d20a-179e-4698-b70b-06966400a2b7 None None] Subscribe: subnetpool_address_scope after_update 55550000, False {{(pid=105088) subscribe /opt/stack/data/venv/lib/python3.12/site-packages/neutron_lib/callbacks/manager.py:52}}
Apr 22 13:19:24.325942 np0000169316 devstack@neutron-api.service[105090]: DEBUG neutron.api.extensions [None req-ced7b9aa-bea6-40f8-abce-683deab3d42b None None] Ext name="QoS minimum packet rate rule" alias="qos-pps-minimum" description="Allow to configure QoS minimum packet rate rule." updated="2021-07-14T10:00:00-00:00" {{(pid=105090) _check_extension /opt/stack/neutron/neutron/api/extensions.py:415}}
Apr 22 13:19:24.326017 np0000169316 devstack@neutron-api.service[105088]: DEBUG neutron_lib.callbacks.manager [None req-7f41d20a-179e-4698-b70b-06966400a2b7 None None] Subscribe: port before_update 55550000, False {{(pid=105088) subscribe /opt/stack/data/venv/lib/python3.12/site-packages/neutron_lib/callbacks/manager.py:52}}
Apr 22 13:19:24.326017 np0000169316 devstack@neutron-api.service[105088]: DEBUG neutron_lib.callbacks.manager [None req-7f41d20a-179e-4698-b70b-06966400a2b7 None None] Subscribe: port after_update 55550000, False {{(pid=105088) subscribe /opt/stack/data/venv/lib/python3.12/site-packages/neutron_lib/callbacks/manager.py:52}}
Apr 22 13:19:24.326175 np0000169316 devstack@neutron-api.service[105090]: INFO neutron.api.extensions [None req-ced7b9aa-bea6-40f8-abce-683deab3d42b None None] Extension qos-pps-minimum not supported by any of loaded plugins
Apr 22 13:19:24.326254 np0000169316 devstack@neutron-api.service[105087]: DEBUG neutron.api.extensions [None req-92d34622-65db-46ad-b9c5-32a218f37176 None None] Ext name="Distributed Virtual Router" alias="dvr" description="Enables configuration of Distributed Virtual Routers." updated="2014-06-1T10:00:00-00:00" {{(pid=105087) _check_extension /opt/stack/neutron/neutron/api/extensions.py:415}}
Apr 22 13:19:24.326344 np0000169316 devstack@neutron-api.service[105088]: DEBUG neutron_lib.callbacks.manager [None req-7f41d20a-179e-4698-b70b-06966400a2b7 None None] Subscribe: > port precommit_delete 55550000, False {{(pid=105088) subscribe /opt/stack/data/venv/lib/python3.12/site-packages/neutron_lib/callbacks/manager.py:52}}
Apr 22 13:19:24.326412 np0000169316 devstack@neutron-api.service[105090]: DEBUG neutron.api.extensions [None req-ced7b9aa-bea6-40f8-abce-683deab3d42b None None] Loading extension file: qos_pps_minimum_rule_alias.py {{(pid=105090) _load_all_extensions_from_path /opt/stack/neutron/neutron/api/extensions.py:449}}
Apr 22 13:19:24.326450 np0000169316 devstack@neutron-api.service[105088]: DEBUG neutron_lib.callbacks.manager [None req-7f41d20a-179e-4698-b70b-06966400a2b7 None None] Subscribe: port before_update 55550000, False {{(pid=105088) subscribe /opt/stack/data/venv/lib/python3.12/site-packages/neutron_lib/callbacks/manager.py:52}}
Apr 22 13:19:24.326450 np0000169316 devstack@neutron-api.service[105088]: DEBUG neutron_lib.callbacks.manager [None req-7f41d20a-179e-4698-b70b-06966400a2b7 None None] Subscribe: port before_delete 55550000, False {{(pid=105088) subscribe /opt/stack/data/venv/lib/python3.12/site-packages/neutron_lib/callbacks/manager.py:52}}
Apr 22 13:19:24.326539 np0000169316 devstack@neutron-api.service[105087]: INFO neutron.api.extensions [None req-92d34622-65db-46ad-b9c5-32a218f37176 None None] Extension dvr not supported by any of loaded plugins
Apr 22 13:19:24.326573 np0000169316 devstack@neutron-api.service[105088]: DEBUG neutron_lib.callbacks.manager [None req-7f41d20a-179e-4698-b70b-06966400a2b7 None None] Subscribe: > router precommit_create 55550000, False {{(pid=105088) subscribe /opt/stack/data/venv/lib/python3.12/site-packages/neutron_lib/callbacks/manager.py:52}}
Apr 22 13:19:24.326606 np0000169316 devstack@neutron-api.service[105087]: DEBUG neutron.api.extensions [None req-92d34622-65db-46ad-b9c5-32a218f37176 None None] Loading extension file: ecmp_routes.py {{(pid=105087) _load_all_extensions_from_path /opt/stack/neutron/neutron/api/extensions.py:449}}
Apr 22 13:19:24.326639 np0000169316 devstack@neutron-api.service[105090]: DEBUG neutron.api.extensions [None req-ced7b9aa-bea6-40f8-abce-683deab3d42b None None] Ext name="QoS minimum packet rate rule alias" alias="qos-pps-minimum-rule-alias" description="API to enable GET, PUT and DELETE operations on QoS minimum packet rate rule without specifying policy ID" updated="2021-10-22T10:00:00-00:00" {{(pid=105090) _check_extension /opt/stack/neutron/neutron/api/extensions.py:415}}
Apr 22 13:19:24.326672 np0000169316 devstack@neutron-api.service[105088]: DEBUG neutron_lib.callbacks.manager [None req-7f41d20a-179e-4698-b70b-06966400a2b7 None None] Subscribe: > router precommit_create 55550000, False {{(pid=105088) subscribe /opt/stack/data/venv/lib/python3.12/site-packages/neutron_lib/callbacks/manager.py:52}}
Apr 22 13:19:24.326672 np0000169316 devstack@neutron-api.service[105088]: DEBUG neutron_lib.callbacks.manager [None req-7f41d20a-179e-4698-b70b-06966400a2b7 None None] Subscribe: > router precommit_update 55550000, False {{(pid=105088) subscribe /opt/stack/data/venv/lib/python3.12/site-packages/neutron_lib/callbacks/manager.py:52}}
Apr 22 13:19:24.326746 np0000169316 devstack@neutron-api.service[105090]: INFO neutron.api.extensions [None req-ced7b9aa-bea6-40f8-abce-683deab3d42b None None] Extension qos-pps-minimum-rule-alias not supported by any of loaded plugins
Apr 22 13:19:24.326778 np0000169316 devstack@neutron-api.service[105087]: DEBUG neutron.api.extensions [None req-92d34622-65db-46ad-b9c5-32a218f37176 None None] Ext name="Equal Cost Multipath Routing" alias="ecmp_routes" description="Allows traffic to reach thesame destination via multiple different links " updated="2020-11-26T18:00:00-00:00" {{(pid=105087) _check_extension /opt/stack/neutron/neutron/api/extensions.py:415}}
Apr 22 13:19:24.326810 np0000169316 devstack@neutron-api.service[105088]: DEBUG neutron_lib.callbacks.manager [None req-7f41d20a-179e-4698-b70b-06966400a2b7 None None] Subscribe: subnet after_update 55550000, False {{(pid=105088) subscribe /opt/stack/data/venv/lib/python3.12/site-packages/neutron_lib/callbacks/manager.py:52}}
Apr 22 13:19:24.326841 np0000169316 devstack@neutron-api.service[105090]: DEBUG neutron.api.extensions [None req-ced7b9aa-bea6-40f8-abce-683deab3d42b None None] Loading extension file: qos_pps_rule.py {{(pid=105090) _load_all_extensions_from_path /opt/stack/neutron/neutron/api/extensions.py:449}}
Apr 22 13:19:24.326880 np0000169316 devstack@neutron-api.service[105087]: INFO neutron.api.extensions [None req-92d34622-65db-46ad-b9c5-32a218f37176 None None] Extension ecmp_routes not supported by any of loaded plugins
Apr 22 13:19:24.327015 np0000169316 devstack@neutron-api.service[105087]: DEBUG neutron.api.extensions [None req-92d34622-65db-46ad-b9c5-32a218f37176 None None] Loading extension file: empty_string_filtering.py {{(pid=105087) _load_all_extensions_from_path /opt/stack/neutron/neutron/api/extensions.py:449}}
Apr 22 13:19:24.327151 np0000169316 devstack@neutron-api.service[105090]: DEBUG neutron.api.extensions [None req-ced7b9aa-bea6-40f8-abce-683deab3d42b None None] Ext name="QoS Rule Type Packet per Second Extension" alias="qos-pps" description="Add QoS Rule Type Packet per Second" updated="2021-05-12T10:00:00-00:00" {{(pid=105090) _check_extension /opt/stack/neutron/neutron/api/extensions.py:415}}
Apr 22 13:19:24.327219 np0000169316 devstack@neutron-api.service[105087]: DEBUG neutron.api.extensions [None req-92d34622-65db-46ad-b9c5-32a218f37176 None None] Ext name="Empty String Filtering Extension" alias="empty-string-filtering" description="Allow filtering by attributes with empty string value" updated="2018-05-01T10:00:00-00:00" {{(pid=105087) _check_extension /opt/stack/neutron/neutron/api/extensions.py:415}}
Apr 22 13:19:24.327380 np0000169316 devstack@neutron-api.service[105090]: INFO neutron.api.extensions [None req-ced7b9aa-bea6-40f8-abce-683deab3d42b None None] Extension qos-pps not supported by any of loaded plugins
Apr 22 13:19:24.327454 np0000169316 devstack@neutron-api.service[105087]: INFO neutron.api.extensions [None req-92d34622-65db-46ad-b9c5-32a218f37176 None None] Loaded extension: empty-string-filtering
Apr 22 13:19:24.327533 np0000169316 devstack@neutron-api.service[105088]: DEBUG neutron.quota.resource_registry [None req-7f41d20a-179e-4698-b70b-06966400a2b7 None None] Tracking information for resource: router configured {{(pid=105088) set_tracked_resource /opt/stack/neutron/neutron/quota/resource_registry.py:203}}
Apr 22 13:19:24.327604 np0000169316 devstack@neutron-api.service[105090]: DEBUG neutron.api.extensions [None req-ced7b9aa-bea6-40f8-abce-683deab3d42b None None] Loading extension file: qos_rule_type_details.py {{(pid=105090) _load_all_extensions_from_path /opt/stack/neutron/neutron/api/extensions.py:449}}
Apr 22 13:19:24.327668 np0000169316 devstack@neutron-api.service[105087]: DEBUG neutron.api.extensions [None req-92d34622-65db-46ad-b9c5-32a218f37176 None None] Loading extension file: expose_l3_conntrack_helper.py {{(pid=105087) _load_all_extensions_from_path /opt/stack/neutron/neutron/api/extensions.py:449}}
Apr 22 13:19:24.327740 np0000169316 devstack@neutron-api.service[105088]: DEBUG neutron.quota.resource_registry [None req-7f41d20a-179e-4698-b70b-06966400a2b7 None None] Tracking information for resource: floatingip configured {{(pid=105088) set_tracked_resource /opt/stack/neutron/neutron/quota/resource_registry.py:203}}
Apr 22 13:19:24.327809 np0000169316 devstack@neutron-api.service[105087]: DEBUG neutron.api.extensions [None req-92d34622-65db-46ad-b9c5-32a218f37176 None None] Ext name="Expose CT target rules for conntrack helper" alias="expose-l3-conntrack-helper" description="Expose allow adding CT target rules for conntrack helper" updated="2019-04-04T10:00:00-00:00" {{(pid=105087) _check_extension /opt/stack/neutron/neutron/api/extensions.py:415}}
Apr 22 13:19:24.327876 np0000169316 devstack@neutron-api.service[105088]: INFO neutron.services.ovn_l3.plugin [None req-7f41d20a-179e-4698-b70b-06966400a2b7 None None] Starting OVNL3RouterPlugin
Apr 22 13:19:24.327945 np0000169316 devstack@neutron-api.service[105090]: DEBUG neutron.api.extensions [None req-ced7b9aa-bea6-40f8-abce-683deab3d42b None None] Ext name="Details of QoS rule types" alias="qos-rule-type-details" description="Expose details about QoS rule types supported by loaded backend drivers" updated="2017-06-22T10:00:00-00:00" {{(pid=105090) _check_extension /opt/stack/neutron/neutron/api/extensions.py:415}}
Apr 22 13:19:24.328011 np0000169316 devstack@neutron-api.service[105087]: INFO neutron.api.extensions [None req-92d34622-65db-46ad-b9c5-32a218f37176 None None] Extension expose-l3-conntrack-helper not supported by any of loaded plugins
Apr 22 13:19:24.328075 np0000169316 devstack@neutron-api.service[105088]: DEBUG neutron_lib.callbacks.manager [None req-7f41d20a-179e-4698-b70b-06966400a2b7 None None] Subscribe: > port_forwarding_plugin after_init 55550000, False {{(pid=105088) subscribe /opt/stack/data/venv/lib/python3.12/site-packages/neutron_lib/callbacks/manager.py:52}}
Apr 22 13:19:24.328111 np0000169316 devstack@neutron-api.service[105090]: INFO neutron.api.extensions [None req-ced7b9aa-bea6-40f8-abce-683deab3d42b None None] Extension qos-rule-type-details not supported by any of loaded plugins
Apr 22 13:19:24.328141 np0000169316 devstack@neutron-api.service[105087]: DEBUG neutron.api.extensions [None req-92d34622-65db-46ad-b9c5-32a218f37176 None None] Loading extension file: expose_port_forwarding_in_fip.py {{(pid=105087) _load_all_extensions_from_path /opt/stack/neutron/neutron/api/extensions.py:449}}
Apr 22 13:19:24.328174 np0000169316 devstack@neutron-api.service[105090]: DEBUG neutron.api.extensions [None req-ced7b9aa-bea6-40f8-abce-683deab3d42b None None] Loading extension file: qos_rule_type_filter.py {{(pid=105090) _load_all_extensions_from_path /opt/stack/neutron/neutron/api/extensions.py:449}}
Apr 22 13:19:24.328266 np0000169316 devstack@neutron-api.service[105088]: DEBUG neutron_lib.callbacks.manager [None req-7f41d20a-179e-4698-b70b-06966400a2b7 None None] Subscribe: > router before_create 55550100, False {{(pid=105088) subscribe /opt/stack/data/venv/lib/python3.12/site-packages/neutron_lib/callbacks/manager.py:52}}
Apr 22 13:19:24.328506 np0000169316 devstack@neutron-api.service[105087]: DEBUG neutron.api.extensions [None req-92d34622-65db-46ad-b9c5-32a218f37176 None None] Ext name="Expose Floating IP port forwardings" alias="expose-port-forwarding-in-fip" description="Expose port forwarding fields in floating IP response" updated="2018-06-28T16:00:00-00:00" {{(pid=105087) _check_extension /opt/stack/neutron/neutron/api/extensions.py:415}}
Apr 22 13:19:24.328580 np0000169316 devstack@neutron-api.service[105088]: DEBUG neutron_lib.callbacks.manager [None req-7f41d20a-179e-4698-b70b-06966400a2b7 None None] Subscribe: > router precommit_delete 55550100, False {{(pid=105088) subscribe /opt/stack/data/venv/lib/python3.12/site-packages/neutron_lib/callbacks/manager.py:52}}
Apr 22 13:19:24.328616 np0000169316 devstack@neutron-api.service[105090]: DEBUG neutron.api.extensions [None req-ced7b9aa-bea6-40f8-abce-683deab3d42b None None] Ext name="Allow to filter the list of QoS rule types" alias="qos-rule-type-filter" description="Allows to filter the QoS rule type list adding two new flags. "all_rules" prints all implemented QoS rule types."all_supported" prints all supported QoS rule types by the loaded mechanism drivers" updated="2022-02-02T10:00:00-00:00" {{(pid=105090) _check_extension /opt/stack/neutron/neutron/api/extensions.py:415}}
Apr 22 13:19:24.328686 np0000169316 devstack@neutron-api.service[105088]: DEBUG neutron_lib.callbacks.manager [None req-7f41d20a-179e-4698-b70b-06966400a2b7 None None] Subscribe: > router precommit_create 55550100, False {{(pid=105088) subscribe /opt/stack/data/venv/lib/python3.12/site-packages/neutron_lib/callbacks/manager.py:52}}
Apr 22 13:19:24.328718 np0000169316 devstack@neutron-api.service[105087]: INFO neutron.api.extensions [None req-92d34622-65db-46ad-b9c5-32a218f37176 None None] Extension expose-port-forwarding-in-fip not supported by any of loaded plugins
Apr 22 13:19:24.328718 np0000169316 devstack@neutron-api.service[105087]: DEBUG neutron.api.extensions [None req-92d34622-65db-46ad-b9c5-32a218f37176 None None] Loading extension file: external_net.py {{(pid=105087) _load_all_extensions_from_path /opt/stack/neutron/neutron/api/extensions.py:449}}
Apr 22 13:19:24.328768 np0000169316 devstack@neutron-api.service[105088]: DEBUG neutron_lib.callbacks.manager [None req-7f41d20a-179e-4698-b70b-06966400a2b7 None None] Subscribe: > router precommit_update 55550100, False {{(pid=105088) subscribe /opt/stack/data/venv/lib/python3.12/site-packages/neutron_lib/callbacks/manager.py:52}}
Apr 22 13:19:24.328808 np0000169316 devstack@neutron-api.service[105090]: INFO neutron.api.extensions [None req-ced7b9aa-bea6-40f8-abce-683deab3d42b None None] Extension qos-rule-type-filter not supported by any of loaded plugins
Apr 22 13:19:24.328834 np0000169316 devstack@neutron-api.service[105090]: DEBUG neutron.api.extensions [None req-ced7b9aa-bea6-40f8-abce-683deab3d42b None None] Loading extension file: qos_rules_alias.py {{(pid=105090) _load_all_extensions_from_path /opt/stack/neutron/neutron/api/extensions.py:449}}
Apr 22 13:19:24.328864 np0000169316 devstack@neutron-api.service[105087]: DEBUG neutron.api.extensions [None req-92d34622-65db-46ad-b9c5-32a218f37176 None None] Ext name="Neutron external network" alias="external-net" description="Adds external network attribute to network resource." updated="2013-01-14T10:00:00-00:00" {{(pid=105087) _check_extension /opt/stack/neutron/neutron/api/extensions.py:415}}
Apr 22 13:19:24.329147 np0000169316 devstack@neutron-api.service[105087]: INFO neutron.api.extensions [None req-92d34622-65db-46ad-b9c5-32a218f37176 None None] Loaded extension: external-net
Apr 22 13:19:24.329187 np0000169316 devstack@neutron-api.service[105090]: DEBUG neutron.api.extensions [None req-ced7b9aa-bea6-40f8-abce-683deab3d42b None None] Ext name="Quality of Service rules alias API" alias="qos-rules-alias" description="API to enable GET, PUT and DELETE operations on QoS policy rules without specifying policy ID" updated="2018-10-07T10:00:00-00:00" {{(pid=105090) _check_extension /opt/stack/neutron/neutron/api/extensions.py:415}}
Apr 22 13:19:24.329219 np0000169316 devstack@neutron-api.service[105087]: DEBUG neutron.api.extensions [None req-92d34622-65db-46ad-b9c5-32a218f37176 None None] Loading extension file: extra_dhcp_opt.py {{(pid=105087) _load_all_extensions_from_path /opt/stack/neutron/neutron/api/extensions.py:449}}
Apr 22 13:19:24.329404 np0000169316 devstack@neutron-api.service[105090]: INFO neutron.api.extensions [None req-ced7b9aa-bea6-40f8-abce-683deab3d42b None None] Extension qos-rules-alias not supported by any of loaded plugins
Apr 22 13:19:24.329483 np0000169316 devstack@neutron-api.service[105087]: DEBUG neutron.api.extensions [None req-92d34622-65db-46ad-b9c5-32a218f37176 None None] Ext name="Neutron Extra DHCP options" alias="extra_dhcp_opt" description="Extra options configuration for DHCP. For example PXE boot options to DHCP clients can be specified (e.g. tftp-server, server-ip-address, bootfile-name)" updated="2013-03-17T12:00:00-00:00" {{(pid=105087) _check_extension /opt/stack/neutron/neutron/api/extensions.py:415}}
Apr 22 13:19:24.329528 np0000169316 devstack@neutron-api.service[105090]: DEBUG neutron.api.extensions [None req-ced7b9aa-bea6-40f8-abce-683deab3d42b None None] Loading extension file: quota_check_limit.py {{(pid=105090) _load_all_extensions_from_path /opt/stack/neutron/neutron/api/extensions.py:449}}
Apr 22 13:19:24.329664 np0000169316 devstack@neutron-api.service[105087]: INFO neutron.api.extensions [None req-92d34622-65db-46ad-b9c5-32a218f37176 None None] Loaded extension: extra_dhcp_opt
Apr 22 13:19:24.329751 np0000169316 devstack@neutron-api.service[105087]: DEBUG neutron.api.extensions [None req-92d34622-65db-46ad-b9c5-32a218f37176 None None] Loading extension file: extraroute.py {{(pid=105087) _load_all_extensions_from_path /opt/stack/neutron/neutron/api/extensions.py:449}}
Apr 22 13:19:24.329825 np0000169316 devstack@neutron-api.service[105090]: DEBUG neutron.api.extensions [None req-ced7b9aa-bea6-40f8-abce-683deab3d42b None None] Ext name="Quota engine limit check" alias="quota-check-limit" description="Support for checking the resource usage before applying a new quota limit" updated="2021-09-08T16:00:00-00:00" {{(pid=105090) _check_extension /opt/stack/neutron/neutron/api/extensions.py:415}}
Apr 22 13:19:24.329980 np0000169316 devstack@neutron-api.service[105087]: DEBUG neutron.api.extensions [None req-92d34622-65db-46ad-b9c5-32a218f37176 None None] Ext name="Neutron Extra Route" alias="extraroute" description="Extra routes configuration for L3 router" updated="2013-02-01T10:00:00-00:00" {{(pid=105087) _check_extension /opt/stack/neutron/neutron/api/extensions.py:415}}
Apr 22 13:19:24.330069 np0000169316 devstack@neutron-api.service[105090]: INFO neutron.api.extensions [None req-ced7b9aa-bea6-40f8-abce-683deab3d42b None None] Loaded extension: quota-check-limit
Apr 22 13:19:24.330211 np0000169316 devstack@neutron-api.service[105087]: INFO neutron.api.extensions [None req-92d34622-65db-46ad-b9c5-32a218f37176 None None] Loaded extension: extraroute
Apr 22 13:19:24.330264 np0000169316 devstack@neutron-api.service[105090]: DEBUG neutron.api.extensions [None req-ced7b9aa-bea6-40f8-abce-683deab3d42b None None] Loading extension file: quota_check_limit_default.py {{(pid=105090) _load_all_extensions_from_path /opt/stack/neutron/neutron/api/extensions.py:449}}
Apr 22 13:19:24.330368 np0000169316 devstack@neutron-api.service[105087]: DEBUG neutron.api.extensions [None req-92d34622-65db-46ad-b9c5-32a218f37176 None None] Loading extension file: extraroute_atomic.py {{(pid=105087) _load_all_extensions_from_path /opt/stack/neutron/neutron/api/extensions.py:449}}
Apr 22 13:19:24.330638 np0000169316 devstack@neutron-api.service[105087]: DEBUG neutron.api.extensions [None req-92d34622-65db-46ad-b9c5-32a218f37176 None None] Ext name="Atomically add/remove extra routes" alias="extraroute-atomic" description="Edit extra routes of a router on server side by atomically adding/removing extra routes" updated="2019-07-10T00:00:00+00:00" {{(pid=105087) _check_extension /opt/stack/neutron/neutron/api/extensions.py:415}}
Apr 22 13:19:24.330720 np0000169316 devstack@neutron-api.service[105090]: DEBUG neutron.api.extensions [None req-ced7b9aa-bea6-40f8-abce-683deab3d42b None None] Ext name="Quota engine limit check by default" alias="quota-check-limit-default" description="By default, the Neutron quota engine checks the resource usage before applying a new quota limit" updated="2024-08-21T16:00:00-00:00" {{(pid=105090) _check_extension /opt/stack/neutron/neutron/api/extensions.py:415}}
Apr 22 13:19:24.330796 np0000169316 devstack@neutron-api.service[105087]: INFO neutron.api.extensions [None req-92d34622-65db-46ad-b9c5-32a218f37176 None None] Loaded extension: extraroute-atomic
Apr 22 13:19:24.330830 np0000169316 devstack@neutron-api.service[105090]: INFO neutron.api.extensions [None req-ced7b9aa-bea6-40f8-abce-683deab3d42b None None] Loaded extension: quota-check-limit-default
Apr 22 13:19:24.330899 np0000169316 devstack@neutron-api.service[105087]: DEBUG neutron.api.extensions [None req-92d34622-65db-46ad-b9c5-32a218f37176 None None] Loading extension file: filter_validation.py {{(pid=105087) _load_all_extensions_from_path /opt/stack/neutron/neutron/api/extensions.py:449}}
Apr 22 13:19:24.330971 np0000169316 devstack@neutron-api.service[105090]: DEBUG neutron.api.extensions [None req-ced7b9aa-bea6-40f8-abce-683deab3d42b None None] Loading extension file: quotasv2.py {{(pid=105090) _load_all_extensions_from_path /opt/stack/neutron/neutron/api/extensions.py:449}}
Apr 22 13:19:24.331155 np0000169316 devstack@neutron-api.service[105087]: DEBUG neutron.api.extensions [None req-92d34622-65db-46ad-b9c5-32a218f37176 None None] Ext name="Filter parameters validation" alias="filter-validation" description="Provides validation on filter parameters." updated="2018-07-04T10:00:00-00:00" {{(pid=105087) _check_extension /opt/stack/neutron/neutron/api/extensions.py:415}}
Apr 22 13:19:24.331342 np0000169316 devstack@neutron-api.service[105087]: INFO neutron.api.extensions [None req-92d34622-65db-46ad-b9c5-32a218f37176 None None] Loaded extension: filter-validation
Apr 22 13:19:24.331451 np0000169316 devstack@neutron-api.service[105087]: DEBUG neutron.api.extensions [None req-92d34622-65db-46ad-b9c5-32a218f37176 None None] Loading extension file: fip_pf_description.py {{(pid=105087) _load_all_extensions_from_path /opt/stack/neutron/neutron/api/extensions.py:449}}
Apr 22 13:19:24.331679 np0000169316 devstack@neutron-api.service[105087]: DEBUG neutron.api.extensions [None req-92d34622-65db-46ad-b9c5-32a218f37176 None None] Ext name="Floating IP Port Forwarding new attribute description" alias="floating-ip-port-forwarding-description" description="Add a description field to Port Forwarding rules" updated="2019-11-01T10:00:00-00:00" {{(pid=105087) _check_extension /opt/stack/neutron/neutron/api/extensions.py:415}}
Apr 22 13:19:24.331847 np0000169316 devstack@neutron-api.service[105087]: INFO neutron.api.extensions [None req-92d34622-65db-46ad-b9c5-32a218f37176 None None] Extension floating-ip-port-forwarding-description not supported by any of loaded plugins
Apr 22 13:19:24.332428 np0000169316 devstack@neutron-api.service[105087]: DEBUG neutron.api.extensions [None req-92d34622-65db-46ad-b9c5-32a218f37176 None None] Loading extension file: fip_pf_detail.py {{(pid=105087) _load_all_extensions_from_path /opt/stack/neutron/neutron/api/extensions.py:449}}
Apr 22 13:19:24.332487 np0000169316 devstack@neutron-api.service[105090]: DEBUG neutron.api.extensions [None req-ced7b9aa-bea6-40f8-abce-683deab3d42b None None] Ext name="Quota management support" alias="quotas" description="Expose functions for quotas management per project" updated="2012-07-29T10:00:00-00:00" {{(pid=105090) _check_extension /opt/stack/neutron/neutron/api/extensions.py:415}}
Apr 22 13:19:24.332551 np0000169316 devstack@neutron-api.service[105088]: DEBUG neutron.services.provider_configuration [None req-7f41d20a-179e-4698-b70b-06966400a2b7 None None] Service providers = [] {{(pid=105088) parse_service_provider_opt /opt/stack/neutron/neutron/services/provider_configuration.py:170}}
Apr 22 13:19:24.332609 np0000169316 devstack@neutron-api.service[105090]: INFO neutron.api.extensions [None req-ced7b9aa-bea6-40f8-abce-683deab3d42b None None] Loaded extension: quotas
Apr 22 13:19:24.332632 np0000169316 devstack@neutron-api.service[105088]: DEBUG neutron.db.servicetype_db [None req-7f41d20a-179e-4698-b70b-06966400a2b7 None None] Adding provider configuration for service L3_ROUTER_NAT {{(pid=105088) add_provider_configuration /opt/stack/neutron/neutron/db/servicetype_db.py:42}}
Apr 22 13:19:24.332661 np0000169316 devstack@neutron-api.service[105087]: DEBUG neutron.api.extensions [None req-92d34622-65db-46ad-b9c5-32a218f37176 None None] Ext name="Floating IP port forwarding detail" alias="floating-ip-port-forwarding-detail" description="Allow list floating ip return more port forwarding data, include'id' and 'internal_port_id'" updated="2022-05-06T10:00:00-00:00" {{(pid=105087) _check_extension /opt/stack/neutron/neutron/api/extensions.py:415}}
Apr 22 13:19:24.332689 np0000169316 devstack@neutron-api.service[105090]: DEBUG neutron.api.extensions [None req-ced7b9aa-bea6-40f8-abce-683deab3d42b None None] Loading extension file: quotasv2_detail.py {{(pid=105090) _load_all_extensions_from_path /opt/stack/neutron/neutron/api/extensions.py:449}}
Apr 22 13:19:24.332712 np0000169316 devstack@neutron-api.service[105087]: INFO neutron.api.extensions [None req-92d34622-65db-46ad-b9c5-32a218f37176 None None] Loaded extension: floating-ip-port-forwarding-detail
Apr 22 13:19:24.332712 np0000169316 devstack@neutron-api.service[105087]: DEBUG neutron.api.extensions [None req-92d34622-65db-46ad-b9c5-32a218f37176 None None] Loading extension file: fip_pf_port_range.py {{(pid=105087) _load_all_extensions_from_path /opt/stack/neutron/neutron/api/extensions.py:449}}
Apr 22 13:19:24.332712 np0000169316 devstack@neutron-api.service[105087]: DEBUG neutron.api.extensions [None req-92d34622-65db-46ad-b9c5-32a218f37176 None None] Ext name="Floating IP Port Forwarding support port ranges" alias="floating-ip-port-forwarding-port-ranges" description="Add support to port ranges" updated="2020-07-01T10:00:00-00:00" {{(pid=105087) _check_extension /opt/stack/neutron/neutron/api/extensions.py:415}}
Apr 22 13:19:24.332775 np0000169316 devstack@neutron-api.service[105090]: DEBUG neutron.api.extensions [None req-ced7b9aa-bea6-40f8-abce-683deab3d42b None None] Ext name="Quota details management support" alias="quota_details" description="Expose functions for quotas usage statistics per project" updated="2017-02-10T10:00:00-00:00" {{(pid=105090) _check_extension /opt/stack/neutron/neutron/api/extensions.py:415}}
Apr 22 13:19:24.332863 np0000169316 devstack@neutron-api.service[105087]: INFO neutron.api.extensions [None req-92d34622-65db-46ad-b9c5-32a218f37176 None None] Extension floating-ip-port-forwarding-port-ranges not supported by any of loaded plugins
Apr 22 13:19:24.332890 np0000169316 devstack@neutron-api.service[105090]: INFO neutron.api.extensions [None req-ced7b9aa-bea6-40f8-abce-683deab3d42b None None] Loaded extension: quota_details
Apr 22 13:19:24.333207 np0000169316 devstack@neutron-api.service[105087]: DEBUG neutron.api.extensions [None req-92d34622-65db-46ad-b9c5-32a218f37176 None None] Loading extension file: fip_port_details.py {{(pid=105087) _load_all_extensions_from_path /opt/stack/neutron/neutron/api/extensions.py:449}}
Apr 22 13:19:24.333491 np0000169316 devstack@neutron-api.service[105090]: DEBUG neutron.api.extensions [None req-ced7b9aa-bea6-40f8-abce-683deab3d42b None None] Loading extension file: rbac.py {{(pid=105090) _load_all_extensions_from_path /opt/stack/neutron/neutron/api/extensions.py:449}}
Apr 22 13:19:24.333557 np0000169316 devstack@neutron-api.service[105087]: DEBUG neutron.api.extensions [None req-92d34622-65db-46ad-b9c5-32a218f37176 None None] Ext name="Floating IP Port Details Extension" alias="fip-port-details" description="Add port_details attribute to Floating IP resource" updated="2018-04-09T10:00:00-00:00" {{(pid=105087) _check_extension /opt/stack/neutron/neutron/api/extensions.py:415}}
Apr 22 13:19:24.333634 np0000169316 devstack@neutron-api.service[105088]: DEBUG neutron_lib.callbacks.manager [None req-7f41d20a-179e-4698-b70b-06966400a2b7 None None] Subscribe: > router precommit_create 55549900, False {{(pid=105088) subscribe /opt/stack/data/venv/lib/python3.12/site-packages/neutron_lib/callbacks/manager.py:52}}
Apr 22 13:19:24.333713 np0000169316 devstack@neutron-api.service[105088]: DEBUG neutron_lib.callbacks.manager [None req-7f41d20a-179e-4698-b70b-06966400a2b7 None None] Subscribe: > router_interface after_create 55550000, False {{(pid=105088) subscribe /opt/stack/data/venv/lib/python3.12/site-packages/neutron_lib/callbacks/manager.py:52}}
Apr 22 13:19:24.333783 np0000169316 devstack@neutron-api.service[105090]: DEBUG neutron.api.extensions [None req-ced7b9aa-bea6-40f8-abce-683deab3d42b None None] Ext name="RBAC Policies" alias="rbac-policies" description="Allows creation and modification of policies that control project access to resources." updated="2015-06-17T12:15:12-00:00" {{(pid=105090) _check_extension /opt/stack/neutron/neutron/api/extensions.py:415}}
Apr 22 13:19:24.333858 np0000169316 devstack@neutron-api.service[105088]: DEBUG neutron_lib.callbacks.manager [None req-7f41d20a-179e-4698-b70b-06966400a2b7 None None] Subscribe: > floatingip after_create 55550000, False {{(pid=105088) subscribe /opt/stack/data/venv/lib/python3.12/site-packages/neutron_lib/callbacks/manager.py:52}}
Apr 22 13:19:24.333927 np0000169316 devstack@neutron-api.service[105088]: DEBUG neutron_lib.callbacks.manager [None req-7f41d20a-179e-4698-b70b-06966400a2b7 None None] Subscribe: > floatingip precommit_create 55550000, False {{(pid=105088) subscribe /opt/stack/data/venv/lib/python3.12/site-packages/neutron_lib/callbacks/manager.py:52}}
Apr 22 13:19:24.334015 np0000169316 devstack@neutron-api.service[105090]: INFO neutron.api.extensions [None req-ced7b9aa-bea6-40f8-abce-683deab3d42b None None] Loaded extension: rbac-policies
Apr 22 13:19:24.334105 np0000169316 devstack@neutron-api.service[105088]: DEBUG neutron_lib.callbacks.manager [None req-7f41d20a-179e-4698-b70b-06966400a2b7 None None] Subscribe: > floatingip precommit_update 55550000, False {{(pid=105088) subscribe /opt/stack/data/venv/lib/python3.12/site-packages/neutron_lib/callbacks/manager.py:52}}
Apr 22 13:19:24.334181 np0000169316 devstack@neutron-api.service[105088]: DEBUG neutron_lib.callbacks.manager [None req-7f41d20a-179e-4698-b70b-06966400a2b7 None None] Subscribe: > floatingip after_delete 55550000, False {{(pid=105088) subscribe /opt/stack/data/venv/lib/python3.12/site-packages/neutron_lib/callbacks/manager.py:52}}
Apr 22 13:19:24.334245 np0000169316 devstack@neutron-api.service[105090]: DEBUG neutron.api.extensions [None req-ced7b9aa-bea6-40f8-abce-683deab3d42b None None] Loading extension file: rbac_address_group.py {{(pid=105090) _load_all_extensions_from_path /opt/stack/neutron/neutron/api/extensions.py:449}}
Apr 22 13:19:24.334338 np0000169316 devstack@neutron-api.service[105088]: DEBUG neutron_lib.callbacks.manager [None req-7f41d20a-179e-4698-b70b-06966400a2b7 None None] Subscribe: > floatingip after_status_update 55550000, False {{(pid=105088) subscribe /opt/stack/data/venv/lib/python3.12/site-packages/neutron_lib/callbacks/manager.py:52}}
Apr 22 13:19:24.334424 np0000169316 devstack@neutron-api.service[105088]: DEBUG neutron_lib.callbacks.manager [None req-7f41d20a-179e-4698-b70b-06966400a2b7 None None] Subscribe: > floatingip after_update 55550000, False {{(pid=105088) subscribe /opt/stack/data/venv/lib/python3.12/site-packages/neutron_lib/callbacks/manager.py:52}}
Apr 22 13:19:24.334514 np0000169316 devstack@neutron-api.service[105090]: DEBUG neutron.api.extensions [None req-ced7b9aa-bea6-40f8-abce-683deab3d42b None None] Ext name="Add address_group type to RBAC" alias="rbac-address-group" description="Add address_group type to network RBAC" updated="2021-01-20T00:00:00-00:00" {{(pid=105090) _check_extension /opt/stack/neutron/neutron/api/extensions.py:415}}
Apr 22 13:19:24.334565 np0000169316 devstack@neutron-api.service[105087]: INFO neutron.api.extensions [None req-92d34622-65db-46ad-b9c5-32a218f37176 None None] Loaded extension: fip-port-details
Apr 22 13:19:24.334621 np0000169316 devstack@neutron-api.service[105088]: DEBUG neutron_lib.callbacks.manager [None req-7f41d20a-179e-4698-b70b-06966400a2b7 None None] Subscribe: > port_forwarding after_create 55550000, False {{(pid=105088) subscribe /opt/stack/data/venv/lib/python3.12/site-packages/neutron_lib/callbacks/manager.py:52}}
Apr 22 13:19:24.334724 np0000169316 devstack@neutron-api.service[105088]: DEBUG neutron_lib.callbacks.manager [None req-7f41d20a-179e-4698-b70b-06966400a2b7 None None] Subscribe: > router_interface after_delete 55550000, False {{(pid=105088) subscribe /opt/stack/data/venv/lib/python3.12/site-packages/neutron_lib/callbacks/manager.py:52}}
Apr 22 13:19:24.334774 np0000169316 devstack@neutron-api.service[105090]: INFO neutron.api.extensions [None req-ced7b9aa-bea6-40f8-abce-683deab3d42b None None] Extension rbac-address-group not supported by any of loaded plugins
Apr 22 13:19:24.334823 np0000169316 devstack@neutron-api.service[105087]: DEBUG neutron.api.extensions [None req-92d34622-65db-46ad-b9c5-32a218f37176 None None] Loading extension file: flavors.py {{(pid=105087) _load_all_extensions_from_path /opt/stack/neutron/neutron/api/extensions.py:449}}
Apr 22 13:19:24.334878 np0000169316 devstack@neutron-api.service[105088]: DEBUG neutron_lib.callbacks.manager [None req-7f41d20a-179e-4698-b70b-06966400a2b7 None None] Subscribe: > router after_create 55550000, False {{(pid=105088) subscribe /opt/stack/data/venv/lib/python3.12/site-packages/neutron_lib/callbacks/manager.py:52}}
Apr 22 13:19:24.334928 np0000169316 devstack@neutron-api.service[105090]: DEBUG neutron.api.extensions [None req-ced7b9aa-bea6-40f8-abce-683deab3d42b None None] Loading extension file: rbac_address_scope.py {{(pid=105090) _load_all_extensions_from_path /opt/stack/neutron/neutron/api/extensions.py:449}}
Apr 22 13:19:24.334975 np0000169316 devstack@neutron-api.service[105088]: DEBUG neutron_lib.callbacks.manager [None req-7f41d20a-179e-4698-b70b-06966400a2b7 None None] Subscribe: > router precommit_create 55550000, False {{(pid=105088) subscribe /opt/stack/data/venv/lib/python3.12/site-packages/neutron_lib/callbacks/manager.py:52}}
Apr 22 13:19:24.335064 np0000169316 devstack@neutron-api.service[105088]: DEBUG neutron_lib.callbacks.manager [None req-7f41d20a-179e-4698-b70b-06966400a2b7 None None] Subscribe: > router after_delete 55550000, False {{(pid=105088) subscribe /opt/stack/data/venv/lib/python3.12/site-packages/neutron_lib/callbacks/manager.py:52}}
Apr 22 13:19:24.335116 np0000169316 devstack@neutron-api.service[105087]: DEBUG neutron.api.extensions [None req-92d34622-65db-46ad-b9c5-32a218f37176 None None] Ext name="Neutron Service Flavors" alias="flavors" description="Flavor specification for Neutron advanced services." updated="2015-09-17T10:00:00-00:00" {{(pid=105087) _check_extension /opt/stack/neutron/neutron/api/extensions.py:415}}
Apr 22 13:19:24.335180 np0000169316 devstack@neutron-api.service[105088]: DEBUG neutron_lib.callbacks.manager [None req-7f41d20a-179e-4698-b70b-06966400a2b7 None None] Subscribe: > router after_update 55550000, False {{(pid=105088) subscribe /opt/stack/data/venv/lib/python3.12/site-packages/neutron_lib/callbacks/manager.py:52}}
Apr 22 13:19:24.335237 np0000169316 devstack@neutron-api.service[105090]: DEBUG neutron.api.extensions [None req-ced7b9aa-bea6-40f8-abce-683deab3d42b None None] Ext name="Add address_scope type to RBAC" alias="rbac-address-scope" description="Add address_scope type to RBAC" updated="2020-02-12T00:00:00-00:00" {{(pid=105090) _check_extension /opt/stack/neutron/neutron/api/extensions.py:415}}
Apr 22 13:19:24.335285 np0000169316 devstack@neutron-api.service[105087]: INFO neutron.api.extensions [None req-92d34622-65db-46ad-b9c5-32a218f37176 None None] Loaded extension: flavors
Apr 22 13:19:24.335347 np0000169316 devstack@neutron-api.service[105088]: DEBUG neutron.services.service_base [None req-7f41d20a-179e-4698-b70b-06966400a2b7 None None] Loaded 'neutron.services.ovn_l3.service_providers.ovn.OvnDriver' provider for service L3_ROUTER_NAT {{(pid=105088) load_drivers /opt/stack/neutron/neutron/services/service_base.py:49}}
Apr 22 13:19:24.335443 np0000169316 devstack@neutron-api.service[105090]: INFO neutron.api.extensions [None req-ced7b9aa-bea6-40f8-abce-683deab3d42b None None] Loaded extension: rbac-address-scope
Apr 22 13:19:24.335493 np0000169316 devstack@neutron-api.service[105088]: DEBUG neutron_lib.callbacks.manager [None req-7f41d20a-179e-4698-b70b-06966400a2b7 None None] Subscribe: > process after_init 55550001, True {{(pid=105088) subscribe /opt/stack/data/venv/lib/python3.12/site-packages/neutron_lib/callbacks/manager.py:52}}
Apr 22 13:19:24.335551 np0000169316 devstack@neutron-api.service[105087]: DEBUG neutron.api.extensions [None req-92d34622-65db-46ad-b9c5-32a218f37176 None None] Loading extension file: floating_ip_port_forwarding.py {{(pid=105087) _load_all_extensions_from_path /opt/stack/neutron/neutron/api/extensions.py:449}}
Apr 22 13:19:24.335583 np0000169316 devstack@neutron-api.service[105090]: DEBUG neutron.api.extensions [None req-ced7b9aa-bea6-40f8-abce-683deab3d42b None None] Loading extension file: rbac_security_groups.py {{(pid=105090) _load_all_extensions_from_path /opt/stack/neutron/neutron/api/extensions.py:449}}
Apr 22 13:19:24.335654 np0000169316 devstack@neutron-api.service[105088]: DEBUG neutron.manager [None req-7f41d20a-179e-4698-b70b-06966400a2b7 None None] Successfully loaded L3_ROUTER_NAT plugin. Description: L3 Router Service Plugin for basic L3 forwarding using OVN {{(pid=105088) _create_and_add_service_plugin /opt/stack/neutron/neutron/manager.py:239}}
Apr 22 13:19:24.335778 np0000169316 devstack@neutron-api.service[105088]: INFO neutron.manager [None req-7f41d20a-179e-4698-b70b-06966400a2b7 None None] Loading Plugin: auto_allocate
Apr 22 13:19:24.335863 np0000169316 devstack@neutron-api.service[105090]: DEBUG neutron.api.extensions [None req-ced7b9aa-bea6-40f8-abce-683deab3d42b None None] Ext name="Add security_group type to network RBAC" alias="rbac-security-groups" description="Add security_group type to network RBAC" updated="2019-02-14T00:00:00-00:00" {{(pid=105090) _check_extension /opt/stack/neutron/neutron/api/extensions.py:415}}
Apr 22 13:19:24.335923 np0000169316 devstack@neutron-api.service[105087]: DEBUG neutron.api.extensions [None req-92d34622-65db-46ad-b9c5-32a218f37176 None None] Ext name="Floating IP Port Forwarding" alias="floating-ip-port-forwarding" description="Allow port forwarding from floating IP port to an internal port" updated="2018-01-19T10:00:00-00:00" {{(pid=105087) _check_extension /opt/stack/neutron/neutron/api/extensions.py:415}}
Apr 22 13:19:24.336103 np0000169316 devstack@neutron-api.service[105090]: INFO neutron.api.extensions [None req-ced7b9aa-bea6-40f8-abce-683deab3d42b None None] Loaded extension: rbac-security-groups
Apr 22 13:19:24.336152 np0000169316 devstack@neutron-api.service[105087]: INFO neutron.api.extensions [None req-92d34622-65db-46ad-b9c5-32a218f37176 None None] Extension floating-ip-port-forwarding not supported by any of loaded plugins
Apr 22 13:19:24.336185 np0000169316 devstack@neutron-api.service[105087]: DEBUG neutron.api.extensions [None req-92d34622-65db-46ad-b9c5-32a218f37176 None None] Loading extension file: floatingip_pools.py {{(pid=105087) _load_all_extensions_from_path /opt/stack/neutron/neutron/api/extensions.py:449}}
Apr 22 13:19:24.336239 np0000169316 devstack@neutron-api.service[105090]: DEBUG neutron.api.extensions [None req-ced7b9aa-bea6-40f8-abce-683deab3d42b None None] Loading extension file: rbac_subnetpool.py {{(pid=105090) _load_all_extensions_from_path /opt/stack/neutron/neutron/api/extensions.py:449}}
Apr 22 13:19:24.336469 np0000169316 devstack@neutron-api.service[105087]: DEBUG neutron.api.extensions [None req-92d34622-65db-46ad-b9c5-32a218f37176 None None] Ext name="Floating IP Pools Extension" alias="floatingip-pools" description="Provides a floating IP pools API." updated="2018-03-21T10:00:00-00:00" {{(pid=105087) _check_extension /opt/stack/neutron/neutron/api/extensions.py:415}}
Apr 22 13:19:24.336548 np0000169316 devstack@neutron-api.service[105090]: DEBUG neutron.api.extensions [None req-ced7b9aa-bea6-40f8-abce-683deab3d42b None None] Ext name="Add subnetpool type to RBAC" alias="rbac-subnetpool" description="Add subnetpool type to RBAC" updated="2020-02-05T00:00:00-00:00" {{(pid=105090) _check_extension /opt/stack/neutron/neutron/api/extensions.py:415}}
Apr 22 13:19:24.336651 np0000169316 devstack@neutron-api.service[105087]: INFO neutron.api.extensions [None req-92d34622-65db-46ad-b9c5-32a218f37176 None None] Loaded extension: floatingip-pools
Apr 22 13:19:24.336758 np0000169316 devstack@neutron-api.service[105087]: DEBUG neutron.api.extensions [None req-92d34622-65db-46ad-b9c5-32a218f37176 None None] Loading extension file: ip_allocation.py {{(pid=105087) _load_all_extensions_from_path /opt/stack/neutron/neutron/api/extensions.py:449}}
Apr 22 13:19:24.336790 np0000169316 devstack@neutron-api.service[105090]: INFO neutron.api.extensions [None req-ced7b9aa-bea6-40f8-abce-683deab3d42b None None] Extension rbac-subnetpool not supported by any of loaded plugins
Apr 22 13:19:24.337115 np0000169316 devstack@neutron-api.service[105090]: DEBUG neutron.api.extensions [None req-ced7b9aa-bea6-40f8-abce-683deab3d42b None None] Loading extension file: revisionifmatch.py {{(pid=105090) _load_all_extensions_from_path /opt/stack/neutron/neutron/api/extensions.py:449}}
Apr 22 13:19:24.337338 np0000169316 devstack@neutron-api.service[105087]: DEBUG neutron.api.extensions [None req-92d34622-65db-46ad-b9c5-32a218f37176 None None] Ext name="IP Allocation" alias="ip_allocation" description="IP allocation extension." updated="2016-06-10T23:00:00-00:00" {{(pid=105087) _check_extension /opt/stack/neutron/neutron/api/extensions.py:415}}
Apr 22 13:19:24.337498 np0000169316 devstack@neutron-api.service[105088]: DEBUG neutron_lib.callbacks.manager [None req-7f41d20a-179e-4698-b70b-06966400a2b7 None None] Subscribe: network precommit_update 55550000, False {{(pid=105088) subscribe /opt/stack/data/venv/lib/python3.12/site-packages/neutron_lib/callbacks/manager.py:52}}
Apr 22 13:19:24.337498 np0000169316 devstack@neutron-api.service[105088]: DEBUG neutron_lib.callbacks.manager [None req-7f41d20a-179e-4698-b70b-06966400a2b7 None None] Subscribe: network precommit_create 55550000, False {{(pid=105088) subscribe /opt/stack/data/venv/lib/python3.12/site-packages/neutron_lib/callbacks/manager.py:52}}
Apr 22 13:19:24.337652 np0000169316 devstack@neutron-api.service[105087]: INFO neutron.api.extensions [None req-92d34622-65db-46ad-b9c5-32a218f37176 None None] Extension ip_allocation not supported by any of loaded plugins
Apr 22 13:19:24.337652 np0000169316 devstack@neutron-api.service[105087]: DEBUG neutron.api.extensions [None req-92d34622-65db-46ad-b9c5-32a218f37176 None None] Loading extension file: ip_substring_port_filtering.py {{(pid=105087) _load_all_extensions_from_path /opt/stack/neutron/neutron/api/extensions.py:449}}
Apr 22 13:19:24.337774 np0000169316 devstack@neutron-api.service[105090]: DEBUG neutron.api.extensions [None req-ced7b9aa-bea6-40f8-abce-683deab3d42b None None] Ext name="If-Match constraints based on revision_number" alias="revision-if-match" description="Extension indicating that If-Match based on revision_number is supported." updated="2016-12-11T00:00:00-00:00" {{(pid=105090) _check_extension /opt/stack/neutron/neutron/api/extensions.py:415}}
Apr 22 13:19:24.337805 np0000169316 devstack@neutron-api.service[105088]: DEBUG neutron.manager [None req-7f41d20a-179e-4698-b70b-06966400a2b7 None None] Successfully loaded auto-allocated-topology plugin. Description: Auto Allocated Topology - aka get me a network. {{(pid=105088) _create_and_add_service_plugin /opt/stack/neutron/neutron/manager.py:239}}
Apr 22 13:19:24.337805 np0000169316 devstack@neutron-api.service[105088]: INFO neutron.manager [None req-7f41d20a-179e-4698-b70b-06966400a2b7 None None] Loading Plugin: tag
Apr 22 13:19:24.337927 np0000169316 devstack@neutron-api.service[105090]: INFO neutron.api.extensions [None req-ced7b9aa-bea6-40f8-abce-683deab3d42b None None] Loaded extension: revision-if-match
Apr 22 13:19:24.338023 np0000169316 devstack@neutron-api.service[105087]: DEBUG neutron.api.extensions [None req-92d34622-65db-46ad-b9c5-32a218f37176 None None] Ext name="IP address substring filtering" alias="ip-substring-filtering" description="Provides IP address substring filtering when listing ports" updated="2017-11-28T09:00:00-00:00" {{(pid=105087) _check_extension /opt/stack/neutron/neutron/api/extensions.py:415}}
Apr 22 13:19:24.338097 np0000169316 devstack@neutron-api.service[105090]: DEBUG neutron.api.extensions [None req-ced7b9aa-bea6-40f8-abce-683deab3d42b None None] Loading extension file: revisions.py {{(pid=105090) _load_all_extensions_from_path /opt/stack/neutron/neutron/api/extensions.py:449}}
Apr 22 13:19:24.338122 np0000169316 devstack@neutron-api.service[105087]: INFO neutron.api.extensions [None req-92d34622-65db-46ad-b9c5-32a218f37176 None None] Extension ip-substring-filtering not supported by any of loaded plugins
Apr 22 13:19:24.338122 np0000169316 devstack@neutron-api.service[105087]: DEBUG neutron.api.extensions [None req-92d34622-65db-46ad-b9c5-32a218f37176 None None] Loading extension file: l2_adjacency.py {{(pid=105087) _load_all_extensions_from_path /opt/stack/neutron/neutron/api/extensions.py:449}}
Apr 22 13:19:24.338176 np0000169316 devstack@neutron-api.service[105090]: DEBUG neutron.api.extensions [None req-ced7b9aa-bea6-40f8-abce-683deab3d42b None None] Ext name="Resource revision numbers" alias="standard-attr-revisions" description="This extension will display the revision number of neutron resources." updated="2016-04-11T10:00:00-00:00" {{(pid=105090) _check_extension /opt/stack/neutron/neutron/api/extensions.py:415}}
Apr 22 13:19:24.338253 np0000169316 devstack@neutron-api.service[105087]: DEBUG neutron.api.extensions [None req-92d34622-65db-46ad-b9c5-32a218f37176 None None] Ext name="L2 Adjacency" alias="l2_adjacency" description="Display L2 Adjacency for Neutron Networks." updated="2016-04-12T16:00:00-00:00" {{(pid=105087) _check_extension /opt/stack/neutron/neutron/api/extensions.py:415}}
Apr 22 13:19:24.338284 np0000169316 devstack@neutron-api.service[105090]: INFO neutron.api.extensions [None req-ced7b9aa-bea6-40f8-abce-683deab3d42b None None] Loaded extension: standard-attr-revisions
Apr 22 13:19:24.338284 np0000169316 devstack@neutron-api.service[105090]: DEBUG neutron.api.extensions [None req-ced7b9aa-bea6-40f8-abce-683deab3d42b None None] Loading extension file: router_availability_zone.py {{(pid=105090) _load_all_extensions_from_path /opt/stack/neutron/neutron/api/extensions.py:449}}
Apr 22 13:19:24.338444 np0000169316 devstack@neutron-api.service[105087]: INFO neutron.api.extensions [None req-92d34622-65db-46ad-b9c5-32a218f37176 None None] Extension l2_adjacency not supported by any of loaded plugins
Apr 22 13:19:24.338444 np0000169316 devstack@neutron-api.service[105087]: DEBUG neutron.api.extensions [None req-92d34622-65db-46ad-b9c5-32a218f37176 None None] Loading extension file: l3.py {{(pid=105087) _load_all_extensions_from_path /opt/stack/neutron/neutron/api/extensions.py:449}}
