Apr 22 13:19:24.255746 np0000169316 devstack@neutron-api.service[105090]: DEBUG neutron.manager [None req-ced7b9aa-bea6-40f8-abce-683deab3d42b None None] Successfully loaded auto-allocated-topology plugin. Description: Auto Allocated Topology - aka get me a network. {{(pid=105090) _create_and_add_service_plugin /opt/stack/neutron/neutron/manager.py:239}}
Apr 22 13:19:24.255832 np0000169316 devstack@neutron-api.service[105090]: INFO neutron.manager [None req-ced7b9aa-bea6-40f8-abce-683deab3d42b None None] Loading Plugin: tag
Apr 22 13:19:24.258817 np0000169316 devstack@neutron-api.service[105090]: DEBUG neutron.manager [None req-ced7b9aa-bea6-40f8-abce-683deab3d42b None None] Successfully loaded TAG plugin. Description: Tag support {{(pid=105090) _create_and_add_service_plugin /opt/stack/neutron/neutron/manager.py:239}}
Apr 22 13:19:24.258934 np0000169316 devstack@neutron-api.service[105090]: INFO neutron.manager [None req-ced7b9aa-bea6-40f8-abce-683deab3d42b None None] Loading Plugin: timestamp
Apr 22 13:19:24.260287 np0000169316 devstack@neutron-api.service[105090]: DEBUG neutron.manager [None req-ced7b9aa-bea6-40f8-abce-683deab3d42b None None] Successfully loaded timestamp plugin. Description: Adds timestamps to Neutron resources with standard attributes {{(pid=105090) _create_and_add_service_plugin /opt/stack/neutron/neutron/manager.py:239}}
Apr 22 13:19:24.260417 np0000169316 devstack@neutron-api.service[105090]: INFO neutron.manager [None req-ced7b9aa-bea6-40f8-abce-683deab3d42b None None] Loading Plugin: network_ip_availability
Apr 22 13:19:24.261891 np0000169316 devstack@neutron-api.service[105090]: DEBUG neutron.manager [None req-ced7b9aa-bea6-40f8-abce-683deab3d42b None None] Successfully loaded network-ip-availability plugin. Description: Provides IP availability data for each network and subnet. {{(pid=105090) _create_and_add_service_plugin /opt/stack/neutron/neutron/manager.py:239}}
Apr 22 13:19:24.261986 np0000169316 devstack@neutron-api.service[105090]: INFO neutron.manager [None req-ced7b9aa-bea6-40f8-abce-683deab3d42b None None] Loading Plugin: flavors
Apr 22 13:19:24.263080 np0000169316 devstack@neutron-api.service[105090]: DEBUG neutron.manager [None req-ced7b9aa-bea6-40f8-abce-683deab3d42b None None] Successfully loaded FLAVORS plugin. Description: Neutron Flavors and Service Profiles manager plugin {{(pid=105090) _create_and_add_service_plugin /opt/stack/neutron/neutron/manager.py:239}}
Apr 22 13:19:24.263080 np0000169316 devstack@neutron-api.service[105090]: INFO neutron.manager [None req-ced7b9aa-bea6-40f8-abce-683deab3d42b None None] Loading Plugin: revisions
Apr 22 13:19:24.264083 np0000169316 devstack@neutron-api.service[105090]: DEBUG neutron.manager [None req-ced7b9aa-bea6-40f8-abce-683deab3d42b None None] Successfully loaded revision_plugin plugin. Description: Adds revision numbers to resources. {{(pid=105090) _create_and_add_service_plugin /opt/stack/neutron/neutron/manager.py:239}}
Apr 22 13:19:24.264195 np0000169316 devstack@neutron-api.service[105090]: DEBUG oslo_concurrency.lockutils [None req-ced7b9aa-bea6-40f8-abce-683deab3d42b None None] Lock "manager" "released" by "neutron.manager.NeutronManager._create_instance" :: held 4.783s {{(pid=105090) inner /opt/stack/data/venv/lib/python3.12/site-packages/oslo_concurrency/lockutils.py:538}}
Apr 22 13:19:24.264515 np0000169316 devstack@neutron-api.service[105090]: DEBUG neutron.api.extensions [None req-ced7b9aa-bea6-40f8-abce-683deab3d42b None None] get_extension_paths = OrderedDict({'/opt/stack/neutron/neutron/extensions': 1}) {{(pid=105090) get_extensions_path /opt/stack/neutron/neutron/api/extensions.py:640}}
Apr 22 13:19:24.264578 np0000169316 devstack@neutron-api.service[105090]: INFO neutron.api.extensions [None req-ced7b9aa-bea6-40f8-abce-683deab3d42b None None] Initializing extension manager.
Apr 22 13:19:24.264808 np0000169316 devstack@neutron-api.service[105090]: DEBUG neutron.api.extensions [None req-ced7b9aa-bea6-40f8-abce-683deab3d42b None None] Loading extension file: __init__.py {{(pid=105090) _load_all_extensions_from_path /opt/stack/neutron/neutron/api/extensions.py:449}}
Apr 22 13:19:24.264951 np0000169316 devstack@neutron-api.service[105090]: DEBUG neutron.api.extensions [None req-ced7b9aa-bea6-40f8-abce-683deab3d42b None None] Loading extension file: __pycache__ {{(pid=105090) _load_all_extensions_from_path /opt/stack/neutron/neutron/api/extensions.py:449}}
Apr 22 13:19:24.264951 np0000169316 devstack@neutron-api.service[105090]: DEBUG neutron.api.extensions [None req-ced7b9aa-bea6-40f8-abce-683deab3d42b None None] Loading extension file: address_group.py {{(pid=105090) _load_all_extensions_from_path /opt/stack/neutron/neutron/api/extensions.py:449}}
Apr 22 13:19:24.265358 np0000169316 devstack@neutron-api.service[105090]: DEBUG neutron.api.extensions [None req-ced7b9aa-bea6-40f8-abce-683deab3d42b None None] Ext name="Address group" alias="address-group" description="Support address group" updated="2020-07-15T10:00:00-00:00" {{(pid=105090) _check_extension /opt/stack/neutron/neutron/api/extensions.py:415}}
Apr 22 13:19:24.265578 np0000169316 devstack@neutron-api.service[105090]: INFO neutron.api.extensions [None req-ced7b9aa-bea6-40f8-abce-683deab3d42b None None] Loaded extension: address-group
Apr 22 13:19:24.265659 np0000169316 devstack@neutron-api.service[105090]: DEBUG neutron.api.extensions [None req-ced7b9aa-bea6-40f8-abce-683deab3d42b None None] Loading extension file: address_scope.py {{(pid=105090) _load_all_extensions_from_path /opt/stack/neutron/neutron/api/extensions.py:449}}
Apr 22 13:19:24.265979 np0000169316 devstack@neutron-api.service[105090]: DEBUG neutron.api.extensions [None req-ced7b9aa-bea6-40f8-abce-683deab3d42b None None] Ext name="Address scope" alias="address-scope" description="Address scopes extension." updated="2015-07-26T10:00:00-00:00" {{(pid=105090) _check_extension /opt/stack/neutron/neutron/api/extensions.py:415}}
Apr 22 13:19:24.266156 np0000169316 devstack@neutron-api.service[105090]: INFO neutron.api.extensions [None req-ced7b9aa-bea6-40f8-abce-683deab3d42b None None] Loaded extension: address-scope
Apr 22 13:19:24.266258 np0000169316 devstack@neutron-api.service[105090]: DEBUG neutron.api.extensions [None req-ced7b9aa-bea6-40f8-abce-683deab3d42b None None] Loading extension file: admin_state_down_before_update.py {{(pid=105090) _load_all_extensions_from_path /opt/stack/neutron/neutron/api/extensions.py:449}}
Apr 22 13:19:24.266488 np0000169316 devstack@neutron-api.service[105090]: DEBUG neutron.api.extensions [None req-ced7b9aa-bea6-40f8-abce-683deab3d42b None None] Ext name="Enforce Router's Admin State Down Before Update Extension" alias="router-admin-state-down-before-update" description="Ensure that the admin state of a router is DOWN (admin_state_up=False) before updating the distributed attribute" updated="2019-07-02T15:56:00" {{(pid=105090) _check_extension /opt/stack/neutron/neutron/api/extensions.py:415}}
Apr 22 13:19:24.266720 np0000169316 devstack@neutron-api.service[105090]: INFO neutron.api.extensions [None req-ced7b9aa-bea6-40f8-abce-683deab3d42b None None] Extension router-admin-state-down-before-update not supported by any of loaded plugins
Apr 22 13:19:24.266720 np0000169316 devstack@neutron-api.service[105090]: DEBUG neutron.api.extensions [None req-ced7b9aa-bea6-40f8-abce-683deab3d42b None None] Loading extension file: agent.py {{(pid=105090) _load_all_extensions_from_path /opt/stack/neutron/neutron/api/extensions.py:449}}
Apr 22 13:19:24.267068 np0000169316 devstack@neutron-api.service[105090]: DEBUG neutron.api.extensions [None req-ced7b9aa-bea6-40f8-abce-683deab3d42b None None] Ext name="agent" alias="agent" description="The agent management extension." updated="2013-02-03T10:00:00-00:00" {{(pid=105090) _check_extension /opt/stack/neutron/neutron/api/extensions.py:415}}
Apr 22 13:19:24.267237 np0000169316 devstack@neutron-api.service[105090]: INFO neutron.api.extensions [None req-ced7b9aa-bea6-40f8-abce-683deab3d42b None None] Loaded extension: agent
Apr 22 13:19:24.267391 np0000169316 devstack@neutron-api.service[105090]: DEBUG neutron.api.extensions [None req-ced7b9aa-bea6-40f8-abce-683deab3d42b None None] Loading extension file: agent_resources_synced.py {{(pid=105090) _load_all_extensions_from_path /opt/stack/neutron/neutron/api/extensions.py:449}}
Apr 22 13:19:24.267539 np0000169316 devstack@neutron-api.service[105090]: DEBUG neutron.api.extensions [None req-ced7b9aa-bea6-40f8-abce-683deab3d42b None None] Ext name="Agent's Resource View Synced to Placement" alias="agent-resources-synced" description="Stores success/failure of last sync to Placement" updated="2018-12-19T00:00:00-00:00" {{(pid=105090) _check_extension /opt/stack/neutron/neutron/api/extensions.py:415}}
Apr 22 13:19:24.267794 np0000169316 devstack@neutron-api.service[105090]: INFO neutron.api.extensions [None req-ced7b9aa-bea6-40f8-abce-683deab3d42b None None] Extension agent-resources-synced not supported by any of loaded plugins
Apr 22 13:19:24.267794 np0000169316 devstack@neutron-api.service[105090]: DEBUG neutron.api.extensions [None req-ced7b9aa-bea6-40f8-abce-683deab3d42b None None] Loading extension file: allowedaddresspairs.py {{(pid=105090) _load_all_extensions_from_path /opt/stack/neutron/neutron/api/extensions.py:449}}
Apr 22 13:19:24.268715 np0000169316 devstack@neutron-api.service[105090]: DEBUG neutron.api.extensions [None req-ced7b9aa-bea6-40f8-abce-683deab3d42b None None] Ext name="Allowed Address Pairs" alias="allowed-address-pairs" description="Provides allowed address pairs" updated="2013-07-23T10:00:00-00:00" {{(pid=105090) _check_extension /opt/stack/neutron/neutron/api/extensions.py:415}}
Apr 22 13:19:24.268990 np0000169316 devstack@neutron-api.service[105090]: INFO neutron.api.extensions [None req-ced7b9aa-bea6-40f8-abce-683deab3d42b None None] Loaded extension: allowed-address-pairs
Apr 22 13:19:24.269163 np0000169316 devstack@neutron-api.service[105090]: DEBUG neutron.api.extensions [None req-ced7b9aa-bea6-40f8-abce-683deab3d42b None None] Loading extension file: auto_allocated_topology.py {{(pid=105090) _load_all_extensions_from_path /opt/stack/neutron/neutron/api/extensions.py:449}}
Apr 22 13:19:24.269459 np0000169316 devstack@neutron-api.service[105090]: DEBUG neutron.api.extensions [None req-ced7b9aa-bea6-40f8-abce-683deab3d42b None None] Ext name="Auto Allocated Topology Services" alias="auto-allocated-topology" description="Auto Allocated Topology Services." updated="2016-01-01T00:00:00-00:00" {{(pid=105090) _check_extension /opt/stack/neutron/neutron/api/extensions.py:415}}
Apr 22 13:19:24.269825 np0000169316 devstack@neutron-api.service[105090]: INFO neutron.api.extensions [None req-ced7b9aa-bea6-40f8-abce-683deab3d42b None None] Loaded extension: auto-allocated-topology
Apr 22 13:19:24.269825 np0000169316 devstack@neutron-api.service[105090]: DEBUG neutron.api.extensions [None req-ced7b9aa-bea6-40f8-abce-683deab3d42b None None] Loading extension file: availability_zone.py {{(pid=105090) _load_all_extensions_from_path /opt/stack/neutron/neutron/api/extensions.py:449}}
Apr 22 13:19:24.270206 np0000169316 devstack@neutron-api.service[105090]: DEBUG neutron.api.extensions [None req-ced7b9aa-bea6-40f8-abce-683deab3d42b None None] Ext name="Availability Zone" alias="availability_zone" description="The availability zone extension." updated="2015-01-01T10:00:00-00:00" {{(pid=105090) _check_extension /opt/stack/neutron/neutron/api/extensions.py:415}}
Apr 22 13:19:24.270508 np0000169316 devstack@neutron-api.service[105090]: INFO neutron.api.extensions [None req-ced7b9aa-bea6-40f8-abce-683deab3d42b None None] Loaded extension: availability_zone
Apr 22 13:19:24.270606 np0000169316 devstack@neutron-api.service[105090]: DEBUG neutron.api.extensions [None req-ced7b9aa-bea6-40f8-abce-683deab3d42b None None] Loading extension file: availability_zone_filter.py {{(pid=105090) _load_all_extensions_from_path /opt/stack/neutron/neutron/api/extensions.py:449}}
Apr 22 13:19:24.271073 np0000169316 devstack@neutron-api.service[105090]: DEBUG neutron.api.extensions [None req-ced7b9aa-bea6-40f8-abce-683deab3d42b None None] Ext name="Availability Zone Filter Extension" alias="availability_zone_filter" description="Add filter parameters to AvailabilityZone resource" updated="2018-06-22T10:00:00-00:00" {{(pid=105090) _check_extension /opt/stack/neutron/neutron/api/extensions.py:415}}
Apr 22 13:19:24.271397 np0000169316 devstack@neutron-api.service[105090]: INFO neutron.api.extensions [None req-ced7b9aa-bea6-40f8-abce-683deab3d42b None None] Extension availability_zone_filter not supported by any of loaded plugins
Apr 22 13:19:24.271582 np0000169316 devstack@neutron-api.service[105090]: DEBUG neutron.api.extensions [None req-ced7b9aa-bea6-40f8-abce-683deab3d42b None None] Loading extension file: data_plane_status.py {{(pid=105090) _load_all_extensions_from_path /opt/stack/neutron/neutron/api/extensions.py:449}}
Apr 22 13:19:24.271995 np0000169316 devstack@neutron-api.service[105090]: DEBUG neutron.api.extensions [None req-ced7b9aa-bea6-40f8-abce-683deab3d42b None None] Ext name="Port data plane status extension" alias="data-plane-status" description="Expose status of underlying data plane" updated="2017-01-24T10:00:00-00:00" {{(pid=105090) _check_extension /opt/stack/neutron/neutron/api/extensions.py:415}}
Apr 22 13:19:24.272245 np0000169316 devstack@neutron-api.service[105090]: INFO neutron.api.extensions [None req-ced7b9aa-bea6-40f8-abce-683deab3d42b None None] Extension data-plane-status not supported by any of loaded plugins
Apr 22 13:19:24.272365 np0000169316 devstack@neutron-api.service[105090]: DEBUG neutron.api.extensions [None req-ced7b9aa-bea6-40f8-abce-683deab3d42b None None] Loading extension file: default_subnetpools.py {{(pid=105090) _load_all_extensions_from_path /opt/stack/neutron/neutron/api/extensions.py:449}}
Apr 22 13:19:24.272660 np0000169316 devstack@neutron-api.service[105090]: DEBUG neutron.api.extensions [None req-ced7b9aa-bea6-40f8-abce-683deab3d42b None None] Ext name="Default Subnetpools" alias="default-subnetpools" description="Provides ability to mark and use a subnetpool as the default." updated="2016-02-18T18:00:00-00:00" {{(pid=105090) _check_extension /opt/stack/neutron/neutron/api/extensions.py:415}}
Apr 22 13:19:24.272904 np0000169316 devstack@neutron-api.service[105090]: INFO neutron.api.extensions [None req-ced7b9aa-bea6-40f8-abce-683deab3d42b None None] Loaded extension: default-subnetpools
Apr 22 13:19:24.273027 np0000169316 devstack@neutron-api.service[105090]: DEBUG neutron.api.extensions [None req-ced7b9aa-bea6-40f8-abce-683deab3d42b None None] Loading extension file: dhcpagentscheduler.py {{(pid=105090) _load_all_extensions_from_path /opt/stack/neutron/neutron/api/extensions.py:449}}
Apr 22 13:19:24.273574 np0000169316 devstack@neutron-api.service[105090]: DEBUG neutron.api.extensions [None req-ced7b9aa-bea6-40f8-abce-683deab3d42b None None] Ext name="DHCP Agent Scheduler" alias="dhcp_agent_scheduler" description="Schedule networks among dhcp agents" updated="2013-02-07T10:00:00-00:00" {{(pid=105090) _check_extension /opt/stack/neutron/neutron/api/extensions.py:415}}
Apr 22 13:19:24.273806 np0000169316 devstack@neutron-api.service[105090]: INFO neutron.api.extensions [None req-ced7b9aa-bea6-40f8-abce-683deab3d42b None None] Loaded extension: dhcp_agent_scheduler
Apr 22 13:19:24.273952 np0000169316 devstack@neutron-api.service[105090]: DEBUG neutron.api.extensions [None req-ced7b9aa-bea6-40f8-abce-683deab3d42b None None] Loading extension file: dns.py {{(pid=105090) _load_all_extensions_from_path /opt/stack/neutron/neutron/api/extensions.py:449}}
Apr 22 13:19:24.274275 np0000169316 devstack@neutron-api.service[105090]: DEBUG neutron.api.extensions [None req-ced7b9aa-bea6-40f8-abce-683deab3d42b None None] Ext name="DNS Integration" alias="dns-integration" description="Provides integration with DNS." updated="2015-08-15T18:00:00-00:00" {{(pid=105090) _check_extension /opt/stack/neutron/neutron/api/extensions.py:415}}
Apr 22 13:19:24.274300 np0000169316 devstack@neutron-api.service[105087]: INFO neutron.plugins.ml2.drivers.type_vlan [None req-92d34622-65db-46ad-b9c5-32a218f37176 None None] VlanTypeDriver initialization complete
Apr 22 13:19:24.274597 np0000169316 devstack@neutron-api.service[105087]: INFO neutron.plugins.ml2.managers [None req-92d34622-65db-46ad-b9c5-32a218f37176 None None] Initializing extension driver 'port_security'
Apr 22 13:19:24.274722 np0000169316 devstack@neutron-api.service[105090]: INFO neutron.api.extensions [None req-ced7b9aa-bea6-40f8-abce-683deab3d42b None None] Loaded extension: dns-integration
Apr 22 13:19:24.274772 np0000169316 devstack@neutron-api.service[105087]: INFO neutron.plugins.ml2.extensions.port_security [None req-92d34622-65db-46ad-b9c5-32a218f37176 None None] PortSecurityExtensionDriver initialization complete
Apr 22 13:19:24.274855 np0000169316 devstack@neutron-api.service[105090]: DEBUG neutron.api.extensions [None req-ced7b9aa-bea6-40f8-abce-683deab3d42b None None] Loading extension file: dns_domain_ports.py {{(pid=105090) _load_all_extensions_from_path /opt/stack/neutron/neutron/api/extensions.py:449}}
Apr 22 13:19:24.274889 np0000169316 devstack@neutron-api.service[105087]: INFO neutron.plugins.ml2.managers [None req-92d34622-65db-46ad-b9c5-32a218f37176 None None] Initializing extension driver 'qos'
Apr 22 13:19:24.274889 np0000169316 devstack@neutron-api.service[105087]: DEBUG neutron.plugins.ml2.extensions.qos [None req-92d34622-65db-46ad-b9c5-32a218f37176 None None] QosExtensionDriver initialization complete {{(pid=105087) initialize /opt/stack/neutron/neutron/plugins/ml2/extensions/qos.py:31}}
Apr 22 13:19:24.274889 np0000169316 devstack@neutron-api.service[105087]: INFO neutron.plugins.ml2.managers [None req-92d34622-65db-46ad-b9c5-32a218f37176 None None] Initializing mechanism driver 'ovn'
Apr 22 13:19:24.274998 np0000169316 devstack@neutron-api.service[105087]: INFO neutron.plugins.ml2.drivers.ovn.mech_driver.mech_driver [None req-92d34622-65db-46ad-b9c5-32a218f37176 None None] Starting OVNMechanismDriver
Apr 22 13:19:24.275021 np0000169316 devstack@neutron-api.service[105090]: DEBUG neutron.api.extensions [None req-ced7b9aa-bea6-40f8-abce-683deab3d42b None None] Ext name="dns_domain for ports" alias="dns-domain-ports" description="Allows the DNS domain to be specified for a network port." updated="2017-04-24T10:00:00-00:00" {{(pid=105090) _check_extension /opt/stack/neutron/neutron/api/extensions.py:415}}
Apr 22 13:19:24.275524 np0000169316 devstack@neutron-api.service[105090]: INFO neutron.api.extensions [None req-ced7b9aa-bea6-40f8-abce-683deab3d42b None None] Loaded extension: dns-domain-ports
Apr 22 13:19:24.275524 np0000169316 devstack@neutron-api.service[105090]: DEBUG neutron.api.extensions [None req-ced7b9aa-bea6-40f8-abce-683deab3d42b None None] Loading extension file: dns_integration_domain_keywords.py {{(pid=105090) _load_all_extensions_from_path /opt/stack/neutron/neutron/api/extensions.py:449}}
Apr 22 13:19:24.275801 np0000169316 devstack@neutron-api.service[105090]: DEBUG neutron.api.extensions [None req-ced7b9aa-bea6-40f8-abce-683deab3d42b None None] Ext name="DNS domain names with keywords allowed" alias="dns-integration-domain-keywords" description="Allows to use keywords like , , and as DNS domain name" updated="2020-06-15T18:00:00-00:00" {{(pid=105090) _check_extension /opt/stack/neutron/neutron/api/extensions.py:415}}
Apr 22 13:19:24.275988 np0000169316 devstack@neutron-api.service[105090]: INFO neutron.api.extensions [None req-ced7b9aa-bea6-40f8-abce-683deab3d42b None None] Loaded extension: dns-integration-domain-keywords
Apr 22 13:19:24.275988 np0000169316 devstack@neutron-api.service[105090]: DEBUG neutron.api.extensions [None req-ced7b9aa-bea6-40f8-abce-683deab3d42b None None] Loading extension file: dvr.py {{(pid=105090) _load_all_extensions_from_path /opt/stack/neutron/neutron/api/extensions.py:449}}
Apr 22 13:19:24.276300 np0000169316 devstack@neutron-api.service[105090]: DEBUG neutron.api.extensions [None req-ced7b9aa-bea6-40f8-abce-683deab3d42b None None] Ext name="Distributed Virtual Router" alias="dvr" description="Enables configuration of Distributed Virtual Routers." updated="2014-06-1T10:00:00-00:00" {{(pid=105090) _check_extension /opt/stack/neutron/neutron/api/extensions.py:415}}
Apr 22 13:19:24.276560 np0000169316 devstack@neutron-api.service[105087]: DEBUG neutron_lib.callbacks.manager [None req-92d34622-65db-46ad-b9c5-32a218f37176 None None] Subscribe: > process before_spawn 55550000, False {{(pid=105087) subscribe /opt/stack/data/venv/lib/python3.12/site-packages/neutron_lib/callbacks/manager.py:52}}
Apr 22 13:19:24.276615 np0000169316 devstack@neutron-api.service[105090]: INFO neutron.api.extensions [None req-ced7b9aa-bea6-40f8-abce-683deab3d42b None None] Extension dvr not supported by any of loaded plugins
Apr 22 13:19:24.276750 np0000169316 devstack@neutron-api.service[105087]: DEBUG neutron_lib.callbacks.manager [None req-92d34622-65db-46ad-b9c5-32a218f37176 None None] Subscribe: > process after_init 55550000, True {{(pid=105087) subscribe /opt/stack/data/venv/lib/python3.12/site-packages/neutron_lib/callbacks/manager.py:52}}
Apr 22 13:19:24.276844 np0000169316 devstack@neutron-api.service[105090]: DEBUG neutron.api.extensions [None req-ced7b9aa-bea6-40f8-abce-683deab3d42b None None] Loading extension file: ecmp_routes.py {{(pid=105090) _load_all_extensions_from_path /opt/stack/neutron/neutron/api/extensions.py:449}}
Apr 22 13:19:24.276988 np0000169316 devstack@neutron-api.service[105087]: DEBUG neutron_lib.callbacks.manager [None req-92d34622-65db-46ad-b9c5-32a218f37176 None None] Subscribe: > segment after_create 55550000, False {{(pid=105087) subscribe /opt/stack/data/venv/lib/python3.12/site-packages/neutron_lib/callbacks/manager.py:52}}
Apr 22 13:19:24.276988 np0000169316 devstack@neutron-api.service[105087]: DEBUG neutron_lib.callbacks.manager [None req-92d34622-65db-46ad-b9c5-32a218f37176 None None] Subscribe: > segment after_create 55550000, False {{(pid=105087) subscribe /opt/stack/data/venv/lib/python3.12/site-packages/neutron_lib/callbacks/manager.py:52}}
Apr 22 13:19:24.277113 np0000169316 devstack@neutron-api.service[105090]: DEBUG neutron.api.extensions [None req-ced7b9aa-bea6-40f8-abce-683deab3d42b None None] Ext name="Equal Cost Multipath Routing" alias="ecmp_routes" description="Allows traffic to reach thesame destination via multiple different links " updated="2020-11-26T18:00:00-00:00" {{(pid=105090) _check_extension /opt/stack/neutron/neutron/api/extensions.py:415}}
Apr 22 13:19:24.277138 np0000169316 devstack@neutron-api.service[105087]: DEBUG neutron_lib.callbacks.manager [None req-92d34622-65db-46ad-b9c5-32a218f37176 None None] Subscribe: > segment after_delete 55550000, False {{(pid=105087) subscribe /opt/stack/data/venv/lib/python3.12/site-packages/neutron_lib/callbacks/manager.py:52}}
Apr 22 13:19:24.277138 np0000169316 devstack@neutron-api.service[105087]: DEBUG neutron_lib.callbacks.manager [None req-92d34622-65db-46ad-b9c5-32a218f37176 None None] Subscribe: > allowed_address_pair before_create 55550000, False {{(pid=105087) subscribe /opt/stack/data/venv/lib/python3.12/site-packages/neutron_lib/callbacks/manager.py:52}}
Apr 22 13:19:24.277190 np0000169316 devstack@neutron-api.service[105087]: DEBUG neutron_lib.callbacks.manager [None req-92d34622-65db-46ad-b9c5-32a218f37176 None None] Subscribe: > security_group precommit_create 55550000, False {{(pid=105087) subscribe /opt/stack/data/venv/lib/python3.12/site-packages/neutron_lib/callbacks/manager.py:52}}
Apr 22 13:19:24.277248 np0000169316 devstack@neutron-api.service[105090]: INFO neutron.api.extensions [None req-ced7b9aa-bea6-40f8-abce-683deab3d42b None None] Extension ecmp_routes not supported by any of loaded plugins
Apr 22 13:19:24.277297 np0000169316 devstack@neutron-api.service[105090]: DEBUG neutron.api.extensions [None req-ced7b9aa-bea6-40f8-abce-683deab3d42b None None] Loading extension file: empty_string_filtering.py {{(pid=105090) _load_all_extensions_from_path /opt/stack/neutron/neutron/api/extensions.py:449}}
Apr 22 13:19:24.277337 np0000169316 devstack@neutron-api.service[105087]: DEBUG neutron_lib.callbacks.manager [None req-92d34622-65db-46ad-b9c5-32a218f37176 None None] Subscribe: > security_group after_update 55550000, False {{(pid=105087) subscribe /opt/stack/data/venv/lib/python3.12/site-packages/neutron_lib/callbacks/manager.py:52}}
Apr 22 13:19:24.277463 np0000169316 devstack@neutron-api.service[105087]: DEBUG neutron_lib.callbacks.manager [None req-92d34622-65db-46ad-b9c5-32a218f37176 None None] Subscribe: > security_group after_create 55550000, False {{(pid=105087) subscribe /opt/stack/data/venv/lib/python3.12/site-packages/neutron_lib/callbacks/manager.py:52}}
Apr 22 13:19:24.277721 np0000169316 devstack@neutron-api.service[105087]: DEBUG neutron_lib.callbacks.manager [None req-92d34622-65db-46ad-b9c5-32a218f37176 None None] Subscribe: > security_group precommit_delete 55550000, False {{(pid=105087) subscribe /opt/stack/data/venv/lib/python3.12/site-packages/neutron_lib/callbacks/manager.py:52}}
Apr 22 13:19:24.277867 np0000169316 devstack@neutron-api.service[105090]: DEBUG neutron.api.extensions [None req-ced7b9aa-bea6-40f8-abce-683deab3d42b None None] Ext name="Empty String Filtering Extension" alias="empty-string-filtering" description="Allow filtering by attributes with empty string value" updated="2018-05-01T10:00:00-00:00" {{(pid=105090) _check_extension /opt/stack/neutron/neutron/api/extensions.py:415}}
Apr 22 13:19:24.278008 np0000169316 devstack@neutron-api.service[105087]: DEBUG neutron_lib.callbacks.manager [None req-92d34622-65db-46ad-b9c5-32a218f37176 None None] Subscribe: > security_group after_delete 55550000, False {{(pid=105087) subscribe /opt/stack/data/venv/lib/python3.12/site-packages/neutron_lib/callbacks/manager.py:52}}
Apr 22 13:19:24.278008 np0000169316 devstack@neutron-api.service[105087]: DEBUG neutron_lib.callbacks.manager [None req-92d34622-65db-46ad-b9c5-32a218f37176 None None] Subscribe: > security_group_rule precommit_create 55550000, False {{(pid=105087) subscribe /opt/stack/data/venv/lib/python3.12/site-packages/neutron_lib/callbacks/manager.py:52}}
Apr 22 13:19:24.278140 np0000169316 devstack@neutron-api.service[105090]: INFO neutron.api.extensions [None req-ced7b9aa-bea6-40f8-abce-683deab3d42b None None] Loaded extension: empty-string-filtering
Apr 22 13:19:24.278163 np0000169316 devstack@neutron-api.service[105087]: DEBUG neutron_lib.callbacks.manager [None req-92d34622-65db-46ad-b9c5-32a218f37176 None None] Subscribe: > security_group_rule after_create 55550000, False {{(pid=105087) subscribe /opt/stack/data/venv/lib/python3.12/site-packages/neutron_lib/callbacks/manager.py:52}}
Apr 22 13:19:24.278163 np0000169316 devstack@neutron-api.service[105087]: DEBUG neutron_lib.callbacks.manager [None req-92d34622-65db-46ad-b9c5-32a218f37176 None None] Subscribe: > security_group_rule before_delete 55550000, False {{(pid=105087) subscribe /opt/stack/data/venv/lib/python3.12/site-packages/neutron_lib/callbacks/manager.py:52}}
Apr 22 13:19:24.278239 np0000169316 devstack@neutron-api.service[105090]: DEBUG neutron.api.extensions [None req-ced7b9aa-bea6-40f8-abce-683deab3d42b None None] Loading extension file: expose_l3_conntrack_helper.py {{(pid=105090) _load_all_extensions_from_path /opt/stack/neutron/neutron/api/extensions.py:449}}
Apr 22 13:19:24.278287 np0000169316 devstack@neutron-api.service[105087]: DEBUG neutron_lib.callbacks.manager [None req-92d34622-65db-46ad-b9c5-32a218f37176 None None] Subscribe: > address_group after_create 55550000, False {{(pid=105087) subscribe /opt/stack/data/venv/lib/python3.12/site-packages/neutron_lib/callbacks/manager.py:52}}
Apr 22 13:19:24.278287 np0000169316 devstack@neutron-api.service[105087]: DEBUG neutron_lib.callbacks.manager [None req-92d34622-65db-46ad-b9c5-32a218f37176 None None] Subscribe: > address_group after_update 55550000, False {{(pid=105087) subscribe /opt/stack/data/venv/lib/python3.12/site-packages/neutron_lib/callbacks/manager.py:52}}
Apr 22 13:19:24.278287 np0000169316 devstack@neutron-api.service[105087]: DEBUG neutron_lib.callbacks.manager [None req-92d34622-65db-46ad-b9c5-32a218f37176 None None] Subscribe: > address_group after_delete 55550000, False {{(pid=105087) subscribe /opt/stack/data/venv/lib/python3.12/site-packages/neutron_lib/callbacks/manager.py:52}}
Apr 22 13:19:24.278383 np0000169316 devstack@neutron-api.service[105090]: DEBUG neutron.api.extensions [None req-ced7b9aa-bea6-40f8-abce-683deab3d42b None None] Ext name="Expose CT target rules for conntrack helper" alias="expose-l3-conntrack-helper" description="Expose allow adding CT target rules for conntrack helper" updated="2019-04-04T10:00:00-00:00" {{(pid=105090) _check_extension /opt/stack/neutron/neutron/api/extensions.py:415}}
Apr 22 13:19:24.278454 np0000169316 devstack@neutron-api.service[105087]: DEBUG neutron_lib.callbacks.manager [None req-92d34622-65db-46ad-b9c5-32a218f37176 None None] Subscribe: > qos_plugin after_init 55550000, False {{(pid=105087) subscribe /opt/stack/data/venv/lib/python3.12/site-packages/neutron_lib/callbacks/manager.py:52}}
Apr 22 13:19:24.278479 np0000169316 devstack@neutron-api.service[105090]: INFO neutron.api.extensions [None req-ced7b9aa-bea6-40f8-abce-683deab3d42b None None] Extension expose-l3-conntrack-helper not supported by any of loaded plugins
Apr 22 13:19:24.278635 np0000169316 devstack@neutron-api.service[105087]: DEBUG neutron_lib.callbacks.manager [None req-92d34622-65db-46ad-b9c5-32a218f37176 None None] Subscribe: > trunk_plugin after_init 55550000, False {{(pid=105087) subscribe /opt/stack/data/venv/lib/python3.12/site-packages/neutron_lib/callbacks/manager.py:52}}
Apr 22 13:19:24.278849 np0000169316 devstack@neutron-api.service[105090]: DEBUG neutron.api.extensions [None req-ced7b9aa-bea6-40f8-abce-683deab3d42b None None] Loading extension file: expose_port_forwarding_in_fip.py {{(pid=105090) _load_all_extensions_from_path /opt/stack/neutron/neutron/api/extensions.py:449}}
Apr 22 13:19:24.279080 np0000169316 devstack@neutron-api.service[105087]: DEBUG neutron_lib.callbacks.manager [None req-92d34622-65db-46ad-b9c5-32a218f37176 None None] Subscribe: > logging-plugin after_init 55550000, False {{(pid=105087) subscribe /opt/stack/data/venv/lib/python3.12/site-packages/neutron_lib/callbacks/manager.py:52}}
Apr 22 13:19:24.279267 np0000169316 devstack@neutron-api.service[105090]: DEBUG neutron.api.extensions [None req-ced7b9aa-bea6-40f8-abce-683deab3d42b None None] Ext name="Expose Floating IP port forwardings" alias="expose-port-forwarding-in-fip" description="Expose port forwarding fields in floating IP response" updated="2018-06-28T16:00:00-00:00" {{(pid=105090) _check_extension /opt/stack/neutron/neutron/api/extensions.py:415}}
Apr 22 13:19:24.279267 np0000169316 devstack@neutron-api.service[105090]: INFO neutron.api.extensions [None req-ced7b9aa-bea6-40f8-abce-683deab3d42b None None] Extension expose-port-forwarding-in-fip not supported by any of loaded plugins
Apr 22 13:19:24.279267 np0000169316 devstack@neutron-api.service[105090]: DEBUG neutron.api.extensions [None req-ced7b9aa-bea6-40f8-abce-683deab3d42b None None] Loading extension file: external_net.py {{(pid=105090) _load_all_extensions_from_path /opt/stack/neutron/neutron/api/extensions.py:449}}
Apr 22 13:19:24.279576 np0000169316 devstack@neutron-api.service[105087]: INFO neutron.services.logapi.drivers.ovn.driver [None req-92d34622-65db-46ad-b9c5-32a218f37176 None None] OVN logging driver registered
Apr 22 13:19:24.279635 np0000169316 devstack@neutron-api.service[105090]: DEBUG neutron.api.extensions [None req-ced7b9aa-bea6-40f8-abce-683deab3d42b None None] Ext name="Neutron external network" alias="external-net" description="Adds external network attribute to network resource." updated="2013-01-14T10:00:00-00:00" {{(pid=105090) _check_extension /opt/stack/neutron/neutron/api/extensions.py:415}}
Apr 22 13:19:24.279860 np0000169316 devstack@neutron-api.service[105090]: INFO neutron.api.extensions [None req-ced7b9aa-bea6-40f8-abce-683deab3d42b None None] Loaded extension: external-net
Apr 22 13:19:24.279957 np0000169316 devstack@neutron-api.service[105090]: DEBUG neutron.api.extensions [None req-ced7b9aa-bea6-40f8-abce-683deab3d42b None None] Loading extension file: extra_dhcp_opt.py {{(pid=105090) _load_all_extensions_from_path /opt/stack/neutron/neutron/api/extensions.py:449}}
Apr 22 13:19:24.280256 np0000169316 devstack@neutron-api.service[105090]: DEBUG neutron.api.extensions [None req-ced7b9aa-bea6-40f8-abce-683deab3d42b None None] Ext name="Neutron Extra DHCP options" alias="extra_dhcp_opt" description="Extra options configuration for DHCP. For example PXE boot options to DHCP clients can be specified (e.g. tftp-server, server-ip-address, bootfile-name)" updated="2013-03-17T12:00:00-00:00" {{(pid=105090) _check_extension /opt/stack/neutron/neutron/api/extensions.py:415}}
Apr 22 13:19:24.280525 np0000169316 devstack@neutron-api.service[105090]: INFO neutron.api.extensions [None req-ced7b9aa-bea6-40f8-abce-683deab3d42b None None] Loaded extension: extra_dhcp_opt
Apr 22 13:19:24.280640 np0000169316 devstack@neutron-api.service[105090]: DEBUG neutron.api.extensions [None req-ced7b9aa-bea6-40f8-abce-683deab3d42b None None] Loading extension file: extraroute.py {{(pid=105090) _load_all_extensions_from_path /opt/stack/neutron/neutron/api/extensions.py:449}}
Apr 22 13:19:24.280898 np0000169316 devstack@neutron-api.service[105087]: DEBUG neutron.plugins.ml2.plugin [None req-92d34622-65db-46ad-b9c5-32a218f37176 None None] neutron.plugins.ml2.plugin.Ml2Plugin method _start_rpc_notifiers called with arguments () {} {{(pid=105087) wrapper /opt/stack/data/venv/lib/python3.12/site-packages/oslo_log/helpers.py:77}}
Apr 22 13:19:24.280948 np0000169316 devstack@neutron-api.service[105090]: DEBUG neutron.api.extensions [None req-ced7b9aa-bea6-40f8-abce-683deab3d42b None None] Ext name="Neutron Extra Route" alias="extraroute" description="Extra routes configuration for L3 router" updated="2013-02-01T10:00:00-00:00" {{(pid=105090) _check_extension /opt/stack/neutron/neutron/api/extensions.py:415}}
Apr 22 13:19:24.281175 np0000169316 devstack@neutron-api.service[105090]: INFO neutron.api.extensions [None req-ced7b9aa-bea6-40f8-abce-683deab3d42b None None] Loaded extension: extraroute
Apr 22 13:19:24.281214 np0000169316 devstack@neutron-api.service[105087]: DEBUG neutron_lib.callbacks.manager [None req-92d34622-65db-46ad-b9c5-32a218f37176 None None] Subscribe: > port after_create 55550000, False {{(pid=105087) subscribe /opt/stack/data/venv/lib/python3.12/site-packages/neutron_lib/callbacks/manager.py:52}}
Apr 22 13:19:24.281361 np0000169316 devstack@neutron-api.service[105090]: DEBUG neutron.api.extensions [None req-ced7b9aa-bea6-40f8-abce-683deab3d42b None None] Loading extension file: extraroute_atomic.py {{(pid=105090) _load_all_extensions_from_path /opt/stack/neutron/neutron/api/extensions.py:449}}
Apr 22 13:19:24.281483 np0000169316 devstack@neutron-api.service[105087]: DEBUG neutron_lib.callbacks.manager [None req-92d34622-65db-46ad-b9c5-32a218f37176 None None] Subscribe: > port after_update 55550000, False {{(pid=105087) subscribe /opt/stack/data/venv/lib/python3.12/site-packages/neutron_lib/callbacks/manager.py:52}}
Apr 22 13:19:24.281483 np0000169316 devstack@neutron-api.service[105087]: DEBUG neutron_lib.callbacks.manager [None req-92d34622-65db-46ad-b9c5-32a218f37176 None None] Subscribe: > port after_delete 55550000, False {{(pid=105087) subscribe /opt/stack/data/venv/lib/python3.12/site-packages/neutron_lib/callbacks/manager.py:52}}
Apr 22 13:19:24.281618 np0000169316 devstack@neutron-api.service[105087]: DEBUG neutron_lib.callbacks.manager [None req-92d34622-65db-46ad-b9c5-32a218f37176 None None] Subscribe: > subnet after_create 55550000, False {{(pid=105087) subscribe /opt/stack/data/venv/lib/python3.12/site-packages/neutron_lib/callbacks/manager.py:52}}
Apr 22 13:19:24.281618 np0000169316 devstack@neutron-api.service[105087]: DEBUG neutron_lib.callbacks.manager [None req-92d34622-65db-46ad-b9c5-32a218f37176 None None] Subscribe: > subnet after_update 55550000, False {{(pid=105087) subscribe /opt/stack/data/venv/lib/python3.12/site-packages/neutron_lib/callbacks/manager.py:52}}
Apr 22 13:19:24.281695 np0000169316 devstack@neutron-api.service[105090]: DEBUG neutron.api.extensions [None req-ced7b9aa-bea6-40f8-abce-683deab3d42b None None] Ext name="Atomically add/remove extra routes" alias="extraroute-atomic" description="Edit extra routes of a router on server side by atomically adding/removing extra routes" updated="2019-07-10T00:00:00+00:00" {{(pid=105090) _check_extension /opt/stack/neutron/neutron/api/extensions.py:415}}
Apr 22 13:19:24.281749 np0000169316 devstack@neutron-api.service[105087]: DEBUG neutron_lib.callbacks.manager [None req-92d34622-65db-46ad-b9c5-32a218f37176 None None] Subscribe: > subnet after_delete 55550000, False {{(pid=105087) subscribe /opt/stack/data/venv/lib/python3.12/site-packages/neutron_lib/callbacks/manager.py:52}}
Apr 22 13:19:24.281908 np0000169316 devstack@neutron-api.service[105087]: DEBUG neutron_lib.callbacks.manager [None req-92d34622-65db-46ad-b9c5-32a218f37176 None None] Subscribe: > network after_create 55550000, False {{(pid=105087) subscribe /opt/stack/data/venv/lib/python3.12/site-packages/neutron_lib/callbacks/manager.py:52}}
Apr 22 13:19:24.282056 np0000169316 devstack@neutron-api.service[105090]: INFO neutron.api.extensions [None req-ced7b9aa-bea6-40f8-abce-683deab3d42b None None] Loaded extension: extraroute-atomic
Apr 22 13:19:24.282196 np0000169316 devstack@neutron-api.service[105087]: DEBUG neutron_lib.callbacks.manager [None req-92d34622-65db-46ad-b9c5-32a218f37176 None None] Subscribe: > network after_update 55550000, False {{(pid=105087) subscribe /opt/stack/data/venv/lib/python3.12/site-packages/neutron_lib/callbacks/manager.py:52}}
Apr 22 13:19:24.282330 np0000169316 devstack@neutron-api.service[105090]: DEBUG neutron.api.extensions [None req-ced7b9aa-bea6-40f8-abce-683deab3d42b None None] Loading extension file: filter_validation.py {{(pid=105090) _load_all_extensions_from_path /opt/stack/neutron/neutron/api/extensions.py:449}}
Apr 22 13:19:24.282359 np0000169316 devstack@neutron-api.service[105087]: DEBUG neutron_lib.callbacks.manager [None req-92d34622-65db-46ad-b9c5-32a218f37176 None None] Subscribe: > network after_delete 55550000, False {{(pid=105087) subscribe /opt/stack/data/venv/lib/python3.12/site-packages/neutron_lib/callbacks/manager.py:52}}
Apr 22 13:19:24.282359 np0000169316 devstack@neutron-api.service[105087]: DEBUG neutron_lib.callbacks.manager [None req-92d34622-65db-46ad-b9c5-32a218f37176 None None] Subscribe: > security_group after_create 55550000, False {{(pid=105087) subscribe /opt/stack/data/venv/lib/python3.12/site-packages/neutron_lib/callbacks/manager.py:52}}
Apr 22 13:19:24.282359 np0000169316 devstack@neutron-api.service[105087]: DEBUG neutron_lib.callbacks.manager [None req-92d34622-65db-46ad-b9c5-32a218f37176 None None] Subscribe: > security_group after_update 55550000, False {{(pid=105087) subscribe /opt/stack/data/venv/lib/python3.12/site-packages/neutron_lib/callbacks/manager.py:52}}
Apr 22 13:19:24.282359 np0000169316 devstack@neutron-api.service[105087]: DEBUG neutron_lib.callbacks.manager [None req-92d34622-65db-46ad-b9c5-32a218f37176 None None] Subscribe: > security_group after_delete 55550000, False {{(pid=105087) subscribe /opt/stack/data/venv/lib/python3.12/site-packages/neutron_lib/callbacks/manager.py:52}}
Apr 22 13:19:24.282502 np0000169316 devstack@neutron-api.service[105090]: DEBUG neutron.api.extensions [None req-ced7b9aa-bea6-40f8-abce-683deab3d42b None None] Ext name="Filter parameters validation" alias="filter-validation" description="Provides validation on filter parameters." updated="2018-07-04T10:00:00-00:00" {{(pid=105090) _check_extension /opt/stack/neutron/neutron/api/extensions.py:415}}
Apr 22 13:19:24.282530 np0000169316 devstack@neutron-api.service[105087]: DEBUG neutron_lib.callbacks.manager [None req-92d34622-65db-46ad-b9c5-32a218f37176 None None] Subscribe: > security_group_rule after_create 55550000, False {{(pid=105087) subscribe /opt/stack/data/venv/lib/python3.12/site-packages/neutron_lib/callbacks/manager.py:52}}
Apr 22 13:19:24.282530 np0000169316 devstack@neutron-api.service[105087]: DEBUG neutron_lib.callbacks.manager [None req-92d34622-65db-46ad-b9c5-32a218f37176 None None] Subscribe: > security_group_rule after_update 55550000, False {{(pid=105087) subscribe /opt/stack/data/venv/lib/python3.12/site-packages/neutron_lib/callbacks/manager.py:52}}
Apr 22 13:19:24.282611 np0000169316 devstack@neutron-api.service[105087]: DEBUG neutron_lib.callbacks.manager [None req-92d34622-65db-46ad-b9c5-32a218f37176 None None] Subscribe: > security_group_rule after_delete 55550000, False {{(pid=105087) subscribe /opt/stack/data/venv/lib/python3.12/site-packages/neutron_lib/callbacks/manager.py:52}}
Apr 22 13:19:24.282660 np0000169316 devstack@neutron-api.service[105090]: INFO neutron.api.extensions [None req-ced7b9aa-bea6-40f8-abce-683deab3d42b None None] Loaded extension: filter-validation
Apr 22 13:19:24.282719 np0000169316 devstack@neutron-api.service[105087]: DEBUG neutron_lib.callbacks.manager [None req-92d34622-65db-46ad-b9c5-32a218f37176 None None] Subscribe: > address_group after_create 55550000, False {{(pid=105087) subscribe /opt/stack/data/venv/lib/python3.12/site-packages/neutron_lib/callbacks/manager.py:52}}
Apr 22 13:19:24.282850 np0000169316 devstack@neutron-api.service[105090]: DEBUG neutron.api.extensions [None req-ced7b9aa-bea6-40f8-abce-683deab3d42b None None] Loading extension file: fip_pf_description.py {{(pid=105090) _load_all_extensions_from_path /opt/stack/neutron/neutron/api/extensions.py:449}}
Apr 22 13:19:24.283147 np0000169316 devstack@neutron-api.service[105087]: DEBUG neutron_lib.callbacks.manager [None req-92d34622-65db-46ad-b9c5-32a218f37176 None None] Subscribe: > address_group after_update 55550000, False {{(pid=105087) subscribe /opt/stack/data/venv/lib/python3.12/site-packages/neutron_lib/callbacks/manager.py:52}}
Apr 22 13:19:24.283147 np0000169316 devstack@neutron-api.service[105087]: DEBUG neutron_lib.callbacks.manager [None req-92d34622-65db-46ad-b9c5-32a218f37176 None None] Subscribe: > address_group after_delete 55550000, False {{(pid=105087) subscribe /opt/stack/data/venv/lib/python3.12/site-packages/neutron_lib/callbacks/manager.py:52}}
Apr 22 13:19:24.283147 np0000169316 devstack@neutron-api.service[105087]: DEBUG neutron.plugins.ml2.ovo_rpc [None req-92d34622-65db-46ad-b9c5-32a218f37176 None None] ML2 OVO RPC backend initialized. {{(pid=105087) __init__ /opt/stack/neutron/neutron/plugins/ml2/ovo_rpc.py:117}}
Apr 22 13:19:24.283468 np0000169316 devstack@neutron-api.service[105090]: DEBUG neutron.api.extensions [None req-ced7b9aa-bea6-40f8-abce-683deab3d42b None None] Ext name="Floating IP Port Forwarding new attribute description" alias="floating-ip-port-forwarding-description" description="Add a description field to Port Forwarding rules" updated="2019-11-01T10:00:00-00:00" {{(pid=105090) _check_extension /opt/stack/neutron/neutron/api/extensions.py:415}}
Apr 22 13:19:24.283468 np0000169316 devstack@neutron-api.service[105090]: INFO neutron.api.extensions [None req-ced7b9aa-bea6-40f8-abce-683deab3d42b None None] Extension floating-ip-port-forwarding-description not supported by any of loaded plugins
Apr 22 13:19:24.283700 np0000169316 devstack@neutron-api.service[105090]: DEBUG neutron.api.extensions [None req-ced7b9aa-bea6-40f8-abce-683deab3d42b None None] Loading extension file: fip_pf_detail.py {{(pid=105090) _load_all_extensions_from_path /opt/stack/neutron/neutron/api/extensions.py:449}}
Apr 22 13:19:24.283773 np0000169316 devstack@neutron-api.service[105087]: INFO neutron.quota [None req-92d34622-65db-46ad-b9c5-32a218f37176 None None] Loaded quota_driver: .
Apr 22 13:19:24.283798 np0000169316 devstack@neutron-api.service[105090]: DEBUG neutron.api.extensions [None req-ced7b9aa-bea6-40f8-abce-683deab3d42b None None] Ext name="Floating IP port forwarding detail" alias="floating-ip-port-forwarding-detail" description="Allow list floating ip return more port forwarding data, include'id' and 'internal_port_id'" updated="2022-05-06T10:00:00-00:00" {{(pid=105090) _check_extension /opt/stack/neutron/neutron/api/extensions.py:415}}
Apr 22 13:19:24.283885 np0000169316 devstack@neutron-api.service[105087]: INFO neutron.plugins.ml2.plugin [None req-92d34622-65db-46ad-b9c5-32a218f37176 None None] Modular L2 Plugin initialization complete
Apr 22 13:19:24.284094 np0000169316 devstack@neutron-api.service[105087]: DEBUG neutron.manager [None req-92d34622-65db-46ad-b9c5-32a218f37176 None None] Loading services supported by the core plugin {{(pid=105087) _load_services_from_core_plugin /opt/stack/neutron/neutron/manager.py:170}}
Apr 22 13:19:24.284140 np0000169316 devstack@neutron-api.service[105090]: INFO neutron.api.extensions [None req-ced7b9aa-bea6-40f8-abce-683deab3d42b None None] Loaded extension: floating-ip-port-forwarding-detail
Apr 22 13:19:24.284274 np0000169316 devstack@neutron-api.service[105087]: INFO neutron.plugins.ml2.managers [None req-92d34622-65db-46ad-b9c5-32a218f37176 None None] Got port-security extension from driver 'port_security'
Apr 22 13:19:24.284395 np0000169316 devstack@neutron-api.service[105090]: DEBUG neutron.api.extensions [None req-ced7b9aa-bea6-40f8-abce-683deab3d42b None None] Loading extension file: fip_pf_port_range.py {{(pid=105090) _load_all_extensions_from_path /opt/stack/neutron/neutron/api/extensions.py:449}}
Apr 22 13:19:24.284453 np0000169316 devstack@neutron-api.service[105087]: DEBUG neutron.manager [None req-92d34622-65db-46ad-b9c5-32a218f37176 None None] Loading service plugins: ['ovn-router', 'auto_allocate', 'tag', 'timestamp', 'network_ip_availability', 'flavors', 'revisions'] {{(pid=105087) _load_service_plugins /opt/stack/neutron/neutron/manager.py:195}}
Apr 22 13:19:24.284502 np0000169316 devstack@neutron-api.service[105090]: DEBUG neutron.api.extensions [None req-ced7b9aa-bea6-40f8-abce-683deab3d42b None None] Ext name="Floating IP Port Forwarding support port ranges" alias="floating-ip-port-forwarding-port-ranges" description="Add support to port ranges" updated="2020-07-01T10:00:00-00:00" {{(pid=105090) _check_extension /opt/stack/neutron/neutron/api/extensions.py:415}}
Apr 22 13:19:24.284526 np0000169316 devstack@neutron-api.service[105087]: INFO neutron.manager [None req-92d34622-65db-46ad-b9c5-32a218f37176 None None] Loading Plugin: ovn-router
Apr 22 13:19:24.284701 np0000169316 devstack@neutron-api.service[105090]: INFO neutron.api.extensions [None req-ced7b9aa-bea6-40f8-abce-683deab3d42b None None] Extension floating-ip-port-forwarding-port-ranges not supported by any of loaded plugins
Apr 22 13:19:24.284907 np0000169316 devstack@neutron-api.service[105090]: DEBUG neutron.api.extensions [None req-ced7b9aa-bea6-40f8-abce-683deab3d42b None None] Loading extension file: fip_port_details.py {{(pid=105090) _load_all_extensions_from_path /opt/stack/neutron/neutron/api/extensions.py:449}}
Apr 22 13:19:24.285407 np0000169316 devstack@neutron-api.service[105090]: DEBUG neutron.api.extensions [None req-ced7b9aa-bea6-40f8-abce-683deab3d42b None None] Ext name="Floating IP Port Details Extension" alias="fip-port-details" description="Add port_details attribute to Floating IP resource" updated="2018-04-09T10:00:00-00:00" {{(pid=105090) _check_extension /opt/stack/neutron/neutron/api/extensions.py:415}}
Apr 22 13:19:24.285729 np0000169316 devstack@neutron-api.service[105090]: INFO neutron.api.extensions [None req-ced7b9aa-bea6-40f8-abce-683deab3d42b None None] Loaded extension: fip-port-details
Apr 22 13:19:24.285872 np0000169316 devstack@neutron-api.service[105090]: DEBUG neutron.api.extensions [None req-ced7b9aa-bea6-40f8-abce-683deab3d42b None None] Loading extension file: flavors.py {{(pid=105090) _load_all_extensions_from_path /opt/stack/neutron/neutron/api/extensions.py:449}}
Apr 22 13:19:24.286153 np0000169316 devstack@neutron-api.service[105090]: DEBUG neutron.api.extensions [None req-ced7b9aa-bea6-40f8-abce-683deab3d42b None None] Ext name="Neutron Service Flavors" alias="flavors" description="Flavor specification for Neutron advanced services." updated="2015-09-17T10:00:00-00:00" {{(pid=105090) _check_extension /opt/stack/neutron/neutron/api/extensions.py:415}}
Apr 22 13:19:24.286424 np0000169316 devstack@neutron-api.service[105090]: INFO neutron.api.extensions [None req-ced7b9aa-bea6-40f8-abce-683deab3d42b None None] Loaded extension: flavors
Apr 22 13:19:24.286555 np0000169316 devstack@neutron-api.service[105090]: DEBUG neutron.api.extensions [None req-ced7b9aa-bea6-40f8-abce-683deab3d42b None None] Loading extension file: floating_ip_port_forwarding.py {{(pid=105090) _load_all_extensions_from_path /opt/stack/neutron/neutron/api/extensions.py:449}}
Apr 22 13:19:24.287056 np0000169316 devstack@neutron-api.service[105090]: DEBUG neutron.api.extensions [None req-ced7b9aa-bea6-40f8-abce-683deab3d42b None None] Ext name="Floating IP Port Forwarding" alias="floating-ip-port-forwarding" description="Allow port forwarding from floating IP port to an internal port" updated="2018-01-19T10:00:00-00:00" {{(pid=105090) _check_extension /opt/stack/neutron/neutron/api/extensions.py:415}}
Apr 22 13:19:24.287268 np0000169316 devstack@neutron-api.service[105090]: INFO neutron.api.extensions [None req-ced7b9aa-bea6-40f8-abce-683deab3d42b None None] Extension floating-ip-port-forwarding not supported by any of loaded plugins
