2026-04-14 08:41:30.807 7 INFO neutron.plugins.ml2.drivers.ovn.mech_driver.mech_driver [None req-1d352871-1159-485f-be13-69b4c0f45ff8 - - - - - -] OVN reports status down for port: 6954453e-32ad-4863-9ae3-3770c77d20f1 [pid: 7|app: 0|req: 1466/3024] 10.0.0.206 () {34 vars in 693 bytes} [Tue Apr 14 08:41:30 2026] POST /v2.0/vpn/endpoint-groups => generated 301 bytes in 99 msecs (HTTP/1.1 201) 4 headers in 162 bytes (1 switches on core 0)
2026-04-14 08:41:30.889 7 WARNING neutron.plugins.ml2.drivers.ovn.mech_driver.ovsdb.ovn_client [None req-1d352871-1159-485f-be13-69b4c0f45ff8 - - - - - -] Logical_Switch_Port 6954453e-32ad-4863-9ae3-3770c77d20f1 host information not removed, the port state is up
2026-04-14 08:41:30.889 7 INFO neutron.plugins.ml2.drivers.ovn.mech_driver.mech_driver [None req-1d352871-1159-485f-be13-69b4c0f45ff8 - - - - - -] OVN reports status up for port: 6954453e-32ad-4863-9ae3-3770c77d20f1
2026-04-14 08:41:30.900 7 INFO neutron.plugins.ml2.plugin [None req-1d352871-1159-485f-be13-69b4c0f45ff8 - - - - - -] Attempt 1 to provision port 6954453e-32ad-4863-9ae3-3770c77d20f1
2026-04-14 08:41:31.341 7 INFO neutron.db.ovn_revision_numbers_db [None req-1d352871-1159-485f-be13-69b4c0f45ff8 - - - - - -] Successfully bumped revision number for resource 6954453e-32ad-4863-9ae3-3770c77d20f1 (type: ports) to 2
2026-04-14 08:41:31.693 8 INFO neutron.db.ovn_revision_numbers_db [None req-b01fe695-522a-40e0-99b6-f47310464e52 b4c15076d751445493399b4b8cc1c98d 94054f96947c4eb0ac5e35a2805b2beb - - default default] Successfully bumped revision number for resource 39f3923c-ea99-429f-877d-3c81d1a32296 (type: routers) to 6 [pid: 8|app: 0|req: 1559/3025] 10.0.0.206 () {34 vars in 707 bytes} [Tue Apr 14 08:41:30 2026] POST /v2.0/vpn/ipsec-site-connections => generated 844 bytes in 874 msecs (HTTP/1.1 201) 4 headers in 162 bytes (1 switches on core 0)
2026-04-14 08:41:32.373 7 INFO neutron.db.ovn_revision_numbers_db [None req-d6a1ae67-ec81-4384-ad26-2630c833f4d5 b4c15076d751445493399b4b8cc1c98d 94054f96947c4eb0ac5e35a2805b2beb - - default default] Successfully bumped revision number for resource 39f3923c-ea99-429f-877d-3c81d1a32296 (type: routers) to 7 [pid: 7|app: 0|req: 1467/3026] 10.0.0.206 () {32 vars in 762 bytes} [Tue Apr 14 08:41:31 2026] DELETE /v2.0/vpn/ipsec-site-connections/7ddcab1f-bf4e-455e-b88d-f0c3548945c4 => generated 0 bytes in 657 msecs (HTTP/1.1 204) 2 headers in 112 bytes (1 switches on core 0) [pid: 8|app: 0|req: 1560/3027] 10.0.0.206 () {32 vars in 685 bytes} [Tue Apr 14 08:41:32 2026] GET /v2.0/vpn/ipsec-site-connections => generated 806 bytes in 20 msecs (HTTP/1.1 200) 4 headers in 157 bytes (1 switches on core 0)
2026-04-14 08:41:32.436 7 INFO neutron.api.v2.resource [None req-de8ad039-9f51-4fd7-a120-ad7420dc8768 b4c15076d751445493399b4b8cc1c98d 94054f96947c4eb0ac5e35a2805b2beb - - default default] delete failed (client error): The resource could not be found. [pid: 7|app: 0|req: 1468/3028] 10.0.0.206 () {32 vars in 762 bytes} [Tue Apr 14 08:41:32 2026] DELETE /v2.0/vpn/ipsec-site-connections/7ddcab1f-bf4e-455e-b88d-f0c3548945c4 => generated 154 bytes in 11 msecs (HTTP/1.1 404) 4 headers in 164 bytes (1 switches on core 0) [pid: 8|app: 0|req: 1561/3029] 10.0.0.206 () {32 vars in 671 bytes} [Tue Apr 14 08:41:32 2026] GET /v2.0/vpn/endpoint-groups => generated 1187 bytes in 16 msecs (HTTP/1.1 200) 4 headers in 158 bytes (1 switches on core 0) [pid: 7|app: 0|req: 1469/3030] 10.0.0.206 () {32 vars in 748 bytes} [Tue Apr 14 08:41:32 2026] DELETE /v2.0/vpn/endpoint-groups/5f4a0d23-775f-4879-a1f8-e1bbda55091a => generated 0 bytes in 27 msecs (HTTP/1.1 204) 2 headers in 112 bytes (1 switches on core 0) [pid: 8|app: 0|req: 1562/3031] 10.0.0.206 () {32 vars in 671 bytes} [Tue Apr 14 08:41:32 2026] GET /v2.0/vpn/endpoint-groups => generated 904 bytes in 12 msecs (HTTP/1.1 200) 4 headers in 157 bytes (1 switches on core 0) [pid: 7|app: 0|req: 1470/3032] 10.0.0.206 () {32 vars in 671 bytes} [Tue Apr 14 08:41:32 2026] GET /v2.0/vpn/endpoint-groups => generated 904 bytes in 17 msecs (HTTP/1.1 200) 4 headers in 157 bytes (1 switches on core 0) [pid: 8|app: 0|req: 1563/3033] 10.0.0.206 () {32 vars in 748 bytes} [Tue Apr 14 08:41:32 2026] DELETE /v2.0/vpn/endpoint-groups/7d784068-d239-45ef-a282-f996498dc3e9 => generated 0 bytes in 46 msecs (HTTP/1.1 204) 2 headers in 112 bytes (1 switches on core 0) [pid: 7|app: 0|req: 1471/3034] 10.0.0.206 () {32 vars in 671 bytes} [Tue Apr 14 08:41:32 2026] GET /v2.0/vpn/endpoint-groups => generated 633 bytes in 23 msecs (HTTP/1.1 200) 4 headers in 157 bytes (1 switches on core 0)
2026-04-14 08:41:33.292 8 INFO neutron.db.ovn_revision_numbers_db [None req-fcfb1548-3a76-4bb4-b792-37f471b68d75 b4c15076d751445493399b4b8cc1c98d 94054f96947c4eb0ac5e35a2805b2beb - - default default] Successfully bumped revision number for resource 39f3923c-ea99-429f-877d-3c81d1a32296 (type: routers) to 8 [pid: 8|app: 0|req: 1564/3035] 10.0.0.206 () {34 vars in 707 bytes} [Tue Apr 14 08:41:32 2026] POST /v2.0/vpn/ipsec-site-connections => generated 805 bytes in 705 msecs (HTTP/1.1 201) 4 headers in 162 bytes (1 switches on core 0)
2026-04-14 08:41:33.976 7 INFO neutron.db.ovn_revision_numbers_db [None req-974846b3-ad2d-44c8-ba8d-dff6c6bf84d7 b4c15076d751445493399b4b8cc1c98d 94054f96947c4eb0ac5e35a2805b2beb - - default default] Successfully bumped revision number for resource 39f3923c-ea99-429f-877d-3c81d1a32296 (type: routers) to 9 [pid: 7|app: 0|req: 1472/3036] 10.0.0.206 () {32 vars in 762 bytes} [Tue Apr 14 08:41:33 2026] DELETE /v2.0/vpn/ipsec-site-connections/f8da2ae0-06f1-42fd-9d37-7247f872d457 => generated 0 bytes in 709 msecs (HTTP/1.1 204) 2 headers in 112 bytes (1 switches on core 0) [pid: 8|app: 0|req: 1565/3037] 10.0.0.206 () {32 vars in 685 bytes} [Tue Apr 14 08:41:34 2026] GET /v2.0/vpn/ipsec-site-connections => generated 806 bytes in 21 msecs (HTTP/1.1 200) 4 headers in 157 bytes (1 switches on core 0)
2026-04-14 08:41:34.086 7 INFO neutron.api.v2.resource [None req-741bba68-29c5-47ce-8a4e-d76463c54cc9 b4c15076d751445493399b4b8cc1c98d 94054f96947c4eb0ac5e35a2805b2beb - - default default] delete failed (client error): The resource could not be found. [pid: 7|app: 0|req: 1473/3038] 10.0.0.206 () {32 vars in 762 bytes} [Tue Apr 14 08:41:34 2026] DELETE /v2.0/vpn/ipsec-site-connections/f8da2ae0-06f1-42fd-9d37-7247f872d457 => generated 154 bytes in 13 msecs (HTTP/1.1 404) 4 headers in 164 bytes (1 switches on core 0) [pid: 8|app: 0|req: 1566/3039] 10.0.0.206 () {34 vars in 693 bytes} [Tue Apr 14 08:41:34 2026] POST /v2.0/vpn/endpoint-groups => generated 289 bytes in 64 msecs (HTTP/1.1 201) 4 headers in 162 bytes (1 switches on core 0) [pid: 7|app: 0|req: 1474/3040] 10.0.0.206 () {30 vars in 702 bytes} [Tue Apr 14 08:41:34 2026] PUT /v2.0/vpn/endpoint-groups/daa1d3f8-183c-4953-b736-0aa51fbf9678 => generated 289 bytes in 17 msecs (HTTP/1.1 200) 4 headers in 157 bytes (1 switches on core 0) [pid: 8|app: 0|req: 1567/3041] 10.0.0.206 () {32 vars in 745 bytes} [Tue Apr 14 08:41:34 2026] GET /v2.0/vpn/endpoint-groups/daa1d3f8-183c-4953-b736-0aa51fbf9678 => generated 289 bytes in 17 msecs (HTTP/1.1 200) 4 headers in 157 bytes (1 switches on core 0) [pid: 7|app: 0|req: 1475/3042] 10.0.0.206 () {32 vars in 748 bytes} [Tue Apr 14 08:41:34 2026] DELETE /v2.0/vpn/endpoint-groups/daa1d3f8-183c-4953-b736-0aa51fbf9678 => generated 0 bytes in 29 msecs (HTTP/1.1 204) 2 headers in 112 bytes (1 switches on core 0) [pid: 8|app: 0|req: 1568/3043] 10.0.0.206 () {32 vars in 671 bytes} [Tue Apr 14 08:41:34 2026] GET /v2.0/vpn/endpoint-groups => generated 633 bytes in 15 msecs (HTTP/1.1 200) 4 headers in 157 bytes (1 switches on core 0) [pid: 7|app: 0|req: 1476/3044] 10.0.0.206 () {32 vars in 671 bytes} [Tue Apr 14 08:41:34 2026] GET /v2.0/vpn/endpoint-groups => generated 633 bytes in 11 msecs (HTTP/1.1 200) 4 headers in 157 bytes (1 switches on core 0) [pid: 8|app: 0|req: 1569/3045] 10.0.0.206 () {34 vars in 685 bytes} [Tue Apr 14 08:41:34 2026] POST /v2.0/vpn/ikepolicies => generated 403 bytes in 51 msecs (HTTP/1.1 201) 4 headers in 162 bytes (1 switches on core 0) [pid: 7|app: 0|req: 1477/3046] 10.0.0.206 () {30 vars in 695 bytes} [Tue Apr 14 08:41:34 2026] PUT /v2.0/vpn/ikepolicies/2c3143eb-8e73-4d53-8db6-d07812f84819 => generated 419 bytes in 33 msecs (HTTP/1.1 200) 4 headers in 157 bytes (1 switches on core 0) [pid: 8|app: 0|req: 1570/3047] 10.0.0.206 () {32 vars in 737 bytes} [Tue Apr 14 08:41:34 2026] GET /v2.0/vpn/ikepolicies/2c3143eb-8e73-4d53-8db6-d07812f84819 => generated 419 bytes in 13 msecs (HTTP/1.1 200) 4 headers in 157 bytes (1 switches on core 0) [pid: 7|app: 0|req: 1478/3048] 10.0.0.206 () {32 vars in 740 bytes} [Tue Apr 14 08:41:34 2026] DELETE /v2.0/vpn/ikepolicies/2c3143eb-8e73-4d53-8db6-d07812f84819 => generated 0 bytes in 52 msecs (HTTP/1.1 204) 2 headers in 112 bytes (1 switches on core 0) [pid: 8|app: 0|req: 1571/3049] 10.0.0.206 () {32 vars in 663 bytes} [Tue Apr 14 08:41:34 2026] GET /v2.0/vpn/ikepolicies => generated 408 bytes in 22 msecs (HTTP/1.1 200) 4 headers in 157 bytes (1 switches on core 0) [pid: 7|app: 0|req: 1479/3050] 10.0.0.206 () {32 vars in 663 bytes} [Tue Apr 14 08:41:34 2026] GET /v2.0/vpn/ikepolicies => generated 408 bytes in 11 msecs (HTTP/1.1 200) 4 headers in 157 bytes (1 switches on core 0) [pid: 8|app: 0|req: 1572/3051] 10.0.0.206 () {34 vars in 689 bytes} [Tue Apr 14 08:41:34 2026] POST /v2.0/vpn/ipsecpolicies => generated 411 bytes in 44 msecs (HTTP/1.1 201) 4 headers in 162 bytes (1 switches on core 0) [pid: 7|app: 0|req: 1480/3052] 10.0.0.206 () {30 vars in 699 bytes} [Tue Apr 14 08:41:34 2026] PUT /v2.0/vpn/ipsecpolicies/7239f4be-12d6-4984-ae86-a5a1ed5216b6 => generated 431 bytes in 22 msecs (HTTP/1.1 200) 4 headers in 157 bytes (1 switches on core 0) [pid: 8|app: 0|req: 1573/3053] 10.0.0.206 () {32 vars in 744 bytes} [Tue Apr 14 08:41:34 2026] DELETE /v2.0/vpn/ipsecpolicies/7239f4be-12d6-4984-ae86-a5a1ed5216b6 => generated 0 bytes in 36 msecs (HTTP/1.1 204) 2 headers in 112 bytes (1 switches on core 0)
2026-04-14 08:41:34.617 7 INFO neutron.api.v2.resource [None req-e2208101-a0ce-436c-a41a-fc62aefa40e2 b4c15076d751445493399b4b8cc1c98d 94054f96947c4eb0ac5e35a2805b2beb - - default default] delete failed (client error): The resource could not be found. [pid: 7|app: 0|req: 1481/3054] 10.0.0.206 () {32 vars in 744 bytes} [Tue Apr 14 08:41:34 2026] DELETE /v2.0/vpn/ipsecpolicies/7239f4be-12d6-4984-ae86-a5a1ed5216b6 => generated 145 bytes in 11 msecs (HTTP/1.1 404) 4 headers in 164 bytes (1 switches on core 0)
2026-04-14 08:41:34.633 8 INFO neutron.api.v2.resource [None req-08c3124e-d452-4bae-95d8-890076d4768c b4c15076d751445493399b4b8cc1c98d 94054f96947c4eb0ac5e35a2805b2beb - - default default] delete failed (client error): The resource could not be found. [pid: 8|app: 0|req: 1574/3055] 10.0.0.206 () {32 vars in 744 bytes} [Tue Apr 14 08:41:34 2026] DELETE /v2.0/vpn/ipsecpolicies/7239f4be-12d6-4984-ae86-a5a1ed5216b6 => generated 145 bytes in 11 msecs (HTTP/1.1 404) 4 headers in 164 bytes (1 switches on core 0)
2026-04-14 08:41:34.745 7 INFO neutron.db.segments_db [None req-209f07be-64a6-489c-a71d-ba263d2111e4 b4c15076d751445493399b4b8cc1c98d 94054f96947c4eb0ac5e35a2805b2beb - - default default] Added segment 89edfc35-1b69-4c37-8be6-c92d773ab726 of type geneve for network 06c94a5f-30ad-438f-88c8-711e7a336eaf
2026-04-14 08:41:34.884 7 INFO neutron.db.ovn_revision_numbers_db [None req-209f07be-64a6-489c-a71d-ba263d2111e4 b4c15076d751445493399b4b8cc1c98d 94054f96947c4eb0ac5e35a2805b2beb - - default default] Successfully bumped revision number for resource 06c94a5f-30ad-438f-88c8-711e7a336eaf (type: networks) to 1
2026-04-14 08:41:35.076 7 WARNING neutron.scheduler.dhcp_agent_scheduler [None req-209f07be-64a6-489c-a71d-ba263d2111e4 b4c15076d751445493399b4b8cc1c98d 94054f96947c4eb0ac5e35a2805b2beb - - default default] No more DHCP agents
2026-04-14 08:41:35.077 7 WARNING neutron.api.rpc.agentnotifiers.dhcp_rpc_agent_api [None req-209f07be-64a6-489c-a71d-ba263d2111e4 b4c15076d751445493399b4b8cc1c98d 94054f96947c4eb0ac5e35a2805b2beb - - default default] Unable to schedule network 06c94a5f-30ad-438f-88c8-711e7a336eaf: no agents available; will retry on subsequent port and subnet creation events.
2026-04-14 08:41:35.213 7 INFO neutron.db.ovn_revision_numbers_db [None req-209f07be-64a6-489c-a71d-ba263d2111e4 b4c15076d751445493399b4b8cc1c98d 94054f96947c4eb0ac5e35a2805b2beb - - default default] Successfully bumped revision number for resource 1cb6fc90-0c2d-469c-953f-b894db3d6b5c (type: ports) to 1 [pid: 7|app: 0|req: 1482/3058] 10.0.0.206 () {34 vars in 670 bytes} [Tue Apr 14 08:41:34 2026] POST /v2.0/networks => generated 632 bytes in 603 msecs (HTTP/1.1 201) 4 headers in 162 bytes (1 switches on core 0)
2026-04-14 08:41:35.474 8 WARNING neutron.scheduler.dhcp_agent_scheduler [None req-feb151d6-4649-444a-ba7a-c7a7f9aed93c b4c15076d751445493399b4b8cc1c98d 94054f96947c4eb0ac5e35a2805b2beb - - default default] No more DHCP agents
2026-04-14 08:41:35.476 8 WARNING neutron.api.rpc.agentnotifiers.dhcp_rpc_agent_api [None req-feb151d6-4649-444a-ba7a-c7a7f9aed93c b4c15076d751445493399b4b8cc1c98d 94054f96947c4eb0ac5e35a2805b2beb - - default default] Unable to schedule network 06c94a5f-30ad-438f-88c8-711e7a336eaf: no agents available; will retry on subsequent port and subnet creation events.
2026-04-14 08:41:35.985 8 INFO neutron.db.ovn_revision_numbers_db [None req-e45f23ce-8786-47a6-aee3-3486b54dab70 - - - - - -] Successfully bumped revision number for resource 1cb6fc90-0c2d-469c-953f-b894db3d6b5c (type: ports) to 2
2026-04-14 08:41:36.017 8 INFO neutron.db.ovn_revision_numbers_db [None req-e45f23ce-8786-47a6-aee3-3486b54dab70 - - - - - -] Successfully bumped revision number for resource 0fe61ebf-b90c-40b2-806a-0533ac027123 (type: subnets) to 0 [pid: 8|app: 0|req: 1577/3059] 10.0.0.206 () {34 vars in 669 bytes} [Tue Apr 14 08:41:35 2026] POST /v2.0/subnets => generated 629 bytes in 788 msecs (HTTP/1.1 201) 4 headers in 162 bytes (1 switches on core 0)
2026-04-14 08:41:36.442 7 WARNING neutron.scheduler.dhcp_agent_scheduler [None req-c5ba9abc-e5fb-4dd0-b721-6cdc4b40299d b4c15076d751445493399b4b8cc1c98d 94054f96947c4eb0ac5e35a2805b2beb - - default default] No more DHCP agents
2026-04-14 08:41:36.443 7 WARNING neutron.api.rpc.agentnotifiers.dhcp_rpc_agent_api [None req-c5ba9abc-e5fb-4dd0-b721-6cdc4b40299d b4c15076d751445493399b4b8cc1c98d 94054f96947c4eb0ac5e35a2805b2beb - - default default] Unable to schedule network 9c921a96-3bbd-469a-afc5-78ad5da42bfb: no agents available; will retry on subsequent port and subnet creation events.
2026-04-14 08:41:36.514 7 WARNING neutron.plugins.ml2.drivers.ovn.mech_driver.ovsdb.ovn_client [None req-ca3688ec-4cf4-4f5f-9e70-4ab5ed29dbb1 - - - - - -] No hosting information found for port 6954453e-32ad-4863-9ae3-3770c77d20f1: RuntimeError: No hosting information found for port 6954453e-32ad-4863-9ae3-3770c77d20f1
2026-04-14 08:41:36.696 7 INFO neutron.db.ovn_revision_numbers_db [None req-c5ba9abc-e5fb-4dd0-b721-6cdc4b40299d b4c15076d751445493399b4b8cc1c98d 94054f96947c4eb0ac5e35a2805b2beb - - default default] Successfully bumped revision number for resource 171b1806-85f8-46e2-bfe2-943942b0fbac (type: ports) to 1
2026-04-14 08:41:36.740 7 INFO neutron.db.ovn_revision_numbers_db [None req-ca3688ec-4cf4-4f5f-9e70-4ab5ed29dbb1 - - - - - -] Successfully bumped revision number for resource 6954453e-32ad-4863-9ae3-3770c77d20f1 (type: router_ports) to 2
2026-04-14 08:41:36.752 7 INFO neutron.plugins.ml2.drivers.ovn.mech_driver.mech_driver [None req-ca3688ec-4cf4-4f5f-9e70-4ab5ed29dbb1 - - - - - -] OVN reports status down for port: 2e973e16-13ab-41c0-a203-301ff1bdbbd0 [pid: 8|app: 0|req: 1578/3060] 10.0.0.32 () {28 vars in 580 bytes} [Tue Apr 14 08:41:36 2026] GET /v2.0/agents => generated 1214 bytes in 61 msecs (HTTP/1.1 200) 4 headers in 158 bytes (1 switches on core 0)
2026-04-14 08:41:36.776 7 INFO neutron.plugins.ml2.drivers.ovn.mech_driver.mech_driver [None req-ca3688ec-4cf4-4f5f-9e70-4ab5ed29dbb1 - - - - - -] OVN reports status down for port: 5880c1ac-e9bc-43a5-afc6-4f9f5117d9ea [pid: 8|app: 0|req: 1579/3061] 10.0.0.32 () {28 vars in 618 bytes} [Tue Apr 14 08:41:36 2026] GET /v2.0/network-ip-availabilities => generated 4859 bytes in 19 msecs (HTTP/1.1 200) 4 headers in 158 bytes (1 switches on core 0)
2026-04-14 08:41:36.801 7 INFO neutron.plugins.ml2.drivers.ovn.mech_driver.mech_driver [None req-ca3688ec-4cf4-4f5f-9e70-4ab5ed29dbb1 - - - - - -] OVN reports status down for port: 0be0be3c-e356-4d17-af50-9bd3d86d292f
2026-04-14 08:41:36.816 7 INFO neutron.plugins.ml2.drivers.ovn.mech_driver.mech_driver [None req-ca3688ec-4cf4-4f5f-9e70-4ab5ed29dbb1 - - - - - -] OVN reports status up for port: 0be0be3c-e356-4d17-af50-9bd3d86d292f [pid: 8|app: 0|req: 1580/3062] 10.0.0.32 () {28 vars in 582 bytes} [Tue Apr 14 08:41:36 2026] GET /v2.0/subnets => generated 8113 bytes in 57 msecs (HTTP/1.1 200) 4 headers in 158 bytes (1 switches on core 0) [pid: 8|app: 0|req: 1581/3063] 10.0.0.32 () {28 vars in 590 bytes} [Tue Apr 14 08:41:36 2026] GET /v2.0/floatingips => generated 1702 bytes in 32 msecs (HTTP/1.1 200) 4 headers in 158 bytes (1 switches on core 0)
2026-04-14 08:41:36.882 7 INFO neutron.plugins.ml2.drivers.ovn.mech_driver.mech_driver [None req-ca3688ec-4cf4-4f5f-9e70-4ab5ed29dbb1 - - - - - -] OVN reports status down for port: 69f31a37-ff47-4c51-8d22-30f6be2a0ea3 [pid: 8|app: 0|req: 1582/3064] 10.0.0.32 () {28 vars in 582 bytes} [Tue Apr 14 08:41:36 2026] GET /v2.0/subnets => generated 8113 bytes in 63 msecs (HTTP/1.1 200) 4 headers in 158 bytes (1 switches on core 0) [pid: 8|app: 0|req: 1583/3065] 10.0.0.32 () {28 vars in 590 bytes} [Tue Apr 14 08:41:36 2026] GET /v2.0/subnetpools => generated 19 bytes in 14 msecs (HTTP/1.1 200) 4 headers in 156 bytes (1 switches on core 0)
2026-04-14 08:41:36.969 7 INFO neutron.plugins.ml2.drivers.ovn.mech_driver.mech_driver [None req-ca3688ec-4cf4-4f5f-9e70-4ab5ed29dbb1 - - - - - -] OVN reports status down for port: 1cb6fc90-0c2d-469c-953f-b894db3d6b5c [pid: 8|app: 0|req: 1584/3066] 10.0.0.32 () {28 vars in 582 bytes} [Tue Apr 14 08:41:36 2026] GET /v2.0/routers => generated 3906 bytes in 103 msecs (HTTP/1.1 200) 4 headers in 158 bytes (1 switches on core 0) [pid: 8|app: 0|req: 1585/3067] 10.0.0.32 () {28 vars in 623 bytes} [Tue Apr 14 08:41:37 2026] GET /v2.0/agents?binary=ovn-controller => generated 416 bytes in 11 msecs (HTTP/1.1 200) 4 headers in 157 bytes (1 switches on core 0)
2026-04-14 08:41:37.107 7 INFO neutron.plugins.ml2.drivers.ovn.mech_driver.mech_driver [None req-ca3688ec-4cf4-4f5f-9e70-4ab5ed29dbb1 - - - - - -] OVN reports status down for port: 171b1806-85f8-46e2-bfe2-943942b0fbac [pid: 8|app: 0|req: 1586/3068] 10.0.0.32 () {28 vars in 584 bytes} [Tue Apr 14 08:41:37 2026] GET /v2.0/networks => generated 7477 bytes in 100 msecs (HTTP/1.1 200) 4 headers in 158 bytes (1 switches on core 0) [pid: 8|app: 0|req: 1587/3069] 10.0.0.32 () {28 vars in 598 bytes} [Tue Apr 14 08:41:37 2026] GET /v2.0/security-groups => generated 33168 bytes in 44 msecs (HTTP/1.1 200) 4 headers in 159 bytes (1 switches on core 0) [pid: 8|app: 0|req: 1588/3070] 10.0.0.32 () {28 vars in 578 bytes} [Tue Apr 14 08:41:37 2026] GET /v2.0/ports => generated 32182 bytes in 159 msecs (HTTP/1.1 200) 4 headers in 159 bytes (1 switches on core 0)
2026-04-14 08:41:37.601 7 INFO neutron.plugins.ml2.drivers.ovn.mech_driver.ovsdb.commands [None req-92909892-2397-48a7-92f5-2df202861be3 - - - - - -] Schedule LRP lrp-171b1806-85f8-46e2-bfe2-943942b0fbac on gateway 5e4b1c79-aada-499b-a924-31c1e0dfa8ec with priority 1
2026-04-14 08:41:37.696 7 INFO neutron.plugins.ml2.drivers.ovn.mech_driver.mech_driver [None req-ca3688ec-4cf4-4f5f-9e70-4ab5ed29dbb1 - - - - - -] OVN reports status up for port: 171b1806-85f8-46e2-bfe2-943942b0fbac
2026-04-14 08:41:37.723 7 INFO neutron.plugins.ml2.plugin [None req-ca3688ec-4cf4-4f5f-9e70-4ab5ed29dbb1 - - - - - -] Attempt 1 to provision port 171b1806-85f8-46e2-bfe2-943942b0fbac
2026-04-14 08:41:37.757 7 INFO neutron.db.ovn_revision_numbers_db [None req-c5ba9abc-e5fb-4dd0-b721-6cdc4b40299d b4c15076d751445493399b4b8cc1c98d 94054f96947c4eb0ac5e35a2805b2beb - - default default] Successfully bumped revision number for resource 171b1806-85f8-46e2-bfe2-943942b0fbac (type: router_ports) to 1
2026-04-14 08:41:37.892 7 INFO neutron.db.ovn_revision_numbers_db [None req-c5ba9abc-e5fb-4dd0-b721-6cdc4b40299d b4c15076d751445493399b4b8cc1c98d 94054f96947c4eb0ac5e35a2805b2beb - - default default] Successfully bumped revision number for resource 03444e7c-879e-4f7f-ac3e-87eb78f90ede (type: routers) to 2 [pid: 7|app: 0|req: 1483/3071] 10.0.0.206 () {34 vars in 669 bytes} [Tue Apr 14 08:41:36 2026] POST /v2.0/routers => generated 937 bytes in 1878 msecs (HTTP/1.1 201) 4 headers in 162 bytes (1 switches on core 0)
2026-04-14 08:41:38.497 8 WARNING neutron.scheduler.dhcp_agent_scheduler [None req-df308613-5db2-48f6-ab5f-66572b1f593a b4c15076d751445493399b4b8cc1c98d 94054f96947c4eb0ac5e35a2805b2beb - - default default] No more DHCP agents
2026-04-14 08:41:38.498 8 WARNING neutron.api.rpc.agentnotifiers.dhcp_rpc_agent_api [None req-df308613-5db2-48f6-ab5f-66572b1f593a b4c15076d751445493399b4b8cc1c98d 94054f96947c4eb0ac5e35a2805b2beb - - default default] Unable to schedule network 06c94a5f-30ad-438f-88c8-711e7a336eaf: no agents available; will retry on subsequent port and subnet creation events.
2026-04-14 08:41:38.673 8 INFO neutron.db.ovn_revision_numbers_db [None req-df308613-5db2-48f6-ab5f-66572b1f593a b4c15076d751445493399b4b8cc1c98d 94054f96947c4eb0ac5e35a2805b2beb - - default default] Successfully bumped revision number for resource 10550651-2976-4e97-b524-dc7e79dd85ae (type: ports) to 1
2026-04-14 08:41:39.474 8 WARNING neutron.scheduler.dhcp_agent_scheduler [None req-df308613-5db2-48f6-ab5f-66572b1f593a b4c15076d751445493399b4b8cc1c98d 94054f96947c4eb0ac5e35a2805b2beb - - default default] No more DHCP agents
2026-04-14 08:41:39.476 8 WARNING neutron.api.rpc.agentnotifiers.dhcp_rpc_agent_api [None req-df308613-5db2-48f6-ab5f-66572b1f593a b4c15076d751445493399b4b8cc1c98d 94054f96947c4eb0ac5e35a2805b2beb - - default default] Unable to schedule network 06c94a5f-30ad-438f-88c8-711e7a336eaf: no agents available; will retry on subsequent port and subnet creation events.
2026-04-14 08:41:39.847 8 INFO neutron.db.ovn_revision_numbers_db [None req-df308613-5db2-48f6-ab5f-66572b1f593a b4c15076d751445493399b4b8cc1c98d 94054f96947c4eb0ac5e35a2805b2beb - - default default] Successfully bumped revision number for resource 10550651-2976-4e97-b524-dc7e79dd85ae (type: router_ports) to 1 [pid: 8|app: 0|req: 1589/3072] 10.0.0.206 () {34 vars in 783 bytes} [Tue Apr 14 08:41:37 2026] PUT /v2.0/routers/03444e7c-879e-4f7f-ac3e-87eb78f90ede/add_router_interface => generated 309 bytes in 1930 msecs (HTTP/1.1 200) 4 headers in 157 bytes (1 switches on core 0)
2026-04-14 08:41:40.299 7 WARNING neutron.scheduler.dhcp_agent_scheduler [None req-caadab30-3bb1-4d11-9552-0e4bd02ff3f4 - - - - - -] No more DHCP agents
2026-04-14 08:41:40.301 7 WARNING neutron.api.rpc.agentnotifiers.dhcp_rpc_agent_api [None req-caadab30-3bb1-4d11-9552-0e4bd02ff3f4 - - - - - -] Unable to schedule network 9c921a96-3bbd-469a-afc5-78ad5da42bfb: no agents available; will retry on subsequent port and subnet creation events.
2026-04-14 08:41:40.517 7 INFO neutron.db.ovn_revision_numbers_db [None req-caadab30-3bb1-4d11-9552-0e4bd02ff3f4 - - - - - -] Successfully bumped revision number for resource afe66e05-ed3b-4d91-8580-371379294639 (type: ports) to 1
2026-04-14 08:41:40.891 7 INFO neutron.db.ovn_revision_numbers_db [None req-caadab30-3bb1-4d11-9552-0e4bd02ff3f4 - - - - - -] Successfully bumped revision number for resource afe66e05-ed3b-4d91-8580-371379294639 (type: ports) to 3
2026-04-14 08:41:40.963 7 INFO neutron.db.segments_db [None req-caadab30-3bb1-4d11-9552-0e4bd02ff3f4 - - - - - -] Added segment b1ba89e4-d849-4537-8d91-840157916f39 of type geneve for network a82917e9-b8f1-491d-8886-7dc24eb7d2fc
2026-04-14 08:41:41.120 7 INFO neutron.db.ovn_revision_numbers_db [None req-5d5cfbf9-8bd5-437a-a228-faa5b59bd4e4 - - - - - -] Successfully bumped revision number for resource a82917e9-b8f1-491d-8886-7dc24eb7d2fc (type: networks) to 1
2026-04-14 08:41:41.315 7 WARNING neutron.scheduler.dhcp_agent_scheduler [None req-5d5cfbf9-8bd5-437a-a228-faa5b59bd4e4 - - - - - -] No more DHCP agents
2026-04-14 08:41:41.316 7 WARNING neutron.api.rpc.agentnotifiers.dhcp_rpc_agent_api [None req-5d5cfbf9-8bd5-437a-a228-faa5b59bd4e4 - - - - - -] Unable to schedule network a82917e9-b8f1-491d-8886-7dc24eb7d2fc: no agents available; will retry on subsequent port and subnet creation events.
2026-04-14 08:41:41.433 7 INFO neutron.db.ovn_revision_numbers_db [None req-5d5cfbf9-8bd5-437a-a228-faa5b59bd4e4 - - - - - -] Successfully bumped revision number for resource c018b943-a814-4c12-b550-227cfe15896b (type: ports) to 1
2026-04-14 08:41:41.600 7 WARNING neutron.scheduler.dhcp_agent_scheduler [None req-5d5cfbf9-8bd5-437a-a228-faa5b59bd4e4 - - - - - -] No more DHCP agents
2026-04-14 08:41:41.602 7 WARNING neutron.api.rpc.agentnotifiers.dhcp_rpc_agent_api [None req-5d5cfbf9-8bd5-437a-a228-faa5b59bd4e4 - - - - - -] Unable to schedule network a82917e9-b8f1-491d-8886-7dc24eb7d2fc: no agents available; will retry on subsequent port and subnet creation events.
2026-04-14 08:41:41.656 7 INFO neutron.db.ovn_revision_numbers_db [None req-5d5cfbf9-8bd5-437a-a228-faa5b59bd4e4 - - - - - -] Successfully bumped revision number for resource e2516379-3eed-48e8-8e66-12ca9ee188a2 (type: subnets) to 0
2026-04-14 08:41:42.076 7 WARNING neutron.scheduler.dhcp_agent_scheduler [None req-5d5cfbf9-8bd5-437a-a228-faa5b59bd4e4 - - - - - -] No more DHCP agents
2026-04-14 08:41:42.078 7 WARNING neutron.api.rpc.agentnotifiers.dhcp_rpc_agent_api [None req-5d5cfbf9-8bd5-437a-a228-faa5b59bd4e4 - - - - - -] Unable to schedule network a82917e9-b8f1-491d-8886-7dc24eb7d2fc: no agents available; will retry on subsequent port and subnet creation events.
2026-04-14 08:41:42.252 7 INFO neutron.db.ovn_revision_numbers_db [None req-5d5cfbf9-8bd5-437a-a228-faa5b59bd4e4 - - - - - -] Successfully bumped revision number for resource 7d652a31-63b2-4097-85db-ab7a6a456623 (type: ports) to 1
2026-04-14 08:41:43.062 7 WARNING neutron.scheduler.dhcp_agent_scheduler [None req-5d5cfbf9-8bd5-437a-a228-faa5b59bd4e4 - - - - - -] No more DHCP agents
2026-04-14 08:41:43.071 7 WARNING neutron.api.rpc.agentnotifiers.dhcp_rpc_agent_api [None req-5d5cfbf9-8bd5-437a-a228-faa5b59bd4e4 - - - - - -] Unable to schedule network a82917e9-b8f1-491d-8886-7dc24eb7d2fc: no agents available; will retry on subsequent port and subnet creation events.
2026-04-14 08:41:43.136 7 WARNING neutron.plugins.ml2.drivers.ovn.mech_driver.ovsdb.ovn_client [None req-ca3688ec-4cf4-4f5f-9e70-4ab5ed29dbb1 - - - - - -] No hosting information found for port 171b1806-85f8-46e2-bfe2-943942b0fbac: RuntimeError: No hosting information found for port 171b1806-85f8-46e2-bfe2-943942b0fbac
2026-04-14 08:41:43.137 7 INFO neutron.plugins.ml2.drivers.ovn.mech_driver.mech_driver [None req-ca3688ec-4cf4-4f5f-9e70-4ab5ed29dbb1 - - - - - -] OVN reports status down for port: 10550651-2976-4e97-b524-dc7e79dd85ae
2026-04-14 08:41:43.247 7 WARNING neutron.plugins.ml2.drivers.ovn.mech_driver.ovsdb.ovn_client [None req-ca3688ec-4cf4-4f5f-9e70-4ab5ed29dbb1 - - - - - -] Logical_Switch_Port 10550651-2976-4e97-b524-dc7e79dd85ae host information not removed, the port state is up
2026-04-14 08:41:43.248 7 INFO neutron.plugins.ml2.drivers.ovn.mech_driver.mech_driver [None req-ca3688ec-4cf4-4f5f-9e70-4ab5ed29dbb1 - - - - - -] OVN reports status up for port: 10550651-2976-4e97-b524-dc7e79dd85ae
2026-04-14 08:41:43.268 7 INFO neutron.plugins.ml2.plugin [None req-ca3688ec-4cf4-4f5f-9e70-4ab5ed29dbb1 - - - - - -] Attempt 1 to provision port 10550651-2976-4e97-b524-dc7e79dd85ae
2026-04-14 08:41:44.067 7 INFO neutron.db.ovn_revision_numbers_db [None req-5d5cfbf9-8bd5-437a-a228-faa5b59bd4e4 - - - - - -] Successfully bumped revision number for resource 7d652a31-63b2-4097-85db-ab7a6a456623 (type: router_ports) to 1
2026-04-14 08:41:44.178 7 INFO neutron.db.ovn_revision_numbers_db [None req-ca3688ec-4cf4-4f5f-9e70-4ab5ed29dbb1 - - - - - -] Successfully bumped revision number for resource 10550651-2976-4e97-b524-dc7e79dd85ae (type: ports) to 2
2026-04-14 08:41:44.401 7 WARNING neutron.scheduler.dhcp_agent_scheduler [None req-5d5cfbf9-8bd5-437a-a228-faa5b59bd4e4 - - - - - -] No more DHCP agents
2026-04-14 08:41:44.403 7 WARNING neutron.api.rpc.agentnotifiers.dhcp_rpc_agent_api [None req-5d5cfbf9-8bd5-437a-a228-faa5b59bd4e4 - - - - - -] Unable to schedule network a82917e9-b8f1-491d-8886-7dc24eb7d2fc: no agents available; will retry on subsequent port and subnet creation events.
2026-04-14 08:41:44.572 7 INFO neutron.db.ovn_revision_numbers_db [None req-5d5cfbf9-8bd5-437a-a228-faa5b59bd4e4 - - - - - -] Successfully bumped revision number for resource a50c8394-423c-4b6b-b140-a6a011c2e2e4 (type: ports) to 1
2026-04-14 08:41:44.829 7 INFO neutron.db.ovn_revision_numbers_db [None req-5d5cfbf9-8bd5-437a-a228-faa5b59bd4e4 - - - - - -] Successfully bumped revision number for resource a50c8394-423c-4b6b-b140-a6a011c2e2e4 (type: ports) to 3 [pid: 7|app: 0|req: 1484/3073] 10.0.0.206 () {34 vars in 685 bytes} [Tue Apr 14 08:41:39 2026] POST /v2.0/vpn/vpnservices => generated 459 bytes in 5147 msecs (HTTP/1.1 201) 4 headers in 162 bytes (1 switches on core 0) [pid: 8|app: 0|req: 1590/3074] 10.0.0.206 () {32 vars in 663 bytes} [Tue Apr 14 08:41:45 2026] GET /v2.0/vpn/vpnservices => generated 1316 bytes in 12 msecs (HTTP/1.1 200) 4 headers in 158 bytes (1 switches on core 0)
2026-04-14 08:41:45.267 7 INFO neutron_taas.services.taas.taas_plugin [None req-d77fef4f-a166-4316-9833-69c6f650b147 b4c15076d751445493399b4b8cc1c98d 94054f96947c4eb0ac5e35a2805b2beb - - default default] TaaS: Handle Delete Port: afe66e05-ed3b-4d91-8580-371379294639
2026-04-14 08:41:45.269 7 INFO neutron_taas.services.taas.tap_mirror_plugin [None req-d77fef4f-a166-4316-9833-69c6f650b147 b4c15076d751445493399b4b8cc1c98d 94054f96947c4eb0ac5e35a2805b2beb - - default default] Tap Mirror: Handle Delete Port: afe66e05-ed3b-4d91-8580-371379294639
2026-04-14 08:41:45.535 7 INFO neutron_taas.services.taas.taas_plugin [None req-089dc36f-0304-4dd1-912c-869fc0d1864a - - - - - -] TaaS: Handle Delete Port: a50c8394-423c-4b6b-b140-a6a011c2e2e4
2026-04-14 08:41:45.539 7 INFO neutron_taas.services.taas.tap_mirror_plugin [None req-089dc36f-0304-4dd1-912c-869fc0d1864a - - - - - -] Tap Mirror: Handle Delete Port: a50c8394-423c-4b6b-b140-a6a011c2e2e4
2026-04-14 08:41:46.069 7 INFO neutron_taas.services.taas.taas_plugin [None req-18a1f779-2aec-4367-8445-ca9e7b7b194d - - - - - -] TaaS: Handle Delete Port: 7d652a31-63b2-4097-85db-ab7a6a456623
2026-04-14 08:41:46.072 7 INFO neutron_taas.services.taas.tap_mirror_plugin [None req-18a1f779-2aec-4367-8445-ca9e7b7b194d - - - - - -] Tap Mirror: Handle Delete Port: 7d652a31-63b2-4097-85db-ab7a6a456623
2026-04-14 08:41:47.023 7 INFO neutron_taas.services.taas.taas_plugin [None req-18a1f779-2aec-4367-8445-ca9e7b7b194d - - - - - -] TaaS: Handle Delete Port: c018b943-a814-4c12-b550-227cfe15896b
2026-04-14 08:41:47.027 7 INFO neutron_taas.services.taas.tap_mirror_plugin [None req-18a1f779-2aec-4367-8445-ca9e7b7b194d - - - - - -] Tap Mirror: Handle Delete Port: c018b943-a814-4c12-b550-227cfe15896b
2026-04-14 08:41:47.465 7 INFO neutron.services.segments.plugin [-] Segment b1ba89e4-d849-4537-8d91-840157916f39 resource provider aggregate not found
2026-04-14 08:41:47.472 7 INFO neutron.services.segments.plugin [-] Segment b1ba89e4-d849-4537-8d91-840157916f39 resource provider aggregate not found
2026-04-14 08:41:47.482 7 INFO neutron.services.segments.plugin [-] Segment b1ba89e4-d849-4537-8d91-840157916f39 resource provider not found; error: Placement Client Error (4xx): {"errors": [{"status": 404, "title": "Not Found", "detail": "The resource could not be found.\n\n No resource provider with uuid b1ba89e4-d849-4537-8d91-840157916f39 found for delete ", "request_id": "req-a4e893f0-3dfe-4a2b-b55e-7294b9efe398"}]}
2026-04-14 08:41:47.490 7 INFO neutron.services.segments.plugin [-] Segment b1ba89e4-d849-4537-8d91-840157916f39 resource provider not found; error: Placement Client Error (4xx): {"errors": [{"status": 404, "title": "Not Found", "detail": "The resource could not be found.\n\n No resource provider with uuid b1ba89e4-d849-4537-8d91-840157916f39 found for delete ", "request_id": "req-06750197-a91e-4c3d-a0df-dc29250f49ec"}]} [pid: 7|app: 0|req: 1485/3075] 10.0.0.206 () {32 vars in 740 bytes} [Tue Apr 14 08:41:45 2026] DELETE /v2.0/vpn/vpnservices/a5a5ad40-2a31-46ca-a680-4e45bd976a5f => generated 0 bytes in 2603 msecs (HTTP/1.1 204) 2 headers in 112 bytes (1 switches on core 0) [pid: 8|app: 0|req: 1591/3076] 10.0.0.206 () {32 vars in 663 bytes} [Tue Apr 14 08:41:47 2026] GET /v2.0/vpn/vpnservices => generated 871 bytes in 11 msecs (HTTP/1.1 200) 4 headers in 157 bytes (1 switches on core 0) /var/lib/openstack/lib/python3.12/site-packages/pycadf/identifier.py:70: UserWarning: Invalid uuid: neutron. To ensure interoperability, identifiers should be a valid uuid. warnings.warn(('Invalid uuid: %s. To ensure interoperability, '
2026-04-14 08:41:47.733 7 INFO neutron.api.v2.resource [None req-24190c62-e6fb-4a31-8412-2dca6717b08a b4c15076d751445493399b4b8cc1c98d 94054f96947c4eb0ac5e35a2805b2beb - - default default] create failed (client error): The server could not comply with the request since it is either malformed or otherwise incorrect. [pid: 7|app: 0|req: 1486/3077] 10.0.0.206 () {34 vars in 707 bytes} [Tue Apr 14 08:41:47 2026] POST /v2.0/vpn/ipsec-site-connections => generated 127 bytes in 79 msecs (HTTP/1.1 400) 4 headers in 166 bytes (1 switches on core 0)
2026-04-14 08:41:47.842 8 INFO neutron.api.v2.resource [None req-fda76406-22af-4335-a2e3-e1888b4bdd70 b4c15076d751445493399b4b8cc1c98d 94054f96947c4eb0ac5e35a2805b2beb - - default default] create failed (client error): The server could not comply with the request since it is either malformed or otherwise incorrect. [pid: 8|app: 0|req: 1592/3078] 10.0.0.206 () {34 vars in 707 bytes} [Tue Apr 14 08:41:47 2026] POST /v2.0/vpn/ipsec-site-connections => generated 136 bytes in 102 msecs (HTTP/1.1 400) 4 headers in 166 bytes (1 switches on core 0)
2026-04-14 08:41:47.858 7 WARNING neutron.api.v2.base [None req-595c3724-59b5-4dcf-b103-b73b17d0a5b6 b4c15076d751445493399b4b8cc1c98d 94054f96947c4eb0ac5e35a2805b2beb - - default default] An exception happened while processing the request body. The exception message is [Invalid input for dpd. Reason: '59' is not a dictionary.].: webob.exc.HTTPBadRequest: Invalid input for dpd. Reason: '59' is not a dictionary.
2026-04-14 08:41:47.859 7 INFO neutron.api.v2.resource [None req-595c3724-59b5-4dcf-b103-b73b17d0a5b6 b4c15076d751445493399b4b8cc1c98d 94054f96947c4eb0ac5e35a2805b2beb - - default default] create failed (client error): Invalid input for dpd. Reason: '59' is not a dictionary. [pid: 7|app: 0|req: 1487/3079] 10.0.0.206 () {34 vars in 707 bytes} [Tue Apr 14 08:41:47 2026] POST /v2.0/vpn/ipsec-site-connections => generated 129 bytes in 9 msecs (HTTP/1.1 400) 4 headers in 166 bytes (1 switches on core 0) [pid: 8|app: 0|req: 1593/3080] 10.0.0.206 () {34 vars in 693 bytes} [Tue Apr 14 08:41:47 2026] POST /v2.0/vpn/endpoint-groups => generated 293 bytes in 118 msecs (HTTP/1.1 201) 4 headers in 162 bytes (1 switches on core 0)
2026-04-14 08:41:48.065 7 INFO neutron.api.v2.resource [None req-96c216fd-0a23-413d-bab1-8fb20de19021 b4c15076d751445493399b4b8cc1c98d 94054f96947c4eb0ac5e35a2805b2beb - - default default] create failed (client error): The server could not comply with the request since it is either malformed or otherwise incorrect. [pid: 7|app: 0|req: 1488/3081] 10.0.0.206 () {34 vars in 707 bytes} [Tue Apr 14 08:41:47 2026] POST /v2.0/vpn/ipsec-site-connections => generated 149 bytes in 78 msecs (HTTP/1.1 400) 4 headers in 166 bytes (1 switches on core 0) [pid: 8|app: 0|req: 1594/3082] 10.0.0.206 () {32 vars in 671 bytes} [Tue Apr 14 08:41:48 2026] GET /v2.0/vpn/endpoint-groups => generated 908 bytes in 17 msecs (HTTP/1.1 200) 4 headers in 157 bytes (1 switches on core 0) [pid: 7|app: 0|req: 1489/3083] 10.0.0.206 () {32 vars in 748 bytes} [Tue Apr 14 08:41:48 2026] DELETE /v2.0/vpn/endpoint-groups/c43df32a-7ac2-41b1-8da5-3033ca2d4c77 => generated 0 bytes in 29 msecs (HTTP/1.1 204) 2 headers in 112 bytes (1 switches on core 0) [pid: 8|app: 0|req: 1595/3084] 10.0.0.206 () {32 vars in 671 bytes} [Tue Apr 14 08:41:48 2026] GET /v2.0/vpn/endpoint-groups => generated 633 bytes in 14 msecs (HTTP/1.1 200) 4 headers in 157 bytes (1 switches on core 0) [pid: 7|app: 0|req: 1490/3085] 10.0.0.206 () {34 vars in 693 bytes} [Tue Apr 14 08:41:48 2026] POST /v2.0/vpn/endpoint-groups => generated 301 bytes in 130 msecs (HTTP/1.1 201) 4 headers in 162 bytes (1 switches on core 0)
2026-04-14 08:41:48.420 8 INFO neutron.api.v2.resource [None req-c3690b6f-b811-4ba5-9497-156ca64ee5d2 b4c15076d751445493399b4b8cc1c98d 94054f96947c4eb0ac5e35a2805b2beb - - default default] create failed (client error): The server could not comply with the request since it is either malformed or otherwise incorrect. [pid: 8|app: 0|req: 1596/3086] 10.0.0.206 () {34 vars in 707 bytes} [Tue Apr 14 08:41:48 2026] POST /v2.0/vpn/ipsec-site-connections => generated 148 bytes in 137 msecs (HTTP/1.1 400) 4 headers in 166 bytes (1 switches on core 0) [pid: 7|app: 0|req: 1491/3087] 10.0.0.206 () {32 vars in 671 bytes} [Tue Apr 14 08:41:48 2026] GET /v2.0/vpn/endpoint-groups => generated 916 bytes in 18 msecs (HTTP/1.1 200) 4 headers in 157 bytes (1 switches on core 0) [pid: 8|app: 0|req: 1597/3088] 10.0.0.206 () {32 vars in 748 bytes} [Tue Apr 14 08:41:48 2026] DELETE /v2.0/vpn/endpoint-groups/164a1ecd-0449-48d2-ad17-37c54b520ec5 => generated 0 bytes in 33 msecs (HTTP/1.1 204) 2 headers in 112 bytes (1 switches on core 0) [pid: 7|app: 0|req: 1492/3089] 10.0.0.206 () {32 vars in 671 bytes} [Tue Apr 14 08:41:48 2026] GET /v2.0/vpn/endpoint-groups => generated 633 bytes in 10 msecs (HTTP/1.1 200) 4 headers in 157 bytes (1 switches on core 0)
2026-04-14 08:41:48.515 8 WARNING neutron.api.v2.base [None req-bcf9246c-ee5c-4bda-80ad-fe19b12131f5 b4c15076d751445493399b4b8cc1c98d 94054f96947c4eb0ac5e35a2805b2beb - - default default] An exception happened while processing the request body. The exception message is [Invalid input for peer_cidrs. Reason: '1.0.0.0/33' is not a valid IP subnet.].: webob.exc.HTTPBadRequest: Invalid input for peer_cidrs. Reason: '1.0.0.0/33' is not a valid IP subnet.
2026-04-14 08:41:48.515 8 INFO neutron.api.v2.resource [None req-bcf9246c-ee5c-4bda-80ad-fe19b12131f5 b4c15076d751445493399b4b8cc1c98d 94054f96947c4eb0ac5e35a2805b2beb - - default default] create failed (client error): Invalid input for peer_cidrs. Reason: '1.0.0.0/33' is not a valid IP subnet. [pid: 8|app: 0|req: 1598/3090] 10.0.0.206 () {34 vars in 707 bytes} [Tue Apr 14 08:41:48 2026] POST /v2.0/vpn/ipsec-site-connections => generated 149 bytes in 7 msecs (HTTP/1.1 400) 4 headers in 166 bytes (1 switches on core 0)
2026-04-14 08:41:48.624 7 INFO neutron.db.segments_db [None req-1eb205a3-5b05-43b6-a094-e93e3d2a9f30 b4c15076d751445493399b4b8cc1c98d 94054f96947c4eb0ac5e35a2805b2beb - - default default] Added segment 3ea33baf-917f-470b-8306-e3aa6d8aa141 of type geneve for network adda9993-f645-4c95-a9c0-f7c7aefba27a
2026-04-14 08:41:48.784 7 INFO neutron.db.ovn_revision_numbers_db [None req-1eb205a3-5b05-43b6-a094-e93e3d2a9f30 b4c15076d751445493399b4b8cc1c98d 94054f96947c4eb0ac5e35a2805b2beb - - default default] Successfully bumped revision number for resource adda9993-f645-4c95-a9c0-f7c7aefba27a (type: networks) to 1
2026-04-14 08:41:49.092 7 WARNING neutron.scheduler.dhcp_agent_scheduler [None req-1eb205a3-5b05-43b6-a094-e93e3d2a9f30 b4c15076d751445493399b4b8cc1c98d 94054f96947c4eb0ac5e35a2805b2beb - - default default] No more DHCP agents
2026-04-14 08:41:49.094 7 WARNING neutron.api.rpc.agentnotifiers.dhcp_rpc_agent_api [None req-1eb205a3-5b05-43b6-a094-e93e3d2a9f30 b4c15076d751445493399b4b8cc1c98d 94054f96947c4eb0ac5e35a2805b2beb - - default default] Unable to schedule network adda9993-f645-4c95-a9c0-f7c7aefba27a: no agents available; will retry on subsequent port and subnet creation events.
2026-04-14 08:41:49.223 7 INFO neutron.db.ovn_revision_numbers_db [None req-1eb205a3-5b05-43b6-a094-e93e3d2a9f30 b4c15076d751445493399b4b8cc1c98d 94054f96947c4eb0ac5e35a2805b2beb - - default default] Successfully bumped revision number for resource 5c9c1bab-7c15-48dc-9b88-aabcfe036b45 (type: ports) to 1 [pid: 7|app: 0|req: 1493/3091] 10.0.0.206 () {34 vars in 670 bytes} [Tue Apr 14 08:41:48 2026] POST /v2.0/networks => generated 631 bytes in 724 msecs (HTTP/1.1 201) 4 headers in 162 bytes (1 switches on core 0)
2026-04-14 08:41:49.494 8 WARNING neutron.scheduler.dhcp_agent_scheduler [None req-bd2ebae0-c189-4eef-b391-d786ad73cab6 b4c15076d751445493399b4b8cc1c98d 94054f96947c4eb0ac5e35a2805b2beb - - default default] No more DHCP agents
2026-04-14 08:41:49.495 8 WARNING neutron.api.rpc.agentnotifiers.dhcp_rpc_agent_api [None req-bd2ebae0-c189-4eef-b391-d786ad73cab6 b4c15076d751445493399b4b8cc1c98d 94054f96947c4eb0ac5e35a2805b2beb - - default default] Unable to schedule network adda9993-f645-4c95-a9c0-f7c7aefba27a: no agents available; will retry on subsequent port and subnet creation events.
2026-04-14 08:41:49.976 7 WARNING neutron.plugins.ml2.drivers.ovn.mech_driver.ovsdb.ovn_client [None req-aad4c5d8-a3cc-44f6-981f-c7aae31a1aaf - - - - - -] No hosting information found for port 10550651-2976-4e97-b524-dc7e79dd85ae: RuntimeError: No hosting information found for port 10550651-2976-4e97-b524-dc7e79dd85ae
2026-04-14 08:41:49.992 8 INFO neutron.db.ovn_revision_numbers_db [None req-72771954-b06c-43df-be96-5eefdad2ddbb - - - - - -] Successfully bumped revision number for resource 5c9c1bab-7c15-48dc-9b88-aabcfe036b45 (type: ports) to 2
2026-04-14 08:41:50.030 8 INFO neutron.db.ovn_revision_numbers_db [None req-72771954-b06c-43df-be96-5eefdad2ddbb - - - - - -] Successfully bumped revision number for resource 5e5f8519-7375-439c-9a99-969ad1d2b057 (type: subnets) to 0 [pid: 8|app: 0|req: 1599/3094] 10.0.0.206 () {34 vars in 669 bytes} [Tue Apr 14 08:41:49 2026] POST /v2.0/subnets => generated 629 bytes in 806 msecs (HTTP/1.1 201) 4 headers in 162 bytes (1 switches on core 0)
2026-04-14 08:41:50.096 7 INFO neutron.db.ovn_revision_numbers_db [None req-aad4c5d8-a3cc-44f6-981f-c7aae31a1aaf - - - - - -] Successfully bumped revision number for resource 10550651-2976-4e97-b524-dc7e79dd85ae (type: router_ports) to 2
2026-04-14 08:41:50.096 7 INFO neutron.plugins.ml2.drivers.ovn.mech_driver.mech_driver [None req-aad4c5d8-a3cc-44f6-981f-c7aae31a1aaf - - - - - -] OVN reports status down for port: afe66e05-ed3b-4d91-8580-371379294639
2026-04-14 08:41:50.117 7 INFO neutron.plugins.ml2.drivers.ovn.mech_driver.mech_driver [None req-aad4c5d8-a3cc-44f6-981f-c7aae31a1aaf - - - - - -] OVN reports status down for port: c018b943-a814-4c12-b550-227cfe15896b
2026-04-14 08:41:50.139 7 INFO neutron.plugins.ml2.drivers.ovn.mech_driver.mech_driver [None req-aad4c5d8-a3cc-44f6-981f-c7aae31a1aaf - - - - - -] OVN reports status down for port: 7d652a31-63b2-4097-85db-ab7a6a456623
2026-04-14 08:41:50.161 7 INFO neutron.plugins.ml2.drivers.ovn.mech_driver.mech_driver [None req-aad4c5d8-a3cc-44f6-981f-c7aae31a1aaf - - - - - -] OVN reports status up for port: 7d652a31-63b2-4097-85db-ab7a6a456623
2026-04-14 08:41:50.330 7 INFO neutron.plugins.ml2.drivers.ovn.mech_driver.mech_driver [None req-aad4c5d8-a3cc-44f6-981f-c7aae31a1aaf - - - - - -] OVN reports status down for port: a50c8394-423c-4b6b-b140-a6a011c2e2e4
2026-04-14 08:41:50.346 7 INFO neutron.plugins.ml2.drivers.ovn.mech_driver.mech_driver [None req-aad4c5d8-a3cc-44f6-981f-c7aae31a1aaf - - - - - -] OVN reports status down for port: 5c9c1bab-7c15-48dc-9b88-aabcfe036b45
2026-04-14 08:41:50.656 7 WARNING neutron.scheduler.dhcp_agent_scheduler [None req-95744cb6-952f-486d-af9f-957ebc82ed33 b4c15076d751445493399b4b8cc1c98d 94054f96947c4eb0ac5e35a2805b2beb - - default default] No more DHCP agents
2026-04-14 08:41:50.658 7 WARNING neutron.api.rpc.agentnotifiers.dhcp_rpc_agent_api [None req-95744cb6-952f-486d-af9f-957ebc82ed33 b4c15076d751445493399b4b8cc1c98d 94054f96947c4eb0ac5e35a2805b2beb - - default default] Unable to schedule network 9c921a96-3bbd-469a-afc5-78ad5da42bfb: no agents available; will retry on subsequent port and subnet creation events.
2026-04-14 08:41:50.809 7 INFO neutron.plugins.ml2.drivers.ovn.mech_driver.mech_driver [None req-aad4c5d8-a3cc-44f6-981f-c7aae31a1aaf - - - - - -] OVN reports status down for port: b3a12ac6-6d79-43f0-a1c1-b577734debcb
2026-04-14 08:41:50.872 7 INFO neutron.db.ovn_revision_numbers_db [None req-95744cb6-952f-486d-af9f-957ebc82ed33 b4c15076d751445493399b4b8cc1c98d 94054f96947c4eb0ac5e35a2805b2beb - - default default] Successfully bumped revision number for resource b3a12ac6-6d79-43f0-a1c1-b577734debcb (type: ports) to 1
2026-04-14 08:41:51.510 7 INFO neutron.plugins.ml2.drivers.ovn.mech_driver.ovsdb.commands [None req-92909892-2397-48a7-92f5-2df202861be3 - - - - - -] Schedule LRP lrp-b3a12ac6-6d79-43f0-a1c1-b577734debcb on gateway 5e4b1c79-aada-499b-a924-31c1e0dfa8ec with priority 1
2026-04-14 08:41:51.612 7 INFO neutron.plugins.ml2.drivers.ovn.mech_driver.mech_driver [None req-aad4c5d8-a3cc-44f6-981f-c7aae31a1aaf - - - - - -] OVN reports status up for port: b3a12ac6-6d79-43f0-a1c1-b577734debcb
2026-04-14 08:41:51.642 7 INFO neutron.plugins.ml2.plugin [None req-aad4c5d8-a3cc-44f6-981f-c7aae31a1aaf - - - - - -] Attempt 1 to provision port b3a12ac6-6d79-43f0-a1c1-b577734debcb
2026-04-14 08:41:51.662 7 INFO neutron.db.ovn_revision_numbers_db [None req-95744cb6-952f-486d-af9f-957ebc82ed33 b4c15076d751445493399b4b8cc1c98d 94054f96947c4eb0ac5e35a2805b2beb - - default default] Successfully bumped revision number for resource b3a12ac6-6d79-43f0-a1c1-b577734debcb (type: router_ports) to 1
2026-04-14 08:41:51.780 7 INFO neutron.db.ovn_revision_numbers_db [None req-95744cb6-952f-486d-af9f-957ebc82ed33 b4c15076d751445493399b4b8cc1c98d 94054f96947c4eb0ac5e35a2805b2beb - - default default] Successfully bumped revision number for resource 7dc921a5-23d5-4a3d-9ab6-1742b84b2025 (type: routers) to 2 [pid: 7|app: 0|req: 1496/3095] 10.0.0.206 () {34 vars in 669 bytes} [Tue Apr 14 08:41:50 2026] POST /v2.0/routers => generated 937 bytes in 1739 msecs (HTTP/1.1 201) 4 headers in 162 bytes (1 switches on core 0)
2026-04-14 08:41:51.940 8 INFO neutron.api.v2.resource [None req-994291ab-58a7-4f2f-aa80-fcff163b0f60 46a281e2818844ed87e06274b3054f5d b869b2f886bc4a65b706ff7b547fb2a8 - - default default] create failed (client error): The server could not comply with the request since it is either malformed or otherwise incorrect. [pid: 8|app: 0|req: 1600/3096] 10.0.0.206 () {34 vars in 685 bytes} [Tue Apr 14 08:41:51 2026] POST /v2.0/vpn/vpnservices => generated 194 bytes in 132 msecs (HTTP/1.1 400) 4 headers in 166 bytes (1 switches on core 0)
2026-04-14 08:41:52.072 7 INFO neutron_taas.services.taas.taas_plugin [None req-22e77d65-b953-468a-a428-0d797dbf95b2 46a281e2818844ed87e06274b3054f5d b869b2f886bc4a65b706ff7b547fb2a8 - - default default] TaaS: Handle Delete Port: 5c9c1bab-7c15-48dc-9b88-aabcfe036b45
2026-04-14 08:41:52.074 7 INFO neutron_taas.services.taas.tap_mirror_plugin [None req-22e77d65-b953-468a-a428-0d797dbf95b2 46a281e2818844ed87e06274b3054f5d b869b2f886bc4a65b706ff7b547fb2a8 - - default default] Tap Mirror: Handle Delete Port: 5c9c1bab-7c15-48dc-9b88-aabcfe036b45
2026-04-14 08:41:52.388 7 INFO neutron.services.segments.plugin [-] Segment 3ea33baf-917f-470b-8306-e3aa6d8aa141 resource provider aggregate not found
2026-04-14 08:41:52.394 7 INFO neutron.services.segments.plugin [-] Segment 3ea33baf-917f-470b-8306-e3aa6d8aa141 resource provider aggregate not found
2026-04-14 08:41:52.405 7 INFO neutron.services.segments.plugin [-] Segment 3ea33baf-917f-470b-8306-e3aa6d8aa141 resource provider not found; error: Placement Client Error (4xx): {"errors": [{"status": 404, "title": "Not Found", "detail": "The resource could not be found.\n\n No resource provider with uuid 3ea33baf-917f-470b-8306-e3aa6d8aa141 found for delete ", "request_id": "req-1b747513-ce20-431a-84ea-f2af2010a41f"}]}
2026-04-14 08:41:52.414 7 INFO neutron.services.segments.plugin [-] Segment 3ea33baf-917f-470b-8306-e3aa6d8aa141 resource provider not found; error: Placement Client Error (4xx): {"errors": [{"status": 404, "title": "Not Found", "detail": "The resource could not be found.\n\n No resource provider with uuid 3ea33baf-917f-470b-8306-e3aa6d8aa141 found for delete ", "request_id": "req-5bb392b9-2dda-4dd2-a460-2551e3055d83"}]} [pid: 7|app: 0|req: 1497/3097] 10.0.0.206 () {32 vars in 726 bytes} [Tue Apr 14 08:41:51 2026] DELETE /v2.0/networks/adda9993-f645-4c95-a9c0-f7c7aefba27a => generated 0 bytes in 522 msecs (HTTP/1.1 204) 3 headers in 131 bytes (1 switches on core 0)
2026-04-14 08:41:52.829 8 INFO neutron_taas.services.taas.taas_plugin [None req-1762bdfc-b0dd-46b3-ac3c-93f871536fd6 46a281e2818844ed87e06274b3054f5d b869b2f886bc4a65b706ff7b547fb2a8 - - default default] TaaS: Handle Delete Port: b3a12ac6-6d79-43f0-a1c1-b577734debcb
