2026-04-14 08:39:48.740 7 INFO neutron.pecan_wsgi.hooks.translation [None req-7c6536a9-210e-4cb8-a1be-0c3933910a31 a4ff5cd086824d9b8a8eb3411e54daba 5b88d9ae3cb34d5b947b6be6e98fdf8d - - default default] DELETE failed (client error): The resource could not be found. [pid: 7|app: 0|req: 1209/2515] 10.0.0.206 () {32 vars in 724 bytes} [Tue Apr 14 08:39:48 2026] DELETE /v2.0/subnets/4475c2a3-11bf-44b3-9f79-8c129a82ad68 => generated 136 bytes in 77 msecs (HTTP/1.1 404) 4 headers in 164 bytes (1 switches on core 0)
2026-04-14 08:39:48.747 8 INFO neutron.db.ovn_revision_numbers_db [None req-5b2fb048-0f54-41c7-9f90-7efc481594c2 9892e8b2af8f4dd4a351c757083364e0 2fd9bb7ec49c48cc82afcb8bf201f296 - - default default] Successfully bumped revision number for resource 20f55693-e242-4616-bc8f-702fcd3acba6 (type: ports) to 1
2026-04-14 08:39:48.863 7 INFO neutron.plugins.ml2.drivers.ovn.mech_driver.mech_driver [None req-91aa6094-9c06-49a8-96b2-24b1f1a85105 - - - - - -] OVN reports status down for port: c1ce94c8-29f0-4039-8fee-e88458942e92
2026-04-14 08:39:48.906 7 INFO neutron.plugins.ml2.drivers.ovn.mech_driver.mech_driver [None req-91aa6094-9c06-49a8-96b2-24b1f1a85105 - - - - - -] OVN reports status down for port: f94bab5c-733f-476e-9112-271fdf630f1e [pid: 7|app: 0|req: 1210/2516] 10.0.0.206 () {32 vars in 722 bytes} [Tue Apr 14 08:39:48 2026] DELETE /v2.0/trunks/9fedea3d-4b47-437f-b125-bea1ad01dda8 => generated 0 bytes in 181 msecs (HTTP/1.1 204) 2 headers in 112 bytes (1 switches on core 0) [pid: 7|app: 0|req: 1211/2517] 10.0.0.206 () {32 vars in 736 bytes} [Tue Apr 14 08:39:48 2026] GET /v2.0/ports?device_id=d7f5d257-ad96-41a3-841a-a7348a461c65 => generated 12 bytes in 56 msecs (HTTP/1.1 200) 4 headers in 156 bytes (1 switches on core 0) [pid: 7|app: 0|req: 1212/2518] 10.0.0.206 () {32 vars in 719 bytes} [Tue Apr 14 08:39:48 2026] GET /v2.0/trunks/ad930961-61e5-401f-a82d-3f8d48e0cf49 => generated 409 bytes in 36 msecs (HTTP/1.1 200) 4 headers in 157 bytes (1 switches on core 0)
2026-04-14 08:39:49.079 7 INFO neutron.api.v2.resource [None req-9f340046-c2ae-41f0-83a1-d6d4e36664f4 a4ff5cd086824d9b8a8eb3411e54daba 5b88d9ae3cb34d5b947b6be6e98fdf8d - - default default] delete failed (client error): The resource could not be found. [pid: 7|app: 0|req: 1213/2519] 10.0.0.206 () {32 vars in 724 bytes} [Tue Apr 14 08:39:49 2026] DELETE /v2.0/routers/d7f5d257-ad96-41a3-841a-a7348a461c65 => generated 135 bytes in 61 msecs (HTTP/1.1 404) 4 headers in 164 bytes (1 switches on core 0)
2026-04-14 08:39:49.118 7 INFO neutron.plugins.ml2.drivers.ovn.mech_driver.mech_driver [None req-91aa6094-9c06-49a8-96b2-24b1f1a85105 - - - - - -] OVN reports status up for port: c1ce94c8-29f0-4039-8fee-e88458942e92
2026-04-14 08:39:49.171 7 INFO neutron.plugins.ml2.drivers.ovn.mech_driver.mech_driver [None req-91aa6094-9c06-49a8-96b2-24b1f1a85105 - - - - - -] OVN reports status down for port: 68019fd5-0068-461a-8805-cb9d42bf67f3
2026-04-14 08:39:49.336 7 WARNING neutron.plugins.ml2.drivers.ovn.mech_driver.ovsdb.ovn_client [None req-91aa6094-9c06-49a8-96b2-24b1f1a85105 - - - - - -] Logical_Switch_Port 68019fd5-0068-461a-8805-cb9d42bf67f3 host information not removed, the port state is up
2026-04-14 08:39:49.336 7 INFO neutron.plugins.ml2.drivers.ovn.mech_driver.mech_driver [None req-91aa6094-9c06-49a8-96b2-24b1f1a85105 - - - - - -] OVN reports status up for port: 68019fd5-0068-461a-8805-cb9d42bf67f3 [pid: 7|app: 0|req: 1214/2520] 10.0.0.206 () {32 vars in 717 bytes} [Tue Apr 14 08:39:49 2026] GET /v2.0/ports/b73520f8-6e9f-43eb-8748-497fbfc520c3 => generated 826 bytes in 259 msecs (HTTP/1.1 200) 4 headers in 157 bytes (1 switches on core 0)
2026-04-14 08:39:49.388 7 INFO neutron.plugins.ml2.plugin [None req-91aa6094-9c06-49a8-96b2-24b1f1a85105 - - - - - -] Attempt 1 to provision port 68019fd5-0068-461a-8805-cb9d42bf67f3
2026-04-14 08:39:49.407 7 INFO neutron.pecan_wsgi.hooks.translation [None req-c24af9c5-a327-4e25-86d6-371f5656548c a4ff5cd086824d9b8a8eb3411e54daba 5b88d9ae3cb34d5b947b6be6e98fdf8d - - default default] DELETE failed (client error): The resource could not be found. [pid: 7|app: 0|req: 1215/2521] 10.0.0.206 () {32 vars in 724 bytes} [Tue Apr 14 08:39:49 2026] DELETE /v2.0/subnets/c157ef9a-2b6b-44e2-ac47-398d824c7553 => generated 136 bytes in 73 msecs (HTTP/1.1 404) 4 headers in 164 bytes (1 switches on core 0)
2026-04-14 08:39:49.487 8 WARNING neutron.scheduler.dhcp_agent_scheduler [None req-5b2fb048-0f54-41c7-9f90-7efc481594c2 9892e8b2af8f4dd4a351c757083364e0 2fd9bb7ec49c48cc82afcb8bf201f296 - - default default] No more DHCP agents
2026-04-14 08:39:49.488 8 WARNING neutron.api.rpc.agentnotifiers.dhcp_rpc_agent_api [None req-5b2fb048-0f54-41c7-9f90-7efc481594c2 9892e8b2af8f4dd4a351c757083364e0 2fd9bb7ec49c48cc82afcb8bf201f296 - - default default] Unable to schedule network 2aece2c4-dd0e-473d-8ad0-69bb55267e48: no agents available; will retry on subsequent port and subnet creation events. [pid: 7|app: 0|req: 1216/2522] 10.0.0.206 () {32 vars in 722 bytes} [Tue Apr 14 08:39:49 2026] DELETE /v2.0/trunks/ad930961-61e5-401f-a82d-3f8d48e0cf49 => generated 0 bytes in 228 msecs (HTTP/1.1 204) 2 headers in 112 bytes (1 switches on core 0) [pid: 7|app: 0|req: 1217/2523] 10.0.0.206 () {32 vars in 736 bytes} [Tue Apr 14 08:39:49 2026] GET /v2.0/ports?device_id=dcb32b75-abe3-4190-8e96-e51aa5a4743c => generated 12 bytes in 67 msecs (HTTP/1.1 200) 4 headers in 156 bytes (1 switches on core 0)
2026-04-14 08:39:49.840 8 INFO neutron.db.ovn_revision_numbers_db [None req-5b2fb048-0f54-41c7-9f90-7efc481594c2 9892e8b2af8f4dd4a351c757083364e0 2fd9bb7ec49c48cc82afcb8bf201f296 - - default default] Successfully bumped revision number for resource 20f55693-e242-4616-bc8f-702fcd3acba6 (type: router_ports) to 1 [pid: 8|app: 0|req: 1307/2524] 10.0.0.206 () {34 vars in 783 bytes} [Tue Apr 14 08:39:47 2026] PUT /v2.0/routers/2d5fa4fe-0557-45da-a12a-2a25804041ac/add_router_interface => generated 309 bytes in 2173 msecs (HTTP/1.1 200) 4 headers in 157 bytes (1 switches on core 0)
2026-04-14 08:39:49.866 8 INFO neutron.api.v2.resource [None req-b19b7cd4-4fd1-4f77-8aba-59ce783764ca a4ff5cd086824d9b8a8eb3411e54daba 5b88d9ae3cb34d5b947b6be6e98fdf8d - - default default] delete failed (client error): The resource could not be found. [pid: 8|app: 0|req: 1310/2527] 10.0.0.206 () {32 vars in 724 bytes} [Tue Apr 14 08:39:49 2026] DELETE /v2.0/routers/dcb32b75-abe3-4190-8e96-e51aa5a4743c => generated 135 bytes in 15 msecs (HTTP/1.1 404) 4 headers in 164 bytes (1 switches on core 0)
2026-04-14 08:39:50.039 7 INFO neutron_taas.services.taas.taas_plugin [None req-3d1051a8-f9e1-4f79-8ed2-651a8193fe25 f22d1d87faab49c7906c28739ad6ceff d5ca5e64b80642e2a74c68381ce911dc - - default default] TaaS: Handle Delete Port: 000a80a7-34bd-41cf-84f8-cedd5af51ac4
2026-04-14 08:39:50.053 7 INFO neutron_taas.services.taas.tap_mirror_plugin [None req-3d1051a8-f9e1-4f79-8ed2-651a8193fe25 f22d1d87faab49c7906c28739ad6ceff d5ca5e64b80642e2a74c68381ce911dc - - default default] Tap Mirror: Handle Delete Port: 000a80a7-34bd-41cf-84f8-cedd5af51ac4
2026-04-14 08:39:50.149 7 INFO neutron.db.ovn_revision_numbers_db [None req-5a1c7e95-15c2-461a-9e04-489bc99a8cc0 - - - - - -] Successfully bumped revision number for resource 68019fd5-0068-461a-8805-cb9d42bf67f3 (type: ports) to 4
2026-04-14 08:39:50.416 8 WARNING neutron.scheduler.dhcp_agent_scheduler [None req-22767212-4061-4ba2-abaa-6533be92c1f7 9892e8b2af8f4dd4a351c757083364e0 2fd9bb7ec49c48cc82afcb8bf201f296 - - default default] No more DHCP agents
2026-04-14 08:39:50.420 8 WARNING neutron.api.rpc.agentnotifiers.dhcp_rpc_agent_api [None req-22767212-4061-4ba2-abaa-6533be92c1f7 9892e8b2af8f4dd4a351c757083364e0 2fd9bb7ec49c48cc82afcb8bf201f296 - - default default] Unable to schedule network e2aa7696-1184-4b7b-8abc-28754f1483ac: no agents available; will retry on subsequent port and subnet creation events. [pid: 7|app: 0|req: 1218/2528] 10.0.0.206 () {32 vars in 720 bytes} [Tue Apr 14 08:39:49 2026] DELETE /v2.0/ports/000a80a7-34bd-41cf-84f8-cedd5af51ac4 => generated 0 bytes in 739 msecs (HTTP/1.1 204) 3 headers in 131 bytes (1 switches on core 0)
2026-04-14 08:39:50.467 7 INFO neutron.pecan_wsgi.hooks.translation [None req-c43db858-b883-4bf2-9f92-8f525aeb15f2 a4ff5cd086824d9b8a8eb3411e54daba 5b88d9ae3cb34d5b947b6be6e98fdf8d - - default default] DELETE failed (client error): The resource could not be found. [pid: 7|app: 0|req: 1219/2529] 10.0.0.206 () {32 vars in 724 bytes} [Tue Apr 14 08:39:50 2026] DELETE /v2.0/subnets/f84f5438-bba6-4749-a3f8-bfd4e03b7dc3 => generated 136 bytes in 19 msecs (HTTP/1.1 404) 4 headers in 164 bytes (1 switches on core 0)
2026-04-14 08:39:50.472 7 INFO neutron.db.ovn_revision_numbers_db [None req-91aa6094-9c06-49a8-96b2-24b1f1a85105 - - - - - -] Successfully bumped revision number for resource 68019fd5-0068-461a-8805-cb9d42bf67f3 (type: ports) to 5
2026-04-14 08:39:50.597 8 INFO neutron.db.ovn_revision_numbers_db [None req-22767212-4061-4ba2-abaa-6533be92c1f7 9892e8b2af8f4dd4a351c757083364e0 2fd9bb7ec49c48cc82afcb8bf201f296 - - default default] Successfully bumped revision number for resource 552bb664-7628-4dbf-8f00-77489cdcf898 (type: ports) to 1
2026-04-14 08:39:50.687 7 INFO neutron.plugins.ml2.drivers.ovn.mech_driver.mech_driver [None req-926ef824-10e4-4542-ab74-4a06bd252ece - - - - - -] OVN reports status down for port: 20f55693-e242-4616-bc8f-702fcd3acba6
2026-04-14 08:39:50.723 7 INFO neutron_taas.services.taas.taas_plugin [None req-872e8bbc-69fd-4a91-b588-892dc5787a84 f22d1d87faab49c7906c28739ad6ceff d5ca5e64b80642e2a74c68381ce911dc - - default default] TaaS: Handle Delete Port: 4dc77642-2ef6-42fe-9c93-d8f23f2216ab
2026-04-14 08:39:50.729 7 INFO neutron_taas.services.taas.tap_mirror_plugin [None req-872e8bbc-69fd-4a91-b588-892dc5787a84 f22d1d87faab49c7906c28739ad6ceff d5ca5e64b80642e2a74c68381ce911dc - - default default] Tap Mirror: Handle Delete Port: 4dc77642-2ef6-42fe-9c93-d8f23f2216ab
2026-04-14 08:39:50.788 7 WARNING neutron.plugins.ml2.drivers.ovn.mech_driver.ovsdb.ovn_client [None req-926ef824-10e4-4542-ab74-4a06bd252ece - - - - - -] Logical_Switch_Port 20f55693-e242-4616-bc8f-702fcd3acba6 host information not removed, the port state is up
2026-04-14 08:39:50.789 7 INFO neutron.plugins.ml2.drivers.ovn.mech_driver.mech_driver [None req-926ef824-10e4-4542-ab74-4a06bd252ece - - - - - -] OVN reports status up for port: 20f55693-e242-4616-bc8f-702fcd3acba6
2026-04-14 08:39:50.804 7 INFO neutron.plugins.ml2.plugin [None req-926ef824-10e4-4542-ab74-4a06bd252ece - - - - - -] Attempt 1 to provision port 20f55693-e242-4616-bc8f-702fcd3acba6 [pid: 7|app: 0|req: 1220/2530] 10.0.0.206 () {32 vars in 720 bytes} [Tue Apr 14 08:39:50 2026] DELETE /v2.0/ports/4dc77642-2ef6-42fe-9c93-d8f23f2216ab => generated 0 bytes in 528 msecs (HTTP/1.1 204) 3 headers in 131 bytes (1 switches on core 0)
2026-04-14 08:39:51.022 7 INFO neutron.pecan_wsgi.hooks.translation [None req-862c1a33-14f7-44b3-ad9e-73ea7bff5a50 a4ff5cd086824d9b8a8eb3411e54daba 5b88d9ae3cb34d5b947b6be6e98fdf8d - - default default] DELETE failed (client error): The resource could not be found. [pid: 7|app: 0|req: 1221/2531] 10.0.0.206 () {32 vars in 724 bytes} [Tue Apr 14 08:39:51 2026] DELETE /v2.0/subnets/9c0413d4-81a2-40f8-ad9e-f59aa3337dda => generated 136 bytes in 26 msecs (HTTP/1.1 404) 4 headers in 164 bytes (1 switches on core 0)
2026-04-14 08:39:51.257 7 INFO neutron_taas.services.taas.taas_plugin [None req-3a4536ad-bb10-485e-9f8d-66e9558d2954 f22d1d87faab49c7906c28739ad6ceff d5ca5e64b80642e2a74c68381ce911dc - - default default] TaaS: Handle Delete Port: f56958ac-376c-460c-87b2-6e1c337d3497
2026-04-14 08:39:51.262 7 INFO neutron_taas.services.taas.tap_mirror_plugin [None req-3a4536ad-bb10-485e-9f8d-66e9558d2954 f22d1d87faab49c7906c28739ad6ceff d5ca5e64b80642e2a74c68381ce911dc - - default default] Tap Mirror: Handle Delete Port: f56958ac-376c-460c-87b2-6e1c337d3497
2026-04-14 08:39:51.449 8 WARNING neutron.scheduler.dhcp_agent_scheduler [None req-22767212-4061-4ba2-abaa-6533be92c1f7 9892e8b2af8f4dd4a351c757083364e0 2fd9bb7ec49c48cc82afcb8bf201f296 - - default default] No more DHCP agents
2026-04-14 08:39:51.450 8 WARNING neutron.api.rpc.agentnotifiers.dhcp_rpc_agent_api [None req-22767212-4061-4ba2-abaa-6533be92c1f7 9892e8b2af8f4dd4a351c757083364e0 2fd9bb7ec49c48cc82afcb8bf201f296 - - default default] Unable to schedule network e2aa7696-1184-4b7b-8abc-28754f1483ac: no agents available; will retry on subsequent port and subnet creation events.
2026-04-14 08:39:51.542 7 INFO neutron.db.ovn_revision_numbers_db [None req-926ef824-10e4-4542-ab74-4a06bd252ece - - - - - -] Successfully bumped revision number for resource 20f55693-e242-4616-bc8f-702fcd3acba6 (type: ports) to 2 [pid: 7|app: 0|req: 1222/2532] 10.0.0.206 () {32 vars in 720 bytes} [Tue Apr 14 08:39:51 2026] DELETE /v2.0/ports/f56958ac-376c-460c-87b2-6e1c337d3497 => generated 0 bytes in 580 msecs (HTTP/1.1 204) 3 headers in 131 bytes (1 switches on core 0) [pid: 7|app: 0|req: 1223/2533] 10.0.0.206 () {32 vars in 774 bytes} [Tue Apr 14 08:39:51 2026] GET /v2.0/security-groups?tenant_id=5b88d9ae3cb34d5b947b6be6e98fdf8d&name=default => generated 2925 bytes in 86 msecs (HTTP/1.1 200) 4 headers in 158 bytes (1 switches on core 0)
2026-04-14 08:39:51.806 7 INFO neutron_taas.services.taas.taas_plugin [None req-42b5c787-7340-4e95-95e2-adf17c99bb54 f22d1d87faab49c7906c28739ad6ceff d5ca5e64b80642e2a74c68381ce911dc - - default default] TaaS: Handle Delete Port: 0d72c0d2-56e6-4c49-b5f7-b2a9bbf838b1
2026-04-14 08:39:51.813 7 INFO neutron_taas.services.taas.tap_mirror_plugin [None req-42b5c787-7340-4e95-95e2-adf17c99bb54 f22d1d87faab49c7906c28739ad6ceff d5ca5e64b80642e2a74c68381ce911dc - - default default] Tap Mirror: Handle Delete Port: 0d72c0d2-56e6-4c49-b5f7-b2a9bbf838b1
2026-04-14 08:39:51.889 8 INFO neutron.db.ovn_revision_numbers_db [None req-22767212-4061-4ba2-abaa-6533be92c1f7 9892e8b2af8f4dd4a351c757083364e0 2fd9bb7ec49c48cc82afcb8bf201f296 - - default default] Successfully bumped revision number for resource 552bb664-7628-4dbf-8f00-77489cdcf898 (type: router_ports) to 1 [pid: 8|app: 0|req: 1311/2534] 10.0.0.206 () {34 vars in 783 bytes} [Tue Apr 14 08:39:49 2026] PUT /v2.0/routers/2d5fa4fe-0557-45da-a12a-2a25804041ac/add_router_interface => generated 309 bytes in 2030 msecs (HTTP/1.1 200) 4 headers in 157 bytes (1 switches on core 0) [pid: 7|app: 0|req: 1224/2535] 10.0.0.206 () {32 vars in 720 bytes} [Tue Apr 14 08:39:51 2026] DELETE /v2.0/ports/0d72c0d2-56e6-4c49-b5f7-b2a9bbf838b1 => generated 0 bytes in 336 msecs (HTTP/1.1 204) 3 headers in 131 bytes (1 switches on core 0) [pid: 8|app: 0|req: 1312/2536] 10.0.0.206 () {32 vars in 740 bytes} [Tue Apr 14 08:39:51 2026] DELETE /v2.0/security-groups/c96f17b4-fa71-48a3-ac04-5501743cbc70 => generated 0 bytes in 333 msecs (HTTP/1.1 204) 2 headers in 112 bytes (1 switches on core 0)
2026-04-14 08:39:52.355 8 INFO neutron_taas.services.taas.taas_plugin [None req-57dc49ae-4d25-4604-a8fc-844f090f32ae f22d1d87faab49c7906c28739ad6ceff d5ca5e64b80642e2a74c68381ce911dc - - default default] TaaS: Handle Delete Port: b73520f8-6e9f-43eb-8748-497fbfc520c3
2026-04-14 08:39:52.357 8 INFO neutron_taas.services.taas.tap_mirror_plugin [None req-57dc49ae-4d25-4604-a8fc-844f090f32ae f22d1d87faab49c7906c28739ad6ceff d5ca5e64b80642e2a74c68381ce911dc - - default default] Tap Mirror: Handle Delete Port: b73520f8-6e9f-43eb-8748-497fbfc520c3 [pid: 8|app: 0|req: 1313/2537] 10.0.0.206 () {32 vars in 720 bytes} [Tue Apr 14 08:39:52 2026] DELETE /v2.0/ports/b73520f8-6e9f-43eb-8748-497fbfc520c3 => generated 0 bytes in 241 msecs (HTTP/1.1 204) 3 headers in 131 bytes (1 switches on core 0)
2026-04-14 08:39:52.585 8 INFO neutron_taas.services.taas.taas_plugin [None req-72075ab3-49c9-421e-bb77-2a14fe3479ec f22d1d87faab49c7906c28739ad6ceff d5ca5e64b80642e2a74c68381ce911dc - - default default] TaaS: Handle Delete Port: 4164e959-62a9-421e-a609-f57e241c47fb
2026-04-14 08:39:52.587 8 INFO neutron_taas.services.taas.tap_mirror_plugin [None req-72075ab3-49c9-421e-bb77-2a14fe3479ec f22d1d87faab49c7906c28739ad6ceff d5ca5e64b80642e2a74c68381ce911dc - - default default] Tap Mirror: Handle Delete Port: 4164e959-62a9-421e-a609-f57e241c47fb
2026-04-14 08:39:52.652 7 WARNING neutron.scheduler.dhcp_agent_scheduler [None req-475d6370-856c-4b49-8fd9-a282a5a00b2c 9892e8b2af8f4dd4a351c757083364e0 2fd9bb7ec49c48cc82afcb8bf201f296 - - default default] No more DHCP agents
2026-04-14 08:39:52.653 7 WARNING neutron.api.rpc.agentnotifiers.dhcp_rpc_agent_api [None req-475d6370-856c-4b49-8fd9-a282a5a00b2c 9892e8b2af8f4dd4a351c757083364e0 2fd9bb7ec49c48cc82afcb8bf201f296 - - default default] Unable to schedule network edf0f125-afeb-47fe-ac6f-290aa26c5989: no agents available; will retry on subsequent port and subnet creation events.
2026-04-14 08:39:52.785 8 INFO neutron.services.segments.plugin [-] Segment 8ffd948f-d045-4399-a1ad-e6cd4d3c0c75 resource provider aggregate not found
2026-04-14 08:39:52.812 8 INFO neutron.services.segments.plugin [-] Segment 8ffd948f-d045-4399-a1ad-e6cd4d3c0c75 resource provider aggregate not found
2026-04-14 08:39:52.819 8 INFO neutron.services.segments.plugin [-] Segment 8ffd948f-d045-4399-a1ad-e6cd4d3c0c75 resource provider not found; error: Placement Client Error (4xx): {"errors": [{"status": 404, "title": "Not Found", "detail": "The resource could not be found.\n\n No resource provider with uuid 8ffd948f-d045-4399-a1ad-e6cd4d3c0c75 found for delete ", "request_id": "req-db0fafdb-00c1-469b-9106-1e7831c90b67"}]}
2026-04-14 08:39:52.840 8 INFO neutron.services.segments.plugin [-] Segment 8ffd948f-d045-4399-a1ad-e6cd4d3c0c75 resource provider not found; error: Placement Client Error (4xx): {"errors": [{"status": 404, "title": "Not Found", "detail": "The resource could not be found.\n\n No resource provider with uuid 8ffd948f-d045-4399-a1ad-e6cd4d3c0c75 found for delete ", "request_id": "req-dd4fbaba-c73c-4408-8d8c-16cf416fcf05"}]}
2026-04-14 08:39:52.887 7 INFO neutron.db.ovn_revision_numbers_db [None req-475d6370-856c-4b49-8fd9-a282a5a00b2c 9892e8b2af8f4dd4a351c757083364e0 2fd9bb7ec49c48cc82afcb8bf201f296 - - default default] Successfully bumped revision number for resource cf383510-7e55-46e0-8fde-9046492eb6f6 (type: ports) to 1 [pid: 8|app: 0|req: 1314/2538] 10.0.0.206 () {32 vars in 726 bytes} [Tue Apr 14 08:39:52 2026] DELETE /v2.0/networks/6540e838-08be-4d8b-b4c3-8a09d85c47e0 => generated 0 bytes in 427 msecs (HTTP/1.1 204) 3 headers in 131 bytes (1 switches on core 0)
2026-04-14 08:39:53.032 8 INFO neutron_taas.services.taas.taas_plugin [None req-0c2cdb79-f275-443e-9a69-3944084355d1 f22d1d87faab49c7906c28739ad6ceff d5ca5e64b80642e2a74c68381ce911dc - - default default] TaaS: Handle Delete Port: 0161d912-c856-4ccb-963f-0f285e721f67
2026-04-14 08:39:53.034 8 INFO neutron_taas.services.taas.tap_mirror_plugin [None req-0c2cdb79-f275-443e-9a69-3944084355d1 f22d1d87faab49c7906c28739ad6ceff d5ca5e64b80642e2a74c68381ce911dc - - default default] Tap Mirror: Handle Delete Port: 0161d912-c856-4ccb-963f-0f285e721f67 [pid: 8|app: 0|req: 1315/2539] 10.0.0.206 () {32 vars in 726 bytes} [Tue Apr 14 08:39:52 2026] DELETE /v2.0/networks/816c0f2f-c7e7-461a-bb16-79547fad3e3c => generated 0 bytes in 408 msecs (HTTP/1.1 204) 3 headers in 131 bytes (1 switches on core 0)
2026-04-14 08:39:53.458 8 INFO neutron_taas.services.taas.taas_plugin [None req-45c5cb3b-f38a-48ef-b5e7-e4df76713ba6 f22d1d87faab49c7906c28739ad6ceff d5ca5e64b80642e2a74c68381ce911dc - - default default] TaaS: Handle Delete Port: 71b29146-b897-4439-947d-e10f075bbc26
2026-04-14 08:39:53.460 8 INFO neutron_taas.services.taas.tap_mirror_plugin [None req-45c5cb3b-f38a-48ef-b5e7-e4df76713ba6 f22d1d87faab49c7906c28739ad6ceff d5ca5e64b80642e2a74c68381ce911dc - - default default] Tap Mirror: Handle Delete Port: 71b29146-b897-4439-947d-e10f075bbc26 [pid: 8|app: 0|req: 1316/2540] 10.0.0.206 () {32 vars in 726 bytes} [Tue Apr 14 08:39:53 2026] DELETE /v2.0/networks/d59de3e4-eaec-4050-9d86-c9bf7e29d922 => generated 0 bytes in 387 msecs (HTTP/1.1 204) 3 headers in 131 bytes (1 switches on core 0)
2026-04-14 08:39:53.833 7 WARNING neutron.scheduler.dhcp_agent_scheduler [None req-475d6370-856c-4b49-8fd9-a282a5a00b2c 9892e8b2af8f4dd4a351c757083364e0 2fd9bb7ec49c48cc82afcb8bf201f296 - - default default] No more DHCP agents
2026-04-14 08:39:53.834 7 WARNING neutron.api.rpc.agentnotifiers.dhcp_rpc_agent_api [None req-475d6370-856c-4b49-8fd9-a282a5a00b2c 9892e8b2af8f4dd4a351c757083364e0 2fd9bb7ec49c48cc82afcb8bf201f296 - - default default] Unable to schedule network edf0f125-afeb-47fe-ac6f-290aa26c5989: no agents available; will retry on subsequent port and subnet creation events.
2026-04-14 08:39:53.865 8 INFO neutron_taas.services.taas.taas_plugin [None req-7a1292ea-385c-4a5f-bcf9-bbece2c02f2e f22d1d87faab49c7906c28739ad6ceff d5ca5e64b80642e2a74c68381ce911dc - - default default] TaaS: Handle Delete Port: a324685f-3b5d-429c-aaa6-3bc459c198b7
2026-04-14 08:39:53.867 8 INFO neutron_taas.services.taas.tap_mirror_plugin [None req-7a1292ea-385c-4a5f-bcf9-bbece2c02f2e f22d1d87faab49c7906c28739ad6ceff d5ca5e64b80642e2a74c68381ce911dc - - default default] Tap Mirror: Handle Delete Port: a324685f-3b5d-429c-aaa6-3bc459c198b7 [pid: 8|app: 0|req: 1317/2541] 10.0.0.206 () {32 vars in 726 bytes} [Tue Apr 14 08:39:53 2026] DELETE /v2.0/networks/6d9839b4-ea26-45c5-9315-ad0dd30589e0 => generated 0 bytes in 358 msecs (HTTP/1.1 204) 3 headers in 131 bytes (1 switches on core 0)
2026-04-14 08:39:54.193 8 INFO neutron_taas.services.taas.taas_plugin [None req-03d25804-c7e2-442c-b032-24a9b52c8bab f22d1d87faab49c7906c28739ad6ceff d5ca5e64b80642e2a74c68381ce911dc - - default default] TaaS: Handle Delete Port: cb6f3e64-8475-4579-a359-95576eeedb9e
2026-04-14 08:39:54.199 8 INFO neutron_taas.services.taas.tap_mirror_plugin [None req-03d25804-c7e2-442c-b032-24a9b52c8bab f22d1d87faab49c7906c28739ad6ceff d5ca5e64b80642e2a74c68381ce911dc - - default default] Tap Mirror: Handle Delete Port: cb6f3e64-8475-4579-a359-95576eeedb9e
2026-04-14 08:39:54.335 7 INFO neutron.db.ovn_revision_numbers_db [None req-475d6370-856c-4b49-8fd9-a282a5a00b2c 9892e8b2af8f4dd4a351c757083364e0 2fd9bb7ec49c48cc82afcb8bf201f296 - - default default] Successfully bumped revision number for resource cf383510-7e55-46e0-8fde-9046492eb6f6 (type: router_ports) to 1 [pid: 7|app: 0|req: 1225/2542] 10.0.0.206 () {34 vars in 783 bytes} [Tue Apr 14 08:39:52 2026] PUT /v2.0/routers/2d5fa4fe-0557-45da-a12a-2a25804041ac/add_router_interface => generated 309 bytes in 2317 msecs (HTTP/1.1 200) 4 headers in 157 bytes (1 switches on core 0) [pid: 8|app: 0|req: 1318/2543] 10.0.0.206 () {32 vars in 726 bytes} [Tue Apr 14 08:39:54 2026] DELETE /v2.0/networks/34fd235a-a3b6-4eb9-872c-a590bf242aa5 => generated 0 bytes in 408 msecs (HTTP/1.1 204) 3 headers in 131 bytes (1 switches on core 0)
2026-04-14 08:39:54.558 7 INFO neutron.db.ovn_revision_numbers_db [None req-15100f4c-ada7-4421-969c-d48cc18b1e40 9892e8b2af8f4dd4a351c757083364e0 2fd9bb7ec49c48cc82afcb8bf201f296 - - default default] Successfully bumped revision number for resource 60eff901-547e-4087-801a-231531ae7705 (type: security_groups) to 1
2026-04-14 08:39:54.569 7 INFO neutron.db.ovn_revision_numbers_db [None req-15100f4c-ada7-4421-969c-d48cc18b1e40 9892e8b2af8f4dd4a351c757083364e0 2fd9bb7ec49c48cc82afcb8bf201f296 - - default default] Successfully bumped revision number for resource b68de496-bcdb-4454-8f17-f02f9387aa22 (type: security_group_rules) to 0
2026-04-14 08:39:54.581 7 INFO neutron.db.ovn_revision_numbers_db [None req-15100f4c-ada7-4421-969c-d48cc18b1e40 9892e8b2af8f4dd4a351c757083364e0 2fd9bb7ec49c48cc82afcb8bf201f296 - - default default] Successfully bumped revision number for resource d5b6796f-a608-4dd4-8c03-817166c41f66 (type: security_group_rules) to 0 [pid: 7|app: 0|req: 1226/2544] 10.0.0.206 () {34 vars in 684 bytes} [Tue Apr 14 08:39:54 2026] POST /v2.0/security-groups => generated 1628 bytes in 220 msecs (HTTP/1.1 201) 4 headers in 163 bytes (1 switches on core 0)
2026-04-14 08:39:54.773 8 INFO neutron.db.ovn_revision_numbers_db [None req-0554afa3-8e1b-4fdf-9517-b1b24d64d80e 9892e8b2af8f4dd4a351c757083364e0 2fd9bb7ec49c48cc82afcb8bf201f296 - - default default] Successfully bumped revision number for resource fe381d93-b1ad-42dd-8c1c-68b88f40bd30 (type: security_group_rules) to 0 [pid: 8|app: 0|req: 1319/2545] 10.0.0.206 () {34 vars in 695 bytes} [Tue Apr 14 08:39:54 2026] POST /v2.0/security-group-rules => generated 597 bytes in 184 msecs (HTTP/1.1 201) 4 headers in 162 bytes (1 switches on core 0)
2026-04-14 08:39:54.836 8 INFO neutron.services.segments.plugin [-] Segment bfc59037-ac1f-4169-8fb6-46fcc97e52f6 resource provider aggregate not found
2026-04-14 08:39:54.855 8 INFO neutron.services.segments.plugin [-] Segment bfc59037-ac1f-4169-8fb6-46fcc97e52f6 resource provider not found; error: Placement Client Error (4xx): {"errors": [{"status": 404, "title": "Not Found", "detail": "The resource could not be found.\n\n No resource provider with uuid bfc59037-ac1f-4169-8fb6-46fcc97e52f6 found for delete ", "request_id": "req-540ddda6-e113-4e57-9586-73f6d3d49fb5"}]}
2026-04-14 08:39:54.857 8 INFO neutron.services.segments.plugin [-] Segment bfc59037-ac1f-4169-8fb6-46fcc97e52f6 resource provider aggregate not found
2026-04-14 08:39:54.871 8 INFO neutron.services.segments.plugin [-] Segment d87e28f5-05a8-4844-8d51-29ccfef33f94 resource provider aggregate not found
2026-04-14 08:39:54.872 8 INFO neutron.services.segments.plugin [-] Segment bfc59037-ac1f-4169-8fb6-46fcc97e52f6 resource provider not found; error: Placement Client Error (4xx): {"errors": [{"status": 404, "title": "Not Found", "detail": "The resource could not be found.\n\n No resource provider with uuid bfc59037-ac1f-4169-8fb6-46fcc97e52f6 found for delete ", "request_id": "req-7e903282-1881-451d-ac41-204157c02518"}]}
2026-04-14 08:39:54.888 8 INFO neutron.services.segments.plugin [-] Segment d87e28f5-05a8-4844-8d51-29ccfef33f94 resource provider aggregate not found
2026-04-14 08:39:54.888 8 INFO neutron.services.segments.plugin [-] Segment d87e28f5-05a8-4844-8d51-29ccfef33f94 resource provider not found; error: Placement Client Error (4xx): {"errors": [{"status": 404, "title": "Not Found", "detail": "The resource could not be found.\n\n No resource provider with uuid d87e28f5-05a8-4844-8d51-29ccfef33f94 found for delete ", "request_id": "req-9b55d16c-43a8-4e9a-a833-4174064a01ae"}]}
2026-04-14 08:39:54.901 8 INFO neutron.services.segments.plugin [-] Segment d87e28f5-05a8-4844-8d51-29ccfef33f94 resource provider not found; error: Placement Client Error (4xx): {"errors": [{"status": 404, "title": "Not Found", "detail": "The resource could not be found.\n\n No resource provider with uuid d87e28f5-05a8-4844-8d51-29ccfef33f94 found for delete ", "request_id": "req-204b24f1-3d29-4b5a-ad21-3941982f1733"}]}
2026-04-14 08:39:54.901 8 INFO neutron.services.segments.plugin [-] Segment 7443816a-c191-4a41-b507-c46355c4feeb resource provider aggregate not found
2026-04-14 08:39:54.914 8 INFO neutron.services.segments.plugin [-] Segment 7443816a-c191-4a41-b507-c46355c4feeb resource provider aggregate not found
2026-04-14 08:39:54.922 8 INFO neutron.services.segments.plugin [-] Segment 7443816a-c191-4a41-b507-c46355c4feeb resource provider not found; error: Placement Client Error (4xx): {"errors": [{"status": 404, "title": "Not Found", "detail": "The resource could not be found.\n\n No resource provider with uuid 7443816a-c191-4a41-b507-c46355c4feeb found for delete ", "request_id": "req-c935b467-ae51-44a9-9988-f7153ed1ed5a"}]}
2026-04-14 08:39:54.928 8 INFO neutron.services.segments.plugin [-] Segment 7443816a-c191-4a41-b507-c46355c4feeb resource provider not found; error: Placement Client Error (4xx): {"errors": [{"status": 404, "title": "Not Found", "detail": "The resource could not be found.\n\n No resource provider with uuid 7443816a-c191-4a41-b507-c46355c4feeb found for delete ", "request_id": "req-4c237ef4-7b6b-484c-8877-8fa7e1fa571b"}]}
2026-04-14 08:39:54.940 8 INFO neutron.services.segments.plugin [-] Segment 705a4b9f-afe1-4c72-ae6d-8aab2b6d94da resource provider aggregate not found
2026-04-14 08:39:54.943 8 INFO neutron.services.segments.plugin [-] Segment 705a4b9f-afe1-4c72-ae6d-8aab2b6d94da resource provider aggregate not found
2026-04-14 08:39:54.957 8 INFO neutron.services.segments.plugin [-] Segment 705a4b9f-afe1-4c72-ae6d-8aab2b6d94da resource provider not found; error: Placement Client Error (4xx): {"errors": [{"status": 404, "title": "Not Found", "detail": "The resource could not be found.\n\n No resource provider with uuid 705a4b9f-afe1-4c72-ae6d-8aab2b6d94da found for delete ", "request_id": "req-cef6869f-8b98-4a60-b3be-dca3c423bcba"}]}
2026-04-14 08:39:54.962 8 INFO neutron.services.segments.plugin [-] Segment 705a4b9f-afe1-4c72-ae6d-8aab2b6d94da resource provider not found; error: Placement Client Error (4xx): {"errors": [{"status": 404, "title": "Not Found", "detail": "The resource could not be found.\n\n No resource provider with uuid 705a4b9f-afe1-4c72-ae6d-8aab2b6d94da found for delete ", "request_id": "req-d1c68285-6684-4d3a-ae8d-b2276993ef3d"}]}
2026-04-14 08:39:54.971 7 INFO neutron.db.ovn_revision_numbers_db [None req-5d72b772-6300-41f9-9e56-b06016c60d79 9892e8b2af8f4dd4a351c757083364e0 2fd9bb7ec49c48cc82afcb8bf201f296 - - default default] Successfully bumped revision number for resource 7772c443-b00c-44fc-bd24-a57abd9eff51 (type: security_group_rules) to 0 [pid: 7|app: 0|req: 1227/2546] 10.0.0.206 () {34 vars in 695 bytes} [Tue Apr 14 08:39:54 2026] POST /v2.0/security-group-rules => generated 597 bytes in 192 msecs (HTTP/1.1 201) 4 headers in 162 bytes (1 switches on core 0)
2026-04-14 08:39:55.165 8 INFO neutron.db.ovn_revision_numbers_db [None req-29928df3-a488-4e08-98aa-f3573e5b23e4 9892e8b2af8f4dd4a351c757083364e0 2fd9bb7ec49c48cc82afcb8bf201f296 - - default default] Successfully bumped revision number for resource 6d1db823-bac9-4330-bae6-bc8feb2ce11b (type: security_group_rules) to 0 [pid: 8|app: 0|req: 1320/2547] 10.0.0.206 () {34 vars in 695 bytes} [Tue Apr 14 08:39:55 2026] POST /v2.0/security-group-rules => generated 599 bytes in 187 msecs (HTTP/1.1 201) 4 headers in 162 bytes (1 switches on core 0)
2026-04-14 08:39:55.387 7 INFO neutron.db.ovn_revision_numbers_db [None req-f7880dd8-027f-4ede-860e-cfac5acf2083 9892e8b2af8f4dd4a351c757083364e0 2fd9bb7ec49c48cc82afcb8bf201f296 - - default default] Successfully bumped revision number for resource 7a0a3aaa-6c46-4969-bbd9-0f3894ec4cd5 (type: security_group_rules) to 0 [pid: 7|app: 0|req: 1228/2548] 10.0.0.206 () {34 vars in 695 bytes} [Tue Apr 14 08:39:55 2026] POST /v2.0/security-group-rules => generated 601 bytes in 216 msecs (HTTP/1.1 201) 4 headers in 162 bytes (1 switches on core 0)
2026-04-14 08:39:55.586 7 INFO neutron.db.ovn_revision_numbers_db [None req-aac968b0-e438-4553-9a10-302c0d9af95c 9892e8b2af8f4dd4a351c757083364e0 2fd9bb7ec49c48cc82afcb8bf201f296 - - default default] Successfully bumped revision number for resource c4e258bb-6440-4dab-b478-8799de9968a9 (type: security_group_rules) to 0 [pid: 7|app: 0|req: 1229/2549] 10.0.0.206 () {34 vars in 695 bytes} [Tue Apr 14 08:39:55 2026] POST /v2.0/security-group-rules => generated 601 bytes in 205 msecs (HTTP/1.1 201) 4 headers in 162 bytes (1 switches on core 0)
2026-04-14 08:39:55.649 8 INFO neutron.db.ovn_revision_numbers_db [None req-be2b5aa0-e0f4-48e6-926c-e07f82a44166 19623bc357f548ec982be549513bf84f ed4d15c968e54329b5d06fd17c76f465 - - default default] Successfully bumped revision number for resource 3171846b-bcc0-44c5-8e29-536a56b44277 (type: security_groups) to 1
2026-04-14 08:39:55.661 8 INFO neutron.db.ovn_revision_numbers_db [None req-be2b5aa0-e0f4-48e6-926c-e07f82a44166 19623bc357f548ec982be549513bf84f ed4d15c968e54329b5d06fd17c76f465 - - default default] Successfully bumped revision number for resource 26bdbb34-be59-46bf-bcd5-dc6db15942d8 (type: security_group_rules) to 0
2026-04-14 08:39:55.672 8 INFO neutron.db.ovn_revision_numbers_db [None req-be2b5aa0-e0f4-48e6-926c-e07f82a44166 19623bc357f548ec982be549513bf84f ed4d15c968e54329b5d06fd17c76f465 - - default default] Successfully bumped revision number for resource 53693ae0-855c-4e02-bbe4-c20628fd2d6c (type: security_group_rules) to 0
2026-04-14 08:39:55.687 8 INFO neutron.db.ovn_revision_numbers_db [None req-be2b5aa0-e0f4-48e6-926c-e07f82a44166 19623bc357f548ec982be549513bf84f ed4d15c968e54329b5d06fd17c76f465 - - default default] Successfully bumped revision number for resource b8d98159-52c0-49a0-8d09-741455e4e250 (type: security_group_rules) to 0
2026-04-14 08:39:55.698 8 INFO neutron.db.ovn_revision_numbers_db [None req-be2b5aa0-e0f4-48e6-926c-e07f82a44166 19623bc357f548ec982be549513bf84f ed4d15c968e54329b5d06fd17c76f465 - - default default] Successfully bumped revision number for resource be57ff46-52a8-46d8-a196-a6cb77979fd3 (type: security_group_rules) to 0 [pid: 8|app: 0|req: 1321/2550] 10.0.0.206 () {32 vars in 774 bytes} [Tue Apr 14 08:39:55 2026] GET /v2.0/security-groups?tenant_id=eaeec61055be4811a5f00a7f024b0d62&name=default => generated 2927 bytes in 460 msecs (HTTP/1.1 200) 4 headers in 158 bytes (1 switches on core 0)
2026-04-14 08:39:55.821 7 INFO neutron.db.ovn_revision_numbers_db [None req-48f69209-a21e-40e1-94b6-cae727496933 9892e8b2af8f4dd4a351c757083364e0 2fd9bb7ec49c48cc82afcb8bf201f296 - - default default] Successfully bumped revision number for resource 447664b7-ed19-4726-b5ed-9253bcec539d (type: security_group_rules) to 0 [pid: 7|app: 0|req: 1230/2551] 10.0.0.206 () {34 vars in 695 bytes} [Tue Apr 14 08:39:55 2026] POST /v2.0/security-group-rules => generated 597 bytes in 220 msecs (HTTP/1.1 201) 4 headers in 162 bytes (1 switches on core 0) [pid: 8|app: 0|req: 1322/2552] 10.0.0.206 () {32 vars in 740 bytes} [Tue Apr 14 08:39:55 2026] DELETE /v2.0/security-groups/3171846b-bcc0-44c5-8e29-536a56b44277 => generated 0 bytes in 360 msecs (HTTP/1.1 204) 2 headers in 112 bytes (1 switches on core 0)
2026-04-14 08:39:56.106 7 INFO neutron.db.ovn_revision_numbers_db [None req-4f3f4ffe-ff1f-44a2-ba7e-a36ae601d6b5 9892e8b2af8f4dd4a351c757083364e0 2fd9bb7ec49c48cc82afcb8bf201f296 - - default default] Successfully bumped revision number for resource 6cc0991a-75ea-4f02-8247-748274d61716 (type: security_group_rules) to 0 [pid: 7|app: 0|req: 1231/2553] 10.0.0.206 () {34 vars in 695 bytes} [Tue Apr 14 08:39:55 2026] POST /v2.0/security-group-rules => generated 597 bytes in 282 msecs (HTTP/1.1 201) 4 headers in 162 bytes (1 switches on core 0)
2026-04-14 08:39:56.310 8 INFO neutron.db.ovn_revision_numbers_db [None req-933a85a2-1719-4092-b054-8c5683db5320 9892e8b2af8f4dd4a351c757083364e0 2fd9bb7ec49c48cc82afcb8bf201f296 - - default default] Successfully bumped revision number for resource 6633df07-37de-4b1c-bc44-bcd20d5eaba8 (type: security_group_rules) to 0 [pid: 8|app: 0|req: 1323/2554] 10.0.0.206 () {34 vars in 695 bytes} [Tue Apr 14 08:39:56 2026] POST /v2.0/security-group-rules => generated 597 bytes in 210 msecs (HTTP/1.1 201) 4 headers in 162 bytes (1 switches on core 0)
2026-04-14 08:39:56.369 7 INFO neutron.db.ovn_revision_numbers_db [None req-2537a78b-89c0-4366-bd32-4da0e87d8829 19623bc357f548ec982be549513bf84f ed4d15c968e54329b5d06fd17c76f465 - - default default] Successfully bumped revision number for resource 32b1237e-512b-4291-974c-c04bc8792d95 (type: security_groups) to 1
2026-04-14 08:39:56.381 7 INFO neutron.db.ovn_revision_numbers_db [None req-2537a78b-89c0-4366-bd32-4da0e87d8829 19623bc357f548ec982be549513bf84f ed4d15c968e54329b5d06fd17c76f465 - - default default] Successfully bumped revision number for resource 33f2349a-344f-49a6-88a8-c528e7059a20 (type: security_group_rules) to 0
2026-04-14 08:39:56.392 7 INFO neutron.db.ovn_revision_numbers_db [None req-2537a78b-89c0-4366-bd32-4da0e87d8829 19623bc357f548ec982be549513bf84f ed4d15c968e54329b5d06fd17c76f465 - - default default] Successfully bumped revision number for resource 3eccdfd0-adcf-47e6-be70-9cf99da1536d (type: security_group_rules) to 0
2026-04-14 08:39:56.403 7 INFO neutron.db.ovn_revision_numbers_db [None req-2537a78b-89c0-4366-bd32-4da0e87d8829 19623bc357f548ec982be549513bf84f ed4d15c968e54329b5d06fd17c76f465 - - default default] Successfully bumped revision number for resource 40e1bab1-59a4-4b46-b51b-aa96bb96df52 (type: security_group_rules) to 0
2026-04-14 08:39:56.415 7 INFO neutron.db.ovn_revision_numbers_db [None req-2537a78b-89c0-4366-bd32-4da0e87d8829 19623bc357f548ec982be549513bf84f ed4d15c968e54329b5d06fd17c76f465 - - default default] Successfully bumped revision number for resource 94e6a299-d65a-4e6e-9bc9-992d5994aa61 (type: security_group_rules) to 0 [pid: 7|app: 0|req: 1232/2555] 10.0.0.206 () {32 vars in 774 bytes} [Tue Apr 14 08:39:56 2026] GET /v2.0/security-groups?tenant_id=cfd22acf22794891a3b5993c293cb407&name=default => generated 2929 bytes in 277 msecs (HTTP/1.1 200) 4 headers in 158 bytes (1 switches on core 0)
2026-04-14 08:39:56.558 8 INFO neutron.db.ovn_revision_numbers_db [None req-42b7c25f-7890-4d99-a67d-10a6b68f35d6 9892e8b2af8f4dd4a351c757083364e0 2fd9bb7ec49c48cc82afcb8bf201f296 - - default default] Successfully bumped revision number for resource 70cdbacb-8cf9-4c66-8951-56d99a48b91f (type: security_group_rules) to 0 [pid: 8|app: 0|req: 1324/2556] 10.0.0.206 () {34 vars in 695 bytes} [Tue Apr 14 08:39:56 2026] POST /v2.0/security-group-rules => generated 599 bytes in 239 msecs (HTTP/1.1 201) 4 headers in 162 bytes (1 switches on core 0) [pid: 7|app: 0|req: 1233/2557] 10.0.0.206 () {32 vars in 740 bytes} [Tue Apr 14 08:39:56 2026] DELETE /v2.0/security-groups/32b1237e-512b-4291-974c-c04bc8792d95 => generated 0 bytes in 294 msecs (HTTP/1.1 204) 2 headers in 112 bytes (1 switches on core 0)
2026-04-14 08:39:56.793 7 WARNING neutron.plugins.ml2.drivers.ovn.mech_driver.ovsdb.ovn_client [None req-f1faed4e-875b-4852-a68e-8fdc25a16b2c - - - - - -] No hosting information found for port 20f55693-e242-4616-bc8f-702fcd3acba6: RuntimeError: No hosting information found for port 20f55693-e242-4616-bc8f-702fcd3acba6
2026-04-14 08:39:56.828 8 INFO neutron.db.ovn_revision_numbers_db [None req-1b17ae8d-1c0b-4df2-a936-b3dac2ef283e 9892e8b2af8f4dd4a351c757083364e0 2fd9bb7ec49c48cc82afcb8bf201f296 - - default default] Successfully bumped revision number for resource 4c238600-16fc-4775-bb1c-6651379cf01a (type: security_group_rules) to 0 [pid: 8|app: 0|req: 1325/2558] 10.0.0.206 () {34 vars in 695 bytes} [Tue Apr 14 08:39:56 2026] POST /v2.0/security-group-rules => generated 601 bytes in 276 msecs (HTTP/1.1 201) 4 headers in 162 bytes (1 switches on core 0)
2026-04-14 08:39:56.882 7 INFO neutron.db.ovn_revision_numbers_db [None req-f1faed4e-875b-4852-a68e-8fdc25a16b2c - - - - - -] Successfully bumped revision number for resource 20f55693-e242-4616-bc8f-702fcd3acba6 (type: router_ports) to 2
2026-04-14 08:39:56.882 7 INFO neutron.plugins.ml2.drivers.ovn.mech_driver.mech_driver [None req-f1faed4e-875b-4852-a68e-8fdc25a16b2c - - - - - -] OVN reports status down for port: 552bb664-7628-4dbf-8f00-77489cdcf898 [pid: 8|app: 0|req: 1326/2559] 10.0.0.206 () {32 vars in 774 bytes} [Tue Apr 14 08:39:56 2026] GET /v2.0/security-groups?tenant_id=d5ca5e64b80642e2a74c68381ce911dc&name=default => generated 2925 bytes in 29 msecs (HTTP/1.1 200) 4 headers in 158 bytes (1 switches on core 0)
2026-04-14 08:39:56.986 7 WARNING neutron.plugins.ml2.drivers.ovn.mech_driver.ovsdb.ovn_client [None req-f1faed4e-875b-4852-a68e-8fdc25a16b2c - - - - - -] Logical_Switch_Port 552bb664-7628-4dbf-8f00-77489cdcf898 host information not removed, the port state is up
2026-04-14 08:39:56.987 7 INFO neutron.plugins.ml2.drivers.ovn.mech_driver.mech_driver [None req-f1faed4e-875b-4852-a68e-8fdc25a16b2c - - - - - -] OVN reports status up for port: 552bb664-7628-4dbf-8f00-77489cdcf898
2026-04-14 08:39:57.008 7 INFO neutron.plugins.ml2.plugin [None req-f1faed4e-875b-4852-a68e-8fdc25a16b2c - - - - - -] Attempt 1 to provision port 552bb664-7628-4dbf-8f00-77489cdcf898 [pid: 8|app: 0|req: 1327/2560] 10.0.0.206 () {32 vars in 740 bytes} [Tue Apr 14 08:39:56 2026] DELETE /v2.0/security-groups/7f64df12-7773-428e-8a6e-fdf392b1bb9b => generated 0 bytes in 270 msecs (HTTP/1.1 204) 2 headers in 112 bytes (1 switches on core 0)
2026-04-14 08:39:57.370 7 INFO neutron.db.ovn_revision_numbers_db [None req-56f56ea5-9b85-4ee7-a061-20df1781deff 9892e8b2af8f4dd4a351c757083364e0 2fd9bb7ec49c48cc82afcb8bf201f296 - - default default] Successfully bumped revision number for resource 76e507fb-3a1a-4114-85b2-31e2bc8209cf (type: security_group_rules) to 0 [pid: 7|app: 0|req: 1234/2561] 10.0.0.206 () {34 vars in 695 bytes} [Tue Apr 14 08:39:56 2026] POST /v2.0/security-group-rules => generated 597 bytes in 539 msecs (HTTP/1.1 201) 4 headers in 162 bytes (1 switches on core 0)
2026-04-14 08:39:57.637 7 INFO neutron.db.ovn_revision_numbers_db [None req-f1faed4e-875b-4852-a68e-8fdc25a16b2c - - - - - -] Successfully bumped revision number for resource 552bb664-7628-4dbf-8f00-77489cdcf898 (type: ports) to 2 [pid: 8|app: 0|req: 1328/2562] 10.0.0.49 () {34 vars in 1095 bytes} [Tue Apr 14 08:39:57 2026] GET /v2.0/security-groups?name=tempest-lb_member_SG-1381244596&fields=id&tenant_id=2fd9bb7ec49c48cc82afcb8bf201f296 => generated 69 bytes in 33 msecs (HTTP/1.1 200) 4 headers in 156 bytes (1 switches on core 0) [pid: 7|app: 0|req: 1235/2563] 10.0.0.49 () {34 vars in 981 bytes} [Tue Apr 14 08:39:57 2026] GET /v2.0/networks?id=e2aa7696-1184-4b7b-8abc-28754f1483ac => generated 705 bytes in 102 msecs (HTTP/1.1 200) 4 headers in 157 bytes (1 switches on core 0) [pid: 8|app: 0|req: 1329/2564] 10.0.0.49 () {34 vars in 964 bytes} [Tue Apr 14 08:39:57 2026] GET /v2.0/quotas/2fd9bb7ec49c48cc82afcb8bf201f296 => generated 292 bytes in 16 msecs (HTTP/1.1 200) 4 headers in 157 bytes (1 switches on core 0) [pid: 7|app: 0|req: 1236/2565] 10.0.0.49 () {34 vars in 1001 bytes} [Tue Apr 14 08:39:57 2026] GET /v2.0/ports?tenant_id=2fd9bb7ec49c48cc82afcb8bf201f296&fields=id => generated 287 bytes in 153 msecs (HTTP/1.1 200) 4 headers in 157 bytes (1 switches on core 0) [pid: 8|app: 0|req: 1330/2566] 10.0.0.49 () {34 vars in 1007 bytes} [Tue Apr 14 08:39:57 2026] GET /v2.0/networks/e2aa7696-1184-4b7b-8abc-28754f1483ac?fields=segments => generated 14 bytes in 42 msecs (HTTP/1.1 200) 4 headers in 156 bytes (1 switches on core 0) [pid: 7|app: 0|req: 1237/2567] 10.0.0.49 () {34 vars in 1107 bytes} [Tue Apr 14 08:39:58 2026] GET /v2.0/networks/e2aa7696-1184-4b7b-8abc-28754f1483ac?fields=provider%3Aphysical_network&fields=provider%3Anetwork_type => generated 79 bytes in 45 msecs (HTTP/1.1 200) 4 headers in 156 bytes (1 switches on core 0) [pid: 8|app: 0|req: 1331/2568] 10.0.0.49 () {34 vars in 989 bytes} [Tue Apr 14 08:39:58 2026] GET /v2.0/ports?device_id=df84ffab-d7fe-4050-ba37-2787dbefae3a => generated 12 bytes in 22 msecs (HTTP/1.1 200) 4 headers in 156 bytes (1 switches on core 0)
2026-04-14 08:40:00.664 7 INFO neutron.db.ovn_revision_numbers_db [None req-043fe4ac-7f0c-4a9f-9b6b-e1ca4b9378c5 29a2427abd9f439eb2ca1aac80df774a 22a438aa25c24bec973eb71566ff5743 - - default default] Successfully bumped revision number for resource 1b403747-a818-4467-a37a-52b5edebe56f (type: security_groups) to 1
2026-04-14 08:40:00.676 7 INFO neutron.db.ovn_revision_numbers_db [None req-043fe4ac-7f0c-4a9f-9b6b-e1ca4b9378c5 29a2427abd9f439eb2ca1aac80df774a 22a438aa25c24bec973eb71566ff5743 - - default default] Successfully bumped revision number for resource 22ec2e67-e9a6-40c7-9f01-ef888fcc2d11 (type: security_group_rules) to 0
2026-04-14 08:40:00.687 7 INFO neutron.db.ovn_revision_numbers_db [None req-043fe4ac-7f0c-4a9f-9b6b-e1ca4b9378c5 29a2427abd9f439eb2ca1aac80df774a 22a438aa25c24bec973eb71566ff5743 - - default default] Successfully bumped revision number for resource 5a0e4d26-c56c-4bb5-8d38-35578aaebb72 (type: security_group_rules) to 0
2026-04-14 08:40:00.698 7 INFO neutron.db.ovn_revision_numbers_db [None req-043fe4ac-7f0c-4a9f-9b6b-e1ca4b9378c5 29a2427abd9f439eb2ca1aac80df774a 22a438aa25c24bec973eb71566ff5743 - - default default] Successfully bumped revision number for resource 5f1882eb-e4a5-4a7e-ae0d-acca8f517a0d (type: security_group_rules) to 0
2026-04-14 08:40:00.712 7 INFO neutron.db.ovn_revision_numbers_db [None req-043fe4ac-7f0c-4a9f-9b6b-e1ca4b9378c5 29a2427abd9f439eb2ca1aac80df774a 22a438aa25c24bec973eb71566ff5743 - - default default] Successfully bumped revision number for resource cf96b90c-17e5-4c54-8cf9-641564856719 (type: security_group_rules) to 0
2026-04-14 08:40:00.792 7 INFO neutron.db.segments_db [None req-043fe4ac-7f0c-4a9f-9b6b-e1ca4b9378c5 29a2427abd9f439eb2ca1aac80df774a 22a438aa25c24bec973eb71566ff5743 - - default default] Added segment 00ab4b4c-c7db-4404-afbb-a0915ac5a093 of type geneve for network 583462cd-6818-4be1-bc12-2495529db3c9
2026-04-14 08:40:00.926 7 INFO neutron.db.ovn_revision_numbers_db [None req-043fe4ac-7f0c-4a9f-9b6b-e1ca4b9378c5 29a2427abd9f439eb2ca1aac80df774a 22a438aa25c24bec973eb71566ff5743 - - default default] Successfully bumped revision number for resource 583462cd-6818-4be1-bc12-2495529db3c9 (type: networks) to 1
2026-04-14 08:40:01.090 7 WARNING neutron.scheduler.dhcp_agent_scheduler [None req-043fe4ac-7f0c-4a9f-9b6b-e1ca4b9378c5 29a2427abd9f439eb2ca1aac80df774a 22a438aa25c24bec973eb71566ff5743 - - default default] No more DHCP agents
2026-04-14 08:40:01.093 7 WARNING neutron.api.rpc.agentnotifiers.dhcp_rpc_agent_api [None req-043fe4ac-7f0c-4a9f-9b6b-e1ca4b9378c5 29a2427abd9f439eb2ca1aac80df774a 22a438aa25c24bec973eb71566ff5743 - - default default] Unable to schedule network 583462cd-6818-4be1-bc12-2495529db3c9: no agents available; will retry on subsequent port and subnet creation events.
2026-04-14 08:40:01.231 7 INFO neutron.db.ovn_revision_numbers_db [None req-043fe4ac-7f0c-4a9f-9b6b-e1ca4b9378c5 29a2427abd9f439eb2ca1aac80df774a 22a438aa25c24bec973eb71566ff5743 - - default default] Successfully bumped revision number for resource 995d53d7-93d9-44b5-b9c1-d016186f408e (type: ports) to 1 [pid: 7|app: 0|req: 1238/2569] 10.0.0.206 () {34 vars in 670 bytes} [Tue Apr 14 08:40:00 2026] POST /v2.0/networks => generated 632 bytes in 974 msecs (HTTP/1.1 201) 4 headers in 162 bytes (1 switches on core 0)
2026-04-14 08:40:01.492 8 WARNING neutron.scheduler.dhcp_agent_scheduler [None req-72a7398d-569d-4b56-8ae7-28978b69f5c8 29a2427abd9f439eb2ca1aac80df774a 22a438aa25c24bec973eb71566ff5743 - - default default] No more DHCP agents
2026-04-14 08:40:01.493 8 WARNING neutron.api.rpc.agentnotifiers.dhcp_rpc_agent_api [None req-72a7398d-569d-4b56-8ae7-28978b69f5c8 29a2427abd9f439eb2ca1aac80df774a 22a438aa25c24bec973eb71566ff5743 - - default default] Unable to schedule network 583462cd-6818-4be1-bc12-2495529db3c9: no agents available; will retry on subsequent port and subnet creation events.
