2026-05-08 20:34:55.404 8 INFO neutron.db.ovn_revision_numbers_db [None req-ccff200f-c7fe-4ec2-b649-b20bd931eac8 149267457f4b403d9bf6affdada6981e f0439395d045471489766d6724e22fe4 - - default default] Successfully bumped revision number for resource 0026bfb0-a9b0-411d-a3eb-2893f684dc6b (type: security_group_rules) to 0 [pid: 7|app: 0|req: 518/1032] 10.0.0.123 () {32 vars in 724 bytes} [Fri May 8 20:34:55 2026] DELETE /v2.0/subnets/4bfe9f2e-13f5-4c96-9c99-101a3c279255 => generated 0 bytes in 184 msecs (HTTP/1.1 204) 3 headers in 131 bytes (1 switches on core 0)
2026-05-08 20:34:55.417 8 INFO neutron.db.ovn_revision_numbers_db [None req-ccff200f-c7fe-4ec2-b649-b20bd931eac8 149267457f4b403d9bf6affdada6981e f0439395d045471489766d6724e22fe4 - - default default] Successfully bumped revision number for resource 2dcc2fd9-e5e0-4055-93aa-d5806cf89bca (type: security_group_rules) to 0
2026-05-08 20:34:55.429 8 INFO neutron.db.ovn_revision_numbers_db [None req-ccff200f-c7fe-4ec2-b649-b20bd931eac8 149267457f4b403d9bf6affdada6981e f0439395d045471489766d6724e22fe4 - - default default] Successfully bumped revision number for resource d7137e4e-15a7-4205-914d-303d5960dbff (type: security_group_rules) to 0
2026-05-08 20:34:55.439 8 INFO neutron.db.ovn_revision_numbers_db [None req-ccff200f-c7fe-4ec2-b649-b20bd931eac8 149267457f4b403d9bf6affdada6981e f0439395d045471489766d6724e22fe4 - - default default] Successfully bumped revision number for resource fa1fd01c-688a-498b-84b3-1dd3f9a3c12d (type: security_group_rules) to 0 [pid: 8|app: 0|req: 515/1033] 10.0.0.123 () {32 vars in 774 bytes} [Fri May 8 20:34:55 2026] GET /v2.0/security-groups?tenant_id=50b20f2760494a74827d06b0bf9397f0&name=default => generated 2925 bytes in 335 msecs (HTTP/1.1 200) 4 headers in 158 bytes (1 switches on core 0)
2026-05-08 20:34:55.669 7 WARNING neutron.scheduler.dhcp_agent_scheduler [None req-72456fc2-a3b6-4478-98df-9595ad5558b2 329d46db839e4c64b69cf727214501ce 0c7528dec978419a902e7e7da0a3ed69 - - default default] No more DHCP agents
2026-05-08 20:34:55.670 7 WARNING neutron.api.rpc.agentnotifiers.dhcp_rpc_agent_api [None req-72456fc2-a3b6-4478-98df-9595ad5558b2 329d46db839e4c64b69cf727214501ce 0c7528dec978419a902e7e7da0a3ed69 - - default default] Unable to schedule network 3a66c058-7095-4f59-bca6-d081ff3d6644: no agents available; will retry on subsequent port and subnet creation events.
2026-05-08 20:34:55.672 8 WARNING neutron.scheduler.dhcp_agent_scheduler [None req-5fe04145-ee92-40d0-aa36-4c648b600f87 a40bc810837a484798f92dc78d1d0467 8712af6c2a0b4c9fbeef4037edd24f42 - - default default] No more DHCP agents
2026-05-08 20:34:55.673 8 WARNING neutron.api.rpc.agentnotifiers.dhcp_rpc_agent_api [None req-5fe04145-ee92-40d0-aa36-4c648b600f87 a40bc810837a484798f92dc78d1d0467 8712af6c2a0b4c9fbeef4037edd24f42 - - default default] Unable to schedule network 3b7e5b37-d08a-4354-a179-0c4b34bf401c: no agents available; will retry on subsequent port and subnet creation events.
2026-05-08 20:34:55.824 7 INFO neutron.db.ovn_revision_numbers_db [None req-72456fc2-a3b6-4478-98df-9595ad5558b2 329d46db839e4c64b69cf727214501ce 0c7528dec978419a902e7e7da0a3ed69 - - default default] Successfully bumped revision number for resource 6ff9c389-8894-44b5-8bda-5e406b3fc965 (type: ports) to 1 [pid: 7|app: 0|req: 519/1034] 10.0.0.123 () {34 vars in 665 bytes} [Fri May 8 20:34:55 2026] POST /v2.0/ports => generated 955 bytes in 466 msecs (HTTP/1.1 201) 4 headers in 162 bytes (1 switches on core 0) /var/lib/openstack/lib/python3.12/site-packages/pycadf/identifier.py:70: UserWarning: Invalid uuid: neutron. To ensure interoperability, identifiers should be a valid uuid. warnings.warn(('Invalid uuid: %s. To ensure interoperability, ' [pid: 8|app: 0|req: 516/1035] 10.0.0.123 () {34 vars in 676 bytes} [Fri May 8 20:34:55 2026] POST /v2.0/floatingips => generated 552 bytes in 438 msecs (HTTP/1.1 201) 4 headers in 162 bytes (1 switches on core 0)
2026-05-08 20:34:55.985 7 INFO neutron_taas.services.taas.taas_plugin [None req-96680432-7961-4c71-89d2-3d6f27cbae0f 149267457f4b403d9bf6affdada6981e f0439395d045471489766d6724e22fe4 - - default default] TaaS: Handle Delete Port: cd00f9a0-0d24-4c2e-9962-63024abf423b
2026-05-08 20:34:55.987 7 INFO neutron_taas.services.taas.tap_mirror_plugin [None req-96680432-7961-4c71-89d2-3d6f27cbae0f 149267457f4b403d9bf6affdada6981e f0439395d045471489766d6724e22fe4 - - default default] Tap Mirror: Handle Delete Port: cd00f9a0-0d24-4c2e-9962-63024abf423b [pid: 8|app: 0|req: 517/1036] 10.0.0.123 () {32 vars in 740 bytes} [Fri May 8 20:34:55 2026] DELETE /v2.0/security-groups/e594dfc6-d231-4a12-b21b-076d57f57236 => generated 0 bytes in 218 msecs (HTTP/1.1 204) 2 headers in 112 bytes (1 switches on core 0)
2026-05-08 20:34:56.149 7 INFO neutron.services.segments.plugin [-] Segment 65b589eb-8c98-4f19-924e-fe11d9439563 resource provider aggregate not found
2026-05-08 20:34:56.158 7 INFO neutron.services.segments.plugin [-] Segment 65b589eb-8c98-4f19-924e-fe11d9439563 resource provider aggregate not found
2026-05-08 20:34:56.178 7 INFO neutron.services.segments.plugin [-] Segment 65b589eb-8c98-4f19-924e-fe11d9439563 resource provider not found; error: Placement Client Error (4xx): {"errors": [{"status": 404, "title": "Not Found", "detail": "The resource could not be found.\n\n No resource provider with uuid 65b589eb-8c98-4f19-924e-fe11d9439563 found for delete ", "request_id": "req-a069813c-b210-4d79-8185-7f7c9aa67c6a"}]}
2026-05-08 20:34:56.181 7 INFO neutron.services.segments.plugin [-] Segment 65b589eb-8c98-4f19-924e-fe11d9439563 resource provider not found; error: Placement Client Error (4xx): {"errors": [{"status": 404, "title": "Not Found", "detail": "The resource could not be found.\n\n No resource provider with uuid 65b589eb-8c98-4f19-924e-fe11d9439563 found for delete ", "request_id": "req-24db5f0f-a5cd-4442-bf1c-33ba2c7a87d0"}]} [pid: 7|app: 0|req: 520/1037] 10.0.0.123 () {32 vars in 726 bytes} [Fri May 8 20:34:55 2026] DELETE /v2.0/networks/7ef16be2-5515-4fdd-adca-1fe91b777a58 => generated 0 bytes in 319 msecs (HTTP/1.1 204) 3 headers in 131 bytes (1 switches on core 0) [pid: 7|app: 0|req: 521/1038] 10.0.0.246 () {34 vars in 1098 bytes} [Fri May 8 20:34:56 2026] GET /v2.0/security-groups?name=tempest-securitygroup--231362673&fields=id&tenant_id=8712af6c2a0b4c9fbeef4037edd24f42 => generated 69 bytes in 34 msecs (HTTP/1.1 200) 4 headers in 156 bytes (1 switches on core 0) [pid: 7|app: 0|req: 522/1039] 10.0.0.123 () {32 vars in 774 bytes} [Fri May 8 20:34:56 2026] GET /v2.0/security-groups?tenant_id=aca84408b6d0443e9ea887847713e5b6&name=default => generated 2921 bytes in 25 msecs (HTTP/1.1 200) 4 headers in 158 bytes (1 switches on core 0)
2026-05-08 20:34:56.397 8 WARNING neutron.scheduler.dhcp_agent_scheduler [None req-5e50d177-d48e-417f-aa86-f8662504600a 329d46db839e4c64b69cf727214501ce 0c7528dec978419a902e7e7da0a3ed69 - - default default] No more DHCP agents
2026-05-08 20:34:56.399 8 WARNING neutron.api.rpc.agentnotifiers.dhcp_rpc_agent_api [None req-5e50d177-d48e-417f-aa86-f8662504600a 329d46db839e4c64b69cf727214501ce 0c7528dec978419a902e7e7da0a3ed69 - - default default] Unable to schedule network 3a66c058-7095-4f59-bca6-d081ff3d6644: no agents available; will retry on subsequent port and subnet creation events. [pid: 7|app: 0|req: 523/1040] 10.0.0.246 () {34 vars in 982 bytes} [Fri May 8 20:34:56 2026] GET /v2.0/networks?id=15234b4a-ddea-418e-ae38-ec4c948da0fd => generated 675 bytes in 36 msecs (HTTP/1.1 200) 4 headers in 157 bytes (1 switches on core 0)
2026-05-08 20:34:56.529 8 INFO neutron.db.ovn_revision_numbers_db [None req-5e50d177-d48e-417f-aa86-f8662504600a 329d46db839e4c64b69cf727214501ce 0c7528dec978419a902e7e7da0a3ed69 - - default default] Successfully bumped revision number for resource 0aa503e1-3c51-410c-92b0-24b3a63f3ffa (type: ports) to 1 [pid: 8|app: 0|req: 518/1041] 10.0.0.123 () {34 vars in 665 bytes} [Fri May 8 20:34:56 2026] POST /v2.0/ports => generated 955 bytes in 458 msecs (HTTP/1.1 201) 4 headers in 162 bytes (1 switches on core 0) /var/lib/openstack/lib/python3.12/site-packages/pycadf/identifier.py:70: UserWarning: Invalid uuid: neutron. To ensure interoperability, identifiers should be a valid uuid. warnings.warn(('Invalid uuid: %s. To ensure interoperability, ' [pid: 8|app: 0|req: 519/1042] 10.0.0.246 () {34 vars in 965 bytes} [Fri May 8 20:34:56 2026] GET /v2.0/quotas/8712af6c2a0b4c9fbeef4037edd24f42 => generated 292 bytes in 10 msecs (HTTP/1.1 200) 4 headers in 157 bytes (1 switches on core 0) [pid: 7|app: 0|req: 524/1043] 10.0.0.123 () {32 vars in 740 bytes} [Fri May 8 20:34:56 2026] DELETE /v2.0/security-groups/d4cb8917-c660-4e94-995f-0aa71f7fda7e => generated 0 bytes in 245 msecs (HTTP/1.1 204) 2 headers in 112 bytes (1 switches on core 0) [pid: 7|app: 0|req: 525/1044] 10.0.0.246 () {34 vars in 1002 bytes} [Fri May 8 20:34:56 2026] GET /v2.0/ports?tenant_id=8712af6c2a0b4c9fbeef4037edd24f42&fields=id => generated 103 bytes in 69 msecs (HTTP/1.1 200) 4 headers in 157 bytes (1 switches on core 0) [pid: 7|app: 0|req: 526/1045] 10.0.0.246 () {34 vars in 1008 bytes} [Fri May 8 20:34:56 2026] GET /v2.0/networks/15234b4a-ddea-418e-ae38-ec4c948da0fd?fields=segments => generated 14 bytes in 32 msecs (HTTP/1.1 200) 4 headers in 156 bytes (1 switches on core 0)
2026-05-08 20:34:56.831 8 WARNING neutron.scheduler.dhcp_agent_scheduler [None req-98261aec-22b5-4cdd-8906-2f2a502dc8e3 329d46db839e4c64b69cf727214501ce 0c7528dec978419a902e7e7da0a3ed69 - - default default] No more DHCP agents
2026-05-08 20:34:56.834 8 WARNING neutron.api.rpc.agentnotifiers.dhcp_rpc_agent_api [None req-98261aec-22b5-4cdd-8906-2f2a502dc8e3 329d46db839e4c64b69cf727214501ce 0c7528dec978419a902e7e7da0a3ed69 - - default default] Unable to schedule network 3b7e5b37-d08a-4354-a179-0c4b34bf401c: no agents available; will retry on subsequent port and subnet creation events. [pid: 7|app: 0|req: 527/1046] 10.0.0.246 () {34 vars in 1108 bytes} [Fri May 8 20:34:56 2026] GET /v2.0/networks/15234b4a-ddea-418e-ae38-ec4c948da0fd?fields=provider%3Aphysical_network&fields=provider%3Anetwork_type => generated 79 bytes in 56 msecs (HTTP/1.1 200) 4 headers in 156 bytes (1 switches on core 0) [pid: 7|app: 0|req: 528/1047] 10.0.0.246 () {34 vars in 990 bytes} [Fri May 8 20:34:57 2026] GET /v2.0/ports?device_id=da2a1fb8-c271-41ac-80f1-972725f1c065 => generated 12 bytes in 25 msecs (HTTP/1.1 200) 4 headers in 156 bytes (1 switches on core 0)
2026-05-08 20:34:57.558 7 WARNING neutron.plugins.ml2.drivers.ovn.mech_driver.ovsdb.ovn_client [None req-8f50d2df-bad1-496d-a1e9-ecea1f29f1c3 - - - - - -] No hosting information found for port a80192c8-c61f-46fe-90a4-a71b70e8fab8: RuntimeError: No hosting information found for port a80192c8-c61f-46fe-90a4-a71b70e8fab8
2026-05-08 20:34:57.559 7 INFO neutron.plugins.ml2.drivers.ovn.mech_driver.mech_driver [None req-8f50d2df-bad1-496d-a1e9-ecea1f29f1c3 - - - - - -] OVN reports status up for port: cb1f27dd-dbea-43bc-97fa-d74c1fd40952
2026-05-08 20:34:57.569 7 INFO neutron.plugins.ml2.plugin [None req-8f50d2df-bad1-496d-a1e9-ecea1f29f1c3 - - - - - -] Attempt 1 to provision port cb1f27dd-dbea-43bc-97fa-d74c1fd40952
2026-05-08 20:34:57.589 8 INFO neutron.db.ovn_revision_numbers_db [None req-98261aec-22b5-4cdd-8906-2f2a502dc8e3 329d46db839e4c64b69cf727214501ce 0c7528dec978419a902e7e7da0a3ed69 - - default default] Successfully bumped revision number for resource 0d3c75e1-52ce-48cb-a2c3-372b55df7ab4 (type: floatingips) to 1
2026-05-08 20:34:57.589 8 INFO neutron.db.l3_db [None req-98261aec-22b5-4cdd-8906-2f2a502dc8e3 329d46db839e4c64b69cf727214501ce 0c7528dec978419a902e7e7da0a3ed69 - - default default] Floating IP 0d3c75e1-52ce-48cb-a2c3-372b55df7ab4 associated. External IP: 10.96.250.220, port: 0aa503e1-3c51-410c-92b0-24b3a63f3ffa. [pid: 8|app: 0|req: 520/1048] 10.0.0.123 () {34 vars in 677 bytes} [Fri May 8 20:34:56 2026] POST /v2.0/floatingips => generated 842 bytes in 1027 msecs (HTTP/1.1 201) 4 headers in 162 bytes (1 switches on core 0)
2026-05-08 20:34:57.815 7 INFO neutron.db.ovn_revision_numbers_db [None req-35bc918e-f5f2-4770-803b-51d7e04ca54f 329d46db839e4c64b69cf727214501ce 0c7528dec978419a902e7e7da0a3ed69 - - default default] Successfully bumped revision number for resource 0d3c75e1-52ce-48cb-a2c3-372b55df7ab4 (type: floatingips) to 2
2026-05-08 20:34:57.864 7 INFO neutron.db.l3_db [None req-35bc918e-f5f2-4770-803b-51d7e04ca54f 329d46db839e4c64b69cf727214501ce 0c7528dec978419a902e7e7da0a3ed69 - - default default] Floating IP 0d3c75e1-52ce-48cb-a2c3-372b55df7ab4 disassociated. External IP: 10.96.250.220, port: 0aa503e1-3c51-410c-92b0-24b3a63f3ffa. [pid: 7|app: 0|req: 529/1049] 10.0.0.123 () {34 vars in 749 bytes} [Fri May 8 20:34:57 2026] PUT /v2.0/floatingips/0d3c75e1-52ce-48cb-a2c3-372b55df7ab4 => generated 554 bytes in 263 msecs (HTTP/1.1 200) 4 headers in 157 bytes (1 switches on core 0)
2026-05-08 20:34:58.002 8 INFO neutron_taas.services.taas.taas_plugin [None req-f89b6526-99c4-4344-9619-9ffd378b00db 329d46db839e4c64b69cf727214501ce 0c7528dec978419a902e7e7da0a3ed69 - - default default] TaaS: Handle Delete Port: 3f0f21ff-8993-4c1c-812a-341a9e443999
2026-05-08 20:34:58.006 8 INFO neutron_taas.services.taas.tap_mirror_plugin [None req-f89b6526-99c4-4344-9619-9ffd378b00db 329d46db839e4c64b69cf727214501ce 0c7528dec978419a902e7e7da0a3ed69 - - default default] Tap Mirror: Handle Delete Port: 3f0f21ff-8993-4c1c-812a-341a9e443999 [pid: 8|app: 0|req: 521/1050] 10.0.0.123 () {32 vars in 732 bytes} [Fri May 8 20:34:57 2026] DELETE /v2.0/floatingips/0d3c75e1-52ce-48cb-a2c3-372b55df7ab4 => generated 0 bytes in 238 msecs (HTTP/1.1 204) 2 headers in 112 bytes (1 switches on core 0) [pid: 8|app: 0|req: 522/1051] 10.0.0.246 () {34 vars in 990 bytes} [Fri May 8 20:34:58 2026] GET /v2.0/ports?device_id=da2a1fb8-c271-41ac-80f1-972725f1c065 => generated 12 bytes in 18 msecs (HTTP/1.1 200) 4 headers in 156 bytes (1 switches on core 0)
2026-05-08 20:34:58.311 7 INFO neutron.db.ovn_revision_numbers_db [None req-cf88dd6f-c203-4220-acc9-3e0ed841f1ed 32ac63b5fd0f4ad48fe088d1b1b4fb33 c991e4a7af294fc99121c1d70b56b49e - - default default] Successfully bumped revision number for resource d9a9919b-6d57-4e1f-ae04-1f6932717812 (type: security_groups) to 1
2026-05-08 20:34:58.325 7 INFO neutron.db.ovn_revision_numbers_db [None req-cf88dd6f-c203-4220-acc9-3e0ed841f1ed 32ac63b5fd0f4ad48fe088d1b1b4fb33 c991e4a7af294fc99121c1d70b56b49e - - default default] Successfully bumped revision number for resource 1b3fd272-6fe2-495e-a068-98e7b727da60 (type: security_group_rules) to 0
2026-05-08 20:34:58.338 7 INFO neutron.db.ovn_revision_numbers_db [None req-cf88dd6f-c203-4220-acc9-3e0ed841f1ed 32ac63b5fd0f4ad48fe088d1b1b4fb33 c991e4a7af294fc99121c1d70b56b49e - - default default] Successfully bumped revision number for resource 2932a9bb-3cb1-4788-9869-8fb54fc2197f (type: security_group_rules) to 0
2026-05-08 20:34:58.350 7 INFO neutron.db.ovn_revision_numbers_db [None req-cf88dd6f-c203-4220-acc9-3e0ed841f1ed 32ac63b5fd0f4ad48fe088d1b1b4fb33 c991e4a7af294fc99121c1d70b56b49e - - default default] Successfully bumped revision number for resource 7d3c5508-718f-480a-a2d0-59a153bb8239 (type: security_group_rules) to 0
2026-05-08 20:34:58.360 7 INFO neutron.db.ovn_revision_numbers_db [None req-cf88dd6f-c203-4220-acc9-3e0ed841f1ed 32ac63b5fd0f4ad48fe088d1b1b4fb33 c991e4a7af294fc99121c1d70b56b49e - - default default] Successfully bumped revision number for resource 929ac72f-45cc-4807-a39a-522188c6bfbd (type: security_group_rules) to 0
2026-05-08 20:34:58.391 8 WARNING neutron.scheduler.dhcp_agent_scheduler [None req-e258dad0-5ba0-478e-8553-244e0af8028e 329d46db839e4c64b69cf727214501ce 0c7528dec978419a902e7e7da0a3ed69 - - default default] No more DHCP agents
2026-05-08 20:34:58.392 8 WARNING neutron.api.rpc.agentnotifiers.dhcp_rpc_agent_api [None req-e258dad0-5ba0-478e-8553-244e0af8028e 329d46db839e4c64b69cf727214501ce 0c7528dec978419a902e7e7da0a3ed69 - - default default] Unable to schedule network 3b7e5b37-d08a-4354-a179-0c4b34bf401c: no agents available; will retry on subsequent port and subnet creation events.
2026-05-08 20:34:58.433 7 INFO neutron.db.segments_db [None req-cf88dd6f-c203-4220-acc9-3e0ed841f1ed 32ac63b5fd0f4ad48fe088d1b1b4fb33 c991e4a7af294fc99121c1d70b56b49e - - default default] Added segment b2c413a7-87cd-4414-9564-29160b45a3a3 of type geneve for network 05f3b8c4-7515-4b52-8e39-523a2e4b5b8d
2026-05-08 20:34:58.532 7 INFO neutron.db.ovn_revision_numbers_db [None req-cf88dd6f-c203-4220-acc9-3e0ed841f1ed 32ac63b5fd0f4ad48fe088d1b1b4fb33 c991e4a7af294fc99121c1d70b56b49e - - default default] Successfully bumped revision number for resource 05f3b8c4-7515-4b52-8e39-523a2e4b5b8d (type: networks) to 1
2026-05-08 20:34:58.696 7 WARNING neutron.scheduler.dhcp_agent_scheduler [None req-cf88dd6f-c203-4220-acc9-3e0ed841f1ed 32ac63b5fd0f4ad48fe088d1b1b4fb33 c991e4a7af294fc99121c1d70b56b49e - - default default] No more DHCP agents
2026-05-08 20:34:58.697 7 WARNING neutron.api.rpc.agentnotifiers.dhcp_rpc_agent_api [None req-cf88dd6f-c203-4220-acc9-3e0ed841f1ed 32ac63b5fd0f4ad48fe088d1b1b4fb33 c991e4a7af294fc99121c1d70b56b49e - - default default] Unable to schedule network 05f3b8c4-7515-4b52-8e39-523a2e4b5b8d: no agents available; will retry on subsequent port and subnet creation events.
2026-05-08 20:34:58.775 7 INFO neutron.db.ovn_revision_numbers_db [None req-cf88dd6f-c203-4220-acc9-3e0ed841f1ed 32ac63b5fd0f4ad48fe088d1b1b4fb33 c991e4a7af294fc99121c1d70b56b49e - - default default] Successfully bumped revision number for resource f16c28e3-2df9-4831-a6f2-2ba4085cba6c (type: ports) to 1 [pid: 7|app: 0|req: 530/1052] 10.0.0.123 () {34 vars in 670 bytes} [Fri May 8 20:34:57 2026] POST /v2.0/networks => generated 634 bytes in 840 msecs (HTTP/1.1 201) 4 headers in 162 bytes (1 switches on core 0)
2026-05-08 20:34:58.887 7 INFO neutron.db.segments_db [None req-1dcf0c7a-556d-46d0-aa9d-e627a2d71353 32ac63b5fd0f4ad48fe088d1b1b4fb33 c991e4a7af294fc99121c1d70b56b49e - - default default] Added segment 857d6213-d5a6-4de3-91fc-baa0af5f1a54 of type geneve for network 89e0a9fb-56ac-4cd6-b46d-8c0560c51ac6
2026-05-08 20:34:58.991 7 INFO neutron.db.ovn_revision_numbers_db [None req-1dcf0c7a-556d-46d0-aa9d-e627a2d71353 32ac63b5fd0f4ad48fe088d1b1b4fb33 c991e4a7af294fc99121c1d70b56b49e - - default default] Successfully bumped revision number for resource 89e0a9fb-56ac-4cd6-b46d-8c0560c51ac6 (type: networks) to 1
2026-05-08 20:34:59.171 7 WARNING neutron.scheduler.dhcp_agent_scheduler [None req-1dcf0c7a-556d-46d0-aa9d-e627a2d71353 32ac63b5fd0f4ad48fe088d1b1b4fb33 c991e4a7af294fc99121c1d70b56b49e - - default default] No more DHCP agents
2026-05-08 20:34:59.173 7 WARNING neutron.api.rpc.agentnotifiers.dhcp_rpc_agent_api [None req-1dcf0c7a-556d-46d0-aa9d-e627a2d71353 32ac63b5fd0f4ad48fe088d1b1b4fb33 c991e4a7af294fc99121c1d70b56b49e - - default default] Unable to schedule network 89e0a9fb-56ac-4cd6-b46d-8c0560c51ac6: no agents available; will retry on subsequent port and subnet creation events.
2026-05-08 20:34:59.187 8 INFO neutron.db.ovn_revision_numbers_db [None req-e258dad0-5ba0-478e-8553-244e0af8028e 329d46db839e4c64b69cf727214501ce 0c7528dec978419a902e7e7da0a3ed69 - - default default] Successfully bumped revision number for resource 4b0f8e4e-15e6-4670-834c-8c86abde6a05 (type: floatingips) to 1
2026-05-08 20:34:59.187 8 INFO neutron.db.l3_db [None req-e258dad0-5ba0-478e-8553-244e0af8028e 329d46db839e4c64b69cf727214501ce 0c7528dec978419a902e7e7da0a3ed69 - - default default] Floating IP 4b0f8e4e-15e6-4670-834c-8c86abde6a05 associated. External IP: 10.96.250.210, port: 6ff9c389-8894-44b5-8bda-5e406b3fc965. [pid: 8|app: 0|req: 523/1053] 10.0.0.123 () {34 vars in 677 bytes} [Fri May 8 20:34:58 2026] POST /v2.0/floatingips => generated 842 bytes in 1087 msecs (HTTP/1.1 201) 4 headers in 162 bytes (1 switches on core 0)
2026-05-08 20:34:59.253 7 INFO neutron.db.ovn_revision_numbers_db [None req-1dcf0c7a-556d-46d0-aa9d-e627a2d71353 32ac63b5fd0f4ad48fe088d1b1b4fb33 c991e4a7af294fc99121c1d70b56b49e - - default default] Successfully bumped revision number for resource 0173adc2-781d-495a-b778-e8b847d155d9 (type: ports) to 1 [pid: 8|app: 0|req: 524/1054] 10.0.0.246 () {34 vars in 990 bytes} [Fri May 8 20:34:59 2026] GET /v2.0/ports?device_id=da2a1fb8-c271-41ac-80f1-972725f1c065 => generated 12 bytes in 16 msecs (HTTP/1.1 200) 4 headers in 156 bytes (1 switches on core 0) [pid: 7|app: 0|req: 531/1055] 10.0.0.123 () {34 vars in 670 bytes} [Fri May 8 20:34:58 2026] POST /v2.0/networks => generated 632 bytes in 469 msecs (HTTP/1.1 201) 4 headers in 162 bytes (1 switches on core 0) [pid: 7|app: 0|req: 532/1056] 10.0.0.123 () {32 vars in 729 bytes} [Fri May 8 20:34:59 2026] GET /v2.0/floatingips/4b0f8e4e-15e6-4670-834c-8c86abde6a05 => generated 844 bytes in 36 msecs (HTTP/1.1 200) 4 headers in 157 bytes (1 switches on core 0)
2026-05-08 20:34:59.474 8 INFO neutron.db.ovn_revision_numbers_db [None req-6634c182-c4f4-48a1-91b9-b5aed4ab06aa 149267457f4b403d9bf6affdada6981e f0439395d045471489766d6724e22fe4 - - default default] Successfully bumped revision number for resource dfdd1394-6889-43b2-9f98-db64fdbf7a94 (type: security_groups) to 1
2026-05-08 20:34:59.481 7 WARNING neutron.scheduler.dhcp_agent_scheduler [None req-afb54106-96b9-449c-bdbe-63821418a2c7 32ac63b5fd0f4ad48fe088d1b1b4fb33 c991e4a7af294fc99121c1d70b56b49e - - default default] No more DHCP agents
2026-05-08 20:34:59.482 7 WARNING neutron.api.rpc.agentnotifiers.dhcp_rpc_agent_api [None req-afb54106-96b9-449c-bdbe-63821418a2c7 32ac63b5fd0f4ad48fe088d1b1b4fb33 c991e4a7af294fc99121c1d70b56b49e - - default default] Unable to schedule network 05f3b8c4-7515-4b52-8e39-523a2e4b5b8d: no agents available; will retry on subsequent port and subnet creation events.
2026-05-08 20:34:59.492 8 INFO neutron.db.ovn_revision_numbers_db [None req-6634c182-c4f4-48a1-91b9-b5aed4ab06aa 149267457f4b403d9bf6affdada6981e f0439395d045471489766d6724e22fe4 - - default default] Successfully bumped revision number for resource 4fed0dfd-dc48-4713-a868-db753236ca8c (type: security_group_rules) to 0
2026-05-08 20:34:59.513 8 INFO neutron.db.ovn_revision_numbers_db [None req-6634c182-c4f4-48a1-91b9-b5aed4ab06aa 149267457f4b403d9bf6affdada6981e f0439395d045471489766d6724e22fe4 - - default default] Successfully bumped revision number for resource 61bc1fd7-b674-4250-a5bd-275599701136 (type: security_group_rules) to 0
2026-05-08 20:34:59.518 7 INFO neutron.db.ovn_revision_numbers_db [None req-afb54106-96b9-449c-bdbe-63821418a2c7 32ac63b5fd0f4ad48fe088d1b1b4fb33 c991e4a7af294fc99121c1d70b56b49e - - default default] Successfully bumped revision number for resource 99c7eb51-5960-4488-b556-542f4bdc8a3c (type: subnets) to 0
2026-05-08 20:34:59.528 8 INFO neutron.db.ovn_revision_numbers_db [None req-6634c182-c4f4-48a1-91b9-b5aed4ab06aa 149267457f4b403d9bf6affdada6981e f0439395d045471489766d6724e22fe4 - - default default] Successfully bumped revision number for resource 8d884cec-14ae-4d8f-bf10-1c48c3905f8d (type: security_group_rules) to 0 [pid: 7|app: 0|req: 533/1057] 10.0.0.123 () {34 vars in 669 bytes} [Fri May 8 20:34:59 2026] POST /v2.0/subnets => generated 646 bytes in 222 msecs (HTTP/1.1 201) 4 headers in 162 bytes (1 switches on core 0)
2026-05-08 20:34:59.547 8 INFO neutron.db.ovn_revision_numbers_db [None req-6634c182-c4f4-48a1-91b9-b5aed4ab06aa 149267457f4b403d9bf6affdada6981e f0439395d045471489766d6724e22fe4 - - default default] Successfully bumped revision number for resource 9f39a403-37c3-4287-8264-a8a604234ff5 (type: security_group_rules) to 0 [pid: 8|app: 0|req: 525/1058] 10.0.0.123 () {32 vars in 774 bytes} [Fri May 8 20:34:59 2026] GET /v2.0/security-groups?tenant_id=56b4aff98c45411b8fd94a4b6dc720d5&name=default => generated 2925 bytes in 343 msecs (HTTP/1.1 200) 4 headers in 158 bytes (1 switches on core 0) [pid: 7|app: 0|req: 534/1059] 10.0.0.123 () {32 vars in 655 bytes} [Fri May 8 20:34:59 2026] GET /v2.0/floatingips => generated 847 bytes in 92 msecs (HTTP/1.1 200) 4 headers in 157 bytes (1 switches on core 0)
2026-05-08 20:34:59.802 8 WARNING neutron.scheduler.dhcp_agent_scheduler [None req-28cfa7b9-17ae-4ab6-94f8-599af9276567 32ac63b5fd0f4ad48fe088d1b1b4fb33 c991e4a7af294fc99121c1d70b56b49e - - default default] No more DHCP agents
2026-05-08 20:34:59.803 8 WARNING neutron.api.rpc.agentnotifiers.dhcp_rpc_agent_api [None req-28cfa7b9-17ae-4ab6-94f8-599af9276567 32ac63b5fd0f4ad48fe088d1b1b4fb33 c991e4a7af294fc99121c1d70b56b49e - - default default] Unable to schedule network 89e0a9fb-56ac-4cd6-b46d-8c0560c51ac6: no agents available; will retry on subsequent port and subnet creation events.
2026-05-08 20:34:59.841 8 INFO neutron.db.ovn_revision_numbers_db [None req-28cfa7b9-17ae-4ab6-94f8-599af9276567 32ac63b5fd0f4ad48fe088d1b1b4fb33 c991e4a7af294fc99121c1d70b56b49e - - default default] Successfully bumped revision number for resource 476003f8-ad63-4045-8c65-ca3e6813f3f3 (type: subnets) to 0 [pid: 7|app: 0|req: 535/1060] 10.0.0.123 () {32 vars in 740 bytes} [Fri May 8 20:34:59 2026] DELETE /v2.0/security-groups/dfdd1394-6889-43b2-9f98-db64fdbf7a94 => generated 0 bytes in 222 msecs (HTTP/1.1 204) 2 headers in 112 bytes (1 switches on core 0) [pid: 8|app: 0|req: 526/1061] 10.0.0.123 () {34 vars in 669 bytes} [Fri May 8 20:34:59 2026] POST /v2.0/subnets => generated 655 bytes in 258 msecs (HTTP/1.1 201) 4 headers in 162 bytes (1 switches on core 0)
2026-05-08 20:34:59.976 8 INFO neutron.db.ovn_revision_numbers_db [None req-6a72c859-e03b-4bf3-9c33-dafe428549a6 32ac63b5fd0f4ad48fe088d1b1b4fb33 c991e4a7af294fc99121c1d70b56b49e - - default default] Successfully bumped revision number for resource e6689109-509d-4e26-84d6-6f78c8db87de (type: routers) to 1 [pid: 8|app: 0|req: 527/1062] 10.0.0.123 () {34 vars in 669 bytes} [Fri May 8 20:34:59 2026] POST /v2.0/routers => generated 606 bytes in 125 msecs (HTTP/1.1 201) 4 headers in 162 bytes (1 switches on core 0)
2026-05-08 20:35:00.348 7 INFO neutron.db.ovn_revision_numbers_db [None req-953c6300-8fb2-472c-a812-140c80725d19 329d46db839e4c64b69cf727214501ce 0c7528dec978419a902e7e7da0a3ed69 - - default default] Successfully bumped revision number for resource 4b0f8e4e-15e6-4670-834c-8c86abde6a05 (type: floatingips) to 2
2026-05-08 20:35:00.359 8 WARNING neutron.plugins.ml2.drivers.ovn.mech_driver.ovsdb.ovn_client [None req-12cdc164-796a-4efb-a337-53c4b1532027 - - - - - -] No hosting information found for port 67b30595-1d3c-4012-bf08-5f89fb55a094: RuntimeError: No hosting information found for port 67b30595-1d3c-4012-bf08-5f89fb55a094
2026-05-08 20:35:00.404 8 WARNING neutron.scheduler.dhcp_agent_scheduler [None req-0dadb815-41ff-4a60-afe0-d8c764b989cf 32ac63b5fd0f4ad48fe088d1b1b4fb33 c991e4a7af294fc99121c1d70b56b49e - - default default] No more DHCP agents
2026-05-08 20:35:00.408 8 WARNING neutron.api.rpc.agentnotifiers.dhcp_rpc_agent_api [None req-0dadb815-41ff-4a60-afe0-d8c764b989cf 32ac63b5fd0f4ad48fe088d1b1b4fb33 c991e4a7af294fc99121c1d70b56b49e - - default default] Unable to schedule network 05f3b8c4-7515-4b52-8e39-523a2e4b5b8d: no agents available; will retry on subsequent port and subnet creation events.
2026-05-08 20:35:00.492 7 INFO neutron.db.l3_db [None req-953c6300-8fb2-472c-a812-140c80725d19 329d46db839e4c64b69cf727214501ce 0c7528dec978419a902e7e7da0a3ed69 - - default default] Floating IP 4b0f8e4e-15e6-4670-834c-8c86abde6a05 associated. External IP: 10.96.250.210, port: 6ff9c389-8894-44b5-8bda-5e406b3fc965.
2026-05-08 20:35:00.502 8 INFO neutron.db.ovn_revision_numbers_db [None req-12cdc164-796a-4efb-a337-53c4b1532027 - - - - - -] Successfully bumped revision number for resource 67b30595-1d3c-4012-bf08-5f89fb55a094 (type: router_ports) to 2 [pid: 7|app: 0|req: 536/1063] 10.0.0.123 () {34 vars in 749 bytes} [Fri May 8 20:34:59 2026] PUT /v2.0/floatingips/4b0f8e4e-15e6-4670-834c-8c86abde6a05 => generated 844 bytes in 717 msecs (HTTP/1.1 200) 4 headers in 157 bytes (1 switches on core 0)
2026-05-08 20:35:00.574 8 INFO neutron.plugins.ml2.drivers.ovn.mech_driver.mech_driver [None req-12cdc164-796a-4efb-a337-53c4b1532027 - - - - - -] OVN reports status down for port: f16c28e3-2df9-4831-a6f2-2ba4085cba6c [pid: 7|app: 0|req: 537/1064] 10.0.0.246 () {34 vars in 990 bytes} [Fri May 8 20:35:00 2026] GET /v2.0/ports?device_id=da2a1fb8-c271-41ac-80f1-972725f1c065 => generated 12 bytes in 28 msecs (HTTP/1.1 200) 4 headers in 156 bytes (1 switches on core 0)
2026-05-08 20:35:00.634 8 INFO neutron.db.ovn_revision_numbers_db [None req-0dadb815-41ff-4a60-afe0-d8c764b989cf 32ac63b5fd0f4ad48fe088d1b1b4fb33 c991e4a7af294fc99121c1d70b56b49e - - default default] Successfully bumped revision number for resource 0db119c1-a1fe-4155-bd5e-11ab025a3eea (type: ports) to 1
2026-05-08 20:35:00.697 8 INFO neutron.plugins.ml2.drivers.ovn.mech_driver.mech_driver [None req-12cdc164-796a-4efb-a337-53c4b1532027 - - - - - -] OVN reports status down for port: 0db119c1-a1fe-4155-bd5e-11ab025a3eea
2026-05-08 20:35:00.774 7 INFO neutron.db.ovn_revision_numbers_db [None req-45e0234f-7bea-492d-a4f9-e53e8c6f4e7f 329d46db839e4c64b69cf727214501ce 0c7528dec978419a902e7e7da0a3ed69 - - default default] Successfully bumped revision number for resource 4b0f8e4e-15e6-4670-834c-8c86abde6a05 (type: floatingips) to 3
2026-05-08 20:35:00.821 7 INFO neutron.db.l3_db [None req-45e0234f-7bea-492d-a4f9-e53e8c6f4e7f 329d46db839e4c64b69cf727214501ce 0c7528dec978419a902e7e7da0a3ed69 - - default default] Floating IP 4b0f8e4e-15e6-4670-834c-8c86abde6a05 disassociated. External IP: 10.96.250.210, port: 0aa503e1-3c51-410c-92b0-24b3a63f3ffa. [pid: 7|app: 0|req: 538/1065] 10.0.0.123 () {34 vars in 749 bytes} [Fri May 8 20:35:00 2026] PUT /v2.0/floatingips/4b0f8e4e-15e6-4670-834c-8c86abde6a05 => generated 554 bytes in 254 msecs (HTTP/1.1 200) 4 headers in 157 bytes (1 switches on core 0)
2026-05-08 20:35:01.196 8 INFO neutron.plugins.ml2.drivers.ovn.mech_driver.mech_driver [None req-12cdc164-796a-4efb-a337-53c4b1532027 - - - - - -] OVN reports status up for port: 0db119c1-a1fe-4155-bd5e-11ab025a3eea
2026-05-08 20:35:01.228 8 INFO neutron.plugins.ml2.plugin [None req-12cdc164-796a-4efb-a337-53c4b1532027 - - - - - -] Attempt 1 to provision port 0db119c1-a1fe-4155-bd5e-11ab025a3eea
2026-05-08 20:35:01.345 7 INFO neutron_taas.services.taas.taas_plugin [None req-aa743e7f-578f-47b1-8e18-b6e62b66ba59 329d46db839e4c64b69cf727214501ce 0c7528dec978419a902e7e7da0a3ed69 - - default default] TaaS: Handle Delete Port: 0890e411-4ea8-438d-96e3-345b13719121
2026-05-08 20:35:01.348 7 INFO neutron_taas.services.taas.tap_mirror_plugin [None req-aa743e7f-578f-47b1-8e18-b6e62b66ba59 329d46db839e4c64b69cf727214501ce 0c7528dec978419a902e7e7da0a3ed69 - - default default] Tap Mirror: Handle Delete Port: 0890e411-4ea8-438d-96e3-345b13719121
2026-05-08 20:35:01.356 8 WARNING neutron.scheduler.dhcp_agent_scheduler [None req-0dadb815-41ff-4a60-afe0-d8c764b989cf 32ac63b5fd0f4ad48fe088d1b1b4fb33 c991e4a7af294fc99121c1d70b56b49e - - default default] No more DHCP agents
2026-05-08 20:35:01.358 8 WARNING neutron.api.rpc.agentnotifiers.dhcp_rpc_agent_api [None req-0dadb815-41ff-4a60-afe0-d8c764b989cf 32ac63b5fd0f4ad48fe088d1b1b4fb33 c991e4a7af294fc99121c1d70b56b49e - - default default] Unable to schedule network 05f3b8c4-7515-4b52-8e39-523a2e4b5b8d: no agents available; will retry on subsequent port and subnet creation events. [pid: 7|app: 0|req: 539/1066] 10.0.0.123 () {32 vars in 732 bytes} [Fri May 8 20:35:00 2026] DELETE /v2.0/floatingips/4b0f8e4e-15e6-4670-834c-8c86abde6a05 => generated 0 bytes in 627 msecs (HTTP/1.1 204) 2 headers in 112 bytes (1 switches on core 0) [pid: 7|app: 0|req: 540/1067] 199.204.45.95 () {34 vars in 985 bytes} [Fri May 8 20:35:01 2026] GET /v2.0/networks?id=15234b4a-ddea-418e-ae38-ec4c948da0fd => generated 675 bytes in 40 msecs (HTTP/1.1 200) 4 headers in 157 bytes (1 switches on core 0)
2026-05-08 20:35:01.537 7 INFO neutron.api.v2.resource [None req-99e30340-b762-4505-9564-913ef3f5a886 329d46db839e4c64b69cf727214501ce 0c7528dec978419a902e7e7da0a3ed69 - - default default] delete failed (client error): The resource could not be found. [pid: 7|app: 0|req: 541/1068] 10.0.0.123 () {32 vars in 732 bytes} [Fri May 8 20:35:01 2026] DELETE /v2.0/floatingips/4b0f8e4e-15e6-4670-834c-8c86abde6a05 => generated 144 bytes in 13 msecs (HTTP/1.1 404) 4 headers in 164 bytes (1 switches on core 0) [pid: 7|app: 0|req: 542/1069] 199.204.45.95 () {34 vars in 1049 bytes} [Fri May 8 20:35:01 2026] GET /v2.0/security-groups?fields=id&fields=name&tenant_id=8712af6c2a0b4c9fbeef4037edd24f42 => generated 180 bytes in 25 msecs (HTTP/1.1 200) 4 headers in 157 bytes (1 switches on core 0)
2026-05-08 20:35:01.719 7 INFO neutron_taas.services.taas.taas_plugin [None req-a26a0a0d-e5a9-47f3-a838-607a92350b01 329d46db839e4c64b69cf727214501ce 0c7528dec978419a902e7e7da0a3ed69 - - default default] TaaS: Handle Delete Port: 0aa503e1-3c51-410c-92b0-24b3a63f3ffa
2026-05-08 20:35:01.722 7 INFO neutron_taas.services.taas.tap_mirror_plugin [None req-a26a0a0d-e5a9-47f3-a838-607a92350b01 329d46db839e4c64b69cf727214501ce 0c7528dec978419a902e7e7da0a3ed69 - - default default] Tap Mirror: Handle Delete Port: 0aa503e1-3c51-410c-92b0-24b3a63f3ffa
2026-05-08 20:35:01.737 8 INFO neutron.db.ovn_revision_numbers_db [None req-0dadb815-41ff-4a60-afe0-d8c764b989cf 32ac63b5fd0f4ad48fe088d1b1b4fb33 c991e4a7af294fc99121c1d70b56b49e - - default default] Successfully bumped revision number for resource 0db119c1-a1fe-4155-bd5e-11ab025a3eea (type: router_ports) to 1 [pid: 8|app: 0|req: 528/1070] 10.0.0.123 () {34 vars in 783 bytes} [Fri May 8 20:34:59 2026] PUT /v2.0/routers/e6689109-509d-4e26-84d6-6f78c8db87de/add_router_interface => generated 309 bytes in 1751 msecs (HTTP/1.1 200) 4 headers in 157 bytes (1 switches on core 0) /var/lib/openstack/lib/python3.12/site-packages/pycadf/identifier.py:70: UserWarning: Invalid uuid: neutron. To ensure interoperability, identifiers should be a valid uuid. warnings.warn(('Invalid uuid: %s. To ensure interoperability, '
2026-05-08 20:35:01.906 8 INFO neutron.db.ovn_revision_numbers_db [None req-12cdc164-796a-4efb-a337-53c4b1532027 - - - - - -] Successfully bumped revision number for resource 0db119c1-a1fe-4155-bd5e-11ab025a3eea (type: ports) to 2 [pid: 7|app: 0|req: 543/1071] 10.0.0.123 () {32 vars in 720 bytes} [Fri May 8 20:35:01 2026] DELETE /v2.0/ports/0aa503e1-3c51-410c-92b0-24b3a63f3ffa => generated 0 bytes in 349 msecs (HTTP/1.1 204) 3 headers in 131 bytes (1 switches on core 0) [pid: 7|app: 0|req: 544/1072] 10.0.0.246 () {34 vars in 990 bytes} [Fri May 8 20:35:01 2026] GET /v2.0/ports?device_id=da2a1fb8-c271-41ac-80f1-972725f1c065 => generated 12 bytes in 22 msecs (HTTP/1.1 200) 4 headers in 156 bytes (1 switches on core 0) [pid: 7|app: 0|req: 545/1073] 10.0.0.123 () {32 vars in 717 bytes} [Fri May 8 20:35:01 2026] GET /v2.0/ports/0db119c1-a1fe-4155-bd5e-11ab025a3eea => generated 947 bytes in 38 msecs (HTTP/1.1 200) 4 headers in 157 bytes (1 switches on core 0)
2026-05-08 20:35:02.095 7 INFO neutron_taas.services.taas.taas_plugin [None req-3598b604-b630-40e5-8240-8941d44ca8b5 329d46db839e4c64b69cf727214501ce 0c7528dec978419a902e7e7da0a3ed69 - - default default] TaaS: Handle Delete Port: 6ff9c389-8894-44b5-8bda-5e406b3fc965
2026-05-08 20:35:02.101 7 INFO neutron_taas.services.taas.tap_mirror_plugin [None req-3598b604-b630-40e5-8240-8941d44ca8b5 329d46db839e4c64b69cf727214501ce 0c7528dec978419a902e7e7da0a3ed69 - - default default] Tap Mirror: Handle Delete Port: 6ff9c389-8894-44b5-8bda-5e406b3fc965
2026-05-08 20:35:02.134 8 WARNING neutron.scheduler.dhcp_agent_scheduler [req-d9e558b6-8031-4991-9aaf-3845ca5a846d req-4cbf0a1b-979d-42ee-848a-3eec6f9f7ad3 a40bc810837a484798f92dc78d1d0467 8712af6c2a0b4c9fbeef4037edd24f42 - - default default] No more DHCP agents
2026-05-08 20:35:02.135 8 WARNING neutron.api.rpc.agentnotifiers.dhcp_rpc_agent_api [req-d9e558b6-8031-4991-9aaf-3845ca5a846d req-4cbf0a1b-979d-42ee-848a-3eec6f9f7ad3 a40bc810837a484798f92dc78d1d0467 8712af6c2a0b4c9fbeef4037edd24f42 - - default default] Unable to schedule network 15234b4a-ddea-418e-ae38-ec4c948da0fd: no agents available; will retry on subsequent port and subnet creation events.
2026-05-08 20:35:02.252 8 INFO neutron.db.ovn_revision_numbers_db [req-d9e558b6-8031-4991-9aaf-3845ca5a846d req-4cbf0a1b-979d-42ee-848a-3eec6f9f7ad3 a40bc810837a484798f92dc78d1d0467 8712af6c2a0b4c9fbeef4037edd24f42 - - default default] Successfully bumped revision number for resource 2d6d70a1-033a-4004-81b4-4367008933cf (type: ports) to 1 [pid: 7|app: 0|req: 546/1074] 10.0.0.123 () {32 vars in 720 bytes} [Fri May 8 20:35:01 2026] DELETE /v2.0/ports/6ff9c389-8894-44b5-8bda-5e406b3fc965 => generated 0 bytes in 306 msecs (HTTP/1.1 204) 3 headers in 131 bytes (1 switches on core 0) [pid: 8|app: 0|req: 529/1075] 199.204.45.95 () {38 vars in 954 bytes} [Fri May 8 20:35:01 2026] POST /v2.0/ports => generated 958 bytes in 578 msecs (HTTP/1.1 201) 4 headers in 162 bytes (1 switches on core 0) /var/lib/openstack/lib/python3.12/site-packages/pycadf/identifier.py:70: UserWarning: Invalid uuid: neutron. To ensure interoperability, identifiers should be a valid uuid. warnings.warn(('Invalid uuid: %s. To ensure interoperability, ' [pid: 8|app: 0|req: 530/1076] 10.0.0.123 () {32 vars in 736 bytes} [Fri May 8 20:35:02 2026] GET /v2.0/ports?device_id=7efab998-9350-45d9-8487-5358639fcba1 => generated 946 bytes in 92 msecs (HTTP/1.1 200) 4 headers in 157 bytes (1 switches on core 0)
2026-05-08 20:35:02.722 7 WARNING neutron.scheduler.dhcp_agent_scheduler [None req-3a3355f0-ea4d-4aba-ac12-d4d531e6d856 32ac63b5fd0f4ad48fe088d1b1b4fb33 c991e4a7af294fc99121c1d70b56b49e - - default default] No more DHCP agents
2026-05-08 20:35:02.727 7 WARNING neutron.api.rpc.agentnotifiers.dhcp_rpc_agent_api [None req-3a3355f0-ea4d-4aba-ac12-d4d531e6d856 32ac63b5fd0f4ad48fe088d1b1b4fb33 c991e4a7af294fc99121c1d70b56b49e - - default default] Unable to schedule network 89e0a9fb-56ac-4cd6-b46d-8c0560c51ac6: no agents available; will retry on subsequent port and subnet creation events.
2026-05-08 20:35:02.755 8 INFO neutron.db.ovn_revision_numbers_db [req-d9e558b6-8031-4991-9aaf-3845ca5a846d req-c0ce1bdc-597c-450c-a7cf-43b6d82fe198 6fe8a1e93d374f2e9b266254888801aa 92d9f282592648e6b763eb33281182c1 - - b2e558c797cd498da95a7516e4e6f58d b2e558c797cd498da95a7516e4e6f58d] Successfully bumped revision number for resource 2d6d70a1-033a-4004-81b4-4367008933cf (type: ports) to 2
2026-05-08 20:35:02.848 7 INFO neutron.db.ovn_revision_numbers_db [None req-3a3355f0-ea4d-4aba-ac12-d4d531e6d856 32ac63b5fd0f4ad48fe088d1b1b4fb33 c991e4a7af294fc99121c1d70b56b49e - - default default] Successfully bumped revision number for resource aaaa579c-6c8f-4586-b6c1-7ba21f0e882f (type: ports) to 1
2026-05-08 20:35:03.030 8 INFO neutron.db.ovn_revision_numbers_db [req-d9e558b6-8031-4991-9aaf-3845ca5a846d req-c0ce1bdc-597c-450c-a7cf-43b6d82fe198 6fe8a1e93d374f2e9b266254888801aa 92d9f282592648e6b763eb33281182c1 - - b2e558c797cd498da95a7516e4e6f58d b2e558c797cd498da95a7516e4e6f58d] Successfully bumped revision number for resource 2d6d70a1-033a-4004-81b4-4367008933cf (type: ports) to 4
2026-05-08 20:35:03.033 7 WARNING neutron.plugins.ml2.drivers.ovn.mech_driver.ovsdb.ovn_client [None req-8f50d2df-bad1-496d-a1e9-ecea1f29f1c3 - - - - - -] No hosting information found for port cb1f27dd-dbea-43bc-97fa-d74c1fd40952: RuntimeError: No hosting information found for port cb1f27dd-dbea-43bc-97fa-d74c1fd40952 [pid: 8|app: 0|req: 531/1077] 199.204.45.95 () {38 vars in 1027 bytes} [Fri May 8 20:35:02 2026] PUT /v2.0/ports/2d6d70a1-033a-4004-81b4-4367008933cf => generated 1208 bytes in 633 msecs (HTTP/1.1 200) 4 headers in 158 bytes (1 switches on core 0) /var/lib/openstack/lib/python3.12/site-packages/pycadf/identifier.py:70: UserWarning: Invalid uuid: neutron. To ensure interoperability, identifiers should be a valid uuid. warnings.warn(('Invalid uuid: %s. To ensure interoperability, '
2026-05-08 20:35:03.081 8 INFO neutron.notifiers.nova [-] Nova event matching ['req-fbd9d923-423b-45e2-9f75-d56b6a64a425'] response: {'name': 'network-changed', 'server_uuid': 'da2a1fb8-c271-41ac-80f1-972725f1c065', 'tag': '2d6d70a1-033a-4004-81b4-4367008933cf', 'status': 'completed', 'code': 200}
2026-05-08 20:35:03.194 7 INFO neutron.db.ovn_revision_numbers_db [None req-8f50d2df-bad1-496d-a1e9-ecea1f29f1c3 - - - - - -] Successfully bumped revision number for resource a80192c8-c61f-46fe-90a4-a71b70e8fab8 (type: router_ports) to 2
2026-05-08 20:35:03.196 7 INFO neutron.plugins.ml2.drivers.ovn.mech_driver.mech_driver [None req-8f50d2df-bad1-496d-a1e9-ecea1f29f1c3 - - - - - -] OVN reports status down for port: 6ff9c389-8894-44b5-8bda-5e406b3fc965
2026-05-08 20:35:03.208 7 INFO neutron.plugins.ml2.drivers.ovn.mech_driver.mech_driver [None req-8f50d2df-bad1-496d-a1e9-ecea1f29f1c3 - - - - - -] OVN reports status down for port: 0aa503e1-3c51-410c-92b0-24b3a63f3ffa
2026-05-08 20:35:03.255 7 INFO neutron.plugins.ml2.drivers.ovn.mech_driver.mech_driver [None req-8f50d2df-bad1-496d-a1e9-ecea1f29f1c3 - - - - - -] OVN reports status down for port: 0173adc2-781d-495a-b778-e8b847d155d9
2026-05-08 20:35:03.346 8 INFO neutron_taas.services.taas.taas_plugin [None req-1ae18863-2594-4a5a-b914-297edab624fa 329d46db839e4c64b69cf727214501ce 0c7528dec978419a902e7e7da0a3ed69 - - default default] TaaS: Handle Delete Port: 67b30595-1d3c-4012-bf08-5f89fb55a094
2026-05-08 20:35:03.348 8 INFO neutron_taas.services.taas.tap_mirror_plugin [None req-1ae18863-2594-4a5a-b914-297edab624fa 329d46db839e4c64b69cf727214501ce 0c7528dec978419a902e7e7da0a3ed69 - - default default] Tap Mirror: Handle Delete Port: 67b30595-1d3c-4012-bf08-5f89fb55a094
2026-05-08 20:35:03.478 7 INFO neutron.plugins.ml2.drivers.ovn.mech_driver.mech_driver [None req-8f50d2df-bad1-496d-a1e9-ecea1f29f1c3 - - - - - -] OVN reports status down for port: 2d6d70a1-033a-4004-81b4-4367008933cf
2026-05-08 20:35:03.673 7 INFO neutron.notifiers.nova [-] Nova event matching ['req-524e092e-733b-4b74-9fc6-736b0fbe84bd'] response: {'server_uuid': 'da2a1fb8-c271-41ac-80f1-972725f1c065', 'name': 'network-vif-unplugged', 'status': 'completed', 'tag': '2d6d70a1-033a-4004-81b4-4367008933cf', 'code': 200}
2026-05-08 20:35:03.719 7 WARNING neutron.scheduler.dhcp_agent_scheduler [None req-3a3355f0-ea4d-4aba-ac12-d4d531e6d856 32ac63b5fd0f4ad48fe088d1b1b4fb33 c991e4a7af294fc99121c1d70b56b49e - - default default] No more DHCP agents
2026-05-08 20:35:03.721 7 WARNING neutron.api.rpc.agentnotifiers.dhcp_rpc_agent_api [None req-3a3355f0-ea4d-4aba-ac12-d4d531e6d856 32ac63b5fd0f4ad48fe088d1b1b4fb33 c991e4a7af294fc99121c1d70b56b49e - - default default] Unable to schedule network 89e0a9fb-56ac-4cd6-b46d-8c0560c51ac6: no agents available; will retry on subsequent port and subnet creation events.
2026-05-08 20:35:03.895 7 INFO neutron.db.ovn_revision_numbers_db [None req-3a3355f0-ea4d-4aba-ac12-d4d531e6d856 32ac63b5fd0f4ad48fe088d1b1b4fb33 c991e4a7af294fc99121c1d70b56b49e - - default default] Successfully bumped revision number for resource aaaa579c-6c8f-4586-b6c1-7ba21f0e882f (type: router_ports) to 1 [pid: 7|app: 0|req: 547/1078] 10.0.0.123 () {34 vars in 783 bytes} [Fri May 8 20:35:02 2026] PUT /v2.0/routers/e6689109-509d-4e26-84d6-6f78c8db87de/add_router_interface => generated 309 bytes in 1626 msecs (HTTP/1.1 200) 4 headers in 157 bytes (1 switches on core 0) /var/lib/openstack/lib/python3.12/site-packages/pycadf/identifier.py:70: UserWarning: Invalid uuid: neutron. To ensure interoperability, identifiers should be a valid uuid. warnings.warn(('Invalid uuid: %s. To ensure interoperability, ' [pid: 8|app: 0|req: 532/1079] 10.0.0.123 () {34 vars in 789 bytes} [Fri May 8 20:35:03 2026] PUT /v2.0/routers/7efab998-9350-45d9-8487-5358639fcba1/remove_router_interface => generated 309 bytes in 907 msecs (HTTP/1.1 200) 4 headers in 157 bytes (1 switches on core 0) /var/lib/openstack/lib/python3.12/site-packages/pycadf/identifier.py:70: UserWarning: Invalid uuid: neutron. To ensure interoperability, identifiers should be a valid uuid. warnings.warn(('Invalid uuid: %s. To ensure interoperability, ' [pid: 7|app: 0|req: 548/1082] 10.0.0.246 () {34 vars in 990 bytes} [Fri May 8 20:35:03 2026] GET /v2.0/ports?device_id=da2a1fb8-c271-41ac-80f1-972725f1c065 => generated 973 bytes in 92 msecs (HTTP/1.1 200) 4 headers in 157 bytes (1 switches on core 0) [pid: 8|app: 0|req: 535/1083] 199.204.45.95 () {34 vars in 1079 bytes} [Fri May 8 20:35:03 2026] GET /v2.0/ports?tenant_id=8712af6c2a0b4c9fbeef4037edd24f42&device_id=da2a1fb8-c271-41ac-80f1-972725f1c065 => generated 1211 bytes in 39 msecs (HTTP/1.1 200) 4 headers in 158 bytes (1 switches on core 0) [pid: 7|app: 0|req: 549/1084] 10.0.0.123 () {32 vars in 717 bytes} [Fri May 8 20:35:04 2026] GET /v2.0/ports/aaaa579c-6c8f-4586-b6c1-7ba21f0e882f => generated 953 bytes in 84 msecs (HTTP/1.1 200) 4 headers in 157 bytes (1 switches on core 0) [pid: 7|app: 0|req: 550/1085] 10.0.0.246 () {34 vars in 1040 bytes} [Fri May 8 20:35:04 2026] GET /v2.0/security-groups?id=4d192040-b959-4baf-b7c2-4df280139c3c&fields=id&fields=name => generated 113 bytes in 26 msecs (HTTP/1.1 200) 4 headers in 157 bytes (1 switches on core 0) [pid: 7|app: 0|req: 551/1086] 199.204.45.95 () {34 vars in 1017 bytes} [Fri May 8 20:35:04 2026] GET /v2.0/networks?tenant_id=8712af6c2a0b4c9fbeef4037edd24f42&shared=False => generated 774 bytes in 44 msecs (HTTP/1.1 200) 4 headers in 157 bytes (1 switches on core 0) [pid: 7|app: 0|req: 552/1087] 10.0.0.123 () {32 vars in 717 bytes} [Fri May 8 20:35:04 2026] GET /v2.0/ports/aaaa579c-6c8f-4586-b6c1-7ba21f0e882f => generated 953 bytes in 40 msecs (HTTP/1.1 200) 4 headers in 157 bytes (1 switches on core 0) [pid: 7|app: 0|req: 553/1088] 199.204.45.95 () {34 vars in 929 bytes} [Fri May 8 20:35:04 2026] GET /v2.0/networks?shared=True => generated 753 bytes in 42 msecs (HTTP/1.1 200) 4 headers in 157 bytes (1 switches on core 0)
2026-05-08 20:35:04.306 8 INFO neutron_taas.services.taas.taas_plugin [None req-1568d65c-bf16-4f1a-a960-bc738554bb01 329d46db839e4c64b69cf727214501ce 0c7528dec978419a902e7e7da0a3ed69 - - default default] TaaS: Handle Delete Port: cb1f27dd-dbea-43bc-97fa-d74c1fd40952
2026-05-08 20:35:04.310 8 INFO neutron_taas.services.taas.tap_mirror_plugin [None req-1568d65c-bf16-4f1a-a960-bc738554bb01 329d46db839e4c64b69cf727214501ce 0c7528dec978419a902e7e7da0a3ed69 - - default default] Tap Mirror: Handle Delete Port: cb1f27dd-dbea-43bc-97fa-d74c1fd40952 [pid: 8|app: 0|req: 536/1089] 10.0.0.123 () {32 vars in 724 bytes} [Fri May 8 20:35:04 2026] DELETE /v2.0/routers/7efab998-9350-45d9-8487-5358639fcba1 => generated 0 bytes in 660 msecs (HTTP/1.1 204) 2 headers in 112 bytes (1 switches on core 0) [pid: 7|app: 0|req: 554/1090] 10.0.0.123 () {32 vars in 724 bytes} [Fri May 8 20:35:04 2026] DELETE /v2.0/subnets/04b00b1f-0936-44eb-a6cd-256d74b3691e => generated 0 bytes in 168 msecs (HTTP/1.1 204) 3 headers in 131 bytes (1 switches on core 0)
2026-05-08 20:35:04.935 8 INFO neutron_taas.services.taas.taas_plugin [None req-3c549cbc-cc2a-4b89-bf48-9ce7b5a2de4d 329d46db839e4c64b69cf727214501ce 0c7528dec978419a902e7e7da0a3ed69 - - default default] TaaS: Handle Delete Port: 4f568255-fc8f-42dc-8cb3-dc456a852c48
2026-05-08 20:35:04.938 8 INFO neutron_taas.services.taas.tap_mirror_plugin [None req-3c549cbc-cc2a-4b89-bf48-9ce7b5a2de4d 329d46db839e4c64b69cf727214501ce 0c7528dec978419a902e7e7da0a3ed69 - - default default] Tap Mirror: Handle Delete Port: 4f568255-fc8f-42dc-8cb3-dc456a852c48
2026-05-08 20:35:05.098 8 INFO neutron.services.segments.plugin [-] Segment 49e05d57-746e-48f2-b331-10add6f206eb resource provider aggregate not found
2026-05-08 20:35:05.100 8 INFO neutron.services.segments.plugin [-] Segment 49e05d57-746e-48f2-b331-10add6f206eb resource provider aggregate not found
2026-05-08 20:35:05.122 8 INFO neutron.services.segments.plugin [-] Segment 49e05d57-746e-48f2-b331-10add6f206eb resource provider not found; error: Placement Client Error (4xx): {"errors": [{"status": 404, "title": "Not Found", "detail": "The resource could not be found.\n\n No resource provider with uuid 49e05d57-746e-48f2-b331-10add6f206eb found for delete ", "request_id": "req-72362474-1c12-453d-9c06-b54ff57186d6"}]}
