2026-05-08 20:35:45.582 8 WARNING neutron.api.rpc.agentnotifiers.dhcp_rpc_agent_api [None req-f220fce0-9555-48a1-89d2-6f8c44122334 08b6f1995e6c49b8a8b5d70c6edd4e27 5f3659702e684b489a109d5591796d14 - - default default] Unable to schedule network d47d779c-ee6b-48d6-8d4b-9d94e7ae8f96: no agents available; will retry on subsequent port and subnet creation events.
2026-05-08 20:35:45.743 7 INFO neutron.db.ovn_revision_numbers_db [None req-05423bb1-5193-4598-b79f-7a1c373696f3 04afddb3b82d4d439de610847f1f8de5 8dedf34949444fc58fdd37789d3980e4 - - default default] Successfully bumped revision number for resource 795bdf0a-0928-4cdf-af2f-6a6035495dd1 (type: security_groups) to 1
2026-05-08 20:35:45.757 7 INFO neutron.db.ovn_revision_numbers_db [None req-05423bb1-5193-4598-b79f-7a1c373696f3 04afddb3b82d4d439de610847f1f8de5 8dedf34949444fc58fdd37789d3980e4 - - default default] Successfully bumped revision number for resource 5db05028-9cf5-4c0f-91ac-02922cab70ae (type: security_group_rules) to 0
2026-05-08 20:35:45.769 7 INFO neutron.db.ovn_revision_numbers_db [None req-05423bb1-5193-4598-b79f-7a1c373696f3 04afddb3b82d4d439de610847f1f8de5 8dedf34949444fc58fdd37789d3980e4 - - default default] Successfully bumped revision number for resource 8639d064-299e-4375-8b57-8387a0964cc4 (type: security_group_rules) to 0
2026-05-08 20:35:45.779 7 INFO neutron.db.ovn_revision_numbers_db [None req-05423bb1-5193-4598-b79f-7a1c373696f3 04afddb3b82d4d439de610847f1f8de5 8dedf34949444fc58fdd37789d3980e4 - - default default] Successfully bumped revision number for resource b245593c-6a70-4f8f-bbf6-554f3b8b86c5 (type: security_group_rules) to 0
2026-05-08 20:35:45.794 7 INFO neutron.db.ovn_revision_numbers_db [None req-05423bb1-5193-4598-b79f-7a1c373696f3 04afddb3b82d4d439de610847f1f8de5 8dedf34949444fc58fdd37789d3980e4 - - default default] Successfully bumped revision number for resource c3c2da09-0bf4-4bd5-ac79-872cf09b5aac (type: security_group_rules) to 0
2026-05-08 20:35:45.869 7 INFO neutron.db.segments_db [None req-05423bb1-5193-4598-b79f-7a1c373696f3 04afddb3b82d4d439de610847f1f8de5 8dedf34949444fc58fdd37789d3980e4 - - default default] Added segment 87f4434e-14bb-434d-90fb-80a199ae94c8 of type geneve for network f9fa8a71-b816-4671-a9dc-27ac27b7d6c8
2026-05-08 20:35:45.988 7 INFO neutron.db.ovn_revision_numbers_db [None req-05423bb1-5193-4598-b79f-7a1c373696f3 04afddb3b82d4d439de610847f1f8de5 8dedf34949444fc58fdd37789d3980e4 - - default default] Successfully bumped revision number for resource f9fa8a71-b816-4671-a9dc-27ac27b7d6c8 (type: networks) to 1
2026-05-08 20:35:46.185 7 WARNING neutron.scheduler.dhcp_agent_scheduler [None req-05423bb1-5193-4598-b79f-7a1c373696f3 04afddb3b82d4d439de610847f1f8de5 8dedf34949444fc58fdd37789d3980e4 - - default default] No more DHCP agents
2026-05-08 20:35:46.186 7 WARNING neutron.api.rpc.agentnotifiers.dhcp_rpc_agent_api [None req-05423bb1-5193-4598-b79f-7a1c373696f3 04afddb3b82d4d439de610847f1f8de5 8dedf34949444fc58fdd37789d3980e4 - - default default] Unable to schedule network f9fa8a71-b816-4671-a9dc-27ac27b7d6c8: no agents available; will retry on subsequent port and subnet creation events.
2026-05-08 20:35:46.276 7 INFO neutron.db.ovn_revision_numbers_db [None req-05423bb1-5193-4598-b79f-7a1c373696f3 04afddb3b82d4d439de610847f1f8de5 8dedf34949444fc58fdd37789d3980e4 - - default default] Successfully bumped revision number for resource 3010ac8f-e961-440f-82a5-cb4537da11a3 (type: ports) to 1 [pid: 7|app: 0|req: 802/1481] 10.0.0.123 () {34 vars in 670 bytes} [Fri May 8 20:35:45 2026] POST /v2.0/networks => generated 645 bytes in 853 msecs (HTTP/1.1 201) 4 headers in 162 bytes (1 switches on core 0)
2026-05-08 20:35:46.372 8 INFO neutron.services.segments.plugin [-] Segment a5f5a0a2-4fbd-4487-a780-a0e6aed80cf4 resource provider aggregate not found
2026-05-08 20:35:46.383 8 INFO neutron.services.segments.plugin [-] Segment a5f5a0a2-4fbd-4487-a780-a0e6aed80cf4 resource provider aggregate not found
2026-05-08 20:35:46.394 8 INFO neutron.services.segments.plugin [-] Segment a5f5a0a2-4fbd-4487-a780-a0e6aed80cf4 resource provider not found; error: Placement Client Error (4xx): {"errors": [{"status": 404, "title": "Not Found", "detail": "The resource could not be found.\n\n No resource provider with uuid a5f5a0a2-4fbd-4487-a780-a0e6aed80cf4 found for delete ", "request_id": "req-7982f4a7-fb95-4820-96bb-8284b6e5b341"}]}
2026-05-08 20:35:46.410 8 INFO neutron.services.segments.plugin [-] Segment a5f5a0a2-4fbd-4487-a780-a0e6aed80cf4 resource provider not found; error: Placement Client Error (4xx): {"errors": [{"status": 404, "title": "Not Found", "detail": "The resource could not be found.\n\n No resource provider with uuid a5f5a0a2-4fbd-4487-a780-a0e6aed80cf4 found for delete ", "request_id": "req-d49baf03-e167-4a8f-b2f3-3b27c5455607"}]}
2026-05-08 20:35:46.414 8 INFO neutron.db.ovn_revision_numbers_db [None req-438b7716-9d96-48d5-8866-37add4ebe9f5 - - - - - -] Successfully bumped revision number for resource 9e6a9a95-d604-43e0-8be2-1b6c895967b5 (type: ports) to 2
2026-05-08 20:35:46.442 8 INFO neutron.db.ovn_revision_numbers_db [None req-438b7716-9d96-48d5-8866-37add4ebe9f5 - - - - - -] Successfully bumped revision number for resource c5263998-2532-4b16-8cfa-c5711e840220 (type: subnets) to 0 [pid: 8|app: 0|req: 680/1482] 10.0.0.123 () {34 vars in 669 bytes} [Fri May 8 20:35:45 2026] POST /v2.0/subnets => generated 626 bytes in 1045 msecs (HTTP/1.1 201) 4 headers in 162 bytes (1 switches on core 0)
2026-05-08 20:35:46.471 7 INFO neutron.db.ovn_revision_numbers_db [None req-3d20c229-72a5-4216-845f-52bc938a34e3 149267457f4b403d9bf6affdada6981e f0439395d045471489766d6724e22fe4 - - default default] Successfully bumped revision number for resource 6d86a5dc-c2b2-4043-8f6d-d4ce73944f90 (type: security_groups) to 1
2026-05-08 20:35:46.483 7 INFO neutron.db.ovn_revision_numbers_db [None req-3d20c229-72a5-4216-845f-52bc938a34e3 149267457f4b403d9bf6affdada6981e f0439395d045471489766d6724e22fe4 - - default default] Successfully bumped revision number for resource 0faad302-3692-4b28-b96c-2e309b2368ed (type: security_group_rules) to 0 [pid: 8|app: 0|req: 681/1483] 10.0.0.246 () {34 vars in 990 bytes} [Fri May 8 20:35:46 2026] GET /v2.0/ports?device_id=02eb800d-0218-4536-a96c-da2eed63b214 => generated 973 bytes in 33 msecs (HTTP/1.1 200) 4 headers in 157 bytes (1 switches on core 0)
2026-05-08 20:35:46.498 7 INFO neutron.db.ovn_revision_numbers_db [None req-3d20c229-72a5-4216-845f-52bc938a34e3 149267457f4b403d9bf6affdada6981e f0439395d045471489766d6724e22fe4 - - default default] Successfully bumped revision number for resource 5d5704c5-aff2-408c-ae04-5bb8b48274f7 (type: security_group_rules) to 0
2026-05-08 20:35:46.514 7 INFO neutron.db.ovn_revision_numbers_db [None req-3d20c229-72a5-4216-845f-52bc938a34e3 149267457f4b403d9bf6affdada6981e f0439395d045471489766d6724e22fe4 - - default default] Successfully bumped revision number for resource a36c0602-018e-41eb-a4cd-d46579aefaa2 (type: security_group_rules) to 0
2026-05-08 20:35:46.529 7 INFO neutron.db.ovn_revision_numbers_db [None req-3d20c229-72a5-4216-845f-52bc938a34e3 149267457f4b403d9bf6affdada6981e f0439395d045471489766d6724e22fe4 - - default default] Successfully bumped revision number for resource eebbcc77-8e41-42c6-b0dc-f398832a7ca5 (type: security_group_rules) to 0 [pid: 7|app: 0|req: 803/1484] 10.0.0.123 () {32 vars in 774 bytes} [Fri May 8 20:35:46 2026] GET /v2.0/security-groups?tenant_id=9b212db440ac432bb1eb837603470034&name=default => generated 2925 bytes in 277 msecs (HTTP/1.1 200) 4 headers in 158 bytes (1 switches on core 0)
2026-05-08 20:35:46.692 8 WARNING neutron.scheduler.dhcp_agent_scheduler [None req-e80c7f1d-b00c-432a-a47e-8c4b15d8b0a7 04afddb3b82d4d439de610847f1f8de5 8dedf34949444fc58fdd37789d3980e4 - - default default] No more DHCP agents
2026-05-08 20:35:46.693 8 WARNING neutron.api.rpc.agentnotifiers.dhcp_rpc_agent_api [None req-e80c7f1d-b00c-432a-a47e-8c4b15d8b0a7 04afddb3b82d4d439de610847f1f8de5 8dedf34949444fc58fdd37789d3980e4 - - default default] Unable to schedule network f9fa8a71-b816-4671-a9dc-27ac27b7d6c8: no agents available; will retry on subsequent port and subnet creation events.
2026-05-08 20:35:46.708 7 INFO neutron.db.ovn_revision_numbers_db [None req-4ccc3e30-7371-4e3e-a7d5-475635e7db2f 08b6f1995e6c49b8a8b5d70c6edd4e27 5f3659702e684b489a109d5591796d14 - - default default] Successfully bumped revision number for resource 24d130cc-68f0-441d-bbc4-0331a52dc637 (type: routers) to 1 [pid: 7|app: 0|req: 804/1485] 10.0.0.123 () {34 vars in 669 bytes} [Fri May 8 20:35:46 2026] POST /v2.0/routers => generated 602 bytes in 150 msecs (HTTP/1.1 201) 4 headers in 162 bytes (1 switches on core 0)
2026-05-08 20:35:46.767 7 INFO neutron.plugins.ml2.drivers.ovn.mech_driver.mech_driver [None req-e0ce214e-0b7b-4c58-9e61-8b0087c6dae8 - - - - - -] OVN reports status down for port: 5457904b-0e3a-48cb-9d33-d94b51f8bb8f
2026-05-08 20:35:46.776 8 INFO neutron.db.ovn_revision_numbers_db [None req-e80c7f1d-b00c-432a-a47e-8c4b15d8b0a7 04afddb3b82d4d439de610847f1f8de5 8dedf34949444fc58fdd37789d3980e4 - - default default] Successfully bumped revision number for resource 5457904b-0e3a-48cb-9d33-d94b51f8bb8f (type: ports) to 1 [pid: 7|app: 0|req: 805/1486] 10.0.0.246 () {34 vars in 1040 bytes} [Fri May 8 20:35:46 2026] GET /v2.0/security-groups?id=20969677-9e46-4527-9d6b-202dd3f216fb&fields=id&fields=name => generated 113 bytes in 54 msecs (HTTP/1.1 200) 4 headers in 157 bytes (1 switches on core 0) [pid: 8|app: 0|req: 682/1487] 10.0.0.123 () {34 vars in 665 bytes} [Fri May 8 20:35:46 2026] POST /v2.0/ports => generated 774 bytes in 336 msecs (HTTP/1.1 201) 4 headers in 162 bytes (1 switches on core 0) /var/lib/openstack/lib/python3.12/site-packages/pycadf/identifier.py:70: UserWarning: Invalid uuid: neutron. To ensure interoperability, identifiers should be a valid uuid. warnings.warn(('Invalid uuid: %s. To ensure interoperability, '
2026-05-08 20:35:46.996 7 INFO neutron.plugins.ml2.drivers.ovn.mech_driver.mech_driver [None req-e0ce214e-0b7b-4c58-9e61-8b0087c6dae8 - - - - - -] OVN reports status up for port: 91ba7bcf-3e23-49d4-bd42-21eb566ffeae
2026-05-08 20:35:47.013 7 INFO neutron.plugins.ml2.plugin [None req-e0ce214e-0b7b-4c58-9e61-8b0087c6dae8 - - - - - -] Attempt 1 to provision port 91ba7bcf-3e23-49d4-bd42-21eb566ffeae
2026-05-08 20:35:47.186 8 WARNING neutron.scheduler.dhcp_agent_scheduler [None req-bae76a82-d37c-400f-8a85-e5d50041df88 08b6f1995e6c49b8a8b5d70c6edd4e27 5f3659702e684b489a109d5591796d14 - - default default] No more DHCP agents
2026-05-08 20:35:47.188 8 WARNING neutron.api.rpc.agentnotifiers.dhcp_rpc_agent_api [None req-bae76a82-d37c-400f-8a85-e5d50041df88 08b6f1995e6c49b8a8b5d70c6edd4e27 5f3659702e684b489a109d5591796d14 - - default default] Unable to schedule network d47d779c-ee6b-48d6-8d4b-9d94e7ae8f96: no agents available; will retry on subsequent port and subnet creation events.
2026-05-08 20:35:47.199 7 INFO neutron.notifiers.nova [-] Nova event matching ['req-e3230a81-a27a-45be-8829-24385552989b'] response: {'server_uuid': '02eb800d-0218-4536-a96c-da2eed63b214', 'name': 'network-vif-plugged', 'status': 'completed', 'tag': '91ba7bcf-3e23-49d4-bd42-21eb566ffeae', 'code': 200} [pid: 7|app: 0|req: 806/1488] 10.0.0.123 () {32 vars in 740 bytes} [Fri May 8 20:35:46 2026] DELETE /v2.0/security-groups/6d86a5dc-c2b2-4043-8f6d-d4ce73944f90 => generated 0 bytes in 478 msecs (HTTP/1.1 204) 2 headers in 112 bytes (1 switches on core 0)
2026-05-08 20:35:47.290 8 WARNING neutron.plugins.ml2.drivers.ovn.mech_driver.ovsdb.ovn_client [None req-429bb613-2d5e-4058-aaf6-bb3acce6c033 - - - - - -] No port found with ID 6719bc62-dd5e-491a-8112-c9b27aad293b: RuntimeError: No port found with ID 6719bc62-dd5e-491a-8112-c9b27aad293b
2026-05-08 20:35:47.327 8 INFO neutron.plugins.ml2.drivers.ovn.mech_driver.mech_driver [None req-429bb613-2d5e-4058-aaf6-bb3acce6c033 - - - - - -] OVN reports status down for port: 7cdb6831-1d88-487b-bcde-22b1725d596f
2026-05-08 20:35:47.416 8 INFO neutron.plugins.ml2.drivers.ovn.mech_driver.mech_driver [None req-429bb613-2d5e-4058-aaf6-bb3acce6c033 - - - - - -] OVN reports status down for port: 9e6a9a95-d604-43e0-8be2-1b6c895967b5
2026-05-08 20:35:47.420 7 INFO neutron.db.ovn_revision_numbers_db [None req-e0ce214e-0b7b-4c58-9e61-8b0087c6dae8 - - - - - -] Successfully bumped revision number for resource 91ba7bcf-3e23-49d4-bd42-21eb566ffeae (type: ports) to 5
2026-05-08 20:35:47.421 7 INFO neutron.db.segments_db [None req-7a875d19-0d82-4249-82ae-be082d1d97cb 04afddb3b82d4d439de610847f1f8de5 8dedf34949444fc58fdd37789d3980e4 - - default default] Added segment e36e6fe2-e437-4608-b687-3e61aa04de70 of type geneve for network 4b13b610-7639-4781-9852-a56b8f210554
2026-05-08 20:35:47.437 8 INFO neutron.db.ovn_revision_numbers_db [None req-bae76a82-d37c-400f-8a85-e5d50041df88 08b6f1995e6c49b8a8b5d70c6edd4e27 5f3659702e684b489a109d5591796d14 - - default default] Successfully bumped revision number for resource f1073497-07ab-45fa-b918-9822c5af718b (type: ports) to 1 [pid: 8|app: 0|req: 683/1489] 10.0.0.123 () {34 vars in 665 bytes} [Fri May 8 20:35:46 2026] POST /v2.0/ports => generated 952 bytes in 656 msecs (HTTP/1.1 201) 4 headers in 162 bytes (1 switches on core 0) /var/lib/openstack/lib/python3.12/site-packages/pycadf/identifier.py:70: UserWarning: Invalid uuid: neutron. To ensure interoperability, identifiers should be a valid uuid. warnings.warn(('Invalid uuid: %s. To ensure interoperability, '
2026-05-08 20:35:47.529 8 INFO neutron.plugins.ml2.drivers.ovn.mech_driver.mech_driver [None req-429bb613-2d5e-4058-aaf6-bb3acce6c033 - - - - - -] OVN reports status down for port: 3010ac8f-e961-440f-82a5-cb4537da11a3
2026-05-08 20:35:47.565 7 INFO neutron.plugins.ml2.drivers.ovn.mech_driver.mech_driver [None req-65825531-5dc6-4e11-b3cd-3e894173c0ef - - - - - -] OVN reports status down for port: f1073497-07ab-45fa-b918-9822c5af718b
2026-05-08 20:35:47.629 7 INFO neutron.db.ovn_revision_numbers_db [None req-7a875d19-0d82-4249-82ae-be082d1d97cb 04afddb3b82d4d439de610847f1f8de5 8dedf34949444fc58fdd37789d3980e4 - - default default] Successfully bumped revision number for resource 4b13b610-7639-4781-9852-a56b8f210554 (type: networks) to 1
2026-05-08 20:35:47.838 7 WARNING neutron.scheduler.dhcp_agent_scheduler [None req-7a875d19-0d82-4249-82ae-be082d1d97cb 04afddb3b82d4d439de610847f1f8de5 8dedf34949444fc58fdd37789d3980e4 - - default default] No more DHCP agents
2026-05-08 20:35:47.841 7 WARNING neutron.api.rpc.agentnotifiers.dhcp_rpc_agent_api [None req-7a875d19-0d82-4249-82ae-be082d1d97cb 04afddb3b82d4d439de610847f1f8de5 8dedf34949444fc58fdd37789d3980e4 - - default default] Unable to schedule network 4b13b610-7639-4781-9852-a56b8f210554: no agents available; will retry on subsequent port and subnet creation events.
2026-05-08 20:35:47.942 8 INFO neutron.plugins.ml2.drivers.ovn.mech_driver.mech_driver [None req-429bb613-2d5e-4058-aaf6-bb3acce6c033 - - - - - -] OVN reports status down for port: 27f1dd98-2f80-4a44-be31-fa6cbe08e067
2026-05-08 20:35:47.945 7 INFO neutron.db.ovn_revision_numbers_db [None req-7a875d19-0d82-4249-82ae-be082d1d97cb 04afddb3b82d4d439de610847f1f8de5 8dedf34949444fc58fdd37789d3980e4 - - default default] Successfully bumped revision number for resource 27f1dd98-2f80-4a44-be31-fa6cbe08e067 (type: ports) to 1 [pid: 7|app: 0|req: 807/1490] 10.0.0.123 () {34 vars in 670 bytes} [Fri May 8 20:35:47 2026] POST /v2.0/networks => generated 632 bytes in 715 msecs (HTTP/1.1 201) 4 headers in 162 bytes (1 switches on core 0) /var/lib/openstack/lib/python3.12/site-packages/pycadf/identifier.py:70: UserWarning: Invalid uuid: neutron. To ensure interoperability, identifiers should be a valid uuid. warnings.warn(('Invalid uuid: %s. To ensure interoperability, ' [pid: 7|app: 0|req: 808/1491] 10.0.0.246 () {34 vars in 990 bytes} [Fri May 8 20:35:47 2026] GET /v2.0/ports?device_id=02eb800d-0218-4536-a96c-da2eed63b214 => generated 975 bytes in 78 msecs (HTTP/1.1 200) 4 headers in 157 bytes (1 switches on core 0)
2026-05-08 20:35:48.199 8 INFO neutron.db.ovn_revision_numbers_db [None req-34fa6cba-c9e3-4fe7-8728-fa2c085f8f96 08b6f1995e6c49b8a8b5d70c6edd4e27 5f3659702e684b489a109d5591796d14 - - default default] Successfully bumped revision number for resource f1073497-07ab-45fa-b918-9822c5af718b (type: ports) to 2
2026-05-08 20:35:48.203 7 INFO neutron.plugins.ml2.drivers.ovn.mech_driver.mech_driver [None req-65825531-5dc6-4e11-b3cd-3e894173c0ef - - - - - -] OVN reports status up for port: f1073497-07ab-45fa-b918-9822c5af718b
2026-05-08 20:35:48.225 7 INFO neutron.plugins.ml2.plugin [None req-65825531-5dc6-4e11-b3cd-3e894173c0ef - - - - - -] Attempt 1 to provision port f1073497-07ab-45fa-b918-9822c5af718b
2026-05-08 20:35:48.291 7 WARNING neutron.scheduler.dhcp_agent_scheduler [None req-278f2938-d174-4114-911c-e91fa04abcef 04afddb3b82d4d439de610847f1f8de5 8dedf34949444fc58fdd37789d3980e4 - - default default] No more DHCP agents
2026-05-08 20:35:48.293 7 WARNING neutron.api.rpc.agentnotifiers.dhcp_rpc_agent_api [None req-278f2938-d174-4114-911c-e91fa04abcef 04afddb3b82d4d439de610847f1f8de5 8dedf34949444fc58fdd37789d3980e4 - - default default] Unable to schedule network 4b13b610-7639-4781-9852-a56b8f210554: no agents available; will retry on subsequent port and subnet creation events.
2026-05-08 20:35:48.757 7 INFO neutron.db.ovn_revision_numbers_db [None req-65825531-5dc6-4e11-b3cd-3e894173c0ef - - - - - -] Successfully bumped revision number for resource f1073497-07ab-45fa-b918-9822c5af718b (type: ports) to 3
2026-05-08 20:35:49.040 7 INFO neutron.db.ovn_revision_numbers_db [None req-d60a687f-9e92-4959-bb75-f55b97fc60f7 - - - - - -] Successfully bumped revision number for resource 27f1dd98-2f80-4a44-be31-fa6cbe08e067 (type: ports) to 2
2026-05-08 20:35:49.075 7 INFO neutron.db.ovn_revision_numbers_db [None req-d60a687f-9e92-4959-bb75-f55b97fc60f7 - - - - - -] Successfully bumped revision number for resource 6c2f8add-e33e-4f68-8ab7-70a406affbf3 (type: subnets) to 0 [pid: 7|app: 0|req: 809/1492] 10.0.0.123 () {34 vars in 669 bytes} [Fri May 8 20:35:48 2026] POST /v2.0/subnets => generated 626 bytes in 1039 msecs (HTTP/1.1 201) 4 headers in 162 bytes (1 switches on core 0) /var/lib/openstack/lib/python3.12/site-packages/pycadf/identifier.py:70: UserWarning: Invalid uuid: neutron. To ensure interoperability, identifiers should be a valid uuid. warnings.warn(('Invalid uuid: %s. To ensure interoperability, ' [pid: 7|app: 0|req: 810/1493] 10.0.0.246 () {34 vars in 1040 bytes} [Fri May 8 20:35:49 2026] GET /v2.0/security-groups?id=20969677-9e46-4527-9d6b-202dd3f216fb&fields=id&fields=name => generated 113 bytes in 25 msecs (HTTP/1.1 200) 4 headers in 157 bytes (1 switches on core 0)
2026-05-08 20:35:49.235 7 INFO neutron.notifiers.nova [-] Nova event matching ['req-388d9513-5c01-487e-972e-e45a0f349d24'] response: {'server_uuid': '02eb800d-0218-4536-a96c-da2eed63b214', 'name': 'network-vif-plugged', 'status': 'completed', 'tag': '91ba7bcf-3e23-49d4-bd42-21eb566ffeae', 'code': 200}
2026-05-08 20:35:49.428 8 WARNING neutron.scheduler.dhcp_agent_scheduler [None req-34fa6cba-c9e3-4fe7-8728-fa2c085f8f96 08b6f1995e6c49b8a8b5d70c6edd4e27 5f3659702e684b489a109d5591796d14 - - default default] No more DHCP agents
2026-05-08 20:35:49.429 8 WARNING neutron.api.rpc.agentnotifiers.dhcp_rpc_agent_api [None req-34fa6cba-c9e3-4fe7-8728-fa2c085f8f96 08b6f1995e6c49b8a8b5d70c6edd4e27 5f3659702e684b489a109d5591796d14 - - default default] Unable to schedule network d47d779c-ee6b-48d6-8d4b-9d94e7ae8f96: no agents available; will retry on subsequent port and subnet creation events.
2026-05-08 20:35:49.435 7 INFO neutron.db.ovn_revision_numbers_db [None req-b9323ac2-8539-4504-bc25-e579855c8113 149267457f4b403d9bf6affdada6981e f0439395d045471489766d6724e22fe4 - - default default] Successfully bumped revision number for resource bdb0e554-157b-45f2-96a9-8177ffa6d20f (type: security_groups) to 1
2026-05-08 20:35:49.446 7 INFO neutron.db.ovn_revision_numbers_db [None req-b9323ac2-8539-4504-bc25-e579855c8113 149267457f4b403d9bf6affdada6981e f0439395d045471489766d6724e22fe4 - - default default] Successfully bumped revision number for resource 33018fee-3d30-4bbc-9362-5d5b45e89fa5 (type: security_group_rules) to 0
2026-05-08 20:35:49.459 7 INFO neutron.db.ovn_revision_numbers_db [None req-b9323ac2-8539-4504-bc25-e579855c8113 149267457f4b403d9bf6affdada6981e f0439395d045471489766d6724e22fe4 - - default default] Successfully bumped revision number for resource 79624f59-6ce4-4f19-b802-70c24702009e (type: security_group_rules) to 0
2026-05-08 20:35:49.479 7 INFO neutron.db.ovn_revision_numbers_db [None req-b9323ac2-8539-4504-bc25-e579855c8113 149267457f4b403d9bf6affdada6981e f0439395d045471489766d6724e22fe4 - - default default] Successfully bumped revision number for resource ecb962af-9447-4f89-8af7-535801b89820 (type: security_group_rules) to 0
2026-05-08 20:35:49.493 7 INFO neutron.db.ovn_revision_numbers_db [None req-b9323ac2-8539-4504-bc25-e579855c8113 149267457f4b403d9bf6affdada6981e f0439395d045471489766d6724e22fe4 - - default default] Successfully bumped revision number for resource f1eef5f0-ea5a-40e9-ba37-061ad2cdc9e5 (type: security_group_rules) to 0
2026-05-08 20:35:49.575 7 INFO neutron.db.segments_db [None req-b9323ac2-8539-4504-bc25-e579855c8113 149267457f4b403d9bf6affdada6981e f0439395d045471489766d6724e22fe4 - - default default] Added segment 7c75aa19-d04b-4095-ba03-5dcc023d193b of type geneve for network f410b646-448c-46ca-b74d-a8f6415dfa4f
2026-05-08 20:35:49.618 8 INFO neutron.db.ovn_revision_numbers_db [None req-34fa6cba-c9e3-4fe7-8728-fa2c085f8f96 08b6f1995e6c49b8a8b5d70c6edd4e27 5f3659702e684b489a109d5591796d14 - - default default] Successfully bumped revision number for resource f1073497-07ab-45fa-b918-9822c5af718b (type: router_ports) to 3 [pid: 8|app: 0|req: 684/1496] 10.0.0.123 () {34 vars in 783 bytes} [Fri May 8 20:35:47 2026] PUT /v2.0/routers/24d130cc-68f0-441d-bbc4-0331a52dc637/add_router_interface => generated 309 bytes in 2133 msecs (HTTP/1.1 200) 4 headers in 157 bytes (1 switches on core 0) /var/lib/openstack/lib/python3.12/site-packages/pycadf/identifier.py:70: UserWarning: Invalid uuid: neutron. To ensure interoperability, identifiers should be a valid uuid. warnings.warn(('Invalid uuid: %s. To ensure interoperability, '
2026-05-08 20:35:49.737 7 INFO neutron.db.ovn_revision_numbers_db [None req-b9323ac2-8539-4504-bc25-e579855c8113 149267457f4b403d9bf6affdada6981e f0439395d045471489766d6724e22fe4 - - default default] Successfully bumped revision number for resource f410b646-448c-46ca-b74d-a8f6415dfa4f (type: networks) to 1
2026-05-08 20:35:49.929 7 WARNING neutron.scheduler.dhcp_agent_scheduler [None req-b9323ac2-8539-4504-bc25-e579855c8113 149267457f4b403d9bf6affdada6981e f0439395d045471489766d6724e22fe4 - - default default] No more DHCP agents
2026-05-08 20:35:49.930 7 WARNING neutron.api.rpc.agentnotifiers.dhcp_rpc_agent_api [None req-b9323ac2-8539-4504-bc25-e579855c8113 149267457f4b403d9bf6affdada6981e f0439395d045471489766d6724e22fe4 - - default default] Unable to schedule network f410b646-448c-46ca-b74d-a8f6415dfa4f: no agents available; will retry on subsequent port and subnet creation events.
2026-05-08 20:35:49.945 8 WARNING neutron.scheduler.dhcp_agent_scheduler [None req-0b7d70c1-a58b-4166-8c12-a5e7082fc994 04afddb3b82d4d439de610847f1f8de5 8dedf34949444fc58fdd37789d3980e4 - - default default] No more DHCP agents
2026-05-08 20:35:49.947 8 WARNING neutron.api.rpc.agentnotifiers.dhcp_rpc_agent_api [None req-0b7d70c1-a58b-4166-8c12-a5e7082fc994 04afddb3b82d4d439de610847f1f8de5 8dedf34949444fc58fdd37789d3980e4 - - default default] Unable to schedule network 4b13b610-7639-4781-9852-a56b8f210554: no agents available; will retry on subsequent port and subnet creation events.
2026-05-08 20:35:49.981 8 INFO neutron.plugins.ml2.drivers.ovn.mech_driver.mech_driver [None req-429bb613-2d5e-4058-aaf6-bb3acce6c033 - - - - - -] OVN reports status down for port: e5fc1ae3-f527-4443-8c04-612356b82df4
2026-05-08 20:35:50.010 7 INFO neutron.db.ovn_revision_numbers_db [None req-b9323ac2-8539-4504-bc25-e579855c8113 149267457f4b403d9bf6affdada6981e f0439395d045471489766d6724e22fe4 - - default default] Successfully bumped revision number for resource e5fc1ae3-f527-4443-8c04-612356b82df4 (type: ports) to 1 [pid: 7|app: 0|req: 813/1497] 10.0.0.123 () {34 vars in 671 bytes} [Fri May 8 20:35:49 2026] POST /v2.0/networks => generated 742 bytes in 907 msecs (HTTP/1.1 201) 4 headers in 162 bytes (1 switches on core 0)
2026-05-08 20:35:50.167 8 INFO neutron.plugins.ml2.drivers.ovn.mech_driver.mech_driver [None req-429bb613-2d5e-4058-aaf6-bb3acce6c033 - - - - - -] OVN reports status down for port: 4d105925-6df2-4484-8b02-3bfd02de0417 [pid: 7|app: 0|req: 814/1498] 10.0.0.123 () {32 vars in 717 bytes} [Fri May 8 20:35:50 2026] GET /v2.0/ports/f1073497-07ab-45fa-b918-9822c5af718b => generated 1014 bytes in 146 msecs (HTTP/1.1 200) 4 headers in 158 bytes (1 switches on core 0)
2026-05-08 20:35:50.231 8 INFO neutron.db.ovn_revision_numbers_db [None req-0b7d70c1-a58b-4166-8c12-a5e7082fc994 04afddb3b82d4d439de610847f1f8de5 8dedf34949444fc58fdd37789d3980e4 - - default default] Successfully bumped revision number for resource 4d105925-6df2-4484-8b02-3bfd02de0417 (type: ports) to 1
2026-05-08 20:35:50.296 7 WARNING neutron.scheduler.dhcp_agent_scheduler [None req-6327b24f-3879-4633-b1bc-f0d90373a29c 149267457f4b403d9bf6affdada6981e f0439395d045471489766d6724e22fe4 - - default default] No more DHCP agents
2026-05-08 20:35:50.297 7 WARNING neutron.api.rpc.agentnotifiers.dhcp_rpc_agent_api [None req-6327b24f-3879-4633-b1bc-f0d90373a29c 149267457f4b403d9bf6affdada6981e f0439395d045471489766d6724e22fe4 - - default default] Unable to schedule network f410b646-448c-46ca-b74d-a8f6415dfa4f: no agents available; will retry on subsequent port and subnet creation events. [pid: 8|app: 0|req: 685/1499] 10.0.0.123 () {34 vars in 665 bytes} [Fri May 8 20:35:49 2026] POST /v2.0/ports => generated 949 bytes in 723 msecs (HTTP/1.1 201) 4 headers in 162 bytes (1 switches on core 0) /var/lib/openstack/lib/python3.12/site-packages/pycadf/identifier.py:70: UserWarning: Invalid uuid: neutron. To ensure interoperability, identifiers should be a valid uuid. warnings.warn(('Invalid uuid: %s. To ensure interoperability, '
2026-05-08 20:35:50.672 8 INFO neutron_taas.services.taas.taas_plugin [None req-5961c448-f144-4852-856c-453455abc48a 08b6f1995e6c49b8a8b5d70c6edd4e27 5f3659702e684b489a109d5591796d14 - - default default] TaaS: Handle Delete Port: f1073497-07ab-45fa-b918-9822c5af718b
2026-05-08 20:35:50.675 8 INFO neutron_taas.services.taas.tap_mirror_plugin [None req-5961c448-f144-4852-856c-453455abc48a 08b6f1995e6c49b8a8b5d70c6edd4e27 5f3659702e684b489a109d5591796d14 - - default default] Tap Mirror: Handle Delete Port: f1073497-07ab-45fa-b918-9822c5af718b
2026-05-08 20:35:50.686 7 INFO neutron.db.ovn_revision_numbers_db [None req-4441a8c3-a770-4e07-bd5f-8724a98c691c - - - - - -] Successfully bumped revision number for resource e5fc1ae3-f527-4443-8c04-612356b82df4 (type: ports) to 2
2026-05-08 20:35:50.720 7 INFO neutron.db.ovn_revision_numbers_db [None req-4441a8c3-a770-4e07-bd5f-8724a98c691c - - - - - -] Successfully bumped revision number for resource f7dfdc08-6e98-4af1-afe6-efefd95850cf (type: subnets) to 0 [pid: 7|app: 0|req: 815/1500] 10.0.0.123 () {34 vars in 669 bytes} [Fri May 8 20:35:50 2026] POST /v2.0/subnets => generated 687 bytes in 561 msecs (HTTP/1.1 201) 4 headers in 162 bytes (1 switches on core 0) [pid: 7|app: 0|req: 816/1501] 10.0.0.246 () {34 vars in 990 bytes} [Fri May 8 20:35:50 2026] GET /v2.0/ports?device_id=02eb800d-0218-4536-a96c-da2eed63b214 => generated 975 bytes in 33 msecs (HTTP/1.1 200) 4 headers in 157 bytes (1 switches on core 0)
2026-05-08 20:35:50.904 7 INFO neutron_taas.services.taas.taas_plugin [None req-9247f4df-66a3-42a1-91e9-f5c35256474a 04afddb3b82d4d439de610847f1f8de5 8dedf34949444fc58fdd37789d3980e4 - - default default] TaaS: Handle Delete Port: 4d105925-6df2-4484-8b02-3bfd02de0417
2026-05-08 20:35:50.907 7 INFO neutron_taas.services.taas.tap_mirror_plugin [None req-9247f4df-66a3-42a1-91e9-f5c35256474a 04afddb3b82d4d439de610847f1f8de5 8dedf34949444fc58fdd37789d3980e4 - - default default] Tap Mirror: Handle Delete Port: 4d105925-6df2-4484-8b02-3bfd02de0417 [pid: 8|app: 0|req: 686/1502] 10.0.0.123 () {34 vars in 789 bytes} [Fri May 8 20:35:50 2026] PUT /v2.0/routers/24d130cc-68f0-441d-bbc4-0331a52dc637/remove_router_interface => generated 309 bytes in 610 msecs (HTTP/1.1 200) 4 headers in 157 bytes (1 switches on core 0) /var/lib/openstack/lib/python3.12/site-packages/pycadf/identifier.py:70: UserWarning: Invalid uuid: neutron. To ensure interoperability, identifiers should be a valid uuid. warnings.warn(('Invalid uuid: %s. To ensure interoperability, ' [pid: 7|app: 0|req: 817/1503] 10.0.0.123 () {32 vars in 720 bytes} [Fri May 8 20:35:50 2026] DELETE /v2.0/ports/4d105925-6df2-4484-8b02-3bfd02de0417 => generated 0 bytes in 304 msecs (HTTP/1.1 204) 3 headers in 131 bytes (1 switches on core 0) [pid: 7|app: 0|req: 818/1504] 10.0.0.246 () {34 vars in 1040 bytes} [Fri May 8 20:35:51 2026] GET /v2.0/security-groups?id=20969677-9e46-4527-9d6b-202dd3f216fb&fields=id&fields=name => generated 113 bytes in 27 msecs (HTTP/1.1 200) 4 headers in 157 bytes (1 switches on core 0)
2026-05-08 20:35:51.158 7 INFO neutron.api.v2.resource [None req-fc65fc43-f4f5-42e8-9340-67b3ad9bdc62 08b6f1995e6c49b8a8b5d70c6edd4e27 5f3659702e684b489a109d5591796d14 - - default default] remove_router_interface failed (client error): The resource could not be found. [pid: 7|app: 0|req: 819/1505] 10.0.0.123 () {34 vars in 789 bytes} [Fri May 8 20:35:51 2026] PUT /v2.0/routers/24d130cc-68f0-441d-bbc4-0331a52dc637/remove_router_interface => generated 197 bytes in 62 msecs (HTTP/1.1 404) 4 headers in 164 bytes (1 switches on core 0)
2026-05-08 20:35:51.181 7 INFO neutron.pecan_wsgi.hooks.translation [None req-dbfac322-41aa-45d1-b4ae-d095801e5602 04afddb3b82d4d439de610847f1f8de5 8dedf34949444fc58fdd37789d3980e4 - - default default] DELETE failed (client error): The resource could not be found. [pid: 7|app: 0|req: 820/1506] 10.0.0.123 () {32 vars in 720 bytes} [Fri May 8 20:35:51 2026] DELETE /v2.0/ports/4d105925-6df2-4484-8b02-3bfd02de0417 => generated 132 bytes in 18 msecs (HTTP/1.1 404) 4 headers in 164 bytes (1 switches on core 0) [pid: 7|app: 0|req: 821/1507] 10.0.0.123 () {32 vars in 736 bytes} [Fri May 8 20:35:51 2026] GET /v2.0/ports?device_id=24d130cc-68f0-441d-bbc4-0331a52dc637 => generated 12 bytes in 22 msecs (HTTP/1.1 200) 4 headers in 156 bytes (1 switches on core 0) [pid: 7|app: 0|req: 822/1508] 10.0.0.246 () {34 vars in 990 bytes} [Fri May 8 20:35:51 2026] GET /v2.0/ports?device_id=02eb800d-0218-4536-a96c-da2eed63b214 => generated 975 bytes in 37 msecs (HTTP/1.1 200) 4 headers in 157 bytes (1 switches on core 0)
2026-05-08 20:35:51.256 7 INFO neutron.pecan_wsgi.hooks.translation [None req-de4681d7-2ad0-4f95-9cec-badd395f5e85 04afddb3b82d4d439de610847f1f8de5 8dedf34949444fc58fdd37789d3980e4 - - default default] GET failed (client error): The resource could not be found. [pid: 7|app: 0|req: 823/1509] 10.0.0.123 () {32 vars in 717 bytes} [Fri May 8 20:35:51 2026] GET /v2.0/ports/4d105925-6df2-4484-8b02-3bfd02de0417 => generated 132 bytes in 12 msecs (HTTP/1.1 404) 4 headers in 164 bytes (1 switches on core 0)
2026-05-08 20:35:51.382 8 WARNING neutron.scheduler.dhcp_agent_scheduler [None req-5c90b7d2-4186-4132-825d-02c26766d060 149267457f4b403d9bf6affdada6981e f0439395d045471489766d6724e22fe4 - - default default] No more DHCP agents
2026-05-08 20:35:51.384 8 WARNING neutron.api.rpc.agentnotifiers.dhcp_rpc_agent_api [None req-5c90b7d2-4186-4132-825d-02c26766d060 149267457f4b403d9bf6affdada6981e f0439395d045471489766d6724e22fe4 - - default default] Unable to schedule network 3b7e5b37-d08a-4354-a179-0c4b34bf401c: no agents available; will retry on subsequent port and subnet creation events. [pid: 7|app: 0|req: 824/1510] 10.0.0.123 () {32 vars in 724 bytes} [Fri May 8 20:35:51 2026] DELETE /v2.0/routers/24d130cc-68f0-441d-bbc4-0331a52dc637 => generated 0 bytes in 169 msecs (HTTP/1.1 204) 2 headers in 112 bytes (1 switches on core 0)
2026-05-08 20:35:51.510 8 INFO neutron.db.ovn_revision_numbers_db [None req-5c90b7d2-4186-4132-825d-02c26766d060 149267457f4b403d9bf6affdada6981e f0439395d045471489766d6724e22fe4 - - default default] Successfully bumped revision number for resource 5142c19e-880a-4425-9ade-0285fc914efa (type: ports) to 1
2026-05-08 20:35:51.886 7 INFO neutron.db.ovn_revision_numbers_db [None req-aeba8d10-ebdf-41da-9156-871f05eea350 8c1c239a9d704f509792b8db41b8c4b6 005c9c536589468c9f95bec66e212c78 - - default default] Successfully bumped revision number for resource 3ba16e6d-b828-474f-ab27-5e63a9d0a41a (type: floatingips) to 1
2026-05-08 20:35:51.997 7 INFO neutron.db.ovn_revision_numbers_db [None req-aeba8d10-ebdf-41da-9156-871f05eea350 8c1c239a9d704f509792b8db41b8c4b6 005c9c536589468c9f95bec66e212c78 - - default default] Successfully bumped revision number for resource 3ba16e6d-b828-474f-ab27-5e63a9d0a41a (type: floatingips) to 2
2026-05-08 20:35:51.997 7 INFO neutron.db.l3_db [None req-aeba8d10-ebdf-41da-9156-871f05eea350 8c1c239a9d704f509792b8db41b8c4b6 005c9c536589468c9f95bec66e212c78 - - default default] Floating IP 3ba16e6d-b828-474f-ab27-5e63a9d0a41a associated. External IP: 10.96.250.217, port: 91ba7bcf-3e23-49d4-bd42-21eb566ffeae. [pid: 7|app: 0|req: 825/1511] 10.0.0.123 () {34 vars in 749 bytes} [Fri May 8 20:35:51 2026] PUT /v2.0/floatingips/3ba16e6d-b828-474f-ab27-5e63a9d0a41a => generated 856 bytes in 607 msecs (HTTP/1.1 200) 4 headers in 157 bytes (1 switches on core 0)
2026-05-08 20:35:52.058 8 INFO neutron.plugins.ml2.drivers.ovn.mech_driver.ovsdb.commands [None req-b1a89995-7017-4eb8-a456-db99c61cfe55 - - - - - -] Schedule LRP lrp-5142c19e-880a-4425-9ade-0285fc914efa on gateway 057897b3-6923-43b9-b78b-b5aefd5f4e42 with priority 1
2026-05-08 20:35:52.075 7 INFO neutron.notifiers.nova [-] Nova event matching ['req-6b0ac9a3-370f-4ab5-807d-a6da6f87da0b'] response: {'name': 'network-changed', 'server_uuid': '02eb800d-0218-4536-a96c-da2eed63b214', 'tag': '91ba7bcf-3e23-49d4-bd42-21eb566ffeae', 'status': 'completed', 'code': 200}
2026-05-08 20:35:52.118 8 INFO neutron.db.ovn_revision_numbers_db [None req-5c90b7d2-4186-4132-825d-02c26766d060 149267457f4b403d9bf6affdada6981e f0439395d045471489766d6724e22fe4 - - default default] Successfully bumped revision number for resource 5142c19e-880a-4425-9ade-0285fc914efa (type: router_ports) to 1
2026-05-08 20:35:52.135 7 INFO neutron.plugins.ml2.drivers.ovn.mech_driver.ovsdb.ovsdb_monitor [None req-8f2aad52-008c-47a9-8b89-99a6cc30ecc6 - - - - - -] Router 88ae464e-57eb-4ddb-992c-936acf8db3e6 is bound to host instance
2026-05-08 20:35:52.189 8 INFO neutron.db.ovn_revision_numbers_db [None req-5c90b7d2-4186-4132-825d-02c26766d060 149267457f4b403d9bf6affdada6981e f0439395d045471489766d6724e22fe4 - - default default] Successfully bumped revision number for resource 88ae464e-57eb-4ddb-992c-936acf8db3e6 (type: routers) to 2 [pid: 8|app: 0|req: 687/1512] 10.0.0.123 () {34 vars in 669 bytes} [Fri May 8 20:35:50 2026] POST /v2.0/routers => generated 965 bytes in 1246 msecs (HTTP/1.1 201) 4 headers in 162 bytes (1 switches on core 0) /var/lib/openstack/lib/python3.12/site-packages/pycadf/identifier.py:70: UserWarning: Invalid uuid: neutron. To ensure interoperability, identifiers should be a valid uuid. warnings.warn(('Invalid uuid: %s. To ensure interoperability, ' [pid: 8|app: 0|req: 688/1513] 10.0.0.123 () {32 vars in 724 bytes} [Fri May 8 20:35:52 2026] DELETE /v2.0/subnets/c5263998-2532-4b16-8cfa-c5711e840220 => generated 0 bytes in 134 msecs (HTTP/1.1 204) 3 headers in 131 bytes (1 switches on core 0) [pid: 7|app: 0|req: 826/1514] 10.0.0.123 () {32 vars in 724 bytes} [Fri May 8 20:35:52 2026] DELETE /v2.0/subnets/6c2f8add-e33e-4f68-8ab7-70a406affbf3 => generated 0 bytes in 332 msecs (HTTP/1.1 204) 3 headers in 131 bytes (1 switches on core 0)
2026-05-08 20:35:52.557 7 INFO neutron_taas.services.taas.taas_plugin [None req-da873596-ddbf-4401-ab06-6182a39e7232 08b6f1995e6c49b8a8b5d70c6edd4e27 5f3659702e684b489a109d5591796d14 - - default default] TaaS: Handle Delete Port: 9e6a9a95-d604-43e0-8be2-1b6c895967b5
2026-05-08 20:35:52.561 7 INFO neutron_taas.services.taas.tap_mirror_plugin [None req-da873596-ddbf-4401-ab06-6182a39e7232 08b6f1995e6c49b8a8b5d70c6edd4e27 5f3659702e684b489a109d5591796d14 - - default default] Tap Mirror: Handle Delete Port: 9e6a9a95-d604-43e0-8be2-1b6c895967b5
2026-05-08 20:35:52.662 8 WARNING neutron.scheduler.dhcp_agent_scheduler [None req-1684d67c-19e0-4242-acfb-6608bde902e6 149267457f4b403d9bf6affdada6981e f0439395d045471489766d6724e22fe4 - - default default] No more DHCP agents
2026-05-08 20:35:52.663 8 WARNING neutron.api.rpc.agentnotifiers.dhcp_rpc_agent_api [None req-1684d67c-19e0-4242-acfb-6608bde902e6 149267457f4b403d9bf6affdada6981e f0439395d045471489766d6724e22fe4 - - default default] Unable to schedule network f410b646-448c-46ca-b74d-a8f6415dfa4f: no agents available; will retry on subsequent port and subnet creation events.
2026-05-08 20:35:52.783 8 INFO neutron.plugins.ml2.drivers.ovn.mech_driver.mech_driver [None req-429bb613-2d5e-4058-aaf6-bb3acce6c033 - - - - - -] OVN reports status down for port: e9f41153-5d48-41d5-baf1-4b4bf52498c9
2026-05-08 20:35:52.848 8 INFO neutron.db.ovn_revision_numbers_db [None req-1684d67c-19e0-4242-acfb-6608bde902e6 149267457f4b403d9bf6affdada6981e f0439395d045471489766d6724e22fe4 - - default default] Successfully bumped revision number for resource e9f41153-5d48-41d5-baf1-4b4bf52498c9 (type: ports) to 1
2026-05-08 20:35:52.863 7 INFO neutron.services.segments.plugin [-] Segment 9083ecb5-5ca2-4f20-b771-315bc7a54e0c resource provider aggregate not found
2026-05-08 20:35:52.867 7 INFO neutron.services.segments.plugin [-] Segment 9083ecb5-5ca2-4f20-b771-315bc7a54e0c resource provider aggregate not found
2026-05-08 20:35:52.888 7 INFO neutron.services.segments.plugin [-] Segment 9083ecb5-5ca2-4f20-b771-315bc7a54e0c resource provider not found; error: Placement Client Error (4xx): {"errors": [{"status": 404, "title": "Not Found", "detail": "The resource could not be found.\n\n No resource provider with uuid 9083ecb5-5ca2-4f20-b771-315bc7a54e0c found for delete ", "request_id": "req-823b5ae3-9ccc-48c6-b9a7-3fcacf134c78"}]}
2026-05-08 20:35:52.890 7 INFO neutron.services.segments.plugin [-] Segment 9083ecb5-5ca2-4f20-b771-315bc7a54e0c resource provider not found; error: Placement Client Error (4xx): {"errors": [{"status": 404, "title": "Not Found", "detail": "The resource could not be found.\n\n No resource provider with uuid 9083ecb5-5ca2-4f20-b771-315bc7a54e0c found for delete ", "request_id": "req-d4e77209-c9c7-4963-aea6-7f7f6707acfa"}]} [pid: 7|app: 0|req: 827/1515] 10.0.0.123 () {32 vars in 726 bytes} [Fri May 8 20:35:52 2026] DELETE /v2.0/networks/d47d779c-ee6b-48d6-8d4b-9d94e7ae8f96 => generated 0 bytes in 586 msecs (HTTP/1.1 204) 3 headers in 131 bytes (1 switches on core 0)
2026-05-08 20:35:53.160 7 INFO neutron_taas.services.taas.taas_plugin [None req-e4c48cdd-4949-4546-8414-a7b1a4d951c3 04afddb3b82d4d439de610847f1f8de5 8dedf34949444fc58fdd37789d3980e4 - - default default] TaaS: Handle Delete Port: 27f1dd98-2f80-4a44-be31-fa6cbe08e067
2026-05-08 20:35:53.165 7 INFO neutron_taas.services.taas.tap_mirror_plugin [None req-e4c48cdd-4949-4546-8414-a7b1a4d951c3 04afddb3b82d4d439de610847f1f8de5 8dedf34949444fc58fdd37789d3980e4 - - default default] Tap Mirror: Handle Delete Port: 27f1dd98-2f80-4a44-be31-fa6cbe08e067
2026-05-08 20:35:53.448 8 INFO neutron.plugins.ml2.drivers.ovn.mech_driver.mech_driver [None req-429bb613-2d5e-4058-aaf6-bb3acce6c033 - - - - - -] OVN reports status up for port: e9f41153-5d48-41d5-baf1-4b4bf52498c9
2026-05-08 20:35:53.475 8 INFO neutron.plugins.ml2.plugin [None req-429bb613-2d5e-4058-aaf6-bb3acce6c033 - - - - - -] Attempt 1 to provision port e9f41153-5d48-41d5-baf1-4b4bf52498c9
2026-05-08 20:35:53.487 7 INFO neutron.db.ovn_revision_numbers_db [None req-d93a77e9-0710-4c5e-8598-b30cb69f2f17 - - - - - -] Successfully bumped revision number for resource 5142c19e-880a-4425-9ade-0285fc914efa (type: ports) to 4 [pid: 7|app: 0|req: 828/1516] 10.0.0.123 () {32 vars in 726 bytes} [Fri May 8 20:35:52 2026] DELETE /v2.0/networks/4b13b610-7639-4781-9852-a56b8f210554 => generated 0 bytes in 587 msecs (HTTP/1.1 204) 3 headers in 131 bytes (1 switches on core 0)
2026-05-08 20:35:53.605 8 WARNING neutron.scheduler.dhcp_agent_scheduler [None req-1684d67c-19e0-4242-acfb-6608bde902e6 149267457f4b403d9bf6affdada6981e f0439395d045471489766d6724e22fe4 - - default default] No more DHCP agents
2026-05-08 20:35:53.607 8 WARNING neutron.api.rpc.agentnotifiers.dhcp_rpc_agent_api [None req-1684d67c-19e0-4242-acfb-6608bde902e6 149267457f4b403d9bf6affdada6981e f0439395d045471489766d6724e22fe4 - - default default] Unable to schedule network f410b646-448c-46ca-b74d-a8f6415dfa4f: no agents available; will retry on subsequent port and subnet creation events. [pid: 7|app: 0|req: 829/1517] 199.204.45.95 () {34 vars in 1079 bytes} [Fri May 8 20:35:53 2026] GET /v2.0/ports?tenant_id=005c9c536589468c9f95bec66e212c78&device_id=02eb800d-0218-4536-a96c-da2eed63b214 => generated 1213 bytes in 88 msecs (HTTP/1.1 200) 4 headers in 158 bytes (1 switches on core 0)
2026-05-08 20:35:53.752 7 INFO neutron.db.segments_db [None req-637d6fa1-ba9f-4974-a2d5-7c303c60bb5e 08b6f1995e6c49b8a8b5d70c6edd4e27 5f3659702e684b489a109d5591796d14 - - default default] Added segment 4fe282df-71a6-42cd-9633-f3a4b6ee9745 of type geneve for network 35757d49-fcca-40ed-a484-b88f2f33fe63
2026-05-08 20:35:53.959 7 INFO neutron.db.ovn_revision_numbers_db [None req-637d6fa1-ba9f-4974-a2d5-7c303c60bb5e 08b6f1995e6c49b8a8b5d70c6edd4e27 5f3659702e684b489a109d5591796d14 - - default default] Successfully bumped revision number for resource 35757d49-fcca-40ed-a484-b88f2f33fe63 (type: networks) to 1
2026-05-08 20:35:54.035 7 INFO neutron.db.ovn_revision_numbers_db [None req-d93a77e9-0710-4c5e-8598-b30cb69f2f17 - - - - - -] Successfully bumped revision number for resource 5142c19e-880a-4425-9ade-0285fc914efa (type: ports) to 5
2026-05-08 20:35:54.142 8 INFO neutron.db.ovn_revision_numbers_db [None req-429bb613-2d5e-4058-aaf6-bb3acce6c033 - - - - - -] Successfully bumped revision number for resource e9f41153-5d48-41d5-baf1-4b4bf52498c9 (type: ports) to 2
2026-05-08 20:35:54.180 7 WARNING neutron.plugins.ml2.drivers.ovn.mech_driver.ovsdb.ovn_client [None req-b360d9ae-eff1-4102-ae29-b29c1c09b0af - - - - - -] No port found with ID f1073497-07ab-45fa-b918-9822c5af718b: RuntimeError: No port found with ID f1073497-07ab-45fa-b918-9822c5af718b
2026-05-08 20:35:54.215 7 INFO neutron.plugins.ml2.drivers.ovn.mech_driver.mech_driver [None req-b360d9ae-eff1-4102-ae29-b29c1c09b0af - - - - - -] OVN reports status down for port: 5142c19e-880a-4425-9ade-0285fc914efa
2026-05-08 20:35:54.278 7 WARNING neutron.scheduler.dhcp_agent_scheduler [None req-637d6fa1-ba9f-4974-a2d5-7c303c60bb5e 08b6f1995e6c49b8a8b5d70c6edd4e27 5f3659702e684b489a109d5591796d14 - - default default] No more DHCP agents
2026-05-08 20:35:54.280 7 WARNING neutron.api.rpc.agentnotifiers.dhcp_rpc_agent_api [None req-637d6fa1-ba9f-4974-a2d5-7c303c60bb5e 08b6f1995e6c49b8a8b5d70c6edd4e27 5f3659702e684b489a109d5591796d14 - - default default] Unable to schedule network 35757d49-fcca-40ed-a484-b88f2f33fe63: no agents available; will retry on subsequent port and subnet creation events.
2026-05-08 20:35:54.457 8 INFO neutron.db.ovn_revision_numbers_db [None req-1684d67c-19e0-4242-acfb-6608bde902e6 149267457f4b403d9bf6affdada6981e f0439395d045471489766d6724e22fe4 - - default default] Successfully bumped revision number for resource e9f41153-5d48-41d5-baf1-4b4bf52498c9 (type: router_ports) to 1 [pid: 8|app: 0|req: 689/1518] 10.0.0.123 () {34 vars in 783 bytes} [Fri May 8 20:35:52 2026] PUT /v2.0/routers/88ae464e-57eb-4ddb-992c-936acf8db3e6/add_router_interface => generated 309 bytes in 2123 msecs (HTTP/1.1 200) 4 headers in 157 bytes (1 switches on core 0)
2026-05-08 20:35:54.469 7 INFO neutron.db.ovn_revision_numbers_db [None req-637d6fa1-ba9f-4974-a2d5-7c303c60bb5e 08b6f1995e6c49b8a8b5d70c6edd4e27 5f3659702e684b489a109d5591796d14 - - default default] Successfully bumped revision number for resource fb5273e8-ef4f-42ff-8419-7880b588c798 (type: ports) to 1 [pid: 7|app: 0|req: 830/1519] 10.0.0.123 () {34 vars in 670 bytes} [Fri May 8 20:35:53 2026] POST /v2.0/networks => generated 629 bytes in 878 msecs (HTTP/1.1 201) 4 headers in 162 bytes (1 switches on core 0)
2026-05-08 20:35:54.552 8 INFO neutron.db.segments_db [None req-a3309e2a-918a-440d-a31e-92e4ff45d9c1 04afddb3b82d4d439de610847f1f8de5 8dedf34949444fc58fdd37789d3980e4 - - default default] Added segment af774665-4fcf-4d2b-95f6-8ac4cdc46a20 of type geneve for network bd18c108-dc0b-4d4e-ab63-7f93f73b049f [pid: 7|app: 0|req: 831/1520] 199.204.45.95 () {34 vars in 985 bytes} [Fri May 8 20:35:54 2026] GET /v2.0/networks?id=c27036e3-9236-42bd-bf80-28946c60d518 => generated 774 bytes in 79 msecs (HTTP/1.1 200) 4 headers in 157 bytes (1 switches on core 0)
2026-05-08 20:35:54.663 8 INFO neutron.db.ovn_revision_numbers_db [None req-a3309e2a-918a-440d-a31e-92e4ff45d9c1 04afddb3b82d4d439de610847f1f8de5 8dedf34949444fc58fdd37789d3980e4 - - default default] Successfully bumped revision number for resource bd18c108-dc0b-4d4e-ab63-7f93f73b049f (type: networks) to 1
2026-05-08 20:35:54.818 7 INFO neutron.db.ovn_revision_numbers_db [None req-b360d9ae-eff1-4102-ae29-b29c1c09b0af - - - - - -] Successfully bumped revision number for resource 5142c19e-880a-4425-9ade-0285fc914efa (type: ports) to 6
2026-05-08 20:35:54.856 8 WARNING neutron.scheduler.dhcp_agent_scheduler [None req-a3309e2a-918a-440d-a31e-92e4ff45d9c1 04afddb3b82d4d439de610847f1f8de5 8dedf34949444fc58fdd37789d3980e4 - - default default] No more DHCP agents
2026-05-08 20:35:54.857 8 WARNING neutron.api.rpc.agentnotifiers.dhcp_rpc_agent_api [None req-a3309e2a-918a-440d-a31e-92e4ff45d9c1 04afddb3b82d4d439de610847f1f8de5 8dedf34949444fc58fdd37789d3980e4 - - default default] Unable to schedule network bd18c108-dc0b-4d4e-ab63-7f93f73b049f: no agents available; will retry on subsequent port and subnet creation events.
2026-05-08 20:35:54.932 7 INFO neutron.services.segments.plugin [-] Segment e36e6fe2-e437-4608-b687-3e61aa04de70 resource provider aggregate not found
2026-05-08 20:35:54.939 7 INFO neutron.services.segments.plugin [-] Segment e36e6fe2-e437-4608-b687-3e61aa04de70 resource provider aggregate not found
2026-05-08 20:35:54.958 7 INFO neutron.services.segments.plugin [-] Segment e36e6fe2-e437-4608-b687-3e61aa04de70 resource provider not found; error: Placement Client Error (4xx): {"errors": [{"status": 404, "title": "Not Found", "detail": "The resource could not be found.\n\n No resource provider with uuid e36e6fe2-e437-4608-b687-3e61aa04de70 found for delete ", "request_id": "req-123fb237-331c-4465-aeb7-34c4ebfddeb8"}]}
2026-05-08 20:35:54.958 8 INFO neutron.db.ovn_revision_numbers_db [None req-a3309e2a-918a-440d-a31e-92e4ff45d9c1 04afddb3b82d4d439de610847f1f8de5 8dedf34949444fc58fdd37789d3980e4 - - default default] Successfully bumped revision number for resource c1236dda-7435-45e3-b554-42f98ecbf52f (type: ports) to 1
2026-05-08 20:35:54.967 7 INFO neutron.services.segments.plugin [-] Segment e36e6fe2-e437-4608-b687-3e61aa04de70 resource provider not found; error: Placement Client Error (4xx): {"errors": [{"status": 404, "title": "Not Found", "detail": "The resource could not be found.\n\n No resource provider with uuid e36e6fe2-e437-4608-b687-3e61aa04de70 found for delete ", "request_id": "req-80a8a419-0e46-4679-accf-4c39633bbff2"}]} [pid: 8|app: 0|req: 690/1521] 10.0.0.123 () {34 vars in 670 bytes} [Fri May 8 20:35:54 2026] POST /v2.0/networks => generated 631 bytes in 518 msecs (HTTP/1.1 201) 4 headers in 162 bytes (1 switches on core 0)
2026-05-08 20:35:54.985 7 WARNING neutron.plugins.ml2.drivers.ovn.mech_driver.ovsdb.ovn_client [None req-ee912f2e-8400-415d-9235-bb21c3bdcc96 - - - - - -] Logical_Switch_Port 5142c19e-880a-4425-9ade-0285fc914efa host information not removed, the port state is up
2026-05-08 20:35:54.986 7 INFO neutron.plugins.ml2.drivers.ovn.mech_driver.mech_driver [None req-ee912f2e-8400-415d-9235-bb21c3bdcc96 - - - - - -] OVN reports status up for port: 5142c19e-880a-4425-9ade-0285fc914efa
2026-05-08 20:35:55.001 7 INFO neutron.plugins.ml2.plugin [None req-ee912f2e-8400-415d-9235-bb21c3bdcc96 - - - - - -] Attempt 1 to provision port 5142c19e-880a-4425-9ade-0285fc914efa
2026-05-08 20:35:55.014 7 WARNING neutron.scheduler.dhcp_agent_scheduler [None req-76619e02-8d6c-41fe-9cb7-68f2d77c49d0 08b6f1995e6c49b8a8b5d70c6edd4e27 5f3659702e684b489a109d5591796d14 - - default default] No more DHCP agents
2026-05-08 20:35:55.016 7 WARNING neutron.api.rpc.agentnotifiers.dhcp_rpc_agent_api [None req-76619e02-8d6c-41fe-9cb7-68f2d77c49d0 08b6f1995e6c49b8a8b5d70c6edd4e27 5f3659702e684b489a109d5591796d14 - - default default] Unable to schedule network 35757d49-fcca-40ed-a484-b88f2f33fe63: no agents available; will retry on subsequent port and subnet creation events. [pid: 8|app: 0|req: 691/1522] 199.204.45.95 () {34 vars in 1059 bytes} [Fri May 8 20:35:54 2026] GET /v2.0/floatingips?fixed_ip_address=10.100.0.13&port_id=91ba7bcf-3e23-49d4-bd42-21eb566ffeae => generated 861 bytes in 38 msecs (HTTP/1.1 200) 4 headers in 157 bytes (1 switches on core 0)
2026-05-08 20:35:55.166 8 WARNING neutron.scheduler.dhcp_agent_scheduler [None req-2a8588b6-0b71-4378-a14c-835455af748a 04afddb3b82d4d439de610847f1f8de5 8dedf34949444fc58fdd37789d3980e4 - - default default] No more DHCP agents
