2026-05-08 20:35:55.167 8 WARNING neutron.api.rpc.agentnotifiers.dhcp_rpc_agent_api [None req-2a8588b6-0b71-4378-a14c-835455af748a 04afddb3b82d4d439de610847f1f8de5 8dedf34949444fc58fdd37789d3980e4 - - default default] Unable to schedule network bd18c108-dc0b-4d4e-ab63-7f93f73b049f: no agents available; will retry on subsequent port and subnet creation events.
2026-05-08 20:35:55.539 7 INFO neutron.db.ovn_revision_numbers_db [None req-ee912f2e-8400-415d-9235-bb21c3bdcc96 - - - - - -] Successfully bumped revision number for resource 5142c19e-880a-4425-9ade-0285fc914efa (type: ports) to 7
2026-05-08 20:35:55.618 8 INFO neutron.db.ovn_revision_numbers_db [None req-61dc1be2-d875-4e33-a60e-59a9565b0ea3 - - - - - -] Successfully bumped revision number for resource c1236dda-7435-45e3-b554-42f98ecbf52f (type: ports) to 2
2026-05-08 20:35:55.648 8 INFO neutron.db.ovn_revision_numbers_db [None req-61dc1be2-d875-4e33-a60e-59a9565b0ea3 - - - - - -] Successfully bumped revision number for resource 87d3f7db-5b65-42f1-9815-2fb985a2415c (type: subnets) to 0 [pid: 8|app: 0|req: 692/1523] 10.0.0.123 () {34 vars in 669 bytes} [Fri May 8 20:35:55 2026] POST /v2.0/subnets => generated 626 bytes in 663 msecs (HTTP/1.1 201) 4 headers in 162 bytes (1 switches on core 0)
2026-05-08 20:35:55.704 7 INFO neutron.db.ovn_revision_numbers_db [None req-e2e706cf-b1f7-4a66-b286-b52d2d10c6b0 - - - - - -] Successfully bumped revision number for resource fb5273e8-ef4f-42ff-8419-7880b588c798 (type: ports) to 2 [pid: 8|app: 0|req: 693/1524] 199.204.45.95 () {34 vars in 983 bytes} [Fri May 8 20:35:55 2026] GET /v2.0/subnets?id=d2a740cd-ba39-4cf5-b221-e44db00eae82 => generated 693 bytes in 29 msecs (HTTP/1.1 200) 4 headers in 157 bytes (1 switches on core 0)
2026-05-08 20:35:55.745 7 INFO neutron.db.ovn_revision_numbers_db [None req-e2e706cf-b1f7-4a66-b286-b52d2d10c6b0 - - - - - -] Successfully bumped revision number for resource 95b29879-eaad-4b16-a479-23f4c54ca5b5 (type: subnets) to 0 [pid: 7|app: 0|req: 832/1525] 10.0.0.123 () {34 vars in 669 bytes} [Fri May 8 20:35:54 2026] POST /v2.0/subnets => generated 626 bytes in 1173 msecs (HTTP/1.1 201) 4 headers in 162 bytes (1 switches on core 0)
2026-05-08 20:35:55.844 8 INFO neutron.db.ovn_revision_numbers_db [None req-e55ef8a8-80c4-42cd-8277-7739da0bb5b5 149267457f4b403d9bf6affdada6981e f0439395d045471489766d6724e22fe4 - - default default] Successfully bumped revision number for resource 61a96f67-a67d-4eae-809f-463a1f6a9cc9 (type: security_groups) to 1
2026-05-08 20:35:55.856 8 INFO neutron.db.ovn_revision_numbers_db [None req-e55ef8a8-80c4-42cd-8277-7739da0bb5b5 149267457f4b403d9bf6affdada6981e f0439395d045471489766d6724e22fe4 - - default default] Successfully bumped revision number for resource 0cfc60f0-b16e-4037-8292-e4dd1b5bbd98 (type: security_group_rules) to 0
2026-05-08 20:35:55.867 8 INFO neutron.db.ovn_revision_numbers_db [None req-e55ef8a8-80c4-42cd-8277-7739da0bb5b5 149267457f4b403d9bf6affdada6981e f0439395d045471489766d6724e22fe4 - - default default] Successfully bumped revision number for resource 50f50dfe-0243-46b2-bda7-0a878d77d2d6 (type: security_group_rules) to 0
2026-05-08 20:35:55.878 8 INFO neutron.db.ovn_revision_numbers_db [None req-e55ef8a8-80c4-42cd-8277-7739da0bb5b5 149267457f4b403d9bf6affdada6981e f0439395d045471489766d6724e22fe4 - - default default] Successfully bumped revision number for resource d3ffd786-056e-4ec3-8b45-0956a2547dce (type: security_group_rules) to 0
2026-05-08 20:35:55.890 8 INFO neutron.db.ovn_revision_numbers_db [None req-e55ef8a8-80c4-42cd-8277-7739da0bb5b5 149267457f4b403d9bf6affdada6981e f0439395d045471489766d6724e22fe4 - - default default] Successfully bumped revision number for resource e721582b-81f5-45e3-b75d-6a2b0e6c36be (type: security_group_rules) to 0
2026-05-08 20:35:55.964 8 INFO neutron.db.segments_db [None req-e55ef8a8-80c4-42cd-8277-7739da0bb5b5 149267457f4b403d9bf6affdada6981e f0439395d045471489766d6724e22fe4 - - default default] Added segment 8bcac3f9-249e-47af-9ddd-49e7bdd1956c of type geneve for network fad88673-7616-4bd4-9bd3-120184315dde
2026-05-08 20:35:56.030 7 WARNING neutron.scheduler.dhcp_agent_scheduler [None req-cd5488bd-0702-4f7b-833a-d1687c5901b5 04afddb3b82d4d439de610847f1f8de5 8dedf34949444fc58fdd37789d3980e4 - - default default] No more DHCP agents
2026-05-08 20:35:56.032 7 WARNING neutron.api.rpc.agentnotifiers.dhcp_rpc_agent_api [None req-cd5488bd-0702-4f7b-833a-d1687c5901b5 04afddb3b82d4d439de610847f1f8de5 8dedf34949444fc58fdd37789d3980e4 - - default default] Unable to schedule network bd18c108-dc0b-4d4e-ab63-7f93f73b049f: no agents available; will retry on subsequent port and subnet creation events.
2026-05-08 20:35:56.075 8 INFO neutron.db.ovn_revision_numbers_db [None req-e55ef8a8-80c4-42cd-8277-7739da0bb5b5 149267457f4b403d9bf6affdada6981e f0439395d045471489766d6724e22fe4 - - default default] Successfully bumped revision number for resource fad88673-7616-4bd4-9bd3-120184315dde (type: networks) to 1
2026-05-08 20:35:56.172 7 INFO neutron.db.ovn_revision_numbers_db [None req-cd5488bd-0702-4f7b-833a-d1687c5901b5 04afddb3b82d4d439de610847f1f8de5 8dedf34949444fc58fdd37789d3980e4 - - default default] Successfully bumped revision number for resource 7486142e-e420-44dd-98fc-e48b58cd423a (type: ports) to 1 [pid: 7|app: 0|req: 833/1526] 10.0.0.123 () {34 vars in 665 bytes} [Fri May 8 20:35:55 2026] POST /v2.0/ports => generated 915 bytes in 465 msecs (HTTP/1.1 201) 4 headers in 162 bytes (1 switches on core 0) [pid: 7|app: 0|req: 834/1527] 199.204.45.95 () {34 vars in 1051 bytes} [Fri May 8 20:35:56 2026] GET /v2.0/ports?network_id=c27036e3-9236-42bd-bf80-28946c60d518&device_owner=network%3Adhcp => generated 12 bytes in 18 msecs (HTTP/1.1 200) 4 headers in 156 bytes (1 switches on core 0)
2026-05-08 20:35:56.256 8 WARNING neutron.scheduler.dhcp_agent_scheduler [None req-e55ef8a8-80c4-42cd-8277-7739da0bb5b5 149267457f4b403d9bf6affdada6981e f0439395d045471489766d6724e22fe4 - - default default] No more DHCP agents
2026-05-08 20:35:56.257 8 WARNING neutron.api.rpc.agentnotifiers.dhcp_rpc_agent_api [None req-e55ef8a8-80c4-42cd-8277-7739da0bb5b5 149267457f4b403d9bf6affdada6981e f0439395d045471489766d6724e22fe4 - - default default] Unable to schedule network fad88673-7616-4bd4-9bd3-120184315dde: no agents available; will retry on subsequent port and subnet creation events.
2026-05-08 20:35:56.318 7 INFO neutron.plugins.ml2.drivers.ovn.mech_driver.mech_driver [None req-79365f92-6166-4cc2-80f8-1727a64efa25 - - - - - -] OVN reports status down for port: 9a1d6226-1ba4-40a1-a95f-dbd34633bebe
2026-05-08 20:35:56.329 8 INFO neutron.db.ovn_revision_numbers_db [None req-e55ef8a8-80c4-42cd-8277-7739da0bb5b5 149267457f4b403d9bf6affdada6981e f0439395d045471489766d6724e22fe4 - - default default] Successfully bumped revision number for resource 9a1d6226-1ba4-40a1-a95f-dbd34633bebe (type: ports) to 1 [pid: 8|app: 0|req: 694/1528] 10.0.0.123 () {34 vars in 671 bytes} [Fri May 8 20:35:55 2026] POST /v2.0/networks => generated 743 bytes in 642 msecs (HTTP/1.1 201) 4 headers in 162 bytes (1 switches on core 0)
2026-05-08 20:35:56.388 7 INFO neutron.db.ovn_revision_numbers_db [None req-b4e5017f-6378-4f7d-9584-2d5608fd0fc7 08b6f1995e6c49b8a8b5d70c6edd4e27 5f3659702e684b489a109d5591796d14 - - default default] Successfully bumped revision number for resource b0f1a1a1-529f-4357-9a44-67a82fc455a1 (type: routers) to 1 [pid: 7|app: 0|req: 835/1529] 10.0.0.123 () {34 vars in 669 bytes} [Fri May 8 20:35:56 2026] POST /v2.0/routers => generated 603 bytes in 166 msecs (HTTP/1.1 201) 4 headers in 162 bytes (1 switches on core 0) [pid: 7|app: 0|req: 836/1530] 199.204.45.95 () {34 vars in 1011 bytes} [Fri May 8 20:35:56 2026] GET /v2.0/networks/c27036e3-9236-42bd-bf80-28946c60d518?fields=segments => generated 14 bytes in 50 msecs (HTTP/1.1 200) 4 headers in 156 bytes (1 switches on core 0)
2026-05-08 20:35:56.472 8 INFO neutron_taas.services.taas.taas_plugin [None req-1f6484f4-6a69-4dfa-a4c8-ceeffbf8cd2a 04afddb3b82d4d439de610847f1f8de5 8dedf34949444fc58fdd37789d3980e4 - - default default] TaaS: Handle Delete Port: 7486142e-e420-44dd-98fc-e48b58cd423a
2026-05-08 20:35:56.476 8 INFO neutron_taas.services.taas.tap_mirror_plugin [None req-1f6484f4-6a69-4dfa-a4c8-ceeffbf8cd2a 04afddb3b82d4d439de610847f1f8de5 8dedf34949444fc58fdd37789d3980e4 - - default default] Tap Mirror: Handle Delete Port: 7486142e-e420-44dd-98fc-e48b58cd423a
2026-05-08 20:35:56.579 7 WARNING neutron.scheduler.dhcp_agent_scheduler [None req-ac905d6b-7ea8-42ed-aed4-18046aa58b34 149267457f4b403d9bf6affdada6981e f0439395d045471489766d6724e22fe4 - - default default] No more DHCP agents
2026-05-08 20:35:56.580 7 WARNING neutron.api.rpc.agentnotifiers.dhcp_rpc_agent_api [None req-ac905d6b-7ea8-42ed-aed4-18046aa58b34 149267457f4b403d9bf6affdada6981e f0439395d045471489766d6724e22fe4 - - default default] Unable to schedule network fad88673-7616-4bd4-9bd3-120184315dde: no agents available; will retry on subsequent port and subnet creation events. [pid: 8|app: 0|req: 695/1531] 10.0.0.123 () {32 vars in 720 bytes} [Fri May 8 20:35:56 2026] DELETE /v2.0/ports/7486142e-e420-44dd-98fc-e48b58cd423a => generated 0 bytes in 270 msecs (HTTP/1.1 204) 3 headers in 131 bytes (1 switches on core 0)
2026-05-08 20:35:56.962 8 WARNING neutron.scheduler.dhcp_agent_scheduler [None req-55a311f0-514f-40e2-b4d5-a8a19bf7e5df 08b6f1995e6c49b8a8b5d70c6edd4e27 5f3659702e684b489a109d5591796d14 - - default default] No more DHCP agents
2026-05-08 20:35:56.964 8 WARNING neutron.api.rpc.agentnotifiers.dhcp_rpc_agent_api [None req-55a311f0-514f-40e2-b4d5-a8a19bf7e5df 08b6f1995e6c49b8a8b5d70c6edd4e27 5f3659702e684b489a109d5591796d14 - - default default] Unable to schedule network 35757d49-fcca-40ed-a484-b88f2f33fe63: no agents available; will retry on subsequent port and subnet creation events.
2026-05-08 20:35:57.046 7 INFO neutron.db.ovn_revision_numbers_db [None req-c4b88bb1-23b1-4a9b-a275-b090972e00cf - - - - - -] Successfully bumped revision number for resource 9a1d6226-1ba4-40a1-a95f-dbd34633bebe (type: ports) to 2
2026-05-08 20:35:57.092 7 INFO neutron.plugins.ml2.drivers.ovn.mech_driver.mech_driver [None req-79365f92-6166-4cc2-80f8-1727a64efa25 - - - - - -] OVN reports status down for port: 1f45e0ff-6773-4896-becd-50f1cca081dd
2026-05-08 20:35:57.095 7 INFO neutron.db.ovn_revision_numbers_db [None req-c4b88bb1-23b1-4a9b-a275-b090972e00cf - - - - - -] Successfully bumped revision number for resource 8de6eb18-a591-494e-b237-a072454e9f33 (type: subnets) to 0
2026-05-08 20:35:57.097 8 INFO neutron.db.ovn_revision_numbers_db [None req-55a311f0-514f-40e2-b4d5-a8a19bf7e5df 08b6f1995e6c49b8a8b5d70c6edd4e27 5f3659702e684b489a109d5591796d14 - - default default] Successfully bumped revision number for resource 1f45e0ff-6773-4896-becd-50f1cca081dd (type: ports) to 1 [pid: 7|app: 0|req: 837/1532] 10.0.0.123 () {34 vars in 669 bytes} [Fri May 8 20:35:56 2026] POST /v2.0/subnets => generated 687 bytes in 657 msecs (HTTP/1.1 201) 4 headers in 162 bytes (1 switches on core 0) [pid: 7|app: 0|req: 838/1533] 199.204.45.95 () {34 vars in 1111 bytes} [Fri May 8 20:35:57 2026] GET /v2.0/networks/c27036e3-9236-42bd-bf80-28946c60d518?fields=provider%3Aphysical_network&fields=provider%3Anetwork_type => generated 79 bytes in 69 msecs (HTTP/1.1 200) 4 headers in 156 bytes (1 switches on core 0)
2026-05-08 20:35:57.213 7 INFO neutron.pecan_wsgi.hooks.translation [None req-4b45d805-9479-4d52-92ed-da73ffd40f59 04afddb3b82d4d439de610847f1f8de5 8dedf34949444fc58fdd37789d3980e4 - - default default] GET failed (client error): The resource could not be found. [pid: 7|app: 0|req: 839/1534] 10.0.0.123 () {32 vars in 717 bytes} [Fri May 8 20:35:57 2026] GET /v2.0/ports/7486142e-e420-44dd-98fc-e48b58cd423a => generated 132 bytes in 24 msecs (HTTP/1.1 404) 4 headers in 164 bytes (1 switches on core 0)
2026-05-08 20:35:57.598 7 INFO neutron.plugins.ml2.drivers.ovn.mech_driver.mech_driver [None req-79365f92-6166-4cc2-80f8-1727a64efa25 - - - - - -] OVN reports status up for port: 1f45e0ff-6773-4896-becd-50f1cca081dd
2026-05-08 20:35:57.609 7 INFO neutron.plugins.ml2.plugin [None req-79365f92-6166-4cc2-80f8-1727a64efa25 - - - - - -] Attempt 1 to provision port 1f45e0ff-6773-4896-becd-50f1cca081dd
2026-05-08 20:35:57.663 8 WARNING neutron.scheduler.dhcp_agent_scheduler [None req-55a311f0-514f-40e2-b4d5-a8a19bf7e5df 08b6f1995e6c49b8a8b5d70c6edd4e27 5f3659702e684b489a109d5591796d14 - - default default] No more DHCP agents
2026-05-08 20:35:57.664 8 WARNING neutron.api.rpc.agentnotifiers.dhcp_rpc_agent_api [None req-55a311f0-514f-40e2-b4d5-a8a19bf7e5df 08b6f1995e6c49b8a8b5d70c6edd4e27 5f3659702e684b489a109d5591796d14 - - default default] Unable to schedule network 35757d49-fcca-40ed-a484-b88f2f33fe63: no agents available; will retry on subsequent port and subnet creation events.
2026-05-08 20:35:57.681 7 WARNING neutron.scheduler.dhcp_agent_scheduler [None req-51d59d6a-2fd7-48f6-8048-c38cc2a0b905 149267457f4b403d9bf6affdada6981e f0439395d045471489766d6724e22fe4 - - default default] No more DHCP agents
2026-05-08 20:35:57.683 7 WARNING neutron.api.rpc.agentnotifiers.dhcp_rpc_agent_api [None req-51d59d6a-2fd7-48f6-8048-c38cc2a0b905 149267457f4b403d9bf6affdada6981e f0439395d045471489766d6724e22fe4 - - default default] Unable to schedule network 3b7e5b37-d08a-4354-a179-0c4b34bf401c: no agents available; will retry on subsequent port and subnet creation events.
2026-05-08 20:35:57.881 8 INFO neutron.db.ovn_revision_numbers_db [None req-55a311f0-514f-40e2-b4d5-a8a19bf7e5df 08b6f1995e6c49b8a8b5d70c6edd4e27 5f3659702e684b489a109d5591796d14 - - default default] Successfully bumped revision number for resource 1f45e0ff-6773-4896-becd-50f1cca081dd (type: router_ports) to 1 [pid: 8|app: 0|req: 696/1535] 10.0.0.123 () {34 vars in 783 bytes} [Fri May 8 20:35:56 2026] PUT /v2.0/routers/b0f1a1a1-529f-4357-9a44-67a82fc455a1/add_router_interface => generated 309 bytes in 1261 msecs (HTTP/1.1 200) 4 headers in 157 bytes (1 switches on core 0)
2026-05-08 20:35:58.012 7 INFO neutron.db.ovn_revision_numbers_db [None req-51d59d6a-2fd7-48f6-8048-c38cc2a0b905 149267457f4b403d9bf6affdada6981e f0439395d045471489766d6724e22fe4 - - default default] Successfully bumped revision number for resource 5b969748-50d3-4ca6-9662-495f8fc2454f (type: ports) to 1 [pid: 8|app: 0|req: 697/1536] 10.0.0.123 () {32 vars in 724 bytes} [Fri May 8 20:35:57 2026] DELETE /v2.0/subnets/87d3f7db-5b65-42f1-9815-2fb985a2415c => generated 0 bytes in 190 msecs (HTTP/1.1 204) 3 headers in 131 bytes (1 switches on core 0) [pid: 8|app: 0|req: 698/1537] 10.0.0.123 () {32 vars in 717 bytes} [Fri May 8 20:35:58 2026] GET /v2.0/ports/1f45e0ff-6773-4896-becd-50f1cca081dd => generated 943 bytes in 77 msecs (HTTP/1.1 200) 4 headers in 157 bytes (1 switches on core 0)
2026-05-08 20:35:58.286 8 INFO neutron_taas.services.taas.taas_plugin [None req-0a896cda-6c61-4694-80c9-dbf9b826805c 04afddb3b82d4d439de610847f1f8de5 8dedf34949444fc58fdd37789d3980e4 - - default default] TaaS: Handle Delete Port: c1236dda-7435-45e3-b554-42f98ecbf52f
2026-05-08 20:35:58.289 8 INFO neutron_taas.services.taas.tap_mirror_plugin [None req-0a896cda-6c61-4694-80c9-dbf9b826805c 04afddb3b82d4d439de610847f1f8de5 8dedf34949444fc58fdd37789d3980e4 - - default default] Tap Mirror: Handle Delete Port: c1236dda-7435-45e3-b554-42f98ecbf52f
2026-05-08 20:35:58.318 7 INFO neutron.db.ovn_revision_numbers_db [None req-79365f92-6166-4cc2-80f8-1727a64efa25 - - - - - -] Successfully bumped revision number for resource 1f45e0ff-6773-4896-becd-50f1cca081dd (type: ports) to 2
2026-05-08 20:35:58.486 8 INFO neutron.services.segments.plugin [-] Segment af774665-4fcf-4d2b-95f6-8ac4cdc46a20 resource provider aggregate not found
2026-05-08 20:35:58.489 8 INFO neutron.services.segments.plugin [-] Segment af774665-4fcf-4d2b-95f6-8ac4cdc46a20 resource provider aggregate not found
2026-05-08 20:35:58.497 8 INFO neutron.services.segments.plugin [-] Segment af774665-4fcf-4d2b-95f6-8ac4cdc46a20 resource provider not found; error: Placement Client Error (4xx): {"errors": [{"status": 404, "title": "Not Found", "detail": "The resource could not be found.\n\n No resource provider with uuid af774665-4fcf-4d2b-95f6-8ac4cdc46a20 found for delete ", "request_id": "req-1d7c7255-cf13-4ff3-8a9a-24453432c78e"}]}
2026-05-08 20:35:58.503 8 INFO neutron.services.segments.plugin [-] Segment af774665-4fcf-4d2b-95f6-8ac4cdc46a20 resource provider not found; error: Placement Client Error (4xx): {"errors": [{"status": 404, "title": "Not Found", "detail": "The resource could not be found.\n\n No resource provider with uuid af774665-4fcf-4d2b-95f6-8ac4cdc46a20 found for delete ", "request_id": "req-00335bf6-1573-44aa-9531-4805327318c5"}]} [pid: 8|app: 0|req: 699/1538] 10.0.0.123 () {32 vars in 726 bytes} [Fri May 8 20:35:58 2026] DELETE /v2.0/networks/bd18c108-dc0b-4d4e-ab63-7f93f73b049f => generated 0 bytes in 365 msecs (HTTP/1.1 204) 3 headers in 131 bytes (1 switches on core 0) [pid: 8|app: 0|req: 700/1539] 10.0.0.123 () {32 vars in 717 bytes} [Fri May 8 20:35:58 2026] GET /v2.0/ports/1f45e0ff-6773-4896-becd-50f1cca081dd => generated 943 bytes in 32 msecs (HTTP/1.1 200) 4 headers in 157 bytes (1 switches on core 0)
2026-05-08 20:35:58.735 8 WARNING neutron.scheduler.dhcp_agent_scheduler [None req-4e649ffc-4cd1-4667-b852-a8376d32943e 04afddb3b82d4d439de610847f1f8de5 8dedf34949444fc58fdd37789d3980e4 - - default default] No more DHCP agents
2026-05-08 20:35:58.736 8 WARNING neutron.api.rpc.agentnotifiers.dhcp_rpc_agent_api [None req-4e649ffc-4cd1-4667-b852-a8376d32943e 04afddb3b82d4d439de610847f1f8de5 8dedf34949444fc58fdd37789d3980e4 - - default default] Unable to schedule network f9fa8a71-b816-4671-a9dc-27ac27b7d6c8: no agents available; will retry on subsequent port and subnet creation events.
2026-05-08 20:35:58.809 8 INFO neutron.db.ovn_revision_numbers_db [None req-4e649ffc-4cd1-4667-b852-a8376d32943e 04afddb3b82d4d439de610847f1f8de5 8dedf34949444fc58fdd37789d3980e4 - - default default] Successfully bumped revision number for resource d688d3f5-8a31-4f5e-85eb-9fbcb1f39305 (type: ports) to 1 [pid: 8|app: 0|req: 701/1540] 10.0.0.123 () {34 vars in 665 bytes} [Fri May 8 20:35:58 2026] POST /v2.0/ports => generated 775 bytes in 292 msecs (HTTP/1.1 201) 4 headers in 162 bytes (1 switches on core 0) /var/lib/openstack/lib/python3.12/site-packages/pycadf/identifier.py:70: UserWarning: Invalid uuid: neutron. To ensure interoperability, identifiers should be a valid uuid. warnings.warn(('Invalid uuid: %s. To ensure interoperability, '
2026-05-08 20:35:58.878 7 INFO neutron.plugins.ml2.drivers.ovn.mech_driver.ovsdb.commands [None req-27b855c8-1a25-4ccf-b6b2-49e12cec1c52 - - - - - -] Schedule LRP lrp-5b969748-50d3-4ca6-9662-495f8fc2454f on gateway 057897b3-6923-43b9-b78b-b5aefd5f4e42 with priority 1
2026-05-08 20:35:58.918 7 INFO neutron.plugins.ml2.drivers.ovn.mech_driver.ovsdb.ovsdb_monitor [None req-d93a77e9-0710-4c5e-8598-b30cb69f2f17 - - - - - -] Router 1decbe7e-50f3-4273-9ab1-aa66efc1dc33 is bound to host instance
2026-05-08 20:35:58.975 7 INFO neutron.db.ovn_revision_numbers_db [None req-51d59d6a-2fd7-48f6-8048-c38cc2a0b905 149267457f4b403d9bf6affdada6981e f0439395d045471489766d6724e22fe4 - - default default] Successfully bumped revision number for resource 5b969748-50d3-4ca6-9662-495f8fc2454f (type: router_ports) to 1
2026-05-08 20:35:59.088 7 INFO neutron.db.ovn_revision_numbers_db [None req-51d59d6a-2fd7-48f6-8048-c38cc2a0b905 149267457f4b403d9bf6affdada6981e f0439395d045471489766d6724e22fe4 - - default default] Successfully bumped revision number for resource 1decbe7e-50f3-4273-9ab1-aa66efc1dc33 (type: routers) to 2 [pid: 7|app: 0|req: 840/1541] 10.0.0.123 () {34 vars in 669 bytes} [Fri May 8 20:35:57 2026] POST /v2.0/routers => generated 965 bytes in 1907 msecs (HTTP/1.1 201) 4 headers in 162 bytes (1 switches on core 0)
2026-05-08 20:35:59.137 8 INFO neutron_taas.services.taas.taas_plugin [None req-0b19861f-99e4-45e3-af10-76d2238cc74d 08b6f1995e6c49b8a8b5d70c6edd4e27 5f3659702e684b489a109d5591796d14 - - default default] TaaS: Handle Delete Port: 1f45e0ff-6773-4896-becd-50f1cca081dd
2026-05-08 20:35:59.140 8 INFO neutron_taas.services.taas.tap_mirror_plugin [None req-0b19861f-99e4-45e3-af10-76d2238cc74d 08b6f1995e6c49b8a8b5d70c6edd4e27 5f3659702e684b489a109d5591796d14 - - default default] Tap Mirror: Handle Delete Port: 1f45e0ff-6773-4896-becd-50f1cca081dd [pid: 8|app: 0|req: 702/1542] 10.0.0.123 () {34 vars in 789 bytes} [Fri May 8 20:35:58 2026] PUT /v2.0/routers/b0f1a1a1-529f-4357-9a44-67a82fc455a1/remove_router_interface => generated 309 bytes in 593 msecs (HTTP/1.1 200) 4 headers in 157 bytes (1 switches on core 0) /var/lib/openstack/lib/python3.12/site-packages/pycadf/identifier.py:70: UserWarning: Invalid uuid: neutron. To ensure interoperability, identifiers should be a valid uuid. warnings.warn(('Invalid uuid: %s. To ensure interoperability, '
2026-05-08 20:35:59.595 7 INFO neutron.db.ovn_revision_numbers_db [None req-26ddb2d5-9b49-4638-807b-6b41d60a503f 04afddb3b82d4d439de610847f1f8de5 8dedf34949444fc58fdd37789d3980e4 - - default default] Successfully bumped revision number for resource d688d3f5-8a31-4f5e-85eb-9fbcb1f39305 (type: ports) to 2 [pid: 7|app: 0|req: 841/1543] 10.0.0.123 () {34 vars in 737 bytes} [Fri May 8 20:35:59 2026] PUT /v2.0/ports/d688d3f5-8a31-4f5e-85eb-9fbcb1f39305 => generated 752 bytes in 548 msecs (HTTP/1.1 200) 4 headers in 157 bytes (1 switches on core 0) /var/lib/openstack/lib/python3.12/site-packages/pycadf/identifier.py:70: UserWarning: Invalid uuid: neutron. To ensure interoperability, identifiers should be a valid uuid. warnings.warn(('Invalid uuid: %s. To ensure interoperability, ' [pid: 7|app: 0|req: 842/1544] 10.0.0.123 () {32 vars in 736 bytes} [Fri May 8 20:35:59 2026] GET /v2.0/ports?device_id=b0f1a1a1-529f-4357-9a44-67a82fc455a1 => generated 12 bytes in 24 msecs (HTTP/1.1 200) 4 headers in 156 bytes (1 switches on core 0)
2026-05-08 20:35:59.901 8 WARNING neutron.scheduler.dhcp_agent_scheduler [None req-3a218fd0-e982-47cb-a2a3-e7c37cff1463 149267457f4b403d9bf6affdada6981e f0439395d045471489766d6724e22fe4 - - default default] No more DHCP agents
2026-05-08 20:35:59.902 8 WARNING neutron.api.rpc.agentnotifiers.dhcp_rpc_agent_api [None req-3a218fd0-e982-47cb-a2a3-e7c37cff1463 149267457f4b403d9bf6affdada6981e f0439395d045471489766d6724e22fe4 - - default default] Unable to schedule network fad88673-7616-4bd4-9bd3-120184315dde: no agents available; will retry on subsequent port and subnet creation events.
2026-05-08 20:36:00.041 8 INFO neutron.db.ovn_revision_numbers_db [None req-3a218fd0-e982-47cb-a2a3-e7c37cff1463 149267457f4b403d9bf6affdada6981e f0439395d045471489766d6724e22fe4 - - default default] Successfully bumped revision number for resource 77ab1935-a7b7-41fc-a5dc-4c65f617fe5d (type: ports) to 1
2026-05-08 20:36:00.087 8 WARNING neutron.plugins.ml2.drivers.ovn.mech_driver.ovsdb.ovn_client [None req-148c3ada-f68c-4a99-89fd-ba614afc295b - - - - - -] No hosting information found for port e9f41153-5d48-41d5-baf1-4b4bf52498c9: RuntimeError: No hosting information found for port e9f41153-5d48-41d5-baf1-4b4bf52498c9
2026-05-08 20:36:00.225 8 INFO neutron.db.ovn_revision_numbers_db [None req-148c3ada-f68c-4a99-89fd-ba614afc295b - - - - - -] Successfully bumped revision number for resource e9f41153-5d48-41d5-baf1-4b4bf52498c9 (type: router_ports) to 2
2026-05-08 20:36:00.226 8 INFO neutron.plugins.ml2.drivers.ovn.mech_driver.mech_driver [None req-148c3ada-f68c-4a99-89fd-ba614afc295b - - - - - -] OVN reports status down for port: fb5273e8-ef4f-42ff-8419-7880b588c798 [pid: 7|app: 0|req: 843/1545] 10.0.0.174 () {34 vars in 990 bytes} [Fri May 8 20:35:59 2026] GET /v2.0/ports?device_id=02eb800d-0218-4536-a96c-da2eed63b214 => generated 1213 bytes in 550 msecs (HTTP/1.1 200) 4 headers in 158 bytes (1 switches on core 0)
2026-05-08 20:36:00.328 8 INFO neutron.plugins.ml2.drivers.ovn.mech_driver.mech_driver [None req-148c3ada-f68c-4a99-89fd-ba614afc295b - - - - - -] OVN reports status down for port: c1236dda-7435-45e3-b554-42f98ecbf52f
2026-05-08 20:36:00.340 8 INFO neutron.plugins.ml2.drivers.ovn.mech_driver.mech_driver [None req-148c3ada-f68c-4a99-89fd-ba614afc295b - - - - - -] OVN reports status down for port: 7486142e-e420-44dd-98fc-e48b58cd423a
2026-05-08 20:36:00.364 8 INFO neutron.plugins.ml2.drivers.ovn.mech_driver.mech_driver [None req-148c3ada-f68c-4a99-89fd-ba614afc295b - - - - - -] OVN reports status down for port: 77ab1935-a7b7-41fc-a5dc-4c65f617fe5d
2026-05-08 20:36:00.436 7 INFO neutron_taas.services.taas.taas_plugin [None req-76e4c464-a2dc-40a3-8f18-1337139027eb 04afddb3b82d4d439de610847f1f8de5 8dedf34949444fc58fdd37789d3980e4 - - default default] TaaS: Handle Delete Port: d688d3f5-8a31-4f5e-85eb-9fbcb1f39305
2026-05-08 20:36:00.442 7 INFO neutron_taas.services.taas.tap_mirror_plugin [None req-76e4c464-a2dc-40a3-8f18-1337139027eb 04afddb3b82d4d439de610847f1f8de5 8dedf34949444fc58fdd37789d3980e4 - - default default] Tap Mirror: Handle Delete Port: d688d3f5-8a31-4f5e-85eb-9fbcb1f39305 [pid: 7|app: 0|req: 844/1546] 10.0.0.123 () {32 vars in 720 bytes} [Fri May 8 20:36:00 2026] DELETE /v2.0/ports/d688d3f5-8a31-4f5e-85eb-9fbcb1f39305 => generated 0 bytes in 428 msecs (HTTP/1.1 204) 3 headers in 131 bytes (1 switches on core 0)
2026-05-08 20:36:00.796 8 INFO neutron.plugins.ml2.drivers.ovn.mech_driver.mech_driver [None req-148c3ada-f68c-4a99-89fd-ba614afc295b - - - - - -] OVN reports status up for port: 77ab1935-a7b7-41fc-a5dc-4c65f617fe5d
2026-05-08 20:36:00.825 8 INFO neutron.plugins.ml2.plugin [None req-148c3ada-f68c-4a99-89fd-ba614afc295b - - - - - -] Attempt 1 to provision port 77ab1935-a7b7-41fc-a5dc-4c65f617fe5d
2026-05-08 20:36:00.930 8 WARNING neutron.scheduler.dhcp_agent_scheduler [None req-3a218fd0-e982-47cb-a2a3-e7c37cff1463 149267457f4b403d9bf6affdada6981e f0439395d045471489766d6724e22fe4 - - default default] No more DHCP agents
2026-05-08 20:36:00.932 8 WARNING neutron.api.rpc.agentnotifiers.dhcp_rpc_agent_api [None req-3a218fd0-e982-47cb-a2a3-e7c37cff1463 149267457f4b403d9bf6affdada6981e f0439395d045471489766d6724e22fe4 - - default default] Unable to schedule network fad88673-7616-4bd4-9bd3-120184315dde: no agents available; will retry on subsequent port and subnet creation events.
2026-05-08 20:36:00.939 7 INFO neutron.db.ovn_revision_numbers_db [None req-6422a218-77d2-4cca-a3b4-3101b6b8cfdf - - - - - -] Successfully bumped revision number for resource 5b969748-50d3-4ca6-9662-495f8fc2454f (type: ports) to 4 [pid: 7|app: 0|req: 845/1547] 10.0.0.123 () {32 vars in 724 bytes} [Fri May 8 20:36:00 2026] DELETE /v2.0/routers/b0f1a1a1-529f-4357-9a44-67a82fc455a1 => generated 0 bytes in 341 msecs (HTTP/1.1 204) 2 headers in 112 bytes (1 switches on core 0) [pid: 7|app: 0|req: 846/1548] 10.0.0.174 () {34 vars in 1040 bytes} [Fri May 8 20:36:01 2026] GET /v2.0/security-groups?id=20969677-9e46-4527-9d6b-202dd3f216fb&fields=id&fields=name => generated 113 bytes in 61 msecs (HTTP/1.1 200) 4 headers in 157 bytes (1 switches on core 0) [pid: 7|app: 0|req: 847/1549] 10.0.0.123 () {32 vars in 643 bytes} [Fri May 8 20:36:01 2026] GET /v2.0/ports => generated 1533 bytes in 74 msecs (HTTP/1.1 200) 4 headers in 158 bytes (1 switches on core 0) [pid: 7|app: 0|req: 848/1550] 10.0.0.123 () {32 vars in 724 bytes} [Fri May 8 20:36:01 2026] DELETE /v2.0/subnets/95b29879-eaad-4b16-a479-23f4c54ca5b5 => generated 0 bytes in 299 msecs (HTTP/1.1 204) 3 headers in 131 bytes (1 switches on core 0)
2026-05-08 20:36:01.456 8 INFO neutron.db.ovn_revision_numbers_db [None req-148c3ada-f68c-4a99-89fd-ba614afc295b - - - - - -] Successfully bumped revision number for resource 77ab1935-a7b7-41fc-a5dc-4c65f617fe5d (type: ports) to 2
2026-05-08 20:36:01.478 7 INFO neutron.pecan_wsgi.hooks.translation [None req-b66e19e0-25b3-4865-a846-c9e428170d83 04afddb3b82d4d439de610847f1f8de5 8dedf34949444fc58fdd37789d3980e4 - - default default] GET failed (client error): The resource could not be found. [pid: 7|app: 0|req: 849/1551] 10.0.0.123 () {32 vars in 717 bytes} [Fri May 8 20:36:01 2026] GET /v2.0/ports/d688d3f5-8a31-4f5e-85eb-9fbcb1f39305 => generated 132 bytes in 28 msecs (HTTP/1.1 404) 4 headers in 164 bytes (1 switches on core 0)
2026-05-08 20:36:01.559 7 INFO neutron.db.ovn_revision_numbers_db [None req-6422a218-77d2-4cca-a3b4-3101b6b8cfdf - - - - - -] Successfully bumped revision number for resource 5b969748-50d3-4ca6-9662-495f8fc2454f (type: ports) to 5
2026-05-08 20:36:01.736 7 INFO neutron_taas.services.taas.taas_plugin [None req-fe81cf6d-e567-4b38-b494-bf1f8feb4221 08b6f1995e6c49b8a8b5d70c6edd4e27 5f3659702e684b489a109d5591796d14 - - default default] TaaS: Handle Delete Port: fb5273e8-ef4f-42ff-8419-7880b588c798
2026-05-08 20:36:01.740 7 INFO neutron_taas.services.taas.tap_mirror_plugin [None req-fe81cf6d-e567-4b38-b494-bf1f8feb4221 08b6f1995e6c49b8a8b5d70c6edd4e27 5f3659702e684b489a109d5591796d14 - - default default] Tap Mirror: Handle Delete Port: fb5273e8-ef4f-42ff-8419-7880b588c798
2026-05-08 20:36:01.772 8 INFO neutron.db.ovn_revision_numbers_db [None req-3a218fd0-e982-47cb-a2a3-e7c37cff1463 149267457f4b403d9bf6affdada6981e f0439395d045471489766d6724e22fe4 - - default default] Successfully bumped revision number for resource 77ab1935-a7b7-41fc-a5dc-4c65f617fe5d (type: router_ports) to 1 [pid: 8|app: 0|req: 703/1552] 10.0.0.123 () {34 vars in 783 bytes} [Fri May 8 20:35:59 2026] PUT /v2.0/routers/1decbe7e-50f3-4273-9ab1-aa66efc1dc33/add_router_interface => generated 309 bytes in 2337 msecs (HTTP/1.1 200) 4 headers in 157 bytes (1 switches on core 0) [pid: 8|app: 0|req: 704/1553] 10.0.0.123 () {32 vars in 643 bytes} [Fri May 8 20:36:01 2026] GET /v2.0/ports => generated 1533 bytes in 61 msecs (HTTP/1.1 200) 4 headers in 158 bytes (1 switches on core 0) [pid: 8|app: 0|req: 705/1554] 10.0.0.123 () {32 vars in 717 bytes} [Fri May 8 20:36:01 2026] GET /v2.0/ports/5457904b-0e3a-48cb-9d33-d94b51f8bb8f => generated 774 bytes in 40 msecs (HTTP/1.1 200) 4 headers in 157 bytes (1 switches on core 0)
2026-05-08 20:36:01.907 8 INFO neutron.pecan_wsgi.hooks.translation [None req-59d55fde-574d-4015-b72b-1533c43e80f7 04afddb3b82d4d439de610847f1f8de5 8dedf34949444fc58fdd37789d3980e4 - - default default] DELETE failed (client error): The resource could not be found. [pid: 8|app: 0|req: 706/1555] 10.0.0.123 () {32 vars in 720 bytes} [Fri May 8 20:36:01 2026] DELETE /v2.0/ports/7486142e-e420-44dd-98fc-e48b58cd423a => generated 132 bytes in 16 msecs (HTTP/1.1 404) 4 headers in 164 bytes (1 switches on core 0)
2026-05-08 20:36:01.926 8 INFO neutron.pecan_wsgi.hooks.translation [None req-cee0908e-df7b-4027-b7c6-082e53b5f3eb 04afddb3b82d4d439de610847f1f8de5 8dedf34949444fc58fdd37789d3980e4 - - default default] DELETE failed (client error): The resource could not be found. [pid: 8|app: 0|req: 707/1556] 10.0.0.123 () {32 vars in 724 bytes} [Fri May 8 20:36:01 2026] DELETE /v2.0/subnets/87d3f7db-5b65-42f1-9815-2fb985a2415c => generated 136 bytes in 13 msecs (HTTP/1.1 404) 4 headers in 164 bytes (1 switches on core 0)
2026-05-08 20:36:01.945 8 INFO neutron.pecan_wsgi.hooks.translation [None req-b9af1ede-6fec-46b2-9298-ce43864d77db 04afddb3b82d4d439de610847f1f8de5 8dedf34949444fc58fdd37789d3980e4 - - default default] DELETE failed (client error): The resource could not be found.
2026-05-08 20:36:01.946 7 INFO neutron.services.segments.plugin [-] Segment 4fe282df-71a6-42cd-9633-f3a4b6ee9745 resource provider aggregate not found [pid: 8|app: 0|req: 708/1557] 10.0.0.123 () {32 vars in 724 bytes} [Fri May 8 20:36:01 2026] DELETE /v2.0/subnets/6c2f8add-e33e-4f68-8ab7-70a406affbf3 => generated 136 bytes in 16 msecs (HTTP/1.1 404) 4 headers in 164 bytes (1 switches on core 0)
2026-05-08 20:36:01.948 7 INFO neutron.services.segments.plugin [-] Segment 4fe282df-71a6-42cd-9633-f3a4b6ee9745 resource provider aggregate not found
2026-05-08 20:36:01.967 7 INFO neutron.services.segments.plugin [-] Segment 4fe282df-71a6-42cd-9633-f3a4b6ee9745 resource provider not found; error: Placement Client Error (4xx): {"errors": [{"status": 404, "title": "Not Found", "detail": "The resource could not be found.\n\n No resource provider with uuid 4fe282df-71a6-42cd-9633-f3a4b6ee9745 found for delete ", "request_id": "req-3c1e3c68-3883-4daf-8720-6016a5236f31"}]}
2026-05-08 20:36:01.967 7 INFO neutron.services.segments.plugin [-] Segment 4fe282df-71a6-42cd-9633-f3a4b6ee9745 resource provider not found; error: Placement Client Error (4xx): {"errors": [{"status": 404, "title": "Not Found", "detail": "The resource could not be found.\n\n No resource provider with uuid 4fe282df-71a6-42cd-9633-f3a4b6ee9745 found for delete ", "request_id": "req-60f48486-a870-40b5-8271-61cbf76b77bd"}]} [pid: 7|app: 0|req: 850/1558] 10.0.0.123 () {32 vars in 726 bytes} [Fri May 8 20:36:01 2026] DELETE /v2.0/networks/35757d49-fcca-40ed-a484-b88f2f33fe63 => generated 0 bytes in 514 msecs (HTTP/1.1 204) 3 headers in 131 bytes (1 switches on core 0)
2026-05-08 20:36:02.104 8 INFO neutron_taas.services.taas.taas_plugin [None req-0b764f4d-4bb9-4045-b83b-4e7c3e78da83 04afddb3b82d4d439de610847f1f8de5 8dedf34949444fc58fdd37789d3980e4 - - default default] TaaS: Handle Delete Port: 5457904b-0e3a-48cb-9d33-d94b51f8bb8f
2026-05-08 20:36:02.110 8 INFO neutron_taas.services.taas.tap_mirror_plugin [None req-0b764f4d-4bb9-4045-b83b-4e7c3e78da83 04afddb3b82d4d439de610847f1f8de5 8dedf34949444fc58fdd37789d3980e4 - - default default] Tap Mirror: Handle Delete Port: 5457904b-0e3a-48cb-9d33-d94b51f8bb8f [pid: 8|app: 0|req: 709/1559] 10.0.0.123 () {32 vars in 720 bytes} [Fri May 8 20:36:01 2026] DELETE /v2.0/ports/5457904b-0e3a-48cb-9d33-d94b51f8bb8f => generated 0 bytes in 267 msecs (HTTP/1.1 204) 3 headers in 131 bytes (1 switches on core 0)
2026-05-08 20:36:02.342 8 INFO neutron_taas.services.taas.taas_plugin [None req-f8739627-2bd1-4b6f-b62e-d383feef4757 04afddb3b82d4d439de610847f1f8de5 8dedf34949444fc58fdd37789d3980e4 - - default default] TaaS: Handle Delete Port: 3010ac8f-e961-440f-82a5-cb4537da11a3
2026-05-08 20:36:02.345 8 INFO neutron_taas.services.taas.tap_mirror_plugin [None req-f8739627-2bd1-4b6f-b62e-d383feef4757 04afddb3b82d4d439de610847f1f8de5 8dedf34949444fc58fdd37789d3980e4 - - default default] Tap Mirror: Handle Delete Port: 3010ac8f-e961-440f-82a5-cb4537da11a3
2026-05-08 20:36:02.465 7 WARNING neutron.scheduler.dhcp_agent_scheduler [None req-9e64979b-245e-4019-b850-a1462224046f 08b6f1995e6c49b8a8b5d70c6edd4e27 5f3659702e684b489a109d5591796d14 - - default default] No more DHCP agents
2026-05-08 20:36:02.467 7 WARNING neutron.api.rpc.agentnotifiers.dhcp_rpc_agent_api [None req-9e64979b-245e-4019-b850-a1462224046f 08b6f1995e6c49b8a8b5d70c6edd4e27 5f3659702e684b489a109d5591796d14 - - default default] Unable to schedule network 3b7e5b37-d08a-4354-a179-0c4b34bf401c: no agents available; will retry on subsequent port and subnet creation events.
2026-05-08 20:36:02.519 8 INFO neutron.services.segments.plugin [-] Segment 87f4434e-14bb-434d-90fb-80a199ae94c8 resource provider aggregate not found
2026-05-08 20:36:02.522 8 INFO neutron.services.segments.plugin [-] Segment 87f4434e-14bb-434d-90fb-80a199ae94c8 resource provider aggregate not found
2026-05-08 20:36:02.544 8 INFO neutron.services.segments.plugin [-] Segment 87f4434e-14bb-434d-90fb-80a199ae94c8 resource provider not found; error: Placement Client Error (4xx): {"errors": [{"status": 404, "title": "Not Found", "detail": "The resource could not be found.\n\n No resource provider with uuid 87f4434e-14bb-434d-90fb-80a199ae94c8 found for delete ", "request_id": "req-4e96cc89-2365-474f-8bd3-1e6432109412"}]}
2026-05-08 20:36:02.546 8 INFO neutron.services.segments.plugin [-] Segment 87f4434e-14bb-434d-90fb-80a199ae94c8 resource provider not found; error: Placement Client Error (4xx): {"errors": [{"status": 404, "title": "Not Found", "detail": "The resource could not be found.\n\n No resource provider with uuid 87f4434e-14bb-434d-90fb-80a199ae94c8 found for delete ", "request_id": "req-81a81053-aadb-4e5a-a674-ac862c770ff2"}]} [pid: 8|app: 0|req: 710/1560] 10.0.0.123 () {32 vars in 726 bytes} [Fri May 8 20:36:02 2026] DELETE /v2.0/networks/f9fa8a71-b816-4671-a9dc-27ac27b7d6c8 => generated 0 bytes in 354 msecs (HTTP/1.1 204) 3 headers in 131 bytes (1 switches on core 0)
2026-05-08 20:36:02.627 7 INFO neutron.db.ovn_revision_numbers_db [None req-9e64979b-245e-4019-b850-a1462224046f 08b6f1995e6c49b8a8b5d70c6edd4e27 5f3659702e684b489a109d5591796d14 - - default default] Successfully bumped revision number for resource 13249803-4228-4712-8759-3e813566ea0c (type: ports) to 1
2026-05-08 20:36:02.703 8 INFO neutron.db.ovn_revision_numbers_db [None req-23dd388c-748f-4522-b37b-3fc4a6880651 983acf34ff2c4ac59986e00aadef2b1b 3e49e2b4a3194d3cad217d73d4c95b89 - - default default] Successfully bumped revision number for resource 52761791-d463-4160-b12a-d187c55c76b1 (type: security_groups) to 1
2026-05-08 20:36:02.717 8 INFO neutron.db.ovn_revision_numbers_db [None req-23dd388c-748f-4522-b37b-3fc4a6880651 983acf34ff2c4ac59986e00aadef2b1b 3e49e2b4a3194d3cad217d73d4c95b89 - - default default] Successfully bumped revision number for resource 21f76410-9797-4bfb-ae90-7fd191405ed4 (type: security_group_rules) to 0
2026-05-08 20:36:02.728 8 INFO neutron.db.ovn_revision_numbers_db [None req-23dd388c-748f-4522-b37b-3fc4a6880651 983acf34ff2c4ac59986e00aadef2b1b 3e49e2b4a3194d3cad217d73d4c95b89 - - default default] Successfully bumped revision number for resource 3a7e47d2-8108-4f1c-a0b2-6bc700d10aa6 (type: security_group_rules) to 0 [pid: 8|app: 0|req: 711/1561] 10.0.0.123 () {34 vars in 685 bytes} [Fri May 8 20:36:02 2026] POST /v2.0/security-groups => generated 1673 bytes in 185 msecs (HTTP/1.1 201) 4 headers in 163 bytes (1 switches on core 0)
2026-05-08 20:36:02.909 8 INFO neutron.db.ovn_revision_numbers_db [None req-9ceae5f4-c88f-42dd-8484-96c34f00c883 983acf34ff2c4ac59986e00aadef2b1b 3e49e2b4a3194d3cad217d73d4c95b89 - - default default] Successfully bumped revision number for resource d969c384-14b3-417f-8f24-f8cefca1eca0 (type: security_group_rules) to 0 [pid: 8|app: 0|req: 712/1562] 10.0.0.123 () {34 vars in 695 bytes} [Fri May 8 20:36:02 2026] POST /v2.0/security-group-rules => generated 597 bytes in 174 msecs (HTTP/1.1 201) 4 headers in 162 bytes (1 switches on core 0)
2026-05-08 20:36:03.077 8 INFO neutron.db.ovn_revision_numbers_db [None req-134bed70-1db9-4d95-82c3-2f92510fa5d2 983acf34ff2c4ac59986e00aadef2b1b 3e49e2b4a3194d3cad217d73d4c95b89 - - default default] Successfully bumped revision number for resource e485a7d4-3d99-4489-8ade-97c7311e7b29 (type: security_group_rules) to 0 [pid: 8|app: 0|req: 713/1563] 10.0.0.123 () {34 vars in 695 bytes} [Fri May 8 20:36:02 2026] POST /v2.0/security-group-rules => generated 596 bytes in 168 msecs (HTTP/1.1 201) 4 headers in 162 bytes (1 switches on core 0)
2026-05-08 20:36:03.224 7 INFO neutron.plugins.ml2.drivers.ovn.mech_driver.ovsdb.commands [None req-27b855c8-1a25-4ccf-b6b2-49e12cec1c52 - - - - - -] Schedule LRP lrp-13249803-4228-4712-8759-3e813566ea0c on gateway 057897b3-6923-43b9-b78b-b5aefd5f4e42 with priority 1 [pid: 8|app: 0|req: 714/1564] 10.0.0.123 () {32 vars in 774 bytes} [Fri May 8 20:36:03 2026] GET /v2.0/security-groups?tenant_id=8dedf34949444fc58fdd37789d3980e4&name=default => generated 2925 bytes in 211 msecs (HTTP/1.1 200) 4 headers in 158 bytes (1 switches on core 0)
2026-05-08 20:36:03.334 7 INFO neutron.db.ovn_revision_numbers_db [None req-9e64979b-245e-4019-b850-a1462224046f 08b6f1995e6c49b8a8b5d70c6edd4e27 5f3659702e684b489a109d5591796d14 - - default default] Successfully bumped revision number for resource 13249803-4228-4712-8759-3e813566ea0c (type: router_ports) to 1
2026-05-08 20:36:03.399 7 INFO neutron.db.ovn_revision_numbers_db [None req-9e64979b-245e-4019-b850-a1462224046f 08b6f1995e6c49b8a8b5d70c6edd4e27 5f3659702e684b489a109d5591796d14 - - default default] Successfully bumped revision number for resource bb27bd6e-7684-4a09-a9b3-17eefc29660e (type: routers) to 2 [pid: 7|app: 0|req: 851/1567] 10.0.0.123 () {34 vars in 669 bytes} [Fri May 8 20:36:02 2026] POST /v2.0/routers => generated 947 bytes in 1417 msecs (HTTP/1.1 201) 4 headers in 162 bytes (1 switches on core 0)
2026-05-08 20:36:03.488 8 INFO neutron.db.ovn_revision_numbers_db [None req-b7c60fa4-35a4-41d3-aa98-7775edcf487a 983acf34ff2c4ac59986e00aadef2b1b 3e49e2b4a3194d3cad217d73d4c95b89 - - default default] Successfully bumped revision number for resource c4a2b99b-7035-4874-bff9-65639840b029 (type: security_group_rules) to 0 [pid: 8|app: 0|req: 717/1568] 10.0.0.123 () {34 vars in 695 bytes} [Fri May 8 20:36:03 2026] POST /v2.0/security-group-rules => generated 602 bytes in 195 msecs (HTTP/1.1 201) 4 headers in 162 bytes (1 switches on core 0) [pid: 8|app: 0|req: 718/1569] 10.0.0.123 () {32 vars in 721 bytes} [Fri May 8 20:36:03 2026] GET /v2.0/routers/bb27bd6e-7684-4a09-a9b3-17eefc29660e => generated 953 bytes in 97 msecs (HTTP/1.1 200) 4 headers in 157 bytes (1 switches on core 0) [pid: 7|app: 0|req: 852/1570] 10.0.0.123 () {32 vars in 740 bytes} [Fri May 8 20:36:03 2026] DELETE /v2.0/security-groups/795bdf0a-0928-4cdf-af2f-6a6035495dd1 => generated 0 bytes in 235 msecs (HTTP/1.1 204) 2 headers in 112 bytes (1 switches on core 0) [pid: 7|app: 0|req: 853/1571] 10.0.0.123 () {32 vars in 647 bytes} [Fri May 8 20:36:03 2026] GET /v2.0/routers => generated 956 bytes in 66 msecs (HTTP/1.1 200) 4 headers in 157 bytes (1 switches on core 0)
2026-05-08 20:36:03.788 8 INFO neutron.db.ovn_revision_numbers_db [None req-4ab9689c-43a9-4835-8173-2da0517c2b6c 983acf34ff2c4ac59986e00aadef2b1b 3e49e2b4a3194d3cad217d73d4c95b89 - - default default] Successfully bumped revision number for resource cc5f9120-ead2-45a9-a86f-c05424a4431d (type: security_group_rules) to 0
2026-05-08 20:36:03.825 7 WARNING neutron.plugins.ml2.drivers.ovn.mech_driver.ovsdb.ovn_client [None req-661ea8a5-7393-4a6b-8dd1-8da20650454f - - - - - -] No port found with ID 1f45e0ff-6773-4896-becd-50f1cca081dd: RuntimeError: No port found with ID 1f45e0ff-6773-4896-becd-50f1cca081dd
2026-05-08 20:36:03.840 7 INFO neutron.plugins.ml2.drivers.ovn.mech_driver.mech_driver [None req-661ea8a5-7393-4a6b-8dd1-8da20650454f - - - - - -] OVN reports status down for port: 5b969748-50d3-4ca6-9662-495f8fc2454f [pid: 8|app: 0|req: 719/1572] 10.0.0.123 () {34 vars in 695 bytes} [Fri May 8 20:36:03 2026] POST /v2.0/security-group-rules => generated 601 bytes in 220 msecs (HTTP/1.1 201) 4 headers in 162 bytes (1 switches on core 0)
2026-05-08 20:36:03.908 8 INFO neutron.db.securitygroups_db [None req-0d93f583-27fa-46a3-9aec-390c0aa6be35 983acf34ff2c4ac59986e00aadef2b1b 3e49e2b4a3194d3cad217d73d4c95b89 - - default default] Project 3e49e2b4a3194d3cad217d73d4c95b89 added a security group rule with legacy IPv6 ICMP protocol name icmp, ipv6-icmp should be used instead. It was automatically converted.
2026-05-08 20:36:04.071 8 INFO neutron.db.ovn_revision_numbers_db [None req-0d93f583-27fa-46a3-9aec-390c0aa6be35 983acf34ff2c4ac59986e00aadef2b1b 3e49e2b4a3194d3cad217d73d4c95b89 - - default default] Successfully bumped revision number for resource 11c6b51f-d7f0-4a21-be78-db6deb59b47f (type: security_group_rules) to 0 [pid: 8|app: 0|req: 720/1573] 10.0.0.123 () {34 vars in 695 bytes} [Fri May 8 20:36:03 2026] POST /v2.0/security-group-rules => generated 607 bytes in 290 msecs (HTTP/1.1 201) 4 headers in 162 bytes (1 switches on core 0)
2026-05-08 20:36:04.206 8 INFO neutron.db.securitygroups_db [None req-a889a6bf-8651-4153-aff4-95ea021dfd0e 983acf34ff2c4ac59986e00aadef2b1b 3e49e2b4a3194d3cad217d73d4c95b89 - - default default] Project 3e49e2b4a3194d3cad217d73d4c95b89 added a security group rule with legacy IPv6 ICMP protocol name icmp, ipv6-icmp should be used instead. It was automatically converted.
2026-05-08 20:36:04.338 8 INFO neutron.db.ovn_revision_numbers_db [None req-a889a6bf-8651-4153-aff4-95ea021dfd0e 983acf34ff2c4ac59986e00aadef2b1b 3e49e2b4a3194d3cad217d73d4c95b89 - - default default] Successfully bumped revision number for resource fb9186f3-e235-4982-9110-958c1c1b0b15 (type: security_group_rules) to 0 [pid: 8|app: 0|req: 721/1574] 10.0.0.123 () {34 vars in 695 bytes} [Fri May 8 20:36:04 2026] POST /v2.0/security-group-rules => generated 606 bytes in 214 msecs (HTTP/1.1 201) 4 headers in 162 bytes (1 switches on core 0)
2026-05-08 20:36:04.571 7 INFO neutron.db.ovn_revision_numbers_db [None req-661ea8a5-7393-4a6b-8dd1-8da20650454f - - - - - -] Successfully bumped revision number for resource 5b969748-50d3-4ca6-9662-495f8fc2454f (type: ports) to 6
2026-05-08 20:36:04.573 7 INFO neutron.db.ovn_revision_numbers_db [None req-d7d83fec-c801-497a-aba6-da0e7680ede6 08b6f1995e6c49b8a8b5d70c6edd4e27 5f3659702e684b489a109d5591796d14 - - default default] Successfully bumped revision number for resource bb27bd6e-7684-4a09-a9b3-17eefc29660e (type: routers) to 3 [pid: 7|app: 0|req: 854/1575] 10.0.0.123 () {34 vars in 741 bytes} [Fri May 8 20:36:03 2026] PUT /v2.0/routers/bb27bd6e-7684-4a09-a9b3-17eefc29660e => generated 960 bytes in 858 msecs (HTTP/1.1 200) 4 headers in 157 bytes (1 switches on core 0) [pid: 8|app: 0|req: 722/1576] 10.0.0.123 () {32 vars in 721 bytes} [Fri May 8 20:36:04 2026] GET /v2.0/routers/bb27bd6e-7684-4a09-a9b3-17eefc29660e => generated 960 bytes in 67 msecs (HTTP/1.1 200) 4 headers in 157 bytes (1 switches on core 0)
2026-05-08 20:36:04.660 7 WARNING neutron.plugins.ml2.drivers.ovn.mech_driver.ovsdb.ovn_client [None req-647577b3-658c-4313-8025-9364de8d9af9 - - - - - -] Logical_Switch_Port 5b969748-50d3-4ca6-9662-495f8fc2454f host information not removed, the port state is up
2026-05-08 20:36:04.673 7 INFO neutron.plugins.ml2.drivers.ovn.mech_driver.mech_driver [None req-647577b3-658c-4313-8025-9364de8d9af9 - - - - - -] OVN reports status down for port: d688d3f5-8a31-4f5e-85eb-9fbcb1f39305
2026-05-08 20:36:04.692 7 INFO neutron.plugins.ml2.drivers.ovn.mech_driver.mech_driver [None req-647577b3-658c-4313-8025-9364de8d9af9 - - - - - -] OVN reports status up for port: 5b969748-50d3-4ca6-9662-495f8fc2454f [pid: 7|app: 0|req: 855/1577] 10.0.0.123 () {32 vars in 736 bytes} [Fri May 8 20:36:04 2026] GET /v2.0/ports?device_id=bb27bd6e-7684-4a09-a9b3-17eefc29660e => generated 12 bytes in 33 msecs (HTTP/1.1 200) 4 headers in 156 bytes (1 switches on core 0)
2026-05-08 20:36:04.705 7 INFO neutron.plugins.ml2.plugin [None req-647577b3-658c-4313-8025-9364de8d9af9 - - - - - -] Attempt 1 to provision port 5b969748-50d3-4ca6-9662-495f8fc2454f
2026-05-08 20:36:05.039 7 INFO neutron.db.ovn_revision_numbers_db [None req-913b73c7-e1c7-45de-bb44-420f383349ab 983acf34ff2c4ac59986e00aadef2b1b 3e49e2b4a3194d3cad217d73d4c95b89 - - default default] Successfully bumped revision number for resource d0ea3afc-13e8-4a40-abd2-760c9cc97c9b (type: security_groups) to 1
2026-05-08 20:36:05.052 8 INFO neutron_taas.services.taas.taas_plugin [None req-f7c06eb6-02f4-42cd-932d-ac8fc9ca1db9 08b6f1995e6c49b8a8b5d70c6edd4e27 5f3659702e684b489a109d5591796d14 - - default default] TaaS: Handle Delete Port: 13249803-4228-4712-8759-3e813566ea0c
2026-05-08 20:36:05.056 8 INFO neutron_taas.services.taas.tap_mirror_plugin [None req-f7c06eb6-02f4-42cd-932d-ac8fc9ca1db9 08b6f1995e6c49b8a8b5d70c6edd4e27 5f3659702e684b489a109d5591796d14 - - default default] Tap Mirror: Handle Delete Port: 13249803-4228-4712-8759-3e813566ea0c
2026-05-08 20:36:05.062 7 INFO neutron.db.ovn_revision_numbers_db [None req-913b73c7-e1c7-45de-bb44-420f383349ab 983acf34ff2c4ac59986e00aadef2b1b 3e49e2b4a3194d3cad217d73d4c95b89 - - default default] Successfully bumped revision number for resource 47d7f546-f0bc-45d7-98f6-1bca6c978aed (type: security_group_rules) to 0
2026-05-08 20:36:05.081 7 INFO neutron.db.ovn_revision_numbers_db [None req-913b73c7-e1c7-45de-bb44-420f383349ab 983acf34ff2c4ac59986e00aadef2b1b 3e49e2b4a3194d3cad217d73d4c95b89 - - default default] Successfully bumped revision number for resource f17259c4-cf95-4b5c-a7cf-380139d91e2b (type: security_group_rules) to 0 [pid: 7|app: 0|req: 856/1578] 10.0.0.123 () {34 vars in 685 bytes} [Fri May 8 20:36:04 2026] POST /v2.0/security-groups => generated 1661 bytes in 352 msecs (HTTP/1.1 201) 4 headers in 163 bytes (1 switches on core 0)
2026-05-08 20:36:05.248 7 INFO neutron.db.ovn_revision_numbers_db [None req-647577b3-658c-4313-8025-9364de8d9af9 - - - - - -] Successfully bumped revision number for resource 5b969748-50d3-4ca6-9662-495f8fc2454f (type: ports) to 7
2026-05-08 20:36:05.404 7 INFO neutron.db.ovn_revision_numbers_db [None req-d467b540-b841-49cc-ac83-a1a70a731915 983acf34ff2c4ac59986e00aadef2b1b 3e49e2b4a3194d3cad217d73d4c95b89 - - default default] Successfully bumped revision number for resource 55fa1ce0-5a39-4c2d-8d2f-599cd41a8d45 (type: security_group_rules) to 0
2026-05-08 20:36:05.419 7 INFO neutron.plugins.ml2.drivers.ovn.mech_driver.mech_driver [None req-a579efe8-a7b9-4ffa-93da-0a944525a3b2 - - - - - -] OVN reports status down for port: d688d3f5-8a31-4f5e-85eb-9fbcb1f39305 [pid: 8|app: 0|req: 723/1579] 10.0.0.123 () {32 vars in 724 bytes} [Fri May 8 20:36:04 2026] DELETE /v2.0/routers/bb27bd6e-7684-4a09-a9b3-17eefc29660e => generated 0 bytes in 747 msecs (HTTP/1.1 204) 2 headers in 112 bytes (1 switches on core 0)
2026-05-08 20:36:05.456 7 INFO neutron.plugins.ml2.drivers.ovn.mech_driver.mech_driver [None req-a579efe8-a7b9-4ffa-93da-0a944525a3b2 - - - - - -] OVN reports status down for port: 13249803-4228-4712-8759-3e813566ea0c
