2026-06-04 07:40:20.187 8 INFO neutron.db.ovn_revision_numbers_db [None req-ffdf4ae8-a881-405a-a65f-9e2e83982a20 ff83d778069d4987aef3b8647bf3d95a 0069b9af88d644c6840a91a1733af28c - - default default] Successfully bumped revision number for resource e094d03a-fbb7-477b-b730-29aaf231af37 (type: router_ports) to 1 [pid: 8|app: 0|req: 595/1304] 10.0.0.60 () {34 vars in 782 bytes} [Thu Jun 4 07:40:17 2026] PUT /v2.0/routers/07e4d86b-5906-411d-a189-9fb1a8ed2ee2/add_router_interface => generated 309 bytes in 2227 msecs (HTTP/1.1 200) 4 headers in 157 bytes (1 switches on core 0)
2026-06-04 07:40:20.427 8 INFO neutron.db.ovn_revision_numbers_db [None req-2c641b76-5ee0-457f-9bf1-df803fc4d8b8 ff83d778069d4987aef3b8647bf3d95a 0069b9af88d644c6840a91a1733af28c - - default default] Successfully bumped revision number for resource 163bfcb2-e657-4de9-a0c1-c5a28752aae8 (type: security_groups) to 1
2026-06-04 07:40:20.439 8 INFO neutron.db.ovn_revision_numbers_db [None req-2c641b76-5ee0-457f-9bf1-df803fc4d8b8 ff83d778069d4987aef3b8647bf3d95a 0069b9af88d644c6840a91a1733af28c - - default default] Successfully bumped revision number for resource 4496836e-1ac0-4d15-82dd-88aef14bc903 (type: security_group_rules) to 0
2026-06-04 07:40:20.450 8 INFO neutron.db.ovn_revision_numbers_db [None req-2c641b76-5ee0-457f-9bf1-df803fc4d8b8 ff83d778069d4987aef3b8647bf3d95a 0069b9af88d644c6840a91a1733af28c - - default default] Successfully bumped revision number for resource 6cf90a46-be03-42cb-847c-0cf262d83549 (type: security_group_rules) to 0 [pid: 8|app: 0|req: 598/1307] 10.0.0.60 () {34 vars in 683 bytes} [Thu Jun 4 07:40:20 2026] POST /v2.0/security-groups => generated 1628 bytes in 235 msecs (HTTP/1.1 201) 4 headers in 163 bytes (1 switches on core 0) [pid: 7|app: 0|req: 710/1308] 10.0.0.60 () {32 vars in 723 bytes} [Thu Jun 4 07:40:19 2026] DELETE /v2.0/routers/e7caee00-64ae-47dd-82b3-40049f857cd0 => generated 0 bytes in 900 msecs (HTTP/1.1 204) 2 headers in 112 bytes (1 switches on core 0)
2026-06-04 07:40:20.675 8 INFO neutron.db.ovn_revision_numbers_db [None req-9e954852-7dd1-4819-a7a1-28ea66d07af5 ff83d778069d4987aef3b8647bf3d95a 0069b9af88d644c6840a91a1733af28c - - default default] Successfully bumped revision number for resource 91bfa747-38ee-4574-a78d-2d6974c71831 (type: security_group_rules) to 0 [pid: 7|app: 0|req: 711/1309] 199.204.45.132 () {34 vars in 994 bytes} [Thu Jun 4 07:40:20 2026] GET /v2.0/ports?device_id=dc75b978-4b48-4fa6-9858-9d6f70ed5ea6 => generated 971 bytes in 47 msecs (HTTP/1.1 200) 4 headers in 157 bytes (1 switches on core 0) [pid: 8|app: 0|req: 599/1310] 10.0.0.60 () {34 vars in 694 bytes} [Thu Jun 4 07:40:20 2026] POST /v2.0/security-group-rules => generated 597 bytes in 215 msecs (HTTP/1.1 201) 4 headers in 162 bytes (1 switches on core 0) [pid: 7|app: 0|req: 712/1311] 10.0.0.60 () {32 vars in 723 bytes} [Thu Jun 4 07:40:20 2026] DELETE /v2.0/subnets/b0e52e87-c315-425e-9183-18526d54bdcb => generated 0 bytes in 149 msecs (HTTP/1.1 204) 3 headers in 131 bytes (1 switches on core 0)
2026-06-04 07:40:20.851 8 INFO neutron_taas.services.taas.taas_plugin [req-2bd58877-1d1b-4183-8f88-94bb609a7f77 req-df329e37-0f35-4197-82b1-3a3cdc67be15 04888043614a46469e7a5516e8591aaa 62a2efaa508e416198056f9af30e6284 - - default default] TaaS: Handle Delete Port: f55c3d0e-c6fc-45aa-9223-176b4b5ff2f7
2026-06-04 07:40:20.854 8 INFO neutron_taas.services.taas.tap_mirror_plugin [req-2bd58877-1d1b-4183-8f88-94bb609a7f77 req-df329e37-0f35-4197-82b1-3a3cdc67be15 04888043614a46469e7a5516e8591aaa 62a2efaa508e416198056f9af30e6284 - - default default] Tap Mirror: Handle Delete Port: f55c3d0e-c6fc-45aa-9223-176b4b5ff2f7
2026-06-04 07:40:21.009 7 INFO neutron.db.ovn_revision_numbers_db [None req-9c6bc9d0-fd89-42f5-b186-c6545060872a ff83d778069d4987aef3b8647bf3d95a 0069b9af88d644c6840a91a1733af28c - - default default] Successfully bumped revision number for resource efacad67-1f33-42e4-b012-2198dcd8def9 (type: security_group_rules) to 0 [pid: 8|app: 0|req: 600/1312] 199.204.45.132 () {36 vars in 997 bytes} [Thu Jun 4 07:40:20 2026] DELETE /v2.0/ports/f55c3d0e-c6fc-45aa-9223-176b4b5ff2f7 => generated 0 bytes in 360 msecs (HTTP/1.1 204) 3 headers in 131 bytes (1 switches on core 0) [pid: 7|app: 0|req: 713/1313] 10.0.0.60 () {34 vars in 694 bytes} [Thu Jun 4 07:40:20 2026] POST /v2.0/security-group-rules => generated 597 bytes in 229 msecs (HTTP/1.1 201) 4 headers in 162 bytes (1 switches on core 0) [pid: 8|app: 0|req: 601/1314] 10.0.0.119 () {34 vars in 990 bytes} [Thu Jun 4 07:40:21 2026] GET /v2.0/ports?device_id=dc75b978-4b48-4fa6-9858-9d6f70ed5ea6 => generated 12 bytes in 27 msecs (HTTP/1.1 200) 4 headers in 156 bytes (1 switches on core 0)
2026-06-04 07:40:21.125 8 INFO neutron.notifiers.nova [-] Nova event matching ['req-29f28e0b-f3a5-4553-b7e4-0f86503d7f0a'] response: {'server_uuid': 'dc75b978-4b48-4fa6-9858-9d6f70ed5ea6', 'name': 'network-vif-deleted', 'tag': 'f55c3d0e-c6fc-45aa-9223-176b4b5ff2f7', 'status': 'completed', 'code': 200}
2026-06-04 07:40:21.242 7 INFO neutron_taas.services.taas.taas_plugin [None req-348f41b9-227b-43e7-a57e-261c189d3e40 3243dbdc360c485282ca229eb54d88be b2e1658a45ce4cf284a50ce1c1b61788 - - default default] TaaS: Handle Delete Port: 297ae103-e928-4375-835c-9d6d06fac69b
2026-06-04 07:40:21.246 7 INFO neutron_taas.services.taas.tap_mirror_plugin [None req-348f41b9-227b-43e7-a57e-261c189d3e40 3243dbdc360c485282ca229eb54d88be b2e1658a45ce4cf284a50ce1c1b61788 - - default default] Tap Mirror: Handle Delete Port: 297ae103-e928-4375-835c-9d6d06fac69b
2026-06-04 07:40:21.268 8 INFO neutron.db.ovn_revision_numbers_db [None req-af08b182-f396-4de2-81ca-e7e8b027910b ff83d778069d4987aef3b8647bf3d95a 0069b9af88d644c6840a91a1733af28c - - default default] Successfully bumped revision number for resource 4c07dee5-8eb1-4e65-8343-50ea0746db7a (type: security_group_rules) to 0 [pid: 8|app: 0|req: 602/1315] 10.0.0.60 () {34 vars in 694 bytes} [Thu Jun 4 07:40:21 2026] POST /v2.0/security-group-rules => generated 599 bytes in 206 msecs (HTTP/1.1 201) 4 headers in 162 bytes (1 switches on core 0)
2026-06-04 07:40:21.465 7 INFO neutron.services.segments.plugin [-] Segment f5e6b287-2139-4932-aa33-1aa23a9f1738 resource provider aggregate not found
2026-06-04 07:40:21.467 7 INFO neutron.services.segments.plugin [-] Segment f5e6b287-2139-4932-aa33-1aa23a9f1738 resource provider aggregate not found
2026-06-04 07:40:21.485 7 INFO neutron.services.segments.plugin [-] Segment f5e6b287-2139-4932-aa33-1aa23a9f1738 resource provider not found; error: Placement Client Error (4xx): {"errors": [{"status": 404, "title": "Not Found", "detail": "The resource could not be found.\n\n No resource provider with uuid f5e6b287-2139-4932-aa33-1aa23a9f1738 found for delete ", "request_id": "req-dc3bdc4b-ea94-45d7-a819-081506c18e6f"}]}
2026-06-04 07:40:21.486 8 INFO neutron.db.ovn_revision_numbers_db [None req-bff003f6-434a-4550-9d02-5b8e9f3f8297 ff83d778069d4987aef3b8647bf3d95a 0069b9af88d644c6840a91a1733af28c - - default default] Successfully bumped revision number for resource 8688f9f0-98b2-47d3-8453-e1452120d689 (type: security_group_rules) to 0
2026-06-04 07:40:21.487 7 INFO neutron.services.segments.plugin [-] Segment f5e6b287-2139-4932-aa33-1aa23a9f1738 resource provider not found; error: Placement Client Error (4xx): {"errors": [{"status": 404, "title": "Not Found", "detail": "The resource could not be found.\n\n No resource provider with uuid f5e6b287-2139-4932-aa33-1aa23a9f1738 found for delete ", "request_id": "req-fa332f28-d84e-4113-9c1c-1af8a1b3b5b0"}]} [pid: 8|app: 0|req: 603/1316] 10.0.0.60 () {34 vars in 694 bytes} [Thu Jun 4 07:40:21 2026] POST /v2.0/security-group-rules => generated 601 bytes in 222 msecs (HTTP/1.1 201) 4 headers in 162 bytes (1 switches on core 0) [pid: 7|app: 0|req: 714/1317] 10.0.0.60 () {32 vars in 725 bytes} [Thu Jun 4 07:40:21 2026] DELETE /v2.0/networks/d5eef24c-9574-49e0-a566-550292d08b8b => generated 0 bytes in 456 msecs (HTTP/1.1 204) 3 headers in 131 bytes (1 switches on core 0)
2026-06-04 07:40:21.683 8 INFO neutron.db.ovn_revision_numbers_db [None req-ff75417d-c23b-4fa0-a1e0-5980ce6cfcd9 ff83d778069d4987aef3b8647bf3d95a 0069b9af88d644c6840a91a1733af28c - - default default] Successfully bumped revision number for resource 53e2c59c-7a88-4dbb-ad26-23659121965f (type: security_group_rules) to 0 [pid: 8|app: 0|req: 604/1318] 10.0.0.60 () {34 vars in 694 bytes} [Thu Jun 4 07:40:21 2026] POST /v2.0/security-group-rules => generated 601 bytes in 173 msecs (HTTP/1.1 201) 4 headers in 162 bytes (1 switches on core 0) [pid: 7|app: 0|req: 715/1319] 10.0.0.60 () {32 vars in 773 bytes} [Thu Jun 4 07:40:21 2026] GET /v2.0/security-groups?tenant_id=037ebb4c35f54e8880b38894bb265e24&name=default => generated 2925 bytes in 32 msecs (HTTP/1.1 200) 4 headers in 158 bytes (1 switches on core 0)
2026-06-04 07:40:21.763 8 WARNING neutron.plugins.ml2.drivers.ovn.mech_driver.ovsdb.ovn_client [None req-9f5722b6-163e-4197-b114-c3b413f84547 - - - - - -] No hosting information found for port 9e353249-bfcf-411b-ac2b-e6cc0f62bc55: RuntimeError: No hosting information found for port 9e353249-bfcf-411b-ac2b-e6cc0f62bc55
2026-06-04 07:40:21.980 8 INFO neutron.db.ovn_revision_numbers_db [None req-f00b0847-57ad-4b71-8473-e8762fc4337b ff83d778069d4987aef3b8647bf3d95a 0069b9af88d644c6840a91a1733af28c - - default default] Successfully bumped revision number for resource 8ed65bae-26d6-449d-98f4-43ad4ff00316 (type: security_group_rules) to 0 [pid: 7|app: 0|req: 716/1320] 10.0.0.60 () {32 vars in 739 bytes} [Thu Jun 4 07:40:21 2026] DELETE /v2.0/security-groups/333737e4-7031-4801-9699-3b4fee690719 => generated 0 bytes in 313 msecs (HTTP/1.1 204) 2 headers in 112 bytes (1 switches on core 0)
2026-06-04 07:40:22.063 8 INFO neutron.db.ovn_revision_numbers_db [None req-9f5722b6-163e-4197-b114-c3b413f84547 - - - - - -] Successfully bumped revision number for resource 9e353249-bfcf-411b-ac2b-e6cc0f62bc55 (type: router_ports) to 2 [pid: 8|app: 0|req: 605/1321] 10.0.0.60 () {34 vars in 694 bytes} [Thu Jun 4 07:40:21 2026] POST /v2.0/security-group-rules => generated 597 bytes in 354 msecs (HTTP/1.1 201) 4 headers in 162 bytes (1 switches on core 0)
2026-06-04 07:40:22.124 8 INFO neutron.plugins.ml2.drivers.ovn.mech_driver.mech_driver [None req-9f5722b6-163e-4197-b114-c3b413f84547 - - - - - -] OVN reports status down for port: 408a6bfe-72c0-4cbc-90ce-5a4bf9134246
2026-06-04 07:40:22.184 8 WARNING neutron.plugins.ml2.drivers.ovn.mech_driver.ovsdb.ovn_client [None req-9f5722b6-163e-4197-b114-c3b413f84547 - - - - - -] Logical_Switch_Port 408a6bfe-72c0-4cbc-90ce-5a4bf9134246 host information not removed, the port state is up
2026-06-04 07:40:22.185 8 INFO neutron.plugins.ml2.drivers.ovn.mech_driver.mech_driver [None req-9f5722b6-163e-4197-b114-c3b413f84547 - - - - - -] OVN reports status up for port: 408a6bfe-72c0-4cbc-90ce-5a4bf9134246
2026-06-04 07:40:22.203 8 INFO neutron.plugins.ml2.plugin [None req-9f5722b6-163e-4197-b114-c3b413f84547 - - - - - -] Attempt 1 to provision port 408a6bfe-72c0-4cbc-90ce-5a4bf9134246 [pid: 8|app: 0|req: 606/1322] 10.0.0.119 () {34 vars in 990 bytes} [Thu Jun 4 07:40:22 2026] GET /v2.0/ports?device_id=dc75b978-4b48-4fa6-9858-9d6f70ed5ea6 => generated 12 bytes in 39 msecs (HTTP/1.1 200) 4 headers in 156 bytes (1 switches on core 0)
2026-06-04 07:40:22.258 7 INFO neutron.db.ovn_revision_numbers_db [None req-4cce788a-0c0d-4fae-a7cd-9b92d83f3ef8 ff83d778069d4987aef3b8647bf3d95a 0069b9af88d644c6840a91a1733af28c - - default default] Successfully bumped revision number for resource 721c09a9-c138-4807-a361-f85f1aac9d7c (type: security_group_rules) to 0 [pid: 7|app: 0|req: 717/1323] 10.0.0.60 () {34 vars in 694 bytes} [Thu Jun 4 07:40:22 2026] POST /v2.0/security-group-rules => generated 597 bytes in 210 msecs (HTTP/1.1 201) 4 headers in 162 bytes (1 switches on core 0) [pid: 7|app: 0|req: 718/1324] 10.0.0.80 () {34 vars in 989 bytes} [Thu Jun 4 07:40:22 2026] GET /v2.0/ports?device_id=05a3dd87-0bb7-465e-a44e-e610401ae3b0 => generated 1213 bytes in 181 msecs (HTTP/1.1 200) 4 headers in 158 bytes (1 switches on core 0) [pid: 7|app: 0|req: 719/1325] 10.0.0.80 () {34 vars in 1039 bytes} [Thu Jun 4 07:40:22 2026] GET /v2.0/security-groups?id=35ea1448-07a5-4412-9983-36798e72c717&fields=id&fields=name => generated 113 bytes in 49 msecs (HTTP/1.1 200) 4 headers in 157 bytes (1 switches on core 0)
2026-06-04 07:40:22.643 8 INFO neutron.db.ovn_revision_numbers_db [None req-6493d317-48fb-4bea-ac21-e0fefd51860c ff83d778069d4987aef3b8647bf3d95a 0069b9af88d644c6840a91a1733af28c - - default default] Successfully bumped revision number for resource 8e5d7fd5-5093-4228-ab8b-758e4ccb3b4f (type: security_group_rules) to 0 [pid: 8|app: 0|req: 607/1326] 10.0.0.60 () {34 vars in 694 bytes} [Thu Jun 4 07:40:22 2026] POST /v2.0/security-group-rules => generated 597 bytes in 420 msecs (HTTP/1.1 201) 4 headers in 162 bytes (1 switches on core 0)
2026-06-04 07:40:22.938 7 INFO neutron.db.ovn_revision_numbers_db [None req-30276d37-83a0-43ff-8efb-e7d974d12741 ff83d778069d4987aef3b8647bf3d95a 0069b9af88d644c6840a91a1733af28c - - default default] Successfully bumped revision number for resource dbd15f8d-46b8-46b7-bf03-3af05f234acc (type: security_group_rules) to 0 [pid: 7|app: 0|req: 720/1327] 10.0.0.60 () {34 vars in 694 bytes} [Thu Jun 4 07:40:22 2026] POST /v2.0/security-group-rules => generated 599 bytes in 251 msecs (HTTP/1.1 201) 4 headers in 162 bytes (1 switches on core 0) [pid: 7|app: 0|req: 721/1328] 10.0.0.119 () {34 vars in 990 bytes} [Thu Jun 4 07:40:23 2026] GET /v2.0/ports?device_id=dc75b978-4b48-4fa6-9858-9d6f70ed5ea6 => generated 12 bytes in 58 msecs (HTTP/1.1 200) 4 headers in 156 bytes (1 switches on core 0)
2026-06-04 07:40:23.571 8 INFO neutron.db.ovn_revision_numbers_db [None req-9f5722b6-163e-4197-b114-c3b413f84547 - - - - - -] Successfully bumped revision number for resource 408a6bfe-72c0-4cbc-90ce-5a4bf9134246 (type: ports) to 2
2026-06-04 07:40:23.761 8 INFO neutron.db.ovn_revision_numbers_db [None req-764045ea-5664-48d1-a36a-119ce7144de8 ff83d778069d4987aef3b8647bf3d95a 0069b9af88d644c6840a91a1733af28c - - default default] Successfully bumped revision number for resource 3113b2b1-1e9b-4ce0-8da0-5472f0a58b24 (type: security_group_rules) to 0 [pid: 8|app: 0|req: 608/1329] 10.0.0.60 () {34 vars in 694 bytes} [Thu Jun 4 07:40:22 2026] POST /v2.0/security-group-rules => generated 601 bytes in 822 msecs (HTTP/1.1 201) 4 headers in 162 bytes (1 switches on core 0)
2026-06-04 07:40:23.996 7 INFO neutron.db.ovn_revision_numbers_db [None req-9e2743fe-b217-426d-9009-9368419d0f76 ff83d778069d4987aef3b8647bf3d95a 0069b9af88d644c6840a91a1733af28c - - default default] Successfully bumped revision number for resource a7672777-fcba-427e-b93d-302a6ef0a006 (type: security_group_rules) to 0 [pid: 7|app: 0|req: 722/1330] 10.0.0.60 () {34 vars in 694 bytes} [Thu Jun 4 07:40:23 2026] POST /v2.0/security-group-rules => generated 597 bytes in 221 msecs (HTTP/1.1 201) 4 headers in 162 bytes (1 switches on core 0) [pid: 7|app: 0|req: 723/1331] 10.0.0.119 () {34 vars in 1096 bytes} [Thu Jun 4 07:40:24 2026] GET /v2.0/security-groups?name=tempest-lb_member_SG-1479730188&fields=id&tenant_id=0069b9af88d644c6840a91a1733af28c => generated 69 bytes in 42 msecs (HTTP/1.1 200) 4 headers in 156 bytes (1 switches on core 0)
2026-06-04 07:40:24.412 8 INFO neutron.db.ovn_revision_numbers_db [None req-e282f8d3-cadb-431b-b22f-99b599374e17 3243dbdc360c485282ca229eb54d88be b2e1658a45ce4cf284a50ce1c1b61788 - - default default] Successfully bumped revision number for resource 03e7fdb4-6b95-49bd-be24-fe8e27c6696a (type: security_groups) to 1
2026-06-04 07:40:24.425 8 INFO neutron.db.ovn_revision_numbers_db [None req-e282f8d3-cadb-431b-b22f-99b599374e17 3243dbdc360c485282ca229eb54d88be b2e1658a45ce4cf284a50ce1c1b61788 - - default default] Successfully bumped revision number for resource 3638c70b-c41b-462e-8dc8-34fa651ead8c (type: security_group_rules) to 0
2026-06-04 07:40:24.437 8 INFO neutron.db.ovn_revision_numbers_db [None req-e282f8d3-cadb-431b-b22f-99b599374e17 3243dbdc360c485282ca229eb54d88be b2e1658a45ce4cf284a50ce1c1b61788 - - default default] Successfully bumped revision number for resource 447a8719-e06f-4666-8d23-8898bf0ac6a6 (type: security_group_rules) to 0
2026-06-04 07:40:24.449 8 INFO neutron.db.ovn_revision_numbers_db [None req-e282f8d3-cadb-431b-b22f-99b599374e17 3243dbdc360c485282ca229eb54d88be b2e1658a45ce4cf284a50ce1c1b61788 - - default default] Successfully bumped revision number for resource 590c3e7c-b6a2-495e-a28c-c5639163d046 (type: security_group_rules) to 0 [pid: 7|app: 0|req: 724/1332] 10.0.0.119 () {34 vars in 982 bytes} [Thu Jun 4 07:40:24 2026] GET /v2.0/networks?id=4753f142-4831-43f0-88ae-3271368d3e9b => generated 704 bytes in 72 msecs (HTTP/1.1 200) 4 headers in 157 bytes (1 switches on core 0)
2026-06-04 07:40:24.460 8 INFO neutron.db.ovn_revision_numbers_db [None req-e282f8d3-cadb-431b-b22f-99b599374e17 3243dbdc360c485282ca229eb54d88be b2e1658a45ce4cf284a50ce1c1b61788 - - default default] Successfully bumped revision number for resource 6962a673-ed94-43dc-823a-b12a01074352 (type: security_group_rules) to 0 [pid: 7|app: 0|req: 725/1333] 10.0.0.119 () {34 vars in 965 bytes} [Thu Jun 4 07:40:24 2026] GET /v2.0/quotas/0069b9af88d644c6840a91a1733af28c => generated 292 bytes in 10 msecs (HTTP/1.1 200) 4 headers in 157 bytes (1 switches on core 0)
2026-06-04 07:40:24.545 8 INFO neutron.db.segments_db [None req-e282f8d3-cadb-431b-b22f-99b599374e17 3243dbdc360c485282ca229eb54d88be b2e1658a45ce4cf284a50ce1c1b61788 - - default default] Added segment d63b6f09-dc7d-4100-8f51-2ec372972713 of type geneve for network d6735f90-23c8-490f-817f-3f337284d1b5 [pid: 7|app: 0|req: 726/1334] 10.0.0.119 () {34 vars in 1002 bytes} [Thu Jun 4 07:40:24 2026] GET /v2.0/ports?tenant_id=0069b9af88d644c6840a91a1733af28c&fields=id => generated 287 bytes in 168 msecs (HTTP/1.1 200) 4 headers in 157 bytes (1 switches on core 0)
2026-06-04 07:40:24.665 8 INFO neutron.db.ovn_revision_numbers_db [None req-e282f8d3-cadb-431b-b22f-99b599374e17 3243dbdc360c485282ca229eb54d88be b2e1658a45ce4cf284a50ce1c1b61788 - - default default] Successfully bumped revision number for resource d6735f90-23c8-490f-817f-3f337284d1b5 (type: networks) to 1 [pid: 7|app: 0|req: 727/1335] 10.0.0.119 () {34 vars in 1008 bytes} [Thu Jun 4 07:40:24 2026] GET /v2.0/networks/4753f142-4831-43f0-88ae-3271368d3e9b?fields=segments => generated 14 bytes in 51 msecs (HTTP/1.1 200) 4 headers in 156 bytes (1 switches on core 0) [pid: 7|app: 0|req: 728/1336] 10.0.0.119 () {34 vars in 1108 bytes} [Thu Jun 4 07:40:24 2026] GET /v2.0/networks/4753f142-4831-43f0-88ae-3271368d3e9b?fields=provider%3Aphysical_network&fields=provider%3Anetwork_type => generated 79 bytes in 54 msecs (HTTP/1.1 200) 4 headers in 156 bytes (1 switches on core 0)
2026-06-04 07:40:24.806 8 WARNING neutron.scheduler.dhcp_agent_scheduler [None req-e282f8d3-cadb-431b-b22f-99b599374e17 3243dbdc360c485282ca229eb54d88be b2e1658a45ce4cf284a50ce1c1b61788 - - default default] No more DHCP agents
2026-06-04 07:40:24.808 8 WARNING neutron.api.rpc.agentnotifiers.dhcp_rpc_agent_api [None req-e282f8d3-cadb-431b-b22f-99b599374e17 3243dbdc360c485282ca229eb54d88be b2e1658a45ce4cf284a50ce1c1b61788 - - default default] Unable to schedule network d6735f90-23c8-490f-817f-3f337284d1b5: no agents available; will retry on subsequent port and subnet creation events. [pid: 7|app: 0|req: 729/1337] 10.0.0.119 () {34 vars in 990 bytes} [Thu Jun 4 07:40:24 2026] GET /v2.0/ports?device_id=8a3b030b-3239-4fac-a737-1b2b60bd923d => generated 12 bytes in 26 msecs (HTTP/1.1 200) 4 headers in 156 bytes (1 switches on core 0)
2026-06-04 07:40:24.958 8 INFO neutron.db.ovn_revision_numbers_db [None req-e282f8d3-cadb-431b-b22f-99b599374e17 3243dbdc360c485282ca229eb54d88be b2e1658a45ce4cf284a50ce1c1b61788 - - default default] Successfully bumped revision number for resource 5795ee15-4a10-4ba8-a266-d425baffd72c (type: ports) to 1 [pid: 8|app: 0|req: 609/1338] 10.0.0.60 () {34 vars in 670 bytes} [Thu Jun 4 07:40:24 2026] POST /v2.0/networks => generated 747 bytes in 864 msecs (HTTP/1.1 201) 4 headers in 162 bytes (1 switches on core 0)
2026-06-04 07:40:25.164 7 WARNING neutron.scheduler.dhcp_agent_scheduler [None req-1dc10e1a-823c-4491-98e8-e46fc0741234 3243dbdc360c485282ca229eb54d88be b2e1658a45ce4cf284a50ce1c1b61788 - - default default] No more DHCP agents
2026-06-04 07:40:25.166 7 WARNING neutron.api.rpc.agentnotifiers.dhcp_rpc_agent_api [None req-1dc10e1a-823c-4491-98e8-e46fc0741234 3243dbdc360c485282ca229eb54d88be b2e1658a45ce4cf284a50ce1c1b61788 - - default default] Unable to schedule network d6735f90-23c8-490f-817f-3f337284d1b5: no agents available; will retry on subsequent port and subnet creation events.
2026-06-04 07:40:25.663 7 INFO neutron.db.ovn_revision_numbers_db [None req-dcc1d36f-e247-4040-9669-4340d6b81d87 - - - - - -] Successfully bumped revision number for resource 5795ee15-4a10-4ba8-a266-d425baffd72c (type: ports) to 2
2026-06-04 07:40:25.691 7 INFO neutron.db.ovn_revision_numbers_db [None req-dcc1d36f-e247-4040-9669-4340d6b81d87 - - - - - -] Successfully bumped revision number for resource 4ce3f21f-46d7-4984-8377-a20433aa16a1 (type: subnets) to 0 [pid: 7|app: 0|req: 730/1339] 10.0.0.60 () {34 vars in 668 bytes} [Thu Jun 4 07:40:24 2026] POST /v2.0/subnets => generated 691 bytes in 729 msecs (HTTP/1.1 201) 4 headers in 162 bytes (1 switches on core 0)
2026-06-04 07:40:25.916 8 INFO neutron_taas.services.taas.taas_plugin [None req-a2dc5cbd-10c1-4354-b4ff-b938446647ec 3243dbdc360c485282ca229eb54d88be b2e1658a45ce4cf284a50ce1c1b61788 - - default default] TaaS: Handle Delete Port: 5efa991e-bb4a-4395-bead-a34371aedd9c
2026-06-04 07:40:25.920 8 INFO neutron_taas.services.taas.tap_mirror_plugin [None req-a2dc5cbd-10c1-4354-b4ff-b938446647ec 3243dbdc360c485282ca229eb54d88be b2e1658a45ce4cf284a50ce1c1b61788 - - default default] Tap Mirror: Handle Delete Port: 5efa991e-bb4a-4395-bead-a34371aedd9c
2026-06-04 07:40:26.103 7 WARNING neutron.scheduler.dhcp_agent_scheduler [None req-641bef8e-8026-4166-94a2-6f23f56981ea 3243dbdc360c485282ca229eb54d88be b2e1658a45ce4cf284a50ce1c1b61788 - - default default] No more DHCP agents
2026-06-04 07:40:26.104 7 WARNING neutron.api.rpc.agentnotifiers.dhcp_rpc_agent_api [None req-641bef8e-8026-4166-94a2-6f23f56981ea 3243dbdc360c485282ca229eb54d88be b2e1658a45ce4cf284a50ce1c1b61788 - - default default] Unable to schedule network 51fa3a89-9516-4d2e-a4c0-99097410b354: no agents available; will retry on subsequent port and subnet creation events.
2026-06-04 07:40:26.335 7 INFO neutron.db.ovn_revision_numbers_db [None req-641bef8e-8026-4166-94a2-6f23f56981ea 3243dbdc360c485282ca229eb54d88be b2e1658a45ce4cf284a50ce1c1b61788 - - default default] Successfully bumped revision number for resource 65aa7322-df4c-4bd6-8f49-060102c4a93b (type: ports) to 1 [pid: 8|app: 0|req: 610/1340] 10.0.0.60 () {34 vars in 788 bytes} [Thu Jun 4 07:40:25 2026] PUT /v2.0/routers/7f338a3d-fd33-477c-90d1-1900817bdc56/remove_router_interface => generated 309 bytes in 1127 msecs (HTTP/1.1 200) 4 headers in 157 bytes (1 switches on core 0) /var/lib/openstack/lib/python3.12/site-packages/pycadf/identifier.py:70: UserWarning: Invalid uuid: neutron. To ensure interoperability, identifiers should be a valid uuid. warnings.warn(('Invalid uuid: %s. To ensure interoperability, '
2026-06-04 07:40:26.946 7 INFO neutron.plugins.ml2.drivers.ovn.mech_driver.ovsdb.commands [-] Schedule LRP lrp-65aa7322-df4c-4bd6-8f49-060102c4a93b on gateway 918f649f-fbae-478a-82c9-a39846d5f217 with priority 1
2026-06-04 07:40:27.107 7 INFO neutron.db.ovn_revision_numbers_db [None req-641bef8e-8026-4166-94a2-6f23f56981ea 3243dbdc360c485282ca229eb54d88be b2e1658a45ce4cf284a50ce1c1b61788 - - default default] Successfully bumped revision number for resource 65aa7322-df4c-4bd6-8f49-060102c4a93b (type: router_ports) to 1
2026-06-04 07:40:27.147 8 INFO neutron.plugins.ml2.drivers.ovn.mech_driver.ovsdb.ovsdb_monitor [None req-70084695-0126-4c58-aec7-18253efd4630 - - - - - -] Router cd658221-2b7b-45c1-96bb-089345f83c74 is bound to host instance
2026-06-04 07:40:27.207 7 INFO neutron.db.ovn_revision_numbers_db [None req-641bef8e-8026-4166-94a2-6f23f56981ea 3243dbdc360c485282ca229eb54d88be b2e1658a45ce4cf284a50ce1c1b61788 - - default default] Successfully bumped revision number for resource cd658221-2b7b-45c1-96bb-089345f83c74 (type: routers) to 2 [pid: 7|app: 0|req: 731/1341] 10.0.0.60 () {34 vars in 668 bytes} [Thu Jun 4 07:40:25 2026] POST /v2.0/routers => generated 969 bytes in 1509 msecs (HTTP/1.1 201) 4 headers in 162 bytes (1 switches on core 0)
2026-06-04 07:40:27.243 8 INFO neutron_taas.services.taas.taas_plugin [None req-469d2ce8-707b-488b-8854-761bf3d373ef 3243dbdc360c485282ca229eb54d88be b2e1658a45ce4cf284a50ce1c1b61788 - - default default] TaaS: Handle Delete Port: 8fff3be8-878b-477e-8670-c12d3eaa0a8c
2026-06-04 07:40:27.247 8 INFO neutron_taas.services.taas.tap_mirror_plugin [None req-469d2ce8-707b-488b-8854-761bf3d373ef 3243dbdc360c485282ca229eb54d88be b2e1658a45ce4cf284a50ce1c1b61788 - - default default] Tap Mirror: Handle Delete Port: 8fff3be8-878b-477e-8670-c12d3eaa0a8c
2026-06-04 07:40:27.676 7 WARNING neutron.scheduler.dhcp_agent_scheduler [None req-3a291a47-8807-4e22-a95f-d1d03876e560 3243dbdc360c485282ca229eb54d88be b2e1658a45ce4cf284a50ce1c1b61788 - - default default] No more DHCP agents
2026-06-04 07:40:27.677 7 WARNING neutron.api.rpc.agentnotifiers.dhcp_rpc_agent_api [None req-3a291a47-8807-4e22-a95f-d1d03876e560 3243dbdc360c485282ca229eb54d88be b2e1658a45ce4cf284a50ce1c1b61788 - - default default] Unable to schedule network d6735f90-23c8-490f-817f-3f337284d1b5: no agents available; will retry on subsequent port and subnet creation events.
2026-06-04 07:40:27.850 7 INFO neutron.db.ovn_revision_numbers_db [None req-3a291a47-8807-4e22-a95f-d1d03876e560 3243dbdc360c485282ca229eb54d88be b2e1658a45ce4cf284a50ce1c1b61788 - - default default] Successfully bumped revision number for resource 5091bea5-2ad3-4ce8-9426-3483c6028b18 (type: ports) to 1 [pid: 8|app: 0|req: 611/1342] 10.0.0.60 () {32 vars in 723 bytes} [Thu Jun 4 07:40:26 2026] DELETE /v2.0/routers/7f338a3d-fd33-477c-90d1-1900817bdc56 => generated 0 bytes in 1448 msecs (HTTP/1.1 204) 2 headers in 112 bytes (1 switches on core 0) [pid: 8|app: 0|req: 612/1343] 10.0.0.60 () {32 vars in 723 bytes} [Thu Jun 4 07:40:28 2026] DELETE /v2.0/subnets/2870bbbe-ac4f-44c2-b127-f7309b8b5662 => generated 0 bytes in 317 msecs (HTTP/1.1 204) 3 headers in 131 bytes (1 switches on core 0)
2026-06-04 07:40:28.633 7 WARNING neutron.scheduler.dhcp_agent_scheduler [None req-3a291a47-8807-4e22-a95f-d1d03876e560 3243dbdc360c485282ca229eb54d88be b2e1658a45ce4cf284a50ce1c1b61788 - - default default] No more DHCP agents
2026-06-04 07:40:28.634 7 WARNING neutron.api.rpc.agentnotifiers.dhcp_rpc_agent_api [None req-3a291a47-8807-4e22-a95f-d1d03876e560 3243dbdc360c485282ca229eb54d88be b2e1658a45ce4cf284a50ce1c1b61788 - - default default] Unable to schedule network d6735f90-23c8-490f-817f-3f337284d1b5: no agents available; will retry on subsequent port and subnet creation events. [pid: 8|app: 0|req: 613/1344] 10.0.0.119 () {34 vars in 990 bytes} [Thu Jun 4 07:40:28 2026] GET /v2.0/ports?device_id=05a3dd87-0bb7-465e-a44e-e610401ae3b0 => generated 975 bytes in 181 msecs (HTTP/1.1 200) 4 headers in 157 bytes (1 switches on core 0)
2026-06-04 07:40:28.929 8 INFO neutron_taas.services.taas.taas_plugin [None req-2d59d457-2b8a-4ad6-a922-581e4678dcfe 3243dbdc360c485282ca229eb54d88be b2e1658a45ce4cf284a50ce1c1b61788 - - default default] TaaS: Handle Delete Port: ec79f3b1-2af1-47c0-8dd2-d38a82aea02f
2026-06-04 07:40:28.933 8 INFO neutron_taas.services.taas.tap_mirror_plugin [None req-2d59d457-2b8a-4ad6-a922-581e4678dcfe 3243dbdc360c485282ca229eb54d88be b2e1658a45ce4cf284a50ce1c1b61788 - - default default] Tap Mirror: Handle Delete Port: ec79f3b1-2af1-47c0-8dd2-d38a82aea02f
2026-06-04 07:40:28.934 8 INFO neutron.db.ovn_revision_numbers_db [None req-2d2c1b3d-ddc5-4e06-89d5-9f73735bdb09 - - - - - -] Successfully bumped revision number for resource 65aa7322-df4c-4bd6-8f49-060102c4a93b (type: ports) to 4
2026-06-04 07:40:29.177 7 INFO neutron.db.ovn_revision_numbers_db [None req-3a291a47-8807-4e22-a95f-d1d03876e560 3243dbdc360c485282ca229eb54d88be b2e1658a45ce4cf284a50ce1c1b61788 - - default default] Successfully bumped revision number for resource 5091bea5-2ad3-4ce8-9426-3483c6028b18 (type: router_ports) to 1 [pid: 7|app: 0|req: 732/1345] 10.0.0.60 () {34 vars in 782 bytes} [Thu Jun 4 07:40:27 2026] PUT /v2.0/routers/cd658221-2b7b-45c1-96bb-089345f83c74/add_router_interface => generated 309 bytes in 1954 msecs (HTTP/1.1 200) 4 headers in 157 bytes (1 switches on core 0) [pid: 7|app: 0|req: 733/1346] 10.0.0.119 () {34 vars in 1040 bytes} [Thu Jun 4 07:40:29 2026] GET /v2.0/security-groups?id=35ea1448-07a5-4412-9983-36798e72c717&fields=id&fields=name => generated 113 bytes in 25 msecs (HTTP/1.1 200) 4 headers in 157 bytes (1 switches on core 0) [pid: 7|app: 0|req: 734/1347] 199.204.45.132 () {34 vars in 986 bytes} [Thu Jun 4 07:40:29 2026] GET /v2.0/networks?id=4753f142-4831-43f0-88ae-3271368d3e9b => generated 704 bytes in 39 msecs (HTTP/1.1 200) 4 headers in 157 bytes (1 switches on core 0) [pid: 7|app: 0|req: 735/1348] 199.204.45.132 () {34 vars in 1050 bytes} [Thu Jun 4 07:40:29 2026] GET /v2.0/security-groups?fields=id&fields=name&tenant_id=0069b9af88d644c6840a91a1733af28c => generated 179 bytes in 31 msecs (HTTP/1.1 200) 4 headers in 157 bytes (1 switches on core 0)
2026-06-04 07:40:29.316 8 WARNING neutron.plugins.ml2.drivers.ovn.mech_driver.ovsdb.ovn_client [None req-7cb8154f-7a7e-47df-85f0-1d71e734c571 - - - - - -] No hosting information found for port 408a6bfe-72c0-4cbc-90ce-5a4bf9134246: RuntimeError: No hosting information found for port 408a6bfe-72c0-4cbc-90ce-5a4bf9134246
2026-06-04 07:40:29.599 7 WARNING neutron.scheduler.dhcp_agent_scheduler [req-3db7eda3-0b30-48c0-8cf3-86c76f4d234e req-259afcf6-7cdc-4a2a-80da-03e65cabef32 ff83d778069d4987aef3b8647bf3d95a 0069b9af88d644c6840a91a1733af28c - - default default] No more DHCP agents
2026-06-04 07:40:29.600 7 WARNING neutron.api.rpc.agentnotifiers.dhcp_rpc_agent_api [req-3db7eda3-0b30-48c0-8cf3-86c76f4d234e req-259afcf6-7cdc-4a2a-80da-03e65cabef32 ff83d778069d4987aef3b8647bf3d95a 0069b9af88d644c6840a91a1733af28c - - default default] Unable to schedule network 4753f142-4831-43f0-88ae-3271368d3e9b: no agents available; will retry on subsequent port and subnet creation events.
2026-06-04 07:40:29.633 8 INFO neutron.db.ovn_revision_numbers_db [None req-7cb8154f-7a7e-47df-85f0-1d71e734c571 - - - - - -] Successfully bumped revision number for resource 408a6bfe-72c0-4cbc-90ce-5a4bf9134246 (type: router_ports) to 2
2026-06-04 07:40:29.634 8 INFO neutron.plugins.ml2.drivers.ovn.mech_driver.mech_driver [None req-7cb8154f-7a7e-47df-85f0-1d71e734c571 - - - - - -] OVN reports status down for port: e094d03a-fbb7-477b-b730-29aaf231af37
2026-06-04 07:40:29.758 7 INFO neutron.db.ovn_revision_numbers_db [req-3db7eda3-0b30-48c0-8cf3-86c76f4d234e req-259afcf6-7cdc-4a2a-80da-03e65cabef32 ff83d778069d4987aef3b8647bf3d95a 0069b9af88d644c6840a91a1733af28c - - default default] Successfully bumped revision number for resource 82604fee-175e-4a34-96a0-e41059cfcd3a (type: ports) to 1
2026-06-04 07:40:29.761 8 INFO neutron.services.segments.plugin [-] Segment 949e4fb3-e4c2-4d7c-95e8-bb4b4c880232 resource provider aggregate not found
2026-06-04 07:40:29.775 8 INFO neutron.services.segments.plugin [-] Segment 949e4fb3-e4c2-4d7c-95e8-bb4b4c880232 resource provider aggregate not found
2026-06-04 07:40:29.788 8 INFO neutron.services.segments.plugin [-] Segment 949e4fb3-e4c2-4d7c-95e8-bb4b4c880232 resource provider not found; error: Placement Client Error (4xx): {"errors": [{"status": 404, "title": "Not Found", "detail": "The resource could not be found.\n\n No resource provider with uuid 949e4fb3-e4c2-4d7c-95e8-bb4b4c880232 found for delete ", "request_id": "req-a17ba538-ecde-4af4-8ce4-bfdd57d942eb"}]} [pid: 7|app: 0|req: 736/1349] 199.204.45.132 () {38 vars in 955 bytes} [Thu Jun 4 07:40:29 2026] POST /v2.0/ports => generated 1179 bytes in 516 msecs (HTTP/1.1 201) 4 headers in 163 bytes (1 switches on core 0) /var/lib/openstack/lib/python3.12/site-packages/pycadf/identifier.py:70: UserWarning: Invalid uuid: neutron. To ensure interoperability, identifiers should be a valid uuid. warnings.warn(('Invalid uuid: %s. To ensure interoperability, '
2026-06-04 07:40:29.808 8 INFO neutron.services.segments.plugin [-] Segment 949e4fb3-e4c2-4d7c-95e8-bb4b4c880232 resource provider not found; error: Placement Client Error (4xx): {"errors": [{"status": 404, "title": "Not Found", "detail": "The resource could not be found.\n\n No resource provider with uuid 949e4fb3-e4c2-4d7c-95e8-bb4b4c880232 found for delete ", "request_id": "req-b4cb3866-4ce5-48a6-929c-2eddaf64ea36"}]} [pid: 7|app: 0|req: 737/1350] 10.0.0.119 () {34 vars in 990 bytes} [Thu Jun 4 07:40:29 2026] GET /v2.0/ports?device_id=05a3dd87-0bb7-465e-a44e-e610401ae3b0 => generated 975 bytes in 69 msecs (HTTP/1.1 200) 4 headers in 157 bytes (1 switches on core 0)
2026-06-04 07:40:29.886 8 WARNING neutron.plugins.ml2.drivers.ovn.mech_driver.ovsdb.ovn_client [None req-7cb8154f-7a7e-47df-85f0-1d71e734c571 - - - - - -] Logical_Switch_Port e094d03a-fbb7-477b-b730-29aaf231af37 host information not removed, the port state is up
2026-06-04 07:40:29.889 8 INFO neutron.plugins.ml2.drivers.ovn.mech_driver.mech_driver [None req-7cb8154f-7a7e-47df-85f0-1d71e734c571 - - - - - -] OVN reports status down for port: f55c3d0e-c6fc-45aa-9223-176b4b5ff2f7
2026-06-04 07:40:29.950 8 INFO neutron.plugins.ml2.drivers.ovn.mech_driver.mech_driver [None req-7cb8154f-7a7e-47df-85f0-1d71e734c571 - - - - - -] OVN reports status up for port: e094d03a-fbb7-477b-b730-29aaf231af37
2026-06-04 07:40:29.994 8 INFO neutron.db.ovn_revision_numbers_db [None req-2d2c1b3d-ddc5-4e06-89d5-9f73735bdb09 - - - - - -] Successfully bumped revision number for resource 65aa7322-df4c-4bd6-8f49-060102c4a93b (type: ports) to 5
2026-06-04 07:40:29.998 8 INFO neutron.plugins.ml2.plugin [None req-7cb8154f-7a7e-47df-85f0-1d71e734c571 - - - - - -] Attempt 1 to provision port e094d03a-fbb7-477b-b730-29aaf231af37 [pid: 8|app: 0|req: 614/1351] 10.0.0.60 () {32 vars in 725 bytes} [Thu Jun 4 07:40:28 2026] DELETE /v2.0/networks/74a4d2e5-36d5-44e3-bd1e-fa4dcc16cab8 => generated 0 bytes in 1328 msecs (HTTP/1.1 204) 3 headers in 131 bytes (1 switches on core 0)
2026-06-04 07:40:30.066 7 INFO neutron.db.ovn_revision_numbers_db [None req-dee0c5a0-0a7a-4d08-bbe1-6b5a5898be80 88401eba0d5541838ee3c7fc371f9177 f489b46e5128433f9371dd75b86bcfe2 - - default default] Successfully bumped revision number for resource 633cfd9e-ab24-4ab1-b883-e5ef7c829460 (type: security_groups) to 1
2026-06-04 07:40:30.076 7 INFO neutron.db.ovn_revision_numbers_db [None req-dee0c5a0-0a7a-4d08-bbe1-6b5a5898be80 88401eba0d5541838ee3c7fc371f9177 f489b46e5128433f9371dd75b86bcfe2 - - default default] Successfully bumped revision number for resource 4a879d28-66c3-4a2b-9f45-0a6aa8778b7f (type: security_group_rules) to 0
2026-06-04 07:40:30.087 7 INFO neutron.db.ovn_revision_numbers_db [None req-dee0c5a0-0a7a-4d08-bbe1-6b5a5898be80 88401eba0d5541838ee3c7fc371f9177 f489b46e5128433f9371dd75b86bcfe2 - - default default] Successfully bumped revision number for resource 5485070e-2735-49f9-929b-db92b1f9db97 (type: security_group_rules) to 0 [pid: 7|app: 0|req: 738/1352] 10.0.0.60 () {34 vars in 684 bytes} [Thu Jun 4 07:40:29 2026] POST /v2.0/security-groups => generated 1659 bytes in 252 msecs (HTTP/1.1 201) 4 headers in 163 bytes (1 switches on core 0) [pid: 7|app: 0|req: 739/1353] 10.0.0.119 () {34 vars in 1040 bytes} [Thu Jun 4 07:40:30 2026] GET /v2.0/security-groups?id=35ea1448-07a5-4412-9983-36798e72c717&fields=id&fields=name => generated 113 bytes in 31 msecs (HTTP/1.1 200) 4 headers in 157 bytes (1 switches on core 0) [pid: 7|app: 0|req: 740/1354] 10.0.0.119 () {34 vars in 990 bytes} [Thu Jun 4 07:40:30 2026] GET /v2.0/ports?device_id=8a3b030b-3239-4fac-a737-1b2b60bd923d => generated 1182 bytes in 51 msecs (HTTP/1.1 200) 4 headers in 158 bytes (1 switches on core 0) [pid: 7|app: 0|req: 741/1355] 10.0.0.60 () {32 vars in 773 bytes} [Thu Jun 4 07:40:30 2026] GET /v2.0/security-groups?tenant_id=62a2efaa508e416198056f9af30e6284&name=default => generated 2925 bytes in 24 msecs (HTTP/1.1 200) 4 headers in 158 bytes (1 switches on core 0)
2026-06-04 07:40:30.440 7 INFO neutron.db.ovn_revision_numbers_db [None req-2c0be227-501b-4cbf-a71a-5096cf0af6b5 88401eba0d5541838ee3c7fc371f9177 f489b46e5128433f9371dd75b86bcfe2 - - default default] Successfully bumped revision number for resource ba52f591-a6f3-492a-a28f-b6c58f050e8c (type: security_group_rules) to 0 [pid: 7|app: 0|req: 742/1356] 10.0.0.60 () {34 vars in 694 bytes} [Thu Jun 4 07:40:30 2026] POST /v2.0/security-group-rules => generated 597 bytes in 282 msecs (HTTP/1.1 201) 4 headers in 162 bytes (1 switches on core 0) [pid: 7|app: 0|req: 743/1357] 10.0.0.119 () {34 vars in 1040 bytes} [Thu Jun 4 07:40:30 2026] GET /v2.0/security-groups?id=163bfcb2-e657-4de9-a0c1-c5a28752aae8&fields=id&fields=name => generated 112 bytes in 79 msecs (HTTP/1.1 200) 4 headers in 157 bytes (1 switches on core 0) [pid: 7|app: 0|req: 744/1358] 10.0.0.60 () {32 vars in 739 bytes} [Thu Jun 4 07:40:30 2026] DELETE /v2.0/security-groups/7fcfed15-eff5-408c-a701-c5db4298ef2c => generated 0 bytes in 275 msecs (HTTP/1.1 204) 2 headers in 112 bytes (1 switches on core 0)
2026-06-04 07:40:30.993 7 INFO neutron.db.ovn_revision_numbers_db [None req-2d9b0ffb-7844-4ab3-9de2-cd9b8f306959 88401eba0d5541838ee3c7fc371f9177 f489b46e5128433f9371dd75b86bcfe2 - - default default] Successfully bumped revision number for resource 3e673319-a26d-4f86-9350-29fc022bcb8a (type: security_group_rules) to 0 [pid: 7|app: 0|req: 745/1359] 10.0.0.60 () {34 vars in 694 bytes} [Thu Jun 4 07:40:30 2026] POST /v2.0/security-group-rules => generated 602 bytes in 163 msecs (HTTP/1.1 201) 4 headers in 162 bytes (1 switches on core 0)
2026-06-04 07:40:31.108 8 INFO neutron.db.ovn_revision_numbers_db [req-3db7eda3-0b30-48c0-8cf3-86c76f4d234e req-fbb98324-5073-49c8-88ab-16e659585563 c65cc408b0204a97a88a2757619e6088 a87532eb06814193bbaf4ea319fc64ae - - 1f6e6d276efe4740bd65e81943dccf48 1f6e6d276efe4740bd65e81943dccf48] Successfully bumped revision number for resource 82604fee-175e-4a34-96a0-e41059cfcd3a (type: ports) to 2
2026-06-04 07:40:31.301 8 INFO neutron.db.ovn_revision_numbers_db [None req-7cb8154f-7a7e-47df-85f0-1d71e734c571 - - - - - -] Successfully bumped revision number for resource e094d03a-fbb7-477b-b730-29aaf231af37 (type: ports) to 2
2026-06-04 07:40:31.328 7 WARNING neutron.scheduler.dhcp_agent_scheduler [None req-6f55f4b4-d240-4e25-8954-92b504d8bc5b 88401eba0d5541838ee3c7fc371f9177 f489b46e5128433f9371dd75b86bcfe2 - - default default] No more DHCP agents
2026-06-04 07:40:31.330 7 WARNING neutron.api.rpc.agentnotifiers.dhcp_rpc_agent_api [None req-6f55f4b4-d240-4e25-8954-92b504d8bc5b 88401eba0d5541838ee3c7fc371f9177 f489b46e5128433f9371dd75b86bcfe2 - - default default] Unable to schedule network 51fa3a89-9516-4d2e-a4c0-99097410b354: no agents available; will retry on subsequent port and subnet creation events.
2026-06-04 07:40:31.558 8 INFO neutron.db.ovn_revision_numbers_db [req-3db7eda3-0b30-48c0-8cf3-86c76f4d234e req-fbb98324-5073-49c8-88ab-16e659585563 c65cc408b0204a97a88a2757619e6088 a87532eb06814193bbaf4ea319fc64ae - - 1f6e6d276efe4740bd65e81943dccf48 1f6e6d276efe4740bd65e81943dccf48] Successfully bumped revision number for resource 82604fee-175e-4a34-96a0-e41059cfcd3a (type: ports) to 4 [pid: 8|app: 0|req: 615/1360] 199.204.45.132 () {38 vars in 1028 bytes} [Thu Jun 4 07:40:30 2026] PUT /v2.0/ports/82604fee-175e-4a34-96a0-e41059cfcd3a => generated 1429 bytes in 1570 msecs (HTTP/1.1 200) 4 headers in 158 bytes (1 switches on core 0) /var/lib/openstack/lib/python3.12/site-packages/pycadf/identifier.py:70: UserWarning: Invalid uuid: neutron. To ensure interoperability, identifiers should be a valid uuid. warnings.warn(('Invalid uuid: %s. To ensure interoperability, '
2026-06-04 07:40:31.615 8 INFO neutron.notifiers.nova [-] Nova event matching ['req-20b6bbfe-eefc-40ac-b953-aa8fdff06a97'] response: {'name': 'network-changed', 'server_uuid': '8a3b030b-3239-4fac-a737-1b2b60bd923d', 'tag': '82604fee-175e-4a34-96a0-e41059cfcd3a', 'status': 'completed', 'code': 200} [pid: 8|app: 0|req: 616/1361] 10.0.0.119 () {34 vars in 990 bytes} [Thu Jun 4 07:40:31 2026] GET /v2.0/ports?device_id=05a3dd87-0bb7-465e-a44e-e610401ae3b0 => generated 975 bytes in 42 msecs (HTTP/1.1 200) 4 headers in 157 bytes (1 switches on core 0) [pid: 8|app: 0|req: 617/1362] 199.204.45.132 () {34 vars in 994 bytes} [Thu Jun 4 07:40:31 2026] GET /v2.0/ports?device_id=05a3dd87-0bb7-465e-a44e-e610401ae3b0 => generated 975 bytes in 40 msecs (HTTP/1.1 200) 4 headers in 157 bytes (1 switches on core 0) [pid: 7|app: 0|req: 746/1363] 10.0.0.60 () {34 vars in 675 bytes} [Thu Jun 4 07:40:31 2026] POST /v2.0/floatingips => generated 552 bytes in 642 msecs (HTTP/1.1 201) 4 headers in 162 bytes (1 switches on core 0) [pid: 8|app: 0|req: 618/1364] 10.0.0.119 () {34 vars in 1040 bytes} [Thu Jun 4 07:40:31 2026] GET /v2.0/security-groups?id=35ea1448-07a5-4412-9983-36798e72c717&fields=id&fields=name => generated 113 bytes in 30 msecs (HTTP/1.1 200) 4 headers in 157 bytes (1 switches on core 0)
2026-06-04 07:40:31.796 7 INFO neutron_taas.services.taas.taas_plugin [req-964bce8a-8240-48b0-8cde-3dd43c90c445 req-66be09f8-bf47-47f3-823e-2cf7da064e5c 5ed365ec43a0420fbf8c06c3a1f9b1c3 8c1673254bb74037b40b28e92e7d4917 - - default default] TaaS: Handle Delete Port: 96f711c2-72c9-4863-9e8c-91f5fd9a8c5f
2026-06-04 07:40:31.798 7 INFO neutron_taas.services.taas.tap_mirror_plugin [req-964bce8a-8240-48b0-8cde-3dd43c90c445 req-66be09f8-bf47-47f3-823e-2cf7da064e5c 5ed365ec43a0420fbf8c06c3a1f9b1c3 8c1673254bb74037b40b28e92e7d4917 - - default default] Tap Mirror: Handle Delete Port: 96f711c2-72c9-4863-9e8c-91f5fd9a8c5f
2026-06-04 07:40:31.941 7 INFO neutron.db.l3_db [req-964bce8a-8240-48b0-8cde-3dd43c90c445 req-66be09f8-bf47-47f3-823e-2cf7da064e5c 5ed365ec43a0420fbf8c06c3a1f9b1c3 8c1673254bb74037b40b28e92e7d4917 - - default default] Floating IP 169b7029-cb12-4401-904d-78cb331054ed disassociated. External IP: 10.96.250.212, port: 96f711c2-72c9-4863-9e8c-91f5fd9a8c5f. [pid: 7|app: 0|req: 747/1365] 199.204.45.132 () {36 vars in 997 bytes} [Thu Jun 4 07:40:31 2026] DELETE /v2.0/ports/96f711c2-72c9-4863-9e8c-91f5fd9a8c5f => generated 0 bytes in 428 msecs (HTTP/1.1 204) 3 headers in 131 bytes (1 switches on core 0)
