2026-06-04 07:45:21.531 8 INFO neutron.pecan_wsgi.hooks.translation [None req-cbbcace9-26b0-458c-81ee-efb6b2bdc8af ff83d778069d4987aef3b8647bf3d95a 0069b9af88d644c6840a91a1733af28c - - default default] GET failed (client error): The resource could not be found. [pid: 8|app: 0|req: 1619/3376] 10.0.0.60 () {32 vars in 722 bytes} [Thu Jun 4 07:45:21 2026] GET /v2.0/networks/24dc512f-9787-4204-b109-4af055b1e109 => generated 138 bytes in 18 msecs (HTTP/1.1 404) 4 headers in 164 bytes (1 switches on core 0)
2026-06-04 07:45:21.973 7 INFO neutron.services.segments.plugin [-] Segment 7c78158a-3cdc-4087-aae0-92cf94151b46 resource provider aggregate not found
2026-06-04 07:45:21.985 7 INFO neutron.services.segments.plugin [-] Segment 7c78158a-3cdc-4087-aae0-92cf94151b46 resource provider aggregate not found
2026-06-04 07:45:21.990 7 INFO neutron.services.segments.plugin [-] Segment 7c78158a-3cdc-4087-aae0-92cf94151b46 resource provider not found; error: Placement Client Error (4xx): {"errors": [{"status": 404, "title": "Not Found", "detail": "The resource could not be found.\n\n No resource provider with uuid 7c78158a-3cdc-4087-aae0-92cf94151b46 found for delete ", "request_id": "req-40cc8792-6c0a-44ba-8e65-579f9c084a49"}]}
2026-06-04 07:45:22.006 7 INFO neutron.services.segments.plugin [-] Segment 50d6d1b1-52f0-433b-8716-cfc6218a6f62 resource provider aggregate not found
2026-06-04 07:45:22.010 7 INFO neutron.services.segments.plugin [-] Segment 7c78158a-3cdc-4087-aae0-92cf94151b46 resource provider not found; error: Placement Client Error (4xx): {"errors": [{"status": 404, "title": "Not Found", "detail": "The resource could not be found.\n\n No resource provider with uuid 7c78158a-3cdc-4087-aae0-92cf94151b46 found for delete ", "request_id": "req-e2af6189-5ae4-47fe-9ab2-baf0797ce401"}]}
2026-06-04 07:45:22.024 7 INFO neutron.services.segments.plugin [-] Segment 50d6d1b1-52f0-433b-8716-cfc6218a6f62 resource provider not found; error: Placement Client Error (4xx): {"errors": [{"status": 404, "title": "Not Found", "detail": "The resource could not be found.\n\n No resource provider with uuid 50d6d1b1-52f0-433b-8716-cfc6218a6f62 found for delete ", "request_id": "req-aec2fb9a-46c7-4732-aed7-e80b494d091b"}]}
2026-06-04 07:45:22.025 7 INFO neutron.services.segments.plugin [-] Segment 50d6d1b1-52f0-433b-8716-cfc6218a6f62 resource provider aggregate not found
2026-06-04 07:45:22.039 7 INFO neutron.services.segments.plugin [-] Segment 50d6d1b1-52f0-433b-8716-cfc6218a6f62 resource provider not found; error: Placement Client Error (4xx): {"errors": [{"status": 404, "title": "Not Found", "detail": "The resource could not be found.\n\n No resource provider with uuid 50d6d1b1-52f0-433b-8716-cfc6218a6f62 found for delete ", "request_id": "req-d283391a-3f46-4d81-aa64-dbde10d86644"}]}
2026-06-04 07:45:23.929 7 INFO neutron.db.ovn_revision_numbers_db [None req-0ed5ea39-f274-459d-b7e4-1690bff11251 3243dbdc360c485282ca229eb54d88be b2e1658a45ce4cf284a50ce1c1b61788 - - default default] Successfully bumped revision number for resource 175605f1-56da-4fd0-bf45-f7d6f554abaa (type: security_groups) to 1
2026-06-04 07:45:23.940 7 INFO neutron.db.ovn_revision_numbers_db [None req-0ed5ea39-f274-459d-b7e4-1690bff11251 3243dbdc360c485282ca229eb54d88be b2e1658a45ce4cf284a50ce1c1b61788 - - default default] Successfully bumped revision number for resource 136fd209-658a-47a7-9824-eefa13ac1b36 (type: security_group_rules) to 0
2026-06-04 07:45:23.952 7 INFO neutron.db.ovn_revision_numbers_db [None req-0ed5ea39-f274-459d-b7e4-1690bff11251 3243dbdc360c485282ca229eb54d88be b2e1658a45ce4cf284a50ce1c1b61788 - - default default] Successfully bumped revision number for resource 3b39a7cc-72d9-41bc-ad06-f267691ffa01 (type: security_group_rules) to 0
2026-06-04 07:45:23.964 7 INFO neutron.db.ovn_revision_numbers_db [None req-0ed5ea39-f274-459d-b7e4-1690bff11251 3243dbdc360c485282ca229eb54d88be b2e1658a45ce4cf284a50ce1c1b61788 - - default default] Successfully bumped revision number for resource 784e9009-12b7-4a8d-9c04-7c252c069eda (type: security_group_rules) to 0
2026-06-04 07:45:23.975 7 INFO neutron.db.ovn_revision_numbers_db [None req-0ed5ea39-f274-459d-b7e4-1690bff11251 3243dbdc360c485282ca229eb54d88be b2e1658a45ce4cf284a50ce1c1b61788 - - default default] Successfully bumped revision number for resource 805e7654-0285-4a33-8626-1aedb96c8268 (type: security_group_rules) to 0 [pid: 7|app: 0|req: 1758/3377] 10.0.0.60 () {32 vars in 773 bytes} [Thu Jun 4 07:45:23 2026] GET /v2.0/security-groups?tenant_id=db7e76ecfdf542c8ab8f33b0a94f52f6&name=default => generated 2929 bytes in 368 msecs (HTTP/1.1 200) 4 headers in 158 bytes (1 switches on core 0) [pid: 8|app: 0|req: 1620/3378] 10.0.0.60 () {32 vars in 739 bytes} [Thu Jun 4 07:45:24 2026] DELETE /v2.0/security-groups/175605f1-56da-4fd0-bf45-f7d6f554abaa => generated 0 bytes in 310 msecs (HTTP/1.1 204) 2 headers in 112 bytes (1 switches on core 0)
2026-06-04 07:45:24.570 7 INFO neutron.db.ovn_revision_numbers_db [None req-2b86fdbb-0faf-4e10-bb09-5e6945d20bd9 3243dbdc360c485282ca229eb54d88be b2e1658a45ce4cf284a50ce1c1b61788 - - default default] Successfully bumped revision number for resource a093a754-a483-4802-99f3-d24e6b172e41 (type: security_groups) to 1
2026-06-04 07:45:24.582 7 INFO neutron.db.ovn_revision_numbers_db [None req-2b86fdbb-0faf-4e10-bb09-5e6945d20bd9 3243dbdc360c485282ca229eb54d88be b2e1658a45ce4cf284a50ce1c1b61788 - - default default] Successfully bumped revision number for resource 395d3480-7841-4afc-86a1-2c152a827ed6 (type: security_group_rules) to 0
2026-06-04 07:45:24.594 7 INFO neutron.db.ovn_revision_numbers_db [None req-2b86fdbb-0faf-4e10-bb09-5e6945d20bd9 3243dbdc360c485282ca229eb54d88be b2e1658a45ce4cf284a50ce1c1b61788 - - default default] Successfully bumped revision number for resource 70685801-8341-44ff-80c1-0b4d4eec936f (type: security_group_rules) to 0
2026-06-04 07:45:24.605 7 INFO neutron.db.ovn_revision_numbers_db [None req-2b86fdbb-0faf-4e10-bb09-5e6945d20bd9 3243dbdc360c485282ca229eb54d88be b2e1658a45ce4cf284a50ce1c1b61788 - - default default] Successfully bumped revision number for resource 85cf5b77-5535-4602-859a-751c05d7af82 (type: security_group_rules) to 0
2026-06-04 07:45:24.619 7 INFO neutron.db.ovn_revision_numbers_db [None req-2b86fdbb-0faf-4e10-bb09-5e6945d20bd9 3243dbdc360c485282ca229eb54d88be b2e1658a45ce4cf284a50ce1c1b61788 - - default default] Successfully bumped revision number for resource dd32158d-d43f-47f3-b397-cac58c739e7e (type: security_group_rules) to 0 [pid: 7|app: 0|req: 1759/3379] 10.0.0.60 () {32 vars in 773 bytes} [Thu Jun 4 07:45:24 2026] GET /v2.0/security-groups?tenant_id=5e004a5bfd6545a5b7de47f063e76ed2&name=default => generated 2929 bytes in 250 msecs (HTTP/1.1 200) 4 headers in 158 bytes (1 switches on core 0) [pid: 8|app: 0|req: 1621/3380] 10.0.0.60 () {32 vars in 739 bytes} [Thu Jun 4 07:45:24 2026] DELETE /v2.0/security-groups/a093a754-a483-4802-99f3-d24e6b172e41 => generated 0 bytes in 275 msecs (HTTP/1.1 204) 2 headers in 112 bytes (1 switches on core 0)
2026-06-04 07:45:25.231 7 INFO neutron.db.ovn_revision_numbers_db [None req-a8dac1b1-d9e3-46e8-a257-8df1345fd017 3243dbdc360c485282ca229eb54d88be b2e1658a45ce4cf284a50ce1c1b61788 - - default default] Successfully bumped revision number for resource 6af45b9f-933a-47b9-bdb4-751514ec0a4f (type: security_groups) to 1
2026-06-04 07:45:25.241 7 INFO neutron.db.ovn_revision_numbers_db [None req-a8dac1b1-d9e3-46e8-a257-8df1345fd017 3243dbdc360c485282ca229eb54d88be b2e1658a45ce4cf284a50ce1c1b61788 - - default default] Successfully bumped revision number for resource 15b22df6-d11f-46fd-a017-761f78ae1bb2 (type: security_group_rules) to 0
2026-06-04 07:45:25.254 7 INFO neutron.db.ovn_revision_numbers_db [None req-a8dac1b1-d9e3-46e8-a257-8df1345fd017 3243dbdc360c485282ca229eb54d88be b2e1658a45ce4cf284a50ce1c1b61788 - - default default] Successfully bumped revision number for resource b00897f2-0959-4f4d-97e5-717b17419375 (type: security_group_rules) to 0
2026-06-04 07:45:25.262 7 INFO neutron.db.ovn_revision_numbers_db [None req-a8dac1b1-d9e3-46e8-a257-8df1345fd017 3243dbdc360c485282ca229eb54d88be b2e1658a45ce4cf284a50ce1c1b61788 - - default default] Successfully bumped revision number for resource b0b94269-580b-411e-9768-7f90702201d2 (type: security_group_rules) to 0
2026-06-04 07:45:25.270 7 INFO neutron.db.ovn_revision_numbers_db [None req-a8dac1b1-d9e3-46e8-a257-8df1345fd017 3243dbdc360c485282ca229eb54d88be b2e1658a45ce4cf284a50ce1c1b61788 - - default default] Successfully bumped revision number for resource dc0c75d0-481a-4275-a06e-2ae0f7dec5f7 (type: security_group_rules) to 0 [pid: 7|app: 0|req: 1760/3381] 10.0.0.60 () {32 vars in 773 bytes} [Thu Jun 4 07:45:25 2026] GET /v2.0/security-groups?tenant_id=68a2ef3fed4a49f0b5f9e37318268e56&name=default => generated 2929 bytes in 240 msecs (HTTP/1.1 200) 4 headers in 158 bytes (1 switches on core 0) [pid: 8|app: 0|req: 1622/3382] 10.0.0.60 () {32 vars in 739 bytes} [Thu Jun 4 07:45:25 2026] DELETE /v2.0/security-groups/6af45b9f-933a-47b9-bdb4-751514ec0a4f => generated 0 bytes in 261 msecs (HTTP/1.1 204) 2 headers in 112 bytes (1 switches on core 0) [pid: 7|app: 0|req: 1761/3383] 10.0.0.60 () {32 vars in 773 bytes} [Thu Jun 4 07:45:25 2026] GET /v2.0/security-groups?tenant_id=0069b9af88d644c6840a91a1733af28c&name=default => generated 2925 bytes in 31 msecs (HTTP/1.1 200) 4 headers in 158 bytes (1 switches on core 0) [pid: 8|app: 0|req: 1623/3384] 10.0.0.60 () {32 vars in 739 bytes} [Thu Jun 4 07:45:25 2026] DELETE /v2.0/security-groups/3d7a017c-0b67-4423-8558-b50bfe3f2bbd => generated 0 bytes in 270 msecs (HTTP/1.1 204) 2 headers in 112 bytes (1 switches on core 0)
2026-06-04 07:45:26.323 7 INFO neutron.db.ovn_revision_numbers_db [None req-60864207-e778-4e4d-b3c9-6e43abedc465 3243dbdc360c485282ca229eb54d88be b2e1658a45ce4cf284a50ce1c1b61788 - - default default] Successfully bumped revision number for resource 7ca0cee0-c0bd-4446-ad6f-59eb08131054 (type: security_groups) to 1
2026-06-04 07:45:26.335 7 INFO neutron.db.ovn_revision_numbers_db [None req-60864207-e778-4e4d-b3c9-6e43abedc465 3243dbdc360c485282ca229eb54d88be b2e1658a45ce4cf284a50ce1c1b61788 - - default default] Successfully bumped revision number for resource 236e7481-0915-4974-81fa-557f8883dfdc (type: security_group_rules) to 0
2026-06-04 07:45:26.346 7 INFO neutron.db.ovn_revision_numbers_db [None req-60864207-e778-4e4d-b3c9-6e43abedc465 3243dbdc360c485282ca229eb54d88be b2e1658a45ce4cf284a50ce1c1b61788 - - default default] Successfully bumped revision number for resource 27c76124-b8cb-434f-aea5-046cefa111d6 (type: security_group_rules) to 0
2026-06-04 07:45:26.358 7 INFO neutron.db.ovn_revision_numbers_db [None req-60864207-e778-4e4d-b3c9-6e43abedc465 3243dbdc360c485282ca229eb54d88be b2e1658a45ce4cf284a50ce1c1b61788 - - default default] Successfully bumped revision number for resource 3f839e5d-ddd5-4910-9ef3-670e7f4e18f8 (type: security_group_rules) to 0
2026-06-04 07:45:26.369 7 INFO neutron.db.ovn_revision_numbers_db [None req-60864207-e778-4e4d-b3c9-6e43abedc465 3243dbdc360c485282ca229eb54d88be b2e1658a45ce4cf284a50ce1c1b61788 - - default default] Successfully bumped revision number for resource 6be739f4-fd1c-4c90-9fcf-7af4834b25f7 (type: security_group_rules) to 0 [pid: 7|app: 0|req: 1762/3385] 10.0.0.60 () {32 vars in 773 bytes} [Thu Jun 4 07:45:26 2026] GET /v2.0/security-groups?tenant_id=07443fd29046453b983137a2e066fe13&name=default => generated 2929 bytes in 242 msecs (HTTP/1.1 200) 4 headers in 158 bytes (1 switches on core 0) [pid: 8|app: 0|req: 1624/3386] 10.0.0.60 () {32 vars in 739 bytes} [Thu Jun 4 07:45:26 2026] DELETE /v2.0/security-groups/7ca0cee0-c0bd-4446-ad6f-59eb08131054 => generated 0 bytes in 333 msecs (HTTP/1.1 204) 2 headers in 112 bytes (1 switches on core 0)
2026-06-04 07:45:27.012 7 INFO neutron.db.ovn_revision_numbers_db [None req-200b6008-d4c6-4b2f-b6db-357b7ab640b9 3243dbdc360c485282ca229eb54d88be b2e1658a45ce4cf284a50ce1c1b61788 - - default default] Successfully bumped revision number for resource 8cf458e6-6247-4094-a3f8-8cf8f3905222 (type: security_groups) to 1
2026-06-04 07:45:27.023 7 INFO neutron.db.ovn_revision_numbers_db [None req-200b6008-d4c6-4b2f-b6db-357b7ab640b9 3243dbdc360c485282ca229eb54d88be b2e1658a45ce4cf284a50ce1c1b61788 - - default default] Successfully bumped revision number for resource 0f048b18-b8ac-4e08-8dc2-4c80beb79d3c (type: security_group_rules) to 0
2026-06-04 07:45:27.033 7 INFO neutron.db.ovn_revision_numbers_db [None req-200b6008-d4c6-4b2f-b6db-357b7ab640b9 3243dbdc360c485282ca229eb54d88be b2e1658a45ce4cf284a50ce1c1b61788 - - default default] Successfully bumped revision number for resource 670d7a4c-32ab-43c0-9945-51343c158046 (type: security_group_rules) to 0
2026-06-04 07:45:27.043 7 INFO neutron.db.ovn_revision_numbers_db [None req-200b6008-d4c6-4b2f-b6db-357b7ab640b9 3243dbdc360c485282ca229eb54d88be b2e1658a45ce4cf284a50ce1c1b61788 - - default default] Successfully bumped revision number for resource c7e6dff5-f98e-46bb-b946-8ff2f72bfaec (type: security_group_rules) to 0
2026-06-04 07:45:27.055 7 INFO neutron.db.ovn_revision_numbers_db [None req-200b6008-d4c6-4b2f-b6db-357b7ab640b9 3243dbdc360c485282ca229eb54d88be b2e1658a45ce4cf284a50ce1c1b61788 - - default default] Successfully bumped revision number for resource fcc11f35-1f01-444c-9711-a2488584c034 (type: security_group_rules) to 0 [pid: 7|app: 0|req: 1763/3387] 10.0.0.60 () {32 vars in 773 bytes} [Thu Jun 4 07:45:26 2026] GET /v2.0/security-groups?tenant_id=16166eb3e67441acad20c6851e41d0c8&name=default => generated 2929 bytes in 246 msecs (HTTP/1.1 200) 4 headers in 158 bytes (1 switches on core 0) [pid: 8|app: 0|req: 1625/3388] 10.0.0.60 () {32 vars in 739 bytes} [Thu Jun 4 07:45:27 2026] DELETE /v2.0/security-groups/8cf458e6-6247-4094-a3f8-8cf8f3905222 => generated 0 bytes in 300 msecs (HTTP/1.1 204) 2 headers in 112 bytes (1 switches on core 0)
2026-06-04 07:45:27.761 7 INFO neutron.db.ovn_revision_numbers_db [None req-cc699ad5-0573-459f-9800-7d85ee9349e5 3243dbdc360c485282ca229eb54d88be b2e1658a45ce4cf284a50ce1c1b61788 - - default default] Successfully bumped revision number for resource 24d1ca9d-96fe-4072-8a61-f0f37938c412 (type: security_groups) to 1
2026-06-04 07:45:27.775 7 INFO neutron.db.ovn_revision_numbers_db [None req-cc699ad5-0573-459f-9800-7d85ee9349e5 3243dbdc360c485282ca229eb54d88be b2e1658a45ce4cf284a50ce1c1b61788 - - default default] Successfully bumped revision number for resource 0ec73a12-797d-48e0-a3b7-c051d1cf3610 (type: security_group_rules) to 0
2026-06-04 07:45:27.789 7 INFO neutron.db.ovn_revision_numbers_db [None req-cc699ad5-0573-459f-9800-7d85ee9349e5 3243dbdc360c485282ca229eb54d88be b2e1658a45ce4cf284a50ce1c1b61788 - - default default] Successfully bumped revision number for resource 2795dd91-ea3e-4687-8188-46c0ce8347ee (type: security_group_rules) to 0
2026-06-04 07:45:27.801 7 INFO neutron.db.ovn_revision_numbers_db [None req-cc699ad5-0573-459f-9800-7d85ee9349e5 3243dbdc360c485282ca229eb54d88be b2e1658a45ce4cf284a50ce1c1b61788 - - default default] Successfully bumped revision number for resource 5b149007-e61e-47eb-9cdf-099cf21ab8ea (type: security_group_rules) to 0
2026-06-04 07:45:27.812 7 INFO neutron.db.ovn_revision_numbers_db [None req-cc699ad5-0573-459f-9800-7d85ee9349e5 3243dbdc360c485282ca229eb54d88be b2e1658a45ce4cf284a50ce1c1b61788 - - default default] Successfully bumped revision number for resource c4b0896e-f988-4442-b495-cf24dcd373d7 (type: security_group_rules) to 0 [pid: 7|app: 0|req: 1764/3389] 10.0.0.60 () {32 vars in 773 bytes} [Thu Jun 4 07:45:27 2026] GET /v2.0/security-groups?tenant_id=50852d66a19b49e88ab66b080c9b3a76&name=default => generated 2929 bytes in 294 msecs (HTTP/1.1 200) 4 headers in 158 bytes (1 switches on core 0) [pid: 8|app: 0|req: 1626/3390] 10.0.0.60 () {32 vars in 739 bytes} [Thu Jun 4 07:45:27 2026] DELETE /v2.0/security-groups/24d1ca9d-96fe-4072-8a61-f0f37938c412 => generated 0 bytes in 292 msecs (HTTP/1.1 204) 2 headers in 112 bytes (1 switches on core 0)
2026-06-04 07:45:32.355 7 INFO neutron.db.ovn_revision_numbers_db [None req-09dbb967-9055-40cb-9e4e-4f8150ca84f6 ab3f5ba33c1a494fb300c763af8ed863 670d391eab8c45aba36c57942253b871 - - default default] Successfully bumped revision number for resource bb1e6bde-1a14-4d67-a1e3-c6fb4d4c438a (type: security_groups) to 1
2026-06-04 07:45:32.372 7 INFO neutron.db.ovn_revision_numbers_db [None req-09dbb967-9055-40cb-9e4e-4f8150ca84f6 ab3f5ba33c1a494fb300c763af8ed863 670d391eab8c45aba36c57942253b871 - - default default] Successfully bumped revision number for resource 1003c7d5-b7a2-4218-9356-b54b72df5c57 (type: security_group_rules) to 0
2026-06-04 07:45:32.386 7 INFO neutron.db.ovn_revision_numbers_db [None req-09dbb967-9055-40cb-9e4e-4f8150ca84f6 ab3f5ba33c1a494fb300c763af8ed863 670d391eab8c45aba36c57942253b871 - - default default] Successfully bumped revision number for resource 19e3412c-785a-4079-8228-b1e04306d43e (type: security_group_rules) to 0
2026-06-04 07:45:32.400 7 INFO neutron.db.ovn_revision_numbers_db [None req-09dbb967-9055-40cb-9e4e-4f8150ca84f6 ab3f5ba33c1a494fb300c763af8ed863 670d391eab8c45aba36c57942253b871 - - default default] Successfully bumped revision number for resource 23c419f8-0cfa-4286-a65d-4600bd0788ec (type: security_group_rules) to 0
2026-06-04 07:45:32.412 7 INFO neutron.db.ovn_revision_numbers_db [None req-09dbb967-9055-40cb-9e4e-4f8150ca84f6 ab3f5ba33c1a494fb300c763af8ed863 670d391eab8c45aba36c57942253b871 - - default default] Successfully bumped revision number for resource 78ec9662-11fc-43d0-8216-607b5aa200ab (type: security_group_rules) to 0
2026-06-04 07:45:32.499 7 INFO neutron.db.segments_db [None req-09dbb967-9055-40cb-9e4e-4f8150ca84f6 ab3f5ba33c1a494fb300c763af8ed863 670d391eab8c45aba36c57942253b871 - - default default] Added segment 418d291a-8932-45f7-b010-7d113cbed64d of type geneve for network ab62d106-ea97-4719-beec-106fb67ea2e5
2026-06-04 07:45:32.629 7 INFO neutron.db.ovn_revision_numbers_db [None req-09dbb967-9055-40cb-9e4e-4f8150ca84f6 ab3f5ba33c1a494fb300c763af8ed863 670d391eab8c45aba36c57942253b871 - - default default] Successfully bumped revision number for resource ab62d106-ea97-4719-beec-106fb67ea2e5 (type: networks) to 1
2026-06-04 07:45:32.797 7 WARNING neutron.scheduler.dhcp_agent_scheduler [None req-09dbb967-9055-40cb-9e4e-4f8150ca84f6 ab3f5ba33c1a494fb300c763af8ed863 670d391eab8c45aba36c57942253b871 - - default default] No more DHCP agents
2026-06-04 07:45:32.798 7 WARNING neutron.api.rpc.agentnotifiers.dhcp_rpc_agent_api [None req-09dbb967-9055-40cb-9e4e-4f8150ca84f6 ab3f5ba33c1a494fb300c763af8ed863 670d391eab8c45aba36c57942253b871 - - default default] Unable to schedule network ab62d106-ea97-4719-beec-106fb67ea2e5: no agents available; will retry on subsequent port and subnet creation events.
2026-06-04 07:45:32.878 8 INFO neutron.plugins.ml2.drivers.ovn.mech_driver.mech_driver [None req-063d3f05-16b2-42f2-8edb-8623f3990ce3 - - - - - -] OVN reports status down for port: 64cb6c22-78ac-4681-be61-9ebe31d891da
2026-06-04 07:45:32.899 7 INFO neutron.db.ovn_revision_numbers_db [None req-09dbb967-9055-40cb-9e4e-4f8150ca84f6 ab3f5ba33c1a494fb300c763af8ed863 670d391eab8c45aba36c57942253b871 - - default default] Successfully bumped revision number for resource 64cb6c22-78ac-4681-be61-9ebe31d891da (type: ports) to 1 [pid: 7|app: 0|req: 1765/3391] 10.0.0.60 () {34 vars in 669 bytes} [Thu Jun 4 07:45:32 2026] POST /v2.0/networks => generated 728 bytes in 916 msecs (HTTP/1.1 201) 4 headers in 162 bytes (1 switches on core 0)
2026-06-04 07:45:33.086 8 WARNING neutron.scheduler.dhcp_agent_scheduler [None req-7eb31f48-783c-49dd-9508-97884c3b2f28 ab3f5ba33c1a494fb300c763af8ed863 670d391eab8c45aba36c57942253b871 - - default default] No more DHCP agents
2026-06-04 07:45:33.087 8 WARNING neutron.api.rpc.agentnotifiers.dhcp_rpc_agent_api [None req-7eb31f48-783c-49dd-9508-97884c3b2f28 ab3f5ba33c1a494fb300c763af8ed863 670d391eab8c45aba36c57942253b871 - - default default] Unable to schedule network ab62d106-ea97-4719-beec-106fb67ea2e5: no agents available; will retry on subsequent port and subnet creation events.
2026-06-04 07:45:33.530 8 INFO neutron.db.ovn_revision_numbers_db [None req-43e0fa62-4a28-4f1b-9bad-b998cf177919 - - - - - -] Successfully bumped revision number for resource 64cb6c22-78ac-4681-be61-9ebe31d891da (type: ports) to 2
2026-06-04 07:45:33.568 8 INFO neutron.db.ovn_revision_numbers_db [None req-43e0fa62-4a28-4f1b-9bad-b998cf177919 - - - - - -] Successfully bumped revision number for resource 48e7cab8-7604-417d-9c2d-12b0a63e162f (type: subnets) to 0 [pid: 8|app: 0|req: 1627/3392] 10.0.0.60 () {34 vars in 668 bytes} [Thu Jun 4 07:45:32 2026] POST /v2.0/subnets => generated 644 bytes in 656 msecs (HTTP/1.1 201) 4 headers in 162 bytes (1 switches on core 0)
2026-06-04 07:45:33.599 7 WARNING neutron.api.v2.base [None req-3ce7a1ef-4ad2-47da-8c2b-d51d449f4c5f ab3f5ba33c1a494fb300c763af8ed863 670d391eab8c45aba36c57942253b871 - - default default] An exception happened while processing the request body. The exception message is [Invalid input for target_tenant. Reason: 'None' is not a valid string.].: webob.exc.HTTPBadRequest: Invalid input for target_tenant. Reason: 'None' is not a valid string.
2026-06-04 07:45:33.600 7 INFO neutron.api.v2.resource [None req-3ce7a1ef-4ad2-47da-8c2b-d51d449f4c5f ab3f5ba33c1a494fb300c763af8ed863 670d391eab8c45aba36c57942253b871 - - default default] create failed (client error): Invalid input for target_tenant. Reason: 'None' is not a valid string. [pid: 7|app: 0|req: 1766/3393] 10.0.0.60 () {34 vars in 680 bytes} [Thu Jun 4 07:45:33 2026] POST /v2.0/rbac-policies => generated 143 bytes in 9 msecs (HTTP/1.1 400) 4 headers in 166 bytes (1 switches on core 0)
2026-06-04 07:45:33.735 8 INFO neutron_taas.services.taas.taas_plugin [None req-423000ac-08df-45c5-81f8-4c35f78ce317 ab3f5ba33c1a494fb300c763af8ed863 670d391eab8c45aba36c57942253b871 - - default default] TaaS: Handle Delete Port: 64cb6c22-78ac-4681-be61-9ebe31d891da
2026-06-04 07:45:33.738 8 INFO neutron_taas.services.taas.tap_mirror_plugin [None req-423000ac-08df-45c5-81f8-4c35f78ce317 ab3f5ba33c1a494fb300c763af8ed863 670d391eab8c45aba36c57942253b871 - - default default] Tap Mirror: Handle Delete Port: 64cb6c22-78ac-4681-be61-9ebe31d891da
2026-06-04 07:45:34.077 8 INFO neutron.services.segments.plugin [-] Segment 418d291a-8932-45f7-b010-7d113cbed64d resource provider aggregate not found
2026-06-04 07:45:34.082 8 INFO neutron.services.segments.plugin [-] Segment 418d291a-8932-45f7-b010-7d113cbed64d resource provider aggregate not found
2026-06-04 07:45:34.097 8 INFO neutron.services.segments.plugin [-] Segment 418d291a-8932-45f7-b010-7d113cbed64d resource provider not found; error: Placement Client Error (4xx): {"errors": [{"status": 404, "title": "Not Found", "detail": "The resource could not be found.\n\n No resource provider with uuid 418d291a-8932-45f7-b010-7d113cbed64d found for delete ", "request_id": "req-8524b4ba-b950-4c4e-8869-abbd3b9f44a6"}]}
2026-06-04 07:45:34.103 8 INFO neutron.services.segments.plugin [-] Segment 418d291a-8932-45f7-b010-7d113cbed64d resource provider not found; error: Placement Client Error (4xx): {"errors": [{"status": 404, "title": "Not Found", "detail": "The resource could not be found.\n\n No resource provider with uuid 418d291a-8932-45f7-b010-7d113cbed64d found for delete ", "request_id": "req-e7669140-6d25-4eb8-9c7a-0cd8fe150467"}]} [pid: 8|app: 0|req: 1628/3394] 10.0.0.60 () {32 vars in 725 bytes} [Thu Jun 4 07:45:33 2026] DELETE /v2.0/networks/ab62d106-ea97-4719-beec-106fb67ea2e5 => generated 0 bytes in 539 msecs (HTTP/1.1 204) 3 headers in 131 bytes (1 switches on core 0)
2026-06-04 07:45:34.246 7 INFO neutron.db.segments_db [None req-d90d2b68-8fca-4c52-8417-e135291c3b9e ab3f5ba33c1a494fb300c763af8ed863 670d391eab8c45aba36c57942253b871 - - default default] Added segment f83534de-3b40-49cc-8cce-0bfbbb33b32b of type geneve for network 7d7a453c-8fd8-4ff7-997d-6c25173b3a82
2026-06-04 07:45:34.386 7 INFO neutron.db.ovn_revision_numbers_db [None req-d90d2b68-8fca-4c52-8417-e135291c3b9e ab3f5ba33c1a494fb300c763af8ed863 670d391eab8c45aba36c57942253b871 - - default default] Successfully bumped revision number for resource 7d7a453c-8fd8-4ff7-997d-6c25173b3a82 (type: networks) to 1
2026-06-04 07:45:34.549 7 WARNING neutron.scheduler.dhcp_agent_scheduler [None req-d90d2b68-8fca-4c52-8417-e135291c3b9e ab3f5ba33c1a494fb300c763af8ed863 670d391eab8c45aba36c57942253b871 - - default default] No more DHCP agents
2026-06-04 07:45:34.551 7 WARNING neutron.api.rpc.agentnotifiers.dhcp_rpc_agent_api [None req-d90d2b68-8fca-4c52-8417-e135291c3b9e ab3f5ba33c1a494fb300c763af8ed863 670d391eab8c45aba36c57942253b871 - - default default] Unable to schedule network 7d7a453c-8fd8-4ff7-997d-6c25173b3a82: no agents available; will retry on subsequent port and subnet creation events.
2026-06-04 07:45:34.616 8 INFO neutron.plugins.ml2.drivers.ovn.mech_driver.mech_driver [None req-063d3f05-16b2-42f2-8edb-8623f3990ce3 - - - - - -] OVN reports status down for port: d53479f0-d0fb-4f87-9ec3-90b0502742ad
2026-06-04 07:45:34.655 7 INFO neutron.db.ovn_revision_numbers_db [None req-d90d2b68-8fca-4c52-8417-e135291c3b9e ab3f5ba33c1a494fb300c763af8ed863 670d391eab8c45aba36c57942253b871 - - default default] Successfully bumped revision number for resource d53479f0-d0fb-4f87-9ec3-90b0502742ad (type: ports) to 1 [pid: 7|app: 0|req: 1767/3395] 10.0.0.60 () {34 vars in 669 bytes} [Thu Jun 4 07:45:34 2026] POST /v2.0/networks => generated 729 bytes in 526 msecs (HTTP/1.1 201) 4 headers in 162 bytes (1 switches on core 0)
2026-06-04 07:45:34.840 8 WARNING neutron.scheduler.dhcp_agent_scheduler [None req-d5d361c1-c411-45b6-8d5b-216c329f90f3 ab3f5ba33c1a494fb300c763af8ed863 670d391eab8c45aba36c57942253b871 - - default default] No more DHCP agents
2026-06-04 07:45:34.842 8 WARNING neutron.api.rpc.agentnotifiers.dhcp_rpc_agent_api [None req-d5d361c1-c411-45b6-8d5b-216c329f90f3 ab3f5ba33c1a494fb300c763af8ed863 670d391eab8c45aba36c57942253b871 - - default default] Unable to schedule network 7d7a453c-8fd8-4ff7-997d-6c25173b3a82: no agents available; will retry on subsequent port and subnet creation events.
2026-06-04 07:45:35.329 8 INFO neutron.db.ovn_revision_numbers_db [None req-6dfb598b-b27f-4c04-9bec-50566e63d9b6 - - - - - -] Successfully bumped revision number for resource d53479f0-d0fb-4f87-9ec3-90b0502742ad (type: ports) to 2
2026-06-04 07:45:35.362 8 INFO neutron.db.ovn_revision_numbers_db [None req-6dfb598b-b27f-4c04-9bec-50566e63d9b6 - - - - - -] Successfully bumped revision number for resource a926108f-a5d7-4d5f-b223-932dc878ab00 (type: subnets) to 0 [pid: 8|app: 0|req: 1629/3398] 10.0.0.60 () {34 vars in 668 bytes} [Thu Jun 4 07:45:34 2026] POST /v2.0/subnets => generated 647 bytes in 691 msecs (HTTP/1.1 201) 4 headers in 162 bytes (1 switches on core 0)
2026-06-04 07:45:35.389 7 WARNING neutron.api.v2.base [None req-eaf345db-6fee-4d49-9496-58d709b5caf3 ab3f5ba33c1a494fb300c763af8ed863 670d391eab8c45aba36c57942253b871 - - default default] An exception happened while processing the request body. The exception message is [Invalid input for target_tenant. Reason: '1234123412341234123412341234123412341234123412341234123412341234123412341234123412341234123412341234123412341234123412341234123412341234123412341234123412341234123412341234123412341234123412341234123412341234123412341234123412341234123412341234123412341234123412341234123412341234123412341234123412341234123412341234123412341234123412341234123412341234123412341234123412341234123412341234123412341234' exceeds maximum length of 255.].: webob.exc.HTTPBadRequest: Invalid input for target_tenant. Reason: '1234123412341234123412341234123412341234123412341234123412341234123412341234123412341234123412341234123412341234123412341234123412341234123412341234123412341234123412341234123412341234123412341234123412341234123412341234123412341234123412341234123412341234123412341234123412341234123412341234123412341234123412341234123412341234123412341234123412341234123412341234123412341234123412341234123412341234' exceeds maximum length of 255.
2026-06-04 07:45:35.389 7 INFO neutron.api.v2.resource [None req-eaf345db-6fee-4d49-9496-58d709b5caf3 ab3f5ba33c1a494fb300c763af8ed863 670d391eab8c45aba36c57942253b871 - - default default] create failed (client error): Invalid input for target_tenant. Reason: '1234123412341234123412341234123412341234123412341234123412341234123412341234123412341234123412341234123412341234123412341234123412341234123412341234123412341234123412341234123412341234123412341234123412341234123412341234123412341234123412341234123412341234123412341234123412341234123412341234123412341234123412341234123412341234123412341234123412341234123412341234123412341234123412341234123412341234' exceeds maximum length of 255. [pid: 7|app: 0|req: 1770/3399] 10.0.0.60 () {34 vars in 680 bytes} [Thu Jun 4 07:45:35 2026] POST /v2.0/rbac-policies => generated 547 bytes in 7 msecs (HTTP/1.1 400) 4 headers in 166 bytes (1 switches on core 0)
2026-06-04 07:45:35.527 8 INFO neutron_taas.services.taas.taas_plugin [None req-6b9cc04b-bc3e-4bb7-8a49-288ec4a6daff ab3f5ba33c1a494fb300c763af8ed863 670d391eab8c45aba36c57942253b871 - - default default] TaaS: Handle Delete Port: d53479f0-d0fb-4f87-9ec3-90b0502742ad
2026-06-04 07:45:35.529 8 INFO neutron_taas.services.taas.tap_mirror_plugin [None req-6b9cc04b-bc3e-4bb7-8a49-288ec4a6daff ab3f5ba33c1a494fb300c763af8ed863 670d391eab8c45aba36c57942253b871 - - default default] Tap Mirror: Handle Delete Port: d53479f0-d0fb-4f87-9ec3-90b0502742ad [pid: 8|app: 0|req: 1630/3400] 10.0.0.60 () {32 vars in 725 bytes} [Thu Jun 4 07:45:35 2026] DELETE /v2.0/networks/7d7a453c-8fd8-4ff7-997d-6c25173b3a82 => generated 0 bytes in 475 msecs (HTTP/1.1 204) 3 headers in 131 bytes (1 switches on core 0)
2026-06-04 07:45:35.962 7 INFO neutron.db.segments_db [None req-ef1ea935-fe91-441c-9934-ce5afd0c2513 ab3f5ba33c1a494fb300c763af8ed863 670d391eab8c45aba36c57942253b871 - - default default] Added segment 9617c704-89e5-455c-9bb3-379272c83bf2 of type geneve for network 1261ef3b-1123-4fe4-b1b7-b2cdef949fe3
2026-06-04 07:45:36.078 7 INFO neutron.db.ovn_revision_numbers_db [None req-ef1ea935-fe91-441c-9934-ce5afd0c2513 ab3f5ba33c1a494fb300c763af8ed863 670d391eab8c45aba36c57942253b871 - - default default] Successfully bumped revision number for resource 1261ef3b-1123-4fe4-b1b7-b2cdef949fe3 (type: networks) to 1
2026-06-04 07:45:36.112 8 INFO neutron.services.segments.plugin [-] Segment f83534de-3b40-49cc-8cce-0bfbbb33b32b resource provider aggregate not found
2026-06-04 07:45:36.123 8 INFO neutron.services.segments.plugin [-] Segment f83534de-3b40-49cc-8cce-0bfbbb33b32b resource provider aggregate not found
2026-06-04 07:45:36.129 8 INFO neutron.services.segments.plugin [-] Segment f83534de-3b40-49cc-8cce-0bfbbb33b32b resource provider not found; error: Placement Client Error (4xx): {"errors": [{"status": 404, "title": "Not Found", "detail": "The resource could not be found.\n\n No resource provider with uuid f83534de-3b40-49cc-8cce-0bfbbb33b32b found for delete ", "request_id": "req-859119d7-ade9-4acb-852c-a9c106bd04e8"}]}
2026-06-04 07:45:36.139 8 INFO neutron.services.segments.plugin [-] Segment f83534de-3b40-49cc-8cce-0bfbbb33b32b resource provider not found; error: Placement Client Error (4xx): {"errors": [{"status": 404, "title": "Not Found", "detail": "The resource could not be found.\n\n No resource provider with uuid f83534de-3b40-49cc-8cce-0bfbbb33b32b found for delete ", "request_id": "req-fb05b379-dd11-4462-9d9c-8b328f2b2de3"}]}
2026-06-04 07:45:36.260 7 WARNING neutron.scheduler.dhcp_agent_scheduler [None req-ef1ea935-fe91-441c-9934-ce5afd0c2513 ab3f5ba33c1a494fb300c763af8ed863 670d391eab8c45aba36c57942253b871 - - default default] No more DHCP agents
2026-06-04 07:45:36.261 7 WARNING neutron.api.rpc.agentnotifiers.dhcp_rpc_agent_api [None req-ef1ea935-fe91-441c-9934-ce5afd0c2513 ab3f5ba33c1a494fb300c763af8ed863 670d391eab8c45aba36c57942253b871 - - default default] Unable to schedule network 1261ef3b-1123-4fe4-b1b7-b2cdef949fe3: no agents available; will retry on subsequent port and subnet creation events.
2026-06-04 07:45:36.338 8 INFO neutron.plugins.ml2.drivers.ovn.mech_driver.mech_driver [None req-063d3f05-16b2-42f2-8edb-8623f3990ce3 - - - - - -] OVN reports status down for port: 89502ac5-90a8-464a-8a55-815f9678208f
2026-06-04 07:45:36.388 7 INFO neutron.db.ovn_revision_numbers_db [None req-ef1ea935-fe91-441c-9934-ce5afd0c2513 ab3f5ba33c1a494fb300c763af8ed863 670d391eab8c45aba36c57942253b871 - - default default] Successfully bumped revision number for resource 89502ac5-90a8-464a-8a55-815f9678208f (type: ports) to 1 [pid: 7|app: 0|req: 1771/3401] 10.0.0.60 () {34 vars in 669 bytes} [Thu Jun 4 07:45:35 2026] POST /v2.0/networks => generated 728 bytes in 545 msecs (HTTP/1.1 201) 4 headers in 162 bytes (1 switches on core 0)
2026-06-04 07:45:36.561 8 WARNING neutron.scheduler.dhcp_agent_scheduler [None req-181eddfc-65cb-4336-b4af-088dc01b8345 ab3f5ba33c1a494fb300c763af8ed863 670d391eab8c45aba36c57942253b871 - - default default] No more DHCP agents
2026-06-04 07:45:36.562 8 WARNING neutron.api.rpc.agentnotifiers.dhcp_rpc_agent_api [None req-181eddfc-65cb-4336-b4af-088dc01b8345 ab3f5ba33c1a494fb300c763af8ed863 670d391eab8c45aba36c57942253b871 - - default default] Unable to schedule network 1261ef3b-1123-4fe4-b1b7-b2cdef949fe3: no agents available; will retry on subsequent port and subnet creation events.
2026-06-04 07:45:37.009 8 INFO neutron.db.ovn_revision_numbers_db [None req-1049105e-8904-449a-83bf-8b9cf0779929 - - - - - -] Successfully bumped revision number for resource 89502ac5-90a8-464a-8a55-815f9678208f (type: ports) to 2
2026-06-04 07:45:37.056 8 INFO neutron.db.ovn_revision_numbers_db [None req-1049105e-8904-449a-83bf-8b9cf0779929 - - - - - -] Successfully bumped revision number for resource 0c264f9c-40de-4aaa-af6b-943f694a8dd2 (type: subnets) to 0 [pid: 8|app: 0|req: 1631/3402] 10.0.0.60 () {34 vars in 668 bytes} [Thu Jun 4 07:45:36 2026] POST /v2.0/subnets => generated 647 bytes in 651 msecs (HTTP/1.1 201) 4 headers in 162 bytes (1 switches on core 0) [pid: 7|app: 0|req: 1772/3403] 10.0.0.60 () {34 vars in 680 bytes} [Thu Jun 4 07:45:37 2026] POST /v2.0/rbac-policies => generated 324 bytes in 195 msecs (HTTP/1.1 201) 4 headers in 162 bytes (1 switches on core 0) [pid: 8|app: 0|req: 1632/3404] 10.0.0.60 () {32 vars in 722 bytes} [Thu Jun 4 07:45:37 2026] GET /v2.0/networks/1261ef3b-1123-4fe4-b1b7-b2cdef949fe3 => generated 654 bytes in 77 msecs (HTTP/1.1 200) 4 headers in 157 bytes (1 switches on core 0)
2026-06-04 07:45:38.052 7 INFO neutron.pecan_wsgi.hooks.translation [None req-877bf0eb-1de5-475e-9a9d-c20325d3a5fb 18f284315ede4caf83062fba9be45682 8314957d904e4c079612593ea5dc279b - - default default] GET failed (client error): The resource could not be found. [pid: 7|app: 0|req: 1773/3405] 10.0.0.60 () {32 vars in 722 bytes} [Thu Jun 4 07:45:38 2026] GET /v2.0/networks/1261ef3b-1123-4fe4-b1b7-b2cdef949fe3 => generated 138 bytes in 44 msecs (HTTP/1.1 404) 4 headers in 164 bytes (1 switches on core 0)
2026-06-04 07:45:38.196 8 INFO neutron_taas.services.taas.taas_plugin [None req-b544d8d3-9bf4-484d-807f-d9b4f2b17791 ab3f5ba33c1a494fb300c763af8ed863 670d391eab8c45aba36c57942253b871 - - default default] TaaS: Handle Delete Port: 89502ac5-90a8-464a-8a55-815f9678208f
2026-06-04 07:45:38.199 8 INFO neutron_taas.services.taas.tap_mirror_plugin [None req-b544d8d3-9bf4-484d-807f-d9b4f2b17791 ab3f5ba33c1a494fb300c763af8ed863 670d391eab8c45aba36c57942253b871 - - default default] Tap Mirror: Handle Delete Port: 89502ac5-90a8-464a-8a55-815f9678208f
2026-06-04 07:45:38.550 8 INFO neutron.services.segments.plugin [-] Segment 9617c704-89e5-455c-9bb3-379272c83bf2 resource provider aggregate not found
2026-06-04 07:45:38.554 8 INFO neutron.services.segments.plugin [-] Segment 9617c704-89e5-455c-9bb3-379272c83bf2 resource provider aggregate not found
2026-06-04 07:45:38.565 8 INFO neutron.services.segments.plugin [-] Segment 9617c704-89e5-455c-9bb3-379272c83bf2 resource provider not found; error: Placement Client Error (4xx): {"errors": [{"status": 404, "title": "Not Found", "detail": "The resource could not be found.\n\n No resource provider with uuid 9617c704-89e5-455c-9bb3-379272c83bf2 found for delete ", "request_id": "req-57602164-5679-4403-b073-a0eed977b74a"}]}
2026-06-04 07:45:38.572 8 INFO neutron.services.segments.plugin [-] Segment 9617c704-89e5-455c-9bb3-379272c83bf2 resource provider not found; error: Placement Client Error (4xx): {"errors": [{"status": 404, "title": "Not Found", "detail": "The resource could not be found.\n\n No resource provider with uuid 9617c704-89e5-455c-9bb3-379272c83bf2 found for delete ", "request_id": "req-108228df-1d25-4c07-8f01-d4bc4ccfda38"}]} [pid: 8|app: 0|req: 1633/3406] 10.0.0.60 () {32 vars in 725 bytes} [Thu Jun 4 07:45:38 2026] DELETE /v2.0/networks/1261ef3b-1123-4fe4-b1b7-b2cdef949fe3 => generated 0 bytes in 550 msecs (HTTP/1.1 204) 3 headers in 131 bytes (1 switches on core 0)
2026-06-04 07:45:38.630 7 INFO neutron.pecan_wsgi.hooks.translation [None req-0c4f0e60-69ef-4388-ba60-c6865d5374c8 ab3f5ba33c1a494fb300c763af8ed863 670d391eab8c45aba36c57942253b871 - - default default] DELETE failed (client error): The resource could not be found. [pid: 7|app: 0|req: 1774/3407] 10.0.0.60 () {32 vars in 723 bytes} [Thu Jun 4 07:45:38 2026] DELETE /v2.0/subnets/48e7cab8-7604-417d-9c2d-12b0a63e162f => generated 136 bytes in 15 msecs (HTTP/1.1 404) 4 headers in 164 bytes (1 switches on core 0)
2026-06-04 07:45:38.652 8 INFO neutron.pecan_wsgi.hooks.translation [None req-5ed92a77-0096-42d3-826e-7fe2111c3635 ab3f5ba33c1a494fb300c763af8ed863 670d391eab8c45aba36c57942253b871 - - default default] DELETE failed (client error): The resource could not be found. [pid: 8|app: 0|req: 1634/3408] 10.0.0.60 () {32 vars in 723 bytes} [Thu Jun 4 07:45:38 2026] DELETE /v2.0/subnets/a926108f-a5d7-4d5f-b223-932dc878ab00 => generated 136 bytes in 18 msecs (HTTP/1.1 404) 4 headers in 164 bytes (1 switches on core 0)
2026-06-04 07:45:38.669 7 INFO neutron.pecan_wsgi.hooks.translation [None req-239957e8-f0f4-4caa-a5ab-473afc83421b ab3f5ba33c1a494fb300c763af8ed863 670d391eab8c45aba36c57942253b871 - - default default] DELETE failed (client error): The resource could not be found. [pid: 7|app: 0|req: 1775/3409] 10.0.0.60 () {32 vars in 723 bytes} [Thu Jun 4 07:45:38 2026] DELETE /v2.0/subnets/0c264f9c-40de-4aaa-af6b-943f694a8dd2 => generated 136 bytes in 15 msecs (HTTP/1.1 404) 4 headers in 164 bytes (1 switches on core 0)
2026-06-04 07:45:39.726 8 INFO neutron.db.ovn_revision_numbers_db [None req-de7aec26-2d3f-49b9-bdee-54c2ea77f064 3243dbdc360c485282ca229eb54d88be b2e1658a45ce4cf284a50ce1c1b61788 - - default default] Successfully bumped revision number for resource 4e2c2796-b79b-4744-965b-74b78a315799 (type: security_groups) to 1
2026-06-04 07:45:39.738 8 INFO neutron.db.ovn_revision_numbers_db [None req-de7aec26-2d3f-49b9-bdee-54c2ea77f064 3243dbdc360c485282ca229eb54d88be b2e1658a45ce4cf284a50ce1c1b61788 - - default default] Successfully bumped revision number for resource 5dffa593-df31-4e0c-af24-408424b424df (type: security_group_rules) to 0
2026-06-04 07:45:39.750 8 INFO neutron.db.ovn_revision_numbers_db [None req-de7aec26-2d3f-49b9-bdee-54c2ea77f064 3243dbdc360c485282ca229eb54d88be b2e1658a45ce4cf284a50ce1c1b61788 - - default default] Successfully bumped revision number for resource 710c0230-beb3-42a7-a860-c1d4714b3258 (type: security_group_rules) to 0
2026-06-04 07:45:39.761 8 INFO neutron.db.ovn_revision_numbers_db [None req-de7aec26-2d3f-49b9-bdee-54c2ea77f064 3243dbdc360c485282ca229eb54d88be b2e1658a45ce4cf284a50ce1c1b61788 - - default default] Successfully bumped revision number for resource 7cc0a945-ebb9-4570-bdd4-24ea6022f3f7 (type: security_group_rules) to 0
2026-06-04 07:45:39.772 8 INFO neutron.db.ovn_revision_numbers_db [None req-de7aec26-2d3f-49b9-bdee-54c2ea77f064 3243dbdc360c485282ca229eb54d88be b2e1658a45ce4cf284a50ce1c1b61788 - - default default] Successfully bumped revision number for resource ece67723-0d4d-40aa-bd98-42b701e78b65 (type: security_group_rules) to 0 [pid: 8|app: 0|req: 1635/3410] 10.0.0.60 () {32 vars in 773 bytes} [Thu Jun 4 07:45:39 2026] GET /v2.0/security-groups?tenant_id=8314957d904e4c079612593ea5dc279b&name=default => generated 2929 bytes in 404 msecs (HTTP/1.1 200) 4 headers in 158 bytes (1 switches on core 0) [pid: 7|app: 0|req: 1776/3411] 10.0.0.60 () {32 vars in 739 bytes} [Thu Jun 4 07:45:39 2026] DELETE /v2.0/security-groups/4e2c2796-b79b-4744-965b-74b78a315799 => generated 0 bytes in 251 msecs (HTTP/1.1 204) 2 headers in 112 bytes (1 switches on core 0)
2026-06-04 07:45:40.372 8 INFO neutron.db.ovn_revision_numbers_db [None req-3e04bc0f-7bc4-4398-b5fd-0dcd139fd509 3243dbdc360c485282ca229eb54d88be b2e1658a45ce4cf284a50ce1c1b61788 - - default default] Successfully bumped revision number for resource c5b27104-5d47-4fd0-b6ed-6d0236a29583 (type: security_groups) to 1
2026-06-04 07:45:40.384 8 INFO neutron.db.ovn_revision_numbers_db [None req-3e04bc0f-7bc4-4398-b5fd-0dcd139fd509 3243dbdc360c485282ca229eb54d88be b2e1658a45ce4cf284a50ce1c1b61788 - - default default] Successfully bumped revision number for resource 3149febc-e988-469a-9154-5c9c15a2cfc2 (type: security_group_rules) to 0
2026-06-04 07:45:40.395 8 INFO neutron.db.ovn_revision_numbers_db [None req-3e04bc0f-7bc4-4398-b5fd-0dcd139fd509 3243dbdc360c485282ca229eb54d88be b2e1658a45ce4cf284a50ce1c1b61788 - - default default] Successfully bumped revision number for resource 8d832fae-4b91-4d2c-9368-e029a3cd6500 (type: security_group_rules) to 0
2026-06-04 07:45:40.407 8 INFO neutron.db.ovn_revision_numbers_db [None req-3e04bc0f-7bc4-4398-b5fd-0dcd139fd509 3243dbdc360c485282ca229eb54d88be b2e1658a45ce4cf284a50ce1c1b61788 - - default default] Successfully bumped revision number for resource a9962dc4-b068-49b5-b585-55e3dbcd08cb (type: security_group_rules) to 0
2026-06-04 07:45:40.417 8 INFO neutron.db.ovn_revision_numbers_db [None req-3e04bc0f-7bc4-4398-b5fd-0dcd139fd509 3243dbdc360c485282ca229eb54d88be b2e1658a45ce4cf284a50ce1c1b61788 - - default default] Successfully bumped revision number for resource fa72dcc1-958d-4aa1-822f-223f89bd2fb7 (type: security_group_rules) to 0 [pid: 8|app: 0|req: 1636/3412] 10.0.0.60 () {32 vars in 773 bytes} [Thu Jun 4 07:45:40 2026] GET /v2.0/security-groups?tenant_id=1b438c4e4fef4db080d91add490875c4&name=default => generated 2929 bytes in 283 msecs (HTTP/1.1 200) 4 headers in 158 bytes (1 switches on core 0) [pid: 7|app: 0|req: 1777/3413] 10.0.0.60 () {32 vars in 739 bytes} [Thu Jun 4 07:45:40 2026] DELETE /v2.0/security-groups/c5b27104-5d47-4fd0-b6ed-6d0236a29583 => generated 0 bytes in 269 msecs (HTTP/1.1 204) 2 headers in 112 bytes (1 switches on core 0) [pid: 8|app: 0|req: 1637/3414] 10.0.0.60 () {32 vars in 773 bytes} [Thu Jun 4 07:45:40 2026] GET /v2.0/security-groups?tenant_id=670d391eab8c45aba36c57942253b871&name=default => generated 2929 bytes in 32 msecs (HTTP/1.1 200) 4 headers in 158 bytes (1 switches on core 0) [pid: 7|app: 0|req: 1778/3415] 10.0.0.60 () {32 vars in 739 bytes} [Thu Jun 4 07:45:40 2026] DELETE /v2.0/security-groups/bb1e6bde-1a14-4d67-a1e3-c6fb4d4c438a => generated 0 bytes in 329 msecs (HTTP/1.1 204) 2 headers in 112 bytes (1 switches on core 0)
2026-06-04 07:45:45.759 8 WARNING neutron.scheduler.dhcp_agent_scheduler [None req-a54a5e36-6dfe-4ade-8199-5bf598baa944 0b1319b5050c4d8fa93081055c14575e 13a423218b0544b0abb1b381263e311c - - default default] No more DHCP agents
2026-06-04 07:45:45.760 8 WARNING neutron.api.rpc.agentnotifiers.dhcp_rpc_agent_api [None req-a54a5e36-6dfe-4ade-8199-5bf598baa944 0b1319b5050c4d8fa93081055c14575e 13a423218b0544b0abb1b381263e311c - - default default] Unable to schedule network 51fa3a89-9516-4d2e-a4c0-99097410b354: no agents available; will retry on subsequent port and subnet creation events. [pid: 8|app: 0|req: 1638/3416] 10.0.0.60 () {34 vars in 675 bytes} [Thu Jun 4 07:45:45 2026] POST /v2.0/floatingips => generated 552 bytes in 680 msecs (HTTP/1.1 201) 4 headers in 162 bytes (1 switches on core 0)
2026-06-04 07:45:46.341 7 WARNING neutron.scheduler.dhcp_agent_scheduler [None req-5ee287c6-624e-4d38-942d-1ef6548ccc8e 0b1319b5050c4d8fa93081055c14575e 13a423218b0544b0abb1b381263e311c - - default default] No more DHCP agents
2026-06-04 07:45:46.342 7 WARNING neutron.api.rpc.agentnotifiers.dhcp_rpc_agent_api [None req-5ee287c6-624e-4d38-942d-1ef6548ccc8e 0b1319b5050c4d8fa93081055c14575e 13a423218b0544b0abb1b381263e311c - - default default] Unable to schedule network 51fa3a89-9516-4d2e-a4c0-99097410b354: no agents available; will retry on subsequent port and subnet creation events. [pid: 7|app: 0|req: 1779/3417] 10.0.0.60 () {34 vars in 675 bytes} [Thu Jun 4 07:45:46 2026] POST /v2.0/floatingips => generated 552 bytes in 622 msecs (HTTP/1.1 201) 4 headers in 162 bytes (1 switches on core 0)
2026-06-04 07:45:46.925 8 WARNING neutron.scheduler.dhcp_agent_scheduler [None req-a67169b2-7736-42a6-b3fb-06dfe4019b62 0b1319b5050c4d8fa93081055c14575e 13a423218b0544b0abb1b381263e311c - - default default] No more DHCP agents
2026-06-04 07:45:46.926 8 WARNING neutron.api.rpc.agentnotifiers.dhcp_rpc_agent_api [None req-a67169b2-7736-42a6-b3fb-06dfe4019b62 0b1319b5050c4d8fa93081055c14575e 13a423218b0544b0abb1b381263e311c - - default default] Unable to schedule network 51fa3a89-9516-4d2e-a4c0-99097410b354: no agents available; will retry on subsequent port and subnet creation events. [pid: 8|app: 0|req: 1639/3418] 10.0.0.60 () {34 vars in 675 bytes} [Thu Jun 4 07:45:46 2026] POST /v2.0/floatingips => generated 552 bytes in 528 msecs (HTTP/1.1 201) 4 headers in 162 bytes (1 switches on core 0)
2026-06-04 07:45:47.476 7 WARNING neutron.scheduler.dhcp_agent_scheduler [None req-af2f848d-3df2-43df-8d1f-2839868da228 0b1319b5050c4d8fa93081055c14575e 13a423218b0544b0abb1b381263e311c - - default default] No more DHCP agents
2026-06-04 07:45:47.477 7 WARNING neutron.api.rpc.agentnotifiers.dhcp_rpc_agent_api [None req-af2f848d-3df2-43df-8d1f-2839868da228 0b1319b5050c4d8fa93081055c14575e 13a423218b0544b0abb1b381263e311c - - default default] Unable to schedule network 51fa3a89-9516-4d2e-a4c0-99097410b354: no agents available; will retry on subsequent port and subnet creation events. [pid: 7|app: 0|req: 1780/3419] 10.0.0.60 () {34 vars in 675 bytes} [Thu Jun 4 07:45:47 2026] POST /v2.0/floatingips => generated 552 bytes in 484 msecs (HTTP/1.1 201) 4 headers in 162 bytes (1 switches on core 0)
2026-06-04 07:45:47.987 8 WARNING neutron.scheduler.dhcp_agent_scheduler [None req-a84cdcb4-7ee4-409a-9a2d-a740bad2b265 0b1319b5050c4d8fa93081055c14575e 13a423218b0544b0abb1b381263e311c - - default default] No more DHCP agents
