2026-06-04 07:41:29.558 7 INFO neutron.db.ovn_revision_numbers_db [None req-e0b0df6a-63ca-4db2-8f84-2ee288fc74c5 cec1e4ec3e1942ada9007e875f255f34 4bc5dc9bf4924006b107c66951d41c30 - - default default] Successfully bumped revision number for resource 38264e8e-aae3-4cc6-993f-62e12b8ffb39 (type: security_group_rules) to 0
2026-06-04 07:41:29.569 7 INFO neutron.db.ovn_revision_numbers_db [None req-e0b0df6a-63ca-4db2-8f84-2ee288fc74c5 cec1e4ec3e1942ada9007e875f255f34 4bc5dc9bf4924006b107c66951d41c30 - - default default] Successfully bumped revision number for resource 52b64e52-716d-471f-a3a2-4e14010cd7c5 (type: security_group_rules) to 0
2026-06-04 07:41:29.583 7 INFO neutron.db.ovn_revision_numbers_db [None req-e0b0df6a-63ca-4db2-8f84-2ee288fc74c5 cec1e4ec3e1942ada9007e875f255f34 4bc5dc9bf4924006b107c66951d41c30 - - default default] Successfully bumped revision number for resource 7c3bfac1-6c9e-4334-bb60-5bad0bd82cfa (type: security_group_rules) to 0
2026-06-04 07:41:29.596 7 INFO neutron.db.ovn_revision_numbers_db [None req-e0b0df6a-63ca-4db2-8f84-2ee288fc74c5 cec1e4ec3e1942ada9007e875f255f34 4bc5dc9bf4924006b107c66951d41c30 - - default default] Successfully bumped revision number for resource fdc5e71b-7288-4380-a4dc-abf1c7bb8679 (type: security_group_rules) to 0 [pid: 8|app: 0|req: 884/1821] 10.0.0.60 () {34 vars in 664 bytes} [Thu Jun 4 07:41:29 2026] POST /v2.0/ports => generated 779 bytes in 566 msecs (HTTP/1.1 201) 4 headers in 162 bytes (1 switches on core 0) /var/lib/openstack/lib/python3.12/site-packages/pycadf/identifier.py:70: UserWarning: Invalid uuid: neutron. To ensure interoperability, identifiers should be a valid uuid. warnings.warn(('Invalid uuid: %s. To ensure interoperability, '
2026-06-04 07:41:29.683 7 INFO neutron.db.segments_db [None req-e0b0df6a-63ca-4db2-8f84-2ee288fc74c5 cec1e4ec3e1942ada9007e875f255f34 4bc5dc9bf4924006b107c66951d41c30 - - default default] Added segment 236c5db9-9b58-4bb9-95a5-9f6f8c871216 of type geneve for network 8e61a30c-26c0-4218-9381-d8e949074c60
2026-06-04 07:41:29.696 8 INFO neutron.db.segments_db [None req-634415e6-2f6a-4b57-bc71-c70415ffd9d4 7305799abfb24efaae93acc6c954b6bb 65cfaccdf7bc47f8b76f6218761992de - - default default] Added segment 39bc9634-c2c4-41ad-bba6-a6dafc30ffec of type geneve for network 20b03f8e-6f95-4377-9531-f37e4a04d93b
2026-06-04 07:41:29.777 7 INFO neutron.db.segments_db [None req-e0b0df6a-63ca-4db2-8f84-2ee288fc74c5 cec1e4ec3e1942ada9007e875f255f34 4bc5dc9bf4924006b107c66951d41c30 - - default default] Added segment 958d7956-843e-47d7-bb8c-afd6c6c2a6d5 of type geneve for network 24ec57b2-05f1-468b-bc73-9ca70fe7c764
2026-06-04 07:41:29.822 8 INFO neutron.db.ovn_revision_numbers_db [None req-634415e6-2f6a-4b57-bc71-c70415ffd9d4 7305799abfb24efaae93acc6c954b6bb 65cfaccdf7bc47f8b76f6218761992de - - default default] Successfully bumped revision number for resource 20b03f8e-6f95-4377-9531-f37e4a04d93b (type: networks) to 1
2026-06-04 07:41:29.915 7 INFO neutron.db.ovn_revision_numbers_db [None req-e0b0df6a-63ca-4db2-8f84-2ee288fc74c5 cec1e4ec3e1942ada9007e875f255f34 4bc5dc9bf4924006b107c66951d41c30 - - default default] Successfully bumped revision number for resource 8e61a30c-26c0-4218-9381-d8e949074c60 (type: networks) to 1
2026-06-04 07:41:30.031 8 WARNING neutron.scheduler.dhcp_agent_scheduler [None req-634415e6-2f6a-4b57-bc71-c70415ffd9d4 7305799abfb24efaae93acc6c954b6bb 65cfaccdf7bc47f8b76f6218761992de - - default default] No more DHCP agents
2026-06-04 07:41:30.033 8 WARNING neutron.api.rpc.agentnotifiers.dhcp_rpc_agent_api [None req-634415e6-2f6a-4b57-bc71-c70415ffd9d4 7305799abfb24efaae93acc6c954b6bb 65cfaccdf7bc47f8b76f6218761992de - - default default] Unable to schedule network 20b03f8e-6f95-4377-9531-f37e4a04d93b: no agents available; will retry on subsequent port and subnet creation events.
2026-06-04 07:41:30.047 7 WARNING neutron.scheduler.dhcp_agent_scheduler [None req-e0b0df6a-63ca-4db2-8f84-2ee288fc74c5 cec1e4ec3e1942ada9007e875f255f34 4bc5dc9bf4924006b107c66951d41c30 - - default default] No more DHCP agents
2026-06-04 07:41:30.049 7 WARNING neutron.api.rpc.agentnotifiers.dhcp_rpc_agent_api [None req-e0b0df6a-63ca-4db2-8f84-2ee288fc74c5 cec1e4ec3e1942ada9007e875f255f34 4bc5dc9bf4924006b107c66951d41c30 - - default default] Unable to schedule network 8e61a30c-26c0-4218-9381-d8e949074c60: no agents available; will retry on subsequent port and subnet creation events.
2026-06-04 07:41:30.142 8 INFO neutron.plugins.ml2.drivers.ovn.mech_driver.mech_driver [None req-7157b0a4-d70e-4cb8-b86a-4641b352c19f - - - - - -] OVN reports status down for port: e6ff25a5-1aee-40ef-b6a1-2df583bc2d3b
2026-06-04 07:41:30.242 7 INFO neutron.db.ovn_revision_numbers_db [None req-e0b0df6a-63ca-4db2-8f84-2ee288fc74c5 cec1e4ec3e1942ada9007e875f255f34 4bc5dc9bf4924006b107c66951d41c30 - - default default] Successfully bumped revision number for resource 097293de-6ba8-48eb-8c17-05b5c025d853 (type: ports) to 1
2026-06-04 07:41:30.260 8 INFO neutron.db.ovn_revision_numbers_db [None req-634415e6-2f6a-4b57-bc71-c70415ffd9d4 7305799abfb24efaae93acc6c954b6bb 65cfaccdf7bc47f8b76f6218761992de - - default default] Successfully bumped revision number for resource e6ff25a5-1aee-40ef-b6a1-2df583bc2d3b (type: ports) to 1
2026-06-04 07:41:30.341 7 INFO neutron.db.ovn_revision_numbers_db [None req-e0b0df6a-63ca-4db2-8f84-2ee288fc74c5 cec1e4ec3e1942ada9007e875f255f34 4bc5dc9bf4924006b107c66951d41c30 - - default default] Successfully bumped revision number for resource 24ec57b2-05f1-468b-bc73-9ca70fe7c764 (type: networks) to 1
2026-06-04 07:41:30.352 8 INFO neutron.plugins.ml2.drivers.ovn.mech_driver.mech_driver [None req-7157b0a4-d70e-4cb8-b86a-4641b352c19f - - - - - -] OVN reports status down for port: 097293de-6ba8-48eb-8c17-05b5c025d853 [pid: 8|app: 0|req: 885/1822] 10.0.0.60 () {34 vars in 669 bytes} [Thu Jun 4 07:41:29 2026] POST /v2.0/networks => generated 636 bytes in 759 msecs (HTTP/1.1 201) 4 headers in 162 bytes (1 switches on core 0)
2026-06-04 07:41:30.523 7 WARNING neutron.scheduler.dhcp_agent_scheduler [None req-e0b0df6a-63ca-4db2-8f84-2ee288fc74c5 cec1e4ec3e1942ada9007e875f255f34 4bc5dc9bf4924006b107c66951d41c30 - - default default] No more DHCP agents
2026-06-04 07:41:30.524 7 WARNING neutron.api.rpc.agentnotifiers.dhcp_rpc_agent_api [None req-e0b0df6a-63ca-4db2-8f84-2ee288fc74c5 cec1e4ec3e1942ada9007e875f255f34 4bc5dc9bf4924006b107c66951d41c30 - - default default] Unable to schedule network 24ec57b2-05f1-468b-bc73-9ca70fe7c764: no agents available; will retry on subsequent port and subnet creation events.
2026-06-04 07:41:30.637 8 INFO neutron.plugins.ml2.drivers.ovn.mech_driver.mech_driver [None req-7157b0a4-d70e-4cb8-b86a-4641b352c19f - - - - - -] OVN reports status down for port: 09b04f9c-b773-4ebf-a7d8-f7a34ddcfbf1
2026-06-04 07:41:30.644 7 INFO neutron.db.ovn_revision_numbers_db [None req-e0b0df6a-63ca-4db2-8f84-2ee288fc74c5 cec1e4ec3e1942ada9007e875f255f34 4bc5dc9bf4924006b107c66951d41c30 - - default default] Successfully bumped revision number for resource 09b04f9c-b773-4ebf-a7d8-f7a34ddcfbf1 (type: ports) to 1
2026-06-04 07:41:30.647 8 WARNING neutron.scheduler.dhcp_agent_scheduler [None req-7095d92e-54d8-44ab-8a41-2e1d59eebe0f 7305799abfb24efaae93acc6c954b6bb 65cfaccdf7bc47f8b76f6218761992de - - default default] No more DHCP agents
2026-06-04 07:41:30.650 8 WARNING neutron.api.rpc.agentnotifiers.dhcp_rpc_agent_api [None req-7095d92e-54d8-44ab-8a41-2e1d59eebe0f 7305799abfb24efaae93acc6c954b6bb 65cfaccdf7bc47f8b76f6218761992de - - default default] Unable to schedule network 20b03f8e-6f95-4377-9531-f37e4a04d93b: no agents available; will retry on subsequent port and subnet creation events. [pid: 7|app: 0|req: 938/1823] 10.0.0.60 () {34 vars in 669 bytes} [Thu Jun 4 07:41:29 2026] POST /v2.0/networks => generated 1246 bytes in 1485 msecs (HTTP/1.1 201) 4 headers in 163 bytes (1 switches on core 0)
2026-06-04 07:41:30.721 8 INFO neutron.db.ovn_revision_numbers_db [None req-7095d92e-54d8-44ab-8a41-2e1d59eebe0f 7305799abfb24efaae93acc6c954b6bb 65cfaccdf7bc47f8b76f6218761992de - - default default] Successfully bumped revision number for resource 4e6ac2ba-1503-4518-87ce-8e4fab1817c4 (type: subnets) to 0 [pid: 7|app: 0|req: 939/1824] 10.0.0.60 () {32 vars in 825 bytes} [Thu Jun 4 07:41:30 2026] GET /v2.0/ports?project_id=417d0e2372484d9980e36bb00677755c&network_id=24fb89fb-34aa-4b6f-8fa9-8ae824517447 => generated 3315 bytes in 69 msecs (HTTP/1.1 200) 4 headers in 158 bytes (1 switches on core 0) [pid: 8|app: 0|req: 886/1825] 10.0.0.60 () {34 vars in 668 bytes} [Thu Jun 4 07:41:30 2026] POST /v2.0/subnets => generated 646 bytes in 375 msecs (HTTP/1.1 201) 4 headers in 162 bytes (1 switches on core 0) [pid: 7|app: 0|req: 940/1826] 10.0.0.60 () {32 vars in 648 bytes} [Thu Jun 4 07:41:30 2026] GET /v2.0/networks => generated 1857 bytes in 50 msecs (HTTP/1.1 200) 4 headers in 158 bytes (1 switches on core 0)
2026-06-04 07:41:30.915 7 INFO neutron_taas.services.taas.taas_plugin [None req-e7b20a3a-98e9-4da6-b247-83afffc0b7ed cec1e4ec3e1942ada9007e875f255f34 4bc5dc9bf4924006b107c66951d41c30 - - default default] TaaS: Handle Delete Port: 097293de-6ba8-48eb-8c17-05b5c025d853
2026-06-04 07:41:30.918 7 INFO neutron_taas.services.taas.tap_mirror_plugin [None req-e7b20a3a-98e9-4da6-b247-83afffc0b7ed cec1e4ec3e1942ada9007e875f255f34 4bc5dc9bf4924006b107c66951d41c30 - - default default] Tap Mirror: Handle Delete Port: 097293de-6ba8-48eb-8c17-05b5c025d853
2026-06-04 07:41:31.125 7 INFO neutron.services.segments.plugin [-] Segment 236c5db9-9b58-4bb9-95a5-9f6f8c871216 resource provider aggregate not found
2026-06-04 07:41:31.132 7 INFO neutron.services.segments.plugin [-] Segment 236c5db9-9b58-4bb9-95a5-9f6f8c871216 resource provider aggregate not found
2026-06-04 07:41:31.147 7 INFO neutron.services.segments.plugin [-] Segment 236c5db9-9b58-4bb9-95a5-9f6f8c871216 resource provider not found; error: Placement Client Error (4xx): {"errors": [{"status": 404, "title": "Not Found", "detail": "The resource could not be found.\n\n No resource provider with uuid 236c5db9-9b58-4bb9-95a5-9f6f8c871216 found for delete ", "request_id": "req-958abe2b-047f-4003-9ad8-4bee16bf9dde"}]}
2026-06-04 07:41:31.154 7 INFO neutron.services.segments.plugin [-] Segment 236c5db9-9b58-4bb9-95a5-9f6f8c871216 resource provider not found; error: Placement Client Error (4xx): {"errors": [{"status": 404, "title": "Not Found", "detail": "The resource could not be found.\n\n No resource provider with uuid 236c5db9-9b58-4bb9-95a5-9f6f8c871216 found for delete ", "request_id": "req-aae8415c-ab8b-4fd8-a9f7-2130082158fa"}]}
2026-06-04 07:41:31.157 8 WARNING neutron.scheduler.dhcp_agent_scheduler [None req-8956791a-6123-4ffe-9a78-3614c600c6c7 7305799abfb24efaae93acc6c954b6bb 65cfaccdf7bc47f8b76f6218761992de - - default default] No more DHCP agents
2026-06-04 07:41:31.161 8 WARNING neutron.api.rpc.agentnotifiers.dhcp_rpc_agent_api [None req-8956791a-6123-4ffe-9a78-3614c600c6c7 7305799abfb24efaae93acc6c954b6bb 65cfaccdf7bc47f8b76f6218761992de - - default default] Unable to schedule network 20b03f8e-6f95-4377-9531-f37e4a04d93b: no agents available; will retry on subsequent port and subnet creation events. [pid: 7|app: 0|req: 941/1827] 10.0.0.60 () {32 vars in 725 bytes} [Thu Jun 4 07:41:30 2026] DELETE /v2.0/networks/8e61a30c-26c0-4218-9381-d8e949074c60 => generated 0 bytes in 393 msecs (HTTP/1.1 204) 3 headers in 131 bytes (1 switches on core 0) [pid: 7|app: 0|req: 942/1828] 10.0.0.60 () {32 vars in 741 bytes} [Thu Jun 4 07:41:31 2026] GET /v2.0/subnets?network_id=51fa3a89-9516-4d2e-a4c0-99097410b354 => generated 667 bytes in 32 msecs (HTTP/1.1 200) 4 headers in 157 bytes (1 switches on core 0)
2026-06-04 07:41:31.294 8 INFO neutron.plugins.ml2.drivers.ovn.mech_driver.mech_driver [None req-7157b0a4-d70e-4cb8-b86a-4641b352c19f - - - - - -] OVN reports status down for port: b9a9bf40-eafe-4473-b08f-4d9a4ec581bf
2026-06-04 07:41:31.387 8 INFO neutron.db.ovn_revision_numbers_db [None req-8956791a-6123-4ffe-9a78-3614c600c6c7 7305799abfb24efaae93acc6c954b6bb 65cfaccdf7bc47f8b76f6218761992de - - default default] Successfully bumped revision number for resource b9a9bf40-eafe-4473-b08f-4d9a4ec581bf (type: ports) to 1
2026-06-04 07:41:31.431 7 INFO neutron_taas.services.taas.taas_plugin [None req-550e3d1b-75d7-4b01-b930-80462407c9f5 cec1e4ec3e1942ada9007e875f255f34 4bc5dc9bf4924006b107c66951d41c30 - - default default] TaaS: Handle Delete Port: 09b04f9c-b773-4ebf-a7d8-f7a34ddcfbf1
2026-06-04 07:41:31.434 7 INFO neutron_taas.services.taas.tap_mirror_plugin [None req-550e3d1b-75d7-4b01-b930-80462407c9f5 cec1e4ec3e1942ada9007e875f255f34 4bc5dc9bf4924006b107c66951d41c30 - - default default] Tap Mirror: Handle Delete Port: 09b04f9c-b773-4ebf-a7d8-f7a34ddcfbf1 [pid: 8|app: 0|req: 887/1829] 10.0.0.60 () {34 vars in 664 bytes} [Thu Jun 4 07:41:30 2026] POST /v2.0/ports => generated 966 bytes in 692 msecs (HTTP/1.1 201) 4 headers in 162 bytes (1 switches on core 0) /var/lib/openstack/lib/python3.12/site-packages/pycadf/identifier.py:70: UserWarning: Invalid uuid: neutron. To ensure interoperability, identifiers should be a valid uuid. warnings.warn(('Invalid uuid: %s. To ensure interoperability, '
2026-06-04 07:41:31.714 8 INFO neutron.db.ovn_revision_numbers_db [None req-92f5ef46-4862-4a1d-ae64-d1da883dfe06 f981dd52e2e3401b9708fe69db0b9032 417d0e2372484d9980e36bb00677755c - - default default] Successfully bumped revision number for resource 7f93a377-7c27-4f20-8814-070eb24d09d9 (type: floatingips) to 2 [pid: 7|app: 0|req: 943/1830] 10.0.0.60 () {32 vars in 725 bytes} [Thu Jun 4 07:41:31 2026] DELETE /v2.0/networks/24ec57b2-05f1-468b-bc73-9ca70fe7c764 => generated 0 bytes in 488 msecs (HTTP/1.1 204) 3 headers in 131 bytes (1 switches on core 0)
2026-06-04 07:41:31.779 8 INFO neutron.db.l3_db [None req-92f5ef46-4862-4a1d-ae64-d1da883dfe06 f981dd52e2e3401b9708fe69db0b9032 417d0e2372484d9980e36bb00677755c - - default default] Floating IP 7f93a377-7c27-4f20-8814-070eb24d09d9 disassociated. External IP: 10.96.250.211, port: bb18d5b2-c290-4b8d-a393-4e4d72024671. [pid: 8|app: 0|req: 888/1831] 10.0.0.60 () {34 vars in 748 bytes} [Thu Jun 4 07:41:31 2026] PUT /v2.0/floatingips/7f93a377-7c27-4f20-8814-070eb24d09d9 => generated 554 bytes in 360 msecs (HTTP/1.1 200) 4 headers in 157 bytes (1 switches on core 0) /var/lib/openstack/lib/python3.12/site-packages/pycadf/identifier.py:70: UserWarning: Invalid uuid: neutron. To ensure interoperability, identifiers should be a valid uuid. warnings.warn(('Invalid uuid: %s. To ensure interoperability, '
2026-06-04 07:41:31.854 8 INFO neutron.notifiers.nova [-] Nova event matching ['req-a0352c5f-5fae-4b09-a1f8-e8ae3723beec'] response: {'name': 'network-changed', 'server_uuid': 'd38a0b17-845e-46fa-8ea7-9e8e264981c3', 'tag': 'bb18d5b2-c290-4b8d-a393-4e4d72024671', 'status': 'completed', 'code': 200}
2026-06-04 07:41:31.872 7 INFO neutron_taas.services.taas.taas_plugin [None req-80a23d1d-b9e7-4285-bd0b-e1774c431828 7305799abfb24efaae93acc6c954b6bb 65cfaccdf7bc47f8b76f6218761992de - - default default] TaaS: Handle Delete Port: b9a9bf40-eafe-4473-b08f-4d9a4ec581bf
2026-06-04 07:41:31.875 7 INFO neutron_taas.services.taas.tap_mirror_plugin [None req-80a23d1d-b9e7-4285-bd0b-e1774c431828 7305799abfb24efaae93acc6c954b6bb 65cfaccdf7bc47f8b76f6218761992de - - default default] Tap Mirror: Handle Delete Port: b9a9bf40-eafe-4473-b08f-4d9a4ec581bf [pid: 8|app: 0|req: 889/1832] 10.0.0.60 () {32 vars in 648 bytes} [Thu Jun 4 07:41:31 2026] GET /v2.0/networks => generated 651 bytes in 71 msecs (HTTP/1.1 200) 4 headers in 157 bytes (1 switches on core 0) [pid: 8|app: 0|req: 890/1833] 10.0.0.60 () {32 vars in 728 bytes} [Thu Jun 4 07:41:31 2026] GET /v2.0/floatingips/7f93a377-7c27-4f20-8814-070eb24d09d9 => generated 552 bytes in 26 msecs (HTTP/1.1 200) 4 headers in 157 bytes (1 switches on core 0)
2026-06-04 07:41:32.030 8 INFO neutron.db.segments_db [None req-a1caa1b3-1cc4-4b4b-9d4b-01d6777db526 cec1e4ec3e1942ada9007e875f255f34 4bc5dc9bf4924006b107c66951d41c30 - - default default] Added segment 2c8f8b80-93f9-4fca-8a66-371ea74e3229 of type geneve for network de9d1916-6e36-463c-aa51-b6c12e3b6054 [pid: 7|app: 0|req: 944/1834] 10.0.0.60 () {32 vars in 719 bytes} [Thu Jun 4 07:41:31 2026] DELETE /v2.0/ports/b9a9bf40-eafe-4473-b08f-4d9a4ec581bf => generated 0 bytes in 352 msecs (HTTP/1.1 204) 3 headers in 131 bytes (1 switches on core 0)
2026-06-04 07:41:32.092 7 INFO neutron.pecan_wsgi.hooks.translation [None req-397f048c-b2fb-493c-8dba-aac78b1472ac 7305799abfb24efaae93acc6c954b6bb 65cfaccdf7bc47f8b76f6218761992de - - default default] DELETE failed (client error): The resource could not be found. [pid: 7|app: 0|req: 945/1835] 10.0.0.60 () {32 vars in 719 bytes} [Thu Jun 4 07:41:32 2026] DELETE /v2.0/ports/b9a9bf40-eafe-4473-b08f-4d9a4ec581bf => generated 132 bytes in 20 msecs (HTTP/1.1 404) 4 headers in 164 bytes (1 switches on core 0)
2026-06-04 07:41:32.121 7 INFO neutron.pecan_wsgi.hooks.translation [None req-0c97150e-6c9b-4dc6-bc80-37e0099a57f1 7305799abfb24efaae93acc6c954b6bb 65cfaccdf7bc47f8b76f6218761992de - - default default] GET failed (client error): The resource could not be found. [pid: 7|app: 0|req: 946/1836] 10.0.0.60 () {32 vars in 716 bytes} [Thu Jun 4 07:41:32 2026] GET /v2.0/ports/b9a9bf40-eafe-4473-b08f-4d9a4ec581bf => generated 132 bytes in 21 msecs (HTTP/1.1 404) 4 headers in 164 bytes (1 switches on core 0)
2026-06-04 07:41:32.213 8 INFO neutron.db.ovn_revision_numbers_db [None req-a1caa1b3-1cc4-4b4b-9d4b-01d6777db526 cec1e4ec3e1942ada9007e875f255f34 4bc5dc9bf4924006b107c66951d41c30 - - default default] Successfully bumped revision number for resource de9d1916-6e36-463c-aa51-b6c12e3b6054 (type: networks) to 1 [pid: 7|app: 0|req: 947/1837] 10.0.0.60 () {32 vars in 723 bytes} [Thu Jun 4 07:41:32 2026] DELETE /v2.0/subnets/4e6ac2ba-1503-4518-87ce-8e4fab1817c4 => generated 0 bytes in 200 msecs (HTTP/1.1 204) 3 headers in 131 bytes (1 switches on core 0)
2026-06-04 07:41:32.447 8 WARNING neutron.scheduler.dhcp_agent_scheduler [None req-a1caa1b3-1cc4-4b4b-9d4b-01d6777db526 cec1e4ec3e1942ada9007e875f255f34 4bc5dc9bf4924006b107c66951d41c30 - - default default] No more DHCP agents
2026-06-04 07:41:32.449 8 WARNING neutron.api.rpc.agentnotifiers.dhcp_rpc_agent_api [None req-a1caa1b3-1cc4-4b4b-9d4b-01d6777db526 cec1e4ec3e1942ada9007e875f255f34 4bc5dc9bf4924006b107c66951d41c30 - - default default] Unable to schedule network de9d1916-6e36-463c-aa51-b6c12e3b6054: no agents available; will retry on subsequent port and subnet creation events.
2026-06-04 07:41:32.450 7 INFO neutron_taas.services.taas.taas_plugin [None req-c6f844bc-adaf-48c1-b439-7a9bcce1e34a 7305799abfb24efaae93acc6c954b6bb 65cfaccdf7bc47f8b76f6218761992de - - default default] TaaS: Handle Delete Port: e6ff25a5-1aee-40ef-b6a1-2df583bc2d3b
2026-06-04 07:41:32.453 7 INFO neutron_taas.services.taas.tap_mirror_plugin [None req-c6f844bc-adaf-48c1-b439-7a9bcce1e34a 7305799abfb24efaae93acc6c954b6bb 65cfaccdf7bc47f8b76f6218761992de - - default default] Tap Mirror: Handle Delete Port: e6ff25a5-1aee-40ef-b6a1-2df583bc2d3b
2026-06-04 07:41:32.534 8 INFO neutron.plugins.ml2.drivers.ovn.mech_driver.mech_driver [None req-7157b0a4-d70e-4cb8-b86a-4641b352c19f - - - - - -] OVN reports status down for port: 8f20c70a-d4ee-4617-8096-8e80b39b76cf
2026-06-04 07:41:32.667 8 INFO neutron.db.ovn_revision_numbers_db [None req-a1caa1b3-1cc4-4b4b-9d4b-01d6777db526 cec1e4ec3e1942ada9007e875f255f34 4bc5dc9bf4924006b107c66951d41c30 - - default default] Successfully bumped revision number for resource 8f20c70a-d4ee-4617-8096-8e80b39b76cf (type: ports) to 1 [pid: 7|app: 0|req: 948/1838] 10.0.0.60 () {32 vars in 725 bytes} [Thu Jun 4 07:41:32 2026] DELETE /v2.0/networks/20b03f8e-6f95-4377-9531-f37e4a04d93b => generated 0 bytes in 390 msecs (HTTP/1.1 204) 3 headers in 131 bytes (1 switches on core 0) [pid: 8|app: 0|req: 891/1839] 10.0.0.60 () {34 vars in 669 bytes} [Thu Jun 4 07:41:31 2026] POST /v2.0/networks => generated 650 bytes in 825 msecs (HTTP/1.1 201) 4 headers in 162 bytes (1 switches on core 0) [pid: 7|app: 0|req: 949/1840] 199.204.45.132 () {34 vars in 1080 bytes} [Thu Jun 4 07:41:32 2026] GET /v2.0/ports?tenant_id=417d0e2372484d9980e36bb00677755c&device_id=d38a0b17-845e-46fa-8ea7-9e8e264981c3 => generated 1209 bytes in 31 msecs (HTTP/1.1 200) 4 headers in 158 bytes (1 switches on core 0)
2026-06-04 07:41:32.829 7 INFO neutron.db.segments_db [None req-76bb6f99-9fa8-4586-bff5-b6390070377a cec1e4ec3e1942ada9007e875f255f34 4bc5dc9bf4924006b107c66951d41c30 - - default default] Added segment a7f2868c-c86c-4eca-bc35-73af2e608c51 of type geneve for network e3aef8ee-aad0-420a-95d1-8f35f4d21471
2026-06-04 07:41:32.833 8 INFO neutron.db.segments_db [None req-989d9d49-a682-46c0-a149-9a1e40c09cfe 7305799abfb24efaae93acc6c954b6bb 65cfaccdf7bc47f8b76f6218761992de - - default default] Added segment 320c2916-0092-4aaa-af82-56ea25c42d92 of type geneve for network 157d09f2-2d26-47fd-a551-3dae1a919ddb
2026-06-04 07:41:32.962 7 INFO neutron.db.ovn_revision_numbers_db [None req-76bb6f99-9fa8-4586-bff5-b6390070377a cec1e4ec3e1942ada9007e875f255f34 4bc5dc9bf4924006b107c66951d41c30 - - default default] Successfully bumped revision number for resource e3aef8ee-aad0-420a-95d1-8f35f4d21471 (type: networks) to 1
2026-06-04 07:41:32.977 8 INFO neutron.db.ovn_revision_numbers_db [None req-989d9d49-a682-46c0-a149-9a1e40c09cfe 7305799abfb24efaae93acc6c954b6bb 65cfaccdf7bc47f8b76f6218761992de - - default default] Successfully bumped revision number for resource 157d09f2-2d26-47fd-a551-3dae1a919ddb (type: networks) to 1
2026-06-04 07:41:33.167 8 WARNING neutron.scheduler.dhcp_agent_scheduler [None req-989d9d49-a682-46c0-a149-9a1e40c09cfe 7305799abfb24efaae93acc6c954b6bb 65cfaccdf7bc47f8b76f6218761992de - - default default] No more DHCP agents
2026-06-04 07:41:33.172 8 WARNING neutron.api.rpc.agentnotifiers.dhcp_rpc_agent_api [None req-989d9d49-a682-46c0-a149-9a1e40c09cfe 7305799abfb24efaae93acc6c954b6bb 65cfaccdf7bc47f8b76f6218761992de - - default default] Unable to schedule network 157d09f2-2d26-47fd-a551-3dae1a919ddb: no agents available; will retry on subsequent port and subnet creation events.
2026-06-04 07:41:33.174 7 INFO neutron.services.segments.plugin [-] Segment 958d7956-843e-47d7-bb8c-afd6c6c2a6d5 resource provider aggregate not found
2026-06-04 07:41:33.184 7 INFO neutron.services.segments.plugin [-] Segment 958d7956-843e-47d7-bb8c-afd6c6c2a6d5 resource provider aggregate not found
2026-06-04 07:41:33.188 7 WARNING neutron.scheduler.dhcp_agent_scheduler [None req-76bb6f99-9fa8-4586-bff5-b6390070377a cec1e4ec3e1942ada9007e875f255f34 4bc5dc9bf4924006b107c66951d41c30 - - default default] No more DHCP agents
2026-06-04 07:41:33.190 7 WARNING neutron.api.rpc.agentnotifiers.dhcp_rpc_agent_api [None req-76bb6f99-9fa8-4586-bff5-b6390070377a cec1e4ec3e1942ada9007e875f255f34 4bc5dc9bf4924006b107c66951d41c30 - - default default] Unable to schedule network e3aef8ee-aad0-420a-95d1-8f35f4d21471: no agents available; will retry on subsequent port and subnet creation events.
2026-06-04 07:41:33.192 7 INFO neutron.services.segments.plugin [-] Segment 958d7956-843e-47d7-bb8c-afd6c6c2a6d5 resource provider not found; error: Placement Client Error (4xx): {"errors": [{"status": 404, "title": "Not Found", "detail": "The resource could not be found.\n\n No resource provider with uuid 958d7956-843e-47d7-bb8c-afd6c6c2a6d5 found for delete ", "request_id": "req-2326b07e-e2c6-4f73-8959-5b1b299cefc4"}]}
2026-06-04 07:41:33.208 7 INFO neutron.services.segments.plugin [-] Segment 958d7956-843e-47d7-bb8c-afd6c6c2a6d5 resource provider not found; error: Placement Client Error (4xx): {"errors": [{"status": 404, "title": "Not Found", "detail": "The resource could not be found.\n\n No resource provider with uuid 958d7956-843e-47d7-bb8c-afd6c6c2a6d5 found for delete ", "request_id": "req-0fa65889-fee1-4771-ae86-7034d3ec068a"}]}
2026-06-04 07:41:33.210 7 INFO neutron.services.segments.plugin [-] Segment 39bc9634-c2c4-41ad-bba6-a6dafc30ffec resource provider aggregate not found
2026-06-04 07:41:33.237 7 INFO neutron.services.segments.plugin [-] Segment 39bc9634-c2c4-41ad-bba6-a6dafc30ffec resource provider not found; error: Placement Client Error (4xx): {"errors": [{"status": 404, "title": "Not Found", "detail": "The resource could not be found.\n\n No resource provider with uuid 39bc9634-c2c4-41ad-bba6-a6dafc30ffec found for delete ", "request_id": "req-3af838db-681e-4dde-9136-ce2692454912"}]}
2026-06-04 07:41:33.237 7 INFO neutron.services.segments.plugin [-] Segment 39bc9634-c2c4-41ad-bba6-a6dafc30ffec resource provider aggregate not found
2026-06-04 07:41:33.254 7 INFO neutron.services.segments.plugin [-] Segment 39bc9634-c2c4-41ad-bba6-a6dafc30ffec resource provider not found; error: Placement Client Error (4xx): {"errors": [{"status": 404, "title": "Not Found", "detail": "The resource could not be found.\n\n No resource provider with uuid 39bc9634-c2c4-41ad-bba6-a6dafc30ffec found for delete ", "request_id": "req-b8d7be6a-faef-41ce-b640-dfcea7cb182c"}]}
2026-06-04 07:41:33.265 8 INFO neutron.plugins.ml2.drivers.ovn.mech_driver.mech_driver [None req-7157b0a4-d70e-4cb8-b86a-4641b352c19f - - - - - -] OVN reports status down for port: b9a4f091-b6af-49a5-8186-8f656c0d0792
2026-06-04 07:41:33.366 7 INFO neutron.db.ovn_revision_numbers_db [None req-76bb6f99-9fa8-4586-bff5-b6390070377a cec1e4ec3e1942ada9007e875f255f34 4bc5dc9bf4924006b107c66951d41c30 - - default default] Successfully bumped revision number for resource 244c9737-d631-48cc-8ae6-47f1d06932ff (type: ports) to 1
2026-06-04 07:41:33.367 8 INFO neutron.db.ovn_revision_numbers_db [None req-989d9d49-a682-46c0-a149-9a1e40c09cfe 7305799abfb24efaae93acc6c954b6bb 65cfaccdf7bc47f8b76f6218761992de - - default default] Successfully bumped revision number for resource b9a4f091-b6af-49a5-8186-8f656c0d0792 (type: ports) to 1 [pid: 7|app: 0|req: 950/1841] 10.0.0.60 () {34 vars in 669 bytes} [Thu Jun 4 07:41:32 2026] POST /v2.0/networks => generated 649 bytes in 631 msecs (HTTP/1.1 201) 4 headers in 162 bytes (1 switches on core 0)
2026-06-04 07:41:33.419 8 INFO neutron.plugins.ml2.drivers.ovn.mech_driver.mech_driver [None req-7157b0a4-d70e-4cb8-b86a-4641b352c19f - - - - - -] OVN reports status down for port: 244c9737-d631-48cc-8ae6-47f1d06932ff [pid: 7|app: 0|req: 951/1842] 199.204.45.132 () {34 vars in 986 bytes} [Thu Jun 4 07:41:33 2026] GET /v2.0/networks?id=24fb89fb-34aa-4b6f-8fa9-8ae824517447 => generated 760 bytes in 43 msecs (HTTP/1.1 200) 4 headers in 157 bytes (1 switches on core 0) [pid: 8|app: 0|req: 892/1843] 10.0.0.60 () {34 vars in 669 bytes} [Thu Jun 4 07:41:32 2026] POST /v2.0/networks => generated 635 bytes in 703 msecs (HTTP/1.1 201) 4 headers in 162 bytes (1 switches on core 0)
2026-06-04 07:41:33.563 7 INFO neutron.db.ovn_revision_numbers_db [None req-437a44d6-663d-430d-ba5d-a23511ae4943 f981dd52e2e3401b9708fe69db0b9032 417d0e2372484d9980e36bb00677755c - - default default] Successfully bumped revision number for resource e22458ef-7032-407c-ad51-d788994e5486 (type: security_groups) to 1
2026-06-04 07:41:33.576 7 INFO neutron.db.ovn_revision_numbers_db [None req-437a44d6-663d-430d-ba5d-a23511ae4943 f981dd52e2e3401b9708fe69db0b9032 417d0e2372484d9980e36bb00677755c - - default default] Successfully bumped revision number for resource 926d15f0-a09a-4025-8eef-686f81a454ff (type: security_group_rules) to 0
2026-06-04 07:41:33.586 7 INFO neutron.db.ovn_revision_numbers_db [None req-437a44d6-663d-430d-ba5d-a23511ae4943 f981dd52e2e3401b9708fe69db0b9032 417d0e2372484d9980e36bb00677755c - - default default] Successfully bumped revision number for resource ee9c3dc3-3714-4144-8aa7-d221baa29251 (type: security_group_rules) to 0 [pid: 7|app: 0|req: 952/1844] 10.0.0.60 () {34 vars in 684 bytes} [Thu Jun 4 07:41:33 2026] POST /v2.0/security-groups => generated 1675 bytes in 190 msecs (HTTP/1.1 201) 4 headers in 163 bytes (1 switches on core 0)
2026-06-04 07:41:33.781 7 WARNING neutron.scheduler.dhcp_agent_scheduler [None req-a5966909-e0ad-4b76-935b-dc3f7863dea8 7305799abfb24efaae93acc6c954b6bb 65cfaccdf7bc47f8b76f6218761992de - - default default] No more DHCP agents
2026-06-04 07:41:33.782 7 WARNING neutron.api.rpc.agentnotifiers.dhcp_rpc_agent_api [None req-a5966909-e0ad-4b76-935b-dc3f7863dea8 7305799abfb24efaae93acc6c954b6bb 65cfaccdf7bc47f8b76f6218761992de - - default default] Unable to schedule network 157d09f2-2d26-47fd-a551-3dae1a919ddb: no agents available; will retry on subsequent port and subnet creation events.
2026-06-04 07:41:33.823 7 INFO neutron.db.ovn_revision_numbers_db [None req-a5966909-e0ad-4b76-935b-dc3f7863dea8 7305799abfb24efaae93acc6c954b6bb 65cfaccdf7bc47f8b76f6218761992de - - default default] Successfully bumped revision number for resource 7a012e25-3af0-4b9f-ac9f-04d04ca00f32 (type: subnets) to 0 [pid: 7|app: 0|req: 953/1845] 10.0.0.60 () {34 vars in 668 bytes} [Thu Jun 4 07:41:33 2026] POST /v2.0/subnets => generated 646 bytes in 226 msecs (HTTP/1.1 201) 4 headers in 162 bytes (1 switches on core 0) [pid: 7|app: 0|req: 954/1846] 199.204.45.132 () {34 vars in 1058 bytes} [Thu Jun 4 07:41:33 2026] GET /v2.0/floatingips?fixed_ip_address=10.100.0.5&port_id=bb18d5b2-c290-4b8d-a393-4e4d72024671 => generated 19 bytes in 16 msecs (HTTP/1.1 200) 4 headers in 156 bytes (1 switches on core 0)
2026-06-04 07:41:33.871 8 WARNING neutron.scheduler.dhcp_agent_scheduler [None req-5deee624-768a-4898-9da6-39c8700c5c85 cec1e4ec3e1942ada9007e875f255f34 4bc5dc9bf4924006b107c66951d41c30 - - default default] No more DHCP agents
2026-06-04 07:41:33.872 8 WARNING neutron.api.rpc.agentnotifiers.dhcp_rpc_agent_api [None req-5deee624-768a-4898-9da6-39c8700c5c85 cec1e4ec3e1942ada9007e875f255f34 4bc5dc9bf4924006b107c66951d41c30 - - default default] Unable to schedule network de9d1916-6e36-463c-aa51-b6c12e3b6054: no agents available; will retry on subsequent port and subnet creation events.
2026-06-04 07:41:33.947 8 INFO neutron.plugins.ml2.drivers.ovn.mech_driver.mech_driver [None req-7157b0a4-d70e-4cb8-b86a-4641b352c19f - - - - - -] OVN reports status down for port: 58f4a245-f7a7-4a7b-a5c8-87e43a34b08d
2026-06-04 07:41:34.055 7 INFO neutron.db.ovn_revision_numbers_db [None req-7c857a6c-7dc9-4452-898e-2923f3cdd65f f981dd52e2e3401b9708fe69db0b9032 417d0e2372484d9980e36bb00677755c - - default default] Successfully bumped revision number for resource c70c09e1-dbde-4ad4-b2f6-6f953baf1527 (type: security_group_rules) to 0
2026-06-04 07:41:34.063 8 INFO neutron.db.ovn_revision_numbers_db [None req-5deee624-768a-4898-9da6-39c8700c5c85 cec1e4ec3e1942ada9007e875f255f34 4bc5dc9bf4924006b107c66951d41c30 - - default default] Successfully bumped revision number for resource 58f4a245-f7a7-4a7b-a5c8-87e43a34b08d (type: ports) to 1 [pid: 7|app: 0|req: 955/1847] 10.0.0.60 () {34 vars in 694 bytes} [Thu Jun 4 07:41:33 2026] POST /v2.0/security-group-rules => generated 597 bytes in 221 msecs (HTTP/1.1 201) 4 headers in 162 bytes (1 switches on core 0)
2026-06-04 07:41:34.156 8 WARNING neutron.scheduler.dhcp_agent_scheduler [None req-5deee624-768a-4898-9da6-39c8700c5c85 cec1e4ec3e1942ada9007e875f255f34 4bc5dc9bf4924006b107c66951d41c30 - - default default] No more DHCP agents
2026-06-04 07:41:34.158 8 WARNING neutron.api.rpc.agentnotifiers.dhcp_rpc_agent_api [None req-5deee624-768a-4898-9da6-39c8700c5c85 cec1e4ec3e1942ada9007e875f255f34 4bc5dc9bf4924006b107c66951d41c30 - - default default] Unable to schedule network e3aef8ee-aad0-420a-95d1-8f35f4d21471: no agents available; will retry on subsequent port and subnet creation events.
2026-06-04 07:41:34.248 8 INFO neutron.plugins.ml2.drivers.ovn.mech_driver.mech_driver [None req-7157b0a4-d70e-4cb8-b86a-4641b352c19f - - - - - -] OVN reports status down for port: 1203bd8b-df4e-4c7b-b92c-ae73c5eda3e8
2026-06-04 07:41:34.331 8 INFO neutron.db.ovn_revision_numbers_db [None req-5deee624-768a-4898-9da6-39c8700c5c85 cec1e4ec3e1942ada9007e875f255f34 4bc5dc9bf4924006b107c66951d41c30 - - default default] Successfully bumped revision number for resource 1203bd8b-df4e-4c7b-b92c-ae73c5eda3e8 (type: ports) to 1
2026-06-04 07:41:34.411 7 WARNING neutron.scheduler.dhcp_agent_scheduler [None req-cb444fef-0dfb-4fb8-9598-f4b4cc8bbbc2 7305799abfb24efaae93acc6c954b6bb 65cfaccdf7bc47f8b76f6218761992de - - default default] No more DHCP agents
2026-06-04 07:41:34.413 7 WARNING neutron.api.rpc.agentnotifiers.dhcp_rpc_agent_api [None req-cb444fef-0dfb-4fb8-9598-f4b4cc8bbbc2 7305799abfb24efaae93acc6c954b6bb 65cfaccdf7bc47f8b76f6218761992de - - default default] Unable to schedule network 157d09f2-2d26-47fd-a551-3dae1a919ddb: no agents available; will retry on subsequent port and subnet creation events. [pid: 8|app: 0|req: 893/1848] 10.0.0.60 () {34 vars in 664 bytes} [Thu Jun 4 07:41:33 2026] POST /v2.0/ports => generated 1506 bytes in 989 msecs (HTTP/1.1 201) 4 headers in 163 bytes (1 switches on core 0) /var/lib/openstack/lib/python3.12/site-packages/pycadf/identifier.py:70: UserWarning: Invalid uuid: neutron. To ensure interoperability, identifiers should be a valid uuid. warnings.warn(('Invalid uuid: %s. To ensure interoperability, ' [pid: 8|app: 0|req: 894/1849] 199.204.45.132 () {34 vars in 984 bytes} [Thu Jun 4 07:41:34 2026] GET /v2.0/subnets?id=630baa60-8d5e-45f2-a067-c820fca1c558 => generated 678 bytes in 24 msecs (HTTP/1.1 200) 4 headers in 157 bytes (1 switches on core 0)
2026-06-04 07:41:34.540 8 INFO neutron.plugins.ml2.drivers.ovn.mech_driver.mech_driver [None req-7157b0a4-d70e-4cb8-b86a-4641b352c19f - - - - - -] OVN reports status down for port: 868f1ef6-2bac-420a-b8e4-5a6678252c65
2026-06-04 07:41:34.562 7 INFO neutron.db.ovn_revision_numbers_db [None req-cb444fef-0dfb-4fb8-9598-f4b4cc8bbbc2 7305799abfb24efaae93acc6c954b6bb 65cfaccdf7bc47f8b76f6218761992de - - default default] Successfully bumped revision number for resource 868f1ef6-2bac-420a-b8e4-5a6678252c65 (type: ports) to 1 [pid: 7|app: 0|req: 956/1850] 10.0.0.60 () {34 vars in 664 bytes} [Thu Jun 4 07:41:34 2026] POST /v2.0/ports => generated 927 bytes in 496 msecs (HTTP/1.1 201) 4 headers in 162 bytes (1 switches on core 0)
2026-06-04 07:41:34.675 8 INFO neutron.db.ovn_revision_numbers_db [None req-259ae6cd-2c97-4bbd-9c09-697023e4fe62 f981dd52e2e3401b9708fe69db0b9032 417d0e2372484d9980e36bb00677755c - - default default] Successfully bumped revision number for resource cc471e68-87f1-4b27-a44e-486eb55acded (type: security_group_rules) to 0 [pid: 7|app: 0|req: 957/1851] 10.0.0.60 () {32 vars in 642 bytes} [Thu Jun 4 07:41:34 2026] GET /v2.0/ports => generated 3018 bytes in 119 msecs (HTTP/1.1 200) 4 headers in 158 bytes (1 switches on core 0) [pid: 8|app: 0|req: 895/1852] 10.0.0.60 () {34 vars in 694 bytes} [Thu Jun 4 07:41:34 2026] POST /v2.0/security-group-rules => generated 596 bytes in 256 msecs (HTTP/1.1 201) 4 headers in 162 bytes (1 switches on core 0) [pid: 7|app: 0|req: 958/1853] 199.204.45.132 () {34 vars in 1052 bytes} [Thu Jun 4 07:41:34 2026] GET /v2.0/ports?network_id=24fb89fb-34aa-4b6f-8fa9-8ae824517447&device_owner=network%3Adhcp => generated 12 bytes in 16 msecs (HTTP/1.1 200) 4 headers in 156 bytes (1 switches on core 0)
2026-06-04 07:41:34.831 7 INFO neutron_taas.services.taas.taas_plugin [None req-6227831c-ed27-4dc6-b38c-da1ee4052e1d cec1e4ec3e1942ada9007e875f255f34 4bc5dc9bf4924006b107c66951d41c30 - - default default] TaaS: Handle Delete Port: 58f4a245-f7a7-4a7b-a5c8-87e43a34b08d
2026-06-04 07:41:34.834 7 INFO neutron_taas.services.taas.tap_mirror_plugin [None req-6227831c-ed27-4dc6-b38c-da1ee4052e1d cec1e4ec3e1942ada9007e875f255f34 4bc5dc9bf4924006b107c66951d41c30 - - default default] Tap Mirror: Handle Delete Port: 58f4a245-f7a7-4a7b-a5c8-87e43a34b08d
2026-06-04 07:41:34.868 8 INFO neutron_taas.services.taas.taas_plugin [None req-2f072ba8-2ab4-40a8-9e69-a0f5801c8714 7305799abfb24efaae93acc6c954b6bb 65cfaccdf7bc47f8b76f6218761992de - - default default] TaaS: Handle Delete Port: 868f1ef6-2bac-420a-b8e4-5a6678252c65
2026-06-04 07:41:34.872 8 INFO neutron_taas.services.taas.tap_mirror_plugin [None req-2f072ba8-2ab4-40a8-9e69-a0f5801c8714 7305799abfb24efaae93acc6c954b6bb 65cfaccdf7bc47f8b76f6218761992de - - default default] Tap Mirror: Handle Delete Port: 868f1ef6-2bac-420a-b8e4-5a6678252c65 [pid: 7|app: 0|req: 959/1854] 10.0.0.60 () {32 vars in 719 bytes} [Thu Jun 4 07:41:34 2026] DELETE /v2.0/ports/58f4a245-f7a7-4a7b-a5c8-87e43a34b08d => generated 0 bytes in 264 msecs (HTTP/1.1 204) 3 headers in 131 bytes (1 switches on core 0) [pid: 8|app: 0|req: 896/1855] 10.0.0.60 () {32 vars in 719 bytes} [Thu Jun 4 07:41:34 2026] DELETE /v2.0/ports/868f1ef6-2bac-420a-b8e4-5a6678252c65 => generated 0 bytes in 375 msecs (HTTP/1.1 204) 3 headers in 131 bytes (1 switches on core 0) [pid: 8|app: 0|req: 897/1856] 199.204.45.132 () {34 vars in 1012 bytes} [Thu Jun 4 07:41:35 2026] GET /v2.0/networks/24fb89fb-34aa-4b6f-8fa9-8ae824517447?fields=segments => generated 14 bytes in 49 msecs (HTTP/1.1 200) 4 headers in 156 bytes (1 switches on core 0)
2026-06-04 07:41:35.220 7 INFO neutron.db.ovn_revision_numbers_db [None req-e8fb43d2-e930-462a-b344-f4b36cc11d5b f981dd52e2e3401b9708fe69db0b9032 417d0e2372484d9980e36bb00677755c - - default default] Successfully bumped revision number for resource 63ee278d-d9f7-4a0f-84ff-bec9043adc01 (type: security_group_rules) to 0 [pid: 7|app: 0|req: 960/1857] 10.0.0.60 () {34 vars in 694 bytes} [Thu Jun 4 07:41:34 2026] POST /v2.0/security-group-rules => generated 602 bytes in 268 msecs (HTTP/1.1 201) 4 headers in 162 bytes (1 switches on core 0)
2026-06-04 07:41:35.265 8 INFO neutron_taas.services.taas.taas_plugin [None req-00000706-adc8-476d-907d-c5d3a7cd86d9 cec1e4ec3e1942ada9007e875f255f34 4bc5dc9bf4924006b107c66951d41c30 - - default default] TaaS: Handle Delete Port: 1203bd8b-df4e-4c7b-b92c-ae73c5eda3e8
2026-06-04 07:41:35.268 8 INFO neutron_taas.services.taas.tap_mirror_plugin [None req-00000706-adc8-476d-907d-c5d3a7cd86d9 cec1e4ec3e1942ada9007e875f255f34 4bc5dc9bf4924006b107c66951d41c30 - - default default] Tap Mirror: Handle Delete Port: 1203bd8b-df4e-4c7b-b92c-ae73c5eda3e8
2026-06-04 07:41:35.271 7 INFO neutron.pecan_wsgi.hooks.translation [None req-0b5467ea-4951-4f5f-90ed-489bb9e49ef4 7305799abfb24efaae93acc6c954b6bb 65cfaccdf7bc47f8b76f6218761992de - - default default] GET failed (client error): The resource could not be found. [pid: 7|app: 0|req: 961/1858] 10.0.0.60 () {32 vars in 716 bytes} [Thu Jun 4 07:41:35 2026] GET /v2.0/ports/868f1ef6-2bac-420a-b8e4-5a6678252c65 => generated 132 bytes in 19 msecs (HTTP/1.1 404) 4 headers in 164 bytes (1 switches on core 0) [pid: 7|app: 0|req: 964/1861] 199.204.45.132 () {34 vars in 1112 bytes} [Thu Jun 4 07:41:35 2026] GET /v2.0/networks/24fb89fb-34aa-4b6f-8fa9-8ae824517447?fields=provider%3Aphysical_network&fields=provider%3Anetwork_type => generated 79 bytes in 39 msecs (HTTP/1.1 200) 4 headers in 156 bytes (1 switches on core 0) [pid: 8|app: 0|req: 898/1862] 10.0.0.60 () {32 vars in 719 bytes} [Thu Jun 4 07:41:35 2026] DELETE /v2.0/ports/1203bd8b-df4e-4c7b-b92c-ae73c5eda3e8 => generated 0 bytes in 293 msecs (HTTP/1.1 204) 3 headers in 131 bytes (1 switches on core 0)
2026-06-04 07:41:35.503 7 INFO neutron.db.ovn_revision_numbers_db [None req-0f0308dd-6a81-43ba-9a1e-66aabf16d9be f981dd52e2e3401b9708fe69db0b9032 417d0e2372484d9980e36bb00677755c - - default default] Successfully bumped revision number for resource 9009fefc-fac9-4fa0-98df-8ea1132b0fbe (type: security_group_rules) to 0 [pid: 7|app: 0|req: 965/1863] 10.0.0.60 () {34 vars in 694 bytes} [Thu Jun 4 07:41:35 2026] POST /v2.0/security-group-rules => generated 601 bytes in 218 msecs (HTTP/1.1 201) 4 headers in 162 bytes (1 switches on core 0) [pid: 7|app: 0|req: 966/1864] 10.0.0.60 () {32 vars in 642 bytes} [Thu Jun 4 07:41:35 2026] GET /v2.0/ports => generated 1523 bytes in 47 msecs (HTTP/1.1 200) 4 headers in 158 bytes (1 switches on core 0) [pid: 8|app: 0|req: 899/1865] 10.0.0.60 () {32 vars in 723 bytes} [Thu Jun 4 07:41:35 2026] DELETE /v2.0/subnets/7a012e25-3af0-4b9f-ac9f-04d04ca00f32 => generated 0 bytes in 163 msecs (HTTP/1.1 204) 3 headers in 131 bytes (1 switches on core 0)
2026-06-04 07:41:35.616 7 INFO neutron.db.securitygroups_db [None req-f1358cd0-1a55-404e-b769-cd4665639cae f981dd52e2e3401b9708fe69db0b9032 417d0e2372484d9980e36bb00677755c - - default default] Project 417d0e2372484d9980e36bb00677755c added a security group rule with legacy IPv6 ICMP protocol name icmp, ipv6-icmp should be used instead. It was automatically converted.
2026-06-04 07:41:35.664 8 INFO neutron.db.segments_db [None req-40aa2380-a498-49a6-bd23-47144671c777 cec1e4ec3e1942ada9007e875f255f34 4bc5dc9bf4924006b107c66951d41c30 - - default default] Added segment 3ca20324-ea01-4a9e-9c58-34feb0eadc63 of type geneve for network 49a91156-b7bb-4592-bd18-e06f636622f9
2026-06-04 07:41:35.742 7 INFO neutron.db.ovn_revision_numbers_db [None req-f1358cd0-1a55-404e-b769-cd4665639cae f981dd52e2e3401b9708fe69db0b9032 417d0e2372484d9980e36bb00677755c - - default default] Successfully bumped revision number for resource 6521c2e8-09a5-41f6-967f-6cf22be9f762 (type: security_group_rules) to 0
2026-06-04 07:41:35.802 8 INFO neutron.db.ovn_revision_numbers_db [None req-40aa2380-a498-49a6-bd23-47144671c777 cec1e4ec3e1942ada9007e875f255f34 4bc5dc9bf4924006b107c66951d41c30 - - default default] Successfully bumped revision number for resource 49a91156-b7bb-4592-bd18-e06f636622f9 (type: networks) to 1 [pid: 7|app: 0|req: 967/1866] 10.0.0.60 () {34 vars in 694 bytes} [Thu Jun 4 07:41:35 2026] POST /v2.0/security-group-rules => generated 607 bytes in 225 msecs (HTTP/1.1 201) 4 headers in 162 bytes (1 switches on core 0)
2026-06-04 07:41:35.930 7 INFO neutron_taas.services.taas.taas_plugin [None req-b683d14c-b60b-4d51-ae8f-589cda4fa90e 7305799abfb24efaae93acc6c954b6bb 65cfaccdf7bc47f8b76f6218761992de - - default default] TaaS: Handle Delete Port: b9a4f091-b6af-49a5-8186-8f656c0d0792
2026-06-04 07:41:35.933 7 INFO neutron_taas.services.taas.tap_mirror_plugin [None req-b683d14c-b60b-4d51-ae8f-589cda4fa90e 7305799abfb24efaae93acc6c954b6bb 65cfaccdf7bc47f8b76f6218761992de - - default default] Tap Mirror: Handle Delete Port: b9a4f091-b6af-49a5-8186-8f656c0d0792
2026-06-04 07:41:35.959 8 WARNING neutron.scheduler.dhcp_agent_scheduler [None req-40aa2380-a498-49a6-bd23-47144671c777 cec1e4ec3e1942ada9007e875f255f34 4bc5dc9bf4924006b107c66951d41c30 - - default default] No more DHCP agents
2026-06-04 07:41:35.961 8 WARNING neutron.api.rpc.agentnotifiers.dhcp_rpc_agent_api [None req-40aa2380-a498-49a6-bd23-47144671c777 cec1e4ec3e1942ada9007e875f255f34 4bc5dc9bf4924006b107c66951d41c30 - - default default] Unable to schedule network 49a91156-b7bb-4592-bd18-e06f636622f9: no agents available; will retry on subsequent port and subnet creation events.
2026-06-04 07:41:36.040 8 INFO neutron.plugins.ml2.drivers.ovn.mech_driver.mech_driver [None req-7157b0a4-d70e-4cb8-b86a-4641b352c19f - - - - - -] OVN reports status down for port: 0944661a-4c61-4984-ac26-07ae6cad1baf
2026-06-04 07:41:36.158 8 INFO neutron.db.ovn_revision_numbers_db [None req-40aa2380-a498-49a6-bd23-47144671c777 cec1e4ec3e1942ada9007e875f255f34 4bc5dc9bf4924006b107c66951d41c30 - - default default] Successfully bumped revision number for resource 0944661a-4c61-4984-ac26-07ae6cad1baf (type: ports) to 1
2026-06-04 07:41:36.239 7 INFO neutron.services.segments.plugin [-] Segment 320c2916-0092-4aaa-af82-56ea25c42d92 resource provider aggregate not found [pid: 8|app: 0|req: 900/1867] 10.0.0.60 () {34 vars in 669 bytes} [Thu Jun 4 07:41:35 2026] POST /v2.0/networks => generated 650 bytes in 647 msecs (HTTP/1.1 201) 4 headers in 162 bytes (1 switches on core 0)
2026-06-04 07:41:36.243 7 INFO neutron.services.segments.plugin [-] Segment 320c2916-0092-4aaa-af82-56ea25c42d92 resource provider aggregate not found
2026-06-04 07:41:36.260 7 INFO neutron.services.segments.plugin [-] Segment 320c2916-0092-4aaa-af82-56ea25c42d92 resource provider not found; error: Placement Client Error (4xx): {"errors": [{"status": 404, "title": "Not Found", "detail": "The resource could not be found.\n\n No resource provider with uuid 320c2916-0092-4aaa-af82-56ea25c42d92 found for delete ", "request_id": "req-4afc2825-f084-4ca9-9de5-99ef54838b00"}]}
2026-06-04 07:41:36.260 7 INFO neutron.services.segments.plugin [-] Segment 320c2916-0092-4aaa-af82-56ea25c42d92 resource provider not found; error: Placement Client Error (4xx): {"errors": [{"status": 404, "title": "Not Found", "detail": "The resource could not be found.\n\n No resource provider with uuid 320c2916-0092-4aaa-af82-56ea25c42d92 found for delete ", "request_id": "req-4df17bc3-f21a-4079-a0d6-6a8da723dd47"}]} [pid: 7|app: 0|req: 968/1868] 10.0.0.60 () {32 vars in 725 bytes} [Thu Jun 4 07:41:35 2026] DELETE /v2.0/networks/157d09f2-2d26-47fd-a551-3dae1a919ddb => generated 0 bytes in 490 msecs (HTTP/1.1 204) 3 headers in 131 bytes (1 switches on core 0)
2026-06-04 07:41:36.304 8 INFO neutron.db.securitygroups_db [None req-dd8a03ee-8408-46fc-9e6c-cfe6372f2d6e f981dd52e2e3401b9708fe69db0b9032 417d0e2372484d9980e36bb00677755c - - default default] Project 417d0e2372484d9980e36bb00677755c added a security group rule with legacy IPv6 ICMP protocol name icmp, ipv6-icmp should be used instead. It was automatically converted.
2026-06-04 07:41:36.387 7 INFO neutron.db.segments_db [None req-b0e7bd1c-c780-4fea-90fe-dbf31a924a4f cec1e4ec3e1942ada9007e875f255f34 4bc5dc9bf4924006b107c66951d41c30 - - default default] Added segment 710eaa38-5c1e-4a94-838f-78ac25e722e0 of type geneve for network e1529376-ccf5-43e9-88da-c64163d79af1
2026-06-04 07:41:36.442 8 INFO neutron.db.ovn_revision_numbers_db [None req-dd8a03ee-8408-46fc-9e6c-cfe6372f2d6e f981dd52e2e3401b9708fe69db0b9032 417d0e2372484d9980e36bb00677755c - - default default] Successfully bumped revision number for resource 4e001c2b-842c-4be0-805a-478add130f24 (type: security_group_rules) to 0 [pid: 8|app: 0|req: 901/1869] 10.0.0.60 () {34 vars in 694 bytes} [Thu Jun 4 07:41:36 2026] POST /v2.0/security-group-rules => generated 606 bytes in 241 msecs (HTTP/1.1 201) 4 headers in 162 bytes (1 switches on core 0)
2026-06-04 07:41:36.529 7 INFO neutron.db.ovn_revision_numbers_db [None req-b0e7bd1c-c780-4fea-90fe-dbf31a924a4f cec1e4ec3e1942ada9007e875f255f34 4bc5dc9bf4924006b107c66951d41c30 - - default default] Successfully bumped revision number for resource e1529376-ccf5-43e9-88da-c64163d79af1 (type: networks) to 1
2026-06-04 07:41:36.706 7 WARNING neutron.scheduler.dhcp_agent_scheduler [None req-b0e7bd1c-c780-4fea-90fe-dbf31a924a4f cec1e4ec3e1942ada9007e875f255f34 4bc5dc9bf4924006b107c66951d41c30 - - default default] No more DHCP agents
2026-06-04 07:41:36.708 7 WARNING neutron.api.rpc.agentnotifiers.dhcp_rpc_agent_api [None req-b0e7bd1c-c780-4fea-90fe-dbf31a924a4f cec1e4ec3e1942ada9007e875f255f34 4bc5dc9bf4924006b107c66951d41c30 - - default default] Unable to schedule network e1529376-ccf5-43e9-88da-c64163d79af1: no agents available; will retry on subsequent port and subnet creation events.
2026-06-04 07:41:36.723 8 WARNING neutron.scheduler.dhcp_agent_scheduler [None req-c68b9aa9-e4cd-40c7-9cf5-a031238e347c 7305799abfb24efaae93acc6c954b6bb 65cfaccdf7bc47f8b76f6218761992de - - default default] No more DHCP agents
2026-06-04 07:41:36.725 8 WARNING neutron.api.rpc.agentnotifiers.dhcp_rpc_agent_api [None req-c68b9aa9-e4cd-40c7-9cf5-a031238e347c 7305799abfb24efaae93acc6c954b6bb 65cfaccdf7bc47f8b76f6218761992de - - default default] Unable to schedule network c79698b8-59e5-440f-a25b-ff0d46207e9f: no agents available; will retry on subsequent port and subnet creation events.
2026-06-04 07:41:36.782 8 INFO neutron.plugins.ml2.drivers.ovn.mech_driver.mech_driver [None req-7157b0a4-d70e-4cb8-b86a-4641b352c19f - - - - - -] OVN reports status down for port: fa2e1265-d7d4-47cd-b205-6e077b33de5b
2026-06-04 07:41:36.826 7 INFO neutron.db.ovn_revision_numbers_db [None req-b0e7bd1c-c780-4fea-90fe-dbf31a924a4f cec1e4ec3e1942ada9007e875f255f34 4bc5dc9bf4924006b107c66951d41c30 - - default default] Successfully bumped revision number for resource fa2e1265-d7d4-47cd-b205-6e077b33de5b (type: ports) to 1 [pid: 7|app: 0|req: 969/1870] 10.0.0.60 () {34 vars in 669 bytes} [Thu Jun 4 07:41:36 2026] POST /v2.0/networks => generated 650 bytes in 574 msecs (HTTP/1.1 201) 4 headers in 162 bytes (1 switches on core 0)
2026-06-04 07:41:36.888 8 INFO neutron.plugins.ml2.drivers.ovn.mech_driver.mech_driver [None req-7157b0a4-d70e-4cb8-b86a-4641b352c19f - - - - - -] OVN reports status down for port: 87675eb4-b0b1-4128-ad28-28bf4a866285 [pid: 7|app: 0|req: 970/1871] 10.0.0.60 () {32 vars in 720 bytes} [Thu Jun 4 07:41:36 2026] GET /v2.0/subnets/213b848b-6332-4b7b-b179-832b6affddf8 => generated 675 bytes in 31 msecs (HTTP/1.1 200) 4 headers in 157 bytes (1 switches on core 0)
2026-06-04 07:41:36.930 8 INFO neutron.db.ovn_revision_numbers_db [None req-c68b9aa9-e4cd-40c7-9cf5-a031238e347c 7305799abfb24efaae93acc6c954b6bb 65cfaccdf7bc47f8b76f6218761992de - - default default] Successfully bumped revision number for resource 87675eb4-b0b1-4128-ad28-28bf4a866285 (type: ports) to 1 [pid: 7|app: 0|req: 971/1872] 10.0.0.60 () {32 vars in 648 bytes} [Thu Jun 4 07:41:36 2026] GET /v2.0/networks => generated 1298 bytes in 85 msecs (HTTP/1.1 200) 4 headers in 158 bytes (1 switches on core 0) [pid: 8|app: 0|req: 902/1873] 10.0.0.60 () {34 vars in 664 bytes} [Thu Jun 4 07:41:36 2026] POST /v2.0/ports => generated 779 bytes in 514 msecs (HTTP/1.1 201) 4 headers in 162 bytes (1 switches on core 0) /var/lib/openstack/lib/python3.12/site-packages/pycadf/identifier.py:70: UserWarning: Invalid uuid: neutron. To ensure interoperability, identifiers should be a valid uuid. warnings.warn(('Invalid uuid: %s. To ensure interoperability, '
