Apr 20 15:26:36.711928 np0000168359 devstack@n-api-meta.service[109186]: DEBUG nova.api.openstack.wsgi_app [None req-67906629-9c69-4840-ab7b-9283ddd05744 None None] oslo_limit.endpoint_service_name = None {{(pid=109186) log_opt_values /opt/stack/data/venv/lib/python3.12/site-packages/oslo_config/cfg.py:3006}}
Apr 20 15:26:36.712091 np0000168359 devstack@n-api-meta.service[109186]: DEBUG nova.api.openstack.wsgi_app [None req-67906629-9c69-4840-ab7b-9283ddd05744 None None] oslo_limit.endpoint_service_type = None {{(pid=109186) log_opt_values /opt/stack/data/venv/lib/python3.12/site-packages/oslo_config/cfg.py:3006}}
Apr 20 15:26:36.712230 np0000168359 devstack@n-api-meta.service[109186]: DEBUG nova.api.openstack.wsgi_app [None req-67906629-9c69-4840-ab7b-9283ddd05744 None None] oslo_limit.insecure = False {{(pid=109186) log_opt_values /opt/stack/data/venv/lib/python3.12/site-packages/oslo_config/cfg.py:3006}}
Apr 20 15:26:36.712374 np0000168359 devstack@n-api-meta.service[109186]: DEBUG nova.api.openstack.wsgi_app [None req-67906629-9c69-4840-ab7b-9283ddd05744 None None] oslo_limit.keyfile = None {{(pid=109186) log_opt_values /opt/stack/data/venv/lib/python3.12/site-packages/oslo_config/cfg.py:3006}}
Apr 20 15:26:36.712505 np0000168359 devstack@n-api-meta.service[109186]: DEBUG nova.api.openstack.wsgi_app [None req-67906629-9c69-4840-ab7b-9283ddd05744 None None] oslo_limit.max_version = None {{(pid=109186) log_opt_values /opt/stack/data/venv/lib/python3.12/site-packages/oslo_config/cfg.py:3006}}
Apr 20 15:26:36.712645 np0000168359 devstack@n-api-meta.service[109186]: DEBUG nova.api.openstack.wsgi_app [None req-67906629-9c69-4840-ab7b-9283ddd05744 None None] oslo_limit.min_version = None {{(pid=109186) log_opt_values /opt/stack/data/venv/lib/python3.12/site-packages/oslo_config/cfg.py:3006}}
Apr 20 15:26:36.712760 np0000168359 devstack@n-api-meta.service[109186]: DEBUG nova.api.openstack.wsgi_app [None req-67906629-9c69-4840-ab7b-9283ddd05744 None None] oslo_limit.region_name = None {{(pid=109186) log_opt_values /opt/stack/data/venv/lib/python3.12/site-packages/oslo_config/cfg.py:3006}}
Apr 20 15:26:36.712886 np0000168359 devstack@n-api-meta.service[109186]: DEBUG nova.api.openstack.wsgi_app [None req-67906629-9c69-4840-ab7b-9283ddd05744 None None] oslo_limit.retriable_status_codes = None {{(pid=109186) log_opt_values /opt/stack/data/venv/lib/python3.12/site-packages/oslo_config/cfg.py:3006}}
Apr 20 15:26:36.713013 np0000168359 devstack@n-api-meta.service[109186]: DEBUG nova.api.openstack.wsgi_app [None req-67906629-9c69-4840-ab7b-9283ddd05744 None None] oslo_limit.service_name = None {{(pid=109186) log_opt_values /opt/stack/data/venv/lib/python3.12/site-packages/oslo_config/cfg.py:3006}}
Apr 20 15:26:36.713141 np0000168359 devstack@n-api-meta.service[109186]: DEBUG nova.api.openstack.wsgi_app [None req-67906629-9c69-4840-ab7b-9283ddd05744 None None] oslo_limit.service_type = None {{(pid=109186) log_opt_values /opt/stack/data/venv/lib/python3.12/site-packages/oslo_config/cfg.py:3006}}
Apr 20 15:26:36.713266 np0000168359 devstack@n-api-meta.service[109186]: DEBUG nova.api.openstack.wsgi_app [None req-67906629-9c69-4840-ab7b-9283ddd05744 None None] oslo_limit.split_loggers = False {{(pid=109186) log_opt_values /opt/stack/data/venv/lib/python3.12/site-packages/oslo_config/cfg.py:3006}}
Apr 20 15:26:36.713408 np0000168359 devstack@n-api-meta.service[109186]: DEBUG nova.api.openstack.wsgi_app [None req-67906629-9c69-4840-ab7b-9283ddd05744 None None] oslo_limit.status_code_retries = None {{(pid=109186) log_opt_values /opt/stack/data/venv/lib/python3.12/site-packages/oslo_config/cfg.py:3006}}
Apr 20 15:26:36.713535 np0000168359 devstack@n-api-meta.service[109186]: DEBUG nova.api.openstack.wsgi_app [None req-67906629-9c69-4840-ab7b-9283ddd05744 None None] oslo_limit.status_code_retry_delay = None {{(pid=109186) log_opt_values /opt/stack/data/venv/lib/python3.12/site-packages/oslo_config/cfg.py:3006}}
Apr 20 15:26:36.713679 np0000168359 devstack@n-api-meta.service[109186]: DEBUG nova.api.openstack.wsgi_app [None req-67906629-9c69-4840-ab7b-9283ddd05744 None None] oslo_limit.timeout = None {{(pid=109186) log_opt_values /opt/stack/data/venv/lib/python3.12/site-packages/oslo_config/cfg.py:3006}}
Apr 20 15:26:36.713810 np0000168359 devstack@n-api-meta.service[109186]: DEBUG nova.api.openstack.wsgi_app [None req-67906629-9c69-4840-ab7b-9283ddd05744 None None] oslo_limit.valid_interfaces = None {{(pid=109186) log_opt_values /opt/stack/data/venv/lib/python3.12/site-packages/oslo_config/cfg.py:3006}}
Apr 20 15:26:36.713962 np0000168359 devstack@n-api-meta.service[109186]: DEBUG nova.api.openstack.wsgi_app [None req-67906629-9c69-4840-ab7b-9283ddd05744 None None] oslo_limit.version = None {{(pid=109186) log_opt_values /opt/stack/data/venv/lib/python3.12/site-packages/oslo_config/cfg.py:3006}}
Apr 20 15:26:36.714138 np0000168359 devstack@n-api-meta.service[109186]: DEBUG nova.api.openstack.wsgi_app [None req-67906629-9c69-4840-ab7b-9283ddd05744 None None] oslo_messaging_rabbit.amqp_auto_delete = False {{(pid=109186) log_opt_values /opt/stack/data/venv/lib/python3.12/site-packages/oslo_config/cfg.py:3006}}
Apr 20 15:26:36.714349 np0000168359 devstack@n-api-meta.service[109186]: DEBUG nova.api.openstack.wsgi_app [None req-67906629-9c69-4840-ab7b-9283ddd05744 None None] oslo_messaging_rabbit.amqp_durable_queues = False {{(pid=109186) log_opt_values /opt/stack/data/venv/lib/python3.12/site-packages/oslo_config/cfg.py:3006}}
Apr 20 15:26:36.714530 np0000168359 devstack@n-api-meta.service[109186]: DEBUG nova.api.openstack.wsgi_app [None req-67906629-9c69-4840-ab7b-9283ddd05744 None None] oslo_messaging_rabbit.conn_pool_min_size = 2 {{(pid=109186) log_opt_values /opt/stack/data/venv/lib/python3.12/site-packages/oslo_config/cfg.py:3006}}
Apr 20 15:26:36.714703 np0000168359 devstack@n-api-meta.service[109186]: DEBUG nova.api.openstack.wsgi_app [None req-67906629-9c69-4840-ab7b-9283ddd05744 None None] oslo_messaging_rabbit.conn_pool_ttl = 1200 {{(pid=109186) log_opt_values /opt/stack/data/venv/lib/python3.12/site-packages/oslo_config/cfg.py:3006}}
Apr 20 15:26:36.714833 np0000168359 devstack@n-api-meta.service[109186]: DEBUG nova.api.openstack.wsgi_app [None req-67906629-9c69-4840-ab7b-9283ddd05744 None None] oslo_messaging_rabbit.direct_mandatory_flag = True {{(pid=109186) log_opt_values /opt/stack/data/venv/lib/python3.12/site-packages/oslo_config/cfg.py:3006}}
Apr 20 15:26:36.714961 np0000168359 devstack@n-api-meta.service[109186]: DEBUG nova.api.openstack.wsgi_app [None req-67906629-9c69-4840-ab7b-9283ddd05744 None None] oslo_messaging_rabbit.enable_cancel_on_failover = False {{(pid=109186) log_opt_values /opt/stack/data/venv/lib/python3.12/site-packages/oslo_config/cfg.py:3006}}
Apr 20 15:26:36.715092 np0000168359 devstack@n-api-meta.service[109186]: DEBUG nova.api.openstack.wsgi_app [None req-67906629-9c69-4840-ab7b-9283ddd05744 None None] oslo_messaging_rabbit.heartbeat_in_pthread = False {{(pid=109186) log_opt_values /opt/stack/data/venv/lib/python3.12/site-packages/oslo_config/cfg.py:3006}}
Apr 20 15:26:36.715223 np0000168359 devstack@n-api-meta.service[109186]: DEBUG nova.api.openstack.wsgi_app [None req-67906629-9c69-4840-ab7b-9283ddd05744 None None] oslo_messaging_rabbit.heartbeat_rate = 3 {{(pid=109186) log_opt_values /opt/stack/data/venv/lib/python3.12/site-packages/oslo_config/cfg.py:3006}}
Apr 20 15:26:36.715366 np0000168359 devstack@n-api-meta.service[109186]: DEBUG nova.api.openstack.wsgi_app [None req-67906629-9c69-4840-ab7b-9283ddd05744 None None] oslo_messaging_rabbit.heartbeat_timeout_threshold = 60 {{(pid=109186) log_opt_values /opt/stack/data/venv/lib/python3.12/site-packages/oslo_config/cfg.py:3006}}
Apr 20 15:26:36.715510 np0000168359 devstack@n-api-meta.service[109186]: DEBUG nova.api.openstack.wsgi_app [None req-67906629-9c69-4840-ab7b-9283ddd05744 None None] oslo_messaging_rabbit.hostname = np0000168359 {{(pid=109186) log_opt_values /opt/stack/data/venv/lib/python3.12/site-packages/oslo_config/cfg.py:3006}}
Apr 20 15:26:36.715638 np0000168359 devstack@n-api-meta.service[109186]: DEBUG nova.api.openstack.wsgi_app [None req-67906629-9c69-4840-ab7b-9283ddd05744 None None] oslo_messaging_rabbit.kombu_compression = None {{(pid=109186) log_opt_values /opt/stack/data/venv/lib/python3.12/site-packages/oslo_config/cfg.py:3006}}
Apr 20 15:26:36.715793 np0000168359 devstack@n-api-meta.service[109186]: DEBUG nova.api.openstack.wsgi_app [None req-67906629-9c69-4840-ab7b-9283ddd05744 None None] oslo_messaging_rabbit.kombu_failover_strategy = round-robin {{(pid=109186) log_opt_values /opt/stack/data/venv/lib/python3.12/site-packages/oslo_config/cfg.py:3006}}
Apr 20 15:26:36.715940 np0000168359 devstack@n-api-meta.service[109186]: DEBUG nova.api.openstack.wsgi_app [None req-67906629-9c69-4840-ab7b-9283ddd05744 None None] oslo_messaging_rabbit.kombu_missing_consumer_retry_timeout = 60 {{(pid=109186) log_opt_values /opt/stack/data/venv/lib/python3.12/site-packages/oslo_config/cfg.py:3006}}
Apr 20 15:26:36.716069 np0000168359 devstack@n-api-meta.service[109186]: DEBUG nova.api.openstack.wsgi_app [None req-67906629-9c69-4840-ab7b-9283ddd05744 None None] oslo_messaging_rabbit.kombu_reconnect_delay = 1.0 {{(pid=109186) log_opt_values /opt/stack/data/venv/lib/python3.12/site-packages/oslo_config/cfg.py:3006}}
Apr 20 15:26:36.716206 np0000168359 devstack@n-api-meta.service[109186]: DEBUG nova.api.openstack.wsgi_app [None req-67906629-9c69-4840-ab7b-9283ddd05744 None None] oslo_messaging_rabbit.kombu_reconnect_splay = 0.0 {{(pid=109186) log_opt_values /opt/stack/data/venv/lib/python3.12/site-packages/oslo_config/cfg.py:3006}}
Apr 20 15:26:36.716402 np0000168359 devstack@n-api-meta.service[109186]: DEBUG nova.api.openstack.wsgi_app [None req-67906629-9c69-4840-ab7b-9283ddd05744 None None] oslo_messaging_rabbit.processname = uwsgi {{(pid=109186) log_opt_values /opt/stack/data/venv/lib/python3.12/site-packages/oslo_config/cfg.py:3006}}
Apr 20 15:26:36.716536 np0000168359 devstack@n-api-meta.service[109186]: DEBUG nova.api.openstack.wsgi_app [None req-67906629-9c69-4840-ab7b-9283ddd05744 None None] oslo_messaging_rabbit.rabbit_ha_queues = False {{(pid=109186) log_opt_values /opt/stack/data/venv/lib/python3.12/site-packages/oslo_config/cfg.py:3006}}
Apr 20 15:26:36.716665 np0000168359 devstack@n-api-meta.service[109186]: DEBUG nova.api.openstack.wsgi_app [None req-67906629-9c69-4840-ab7b-9283ddd05744 None None] oslo_messaging_rabbit.rabbit_interval_max = 30 {{(pid=109186) log_opt_values /opt/stack/data/venv/lib/python3.12/site-packages/oslo_config/cfg.py:3006}}
Apr 20 15:26:36.716803 np0000168359 devstack@n-api-meta.service[109186]: DEBUG nova.api.openstack.wsgi_app [None req-67906629-9c69-4840-ab7b-9283ddd05744 None None] oslo_messaging_rabbit.rabbit_login_method = AMQPLAIN {{(pid=109186) log_opt_values /opt/stack/data/venv/lib/python3.12/site-packages/oslo_config/cfg.py:3006}}
Apr 20 15:26:36.716935 np0000168359 devstack@n-api-meta.service[109186]: DEBUG nova.api.openstack.wsgi_app [None req-67906629-9c69-4840-ab7b-9283ddd05744 None None] oslo_messaging_rabbit.rabbit_qos_prefetch_count = 0 {{(pid=109186) log_opt_values /opt/stack/data/venv/lib/python3.12/site-packages/oslo_config/cfg.py:3006}}
Apr 20 15:26:36.717057 np0000168359 devstack@n-api-meta.service[109186]: DEBUG nova.api.openstack.wsgi_app [None req-67906629-9c69-4840-ab7b-9283ddd05744 None None] oslo_messaging_rabbit.rabbit_quorum_delivery_limit = 0 {{(pid=109186) log_opt_values /opt/stack/data/venv/lib/python3.12/site-packages/oslo_config/cfg.py:3006}}
Apr 20 15:26:36.717191 np0000168359 devstack@n-api-meta.service[109186]: DEBUG nova.api.openstack.wsgi_app [None req-67906629-9c69-4840-ab7b-9283ddd05744 None None] oslo_messaging_rabbit.rabbit_quorum_max_memory_bytes = 0 {{(pid=109186) log_opt_values /opt/stack/data/venv/lib/python3.12/site-packages/oslo_config/cfg.py:3006}}
Apr 20 15:26:36.717325 np0000168359 devstack@n-api-meta.service[109186]: DEBUG nova.api.openstack.wsgi_app [None req-67906629-9c69-4840-ab7b-9283ddd05744 None None] oslo_messaging_rabbit.rabbit_quorum_max_memory_length = 0 {{(pid=109186) log_opt_values /opt/stack/data/venv/lib/python3.12/site-packages/oslo_config/cfg.py:3006}}
Apr 20 15:26:36.717475 np0000168359 devstack@n-api-meta.service[109186]: DEBUG nova.api.openstack.wsgi_app [None req-67906629-9c69-4840-ab7b-9283ddd05744 None None] oslo_messaging_rabbit.rabbit_quorum_queue = False {{(pid=109186) log_opt_values /opt/stack/data/venv/lib/python3.12/site-packages/oslo_config/cfg.py:3006}}
Apr 20 15:26:36.717602 np0000168359 devstack@n-api-meta.service[109186]: DEBUG nova.api.openstack.wsgi_app [None req-67906629-9c69-4840-ab7b-9283ddd05744 None None] oslo_messaging_rabbit.rabbit_retry_backoff = 2 {{(pid=109186) log_opt_values /opt/stack/data/venv/lib/python3.12/site-packages/oslo_config/cfg.py:3006}}
Apr 20 15:26:36.717728 np0000168359 devstack@n-api-meta.service[109186]: DEBUG nova.api.openstack.wsgi_app [None req-67906629-9c69-4840-ab7b-9283ddd05744 None None] oslo_messaging_rabbit.rabbit_retry_interval = 1 {{(pid=109186) log_opt_values /opt/stack/data/venv/lib/python3.12/site-packages/oslo_config/cfg.py:3006}}
Apr 20 15:26:36.717862 np0000168359 devstack@n-api-meta.service[109186]: DEBUG nova.api.openstack.wsgi_app [None req-67906629-9c69-4840-ab7b-9283ddd05744 None None] oslo_messaging_rabbit.rabbit_stream_fanout = False {{(pid=109186) log_opt_values /opt/stack/data/venv/lib/python3.12/site-packages/oslo_config/cfg.py:3006}}
Apr 20 15:26:36.717984 np0000168359 devstack@n-api-meta.service[109186]: DEBUG nova.api.openstack.wsgi_app [None req-67906629-9c69-4840-ab7b-9283ddd05744 None None] oslo_messaging_rabbit.rabbit_transient_queues_ttl = 1800 {{(pid=109186) log_opt_values /opt/stack/data/venv/lib/python3.12/site-packages/oslo_config/cfg.py:3006}}
Apr 20 15:26:36.718110 np0000168359 devstack@n-api-meta.service[109186]: DEBUG nova.api.openstack.wsgi_app [None req-67906629-9c69-4840-ab7b-9283ddd05744 None None] oslo_messaging_rabbit.rabbit_transient_quorum_queue = False {{(pid=109186) log_opt_values /opt/stack/data/venv/lib/python3.12/site-packages/oslo_config/cfg.py:3006}}
Apr 20 15:26:36.718278 np0000168359 devstack@n-api-meta.service[109186]: DEBUG nova.api.openstack.wsgi_app [None req-67906629-9c69-4840-ab7b-9283ddd05744 None None] oslo_messaging_rabbit.rpc_conn_pool_size = 30 {{(pid=109186) log_opt_values /opt/stack/data/venv/lib/python3.12/site-packages/oslo_config/cfg.py:3006}}
Apr 20 15:26:36.718429 np0000168359 devstack@n-api-meta.service[109186]: DEBUG nova.api.openstack.wsgi_app [None req-67906629-9c69-4840-ab7b-9283ddd05744 None None] oslo_messaging_rabbit.ssl = False {{(pid=109186) log_opt_values /opt/stack/data/venv/lib/python3.12/site-packages/oslo_config/cfg.py:3006}}
Apr 20 15:26:36.718560 np0000168359 devstack@n-api-meta.service[109186]: DEBUG nova.api.openstack.wsgi_app [None req-67906629-9c69-4840-ab7b-9283ddd05744 None None] oslo_messaging_rabbit.ssl_ca_file = {{(pid=109186) log_opt_values /opt/stack/data/venv/lib/python3.12/site-packages/oslo_config/cfg.py:3006}}
Apr 20 15:26:36.718695 np0000168359 devstack@n-api-meta.service[109186]: DEBUG nova.api.openstack.wsgi_app [None req-67906629-9c69-4840-ab7b-9283ddd05744 None None] oslo_messaging_rabbit.ssl_cert_file = {{(pid=109186) log_opt_values /opt/stack/data/venv/lib/python3.12/site-packages/oslo_config/cfg.py:3006}}
Apr 20 15:26:36.718844 np0000168359 devstack@n-api-meta.service[109186]: DEBUG nova.api.openstack.wsgi_app [None req-67906629-9c69-4840-ab7b-9283ddd05744 None None] oslo_messaging_rabbit.ssl_enforce_fips_mode = False {{(pid=109186) log_opt_values /opt/stack/data/venv/lib/python3.12/site-packages/oslo_config/cfg.py:3006}}
Apr 20 15:26:36.718979 np0000168359 devstack@n-api-meta.service[109186]: DEBUG nova.api.openstack.wsgi_app [None req-67906629-9c69-4840-ab7b-9283ddd05744 None None] oslo_messaging_rabbit.ssl_key_file = {{(pid=109186) log_opt_values /opt/stack/data/venv/lib/python3.12/site-packages/oslo_config/cfg.py:3006}}
Apr 20 15:26:36.719112 np0000168359 devstack@n-api-meta.service[109186]: DEBUG nova.api.openstack.wsgi_app [None req-67906629-9c69-4840-ab7b-9283ddd05744 None None] oslo_messaging_rabbit.ssl_version = {{(pid=109186) log_opt_values /opt/stack/data/venv/lib/python3.12/site-packages/oslo_config/cfg.py:3006}}
Apr 20 15:26:36.719243 np0000168359 devstack@n-api-meta.service[109186]: DEBUG nova.api.openstack.wsgi_app [None req-67906629-9c69-4840-ab7b-9283ddd05744 None None] oslo_messaging_rabbit.use_queue_manager = False {{(pid=109186) log_opt_values /opt/stack/data/venv/lib/python3.12/site-packages/oslo_config/cfg.py:3006}}
Apr 20 15:26:36.719407 np0000168359 devstack@n-api-meta.service[109186]: DEBUG nova.api.openstack.wsgi_app [None req-67906629-9c69-4840-ab7b-9283ddd05744 None None] oslo_messaging_notifications.driver = ['messagingv2'] {{(pid=109186) log_opt_values /opt/stack/data/venv/lib/python3.12/site-packages/oslo_config/cfg.py:3006}}
Apr 20 15:26:36.719542 np0000168359 devstack@n-api-meta.service[109186]: DEBUG nova.api.openstack.wsgi_app [None req-67906629-9c69-4840-ab7b-9283ddd05744 None None] oslo_messaging_notifications.retry = -1 {{(pid=109186) log_opt_values /opt/stack/data/venv/lib/python3.12/site-packages/oslo_config/cfg.py:3006}}
Apr 20 15:26:36.719692 np0000168359 devstack@n-api-meta.service[109186]: DEBUG nova.api.openstack.wsgi_app [None req-67906629-9c69-4840-ab7b-9283ddd05744 None None] oslo_messaging_notifications.topics = ['notifications'] {{(pid=109186) log_opt_values /opt/stack/data/venv/lib/python3.12/site-packages/oslo_config/cfg.py:3006}}
Apr 20 15:26:36.719828 np0000168359 devstack@n-api-meta.service[109186]: DEBUG nova.api.openstack.wsgi_app [None req-67906629-9c69-4840-ab7b-9283ddd05744 None None] oslo_messaging_notifications.transport_url = **** {{(pid=109186) log_opt_values /opt/stack/data/venv/lib/python3.12/site-packages/oslo_config/cfg.py:3006}}
Apr 20 15:26:36.719975 np0000168359 devstack@n-api-meta.service[109186]: DEBUG nova.api.openstack.wsgi_app [None req-67906629-9c69-4840-ab7b-9283ddd05744 None None] oslo_reports.file_event_handler = None {{(pid=109186) log_opt_values /opt/stack/data/venv/lib/python3.12/site-packages/oslo_config/cfg.py:3006}}
Apr 20 15:26:36.720109 np0000168359 devstack@n-api-meta.service[109186]: DEBUG nova.api.openstack.wsgi_app [None req-67906629-9c69-4840-ab7b-9283ddd05744 None None] oslo_reports.file_event_handler_interval = 1 {{(pid=109186) log_opt_values /opt/stack/data/venv/lib/python3.12/site-packages/oslo_config/cfg.py:3006}}
Apr 20 15:26:36.720235 np0000168359 devstack@n-api-meta.service[109186]: DEBUG nova.api.openstack.wsgi_app [None req-67906629-9c69-4840-ab7b-9283ddd05744 None None] oslo_reports.log_dir = None {{(pid=109186) log_opt_values /opt/stack/data/venv/lib/python3.12/site-packages/oslo_config/cfg.py:3006}}
Apr 20 15:26:36.720476 np0000168359 devstack@n-api-meta.service[109186]: DEBUG nova.api.openstack.wsgi_app [None req-67906629-9c69-4840-ab7b-9283ddd05744 None None] ******************************************************************************** {{(pid=109186) log_opt_values /opt/stack/data/venv/lib/python3.12/site-packages/oslo_config/cfg.py:3013}}
Apr 20 15:26:36.720656 np0000168359 devstack@n-api-meta.service[109186]: WSGI app 0 (mountpoint='') ready in 2 seconds on interpreter 0x72eecb4a3668 pid: 109186 (default app)
Apr 20 15:26:46.274574 np0000168359 devstack@n-api-meta.service[109187]: DEBUG dbcounter [-] [109187] Writing DB stats nova_api:SELECT=1 {{(pid=109187) stat_writer /opt/stack/data/venv/lib/python3.12/site-packages/dbcounter.py:115}}
Apr 20 15:26:46.275492 np0000168359 devstack@n-api-meta.service[109189]: DEBUG dbcounter [-] [109189] Writing DB stats nova_api:SELECT=1 {{(pid=109189) stat_writer /opt/stack/data/venv/lib/python3.12/site-packages/dbcounter.py:115}}
Apr 20 15:26:46.289170 np0000168359 devstack@n-api-meta.service[109188]: DEBUG dbcounter [-] [109188] Writing DB stats nova_api:SELECT=1 {{(pid=109188) stat_writer /opt/stack/data/venv/lib/python3.12/site-packages/dbcounter.py:115}}
Apr 20 15:26:46.330934 np0000168359 devstack@n-api-meta.service[109186]: DEBUG dbcounter [-] [109186] Writing DB stats nova_api:SELECT=1 {{(pid=109186) stat_writer /opt/stack/data/venv/lib/python3.12/site-packages/dbcounter.py:115}}
Apr 20 15:26:46.419252 np0000168359 devstack@n-api-meta.service[109189]: DEBUG dbcounter [-] [109189] Writing DB stats nova_cell0:SELECT=1 {{(pid=109189) stat_writer /opt/stack/data/venv/lib/python3.12/site-packages/dbcounter.py:115}}
Apr 20 15:26:46.419576 np0000168359 devstack@n-api-meta.service[109187]: DEBUG dbcounter [-] [109187] Writing DB stats nova_cell0:SELECT=1 {{(pid=109187) stat_writer /opt/stack/data/venv/lib/python3.12/site-packages/dbcounter.py:115}}
Apr 20 15:26:46.419773 np0000168359 devstack@n-api-meta.service[109188]: DEBUG dbcounter [-] [109188] Writing DB stats nova_cell1:SELECT=1 {{(pid=109188) stat_writer /opt/stack/data/venv/lib/python3.12/site-packages/dbcounter.py:115}}
Apr 20 15:26:46.422427 np0000168359 devstack@n-api-meta.service[109187]: DEBUG dbcounter [-] [109187] Writing DB stats nova_cell1:SELECT=1 {{(pid=109187) stat_writer /opt/stack/data/venv/lib/python3.12/site-packages/dbcounter.py:115}}
Apr 20 15:26:46.425783 np0000168359 devstack@n-api-meta.service[109188]: DEBUG dbcounter [-] [109188] Writing DB stats nova_cell0:SELECT=1 {{(pid=109188) stat_writer /opt/stack/data/venv/lib/python3.12/site-packages/dbcounter.py:115}}
Apr 20 15:26:46.429462 np0000168359 devstack@n-api-meta.service[109189]: DEBUG dbcounter [-] [109189] Writing DB stats nova_cell1:SELECT=1 {{(pid=109189) stat_writer /opt/stack/data/venv/lib/python3.12/site-packages/dbcounter.py:115}}
Apr 20 15:26:46.461302 np0000168359 devstack@n-api-meta.service[109187]: DEBUG dbcounter [-] [109187] Writing DB stats nova_cell0:SELECT=2,nova_cell0:INSERT=1 {{(pid=109187) stat_writer /opt/stack/data/venv/lib/python3.12/site-packages/dbcounter.py:115}}
Apr 20 15:26:46.461874 np0000168359 devstack@n-api-meta.service[109188]: DEBUG dbcounter [-] [109188] Writing DB stats nova_cell0:SELECT=2,nova_cell0:INSERT=1 {{(pid=109188) stat_writer /opt/stack/data/venv/lib/python3.12/site-packages/dbcounter.py:115}}
Apr 20 15:26:46.471514 np0000168359 devstack@n-api-meta.service[109189]: DEBUG dbcounter [-] [109189] Writing DB stats nova_cell0:SELECT=2,nova_cell0:INSERT=1 {{(pid=109189) stat_writer /opt/stack/data/venv/lib/python3.12/site-packages/dbcounter.py:115}}
Apr 20 15:26:46.514379 np0000168359 devstack@n-api-meta.service[109186]: DEBUG dbcounter [-] [109186] Writing DB stats nova_cell1:SELECT=1 {{(pid=109186) stat_writer /opt/stack/data/venv/lib/python3.12/site-packages/dbcounter.py:115}}
Apr 20 15:26:46.515165 np0000168359 devstack@n-api-meta.service[109186]: DEBUG dbcounter [-] [109186] Writing DB stats nova_cell0:SELECT=1 {{(pid=109186) stat_writer /opt/stack/data/venv/lib/python3.12/site-packages/dbcounter.py:115}}
Apr 20 15:26:46.538596 np0000168359 devstack@n-api-meta.service[109186]: DEBUG dbcounter [-] [109186] Writing DB stats nova_cell0:SELECT=1 {{(pid=109186) stat_writer /opt/stack/data/venv/lib/python3.12/site-packages/dbcounter.py:115}}
Apr 20 15:32:15.107573 np0000168359 devstack@n-api-meta.service[109187]: DEBUG nova.api.metadata.handler [None req-a667dd28-99f8-4ade-904b-3872a5a3e67a None None] Metadata request headers: {'Host': '199.204.45.70:8775', 'User-Agent': 'python-requests/2.33.1', 'Accept-Encoding': 'gzip, deflate', 'Accept': '*/*', 'Connection': 'keep-alive', 'X-Forwarded-For': '192.168.24.197', 'X-Instance-Id': '64f00c64-cd33-49b1-bf4f-40debccdf74a', 'X-Tenant-Id': '09b7783f205644b3afbf710448f96e8e', 'X-Instance-Id-Signature': '06427140e036faf53592a12b3854a6bc9af2cbd66eba58352fed2420991d5ec3'} {{(pid=109187) __call__ /opt/stack/nova/nova/api/metadata/handler.py:109}}
Apr 20 15:32:15.120938 np0000168359 devstack@n-api-meta.service[109187]: DEBUG oslo_concurrency.lockutils [None req-785c739a-feb2-45cb-88cd-c4836ceb9228 None None] Acquiring lock "4283a0e8-4804-4067-a95d-973431fe4273" by "nova.context.set_target_cell..get_or_set_cached_cell_and_set_connections" {{(pid=109187) inner /opt/stack/data/venv/lib/python3.12/site-packages/oslo_concurrency/lockutils.py:506}}
Apr 20 15:32:15.121064 np0000168359 devstack@n-api-meta.service[109187]: DEBUG oslo_concurrency.lockutils [None req-785c739a-feb2-45cb-88cd-c4836ceb9228 None None] Lock "4283a0e8-4804-4067-a95d-973431fe4273" acquired by "nova.context.set_target_cell..get_or_set_cached_cell_and_set_connections" :: waited 0.000s {{(pid=109187) inner /opt/stack/data/venv/lib/python3.12/site-packages/oslo_concurrency/lockutils.py:519}}
Apr 20 15:32:15.121248 np0000168359 devstack@n-api-meta.service[109187]: DEBUG oslo_concurrency.lockutils [None req-785c739a-feb2-45cb-88cd-c4836ceb9228 None None] Lock "4283a0e8-4804-4067-a95d-973431fe4273" "released" by "nova.context.set_target_cell..get_or_set_cached_cell_and_set_connections" :: held 0.000s {{(pid=109187) inner /opt/stack/data/venv/lib/python3.12/site-packages/oslo_concurrency/lockutils.py:538}}
Apr 20 15:32:15.177302 np0000168359 devstack@n-api-meta.service[109187]: WARNING neutronclient.v2_0.client [None req-785c739a-feb2-45cb-88cd-c4836ceb9228 None None] The python binding code in neutronclient is deprecated in favor of OpenstackSDK, please use that as this will be removed in a future release.
Apr 20 15:32:15.634401 np0000168359 devstack@n-api-meta.service[109187]: [pid: 109187|app: 0|req: 1/1] 199.204.45.70 () {40 vars in 641 bytes} [Mon Apr 20 15:32:15 2026] GET /openstack => generated 116 bytes in 528 msecs (HTTP/1.1 200) 3 headers in 100 bytes (1 switches on core 0)
Apr 20 15:32:15.648624 np0000168359 devstack@n-api-meta.service[109189]: DEBUG nova.api.metadata.handler [None req-1dd070e1-defa-4637-b170-6574b37a0532 None None] Metadata request headers: {'Host': '199.204.45.70:8775', 'User-Agent': 'python-requests/2.33.1', 'Accept-Encoding': 'gzip, deflate', 'Accept': '*/*', 'Connection': 'keep-alive', 'X-Forwarded-For': '192.168.24.197', 'X-Instance-Id': '64f00c64-cd33-49b1-bf4f-40debccdf74a', 'X-Tenant-Id': '09b7783f205644b3afbf710448f96e8e', 'X-Instance-Id-Signature': '06427140e036faf53592a12b3854a6bc9af2cbd66eba58352fed2420991d5ec3'} {{(pid=109189) __call__ /opt/stack/nova/nova/api/metadata/handler.py:109}}
Apr 20 15:32:15.653483 np0000168359 devstack@n-api-meta.service[109189]: DEBUG nova.api.metadata.handler [None req-1dd070e1-defa-4637-b170-6574b37a0532 None None] Using cached metadata for instance 64f00c64-cd33-49b1-bf4f-40debccdf74a {{(pid=109189) get_metadata_by_instance_id /opt/stack/nova/nova/api/metadata/handler.py:84}}
Apr 20 15:32:15.653966 np0000168359 devstack@n-api-meta.service[109189]: [pid: 109189|app: 0|req: 1/2] 199.204.45.70 () {40 vars in 641 bytes} [Mon Apr 20 15:32:15 2026] GET /openstack => generated 116 bytes in 6 msecs (HTTP/1.1 200) 3 headers in 100 bytes (1 switches on core 0)
Apr 20 15:32:15.665463 np0000168359 devstack@n-api-meta.service[109188]: DEBUG nova.api.metadata.handler [None req-74f08d39-6927-4a6d-954c-f7165b8b0504 None None] Metadata request headers: {'Host': '199.204.45.70:8775', 'User-Agent': 'python-requests/2.33.1', 'Accept-Encoding': 'gzip, deflate', 'Accept': '*/*', 'Connection': 'keep-alive', 'X-Forwarded-For': '192.168.24.197', 'X-Instance-Id': '64f00c64-cd33-49b1-bf4f-40debccdf74a', 'X-Tenant-Id': '09b7783f205644b3afbf710448f96e8e', 'X-Instance-Id-Signature': '06427140e036faf53592a12b3854a6bc9af2cbd66eba58352fed2420991d5ec3'} {{(pid=109188) __call__ /opt/stack/nova/nova/api/metadata/handler.py:109}}
Apr 20 15:32:15.670281 np0000168359 devstack@n-api-meta.service[109188]: DEBUG nova.api.metadata.handler [None req-74f08d39-6927-4a6d-954c-f7165b8b0504 None None] Using cached metadata for instance 64f00c64-cd33-49b1-bf4f-40debccdf74a {{(pid=109188) get_metadata_by_instance_id /opt/stack/nova/nova/api/metadata/handler.py:84}}
Apr 20 15:32:15.671495 np0000168359 devstack@n-api-meta.service[109188]: [pid: 109188|app: 0|req: 1/3] 199.204.45.70 () {40 vars in 693 bytes} [Mon Apr 20 15:32:15 2026] GET /openstack/2018-08-27/meta_data.json => generated 946 bytes in 7 msecs (HTTP/1.1 200) 3 headers in 91 bytes (1 switches on core 0)
Apr 20 15:32:15.682321 np0000168359 devstack@n-api-meta.service[109186]: DEBUG nova.api.metadata.handler [None req-67906629-9c69-4840-ab7b-9283ddd05744 None None] Metadata request headers: {'Host': '199.204.45.70:8775', 'User-Agent': 'python-requests/2.33.1', 'Accept-Encoding': 'gzip, deflate', 'Accept': '*/*', 'Connection': 'keep-alive', 'X-Forwarded-For': '192.168.24.197', 'X-Instance-Id': '64f00c64-cd33-49b1-bf4f-40debccdf74a', 'X-Tenant-Id': '09b7783f205644b3afbf710448f96e8e', 'X-Instance-Id-Signature': '06427140e036faf53592a12b3854a6bc9af2cbd66eba58352fed2420991d5ec3'} {{(pid=109186) __call__ /opt/stack/nova/nova/api/metadata/handler.py:109}}
Apr 20 15:32:15.688228 np0000168359 devstack@n-api-meta.service[109186]: DEBUG nova.api.metadata.handler [None req-67906629-9c69-4840-ab7b-9283ddd05744 None None] Using cached metadata for instance 64f00c64-cd33-49b1-bf4f-40debccdf74a {{(pid=109186) get_metadata_by_instance_id /opt/stack/nova/nova/api/metadata/handler.py:84}}
Apr 20 15:32:15.689044 np0000168359 devstack@n-api-meta.service[109186]: [pid: 109186|app: 0|req: 1/4] 199.204.45.70 () {40 vars in 683 bytes} [Mon Apr 20 15:32:15 2026] GET /openstack/2018-08-27/user_data => generated 26434 bytes in 8 msecs (HTTP/1.1 200) 3 headers in 102 bytes (1 switches on core 0)
Apr 20 15:32:15.700720 np0000168359 devstack@n-api-meta.service[109187]: DEBUG nova.api.metadata.handler [None req-785c739a-feb2-45cb-88cd-c4836ceb9228 None None] Metadata request headers: {'Host': '199.204.45.70:8775', 'User-Agent': 'python-requests/2.33.1', 'Accept-Encoding': 'gzip, deflate', 'Accept': '*/*', 'Connection': 'keep-alive', 'X-Forwarded-For': '192.168.24.197', 'X-Instance-Id': '64f00c64-cd33-49b1-bf4f-40debccdf74a', 'X-Tenant-Id': '09b7783f205644b3afbf710448f96e8e', 'X-Instance-Id-Signature': '06427140e036faf53592a12b3854a6bc9af2cbd66eba58352fed2420991d5ec3'} {{(pid=109187) __call__ /opt/stack/nova/nova/api/metadata/handler.py:109}}
Apr 20 15:32:15.703183 np0000168359 devstack@n-api-meta.service[109187]: DEBUG nova.api.metadata.handler [None req-785c739a-feb2-45cb-88cd-c4836ceb9228 None None] Using cached metadata for instance 64f00c64-cd33-49b1-bf4f-40debccdf74a {{(pid=109187) get_metadata_by_instance_id /opt/stack/nova/nova/api/metadata/handler.py:84}}
Apr 20 15:32:15.703721 np0000168359 devstack@n-api-meta.service[109187]: [pid: 109187|app: 0|req: 2/5] 199.204.45.70 () {40 vars in 697 bytes} [Mon Apr 20 15:32:15 2026] GET /openstack/2018-08-27/vendor_data.json => generated 2 bytes in 4 msecs (HTTP/1.1 200) 3 headers in 89 bytes (1 switches on core 0)
Apr 20 15:32:15.715680 np0000168359 devstack@n-api-meta.service[109189]: DEBUG nova.api.metadata.handler [None req-1dd070e1-defa-4637-b170-6574b37a0532 None None] Metadata request headers: {'Host': '199.204.45.70:8775', 'User-Agent': 'python-requests/2.33.1', 'Accept-Encoding': 'gzip, deflate', 'Accept': '*/*', 'Connection': 'keep-alive', 'X-Forwarded-For': '192.168.24.197', 'X-Instance-Id': '64f00c64-cd33-49b1-bf4f-40debccdf74a', 'X-Tenant-Id': '09b7783f205644b3afbf710448f96e8e', 'X-Instance-Id-Signature': '06427140e036faf53592a12b3854a6bc9af2cbd66eba58352fed2420991d5ec3'} {{(pid=109189) __call__ /opt/stack/nova/nova/api/metadata/handler.py:109}}
Apr 20 15:32:15.718725 np0000168359 devstack@n-api-meta.service[109189]: DEBUG nova.api.metadata.handler [None req-1dd070e1-defa-4637-b170-6574b37a0532 None None] Using cached metadata for instance 64f00c64-cd33-49b1-bf4f-40debccdf74a {{(pid=109189) get_metadata_by_instance_id /opt/stack/nova/nova/api/metadata/handler.py:84}}
Apr 20 15:32:15.719790 np0000168359 devstack@n-api-meta.service[109189]: [pid: 109189|app: 0|req: 2/6] 199.204.45.70 () {40 vars in 699 bytes} [Mon Apr 20 15:32:15 2026] GET /openstack/2018-08-27/vendor_data2.json => generated 14 bytes in 5 msecs (HTTP/1.1 200) 3 headers in 90 bytes (1 switches on core 0)
Apr 20 15:32:15.728257 np0000168359 devstack@n-api-meta.service[109188]: DEBUG nova.api.metadata.handler [None req-74f08d39-6927-4a6d-954c-f7165b8b0504 None None] Metadata request headers: {'Host': '199.204.45.70:8775', 'User-Agent': 'python-requests/2.33.1', 'Accept-Encoding': 'gzip, deflate', 'Accept': '*/*', 'Connection': 'keep-alive', 'X-Forwarded-For': '192.168.24.197', 'X-Instance-Id': '64f00c64-cd33-49b1-bf4f-40debccdf74a', 'X-Tenant-Id': '09b7783f205644b3afbf710448f96e8e', 'X-Instance-Id-Signature': '06427140e036faf53592a12b3854a6bc9af2cbd66eba58352fed2420991d5ec3'} {{(pid=109188) __call__ /opt/stack/nova/nova/api/metadata/handler.py:109}}
Apr 20 15:32:15.731418 np0000168359 devstack@n-api-meta.service[109188]: DEBUG nova.api.metadata.handler [None req-74f08d39-6927-4a6d-954c-f7165b8b0504 None None] Using cached metadata for instance 64f00c64-cd33-49b1-bf4f-40debccdf74a {{(pid=109188) get_metadata_by_instance_id /opt/stack/nova/nova/api/metadata/handler.py:84}}
Apr 20 15:32:15.732183 np0000168359 devstack@n-api-meta.service[109188]: [pid: 109188|app: 0|req: 2/7] 199.204.45.70 () {40 vars in 699 bytes} [Mon Apr 20 15:32:15 2026] GET /openstack/2018-08-27/network_data.json => generated 348 bytes in 5 msecs (HTTP/1.1 200) 3 headers in 100 bytes (1 switches on core 0)
Apr 20 15:32:15.743888 np0000168359 devstack@n-api-meta.service[109186]: DEBUG nova.api.metadata.handler [None req-67906629-9c69-4840-ab7b-9283ddd05744 None None] Metadata request headers: {'Host': '199.204.45.70:8775', 'User-Agent': 'python-requests/2.33.1', 'Accept-Encoding': 'gzip, deflate', 'Accept': '*/*', 'Connection': 'keep-alive', 'X-Forwarded-For': '192.168.24.197', 'X-Instance-Id': '64f00c64-cd33-49b1-bf4f-40debccdf74a', 'X-Tenant-Id': '09b7783f205644b3afbf710448f96e8e', 'X-Instance-Id-Signature': '06427140e036faf53592a12b3854a6bc9af2cbd66eba58352fed2420991d5ec3'} {{(pid=109186) __call__ /opt/stack/nova/nova/api/metadata/handler.py:109}}
Apr 20 15:32:15.750394 np0000168359 devstack@n-api-meta.service[109186]: DEBUG nova.api.metadata.handler [None req-67906629-9c69-4840-ab7b-9283ddd05744 None None] Using cached metadata for instance 64f00c64-cd33-49b1-bf4f-40debccdf74a {{(pid=109186) get_metadata_by_instance_id /opt/stack/nova/nova/api/metadata/handler.py:84}}
Apr 20 15:32:15.751464 np0000168359 devstack@n-api-meta.service[109186]: [pid: 109186|app: 0|req: 2/8] 199.204.45.70 () {40 vars in 657 bytes} [Mon Apr 20 15:32:15 2026] GET /latest/meta-data/ => generated 210 bytes in 9 msecs (HTTP/1.1 200) 3 headers in 100 bytes (1 switches on core 0)
Apr 20 15:32:15.761123 np0000168359 devstack@n-api-meta.service[109187]: DEBUG nova.api.metadata.handler [None req-785c739a-feb2-45cb-88cd-c4836ceb9228 None None] Metadata request headers: {'Host': '199.204.45.70:8775', 'User-Agent': 'python-requests/2.33.1', 'Accept-Encoding': 'gzip, deflate', 'Accept': '*/*', 'Connection': 'keep-alive', 'X-Forwarded-For': '192.168.24.197', 'X-Instance-Id': '64f00c64-cd33-49b1-bf4f-40debccdf74a', 'X-Tenant-Id': '09b7783f205644b3afbf710448f96e8e', 'X-Instance-Id-Signature': '06427140e036faf53592a12b3854a6bc9af2cbd66eba58352fed2420991d5ec3'} {{(pid=109187) __call__ /opt/stack/nova/nova/api/metadata/handler.py:109}}
Apr 20 15:32:15.763258 np0000168359 devstack@n-api-meta.service[109187]: DEBUG nova.api.metadata.handler [None req-785c739a-feb2-45cb-88cd-c4836ceb9228 None None] Using cached metadata for instance 64f00c64-cd33-49b1-bf4f-40debccdf74a {{(pid=109187) get_metadata_by_instance_id /opt/stack/nova/nova/api/metadata/handler.py:84}}
Apr 20 15:32:15.763831 np0000168359 devstack@n-api-meta.service[109187]: [pid: 109187|app: 0|req: 3/9] 199.204.45.70 () {40 vars in 699 bytes} [Mon Apr 20 15:32:15 2026] GET /latest/meta-data/block-device-mapping/ => generated 8 bytes in 3 msecs (HTTP/1.1 200) 3 headers in 98 bytes (1 switches on core 0)
Apr 20 15:32:15.770370 np0000168359 devstack@n-api-meta.service[109189]: DEBUG nova.api.metadata.handler [None req-1dd070e1-defa-4637-b170-6574b37a0532 None None] Metadata request headers: {'Host': '199.204.45.70:8775', 'User-Agent': 'python-requests/2.33.1', 'Accept-Encoding': 'gzip, deflate', 'Accept': '*/*', 'Connection': 'keep-alive', 'X-Forwarded-For': '192.168.24.197', 'X-Instance-Id': '64f00c64-cd33-49b1-bf4f-40debccdf74a', 'X-Tenant-Id': '09b7783f205644b3afbf710448f96e8e', 'X-Instance-Id-Signature': '06427140e036faf53592a12b3854a6bc9af2cbd66eba58352fed2420991d5ec3'} {{(pid=109189) __call__ /opt/stack/nova/nova/api/metadata/handler.py:109}}
Apr 20 15:32:15.773236 np0000168359 devstack@n-api-meta.service[109189]: DEBUG nova.api.metadata.handler [None req-1dd070e1-defa-4637-b170-6574b37a0532 None None] Using cached metadata for instance 64f00c64-cd33-49b1-bf4f-40debccdf74a {{(pid=109189) get_metadata_by_instance_id /opt/stack/nova/nova/api/metadata/handler.py:84}}
Apr 20 15:32:15.774040 np0000168359 devstack@n-api-meta.service[109189]: [pid: 109189|app: 0|req: 3/10] 199.204.45.70 () {40 vars in 705 bytes} [Mon Apr 20 15:32:15 2026] GET /latest/meta-data/block-device-mapping/ami => generated 3 bytes in 4 msecs (HTTP/1.1 200) 3 headers in 98 bytes (1 switches on core 0)
Apr 20 15:32:15.783274 np0000168359 devstack@n-api-meta.service[109188]: DEBUG nova.api.metadata.handler [None req-74f08d39-6927-4a6d-954c-f7165b8b0504 None None] Metadata request headers: {'Host': '199.204.45.70:8775', 'User-Agent': 'python-requests/2.33.1', 'Accept-Encoding': 'gzip, deflate', 'Accept': '*/*', 'Connection': 'keep-alive', 'X-Forwarded-For': '192.168.24.197', 'X-Instance-Id': '64f00c64-cd33-49b1-bf4f-40debccdf74a', 'X-Tenant-Id': '09b7783f205644b3afbf710448f96e8e', 'X-Instance-Id-Signature': '06427140e036faf53592a12b3854a6bc9af2cbd66eba58352fed2420991d5ec3'} {{(pid=109188) __call__ /opt/stack/nova/nova/api/metadata/handler.py:109}}
Apr 20 15:32:15.786172 np0000168359 devstack@n-api-meta.service[109188]: DEBUG nova.api.metadata.handler [None req-74f08d39-6927-4a6d-954c-f7165b8b0504 None None] Using cached metadata for instance 64f00c64-cd33-49b1-bf4f-40debccdf74a {{(pid=109188) get_metadata_by_instance_id /opt/stack/nova/nova/api/metadata/handler.py:84}}
Apr 20 15:32:15.786942 np0000168359 devstack@n-api-meta.service[109188]: [pid: 109188|app: 0|req: 3/11] 199.204.45.70 () {40 vars in 706 bytes} [Mon Apr 20 15:32:15 2026] GET /latest/meta-data/block-device-mapping/root => generated 8 bytes in 4 msecs (HTTP/1.1 200) 3 headers in 98 bytes (1 switches on core 0)
Apr 20 15:32:15.794822 np0000168359 devstack@n-api-meta.service[109186]: DEBUG nova.api.metadata.handler [None req-67906629-9c69-4840-ab7b-9283ddd05744 None None] Metadata request headers: {'Host': '199.204.45.70:8775', 'User-Agent': 'python-requests/2.33.1', 'Accept-Encoding': 'gzip, deflate', 'Accept': '*/*', 'Connection': 'keep-alive', 'X-Forwarded-For': '192.168.24.197', 'X-Instance-Id': '64f00c64-cd33-49b1-bf4f-40debccdf74a', 'X-Tenant-Id': '09b7783f205644b3afbf710448f96e8e', 'X-Instance-Id-Signature': '06427140e036faf53592a12b3854a6bc9af2cbd66eba58352fed2420991d5ec3'} {{(pid=109186) __call__ /opt/stack/nova/nova/api/metadata/handler.py:109}}
Apr 20 15:32:15.797360 np0000168359 devstack@n-api-meta.service[109186]: DEBUG nova.api.metadata.handler [None req-67906629-9c69-4840-ab7b-9283ddd05744 None None] Using cached metadata for instance 64f00c64-cd33-49b1-bf4f-40debccdf74a {{(pid=109186) get_metadata_by_instance_id /opt/stack/nova/nova/api/metadata/handler.py:84}}
Apr 20 15:32:15.798186 np0000168359 devstack@n-api-meta.service[109186]: [pid: 109186|app: 0|req: 3/12] 199.204.45.70 () {40 vars in 676 bytes} [Mon Apr 20 15:32:15 2026] GET /latest/meta-data/placement/ => generated 17 bytes in 4 msecs (HTTP/1.1 200) 3 headers in 99 bytes (1 switches on core 0)
Apr 20 15:32:15.808435 np0000168359 devstack@n-api-meta.service[109187]: DEBUG nova.api.metadata.handler [None req-785c739a-feb2-45cb-88cd-c4836ceb9228 None None] Metadata request headers: {'Host': '199.204.45.70:8775', 'User-Agent': 'python-requests/2.33.1', 'Accept-Encoding': 'gzip, deflate', 'Accept': '*/*', 'Connection': 'keep-alive', 'X-Forwarded-For': '192.168.24.197', 'X-Instance-Id': '64f00c64-cd33-49b1-bf4f-40debccdf74a', 'X-Tenant-Id': '09b7783f205644b3afbf710448f96e8e', 'X-Instance-Id-Signature': '06427140e036faf53592a12b3854a6bc9af2cbd66eba58352fed2420991d5ec3'} {{(pid=109187) __call__ /opt/stack/nova/nova/api/metadata/handler.py:109}}
Apr 20 15:32:15.812582 np0000168359 devstack@n-api-meta.service[109187]: DEBUG nova.api.metadata.handler [None req-785c739a-feb2-45cb-88cd-c4836ceb9228 None None] Using cached metadata for instance 64f00c64-cd33-49b1-bf4f-40debccdf74a {{(pid=109187) get_metadata_by_instance_id /opt/stack/nova/nova/api/metadata/handler.py:84}}
Apr 20 15:32:15.813586 np0000168359 devstack@n-api-meta.service[109187]: [pid: 109187|app: 0|req: 4/13] 199.204.45.70 () {40 vars in 710 bytes} [Mon Apr 20 15:32:15 2026] GET /latest/meta-data/placement/availability-zone => generated 4 bytes in 6 msecs (HTTP/1.1 200) 3 headers in 98 bytes (1 switches on core 0)
Apr 20 15:32:15.822176 np0000168359 devstack@n-api-meta.service[109189]: DEBUG nova.api.metadata.handler [None req-1dd070e1-defa-4637-b170-6574b37a0532 None None] Metadata request headers: {'Host': '199.204.45.70:8775', 'User-Agent': 'python-requests/2.33.1', 'Accept-Encoding': 'gzip, deflate', 'Accept': '*/*', 'Connection': 'keep-alive', 'X-Forwarded-For': '192.168.24.197', 'X-Instance-Id': '64f00c64-cd33-49b1-bf4f-40debccdf74a', 'X-Tenant-Id': '09b7783f205644b3afbf710448f96e8e', 'X-Instance-Id-Signature': '06427140e036faf53592a12b3854a6bc9af2cbd66eba58352fed2420991d5ec3'} {{(pid=109189) __call__ /opt/stack/nova/nova/api/metadata/handler.py:109}}
Apr 20 15:32:15.824984 np0000168359 devstack@n-api-meta.service[109189]: DEBUG nova.api.metadata.handler [None req-1dd070e1-defa-4637-b170-6574b37a0532 None None] Using cached metadata for instance 64f00c64-cd33-49b1-bf4f-40debccdf74a {{(pid=109189) get_metadata_by_instance_id /opt/stack/nova/nova/api/metadata/handler.py:84}}
Apr 20 15:32:15.825729 np0000168359 devstack@n-api-meta.service[109189]: [pid: 109189|app: 0|req: 4/14] 199.204.45.70 () {40 vars in 668 bytes} [Mon Apr 20 15:32:15 2026] GET /latest/meta-data/ami-id => generated 12 bytes in 4 msecs (HTTP/1.1 200) 3 headers in 99 bytes (1 switches on core 0)
Apr 20 15:32:15.833134 np0000168359 devstack@n-api-meta.service[109188]: DEBUG nova.api.metadata.handler [None req-74f08d39-6927-4a6d-954c-f7165b8b0504 None None] Metadata request headers: {'Host': '199.204.45.70:8775', 'User-Agent': 'python-requests/2.33.1', 'Accept-Encoding': 'gzip, deflate', 'Accept': '*/*', 'Connection': 'keep-alive', 'X-Forwarded-For': '192.168.24.197', 'X-Instance-Id': '64f00c64-cd33-49b1-bf4f-40debccdf74a', 'X-Tenant-Id': '09b7783f205644b3afbf710448f96e8e', 'X-Instance-Id-Signature': '06427140e036faf53592a12b3854a6bc9af2cbd66eba58352fed2420991d5ec3'} {{(pid=109188) __call__ /opt/stack/nova/nova/api/metadata/handler.py:109}}
Apr 20 15:32:15.835198 np0000168359 devstack@n-api-meta.service[109188]: DEBUG nova.api.metadata.handler [None req-74f08d39-6927-4a6d-954c-f7165b8b0504 None None] Using cached metadata for instance 64f00c64-cd33-49b1-bf4f-40debccdf74a {{(pid=109188) get_metadata_by_instance_id /opt/stack/nova/nova/api/metadata/handler.py:84}}
Apr 20 15:32:15.835699 np0000168359 devstack@n-api-meta.service[109188]: [pid: 109188|app: 0|req: 4/15] 199.204.45.70 () {40 vars in 689 bytes} [Mon Apr 20 15:32:15 2026] GET /latest/meta-data/ami-launch-index => generated 1 bytes in 3 msecs (HTTP/1.1 200) 3 headers in 98 bytes (1 switches on core 0)
Apr 20 15:32:15.844698 np0000168359 devstack@n-api-meta.service[109186]: DEBUG nova.api.metadata.handler [None req-67906629-9c69-4840-ab7b-9283ddd05744 None None] Metadata request headers: {'Host': '199.204.45.70:8775', 'User-Agent': 'python-requests/2.33.1', 'Accept-Encoding': 'gzip, deflate', 'Accept': '*/*', 'Connection': 'keep-alive', 'X-Forwarded-For': '192.168.24.197', 'X-Instance-Id': '64f00c64-cd33-49b1-bf4f-40debccdf74a', 'X-Tenant-Id': '09b7783f205644b3afbf710448f96e8e', 'X-Instance-Id-Signature': '06427140e036faf53592a12b3854a6bc9af2cbd66eba58352fed2420991d5ec3'} {{(pid=109186) __call__ /opt/stack/nova/nova/api/metadata/handler.py:109}}
Apr 20 15:32:15.847271 np0000168359 devstack@n-api-meta.service[109186]: DEBUG nova.api.metadata.handler [None req-67906629-9c69-4840-ab7b-9283ddd05744 None None] Using cached metadata for instance 64f00c64-cd33-49b1-bf4f-40debccdf74a {{(pid=109186) get_metadata_by_instance_id /opt/stack/nova/nova/api/metadata/handler.py:84}}
Apr 20 15:32:15.847866 np0000168359 devstack@n-api-meta.service[109186]: [pid: 109186|app: 0|req: 4/16] 199.204.45.70 () {40 vars in 691 bytes} [Mon Apr 20 15:32:15 2026] GET /latest/meta-data/ami-manifest-path => generated 5 bytes in 4 msecs (HTTP/1.1 200) 3 headers in 98 bytes (1 switches on core 0)
Apr 20 15:32:15.857200 np0000168359 devstack@n-api-meta.service[109187]: DEBUG nova.api.metadata.handler [None req-785c739a-feb2-45cb-88cd-c4836ceb9228 None None] Metadata request headers: {'Host': '199.204.45.70:8775', 'User-Agent': 'python-requests/2.33.1', 'Accept-Encoding': 'gzip, deflate', 'Accept': '*/*', 'Connection': 'keep-alive', 'X-Forwarded-For': '192.168.24.197', 'X-Instance-Id': '64f00c64-cd33-49b1-bf4f-40debccdf74a', 'X-Tenant-Id': '09b7783f205644b3afbf710448f96e8e', 'X-Instance-Id-Signature': '06427140e036faf53592a12b3854a6bc9af2cbd66eba58352fed2420991d5ec3'} {{(pid=109187) __call__ /opt/stack/nova/nova/api/metadata/handler.py:109}}
Apr 20 15:32:15.861089 np0000168359 devstack@n-api-meta.service[109187]: DEBUG nova.api.metadata.handler [None req-785c739a-feb2-45cb-88cd-c4836ceb9228 None None] Using cached metadata for instance 64f00c64-cd33-49b1-bf4f-40debccdf74a {{(pid=109187) get_metadata_by_instance_id /opt/stack/nova/nova/api/metadata/handler.py:84}}
Apr 20 15:32:15.861560 np0000168359 devstack@n-api-meta.service[109187]: [pid: 109187|app: 0|req: 5/17] 199.204.45.70 () {40 vars in 673 bytes} [Mon Apr 20 15:32:15 2026] GET /latest/meta-data/hostname => generated 32 bytes in 5 msecs (HTTP/1.1 200) 3 headers in 99 bytes (1 switches on core 0)
Apr 20 15:32:15.869137 np0000168359 devstack@n-api-meta.service[109189]: DEBUG nova.api.metadata.handler [None req-1dd070e1-defa-4637-b170-6574b37a0532 None None] Metadata request headers: {'Host': '199.204.45.70:8775', 'User-Agent': 'python-requests/2.33.1', 'Accept-Encoding': 'gzip, deflate', 'Accept': '*/*', 'Connection': 'keep-alive', 'X-Forwarded-For': '192.168.24.197', 'X-Instance-Id': '64f00c64-cd33-49b1-bf4f-40debccdf74a', 'X-Tenant-Id': '09b7783f205644b3afbf710448f96e8e', 'X-Instance-Id-Signature': '06427140e036faf53592a12b3854a6bc9af2cbd66eba58352fed2420991d5ec3'} {{(pid=109189) __call__ /opt/stack/nova/nova/api/metadata/handler.py:109}}
Apr 20 15:32:15.872559 np0000168359 devstack@n-api-meta.service[109189]: DEBUG nova.api.metadata.handler [None req-1dd070e1-defa-4637-b170-6574b37a0532 None None] Using cached metadata for instance 64f00c64-cd33-49b1-bf4f-40debccdf74a {{(pid=109189) get_metadata_by_instance_id /opt/stack/nova/nova/api/metadata/handler.py:84}}
Apr 20 15:32:15.873327 np0000168359 devstack@n-api-meta.service[109189]: [pid: 109189|app: 0|req: 5/18] 199.204.45.70 () {40 vars in 687 bytes} [Mon Apr 20 15:32:15 2026] GET /latest/meta-data/instance-action => generated 4 bytes in 5 msecs (HTTP/1.1 200) 3 headers in 98 bytes (1 switches on core 0)
Apr 20 15:32:15.881130 np0000168359 devstack@n-api-meta.service[109188]: DEBUG nova.api.metadata.handler [None req-74f08d39-6927-4a6d-954c-f7165b8b0504 None None] Metadata request headers: {'Host': '199.204.45.70:8775', 'User-Agent': 'python-requests/2.33.1', 'Accept-Encoding': 'gzip, deflate', 'Accept': '*/*', 'Connection': 'keep-alive', 'X-Forwarded-For': '192.168.24.197', 'X-Instance-Id': '64f00c64-cd33-49b1-bf4f-40debccdf74a', 'X-Tenant-Id': '09b7783f205644b3afbf710448f96e8e', 'X-Instance-Id-Signature': '06427140e036faf53592a12b3854a6bc9af2cbd66eba58352fed2420991d5ec3'} {{(pid=109188) __call__ /opt/stack/nova/nova/api/metadata/handler.py:109}}
Apr 20 15:32:15.883957 np0000168359 devstack@n-api-meta.service[109188]: DEBUG nova.api.metadata.handler [None req-74f08d39-6927-4a6d-954c-f7165b8b0504 None None] Using cached metadata for instance 64f00c64-cd33-49b1-bf4f-40debccdf74a {{(pid=109188) get_metadata_by_instance_id /opt/stack/nova/nova/api/metadata/handler.py:84}}
Apr 20 15:32:15.884465 np0000168359 devstack@n-api-meta.service[109188]: [pid: 109188|app: 0|req: 5/19] 199.204.45.70 () {40 vars in 679 bytes} [Mon Apr 20 15:32:15 2026] GET /latest/meta-data/instance-id => generated 10 bytes in 4 msecs (HTTP/1.1 200) 3 headers in 99 bytes (1 switches on core 0)
Apr 20 15:32:15.893753 np0000168359 devstack@n-api-meta.service[109186]: DEBUG nova.api.metadata.handler [None req-67906629-9c69-4840-ab7b-9283ddd05744 None None] Metadata request headers: {'Host': '199.204.45.70:8775', 'User-Agent': 'python-requests/2.33.1', 'Accept-Encoding': 'gzip, deflate', 'Accept': '*/*', 'Connection': 'keep-alive', 'X-Forwarded-For': '192.168.24.197', 'X-Instance-Id': '64f00c64-cd33-49b1-bf4f-40debccdf74a', 'X-Tenant-Id': '09b7783f205644b3afbf710448f96e8e', 'X-Instance-Id-Signature': '06427140e036faf53592a12b3854a6bc9af2cbd66eba58352fed2420991d5ec3'} {{(pid=109186) __call__ /opt/stack/nova/nova/api/metadata/handler.py:109}}
Apr 20 15:32:15.896855 np0000168359 devstack@n-api-meta.service[109186]: DEBUG nova.api.metadata.handler [None req-67906629-9c69-4840-ab7b-9283ddd05744 None None] Using cached metadata for instance 64f00c64-cd33-49b1-bf4f-40debccdf74a {{(pid=109186) get_metadata_by_instance_id /opt/stack/nova/nova/api/metadata/handler.py:84}}
