2026-06-11 08:06:18.194 7 INFO cinder.api.openstack.wsgi [None req-df9219a6-ce04-4c7a-b18a-502ae5d9245f 85d3db3884e0473189711c47f294cd8b 77ad7ac9150645e18d92d9ccee1d0506 - - default default] GET http://cinder-api.openstack.svc.cluster.local:8776/
2026-06-11 08:06:18.195 7 INFO cinder.api.openstack.wsgi [None req-df9219a6-ce04-4c7a-b18a-502ae5d9245f 85d3db3884e0473189711c47f294cd8b 77ad7ac9150645e18d92d9ccee1d0506 - - default default] http://cinder-api.openstack.svc.cluster.local:8776/ returned with HTTP 300 [pid: 7|app: 0|req: 387/762] 10.0.0.52 () {28 vars in 375 bytes} [Thu Jun 11 08:06:18 2026] GET / => generated 411 bytes in 1 msecs (HTTP/1.1 300) 5 headers in 169 bytes (1 switches on core 0)
2026-06-11 08:06:18.206 8 INFO cinder.api.openstack.wsgi [None req-e4eadb85-5593-4c95-852a-c8742f23fd83 afc30d6c72f841689a85f3995f9b7a8f d6f8df1b763c4ccf870241c22e08ba3a - - default default] GET http://cinder-api.openstack.svc.cluster.local:8776/
2026-06-11 08:06:18.208 8 INFO cinder.api.openstack.wsgi [None req-e4eadb85-5593-4c95-852a-c8742f23fd83 afc30d6c72f841689a85f3995f9b7a8f d6f8df1b763c4ccf870241c22e08ba3a - - default default] http://cinder-api.openstack.svc.cluster.local:8776/ returned with HTTP 300 [pid: 8|app: 0|req: 376/763] 10.0.0.52 () {28 vars in 375 bytes} [Thu Jun 11 08:06:18 2026] GET / => generated 411 bytes in 3 msecs (HTTP/1.1 300) 5 headers in 169 bytes (1 switches on core 0)
2026-06-11 08:06:18.774 7 INFO cinder.api.openstack.wsgi [req-083d12a0-c438-44b8-b77c-6ce1c0166e35 req-b76f97f2-f755-4d65-a91b-e080c4fed8a1 da7f1ceb945948f2869707a6f8ef6f3c 97b90e654b74442698ab1dc61043c3b8 - - default default] DELETE http://cinder-api.openstack.svc.cluster.local:8776/v3/97b90e654b74442698ab1dc61043c3b8/attachments/f6dd8d96-be4a-46ea-b657-de626395e7e6 /var/lib/openstack/lib/python3.12/site-packages/oslo_context/context.py:101: DeprecationWarning: Policy enforcement is depending on the value of is_admin. This key is deprecated. Please update your policy file to use the standard policy values. warnings.warn(
2026-06-11 08:06:19.085 8 INFO cinder.api.openstack.wsgi [None req-e4eadb85-5593-4c95-852a-c8742f23fd83 afc30d6c72f841689a85f3995f9b7a8f d6f8df1b763c4ccf870241c22e08ba3a - - default default] GET http://10.0.0.241:8776/
2026-06-11 08:06:19.086 8 INFO cinder.api.openstack.wsgi [None req-e4eadb85-5593-4c95-852a-c8742f23fd83 afc30d6c72f841689a85f3995f9b7a8f d6f8df1b763c4ccf870241c22e08ba3a - - default default] http://10.0.0.241:8776/ returned with HTTP 300
2026-06-11 08:06:19.087 8 INFO cinder.api.openstack.wsgi [None req-e4eadb85-5593-4c95-852a-c8742f23fd83 afc30d6c72f841689a85f3995f9b7a8f d6f8df1b763c4ccf870241c22e08ba3a - - default default] GET http://10.0.0.241:8776/
2026-06-11 08:06:19.088 8 INFO cinder.api.openstack.wsgi [None req-e4eadb85-5593-4c95-852a-c8742f23fd83 afc30d6c72f841689a85f3995f9b7a8f d6f8df1b763c4ccf870241c22e08ba3a - - default default] http://10.0.0.241:8776/ returned with HTTP 300
2026-06-11 08:06:19.232 8 INFO cinder.api.openstack.wsgi [None req-e4eadb85-5593-4c95-852a-c8742f23fd83 afc30d6c72f841689a85f3995f9b7a8f d6f8df1b763c4ccf870241c22e08ba3a - - default default] GET http://cinder-api.openstack.svc.cluster.local:8776/
2026-06-11 08:06:19.233 8 INFO cinder.api.openstack.wsgi [None req-e4eadb85-5593-4c95-852a-c8742f23fd83 afc30d6c72f841689a85f3995f9b7a8f d6f8df1b763c4ccf870241c22e08ba3a - - default default] http://cinder-api.openstack.svc.cluster.local:8776/ returned with HTTP 300 [pid: 8|app: 0|req: 379/766] 10.0.0.52 () {28 vars in 375 bytes} [Thu Jun 11 08:06:19 2026] GET / => generated 411 bytes in 1 msecs (HTTP/1.1 300) 5 headers in 169 bytes (1 switches on core 0)
2026-06-11 08:06:19.245 8 INFO cinder.api.openstack.wsgi [None req-84293732-4d5d-4bbc-9c95-aca3911eefcd 85d3db3884e0473189711c47f294cd8b 77ad7ac9150645e18d92d9ccee1d0506 - - default default] GET http://cinder-api.openstack.svc.cluster.local:8776/v3/77ad7ac9150645e18d92d9ccee1d0506/limits?tenant_id=77ad7ac9150645e18d92d9ccee1d0506
2026-06-11 08:06:19.283 8 INFO cinder.api.openstack.wsgi [None req-84293732-4d5d-4bbc-9c95-aca3911eefcd 85d3db3884e0473189711c47f294cd8b 77ad7ac9150645e18d92d9ccee1d0506 - - default default] http://cinder-api.openstack.svc.cluster.local:8776/v3/77ad7ac9150645e18d92d9ccee1d0506/limits?tenant_id=77ad7ac9150645e18d92d9ccee1d0506 returned with HTTP 200 [pid: 8|app: 0|req: 380/767] 10.0.0.52 () {34 vars in 878 bytes} [Thu Jun 11 08:06:19 2026] GET /v3/77ad7ac9150645e18d92d9ccee1d0506/limits?tenant_id=77ad7ac9150645e18d92d9ccee1d0506 => generated 302 bytes in 46 msecs (HTTP/1.1 200) 7 headers in 286 bytes (1 switches on core 0)
2026-06-11 08:06:19.358 7 INFO cinder.api.openstack.wsgi [req-083d12a0-c438-44b8-b77c-6ce1c0166e35 req-b76f97f2-f755-4d65-a91b-e080c4fed8a1 da7f1ceb945948f2869707a6f8ef6f3c 97b90e654b74442698ab1dc61043c3b8 - - default default] http://cinder-api.openstack.svc.cluster.local:8776/v3/97b90e654b74442698ab1dc61043c3b8/attachments/f6dd8d96-be4a-46ea-b657-de626395e7e6 returned with HTTP 200 [pid: 7|app: 0|req: 388/768] 199.204.45.148 () {38 vars in 1103 bytes} [Thu Jun 11 08:06:18 2026] DELETE /v3/97b90e654b74442698ab1dc61043c3b8/attachments/f6dd8d96-be4a-46ea-b657-de626395e7e6 => generated 19 bytes in 594 msecs (HTTP/1.1 200) 7 headers in 285 bytes (1 switches on core 0)
2026-06-11 08:06:19.371 8 INFO cinder.api.openstack.wsgi [req-083d12a0-c438-44b8-b77c-6ce1c0166e35 req-d5448921-617a-4732-8fc3-ea6a745ace4f da7f1ceb945948f2869707a6f8ef6f3c 97b90e654b74442698ab1dc61043c3b8 - - default default] DELETE http://cinder-api.openstack.svc.cluster.local:8776/v3/97b90e654b74442698ab1dc61043c3b8/volumes/2292cbe4-daed-4a56-9b57-cc764845a635
2026-06-11 08:06:19.372 8 INFO cinder.api.v3.volumes [req-083d12a0-c438-44b8-b77c-6ce1c0166e35 req-d5448921-617a-4732-8fc3-ea6a745ace4f da7f1ceb945948f2869707a6f8ef6f3c 97b90e654b74442698ab1dc61043c3b8 - - default default] Delete volume with id: 2292cbe4-daed-4a56-9b57-cc764845a635 /var/lib/openstack/lib/python3.12/site-packages/oslo_context/context.py:101: DeprecationWarning: Policy enforcement is depending on the value of is_admin. This key is deprecated. Please update your policy file to use the standard policy values. warnings.warn(
2026-06-11 08:06:19.384 8 INFO cinder.volume.api [req-083d12a0-c438-44b8-b77c-6ce1c0166e35 req-d5448921-617a-4732-8fc3-ea6a745ace4f da7f1ceb945948f2869707a6f8ef6f3c 97b90e654b74442698ab1dc61043c3b8 - - default default] Volume info retrieved successfully.
2026-06-11 08:06:19.416 8 INFO cinder.volume.api [req-083d12a0-c438-44b8-b77c-6ce1c0166e35 req-d5448921-617a-4732-8fc3-ea6a745ace4f da7f1ceb945948f2869707a6f8ef6f3c 97b90e654b74442698ab1dc61043c3b8 - - default default] Delete volume request issued successfully.
2026-06-11 08:06:19.417 8 INFO cinder.api.openstack.wsgi [req-083d12a0-c438-44b8-b77c-6ce1c0166e35 req-d5448921-617a-4732-8fc3-ea6a745ace4f da7f1ceb945948f2869707a6f8ef6f3c 97b90e654b74442698ab1dc61043c3b8 - - default default] http://cinder-api.openstack.svc.cluster.local:8776/v3/97b90e654b74442698ab1dc61043c3b8/volumes/2292cbe4-daed-4a56-9b57-cc764845a635 returned with HTTP 202 [pid: 8|app: 0|req: 381/769] 199.204.45.148 () {36 vars in 1054 bytes} [Thu Jun 11 08:06:19 2026] DELETE /v3/97b90e654b74442698ab1dc61043c3b8/volumes/2292cbe4-daed-4a56-9b57-cc764845a635 => generated 0 bytes in 52 msecs (HTTP/1.1 202) 6 headers in 233 bytes (1 switches on core 0)
2026-06-11 08:06:21.790 7 INFO cinder.api.openstack.wsgi [req-083d12a0-c438-44b8-b77c-6ce1c0166e35 req-b76f97f2-f755-4d65-a91b-e080c4fed8a1 da7f1ceb945948f2869707a6f8ef6f3c 97b90e654b74442698ab1dc61043c3b8 - - default default] GET http://cinder-api.openstack.svc.cluster.local:8776/
2026-06-11 08:06:21.791 7 INFO cinder.api.openstack.wsgi [req-083d12a0-c438-44b8-b77c-6ce1c0166e35 req-b76f97f2-f755-4d65-a91b-e080c4fed8a1 da7f1ceb945948f2869707a6f8ef6f3c 97b90e654b74442698ab1dc61043c3b8 - - default default] http://cinder-api.openstack.svc.cluster.local:8776/ returned with HTTP 300 [pid: 7|app: 0|req: 389/770] 10.0.0.52 () {28 vars in 375 bytes} [Thu Jun 11 08:06:21 2026] GET / => generated 411 bytes in 2 msecs (HTTP/1.1 300) 5 headers in 169 bytes (1 switches on core 0)
2026-06-11 08:06:21.798 8 INFO cinder.api.openstack.wsgi [req-083d12a0-c438-44b8-b77c-6ce1c0166e35 req-d5448921-617a-4732-8fc3-ea6a745ace4f da7f1ceb945948f2869707a6f8ef6f3c 97b90e654b74442698ab1dc61043c3b8 - - default default] GET http://cinder-api.openstack.svc.cluster.local:8776/
2026-06-11 08:06:21.799 8 INFO cinder.api.openstack.wsgi [req-083d12a0-c438-44b8-b77c-6ce1c0166e35 req-d5448921-617a-4732-8fc3-ea6a745ace4f da7f1ceb945948f2869707a6f8ef6f3c 97b90e654b74442698ab1dc61043c3b8 - - default default] http://cinder-api.openstack.svc.cluster.local:8776/ returned with HTTP 300 [pid: 8|app: 0|req: 382/771] 10.0.0.52 () {28 vars in 375 bytes} [Thu Jun 11 08:06:21 2026] GET / => generated 411 bytes in 2 msecs (HTTP/1.1 300) 5 headers in 169 bytes (1 switches on core 0)
2026-06-11 08:06:29.085 7 INFO cinder.api.openstack.wsgi [req-083d12a0-c438-44b8-b77c-6ce1c0166e35 req-b76f97f2-f755-4d65-a91b-e080c4fed8a1 da7f1ceb945948f2869707a6f8ef6f3c 97b90e654b74442698ab1dc61043c3b8 - - default default] GET http://10.0.0.241:8776/
2026-06-11 08:06:29.086 7 INFO cinder.api.openstack.wsgi [req-083d12a0-c438-44b8-b77c-6ce1c0166e35 req-b76f97f2-f755-4d65-a91b-e080c4fed8a1 da7f1ceb945948f2869707a6f8ef6f3c 97b90e654b74442698ab1dc61043c3b8 - - default default] http://10.0.0.241:8776/ returned with HTTP 300
2026-06-11 08:06:29.086 8 INFO cinder.api.openstack.wsgi [req-083d12a0-c438-44b8-b77c-6ce1c0166e35 req-d5448921-617a-4732-8fc3-ea6a745ace4f da7f1ceb945948f2869707a6f8ef6f3c 97b90e654b74442698ab1dc61043c3b8 - - default default] GET http://10.0.0.241:8776/
2026-06-11 08:06:29.088 8 INFO cinder.api.openstack.wsgi [req-083d12a0-c438-44b8-b77c-6ce1c0166e35 req-d5448921-617a-4732-8fc3-ea6a745ace4f da7f1ceb945948f2869707a6f8ef6f3c 97b90e654b74442698ab1dc61043c3b8 - - default default] http://10.0.0.241:8776/ returned with HTTP 300
2026-06-11 08:06:39.083 7 INFO cinder.api.openstack.wsgi [req-083d12a0-c438-44b8-b77c-6ce1c0166e35 req-b76f97f2-f755-4d65-a91b-e080c4fed8a1 da7f1ceb945948f2869707a6f8ef6f3c 97b90e654b74442698ab1dc61043c3b8 - - default default] GET http://10.0.0.241:8776/
2026-06-11 08:06:39.083 8 INFO cinder.api.openstack.wsgi [req-083d12a0-c438-44b8-b77c-6ce1c0166e35 req-d5448921-617a-4732-8fc3-ea6a745ace4f da7f1ceb945948f2869707a6f8ef6f3c 97b90e654b74442698ab1dc61043c3b8 - - default default] GET http://10.0.0.241:8776/
2026-06-11 08:06:39.084 7 INFO cinder.api.openstack.wsgi [req-083d12a0-c438-44b8-b77c-6ce1c0166e35 req-b76f97f2-f755-4d65-a91b-e080c4fed8a1 da7f1ceb945948f2869707a6f8ef6f3c 97b90e654b74442698ab1dc61043c3b8 - - default default] http://10.0.0.241:8776/ returned with HTTP 300
2026-06-11 08:06:39.084 8 INFO cinder.api.openstack.wsgi [req-083d12a0-c438-44b8-b77c-6ce1c0166e35 req-d5448921-617a-4732-8fc3-ea6a745ace4f da7f1ceb945948f2869707a6f8ef6f3c 97b90e654b74442698ab1dc61043c3b8 - - default default] http://10.0.0.241:8776/ returned with HTTP 300
2026-06-11 08:06:49.083 8 INFO cinder.api.openstack.wsgi [req-083d12a0-c438-44b8-b77c-6ce1c0166e35 req-d5448921-617a-4732-8fc3-ea6a745ace4f da7f1ceb945948f2869707a6f8ef6f3c 97b90e654b74442698ab1dc61043c3b8 - - default default] GET http://10.0.0.241:8776/
2026-06-11 08:06:49.083 7 INFO cinder.api.openstack.wsgi [req-083d12a0-c438-44b8-b77c-6ce1c0166e35 req-b76f97f2-f755-4d65-a91b-e080c4fed8a1 da7f1ceb945948f2869707a6f8ef6f3c 97b90e654b74442698ab1dc61043c3b8 - - default default] GET http://10.0.0.241:8776/
2026-06-11 08:06:49.084 8 INFO cinder.api.openstack.wsgi [req-083d12a0-c438-44b8-b77c-6ce1c0166e35 req-d5448921-617a-4732-8fc3-ea6a745ace4f da7f1ceb945948f2869707a6f8ef6f3c 97b90e654b74442698ab1dc61043c3b8 - - default default] http://10.0.0.241:8776/ returned with HTTP 300
2026-06-11 08:06:49.084 7 INFO cinder.api.openstack.wsgi [req-083d12a0-c438-44b8-b77c-6ce1c0166e35 req-b76f97f2-f755-4d65-a91b-e080c4fed8a1 da7f1ceb945948f2869707a6f8ef6f3c 97b90e654b74442698ab1dc61043c3b8 - - default default] http://10.0.0.241:8776/ returned with HTTP 300
2026-06-11 08:06:59.083 7 INFO cinder.api.openstack.wsgi [req-083d12a0-c438-44b8-b77c-6ce1c0166e35 req-b76f97f2-f755-4d65-a91b-e080c4fed8a1 da7f1ceb945948f2869707a6f8ef6f3c 97b90e654b74442698ab1dc61043c3b8 - - default default] GET http://10.0.0.241:8776/
2026-06-11 08:06:59.083 8 INFO cinder.api.openstack.wsgi [req-083d12a0-c438-44b8-b77c-6ce1c0166e35 req-d5448921-617a-4732-8fc3-ea6a745ace4f da7f1ceb945948f2869707a6f8ef6f3c 97b90e654b74442698ab1dc61043c3b8 - - default default] GET http://10.0.0.241:8776/
2026-06-11 08:06:59.083 7 INFO cinder.api.openstack.wsgi [req-083d12a0-c438-44b8-b77c-6ce1c0166e35 req-b76f97f2-f755-4d65-a91b-e080c4fed8a1 da7f1ceb945948f2869707a6f8ef6f3c 97b90e654b74442698ab1dc61043c3b8 - - default default] http://10.0.0.241:8776/ returned with HTTP 300
2026-06-11 08:06:59.084 8 INFO cinder.api.openstack.wsgi [req-083d12a0-c438-44b8-b77c-6ce1c0166e35 req-d5448921-617a-4732-8fc3-ea6a745ace4f da7f1ceb945948f2869707a6f8ef6f3c 97b90e654b74442698ab1dc61043c3b8 - - default default] http://10.0.0.241:8776/ returned with HTTP 300
2026-06-11 08:07:09.083 8 INFO cinder.api.openstack.wsgi [req-083d12a0-c438-44b8-b77c-6ce1c0166e35 req-d5448921-617a-4732-8fc3-ea6a745ace4f da7f1ceb945948f2869707a6f8ef6f3c 97b90e654b74442698ab1dc61043c3b8 - - default default] GET http://10.0.0.241:8776/
2026-06-11 08:07:09.084 8 INFO cinder.api.openstack.wsgi [req-083d12a0-c438-44b8-b77c-6ce1c0166e35 req-d5448921-617a-4732-8fc3-ea6a745ace4f da7f1ceb945948f2869707a6f8ef6f3c 97b90e654b74442698ab1dc61043c3b8 - - default default] http://10.0.0.241:8776/ returned with HTTP 300
2026-06-11 08:07:09.084 7 INFO cinder.api.openstack.wsgi [req-083d12a0-c438-44b8-b77c-6ce1c0166e35 req-b76f97f2-f755-4d65-a91b-e080c4fed8a1 da7f1ceb945948f2869707a6f8ef6f3c 97b90e654b74442698ab1dc61043c3b8 - - default default] GET http://10.0.0.241:8776/
2026-06-11 08:07:09.089 7 INFO cinder.api.openstack.wsgi [req-083d12a0-c438-44b8-b77c-6ce1c0166e35 req-b76f97f2-f755-4d65-a91b-e080c4fed8a1 da7f1ceb945948f2869707a6f8ef6f3c 97b90e654b74442698ab1dc61043c3b8 - - default default] http://10.0.0.241:8776/ returned with HTTP 300 /var/lib/openstack/lib/python3.12/site-packages/pycadf/identifier.py:70: UserWarning: Invalid uuid: cinderv3. To ensure interoperability, identifiers should be a valid uuid. warnings.warn(('Invalid uuid: %s. To ensure interoperability, '
2026-06-11 08:07:11.728 8 INFO cinder.api.openstack.wsgi [None req-b2c30074-d996-4d6f-9ebf-3694ff0c1db6 ed3d0af0ad904e3cb2f61bb66a5f219c e3ca24d93aea46b9b887b72b6057433f - - default default] GET http://cinder-api.openstack.svc.cluster.local:8776/v3/e3ca24d93aea46b9b887b72b6057433f/snapshots?all_tenants=true
2026-06-11 08:07:11.740 8 INFO cinder.volume.api [None req-b2c30074-d996-4d6f-9ebf-3694ff0c1db6 ed3d0af0ad904e3cb2f61bb66a5f219c e3ca24d93aea46b9b887b72b6057433f - - default default] Get all snapshots completed successfully.
2026-06-11 08:07:11.740 8 INFO cinder.api.openstack.wsgi [None req-b2c30074-d996-4d6f-9ebf-3694ff0c1db6 ed3d0af0ad904e3cb2f61bb66a5f219c e3ca24d93aea46b9b887b72b6057433f - - default default] http://cinder-api.openstack.svc.cluster.local:8776/v3/e3ca24d93aea46b9b887b72b6057433f/snapshots?all_tenants=true returned with HTTP 200 [pid: 8|app: 0|req: 388/782] 10.0.0.106 () {28 vars in 674 bytes} [Thu Jun 11 08:07:11 2026] GET /v3/e3ca24d93aea46b9b887b72b6057433f/snapshots?all_tenants=true => generated 17 bytes in 139 msecs (HTTP/1.1 200) 7 headers in 284 bytes (1 switches on core 0) /var/lib/openstack/lib/python3.12/site-packages/pycadf/identifier.py:70: UserWarning: Invalid uuid: cinderv3. To ensure interoperability, identifiers should be a valid uuid. warnings.warn(('Invalid uuid: %s. To ensure interoperability, '
2026-06-11 08:07:11.754 7 INFO cinder.api.openstack.wsgi [None req-12fa0c99-fe3d-4045-b926-3bf71145bdcb ed3d0af0ad904e3cb2f61bb66a5f219c e3ca24d93aea46b9b887b72b6057433f - - default default] GET http://cinder-api.openstack.svc.cluster.local:8776/v3/e3ca24d93aea46b9b887b72b6057433f/os-services /var/lib/openstack/lib/python3.12/site-packages/oslo_context/context.py:101: DeprecationWarning: Policy enforcement is depending on the value of is_admin. This key is deprecated. Please update your policy file to use the standard policy values. warnings.warn(
2026-06-11 08:07:11.761 7 INFO cinder.api.openstack.wsgi [None req-12fa0c99-fe3d-4045-b926-3bf71145bdcb ed3d0af0ad904e3cb2f61bb66a5f219c e3ca24d93aea46b9b887b72b6057433f - - default default] http://cinder-api.openstack.svc.cluster.local:8776/v3/e3ca24d93aea46b9b887b72b6057433f/os-services returned with HTTP 200 [pid: 7|app: 0|req: 395/783] 10.0.0.106 () {28 vars in 645 bytes} [Thu Jun 11 08:07:11 2026] GET /v3/e3ca24d93aea46b9b887b72b6057433f/os-services => generated 646 bytes in 16 msecs (HTTP/1.1 200) 7 headers in 285 bytes (1 switches on core 0)
2026-06-11 08:07:11.783 8 INFO cinder.api.openstack.wsgi [None req-082db23d-25ab-4cc9-87d4-2d7947272377 ed3d0af0ad904e3cb2f61bb66a5f219c e3ca24d93aea46b9b887b72b6057433f - - default default] GET http://cinder-api.openstack.svc.cluster.local:8776/v3/e3ca24d93aea46b9b887b72b6057433f/volumes/detail?all_tenants=true
2026-06-11 08:07:11.794 8 INFO cinder.volume.api [None req-082db23d-25ab-4cc9-87d4-2d7947272377 ed3d0af0ad904e3cb2f61bb66a5f219c e3ca24d93aea46b9b887b72b6057433f - - default default] Get all volumes completed successfully.
2026-06-11 08:07:11.797 8 INFO cinder.api.openstack.wsgi [None req-082db23d-25ab-4cc9-87d4-2d7947272377 ed3d0af0ad904e3cb2f61bb66a5f219c e3ca24d93aea46b9b887b72b6057433f - - default default] http://cinder-api.openstack.svc.cluster.local:8776/v3/e3ca24d93aea46b9b887b72b6057433f/volumes/detail?all_tenants=true returned with HTTP 200 [pid: 8|app: 0|req: 389/784] 10.0.0.106 () {28 vars in 684 bytes} [Thu Jun 11 08:07:11 2026] GET /v3/e3ca24d93aea46b9b887b72b6057433f/volumes/detail?all_tenants=true => generated 15 bytes in 33 msecs (HTTP/1.1 200) 7 headers in 284 bytes (1 switches on core 0)
2026-06-11 08:07:11.813 7 INFO cinder.api.openstack.wsgi [None req-d833001e-ee97-47e6-98a5-81854ebbd7f1 ed3d0af0ad904e3cb2f61bb66a5f219c e3ca24d93aea46b9b887b72b6057433f - - default default] GET http://cinder-api.openstack.svc.cluster.local:8776/v3/e3ca24d93aea46b9b887b72b6057433f/scheduler-stats/get_pools?detail=true
2026-06-11 08:07:12.317 7 INFO cinder.api.openstack.wsgi [None req-d833001e-ee97-47e6-98a5-81854ebbd7f1 ed3d0af0ad904e3cb2f61bb66a5f219c e3ca24d93aea46b9b887b72b6057433f - - default default] http://cinder-api.openstack.svc.cluster.local:8776/v3/e3ca24d93aea46b9b887b72b6057433f/scheduler-stats/get_pools?detail=true returned with HTTP 200 [pid: 7|app: 0|req: 396/785] 10.0.0.106 () {28 vars in 696 bytes} [Thu Jun 11 08:07:11 2026] GET /v3/e3ca24d93aea46b9b887b72b6057433f/scheduler-stats/get_pools?detail=true => generated 670 bytes in 516 msecs (HTTP/1.1 200) 7 headers in 285 bytes (1 switches on core 0)
2026-06-11 08:07:12.361 8 INFO cinder.api.openstack.wsgi [None req-11811917-38a6-42d1-8fb0-d2f704714035 ed3d0af0ad904e3cb2f61bb66a5f219c e3ca24d93aea46b9b887b72b6057433f - - default default] GET http://cinder-api.openstack.svc.cluster.local:8776/v3/e3ca24d93aea46b9b887b72b6057433f/os-quota-sets/2b318de665f94292bf6c36b4c24ad8c4?usage=true
2026-06-11 08:07:12.391 8 INFO cinder.api.openstack.wsgi [None req-11811917-38a6-42d1-8fb0-d2f704714035 ed3d0af0ad904e3cb2f61bb66a5f219c e3ca24d93aea46b9b887b72b6057433f - - default default] http://cinder-api.openstack.svc.cluster.local:8776/v3/e3ca24d93aea46b9b887b72b6057433f/os-quota-sets/2b318de665f94292bf6c36b4c24ad8c4?usage=true returned with HTTP 200 [pid: 8|app: 0|req: 390/786] 10.0.0.106 () {28 vars in 736 bytes} [Thu Jun 11 08:07:12 2026] GET /v3/e3ca24d93aea46b9b887b72b6057433f/os-quota-sets/2b318de665f94292bf6c36b4c24ad8c4?usage=true => generated 847 bytes in 40 msecs (HTTP/1.1 200) 7 headers in 285 bytes (1 switches on core 0)
2026-06-11 08:07:12.399 7 INFO cinder.api.openstack.wsgi [None req-b3440894-9499-4669-a518-271e99974577 ed3d0af0ad904e3cb2f61bb66a5f219c e3ca24d93aea46b9b887b72b6057433f - - default default] GET http://cinder-api.openstack.svc.cluster.local:8776/v3/e3ca24d93aea46b9b887b72b6057433f/os-quota-sets/311c666d77704c91a85f1d1b62cdc5b3?usage=true
2026-06-11 08:07:12.420 7 INFO cinder.api.openstack.wsgi [None req-b3440894-9499-4669-a518-271e99974577 ed3d0af0ad904e3cb2f61bb66a5f219c e3ca24d93aea46b9b887b72b6057433f - - default default] http://cinder-api.openstack.svc.cluster.local:8776/v3/e3ca24d93aea46b9b887b72b6057433f/os-quota-sets/311c666d77704c91a85f1d1b62cdc5b3?usage=true returned with HTTP 200 [pid: 7|app: 0|req: 397/787] 10.0.0.106 () {28 vars in 736 bytes} [Thu Jun 11 08:07:12 2026] GET /v3/e3ca24d93aea46b9b887b72b6057433f/os-quota-sets/311c666d77704c91a85f1d1b62cdc5b3?usage=true => generated 847 bytes in 26 msecs (HTTP/1.1 200) 7 headers in 285 bytes (1 switches on core 0)
2026-06-11 08:07:12.435 8 INFO cinder.api.openstack.wsgi [None req-ad0e8e6a-f09d-466f-85f0-f2a8b8da4dcb ed3d0af0ad904e3cb2f61bb66a5f219c e3ca24d93aea46b9b887b72b6057433f - - default default] GET http://cinder-api.openstack.svc.cluster.local:8776/v3/e3ca24d93aea46b9b887b72b6057433f/os-quota-sets/329d68e786484c8086abca56b5867415?usage=true
2026-06-11 08:07:12.478 8 INFO cinder.api.openstack.wsgi [None req-ad0e8e6a-f09d-466f-85f0-f2a8b8da4dcb ed3d0af0ad904e3cb2f61bb66a5f219c e3ca24d93aea46b9b887b72b6057433f - - default default] http://cinder-api.openstack.svc.cluster.local:8776/v3/e3ca24d93aea46b9b887b72b6057433f/os-quota-sets/329d68e786484c8086abca56b5867415?usage=true returned with HTTP 200 [pid: 8|app: 0|req: 391/788] 10.0.0.106 () {28 vars in 736 bytes} [Thu Jun 11 08:07:12 2026] GET /v3/e3ca24d93aea46b9b887b72b6057433f/os-quota-sets/329d68e786484c8086abca56b5867415?usage=true => generated 847 bytes in 56 msecs (HTTP/1.1 200) 7 headers in 285 bytes (1 switches on core 0)
2026-06-11 08:07:12.492 7 INFO cinder.api.openstack.wsgi [None req-ebdcfa4d-ccdd-4f9e-a783-24b08ddbf97a ed3d0af0ad904e3cb2f61bb66a5f219c e3ca24d93aea46b9b887b72b6057433f - - default default] GET http://cinder-api.openstack.svc.cluster.local:8776/v3/e3ca24d93aea46b9b887b72b6057433f/os-quota-sets/55633f9fe11d43e2ac501752d6ce5d40?usage=true
2026-06-11 08:07:12.525 7 INFO cinder.api.openstack.wsgi [None req-ebdcfa4d-ccdd-4f9e-a783-24b08ddbf97a ed3d0af0ad904e3cb2f61bb66a5f219c e3ca24d93aea46b9b887b72b6057433f - - default default] http://cinder-api.openstack.svc.cluster.local:8776/v3/e3ca24d93aea46b9b887b72b6057433f/os-quota-sets/55633f9fe11d43e2ac501752d6ce5d40?usage=true returned with HTTP 200 [pid: 7|app: 0|req: 398/789] 10.0.0.106 () {28 vars in 736 bytes} [Thu Jun 11 08:07:12 2026] GET /v3/e3ca24d93aea46b9b887b72b6057433f/os-quota-sets/55633f9fe11d43e2ac501752d6ce5d40?usage=true => generated 845 bytes in 42 msecs (HTTP/1.1 200) 7 headers in 285 bytes (1 switches on core 0)
2026-06-11 08:07:12.538 8 INFO cinder.api.openstack.wsgi [None req-c4ffc1bf-e8c1-4465-bd02-089f18d83231 ed3d0af0ad904e3cb2f61bb66a5f219c e3ca24d93aea46b9b887b72b6057433f - - default default] GET http://cinder-api.openstack.svc.cluster.local:8776/v3/e3ca24d93aea46b9b887b72b6057433f/os-quota-sets/63a4ed82338e44d3904c2f237a2c1ef6?usage=true
2026-06-11 08:07:12.560 8 INFO cinder.api.openstack.wsgi [None req-c4ffc1bf-e8c1-4465-bd02-089f18d83231 ed3d0af0ad904e3cb2f61bb66a5f219c e3ca24d93aea46b9b887b72b6057433f - - default default] http://cinder-api.openstack.svc.cluster.local:8776/v3/e3ca24d93aea46b9b887b72b6057433f/os-quota-sets/63a4ed82338e44d3904c2f237a2c1ef6?usage=true returned with HTTP 200 [pid: 8|app: 0|req: 392/790] 10.0.0.106 () {28 vars in 736 bytes} [Thu Jun 11 08:07:12 2026] GET /v3/e3ca24d93aea46b9b887b72b6057433f/os-quota-sets/63a4ed82338e44d3904c2f237a2c1ef6?usage=true => generated 847 bytes in 31 msecs (HTTP/1.1 200) 7 headers in 285 bytes (1 switches on core 0)
2026-06-11 08:07:12.572 7 INFO cinder.api.openstack.wsgi [None req-fd1227e8-49fa-43c5-b9ed-f0fb52314de9 ed3d0af0ad904e3cb2f61bb66a5f219c e3ca24d93aea46b9b887b72b6057433f - - default default] GET http://cinder-api.openstack.svc.cluster.local:8776/v3/e3ca24d93aea46b9b887b72b6057433f/os-quota-sets/846459cdea624fd89c69598443be6463?usage=true
2026-06-11 08:07:12.599 7 INFO cinder.api.openstack.wsgi [None req-fd1227e8-49fa-43c5-b9ed-f0fb52314de9 ed3d0af0ad904e3cb2f61bb66a5f219c e3ca24d93aea46b9b887b72b6057433f - - default default] http://cinder-api.openstack.svc.cluster.local:8776/v3/e3ca24d93aea46b9b887b72b6057433f/os-quota-sets/846459cdea624fd89c69598443be6463?usage=true returned with HTTP 200 [pid: 7|app: 0|req: 399/791] 10.0.0.106 () {28 vars in 736 bytes} [Thu Jun 11 08:07:12 2026] GET /v3/e3ca24d93aea46b9b887b72b6057433f/os-quota-sets/846459cdea624fd89c69598443be6463?usage=true => generated 847 bytes in 35 msecs (HTTP/1.1 200) 7 headers in 285 bytes (1 switches on core 0)
2026-06-11 08:07:12.615 8 INFO cinder.api.openstack.wsgi [None req-816d72ae-63e2-44f9-ab13-eef2322cf3d8 ed3d0af0ad904e3cb2f61bb66a5f219c e3ca24d93aea46b9b887b72b6057433f - - default default] GET http://cinder-api.openstack.svc.cluster.local:8776/v3/e3ca24d93aea46b9b887b72b6057433f/os-quota-sets/99983d9201514b82ace68f87adf06c01?usage=true
2026-06-11 08:07:12.647 8 INFO cinder.api.openstack.wsgi [None req-816d72ae-63e2-44f9-ab13-eef2322cf3d8 ed3d0af0ad904e3cb2f61bb66a5f219c e3ca24d93aea46b9b887b72b6057433f - - default default] http://cinder-api.openstack.svc.cluster.local:8776/v3/e3ca24d93aea46b9b887b72b6057433f/os-quota-sets/99983d9201514b82ace68f87adf06c01?usage=true returned with HTTP 200 [pid: 8|app: 0|req: 393/792] 10.0.0.106 () {28 vars in 736 bytes} [Thu Jun 11 08:07:12 2026] GET /v3/e3ca24d93aea46b9b887b72b6057433f/os-quota-sets/99983d9201514b82ace68f87adf06c01?usage=true => generated 847 bytes in 41 msecs (HTTP/1.1 200) 7 headers in 285 bytes (1 switches on core 0)
2026-06-11 08:07:12.662 7 INFO cinder.api.openstack.wsgi [None req-e9a15b2e-abff-4f15-bd96-f2693d09b69a ed3d0af0ad904e3cb2f61bb66a5f219c e3ca24d93aea46b9b887b72b6057433f - - default default] GET http://cinder-api.openstack.svc.cluster.local:8776/v3/e3ca24d93aea46b9b887b72b6057433f/os-quota-sets/e3ca24d93aea46b9b887b72b6057433f?usage=true
2026-06-11 08:07:12.691 7 INFO cinder.api.openstack.wsgi [None req-e9a15b2e-abff-4f15-bd96-f2693d09b69a ed3d0af0ad904e3cb2f61bb66a5f219c e3ca24d93aea46b9b887b72b6057433f - - default default] http://cinder-api.openstack.svc.cluster.local:8776/v3/e3ca24d93aea46b9b887b72b6057433f/os-quota-sets/e3ca24d93aea46b9b887b72b6057433f?usage=true returned with HTTP 200 [pid: 7|app: 0|req: 400/793] 10.0.0.106 () {28 vars in 736 bytes} [Thu Jun 11 08:07:12 2026] GET /v3/e3ca24d93aea46b9b887b72b6057433f/os-quota-sets/e3ca24d93aea46b9b887b72b6057433f?usage=true => generated 845 bytes in 40 msecs (HTTP/1.1 200) 7 headers in 285 bytes (1 switches on core 0)
2026-06-11 08:07:12.703 8 INFO cinder.api.openstack.wsgi [None req-baa98692-9de0-4f0c-87ee-9c118dac2fba ed3d0af0ad904e3cb2f61bb66a5f219c e3ca24d93aea46b9b887b72b6057433f - - default default] GET http://cinder-api.openstack.svc.cluster.local:8776/v3/e3ca24d93aea46b9b887b72b6057433f/os-quota-sets/f9a92f6b2cf648419f1cfc4bd62f4cf8?usage=true
2026-06-11 08:07:12.726 8 INFO cinder.api.openstack.wsgi [None req-baa98692-9de0-4f0c-87ee-9c118dac2fba ed3d0af0ad904e3cb2f61bb66a5f219c e3ca24d93aea46b9b887b72b6057433f - - default default] http://cinder-api.openstack.svc.cluster.local:8776/v3/e3ca24d93aea46b9b887b72b6057433f/os-quota-sets/f9a92f6b2cf648419f1cfc4bd62f4cf8?usage=true returned with HTTP 200 [pid: 8|app: 0|req: 394/794] 10.0.0.106 () {28 vars in 736 bytes} [Thu Jun 11 08:07:12 2026] GET /v3/e3ca24d93aea46b9b887b72b6057433f/os-quota-sets/f9a92f6b2cf648419f1cfc4bd62f4cf8?usage=true => generated 847 bytes in 31 msecs (HTTP/1.1 200) 7 headers in 285 bytes (1 switches on core 0)
2026-06-11 08:07:12.737 7 INFO cinder.api.openstack.wsgi [None req-b5210f57-cac8-495f-9c7d-fada810a26a7 ed3d0af0ad904e3cb2f61bb66a5f219c e3ca24d93aea46b9b887b72b6057433f - - default default] GET http://cinder-api.openstack.svc.cluster.local:8776/v3/e3ca24d93aea46b9b887b72b6057433f/volumes/detail?all_tenants=true
2026-06-11 08:07:12.745 7 INFO cinder.volume.api [None req-b5210f57-cac8-495f-9c7d-fada810a26a7 ed3d0af0ad904e3cb2f61bb66a5f219c e3ca24d93aea46b9b887b72b6057433f - - default default] Get all volumes completed successfully.
2026-06-11 08:07:12.746 7 INFO cinder.api.openstack.wsgi [None req-b5210f57-cac8-495f-9c7d-fada810a26a7 ed3d0af0ad904e3cb2f61bb66a5f219c e3ca24d93aea46b9b887b72b6057433f - - default default] http://cinder-api.openstack.svc.cluster.local:8776/v3/e3ca24d93aea46b9b887b72b6057433f/volumes/detail?all_tenants=true returned with HTTP 200 [pid: 7|app: 0|req: 401/795] 10.0.0.106 () {28 vars in 684 bytes} [Thu Jun 11 08:07:12 2026] GET /v3/e3ca24d93aea46b9b887b72b6057433f/volumes/detail?all_tenants=true => generated 15 bytes in 15 msecs (HTTP/1.1 200) 7 headers in 284 bytes (1 switches on core 0)
2026-06-11 08:07:19.083 7 INFO cinder.api.openstack.wsgi [None req-b5210f57-cac8-495f-9c7d-fada810a26a7 ed3d0af0ad904e3cb2f61bb66a5f219c e3ca24d93aea46b9b887b72b6057433f - - default default] GET http://10.0.0.241:8776/
2026-06-11 08:07:19.083 8 INFO cinder.api.openstack.wsgi [None req-baa98692-9de0-4f0c-87ee-9c118dac2fba ed3d0af0ad904e3cb2f61bb66a5f219c e3ca24d93aea46b9b887b72b6057433f - - default default] GET http://10.0.0.241:8776/
2026-06-11 08:07:19.085 7 INFO cinder.api.openstack.wsgi [None req-b5210f57-cac8-495f-9c7d-fada810a26a7 ed3d0af0ad904e3cb2f61bb66a5f219c e3ca24d93aea46b9b887b72b6057433f - - default default] http://10.0.0.241:8776/ returned with HTTP 300
2026-06-11 08:07:19.085 8 INFO cinder.api.openstack.wsgi [None req-baa98692-9de0-4f0c-87ee-9c118dac2fba ed3d0af0ad904e3cb2f61bb66a5f219c e3ca24d93aea46b9b887b72b6057433f - - default default] http://10.0.0.241:8776/ returned with HTTP 300
2026-06-11 08:07:29.082 7 INFO cinder.api.openstack.wsgi [None req-b5210f57-cac8-495f-9c7d-fada810a26a7 ed3d0af0ad904e3cb2f61bb66a5f219c e3ca24d93aea46b9b887b72b6057433f - - default default] GET http://10.0.0.241:8776/
2026-06-11 08:07:29.082 8 INFO cinder.api.openstack.wsgi [None req-baa98692-9de0-4f0c-87ee-9c118dac2fba ed3d0af0ad904e3cb2f61bb66a5f219c e3ca24d93aea46b9b887b72b6057433f - - default default] GET http://10.0.0.241:8776/
2026-06-11 08:07:29.083 8 INFO cinder.api.openstack.wsgi [None req-baa98692-9de0-4f0c-87ee-9c118dac2fba ed3d0af0ad904e3cb2f61bb66a5f219c e3ca24d93aea46b9b887b72b6057433f - - default default] http://10.0.0.241:8776/ returned with HTTP 300
2026-06-11 08:07:29.083 7 INFO cinder.api.openstack.wsgi [None req-b5210f57-cac8-495f-9c7d-fada810a26a7 ed3d0af0ad904e3cb2f61bb66a5f219c e3ca24d93aea46b9b887b72b6057433f - - default default] http://10.0.0.241:8776/ returned with HTTP 300
2026-06-11 08:07:36.717 8 INFO cinder.api.openstack.wsgi [None req-e7d97f54-8d88-4b81-bd8b-9446f764ddad 9a0be5b549a9439991281272d86abc96 bfdc00be7f3f4748a27fa588ba07b1be - - default default] POST http://cinder-api.openstack.svc.cluster.local:8776/v3/bfdc00be7f3f4748a27fa588ba07b1be/volumes
2026-06-11 08:07:36.721 8 INFO cinder.api.v3.volumes [None req-e7d97f54-8d88-4b81-bd8b-9446f764ddad 9a0be5b549a9439991281272d86abc96 bfdc00be7f3f4748a27fa588ba07b1be - - default default] Create volume of 1 GB
2026-06-11 08:07:36.729 8 INFO cinder.volume.api [None req-e7d97f54-8d88-4b81-bd8b-9446f764ddad 9a0be5b549a9439991281272d86abc96 bfdc00be7f3f4748a27fa588ba07b1be - - default default] Availability Zones retrieved successfully.
2026-06-11 08:07:36.748 7 INFO cinder.api.openstack.wsgi [None req-c7e98bf3-e2e9-4b83-9834-52ee67b455a8 fc1a9c18070a4f60b2fb77a39d53636f de22d24eac7249c28af5b8e76c78437b - - default default] POST http://cinder-api.openstack.svc.cluster.local:8776/v3/de22d24eac7249c28af5b8e76c78437b/volumes
2026-06-11 08:07:36.750 7 INFO cinder.api.v3.volumes [None req-c7e98bf3-e2e9-4b83-9834-52ee67b455a8 fc1a9c18070a4f60b2fb77a39d53636f de22d24eac7249c28af5b8e76c78437b - - default default] Create volume of 1 GB
2026-06-11 08:07:36.760 7 INFO cinder.volume.api [None req-c7e98bf3-e2e9-4b83-9834-52ee67b455a8 fc1a9c18070a4f60b2fb77a39d53636f de22d24eac7249c28af5b8e76c78437b - - default default] Availability Zones retrieved successfully.
2026-06-11 08:07:36.905 8 INFO cinder.volume.api [None req-e7d97f54-8d88-4b81-bd8b-9446f764ddad 9a0be5b549a9439991281272d86abc96 bfdc00be7f3f4748a27fa588ba07b1be - - default default] Create volume request issued successfully.
2026-06-11 08:07:36.906 8 INFO cinder.api.openstack.wsgi [None req-e7d97f54-8d88-4b81-bd8b-9446f764ddad 9a0be5b549a9439991281272d86abc96 bfdc00be7f3f4748a27fa588ba07b1be - - default default] http://cinder-api.openstack.svc.cluster.local:8776/v3/bfdc00be7f3f4748a27fa588ba07b1be/volumes returned with HTTP 202 [pid: 8|app: 0|req: 397/800] 10.0.0.168 () {34 vars in 723 bytes} [Thu Jun 11 08:07:36 2026] POST /v3/bfdc00be7f3f4748a27fa588ba07b1be/volumes => generated 871 bytes in 385 msecs (HTTP/1.1 202) 7 headers in 291 bytes (1 switches on core 0) /var/lib/openstack/lib/python3.12/site-packages/pycadf/identifier.py:70: UserWarning: Invalid uuid: cinderv3. To ensure interoperability, identifiers should be a valid uuid. warnings.warn(('Invalid uuid: %s. To ensure interoperability, '
2026-06-11 08:07:36.927 8 INFO cinder.api.openstack.wsgi [None req-3c3eac89-2aaf-4d9d-b199-a3e810d0028d 9a0be5b549a9439991281272d86abc96 bfdc00be7f3f4748a27fa588ba07b1be - - default default] GET http://cinder-api.openstack.svc.cluster.local:8776/v3/bfdc00be7f3f4748a27fa588ba07b1be/volumes/dadc4491-9e73-4c40-931b-e30750907468 /var/lib/openstack/lib/python3.12/site-packages/oslo_context/context.py:101: DeprecationWarning: Policy enforcement is depending on the value of is_admin. This key is deprecated. Please update your policy file to use the standard policy values. warnings.warn(
2026-06-11 08:07:36.961 8 INFO cinder.volume.api [None req-3c3eac89-2aaf-4d9d-b199-a3e810d0028d 9a0be5b549a9439991281272d86abc96 bfdc00be7f3f4748a27fa588ba07b1be - - default default] Volume info retrieved successfully.
2026-06-11 08:07:36.968 8 INFO cinder.api.openstack.wsgi [None req-3c3eac89-2aaf-4d9d-b199-a3e810d0028d 9a0be5b549a9439991281272d86abc96 bfdc00be7f3f4748a27fa588ba07b1be - - default default] http://cinder-api.openstack.svc.cluster.local:8776/v3/bfdc00be7f3f4748a27fa588ba07b1be/volumes/dadc4491-9e73-4c40-931b-e30750907468 returned with HTTP 200 [pid: 8|app: 0|req: 398/801] 10.0.0.168 () {32 vars in 775 bytes} [Thu Jun 11 08:07:36 2026] GET /v3/bfdc00be7f3f4748a27fa588ba07b1be/volumes/dadc4491-9e73-4c40-931b-e30750907468 => generated 939 bytes in 48 msecs (HTTP/1.1 200) 7 headers in 285 bytes (1 switches on core 0)
2026-06-11 08:07:37.125 7 INFO cinder.volume.api [None req-c7e98bf3-e2e9-4b83-9834-52ee67b455a8 fc1a9c18070a4f60b2fb77a39d53636f de22d24eac7249c28af5b8e76c78437b - - default default] Create volume request issued successfully.
2026-06-11 08:07:37.126 7 INFO cinder.api.openstack.wsgi [None req-c7e98bf3-e2e9-4b83-9834-52ee67b455a8 fc1a9c18070a4f60b2fb77a39d53636f de22d24eac7249c28af5b8e76c78437b - - default default] http://cinder-api.openstack.svc.cluster.local:8776/v3/de22d24eac7249c28af5b8e76c78437b/volumes returned with HTTP 202 [pid: 7|app: 0|req: 404/802] 10.0.0.168 () {34 vars in 722 bytes} [Thu Jun 11 08:07:36 2026] POST /v3/de22d24eac7249c28af5b8e76c78437b/volumes => generated 860 bytes in 476 msecs (HTTP/1.1 202) 7 headers in 291 bytes (1 switches on core 0) /var/lib/openstack/lib/python3.12/site-packages/pycadf/identifier.py:70: UserWarning: Invalid uuid: cinderv3. To ensure interoperability, identifiers should be a valid uuid. warnings.warn(('Invalid uuid: %s. To ensure interoperability, '
2026-06-11 08:07:37.148 8 INFO cinder.api.openstack.wsgi [None req-cdbd031e-001e-43b6-b747-8f3932e36b30 fc1a9c18070a4f60b2fb77a39d53636f de22d24eac7249c28af5b8e76c78437b - - default default] GET http://cinder-api.openstack.svc.cluster.local:8776/v3/de22d24eac7249c28af5b8e76c78437b/volumes/7778b164-73cb-4045-a74d-d7de7b7731db /var/lib/openstack/lib/python3.12/site-packages/oslo_context/context.py:101: DeprecationWarning: Policy enforcement is depending on the value of is_admin. This key is deprecated. Please update your policy file to use the standard policy values. warnings.warn(
2026-06-11 08:07:37.167 8 INFO cinder.volume.api [None req-cdbd031e-001e-43b6-b747-8f3932e36b30 fc1a9c18070a4f60b2fb77a39d53636f de22d24eac7249c28af5b8e76c78437b - - default default] Volume info retrieved successfully.
2026-06-11 08:07:37.174 8 INFO cinder.api.openstack.wsgi [None req-cdbd031e-001e-43b6-b747-8f3932e36b30 fc1a9c18070a4f60b2fb77a39d53636f de22d24eac7249c28af5b8e76c78437b - - default default] http://cinder-api.openstack.svc.cluster.local:8776/v3/de22d24eac7249c28af5b8e76c78437b/volumes/7778b164-73cb-4045-a74d-d7de7b7731db returned with HTTP 200 [pid: 8|app: 0|req: 399/803] 10.0.0.168 () {32 vars in 775 bytes} [Thu Jun 11 08:07:37 2026] GET /v3/de22d24eac7249c28af5b8e76c78437b/volumes/7778b164-73cb-4045-a74d-d7de7b7731db => generated 928 bytes in 33 msecs (HTTP/1.1 200) 7 headers in 285 bytes (1 switches on core 0) /var/lib/openstack/lib/python3.12/site-packages/pycadf/identifier.py:70: UserWarning: Invalid uuid: cinderv3. To ensure interoperability, identifiers should be a valid uuid. warnings.warn(('Invalid uuid: %s. To ensure interoperability, '
2026-06-11 08:07:37.991 7 INFO cinder.api.openstack.wsgi [None req-a6b091ac-a60e-4664-8a4a-f4c60ceb5a5d 9a0be5b549a9439991281272d86abc96 bfdc00be7f3f4748a27fa588ba07b1be - - default default] GET http://cinder-api.openstack.svc.cluster.local:8776/v3/bfdc00be7f3f4748a27fa588ba07b1be/volumes/dadc4491-9e73-4c40-931b-e30750907468 /var/lib/openstack/lib/python3.12/site-packages/oslo_context/context.py:101: DeprecationWarning: Policy enforcement is depending on the value of is_admin. This key is deprecated. Please update your policy file to use the standard policy values. warnings.warn(
2026-06-11 08:07:38.009 7 INFO cinder.volume.api [None req-a6b091ac-a60e-4664-8a4a-f4c60ceb5a5d 9a0be5b549a9439991281272d86abc96 bfdc00be7f3f4748a27fa588ba07b1be - - default default] Volume info retrieved successfully.
2026-06-11 08:07:38.017 7 INFO cinder.api.openstack.wsgi [None req-a6b091ac-a60e-4664-8a4a-f4c60ceb5a5d 9a0be5b549a9439991281272d86abc96 bfdc00be7f3f4748a27fa588ba07b1be - - default default] http://cinder-api.openstack.svc.cluster.local:8776/v3/bfdc00be7f3f4748a27fa588ba07b1be/volumes/dadc4491-9e73-4c40-931b-e30750907468 returned with HTTP 200 [pid: 7|app: 0|req: 405/804] 10.0.0.168 () {32 vars in 775 bytes} [Thu Jun 11 08:07:37 2026] GET /v3/bfdc00be7f3f4748a27fa588ba07b1be/volumes/dadc4491-9e73-4c40-931b-e30750907468 => generated 964 bytes in 34 msecs (HTTP/1.1 200) 7 headers in 285 bytes (1 switches on core 0) /var/lib/openstack/lib/python3.12/site-packages/pycadf/identifier.py:70: UserWarning: Invalid uuid: cinderv3. To ensure interoperability, identifiers should be a valid uuid. warnings.warn(('Invalid uuid: %s. To ensure interoperability, '
2026-06-11 08:07:38.034 8 INFO cinder.api.openstack.wsgi [None req-f002cec8-fad3-474a-ab1f-43144d1887b5 9a0be5b549a9439991281272d86abc96 bfdc00be7f3f4748a27fa588ba07b1be - - default default] GET http://cinder-api.openstack.svc.cluster.local:8776/v3/bfdc00be7f3f4748a27fa588ba07b1be/volumes/dadc4491-9e73-4c40-931b-e30750907468 /var/lib/openstack/lib/python3.12/site-packages/oslo_context/context.py:101: DeprecationWarning: Policy enforcement is depending on the value of is_admin. This key is deprecated. Please update your policy file to use the standard policy values. warnings.warn(
2026-06-11 08:07:38.046 8 INFO cinder.volume.api [None req-f002cec8-fad3-474a-ab1f-43144d1887b5 9a0be5b549a9439991281272d86abc96 bfdc00be7f3f4748a27fa588ba07b1be - - default default] Volume info retrieved successfully.
2026-06-11 08:07:38.051 8 INFO cinder.api.openstack.wsgi [None req-f002cec8-fad3-474a-ab1f-43144d1887b5 9a0be5b549a9439991281272d86abc96 bfdc00be7f3f4748a27fa588ba07b1be - - default default] http://cinder-api.openstack.svc.cluster.local:8776/v3/bfdc00be7f3f4748a27fa588ba07b1be/volumes/dadc4491-9e73-4c40-931b-e30750907468 returned with HTTP 200 [pid: 8|app: 0|req: 400/805] 10.0.0.168 () {32 vars in 775 bytes} [Thu Jun 11 08:07:38 2026] GET /v3/bfdc00be7f3f4748a27fa588ba07b1be/volumes/dadc4491-9e73-4c40-931b-e30750907468 => generated 964 bytes in 21 msecs (HTTP/1.1 200) 7 headers in 285 bytes (1 switches on core 0) /var/lib/openstack/lib/python3.12/site-packages/pycadf/identifier.py:70: UserWarning: Invalid uuid: cinderv3. To ensure interoperability, identifiers should be a valid uuid. warnings.warn(('Invalid uuid: %s. To ensure interoperability, '
2026-06-11 08:07:38.068 7 INFO cinder.api.openstack.wsgi [None req-07676478-a263-4af1-86d8-89371af2e24b 9a0be5b549a9439991281272d86abc96 bfdc00be7f3f4748a27fa588ba07b1be - - default default] PUT http://cinder-api.openstack.svc.cluster.local:8776/v3/bfdc00be7f3f4748a27fa588ba07b1be/volumes/dadc4491-9e73-4c40-931b-e30750907468 /var/lib/openstack/lib/python3.12/site-packages/oslo_context/context.py:101: DeprecationWarning: Policy enforcement is depending on the value of is_admin. This key is deprecated. Please update your policy file to use the standard policy values. warnings.warn(
2026-06-11 08:07:38.086 7 INFO cinder.volume.api [None req-07676478-a263-4af1-86d8-89371af2e24b 9a0be5b549a9439991281272d86abc96 bfdc00be7f3f4748a27fa588ba07b1be - - default default] Volume info retrieved successfully.
2026-06-11 08:07:38.095 7 INFO cinder.volume.api [None req-07676478-a263-4af1-86d8-89371af2e24b 9a0be5b549a9439991281272d86abc96 bfdc00be7f3f4748a27fa588ba07b1be - - default default] Volume updated successfully.
2026-06-11 08:07:38.095 7 INFO cinder.api.openstack.wsgi [None req-07676478-a263-4af1-86d8-89371af2e24b 9a0be5b549a9439991281272d86abc96 bfdc00be7f3f4748a27fa588ba07b1be - - default default] http://cinder-api.openstack.svc.cluster.local:8776/v3/bfdc00be7f3f4748a27fa588ba07b1be/volumes/dadc4491-9e73-4c40-931b-e30750907468 returned with HTTP 200 [pid: 7|app: 0|req: 406/806] 10.0.0.168 () {34 vars in 795 bytes} [Thu Jun 11 08:07:38 2026] PUT /v3/bfdc00be7f3f4748a27fa588ba07b1be/volumes/dadc4491-9e73-4c40-931b-e30750907468 => generated 896 bytes in 33 msecs (HTTP/1.1 200) 7 headers in 285 bytes (1 switches on core 0) /var/lib/openstack/lib/python3.12/site-packages/pycadf/identifier.py:70: UserWarning: Invalid uuid: cinderv3. To ensure interoperability, identifiers should be a valid uuid. warnings.warn(('Invalid uuid: %s. To ensure interoperability, '
2026-06-11 08:07:38.117 8 INFO cinder.api.openstack.wsgi [None req-216dab28-73f4-435b-a5c9-e63cc560a10e 9a0be5b549a9439991281272d86abc96 bfdc00be7f3f4748a27fa588ba07b1be - - default default] PUT http://cinder-api.openstack.svc.cluster.local:8776/v3/bfdc00be7f3f4748a27fa588ba07b1be/volumes/dadc4491-9e73-4c40-931b-e30750907468 /var/lib/openstack/lib/python3.12/site-packages/oslo_context/context.py:101: DeprecationWarning: Policy enforcement is depending on the value of is_admin. This key is deprecated. Please update your policy file to use the standard policy values. warnings.warn(
2026-06-11 08:07:38.142 8 INFO cinder.volume.api [None req-216dab28-73f4-435b-a5c9-e63cc560a10e 9a0be5b549a9439991281272d86abc96 bfdc00be7f3f4748a27fa588ba07b1be - - default default] Volume info retrieved successfully.
2026-06-11 08:07:38.153 8 INFO cinder.volume.api [None req-216dab28-73f4-435b-a5c9-e63cc560a10e 9a0be5b549a9439991281272d86abc96 bfdc00be7f3f4748a27fa588ba07b1be - - default default] Volume updated successfully.
2026-06-11 08:07:38.154 8 INFO cinder.api.openstack.wsgi [None req-216dab28-73f4-435b-a5c9-e63cc560a10e 9a0be5b549a9439991281272d86abc96 bfdc00be7f3f4748a27fa588ba07b1be - - default default] http://cinder-api.openstack.svc.cluster.local:8776/v3/bfdc00be7f3f4748a27fa588ba07b1be/volumes/dadc4491-9e73-4c40-931b-e30750907468 returned with HTTP 200 [pid: 8|app: 0|req: 401/807] 10.0.0.168 () {34 vars in 796 bytes} [Thu Jun 11 08:07:38 2026] PUT /v3/bfdc00be7f3f4748a27fa588ba07b1be/volumes/dadc4491-9e73-4c40-931b-e30750907468 => generated 935 bytes in 43 msecs (HTTP/1.1 200) 7 headers in 285 bytes (1 switches on core 0) /var/lib/openstack/lib/python3.12/site-packages/pycadf/identifier.py:70: UserWarning: Invalid uuid: cinderv3. To ensure interoperability, identifiers should be a valid uuid. warnings.warn(('Invalid uuid: %s. To ensure interoperability, '
2026-06-11 08:07:38.175 7 INFO cinder.api.openstack.wsgi [None req-bc426da8-185a-4c01-9285-e291632258e4 9a0be5b549a9439991281272d86abc96 bfdc00be7f3f4748a27fa588ba07b1be - - default default] GET http://cinder-api.openstack.svc.cluster.local:8776/v3/bfdc00be7f3f4748a27fa588ba07b1be/volumes/dadc4491-9e73-4c40-931b-e30750907468 /var/lib/openstack/lib/python3.12/site-packages/oslo_context/context.py:101: DeprecationWarning: Policy enforcement is depending on the value of is_admin. This key is deprecated. Please update your policy file to use the standard policy values. warnings.warn( /var/lib/openstack/lib/python3.12/site-packages/pycadf/identifier.py:70: UserWarning: Invalid uuid: cinderv3. To ensure interoperability, identifiers should be a valid uuid. warnings.warn(('Invalid uuid: %s. To ensure interoperability, '
2026-06-11 08:07:38.195 7 INFO cinder.volume.api [None req-bc426da8-185a-4c01-9285-e291632258e4 9a0be5b549a9439991281272d86abc96 bfdc00be7f3f4748a27fa588ba07b1be - - default default] Volume info retrieved successfully.
2026-06-11 08:07:38.197 8 INFO cinder.api.openstack.wsgi [None req-8bf21466-c1a4-49c7-a9d7-acd13fea2dc9 fc1a9c18070a4f60b2fb77a39d53636f de22d24eac7249c28af5b8e76c78437b - - default default] GET http://cinder-api.openstack.svc.cluster.local:8776/v3/de22d24eac7249c28af5b8e76c78437b/volumes/7778b164-73cb-4045-a74d-d7de7b7731db
2026-06-11 08:07:38.200 7 INFO cinder.api.openstack.wsgi [None req-bc426da8-185a-4c01-9285-e291632258e4 9a0be5b549a9439991281272d86abc96 bfdc00be7f3f4748a27fa588ba07b1be - - default default] http://cinder-api.openstack.svc.cluster.local:8776/v3/bfdc00be7f3f4748a27fa588ba07b1be/volumes/dadc4491-9e73-4c40-931b-e30750907468 returned with HTTP 200 [pid: 7|app: 0|req: 407/808] 10.0.0.168 () {32 vars in 775 bytes} [Thu Jun 11 08:07:38 2026] GET /v3/bfdc00be7f3f4748a27fa588ba07b1be/volumes/dadc4491-9e73-4c40-931b-e30750907468 => generated 1003 bytes in 31 msecs (HTTP/1.1 200) 7 headers in 286 bytes (1 switches on core 0) /var/lib/openstack/lib/python3.12/site-packages/pycadf/identifier.py:70: UserWarning: Invalid uuid: cinderv3. To ensure interoperability, identifiers should be a valid uuid. warnings.warn(('Invalid uuid: %s. To ensure interoperability, ' /var/lib/openstack/lib/python3.12/site-packages/oslo_context/context.py:101: DeprecationWarning: Policy enforcement is depending on the value of is_admin. This key is deprecated. Please update your policy file to use the standard policy values. warnings.warn(
2026-06-11 08:07:38.217 7 INFO cinder.api.openstack.wsgi [None req-d3d903f9-fbed-4cd3-9ff7-48384e180421 9a0be5b549a9439991281272d86abc96 bfdc00be7f3f4748a27fa588ba07b1be - - default default] POST http://cinder-api.openstack.svc.cluster.local:8776/v3/bfdc00be7f3f4748a27fa588ba07b1be/volumes
2026-06-11 08:07:38.220 7 INFO cinder.api.v3.volumes [None req-d3d903f9-fbed-4cd3-9ff7-48384e180421 9a0be5b549a9439991281272d86abc96 bfdc00be7f3f4748a27fa588ba07b1be - - default default] Create volume of 1 GB
2026-06-11 08:07:38.222 8 INFO cinder.volume.api [None req-8bf21466-c1a4-49c7-a9d7-acd13fea2dc9 fc1a9c18070a4f60b2fb77a39d53636f de22d24eac7249c28af5b8e76c78437b - - default default] Volume info retrieved successfully.
2026-06-11 08:07:38.225 7 INFO cinder.volume.api [None req-d3d903f9-fbed-4cd3-9ff7-48384e180421 9a0be5b549a9439991281272d86abc96 bfdc00be7f3f4748a27fa588ba07b1be - - default default] Availability Zones retrieved successfully.
2026-06-11 08:07:38.228 8 INFO cinder.api.openstack.wsgi [None req-8bf21466-c1a4-49c7-a9d7-acd13fea2dc9 fc1a9c18070a4f60b2fb77a39d53636f de22d24eac7249c28af5b8e76c78437b - - default default] http://cinder-api.openstack.svc.cluster.local:8776/v3/de22d24eac7249c28af5b8e76c78437b/volumes/7778b164-73cb-4045-a74d-d7de7b7731db returned with HTTP 200 [pid: 8|app: 0|req: 402/809] 10.0.0.168 () {32 vars in 775 bytes} [Thu Jun 11 08:07:38 2026] GET /v3/de22d24eac7249c28af5b8e76c78437b/volumes/7778b164-73cb-4045-a74d-d7de7b7731db => generated 953 bytes in 38 msecs (HTTP/1.1 200) 7 headers in 285 bytes (1 switches on core 0)
2026-06-11 08:07:38.375 7 INFO cinder.volume.api [None req-d3d903f9-fbed-4cd3-9ff7-48384e180421 9a0be5b549a9439991281272d86abc96 bfdc00be7f3f4748a27fa588ba07b1be - - default default] Create volume request issued successfully.
2026-06-11 08:07:38.376 7 INFO cinder.api.openstack.wsgi [None req-d3d903f9-fbed-4cd3-9ff7-48384e180421 9a0be5b549a9439991281272d86abc96 bfdc00be7f3f4748a27fa588ba07b1be - - default default] http://cinder-api.openstack.svc.cluster.local:8776/v3/bfdc00be7f3f4748a27fa588ba07b1be/volumes returned with HTTP 202 [pid: 7|app: 0|req: 408/810] 10.0.0.168 () {34 vars in 723 bytes} [Thu Jun 11 08:07:38 2026] POST /v3/bfdc00be7f3f4748a27fa588ba07b1be/volumes => generated 890 bytes in 163 msecs (HTTP/1.1 202) 7 headers in 291 bytes (1 switches on core 0) /var/lib/openstack/lib/python3.12/site-packages/pycadf/identifier.py:70: UserWarning: Invalid uuid: cinderv3. To ensure interoperability, identifiers should be a valid uuid. warnings.warn(('Invalid uuid: %s. To ensure interoperability, '
