2026-04-14 06:14:56.642 8 INFO neutron.api.extensions [None req-fa0847a2-e9f5-4cb8-ad3f-daef247aeabb - - - - - -] Loaded extension: qos-pps-minimum
2026-04-14 06:14:56.642 7 INFO neutron.api.extensions [None req-efc6c68f-d4fe-4216-abff-207676516238 - - - - - -] Loaded extension: vpn-endpoint-groups
2026-04-14 06:14:56.643 8 INFO neutron.api.extensions [None req-fa0847a2-e9f5-4cb8-ad3f-daef247aeabb - - - - - -] Loaded extension: qos-pps-minimum-rule-alias
2026-04-14 06:14:56.643 7 INFO neutron.api.extensions [None req-efc6c68f-d4fe-4216-abff-207676516238 - - - - - -] Loaded extension: vpn-flavors
2026-04-14 06:14:56.643 8 INFO neutron.api.extensions [None req-fa0847a2-e9f5-4cb8-ad3f-daef247aeabb - - - - - -] Loaded extension: qos-pps
2026-04-14 06:14:56.644 8 INFO neutron.api.extensions [None req-fa0847a2-e9f5-4cb8-ad3f-daef247aeabb - - - - - -] Loaded extension: qos-rule-type-details
2026-04-14 06:14:56.644 7 INFO neutron.api.extensions [None req-efc6c68f-d4fe-4216-abff-207676516238 - - - - - -] Loaded extension: vpnaas
2026-04-14 06:14:56.645 8 INFO neutron.api.extensions [None req-fa0847a2-e9f5-4cb8-ad3f-daef247aeabb - - - - - -] Loaded extension: qos-rule-type-filter
2026-04-14 06:14:56.645 8 INFO neutron.api.extensions [None req-fa0847a2-e9f5-4cb8-ad3f-daef247aeabb - - - - - -] Loaded extension: qos-rules-alias
2026-04-14 06:14:56.646 8 INFO neutron.api.extensions [None req-fa0847a2-e9f5-4cb8-ad3f-daef247aeabb - - - - - -] Loaded extension: quota-check-limit
2026-04-14 06:14:56.646 7 INFO neutron.quota.resource_registry [None req-efc6c68f-d4fe-4216-abff-207676516238 - - - - - -] Creating instance of TrackedResource for resource:network
2026-04-14 06:14:56.646 7 INFO neutron.quota.resource_registry [None req-efc6c68f-d4fe-4216-abff-207676516238 - - - - - -] Creating instance of TrackedResource for resource:subnet
2026-04-14 06:14:56.647 7 INFO neutron.quota.resource_registry [None req-efc6c68f-d4fe-4216-abff-207676516238 - - - - - -] Creating instance of TrackedResource for resource:subnetpool
2026-04-14 06:14:56.647 7 INFO neutron.quota.resource_registry [None req-efc6c68f-d4fe-4216-abff-207676516238 - - - - - -] Creating instance of TrackedResource for resource:port
2026-04-14 06:14:56.647 8 INFO neutron.api.extensions [None req-fa0847a2-e9f5-4cb8-ad3f-daef247aeabb - - - - - -] Loaded extension: quotas
2026-04-14 06:14:56.648 7 INFO neutron.quota.resource_registry [None req-efc6c68f-d4fe-4216-abff-207676516238 - - - - - -] Creating instance of TrackedResource for resource:router
2026-04-14 06:14:56.648 7 INFO neutron.quota.resource_registry [None req-efc6c68f-d4fe-4216-abff-207676516238 - - - - - -] Creating instance of TrackedResource for resource:floatingip
2026-04-14 06:14:56.648 8 INFO neutron.api.extensions [None req-fa0847a2-e9f5-4cb8-ad3f-daef247aeabb - - - - - -] Loaded extension: quota_details
2026-04-14 06:14:56.650 8 INFO neutron.api.extensions [None req-fa0847a2-e9f5-4cb8-ad3f-daef247aeabb - - - - - -] Loaded extension: rbac-policies
2026-04-14 06:14:56.650 8 INFO neutron.api.extensions [None req-fa0847a2-e9f5-4cb8-ad3f-daef247aeabb - - - - - -] Loaded extension: rbac-address-group
2026-04-14 06:14:56.650 7 INFO neutron.quota.resource_registry [None req-efc6c68f-d4fe-4216-abff-207676516238 - - - - - -] Creating instance of CountableResource for resource:rbac_policy
2026-04-14 06:14:56.651 7 INFO neutron.quota.resource_registry [None req-efc6c68f-d4fe-4216-abff-207676516238 - - - - - -] Creating instance of TrackedResource for resource:security_group
2026-04-14 06:14:56.651 8 INFO neutron.api.extensions [None req-fa0847a2-e9f5-4cb8-ad3f-daef247aeabb - - - - - -] Loaded extension: rbac-address-scope
2026-04-14 06:14:56.651 7 INFO neutron.quota.resource_registry [None req-efc6c68f-d4fe-4216-abff-207676516238 - - - - - -] Creating instance of TrackedResource for resource:security_group_rule
2026-04-14 06:14:56.651 7 INFO neutron.quota.resource_registry [None req-efc6c68f-d4fe-4216-abff-207676516238 - - - - - -] Creating instance of TrackedResource for resource:subnetpool
2026-04-14 06:14:56.651 7 WARNING neutron.quota.resource_registry [None req-efc6c68f-d4fe-4216-abff-207676516238 - - - - - -] subnetpool is already registered
2026-04-14 06:14:56.651 8 INFO neutron.api.extensions [None req-fa0847a2-e9f5-4cb8-ad3f-daef247aeabb - - - - - -] Loaded extension: rbac-security-groups
2026-04-14 06:14:56.652 7 INFO neutron.quota.resource_registry [None req-efc6c68f-d4fe-4216-abff-207676516238 - - - - - -] Creating instance of TrackedResource for resource:subnetpool
2026-04-14 06:14:56.652 7 WARNING neutron.quota.resource_registry [None req-efc6c68f-d4fe-4216-abff-207676516238 - - - - - -] subnetpool is already registered
2026-04-14 06:14:56.652 7 INFO neutron.quota.resource_registry [None req-efc6c68f-d4fe-4216-abff-207676516238 - - - - - -] Creating instance of CountableResource for resource:trunk
2026-04-14 06:14:56.652 8 INFO neutron.api.extensions [None req-fa0847a2-e9f5-4cb8-ad3f-daef247aeabb - - - - - -] Loaded extension: rbac-subnetpool
2026-04-14 06:14:56.652 7 INFO neutron.quota.resource_registry [None req-efc6c68f-d4fe-4216-abff-207676516238 - - - - - -] Creating instance of CountableResource for resource:endpoint_group
2026-04-14 06:14:56.652 7 INFO neutron.quota.resource_registry [None req-efc6c68f-d4fe-4216-abff-207676516238 - - - - - -] Creating instance of CountableResource for resource:vpnservice
2026-04-14 06:14:56.653 7 INFO neutron.quota.resource_registry [None req-efc6c68f-d4fe-4216-abff-207676516238 - - - - - -] Creating instance of CountableResource for resource:ipsec_site_connection
2026-04-14 06:14:56.653 8 INFO neutron.api.extensions [None req-fa0847a2-e9f5-4cb8-ad3f-daef247aeabb - - - - - -] Loaded extension: revision-if-match
2026-04-14 06:14:56.653 7 INFO neutron.quota.resource_registry [None req-efc6c68f-d4fe-4216-abff-207676516238 - - - - - -] Creating instance of CountableResource for resource:ipsecpolicy
2026-04-14 06:14:56.653 7 INFO neutron.quota.resource_registry [None req-efc6c68f-d4fe-4216-abff-207676516238 - - - - - -] Creating instance of CountableResource for resource:ikepolicy
2026-04-14 06:14:56.654 8 INFO neutron.api.extensions [None req-fa0847a2-e9f5-4cb8-ad3f-daef247aeabb - - - - - -] Loaded extension: standard-attr-revisions
2026-04-14 06:14:56.654 8 INFO neutron.api.extensions [None req-fa0847a2-e9f5-4cb8-ad3f-daef247aeabb - - - - - -] Loaded extension: router_availability_zone
2026-04-14 06:14:56.655 8 INFO neutron.api.extensions [None req-fa0847a2-e9f5-4cb8-ad3f-daef247aeabb - - - - - -] Extension router-service-type not supported by any of loaded plugins
2026-04-14 06:14:56.655 7 INFO neutron.quota.resource_registry [None req-efc6c68f-d4fe-4216-abff-207676516238 - - - - - -] Creating instance of TrackedResource for resource:router
2026-04-14 06:14:56.655 7 WARNING neutron.quota.resource_registry [None req-efc6c68f-d4fe-4216-abff-207676516238 - - - - - -] router is already registered
2026-04-14 06:14:56.655 7 INFO neutron.quota.resource_registry [None req-efc6c68f-d4fe-4216-abff-207676516238 - - - - - -] Creating instance of TrackedResource for resource:floatingip
2026-04-14 06:14:56.655 7 WARNING neutron.quota.resource_registry [None req-efc6c68f-d4fe-4216-abff-207676516238 - - - - - -] floatingip is already registered
2026-04-14 06:14:56.656 8 INFO neutron.api.extensions [None req-fa0847a2-e9f5-4cb8-ad3f-daef247aeabb - - - - - -] Loaded extension: security-groups-default-rules
2026-04-14 06:14:56.656 7 INFO neutron.quota.resource_registry [None req-efc6c68f-d4fe-4216-abff-207676516238 - - - - - -] Creating instance of CountableResource for resource:rbac_policy
2026-04-14 06:14:56.656 7 WARNING neutron.quota.resource_registry [None req-efc6c68f-d4fe-4216-abff-207676516238 - - - - - -] rbac_policy is already registered
2026-04-14 06:14:56.657 8 INFO neutron.api.extensions [None req-fa0847a2-e9f5-4cb8-ad3f-daef247aeabb - - - - - -] Loaded extension: security-groups-normalized-cidr
2026-04-14 06:14:56.657 7 INFO neutron.quota.resource_registry [None req-efc6c68f-d4fe-4216-abff-207676516238 - - - - - -] Creating instance of TrackedResource for resource:security_group
2026-04-14 06:14:56.657 7 WARNING neutron.quota.resource_registry [None req-efc6c68f-d4fe-4216-abff-207676516238 - - - - - -] security_group is already registered
2026-04-14 06:14:56.657 7 INFO neutron.quota.resource_registry [None req-efc6c68f-d4fe-4216-abff-207676516238 - - - - - -] Creating instance of TrackedResource for resource:security_group_rule
2026-04-14 06:14:56.657 7 WARNING neutron.quota.resource_registry [None req-efc6c68f-d4fe-4216-abff-207676516238 - - - - - -] security_group_rule is already registered
2026-04-14 06:14:56.657 8 INFO neutron.api.extensions [None req-fa0847a2-e9f5-4cb8-ad3f-daef247aeabb - - - - - -] Loaded extension: port-security-groups-filtering
2026-04-14 06:14:56.657 7 INFO neutron.quota.resource_registry [None req-efc6c68f-d4fe-4216-abff-207676516238 - - - - - -] Creating instance of TrackedResource for resource:subnetpool
2026-04-14 06:14:56.658 7 WARNING neutron.quota.resource_registry [None req-efc6c68f-d4fe-4216-abff-207676516238 - - - - - -] subnetpool is already registered
2026-04-14 06:14:56.658 8 INFO neutron.api.extensions [None req-fa0847a2-e9f5-4cb8-ad3f-daef247aeabb - - - - - -] Loaded extension: security-groups-remote-address-group
2026-04-14 06:14:56.658 7 INFO neutron.quota.resource_registry [None req-efc6c68f-d4fe-4216-abff-207676516238 - - - - - -] Creating instance of TrackedResource for resource:subnetpool
2026-04-14 06:14:56.658 7 WARNING neutron.quota.resource_registry [None req-efc6c68f-d4fe-4216-abff-207676516238 - - - - - -] subnetpool is already registered
2026-04-14 06:14:56.658 7 INFO neutron.quota.resource_registry [None req-efc6c68f-d4fe-4216-abff-207676516238 - - - - - -] Creating instance of CountableResource for resource:trunk
2026-04-14 06:14:56.658 8 INFO neutron.api.extensions [None req-fa0847a2-e9f5-4cb8-ad3f-daef247aeabb - - - - - -] Loaded extension: security-groups-shared-filtering
2026-04-14 06:14:56.658 7 WARNING neutron.quota.resource_registry [None req-efc6c68f-d4fe-4216-abff-207676516238 - - - - - -] trunk is already registered
2026-04-14 06:14:56.659 7 INFO neutron.quota.resource_registry [None req-efc6c68f-d4fe-4216-abff-207676516238 - - - - - -] Creating instance of CountableResource for resource:endpoint_group
2026-04-14 06:14:56.659 7 WARNING neutron.quota.resource_registry [None req-efc6c68f-d4fe-4216-abff-207676516238 - - - - - -] endpoint_group is already registered
2026-04-14 06:14:56.659 7 INFO neutron.quota.resource_registry [None req-efc6c68f-d4fe-4216-abff-207676516238 - - - - - -] Creating instance of CountableResource for resource:vpnservice
2026-04-14 06:14:56.659 7 WARNING neutron.quota.resource_registry [None req-efc6c68f-d4fe-4216-abff-207676516238 - - - - - -] vpnservice is already registered
2026-04-14 06:14:56.659 7 INFO neutron.quota.resource_registry [None req-efc6c68f-d4fe-4216-abff-207676516238 - - - - - -] Creating instance of CountableResource for resource:ipsec_site_connection
2026-04-14 06:14:56.659 7 WARNING neutron.quota.resource_registry [None req-efc6c68f-d4fe-4216-abff-207676516238 - - - - - -] ipsec_site_connection is already registered
2026-04-14 06:14:56.660 7 INFO neutron.quota.resource_registry [None req-efc6c68f-d4fe-4216-abff-207676516238 - - - - - -] Creating instance of CountableResource for resource:ipsecpolicy
2026-04-14 06:14:56.660 7 WARNING neutron.quota.resource_registry [None req-efc6c68f-d4fe-4216-abff-207676516238 - - - - - -] ipsecpolicy is already registered
2026-04-14 06:14:56.660 7 INFO neutron.quota.resource_registry [None req-efc6c68f-d4fe-4216-abff-207676516238 - - - - - -] Creating instance of CountableResource for resource:ikepolicy
2026-04-14 06:14:56.660 7 WARNING neutron.quota.resource_registry [None req-efc6c68f-d4fe-4216-abff-207676516238 - - - - - -] ikepolicy is already registered
2026-04-14 06:14:56.665 8 INFO neutron.api.extensions [None req-fa0847a2-e9f5-4cb8-ad3f-daef247aeabb - - - - - -] Loaded extension: security-group
2026-04-14 06:14:56.666 8 INFO neutron.api.extensions [None req-fa0847a2-e9f5-4cb8-ad3f-daef247aeabb - - - - - -] Loaded extension: segment
2026-04-14 06:14:56.667 8 INFO neutron.api.extensions [None req-fa0847a2-e9f5-4cb8-ad3f-daef247aeabb - - - - - -] Loaded extension: segments-peer-subnet-host-routes
2026-04-14 06:14:56.668 8 INFO neutron.api.extensions [None req-fa0847a2-e9f5-4cb8-ad3f-daef247aeabb - - - - - -] Loaded extension: service-type
2026-04-14 06:14:56.668 8 INFO neutron.api.extensions [None req-fa0847a2-e9f5-4cb8-ad3f-daef247aeabb - - - - - -] Loaded extension: sorting
2026-04-14 06:14:56.669 8 INFO neutron.api.extensions [None req-fa0847a2-e9f5-4cb8-ad3f-daef247aeabb - - - - - -] Loaded extension: standard-attr-segment
2026-04-14 06:14:56.669 8 INFO neutron.api.extensions [None req-fa0847a2-e9f5-4cb8-ad3f-daef247aeabb - - - - - -] Loaded extension: standard-attr-description
2026-04-14 06:14:56.670 8 INFO neutron.api.extensions [None req-fa0847a2-e9f5-4cb8-ad3f-daef247aeabb - - - - - -] Loaded extension: stateful-security-group
2026-04-14 06:14:56.670 8 WARNING neutron.api.extensions [None req-fa0847a2-e9f5-4cb8-ad3f-daef247aeabb - - - - - -] Did not find expected name "Stdattrs_common" in /var/lib/openstack/lib/python3.10/site-packages/neutron/extensions/stdattrs_common.py
2026-04-14 06:14:56.671 8 INFO neutron.api.extensions [None req-fa0847a2-e9f5-4cb8-ad3f-daef247aeabb - - - - - -] Extension subnet-dns-publish-fixed-ip not supported by any of loaded plugins
2026-04-14 06:14:56.672 8 INFO neutron.api.extensions [None req-fa0847a2-e9f5-4cb8-ad3f-daef247aeabb - - - - - -] Loaded extension: subnet_onboard
2026-04-14 06:14:56.672 8 INFO neutron.api.extensions [None req-fa0847a2-e9f5-4cb8-ad3f-daef247aeabb - - - - - -] Loaded extension: subnet-segmentid-writable
2026-04-14 06:14:56.673 8 INFO neutron.api.extensions [None req-fa0847a2-e9f5-4cb8-ad3f-daef247aeabb - - - - - -] Loaded extension: subnet-service-types
2026-04-14 06:14:56.673 8 INFO neutron.api.extensions [None req-fa0847a2-e9f5-4cb8-ad3f-daef247aeabb - - - - - -] Loaded extension: subnet_allocation
2026-04-14 06:14:56.674 8 INFO neutron.api.extensions [None req-fa0847a2-e9f5-4cb8-ad3f-daef247aeabb - - - - - -] Loaded extension: subnetpool-prefix-ops
2026-04-14 06:14:56.675 8 INFO neutron.api.extensions [None req-fa0847a2-e9f5-4cb8-ad3f-daef247aeabb - - - - - -] Extension tag-ports-during-bulk-creation not supported by any of loaded plugins
2026-04-14 06:14:56.677 8 INFO neutron.api.extensions [None req-fa0847a2-e9f5-4cb8-ad3f-daef247aeabb - - - - - -] Loaded extension: standard-attr-tag
2026-04-14 06:14:56.678 8 INFO neutron.api.extensions [None req-fa0847a2-e9f5-4cb8-ad3f-daef247aeabb - - - - - -] Loaded extension: standard-attr-timestamp
2026-04-14 06:14:56.679 8 INFO neutron.api.extensions [None req-fa0847a2-e9f5-4cb8-ad3f-daef247aeabb - - - - - -] Loaded extension: trunk
2026-04-14 06:14:56.679 8 INFO neutron.api.extensions [None req-fa0847a2-e9f5-4cb8-ad3f-daef247aeabb - - - - - -] Loaded extension: trunk-details
2026-04-14 06:14:56.680 8 INFO neutron.api.extensions [None req-fa0847a2-e9f5-4cb8-ad3f-daef247aeabb - - - - - -] Extension uplink-status-propagation not supported by any of loaded plugins
2026-04-14 06:14:56.680 8 INFO neutron.api.extensions [None req-fa0847a2-e9f5-4cb8-ad3f-daef247aeabb - - - - - -] Extension vlan-transparent not supported by any of loaded plugins
2026-04-14 06:14:56.681 8 INFO neutron.api.extensions [None req-fa0847a2-e9f5-4cb8-ad3f-daef247aeabb - - - - - -] Loaded extension: vpn-endpoint-groups
2026-04-14 06:14:56.682 8 INFO neutron.api.extensions [None req-fa0847a2-e9f5-4cb8-ad3f-daef247aeabb - - - - - -] Loaded extension: vpn-flavors
2026-04-14 06:14:56.683 8 INFO neutron.api.extensions [None req-fa0847a2-e9f5-4cb8-ad3f-daef247aeabb - - - - - -] Loaded extension: vpnaas
2026-04-14 06:14:56.685 8 INFO neutron.quota.resource_registry [None req-fa0847a2-e9f5-4cb8-ad3f-daef247aeabb - - - - - -] Creating instance of TrackedResource for resource:network
2026-04-14 06:14:56.686 8 INFO neutron.quota.resource_registry [None req-fa0847a2-e9f5-4cb8-ad3f-daef247aeabb - - - - - -] Creating instance of TrackedResource for resource:subnet
2026-04-14 06:14:56.686 8 INFO neutron.quota.resource_registry [None req-fa0847a2-e9f5-4cb8-ad3f-daef247aeabb - - - - - -] Creating instance of TrackedResource for resource:subnetpool
2026-04-14 06:14:56.686 8 INFO neutron.quota.resource_registry [None req-fa0847a2-e9f5-4cb8-ad3f-daef247aeabb - - - - - -] Creating instance of TrackedResource for resource:port
2026-04-14 06:14:56.687 8 INFO neutron.quota.resource_registry [None req-fa0847a2-e9f5-4cb8-ad3f-daef247aeabb - - - - - -] Creating instance of TrackedResource for resource:router
2026-04-14 06:14:56.687 8 INFO neutron.quota.resource_registry [None req-fa0847a2-e9f5-4cb8-ad3f-daef247aeabb - - - - - -] Creating instance of TrackedResource for resource:floatingip
2026-04-14 06:14:56.689 8 INFO neutron.quota.resource_registry [None req-fa0847a2-e9f5-4cb8-ad3f-daef247aeabb - - - - - -] Creating instance of CountableResource for resource:rbac_policy
2026-04-14 06:14:56.690 8 INFO neutron.quota.resource_registry [None req-fa0847a2-e9f5-4cb8-ad3f-daef247aeabb - - - - - -] Creating instance of TrackedResource for resource:security_group
2026-04-14 06:14:56.690 8 INFO neutron.quota.resource_registry [None req-fa0847a2-e9f5-4cb8-ad3f-daef247aeabb - - - - - -] Creating instance of TrackedResource for resource:security_group_rule
2026-04-14 06:14:56.690 8 INFO neutron.quota.resource_registry [None req-fa0847a2-e9f5-4cb8-ad3f-daef247aeabb - - - - - -] Creating instance of TrackedResource for resource:subnetpool
2026-04-14 06:14:56.690 8 WARNING neutron.quota.resource_registry [None req-fa0847a2-e9f5-4cb8-ad3f-daef247aeabb - - - - - -] subnetpool is already registered
2026-04-14 06:14:56.690 8 INFO neutron.quota.resource_registry [None req-fa0847a2-e9f5-4cb8-ad3f-daef247aeabb - - - - - -] Creating instance of TrackedResource for resource:subnetpool
2026-04-14 06:14:56.691 8 WARNING neutron.quota.resource_registry [None req-fa0847a2-e9f5-4cb8-ad3f-daef247aeabb - - - - - -] subnetpool is already registered
2026-04-14 06:14:56.691 8 INFO neutron.quota.resource_registry [None req-fa0847a2-e9f5-4cb8-ad3f-daef247aeabb - - - - - -] Creating instance of CountableResource for resource:trunk
2026-04-14 06:14:56.691 8 INFO neutron.quota.resource_registry [None req-fa0847a2-e9f5-4cb8-ad3f-daef247aeabb - - - - - -] Creating instance of CountableResource for resource:endpoint_group
2026-04-14 06:14:56.691 8 INFO neutron.quota.resource_registry [None req-fa0847a2-e9f5-4cb8-ad3f-daef247aeabb - - - - - -] Creating instance of CountableResource for resource:vpnservice
2026-04-14 06:14:56.692 8 INFO neutron.quota.resource_registry [None req-fa0847a2-e9f5-4cb8-ad3f-daef247aeabb - - - - - -] Creating instance of CountableResource for resource:ipsec_site_connection
2026-04-14 06:14:56.692 8 INFO neutron.quota.resource_registry [None req-fa0847a2-e9f5-4cb8-ad3f-daef247aeabb - - - - - -] Creating instance of CountableResource for resource:ipsecpolicy
2026-04-14 06:14:56.692 8 INFO neutron.quota.resource_registry [None req-fa0847a2-e9f5-4cb8-ad3f-daef247aeabb - - - - - -] Creating instance of CountableResource for resource:ikepolicy
2026-04-14 06:14:56.694 8 INFO neutron.quota.resource_registry [None req-fa0847a2-e9f5-4cb8-ad3f-daef247aeabb - - - - - -] Creating instance of TrackedResource for resource:router
2026-04-14 06:14:56.694 8 WARNING neutron.quota.resource_registry [None req-fa0847a2-e9f5-4cb8-ad3f-daef247aeabb - - - - - -] router is already registered
2026-04-14 06:14:56.694 8 INFO neutron.quota.resource_registry [None req-fa0847a2-e9f5-4cb8-ad3f-daef247aeabb - - - - - -] Creating instance of TrackedResource for resource:floatingip
2026-04-14 06:14:56.694 8 WARNING neutron.quota.resource_registry [None req-fa0847a2-e9f5-4cb8-ad3f-daef247aeabb - - - - - -] floatingip is already registered
2026-04-14 06:14:56.695 8 INFO neutron.quota.resource_registry [None req-fa0847a2-e9f5-4cb8-ad3f-daef247aeabb - - - - - -] Creating instance of CountableResource for resource:rbac_policy
2026-04-14 06:14:56.695 8 WARNING neutron.quota.resource_registry [None req-fa0847a2-e9f5-4cb8-ad3f-daef247aeabb - - - - - -] rbac_policy is already registered
2026-04-14 06:14:56.696 8 INFO neutron.quota.resource_registry [None req-fa0847a2-e9f5-4cb8-ad3f-daef247aeabb - - - - - -] Creating instance of TrackedResource for resource:security_group
2026-04-14 06:14:56.696 8 WARNING neutron.quota.resource_registry [None req-fa0847a2-e9f5-4cb8-ad3f-daef247aeabb - - - - - -] security_group is already registered
2026-04-14 06:14:56.696 7 WARNING keystonemiddleware._common.config [None req-efc6c68f-d4fe-4216-abff-207676516238 - - - - - -] The option "audit_map_file" is not known to keystonemiddleware
2026-04-14 06:14:56.696 8 INFO neutron.quota.resource_registry [None req-fa0847a2-e9f5-4cb8-ad3f-daef247aeabb - - - - - -] Creating instance of TrackedResource for resource:security_group_rule
2026-04-14 06:14:56.696 8 WARNING neutron.quota.resource_registry [None req-fa0847a2-e9f5-4cb8-ad3f-daef247aeabb - - - - - -] security_group_rule is already registered
2026-04-14 06:14:56.697 8 INFO neutron.quota.resource_registry [None req-fa0847a2-e9f5-4cb8-ad3f-daef247aeabb - - - - - -] Creating instance of TrackedResource for resource:subnetpool
2026-04-14 06:14:56.697 8 WARNING neutron.quota.resource_registry [None req-fa0847a2-e9f5-4cb8-ad3f-daef247aeabb - - - - - -] subnetpool is already registered
2026-04-14 06:14:56.697 8 INFO neutron.quota.resource_registry [None req-fa0847a2-e9f5-4cb8-ad3f-daef247aeabb - - - - - -] Creating instance of TrackedResource for resource:subnetpool
2026-04-14 06:14:56.697 8 WARNING neutron.quota.resource_registry [None req-fa0847a2-e9f5-4cb8-ad3f-daef247aeabb - - - - - -] subnetpool is already registered
2026-04-14 06:14:56.697 8 INFO neutron.quota.resource_registry [None req-fa0847a2-e9f5-4cb8-ad3f-daef247aeabb - - - - - -] Creating instance of CountableResource for resource:trunk
2026-04-14 06:14:56.697 8 WARNING neutron.quota.resource_registry [None req-fa0847a2-e9f5-4cb8-ad3f-daef247aeabb - - - - - -] trunk is already registered
2026-04-14 06:14:56.698 8 INFO neutron.quota.resource_registry [None req-fa0847a2-e9f5-4cb8-ad3f-daef247aeabb - - - - - -] Creating instance of CountableResource for resource:endpoint_group
2026-04-14 06:14:56.698 8 WARNING neutron.quota.resource_registry [None req-fa0847a2-e9f5-4cb8-ad3f-daef247aeabb - - - - - -] endpoint_group is already registered
2026-04-14 06:14:56.698 8 INFO neutron.quota.resource_registry [None req-fa0847a2-e9f5-4cb8-ad3f-daef247aeabb - - - - - -] Creating instance of CountableResource for resource:vpnservice
2026-04-14 06:14:56.698 8 WARNING neutron.quota.resource_registry [None req-fa0847a2-e9f5-4cb8-ad3f-daef247aeabb - - - - - -] vpnservice is already registered
2026-04-14 06:14:56.698 8 INFO neutron.quota.resource_registry [None req-fa0847a2-e9f5-4cb8-ad3f-daef247aeabb - - - - - -] Creating instance of CountableResource for resource:ipsec_site_connection
2026-04-14 06:14:56.698 8 WARNING neutron.quota.resource_registry [None req-fa0847a2-e9f5-4cb8-ad3f-daef247aeabb - - - - - -] ipsec_site_connection is already registered
2026-04-14 06:14:56.699 8 INFO neutron.quota.resource_registry [None req-fa0847a2-e9f5-4cb8-ad3f-daef247aeabb - - - - - -] Creating instance of CountableResource for resource:ipsecpolicy
2026-04-14 06:14:56.699 8 WARNING neutron.quota.resource_registry [None req-fa0847a2-e9f5-4cb8-ad3f-daef247aeabb - - - - - -] ipsecpolicy is already registered
2026-04-14 06:14:56.699 8 INFO neutron.quota.resource_registry [None req-fa0847a2-e9f5-4cb8-ad3f-daef247aeabb - - - - - -] Creating instance of CountableResource for resource:ikepolicy
2026-04-14 06:14:56.699 8 WARNING neutron.quota.resource_registry [None req-fa0847a2-e9f5-4cb8-ad3f-daef247aeabb - - - - - -] ikepolicy is already registered
2026-04-14 06:14:56.703 7 WARNING oslo_config.cfg [None req-efc6c68f-d4fe-4216-abff-207676516238 - - - - - -] Deprecated: Option "auth_uri" from group "keystone_authtoken" is deprecated. Use option "www_authenticate_uri" from group "keystone_authtoken". WSGI app 0 (mountpoint='') ready in 6 seconds on interpreter 0x55b067eb0170 pid: 7 (default app)
2026-04-14 06:14:56.736 8 WARNING keystonemiddleware._common.config [None req-fa0847a2-e9f5-4cb8-ad3f-daef247aeabb - - - - - -] The option "audit_map_file" is not known to keystonemiddleware
2026-04-14 06:14:56.743 8 WARNING oslo_config.cfg [None req-fa0847a2-e9f5-4cb8-ad3f-daef247aeabb - - - - - -] Deprecated: Option "auth_uri" from group "keystone_authtoken" is deprecated. Use option "www_authenticate_uri" from group "keystone_authtoken". WSGI app 0 (mountpoint='') ready in 6 seconds on interpreter 0x55b067eb0170 pid: 8 (default app) /var/lib/openstack/lib/python3.10/site-packages/memcache.py:1303: SyntaxWarning: "is" with a literal. Did you mean "=="? if key is '': /var/lib/openstack/lib/python3.10/site-packages/memcache.py:1304: SyntaxWarning: "is" with a literal. Did you mean "=="? if key_extra_len is 0: /var/lib/openstack/lib/python3.10/site-packages/pycadf/identifier.py:71: UserWarning: Invalid uuid: unknown. To ensure interoperability, identifiers should be a valid uuid. warnings.warn(('Invalid uuid: %s. To ensure interoperability, '
2026-04-14 06:15:03.421 8 INFO neutron.pecan_wsgi.hooks.translation [None req-c4dfa6e8-8c20-42c7-bd0b-d3b3697eb2a0 c7d9760d1d9440d7b0caeceb2583c8ea 47935cea4be548058084e2a54d6eef3d - - default default] GET failed (client error): The resource could not be found. [pid: 8|app: 0|req: 1/2] 199.204.45.89 () {44 vars in 924 bytes} [Tue Apr 14 06:15:02 2026] GET /v2.0/networks/public => generated 108 bytes in 735 msecs (HTTP/1.1 404) 4 headers in 164 bytes (1 switches on core 0) /var/lib/openstack/lib/python3.10/site-packages/memcache.py:1303: SyntaxWarning: "is" with a literal. Did you mean "=="? if key is '': /var/lib/openstack/lib/python3.10/site-packages/memcache.py:1304: SyntaxWarning: "is" with a literal. Did you mean "=="? if key_extra_len is 0: /var/lib/openstack/lib/python3.10/site-packages/pycadf/identifier.py:71: UserWarning: Invalid uuid: unknown. To ensure interoperability, identifiers should be a valid uuid. warnings.warn(('Invalid uuid: %s. To ensure interoperability, ' [pid: 7|app: 0|req: 2/4] 199.204.45.89 () {44 vars in 946 bytes} [Tue Apr 14 06:15:03 2026] GET /v2.0/networks?name=public => generated 15 bytes in 281 msecs (HTTP/1.1 200) 4 headers in 156 bytes (1 switches on core 0)
2026-04-14 06:15:04.009 8 WARNING oslo_policy.policy [None req-a510b784-0bb2-464c-a35b-f8c7c0303943 c7d9760d1d9440d7b0caeceb2583c8ea 47935cea4be548058084e2a54d6eef3d - - default default] Policies ['get_subnets_tags'] reference a rule that is not defined.
2026-04-14 06:15:04.125 8 WARNING neutron.services.revisions.revision_plugin [None req-a510b784-0bb2-464c-a35b-f8c7c0303943 c7d9760d1d9440d7b0caeceb2583c8ea 47935cea4be548058084e2a54d6eef3d - - default default] Could not find related network for resource to bump revision.
2026-04-14 06:15:04.153 8 INFO neutron.db.segments_db [None req-a510b784-0bb2-464c-a35b-f8c7c0303943 c7d9760d1d9440d7b0caeceb2583c8ea 47935cea4be548058084e2a54d6eef3d - - default default] Added segment 6509a6c4-4c79-4100-a7be-21473dd7942b of type flat for network e9ebb040-963f-41b7-b4d6-4750084ef821
2026-04-14 06:15:04.207 8 INFO neutron.pecan_wsgi.hooks.translation [None req-a510b784-0bb2-464c-a35b-f8c7c0303943 c7d9760d1d9440d7b0caeceb2583c8ea 47935cea4be548058084e2a54d6eef3d - - default default] POST failed (client error): The resource could not be found. [pid: 8|app: 0|req: 3/5] 199.204.45.89 () {48 vars in 964 bytes} [Tue Apr 14 06:15:03 2026] POST /v2.0/networks => generated 124 bytes in 510 msecs (HTTP/1.1 404) 4 headers in 164 bytes (1 switches on core 0)
2026-04-14 06:15:10.376 7 INFO neutron.pecan_wsgi.hooks.translation [None req-4f158eac-c5af-4f35-bf15-c297685a4be6 c7d9760d1d9440d7b0caeceb2583c8ea 47935cea4be548058084e2a54d6eef3d - - default default] GET failed (client error): The resource could not be found. [pid: 7|app: 0|req: 3/6] 199.204.45.89 () {44 vars in 924 bytes} [Tue Apr 14 06:15:10 2026] GET /v2.0/networks/public => generated 108 bytes in 375 msecs (HTTP/1.1 404) 4 headers in 164 bytes (1 switches on core 0) [pid: 8|app: 0|req: 4/7] 199.204.45.89 () {44 vars in 946 bytes} [Tue Apr 14 06:15:10 2026] GET /v2.0/networks?name=public => generated 15 bytes in 20 msecs (HTTP/1.1 200) 4 headers in 156 bytes (1 switches on core 0)
2026-04-14 06:15:10.678 7 WARNING oslo_policy.policy [None req-0879d3d2-6f2c-4a6d-9aff-3342a1ed9480 c7d9760d1d9440d7b0caeceb2583c8ea 47935cea4be548058084e2a54d6eef3d - - default default] Policies ['get_subnets_tags'] reference a rule that is not defined.
2026-04-14 06:15:10.714 7 WARNING neutron.services.revisions.revision_plugin [None req-0879d3d2-6f2c-4a6d-9aff-3342a1ed9480 c7d9760d1d9440d7b0caeceb2583c8ea 47935cea4be548058084e2a54d6eef3d - - default default] Could not find related network for resource to bump revision.
2026-04-14 06:15:10.757 7 INFO neutron.db.segments_db [None req-0879d3d2-6f2c-4a6d-9aff-3342a1ed9480 c7d9760d1d9440d7b0caeceb2583c8ea 47935cea4be548058084e2a54d6eef3d - - default default] Added segment 23583c33-d9b9-4a5f-94d3-99df115c7768 of type flat for network a7bc49fa-5f1e-48de-804c-a2ea7a8cdd27
2026-04-14 06:15:10.806 7 INFO neutron.pecan_wsgi.hooks.translation [None req-0879d3d2-6f2c-4a6d-9aff-3342a1ed9480 c7d9760d1d9440d7b0caeceb2583c8ea 47935cea4be548058084e2a54d6eef3d - - default default] POST failed (client error): The resource could not be found. [pid: 7|app: 0|req: 4/8] 199.204.45.89 () {48 vars in 964 bytes} [Tue Apr 14 06:15:10 2026] POST /v2.0/networks => generated 124 bytes in 418 msecs (HTTP/1.1 404) 4 headers in 164 bytes (1 switches on core 0)
2026-04-14 06:15:16.679 8 INFO neutron.pecan_wsgi.hooks.translation [None req-c73ba18b-ead7-4b49-9d0e-ab177aec0411 c7d9760d1d9440d7b0caeceb2583c8ea 47935cea4be548058084e2a54d6eef3d - - default default] GET failed (client error): The resource could not be found. [pid: 8|app: 0|req: 5/9] 199.204.45.89 () {44 vars in 924 bytes} [Tue Apr 14 06:15:16 2026] GET /v2.0/networks/public => generated 108 bytes in 62 msecs (HTTP/1.1 404) 4 headers in 164 bytes (1 switches on core 0) [pid: 7|app: 0|req: 5/10] 199.204.45.89 () {44 vars in 946 bytes} [Tue Apr 14 06:15:16 2026] GET /v2.0/networks?name=public => generated 15 bytes in 22 msecs (HTTP/1.1 200) 4 headers in 156 bytes (1 switches on core 0)
2026-04-14 06:15:16.769 8 WARNING neutron.services.revisions.revision_plugin [None req-c543cce9-5a23-4323-970a-0f1ee528857d c7d9760d1d9440d7b0caeceb2583c8ea 47935cea4be548058084e2a54d6eef3d - - default default] Could not find related network for resource to bump revision.
2026-04-14 06:15:16.784 8 INFO neutron.db.segments_db [None req-c543cce9-5a23-4323-970a-0f1ee528857d c7d9760d1d9440d7b0caeceb2583c8ea 47935cea4be548058084e2a54d6eef3d - - default default] Added segment bd5a3eff-af33-4839-a08a-e01eb6b6d73f of type flat for network 395aea54-8319-47d8-9252-338bec9aa52b
2026-04-14 06:15:16.815 8 INFO neutron.pecan_wsgi.hooks.translation [None req-c543cce9-5a23-4323-970a-0f1ee528857d c7d9760d1d9440d7b0caeceb2583c8ea 47935cea4be548058084e2a54d6eef3d - - default default] POST failed (client error): The resource could not be found. [pid: 8|app: 0|req: 6/11] 199.204.45.89 () {48 vars in 964 bytes} [Tue Apr 14 06:15:16 2026] POST /v2.0/networks => generated 124 bytes in 121 msecs (HTTP/1.1 404) 4 headers in 164 bytes (1 switches on core 0)
2026-04-14 06:15:22.689 8 INFO neutron.pecan_wsgi.hooks.translation [None req-f062d8d6-88df-443a-82df-5481d4fb16fe c7d9760d1d9440d7b0caeceb2583c8ea 47935cea4be548058084e2a54d6eef3d - - default default] GET failed (client error): The resource could not be found. [pid: 8|app: 0|req: 7/13] 199.204.45.89 () {44 vars in 924 bytes} [Tue Apr 14 06:15:22 2026] GET /v2.0/networks/public => generated 108 bytes in 61 msecs (HTTP/1.1 404) 4 headers in 164 bytes (1 switches on core 0) [pid: 7|app: 0|req: 7/14] 199.204.45.89 () {44 vars in 946 bytes} [Tue Apr 14 06:15:22 2026] GET /v2.0/networks?name=public => generated 15 bytes in 24 msecs (HTTP/1.1 200) 4 headers in 156 bytes (1 switches on core 0)
2026-04-14 06:15:22.770 8 WARNING neutron.services.revisions.revision_plugin [None req-1479e9bd-481e-498b-92e2-41f54c37b31e c7d9760d1d9440d7b0caeceb2583c8ea 47935cea4be548058084e2a54d6eef3d - - default default] Could not find related network for resource to bump revision.
2026-04-14 06:15:22.788 8 INFO neutron.db.segments_db [None req-1479e9bd-481e-498b-92e2-41f54c37b31e c7d9760d1d9440d7b0caeceb2583c8ea 47935cea4be548058084e2a54d6eef3d - - default default] Added segment d3dfcd87-1837-4d90-99d7-1cab681cc140 of type flat for network a3497573-4510-41ed-9aca-9e1beaf798d8
2026-04-14 06:15:22.842 8 INFO neutron.pecan_wsgi.hooks.translation [None req-1479e9bd-481e-498b-92e2-41f54c37b31e c7d9760d1d9440d7b0caeceb2583c8ea 47935cea4be548058084e2a54d6eef3d - - default default] POST failed (client error): The resource could not be found. [pid: 8|app: 0|req: 8/15] 199.204.45.89 () {48 vars in 964 bytes} [Tue Apr 14 06:15:22 2026] POST /v2.0/networks => generated 124 bytes in 138 msecs (HTTP/1.1 404) 4 headers in 164 bytes (1 switches on core 0)
2026-04-14 06:15:28.713 7 INFO neutron.pecan_wsgi.hooks.translation [None req-42addbb9-cfd0-44d9-ade9-6d7a0725749d c7d9760d1d9440d7b0caeceb2583c8ea 47935cea4be548058084e2a54d6eef3d - - default default] GET failed (client error): The resource could not be found. [pid: 7|app: 0|req: 8/16] 199.204.45.89 () {44 vars in 924 bytes} [Tue Apr 14 06:15:28 2026] GET /v2.0/networks/public => generated 108 bytes in 56 msecs (HTTP/1.1 404) 4 headers in 164 bytes (1 switches on core 0) [pid: 8|app: 0|req: 9/17] 199.204.45.89 () {44 vars in 946 bytes} [Tue Apr 14 06:15:28 2026] GET /v2.0/networks?name=public => generated 15 bytes in 22 msecs (HTTP/1.1 200) 4 headers in 156 bytes (1 switches on core 0)
2026-04-14 06:15:28.797 7 WARNING neutron.services.revisions.revision_plugin [None req-2d0d480d-260b-4321-b2f1-ad5571ecce07 c7d9760d1d9440d7b0caeceb2583c8ea 47935cea4be548058084e2a54d6eef3d - - default default] Could not find related network for resource to bump revision.
2026-04-14 06:15:28.817 7 INFO neutron.db.segments_db [None req-2d0d480d-260b-4321-b2f1-ad5571ecce07 c7d9760d1d9440d7b0caeceb2583c8ea 47935cea4be548058084e2a54d6eef3d - - default default] Added segment 2f2fa728-fa2c-4570-ab52-8d3335bcc780 of type flat for network eb1026fd-700a-44fc-8502-4c1189668b69
2026-04-14 06:15:28.854 7 INFO neutron.pecan_wsgi.hooks.translation [None req-2d0d480d-260b-4321-b2f1-ad5571ecce07 c7d9760d1d9440d7b0caeceb2583c8ea 47935cea4be548058084e2a54d6eef3d - - default default] POST failed (client error): The resource could not be found. [pid: 7|app: 0|req: 9/18] 199.204.45.89 () {48 vars in 964 bytes} [Tue Apr 14 06:15:28 2026] POST /v2.0/networks => generated 124 bytes in 118 msecs (HTTP/1.1 404) 4 headers in 164 bytes (1 switches on core 0)
2026-04-14 06:15:34.703 7 INFO neutron.pecan_wsgi.hooks.translation [None req-e825097c-cc1e-4fda-a2f5-59c5188c289f c7d9760d1d9440d7b0caeceb2583c8ea 47935cea4be548058084e2a54d6eef3d - - default default] GET failed (client error): The resource could not be found. [pid: 7|app: 0|req: 10/20] 199.204.45.89 () {44 vars in 924 bytes} [Tue Apr 14 06:15:34 2026] GET /v2.0/networks/public => generated 108 bytes in 75 msecs (HTTP/1.1 404) 4 headers in 164 bytes (1 switches on core 0) [pid: 8|app: 0|req: 11/21] 199.204.45.89 () {44 vars in 946 bytes} [Tue Apr 14 06:15:34 2026] GET /v2.0/networks?name=public => generated 15 bytes in 19 msecs (HTTP/1.1 200) 4 headers in 156 bytes (1 switches on core 0)
2026-04-14 06:15:34.791 7 WARNING neutron.services.revisions.revision_plugin [None req-a1758927-760c-402d-bde6-7fbb106f2f69 c7d9760d1d9440d7b0caeceb2583c8ea 47935cea4be548058084e2a54d6eef3d - - default default] Could not find related network for resource to bump revision.
2026-04-14 06:15:34.810 7 INFO neutron.db.segments_db [None req-a1758927-760c-402d-bde6-7fbb106f2f69 c7d9760d1d9440d7b0caeceb2583c8ea 47935cea4be548058084e2a54d6eef3d - - default default] Added segment ad47f970-40d4-4baf-9521-a135d996b64b of type flat for network ae956a89-ff5b-4ae5-af5e-fdb90cecbf7d [pid: 7|app: 0|req: 11/22] 199.204.45.89 () {48 vars in 964 bytes} [Tue Apr 14 06:15:34 2026] POST /v2.0/networks => generated 706 bytes in 200 msecs (HTTP/1.1 201) 4 headers in 162 bytes (1 switches on core 0)
2026-04-14 06:15:35.921 8 INFO neutron.pecan_wsgi.hooks.translation [None req-88e03704-308d-40ae-a16c-91e954b0093b c7d9760d1d9440d7b0caeceb2583c8ea 47935cea4be548058084e2a54d6eef3d - - default default] GET failed (client error): The resource could not be found. [pid: 8|app: 0|req: 12/23] 199.204.45.89 () {44 vars in 924 bytes} [Tue Apr 14 06:15:35 2026] GET /v2.0/networks/public => generated 108 bytes in 62 msecs (HTTP/1.1 404) 4 headers in 164 bytes (1 switches on core 0) [pid: 7|app: 0|req: 12/24] 199.204.45.89 () {44 vars in 946 bytes} [Tue Apr 14 06:15:35 2026] GET /v2.0/networks?name=public => generated 709 bytes in 74 msecs (HTTP/1.1 200) 4 headers in 157 bytes (1 switches on core 0)
2026-04-14 06:15:36.028 8 INFO neutron.pecan_wsgi.hooks.translation [None req-1e953d96-0d2d-4cb5-b783-702a38d9ec79 c7d9760d1d9440d7b0caeceb2583c8ea 47935cea4be548058084e2a54d6eef3d - - default default] GET failed (client error): The resource could not be found. [pid: 8|app: 0|req: 13/25] 199.204.45.89 () {44 vars in 1031 bytes} [Tue Apr 14 06:15:36 2026] GET /v2.0/subnets/public-subnet?network_id=ae956a89-ff5b-4ae5-af5e-fdb90cecbf7d => generated 113 bytes in 21 msecs (HTTP/1.1 404) 4 headers in 164 bytes (1 switches on core 0) [pid: 7|app: 0|req: 13/26] 199.204.45.89 () {44 vars in 1054 bytes} [Tue Apr 14 06:15:36 2026] GET /v2.0/subnets?name=public-subnet&network_id=ae956a89-ff5b-4ae5-af5e-fdb90cecbf7d => generated 14 bytes in 30 msecs (HTTP/1.1 200) 4 headers in 156 bytes (1 switches on core 0) [pid: 8|app: 0|req: 14/27] 199.204.45.89 () {48 vars in 962 bytes} [Tue Apr 14 06:15:36 2026] POST /v2.0/subnets => generated 641 bytes in 385 msecs (HTTP/1.1 201) 4 headers in 162 bytes (1 switches on core 0)
2026-04-14 06:20:03.203 8 ERROR oslo.messaging._drivers.impl_rabbit [-] [2afa9ba7-0d13-4481-b8bf-ee914832f0e7] AMQP server on rabbitmq-neutron.openstack.svc.cluster.local:5672 is unreachable: . Trying again in 1 seconds.: amqp.exceptions.RecoverableConnectionError: 
2026-04-14 06:20:03.205 8 ERROR oslo.messaging._drivers.impl_rabbit [-] [7d126ff9-58b0-4908-8e7b-81fd745f7c54] AMQP server on rabbitmq-neutron.openstack.svc.cluster.local:5672 is unreachable: . Trying again in 1 seconds.: amqp.exceptions.RecoverableConnectionError: 
2026-04-14 06:20:03.208 8 INFO oslo.messaging._drivers.impl_rabbit [-] A recoverable connection/channel error occurred, trying to reconnect: Server unexpectedly closed connection Tue Apr 14 06:20:03 2026 - SIGPIPE: writing to a closed pipe/socket/fd (probably the client disconnected) on request /v2.0/networks/lb-mgmt-net (ip 199.204.45.89) !!!
2026-04-14 06:20:03.380 8 INFO neutron.pecan_wsgi.hooks.translation [None req-677f288e-38c7-458c-8cf5-2c4b71e21eca c7d9760d1d9440d7b0caeceb2583c8ea 47935cea4be548058084e2a54d6eef3d - - default default] GET failed (client error): The resource could not be found. [pid: 8|app: 0|req: 31/61] 199.204.45.89 () {44 vars in 934 bytes} [Tue Apr 14 06:20:03 2026] GET /v2.0/networks/lb-mgmt-net => generated 113 bytes in 182 msecs (HTTP/1.1 404) 4 headers in 164 bytes (1 switches on core 0)
2026-04-14 06:20:03.395 7 ERROR oslo.messaging._drivers.impl_rabbit [-] [285f15e7-b741-490b-8a4d-2ee63f4c674c] AMQP server on rabbitmq-neutron.openstack.svc.cluster.local:5672 is unreachable: . Trying again in 1 seconds.: amqp.exceptions.RecoverableConnectionError: 
2026-04-14 06:20:03.396 7 ERROR oslo.messaging._drivers.impl_rabbit [-] [27274eec-190d-4d5e-aeb2-bccf6a0a3b7b] AMQP server on rabbitmq-neutron.openstack.svc.cluster.local:5672 is unreachable: . Trying again in 1 seconds.: amqp.exceptions.RecoverableConnectionError:  [pid: 7|app: 0|req: 31/62] 199.204.45.89 () {44 vars in 956 bytes} [Tue Apr 14 06:20:03 2026] GET /v2.0/networks?name=lb-mgmt-net => generated 15 bytes in 27 msecs (HTTP/1.1 200) 4 headers in 156 bytes (1 switches on core 0)
2026-04-14 06:20:03.477 8 INFO neutron.db.segments_db [None req-a70d2a45-642f-40d3-be4c-1eab46c2e7c9 c7d9760d1d9440d7b0caeceb2583c8ea 47935cea4be548058084e2a54d6eef3d - - default default] Added segment b4c7900d-4668-4767-a148-10a122395409 of type vxlan for network 91cd238f-be9a-40f1-8b1c-c93892fc9952 [pid: 8|app: 0|req: 32/63] 199.204.45.89 () {48 vars in 963 bytes} [Tue Apr 14 06:20:03 2026] POST /v2.0/networks => generated 707 bytes in 165 msecs (HTTP/1.1 201) 4 headers in 162 bytes (1 switches on core 0)
2026-04-14 06:20:04.492 7 INFO oslo.messaging._drivers.impl_rabbit [-] [285f15e7-b741-490b-8a4d-2ee63f4c674c] Reconnected to AMQP server on rabbitmq-neutron.openstack.svc.cluster.local:5672 via [amqp] client with port 46590.
2026-04-14 06:20:04.493 7 INFO oslo.messaging._drivers.impl_rabbit [-] [27274eec-190d-4d5e-aeb2-bccf6a0a3b7b] Reconnected to AMQP server on rabbitmq-neutron.openstack.svc.cluster.local:5672 via [amqp] client with port 46604.
2026-04-14 06:20:04.536 7 INFO neutron.pecan_wsgi.hooks.translation [None req-cd05f3c5-fc6f-45d7-a2c1-186248728df5 c7d9760d1d9440d7b0caeceb2583c8ea 47935cea4be548058084e2a54d6eef3d - - default default] GET failed (client error): The resource could not be found. [pid: 7|app: 0|req: 33/66] 199.204.45.89 () {44 vars in 934 bytes} [Tue Apr 14 06:20:04 2026] GET /v2.0/networks/lb-mgmt-net => generated 113 bytes in 71 msecs (HTTP/1.1 404) 4 headers in 164 bytes (1 switches on core 0)
2026-04-14 06:20:04.597 8 INFO oslo.messaging._drivers.impl_rabbit [-] [7d126ff9-58b0-4908-8e7b-81fd745f7c54] Reconnected to AMQP server on rabbitmq-neutron.openstack.svc.cluster.local:5672 via [amqp] client with port 46628.
2026-04-14 06:20:04.597 8 INFO oslo.messaging._drivers.impl_rabbit [-] [2afa9ba7-0d13-4481-b8bf-ee914832f0e7] Reconnected to AMQP server on rabbitmq-neutron.openstack.svc.cluster.local:5672 via [amqp] client with port 46618. [pid: 8|app: 0|req: 34/67] 199.204.45.89 () {44 vars in 956 bytes} [Tue Apr 14 06:20:04 2026] GET /v2.0/networks?name=lb-mgmt-net => generated 691 bytes in 65 msecs (HTTP/1.1 200) 4 headers in 157 bytes (1 switches on core 0)
2026-04-14 06:20:04.641 7 INFO neutron.pecan_wsgi.hooks.translation [None req-7190a655-febd-4d3a-a653-fcdca1779814 c7d9760d1d9440d7b0caeceb2583c8ea 47935cea4be548058084e2a54d6eef3d - - default default] GET failed (client error): The resource could not be found. [pid: 7|app: 0|req: 34/68] 199.204.45.89 () {44 vars in 1033 bytes} [Tue Apr 14 06:20:04 2026] GET /v2.0/subnets/lb-mgmt-subnet?network_id=91cd238f-be9a-40f1-8b1c-c93892fc9952 => generated 114 bytes in 24 msecs (HTTP/1.1 404) 4 headers in 164 bytes (1 switches on core 0) [pid: 8|app: 0|req: 35/69] 199.204.45.89 () {44 vars in 1056 bytes} [Tue Apr 14 06:20:04 2026] GET /v2.0/subnets?name=lb-mgmt-subnet&network_id=91cd238f-be9a-40f1-8b1c-c93892fc9952 => generated 14 bytes in 22 msecs (HTTP/1.1 200) 4 headers in 156 bytes (1 switches on core 0) [pid: 7|app: 0|req: 35/70] 199.204.45.89 () {48 vars in 962 bytes} [Tue Apr 14 06:20:04 2026] POST /v2.0/subnets => generated 627 bytes in 266 msecs (HTTP/1.1 201) 4 headers in 162 bytes (1 switches on core 0)
2026-04-14 06:20:05.946 8 INFO neutron.api.v2.resource [None req-54bc619c-9080-4f7b-85fd-225bbd0e5a32 c7d9760d1d9440d7b0caeceb2583c8ea 47935cea4be548058084e2a54d6eef3d - - default default] show failed (client error): The resource could not be found. [pid: 8|app: 0|req: 36/71] 199.204.45.89 () {44 vars in 968 bytes} [Tue Apr 14 06:20:05 2026] GET /v2.0/security-groups/lb-health-mgr-sec-grp => generated 131 bytes in 61 msecs (HTTP/1.1 404) 4 headers in 164 bytes (1 switches on core 0) [pid: 7|app: 0|req: 36/72] 199.204.45.89 () {44 vars in 990 bytes} [Tue Apr 14 06:20:05 2026] GET /v2.0/security-groups?name=lb-health-mgr-sec-grp => generated 23 bytes in 32 msecs (HTTP/1.1 200) 4 headers in 156 bytes (1 switches on core 0) [pid: 8|app: 0|req: 37/73] 199.204.45.89 () {48 vars in 977 bytes} [Tue Apr 14 06:20:05 2026] POST /v2.0/security-groups => generated 1552 bytes in 147 msecs (HTTP/1.1 201) 4 headers in 163 bytes (1 switches on core 0) [pid: 7|app: 0|req: 37/74] 199.204.45.89 () {44 vars in 998 bytes} [Tue Apr 14 06:20:07 2026] GET /v2.0/security-groups/d232ba9f-83c9-4360-8dec-27cec474ae4e => generated 1552 bytes in 65 msecs (HTTP/1.1 200) 4 headers in 158 bytes (1 switches on core 0) [pid: 8|app: 0|req: 38/75] 199.204.45.89 () {44 vars in 998 bytes} [Tue Apr 14 06:20:07 2026] GET /v2.0/security-groups/d232ba9f-83c9-4360-8dec-27cec474ae4e => generated 1552 bytes in 33 msecs (HTTP/1.1 200) 4 headers in 158 bytes (1 switches on core 0) [pid: 7|app: 0|req: 38/76] 199.204.45.89 () {44 vars in 998 bytes} [Tue Apr 14 06:20:07 2026] GET /v2.0/security-groups/d232ba9f-83c9-4360-8dec-27cec474ae4e => generated 1552 bytes in 24 msecs (HTTP/1.1 200) 4 headers in 158 bytes (1 switches on core 0) [pid: 8|app: 0|req: 39/77] 199.204.45.89 () {48 vars in 988 bytes} [Tue Apr 14 06:20:07 2026] POST /v2.0/security-group-rules => generated 569 bytes in 91 msecs (HTTP/1.1 201) 4 headers in 162 bytes (1 switches on core 0) [pid: 7|app: 0|req: 39/78] 199.204.45.89 () {44 vars in 998 bytes} [Tue Apr 14 06:20:08 2026] GET /v2.0/security-groups/d232ba9f-83c9-4360-8dec-27cec474ae4e => generated 2134 bytes in 76 msecs (HTTP/1.1 200) 4 headers in 158 bytes (1 switches on core 0) [pid: 8|app: 0|req: 40/79] 199.204.45.89 () {44 vars in 998 bytes} [Tue Apr 14 06:20:08 2026] GET /v2.0/security-groups/d232ba9f-83c9-4360-8dec-27cec474ae4e => generated 2134 bytes in 75 msecs (HTTP/1.1 200) 4 headers in 158 bytes (1 switches on core 0) [pid: 7|app: 0|req: 40/80] 199.204.45.89 () {44 vars in 998 bytes} [Tue Apr 14 06:20:08 2026] GET /v2.0/security-groups/d232ba9f-83c9-4360-8dec-27cec474ae4e => generated 2134 bytes in 32 msecs (HTTP/1.1 200) 4 headers in 158 bytes (1 switches on core 0) [pid: 8|app: 0|req: 41/81] 199.204.45.89 () {48 vars in 988 bytes} [Tue Apr 14 06:20:08 2026] POST /v2.0/security-group-rules => generated 571 bytes in 95 msecs (HTTP/1.1 201) 4 headers in 162 bytes (1 switches on core 0) [pid: 7|app: 0|req: 41/82] 199.204.45.89 () {44 vars in 998 bytes} [Tue Apr 14 06:20:09 2026] GET /v2.0/security-groups/d232ba9f-83c9-4360-8dec-27cec474ae4e => generated 2718 bytes in 70 msecs (HTTP/1.1 200) 4 headers in 158 bytes (1 switches on core 0) [pid: 8|app: 0|req: 42/83] 199.204.45.89 () {44 vars in 998 bytes} [Tue Apr 14 06:20:09 2026] GET /v2.0/security-groups/d232ba9f-83c9-4360-8dec-27cec474ae4e => generated 2718 bytes in 31 msecs (HTTP/1.1 200) 4 headers in 158 bytes (1 switches on core 0) [pid: 7|app: 0|req: 42/84] 199.204.45.89 () {44 vars in 998 bytes} [Tue Apr 14 06:20:09 2026] GET /v2.0/security-groups/d232ba9f-83c9-4360-8dec-27cec474ae4e => generated 2718 bytes in 28 msecs (HTTP/1.1 200) 4 headers in 158 bytes (1 switches on core 0) [pid: 8|app: 0|req: 43/85] 199.204.45.89 () {48 vars in 988 bytes} [Tue Apr 14 06:20:09 2026] POST /v2.0/security-group-rules => generated 571 bytes in 95 msecs (HTTP/1.1 201) 4 headers in 162 bytes (1 switches on core 0) [pid: 7|app: 0|req: 43/86] 199.204.45.89 () {44 vars in 998 bytes} [Tue Apr 14 06:20:10 2026] GET /v2.0/security-groups/d232ba9f-83c9-4360-8dec-27cec474ae4e => generated 3302 bytes in 69 msecs (HTTP/1.1 200) 4 headers in 158 bytes (1 switches on core 0) [pid: 8|app: 0|req: 44/87] 199.204.45.89 () {44 vars in 998 bytes} [Tue Apr 14 06:20:10 2026] GET /v2.0/security-groups/d232ba9f-83c9-4360-8dec-27cec474ae4e => generated 3302 bytes in 35 msecs (HTTP/1.1 200) 4 headers in 158 bytes (1 switches on core 0) [pid: 7|app: 0|req: 44/88] 199.204.45.89 () {44 vars in 998 bytes} [Tue Apr 14 06:20:10 2026] GET /v2.0/security-groups/d232ba9f-83c9-4360-8dec-27cec474ae4e => generated 3302 bytes in 33 msecs (HTTP/1.1 200) 4 headers in 158 bytes (1 switches on core 0) [pid: 8|app: 0|req: 45/89] 199.204.45.89 () {48 vars in 988 bytes} [Tue Apr 14 06:20:10 2026] POST /v2.0/security-group-rules => generated 571 bytes in 101 msecs (HTTP/1.1 201) 4 headers in 162 bytes (1 switches on core 0) [pid: 7|app: 0|req: 45/90] 199.204.45.89 () {44 vars in 998 bytes} [Tue Apr 14 06:20:11 2026] GET /v2.0/security-groups/d232ba9f-83c9-4360-8dec-27cec474ae4e => generated 3886 bytes in 66 msecs (HTTP/1.1 200) 4 headers in 158 bytes (1 switches on core 0) [pid: 8|app: 0|req: 46/91] 199.204.45.89 () {44 vars in 998 bytes} [Tue Apr 14 06:20:11 2026] GET /v2.0/security-groups/d232ba9f-83c9-4360-8dec-27cec474ae4e => generated 3886 bytes in 34 msecs (HTTP/1.1 200) 4 headers in 158 bytes (1 switches on core 0) [pid: 7|app: 0|req: 46/92] 199.204.45.89 () {44 vars in 998 bytes} [Tue Apr 14 06:20:11 2026] GET /v2.0/security-groups/d232ba9f-83c9-4360-8dec-27cec474ae4e => generated 3886 bytes in 35 msecs (HTTP/1.1 200) 4 headers in 158 bytes (1 switches on core 0) [pid: 8|app: 0|req: 47/93] 199.204.45.89 () {48 vars in 988 bytes} [Tue Apr 14 06:20:11 2026] POST /v2.0/security-group-rules => generated 571 bytes in 93 msecs (HTTP/1.1 201) 4 headers in 162 bytes (1 switches on core 0) [pid: 7|app: 0|req: 47/94] 199.204.45.89 () {44 vars in 984 bytes} [Tue Apr 14 06:20:12 2026] GET /v2.0/networks/91cd238f-be9a-40f1-8b1c-c93892fc9952 => generated 732 bytes in 119 msecs (HTTP/1.1 200) 4 headers in 157 bytes (1 switches on core 0)
