2026-06-10 09:07:33.723 7 INFO placement.requestlog [None req-59ba4303-dae7-4729-ac89-5efd14a2ec8c 1bd0003c81874b9fb51f35ddf72356f8 507e9651b57d4d3f8d050a98831feb08 - - 7e7d2d7565404a5b9296489e6410967b 7e7d2d7565404a5b9296489e6410967b] 10.0.0.12 "DELETE /resource_providers/cdc788ee-11ff-433a-94b4-a3d9ec47ed68" status: 404 len: 246 microversion: 1.1 [pid: 7|app: 0|req: 513/1034] 10.0.0.12 () {34 vars in 815 bytes} [Wed Jun 10 09:07:33 2026] DELETE /resource_providers/cdc788ee-11ff-433a-94b4-a3d9ec47ed68 => generated 246 bytes in 6 msecs (HTTP/1.1 404) 6 headers in 231 bytes (1 switches on core 0)
2026-06-10 09:07:33.728 8 INFO placement.requestlog [None req-3235ea94-9f44-4a5a-b345-d1108f9e562b 1bd0003c81874b9fb51f35ddf72356f8 507e9651b57d4d3f8d050a98831feb08 - - 7e7d2d7565404a5b9296489e6410967b 7e7d2d7565404a5b9296489e6410967b] 10.0.0.12 "GET /resource_providers/51c4f064-ad51-447f-b932-6e6c46fe95ff/aggregates" status: 404 len: 235 microversion: 1.1
2026-06-10 09:07:33.728 7 INFO placement.requestlog [None req-445471cb-14bd-463c-8198-2c3bd95c9317 1bd0003c81874b9fb51f35ddf72356f8 507e9651b57d4d3f8d050a98831feb08 - - 7e7d2d7565404a5b9296489e6410967b 7e7d2d7565404a5b9296489e6410967b] 10.0.0.12 "DELETE /resource_providers/cdc788ee-11ff-433a-94b4-a3d9ec47ed68" status: 404 len: 246 microversion: 1.1 [pid: 8|app: 0|req: 522/1035] 10.0.0.12 () {32 vars in 815 bytes} [Wed Jun 10 09:07:33 2026] GET /resource_providers/51c4f064-ad51-447f-b932-6e6c46fe95ff/aggregates => generated 235 bytes in 5 msecs (HTTP/1.1 404) 5 headers in 202 bytes (1 switches on core 0) [pid: 7|app: 0|req: 514/1036] 10.0.0.12 () {34 vars in 815 bytes} [Wed Jun 10 09:07:33 2026] DELETE /resource_providers/cdc788ee-11ff-433a-94b4-a3d9ec47ed68 => generated 246 bytes in 5 msecs (HTTP/1.1 404) 6 headers in 231 bytes (1 switches on core 0)
2026-06-10 09:07:33.735 8 INFO placement.requestlog [None req-6c353774-52ce-4ca3-8db0-ef95e49ff453 1bd0003c81874b9fb51f35ddf72356f8 507e9651b57d4d3f8d050a98831feb08 - - 7e7d2d7565404a5b9296489e6410967b 7e7d2d7565404a5b9296489e6410967b] 10.0.0.12 "DELETE /resource_providers/51c4f064-ad51-447f-b932-6e6c46fe95ff" status: 404 len: 246 microversion: 1.1 [pid: 8|app: 0|req: 523/1037] 10.0.0.12 () {34 vars in 815 bytes} [Wed Jun 10 09:07:33 2026] DELETE /resource_providers/51c4f064-ad51-447f-b932-6e6c46fe95ff => generated 246 bytes in 6 msecs (HTTP/1.1 404) 6 headers in 231 bytes (1 switches on core 0)
2026-06-10 09:07:33.745 7 INFO placement.requestlog [None req-683b28e1-48e4-430c-8b15-5c83fde484a4 1bd0003c81874b9fb51f35ddf72356f8 507e9651b57d4d3f8d050a98831feb08 - - 7e7d2d7565404a5b9296489e6410967b 7e7d2d7565404a5b9296489e6410967b] 10.0.0.12 "DELETE /resource_providers/51c4f064-ad51-447f-b932-6e6c46fe95ff" status: 404 len: 246 microversion: 1.1 [pid: 7|app: 0|req: 515/1038] 10.0.0.12 () {34 vars in 815 bytes} [Wed Jun 10 09:07:33 2026] DELETE /resource_providers/51c4f064-ad51-447f-b932-6e6c46fe95ff => generated 246 bytes in 8 msecs (HTTP/1.1 404) 6 headers in 231 bytes (1 switches on core 0)
2026-06-10 09:07:33.747 8 INFO placement.requestlog [None req-1b62c7a4-3518-47a4-8793-fa7184ecbf0d 1bd0003c81874b9fb51f35ddf72356f8 507e9651b57d4d3f8d050a98831feb08 - - 7e7d2d7565404a5b9296489e6410967b 7e7d2d7565404a5b9296489e6410967b] 10.0.0.12 "GET /resource_providers/011ceefd-41f3-46aa-bc35-72944300505f/aggregates" status: 404 len: 235 microversion: 1.1 [pid: 8|app: 0|req: 524/1039] 10.0.0.12 () {32 vars in 815 bytes} [Wed Jun 10 09:07:33 2026] GET /resource_providers/011ceefd-41f3-46aa-bc35-72944300505f/aggregates => generated 235 bytes in 7 msecs (HTTP/1.1 404) 5 headers in 202 bytes (1 switches on core 0)
2026-06-10 09:07:33.766 7 INFO placement.requestlog [None req-ce7ffe43-1e4e-47ee-8b6a-25dcf2dfefd6 1bd0003c81874b9fb51f35ddf72356f8 507e9651b57d4d3f8d050a98831feb08 - - 7e7d2d7565404a5b9296489e6410967b 7e7d2d7565404a5b9296489e6410967b] 10.0.0.12 "GET /resource_providers/011ceefd-41f3-46aa-bc35-72944300505f/aggregates" status: 404 len: 235 microversion: 1.1 [pid: 7|app: 0|req: 516/1040] 10.0.0.12 () {32 vars in 815 bytes} [Wed Jun 10 09:07:33 2026] GET /resource_providers/011ceefd-41f3-46aa-bc35-72944300505f/aggregates => generated 235 bytes in 9 msecs (HTTP/1.1 404) 5 headers in 202 bytes (1 switches on core 0)
2026-06-10 09:07:33.768 8 INFO placement.requestlog [None req-7047a826-7332-46a8-b140-b3dc17e02d1e 1bd0003c81874b9fb51f35ddf72356f8 507e9651b57d4d3f8d050a98831feb08 - - 7e7d2d7565404a5b9296489e6410967b 7e7d2d7565404a5b9296489e6410967b] 10.0.0.12 "DELETE /resource_providers/011ceefd-41f3-46aa-bc35-72944300505f" status: 404 len: 246 microversion: 1.1 [pid: 8|app: 0|req: 525/1041] 10.0.0.12 () {34 vars in 815 bytes} [Wed Jun 10 09:07:33 2026] DELETE /resource_providers/011ceefd-41f3-46aa-bc35-72944300505f => generated 246 bytes in 10 msecs (HTTP/1.1 404) 6 headers in 231 bytes (1 switches on core 0)
2026-06-10 09:07:33.781 8 INFO placement.requestlog [None req-8da8451b-889a-493a-a451-b321346a69f8 1bd0003c81874b9fb51f35ddf72356f8 507e9651b57d4d3f8d050a98831feb08 - - 7e7d2d7565404a5b9296489e6410967b 7e7d2d7565404a5b9296489e6410967b] 10.0.0.12 "GET /resource_providers/5869c1b0-1866-4082-a522-fe5bc239d0e5/aggregates" status: 404 len: 235 microversion: 1.1 [pid: 8|app: 0|req: 526/1042] 10.0.0.12 () {32 vars in 815 bytes} [Wed Jun 10 09:07:33 2026] GET /resource_providers/5869c1b0-1866-4082-a522-fe5bc239d0e5/aggregates => generated 235 bytes in 7 msecs (HTTP/1.1 404) 5 headers in 202 bytes (1 switches on core 0)
2026-06-10 09:07:33.783 7 INFO placement.requestlog [None req-3dc2d641-b528-4edc-88ff-10d574faa4d3 1bd0003c81874b9fb51f35ddf72356f8 507e9651b57d4d3f8d050a98831feb08 - - 7e7d2d7565404a5b9296489e6410967b 7e7d2d7565404a5b9296489e6410967b] 10.0.0.12 "DELETE /resource_providers/011ceefd-41f3-46aa-bc35-72944300505f" status: 404 len: 246 microversion: 1.1 [pid: 7|app: 0|req: 517/1043] 10.0.0.12 () {34 vars in 815 bytes} [Wed Jun 10 09:07:33 2026] DELETE /resource_providers/011ceefd-41f3-46aa-bc35-72944300505f => generated 246 bytes in 10 msecs (HTTP/1.1 404) 6 headers in 231 bytes (1 switches on core 0)
2026-06-10 09:07:33.796 8 INFO placement.requestlog [None req-d1efd2a0-ffe8-44c9-a69b-51e201d0d78f 1bd0003c81874b9fb51f35ddf72356f8 507e9651b57d4d3f8d050a98831feb08 - - 7e7d2d7565404a5b9296489e6410967b 7e7d2d7565404a5b9296489e6410967b] 10.0.0.12 "DELETE /resource_providers/5869c1b0-1866-4082-a522-fe5bc239d0e5" status: 404 len: 246 microversion: 1.1 [pid: 8|app: 0|req: 527/1044] 10.0.0.12 () {34 vars in 815 bytes} [Wed Jun 10 09:07:33 2026] DELETE /resource_providers/5869c1b0-1866-4082-a522-fe5bc239d0e5 => generated 246 bytes in 7 msecs (HTTP/1.1 404) 6 headers in 231 bytes (1 switches on core 0)
2026-06-10 09:07:33.801 7 INFO placement.requestlog [None req-3f42b981-ea92-4ebb-9836-24317bc25417 1bd0003c81874b9fb51f35ddf72356f8 507e9651b57d4d3f8d050a98831feb08 - - 7e7d2d7565404a5b9296489e6410967b 7e7d2d7565404a5b9296489e6410967b] 10.0.0.12 "GET /resource_providers/5869c1b0-1866-4082-a522-fe5bc239d0e5/aggregates" status: 404 len: 235 microversion: 1.1 [pid: 7|app: 0|req: 518/1045] 10.0.0.12 () {32 vars in 815 bytes} [Wed Jun 10 09:07:33 2026] GET /resource_providers/5869c1b0-1866-4082-a522-fe5bc239d0e5/aggregates => generated 235 bytes in 11 msecs (HTTP/1.1 404) 5 headers in 202 bytes (1 switches on core 0)
2026-06-10 09:07:33.817 8 INFO placement.requestlog [None req-acfba404-5588-4b26-882e-2d53eae57db9 1bd0003c81874b9fb51f35ddf72356f8 507e9651b57d4d3f8d050a98831feb08 - - 7e7d2d7565404a5b9296489e6410967b 7e7d2d7565404a5b9296489e6410967b] 10.0.0.12 "DELETE /resource_providers/5869c1b0-1866-4082-a522-fe5bc239d0e5" status: 404 len: 246 microversion: 1.1 [pid: 8|app: 0|req: 528/1046] 10.0.0.12 () {34 vars in 815 bytes} [Wed Jun 10 09:07:33 2026] DELETE /resource_providers/5869c1b0-1866-4082-a522-fe5bc239d0e5 => generated 246 bytes in 8 msecs (HTTP/1.1 404) 6 headers in 231 bytes (1 switches on core 0)
2026-06-10 09:07:39.837 8 INFO placement.requestlog [None req-1c449db8-9778-4dd0-9ce4-d60f7e0d08e6 - - - - - -] 10.0.0.226 "GET /" status: 200 len: 136 microversion: 1.0
2026-06-10 09:07:39.837 7 INFO placement.requestlog [None req-ca8e8f79-9e36-4030-ba84-c76db45f8ef8 - - - - - -] 10.0.0.226 "GET /" status: 200 len: 136 microversion: 1.0
2026-06-10 09:07:49.836 7 INFO placement.requestlog [None req-af5308e5-61ea-41b3-910e-e3e0aefb27f7 - - - - - -] 10.0.0.226 "GET /" status: 200 len: 136 microversion: 1.0
2026-06-10 09:07:49.836 8 INFO placement.requestlog [None req-bf22dc86-462a-41f0-8166-bc9af8377740 - - - - - -] 10.0.0.226 "GET /" status: 200 len: 136 microversion: 1.0
2026-06-10 09:07:59.836 7 INFO placement.requestlog [None req-5945f0a0-0b13-469c-b736-e618a539c241 - - - - - -] 10.0.0.226 "GET /" status: 200 len: 136 microversion: 1.0
2026-06-10 09:07:59.836 8 INFO placement.requestlog [None req-4de78103-fedc-4d5d-96b9-8342c105dc37 - - - - - -] 10.0.0.226 "GET /" status: 200 len: 136 microversion: 1.0
2026-06-10 09:08:01.318 7 INFO placement.requestlog [req-64e36177-abdc-4479-acba-baa78ece30ed req-4151c693-28a8-4c19-aeb8-62ef28e3aaf1 b6afd337274c4d488db8cbff1ed30ce4 507e9651b57d4d3f8d050a98831feb08 - - 7e7d2d7565404a5b9296489e6410967b 7e7d2d7565404a5b9296489e6410967b] 10.0.0.203 "GET /allocation_candidates?limit=1000&resources=DISK_GB%3A1%2CMEMORY_MB%3A512%2CVCPU%3A1&root_required=%21COMPUTE_STATUS_DISABLED" status: 200 len: 2781 microversion: 1.36 [pid: 7|app: 0|req: 522/1053] 10.0.0.203 () {34 vars in 1012 bytes} [Wed Jun 10 09:08:01 2026] GET /allocation_candidates?limit=1000&resources=DISK_GB%3A1%2CMEMORY_MB%3A512%2CVCPU%3A1&root_required=%21COMPUTE_STATUS_DISABLED => generated 2781 bytes in 140 msecs (HTTP/1.1 200) 8 headers in 297 bytes (1 switches on core 0)
2026-06-10 09:08:01.355 8 INFO placement.requestlog [req-64e36177-abdc-4479-acba-baa78ece30ed req-b0eb5125-d8c9-47d2-8394-e7b79200d171 b6afd337274c4d488db8cbff1ed30ce4 507e9651b57d4d3f8d050a98831feb08 - - 7e7d2d7565404a5b9296489e6410967b 7e7d2d7565404a5b9296489e6410967b] 10.0.0.203 "GET /allocations/3a48110b-b67f-499c-adc8-928f3f29fa46" status: 200 len: 19 microversion: 1.28 [pid: 8|app: 0|req: 532/1054] 10.0.0.203 () {34 vars in 861 bytes} [Wed Jun 10 09:08:01 2026] GET /allocations/3a48110b-b67f-499c-adc8-928f3f29fa46 => generated 19 bytes in 13 msecs (HTTP/1.1 200) 8 headers in 295 bytes (1 switches on core 0)
2026-06-10 09:08:01.432 7 INFO placement.requestlog [req-64e36177-abdc-4479-acba-baa78ece30ed req-4b35e0a0-0204-4a42-8a0c-cbbf48b62fc6 b6afd337274c4d488db8cbff1ed30ce4 507e9651b57d4d3f8d050a98831feb08 - - 7e7d2d7565404a5b9296489e6410967b 7e7d2d7565404a5b9296489e6410967b] 10.0.0.203 "PUT /allocations/3a48110b-b67f-499c-adc8-928f3f29fa46" status: 204 len: 0 microversion: 1.36 [pid: 7|app: 0|req: 523/1055] 10.0.0.203 () {38 vars in 914 bytes} [Wed Jun 10 09:08:01 2026] PUT /allocations/3a48110b-b67f-499c-adc8-928f3f29fa46 => generated 0 bytes in 68 msecs (HTTP/1.1 204) 5 headers in 199 bytes (1 switches on core 0)
2026-06-10 09:08:02.833 8 INFO placement.requestlog [req-64e36177-abdc-4479-acba-baa78ece30ed req-98ef148c-922b-4693-801c-fc86714e4af5 b6afd337274c4d488db8cbff1ed30ce4 507e9651b57d4d3f8d050a98831feb08 - - 7e7d2d7565404a5b9296489e6410967b 7e7d2d7565404a5b9296489e6410967b] 199.204.45.22 "GET /allocations/3a48110b-b67f-499c-adc8-928f3f29fa46" status: 200 len: 258 microversion: 1.28 [pid: 8|app: 0|req: 533/1056] 199.204.45.22 () {34 vars in 862 bytes} [Wed Jun 10 09:08:02 2026] GET /allocations/3a48110b-b67f-499c-adc8-928f3f29fa46 => generated 258 bytes in 16 msecs (HTTP/1.1 200) 8 headers in 296 bytes (1 switches on core 0)
2026-06-10 09:08:03.886 7 INFO placement.requestlog [req-64e36177-abdc-4479-acba-baa78ece30ed req-917f4809-148f-4e1f-8f98-ccb48e05de4b b6afd337274c4d488db8cbff1ed30ce4 507e9651b57d4d3f8d050a98831feb08 - - 7e7d2d7565404a5b9296489e6410967b 7e7d2d7565404a5b9296489e6410967b] 199.204.45.22 "GET /resource_providers/0a57580a-f3db-4f30-9a31-445acd0c9d51/allocations" status: 200 len: 153 microversion: 1.0 [pid: 7|app: 0|req: 524/1057] 199.204.45.22 () {32 vars in 856 bytes} [Wed Jun 10 09:08:03 2026] GET /resource_providers/0a57580a-f3db-4f30-9a31-445acd0c9d51/allocations => generated 153 bytes in 23 msecs (HTTP/1.1 200) 6 headers in 224 bytes (1 switches on core 0)
2026-06-10 09:08:03.907 8 INFO placement.requestlog [req-64e36177-abdc-4479-acba-baa78ece30ed req-e6af8cef-9838-4056-b268-bdbae65c0f7e b6afd337274c4d488db8cbff1ed30ce4 507e9651b57d4d3f8d050a98831feb08 - - 7e7d2d7565404a5b9296489e6410967b 7e7d2d7565404a5b9296489e6410967b] 199.204.45.22 "GET /allocations/3a48110b-b67f-499c-adc8-928f3f29fa46" status: 200 len: 258 microversion: 1.28 [pid: 8|app: 0|req: 534/1058] 199.204.45.22 () {34 vars in 862 bytes} [Wed Jun 10 09:08:03 2026] GET /allocations/3a48110b-b67f-499c-adc8-928f3f29fa46 => generated 258 bytes in 15 msecs (HTTP/1.1 200) 8 headers in 296 bytes (1 switches on core 0)
2026-06-10 09:08:09.836 7 INFO placement.requestlog [None req-180089a4-9e5f-41d5-8617-8c732c79c4a8 - - - - - -] 10.0.0.226 "GET /" status: 200 len: 136 microversion: 1.0
2026-06-10 09:08:09.836 8 INFO placement.requestlog [None req-d56d30e8-1eb0-431a-a3f8-688680845fd0 - - - - - -] 10.0.0.226 "GET /" status: 200 len: 136 microversion: 1.0
2026-06-10 09:08:18.720 7 INFO placement.requestlog [req-021c58a6-f487-4c5d-aa66-438783b34140 req-d1c4730a-28aa-4edb-8905-e787d0ebb6fb b6afd337274c4d488db8cbff1ed30ce4 507e9651b57d4d3f8d050a98831feb08 - - 7e7d2d7565404a5b9296489e6410967b 7e7d2d7565404a5b9296489e6410967b] 10.0.0.203 "GET /allocation_candidates?limit=1000&resources=DISK_GB%3A1%2CMEMORY_MB%3A512%2CVCPU%3A1&root_required=%21COMPUTE_STATUS_DISABLED" status: 200 len: 2783 microversion: 1.36 [pid: 7|app: 0|req: 526/1061] 10.0.0.203 () {34 vars in 1012 bytes} [Wed Jun 10 09:08:18 2026] GET /allocation_candidates?limit=1000&resources=DISK_GB%3A1%2CMEMORY_MB%3A512%2CVCPU%3A1&root_required=%21COMPUTE_STATUS_DISABLED => generated 2783 bytes in 54 msecs (HTTP/1.1 200) 8 headers in 297 bytes (1 switches on core 0)
2026-06-10 09:08:18.746 8 INFO placement.requestlog [req-021c58a6-f487-4c5d-aa66-438783b34140 req-d60d80bf-317f-497c-810c-13bf473cadba b6afd337274c4d488db8cbff1ed30ce4 507e9651b57d4d3f8d050a98831feb08 - - 7e7d2d7565404a5b9296489e6410967b 7e7d2d7565404a5b9296489e6410967b] 10.0.0.203 "GET /allocations/15439349-7526-4b77-8da0-0a3d8a10529c" status: 200 len: 19 microversion: 1.28 [pid: 8|app: 0|req: 536/1062] 10.0.0.203 () {34 vars in 861 bytes} [Wed Jun 10 09:08:18 2026] GET /allocations/15439349-7526-4b77-8da0-0a3d8a10529c => generated 19 bytes in 8 msecs (HTTP/1.1 200) 8 headers in 295 bytes (1 switches on core 0)
2026-06-10 09:08:18.804 7 INFO placement.requestlog [req-021c58a6-f487-4c5d-aa66-438783b34140 req-edabf97a-f60f-4fe0-a801-da7900de53d1 b6afd337274c4d488db8cbff1ed30ce4 507e9651b57d4d3f8d050a98831feb08 - - 7e7d2d7565404a5b9296489e6410967b 7e7d2d7565404a5b9296489e6410967b] 10.0.0.203 "PUT /allocations/15439349-7526-4b77-8da0-0a3d8a10529c" status: 204 len: 0 microversion: 1.36 [pid: 7|app: 0|req: 527/1063] 10.0.0.203 () {38 vars in 914 bytes} [Wed Jun 10 09:08:18 2026] PUT /allocations/15439349-7526-4b77-8da0-0a3d8a10529c => generated 0 bytes in 52 msecs (HTTP/1.1 204) 5 headers in 199 bytes (1 switches on core 0)
2026-06-10 09:08:19.045 8 INFO placement.requestlog [req-eac0b763-cb81-40bb-9772-6256936c7a7f req-240678cc-71c1-4f8d-9b5d-d7d064d48d09 b6afd337274c4d488db8cbff1ed30ce4 507e9651b57d4d3f8d050a98831feb08 - - 7e7d2d7565404a5b9296489e6410967b 7e7d2d7565404a5b9296489e6410967b] 199.204.45.22 "GET /resource_providers/0a57580a-f3db-4f30-9a31-445acd0c9d51/allocations" status: 200 len: 253 microversion: 1.0 [pid: 8|app: 0|req: 537/1064] 199.204.45.22 () {32 vars in 856 bytes} [Wed Jun 10 09:08:19 2026] GET /resource_providers/0a57580a-f3db-4f30-9a31-445acd0c9d51/allocations => generated 253 bytes in 16 msecs (HTTP/1.1 200) 6 headers in 224 bytes (1 switches on core 0)
2026-06-10 09:08:19.575 7 INFO placement.requestlog [req-eac0b763-cb81-40bb-9772-6256936c7a7f req-87c86922-e596-4e10-9022-5f89a9bcf458 b6afd337274c4d488db8cbff1ed30ce4 507e9651b57d4d3f8d050a98831feb08 - - 7e7d2d7565404a5b9296489e6410967b 7e7d2d7565404a5b9296489e6410967b] 199.204.45.22 "GET /resource_providers/0a57580a-f3db-4f30-9a31-445acd0c9d51/allocations" status: 200 len: 253 microversion: 1.0 [pid: 7|app: 0|req: 528/1065] 199.204.45.22 () {32 vars in 856 bytes} [Wed Jun 10 09:08:19 2026] GET /resource_providers/0a57580a-f3db-4f30-9a31-445acd0c9d51/allocations => generated 253 bytes in 17 msecs (HTTP/1.1 200) 6 headers in 224 bytes (1 switches on core 0)
2026-06-10 09:08:19.598 8 INFO placement.requestlog [req-eac0b763-cb81-40bb-9772-6256936c7a7f req-b04b4ce3-afa3-44ef-a873-bfd52ee6e3bb b6afd337274c4d488db8cbff1ed30ce4 507e9651b57d4d3f8d050a98831feb08 - - 7e7d2d7565404a5b9296489e6410967b 7e7d2d7565404a5b9296489e6410967b] 199.204.45.22 "GET /allocations/15439349-7526-4b77-8da0-0a3d8a10529c" status: 200 len: 258 microversion: 1.28 [pid: 8|app: 0|req: 538/1066] 199.204.45.22 () {34 vars in 862 bytes} [Wed Jun 10 09:08:19 2026] GET /allocations/15439349-7526-4b77-8da0-0a3d8a10529c => generated 258 bytes in 19 msecs (HTTP/1.1 200) 8 headers in 296 bytes (1 switches on core 0)
2026-06-10 09:08:19.617 7 INFO placement.requestlog [req-eac0b763-cb81-40bb-9772-6256936c7a7f req-3f376e64-ec34-4507-bce1-9ec65938f0dd b6afd337274c4d488db8cbff1ed30ce4 507e9651b57d4d3f8d050a98831feb08 - - 7e7d2d7565404a5b9296489e6410967b 7e7d2d7565404a5b9296489e6410967b] 199.204.45.22 "GET /allocations/3a48110b-b67f-499c-adc8-928f3f29fa46" status: 200 len: 258 microversion: 1.28 [pid: 7|app: 0|req: 529/1067] 199.204.45.22 () {34 vars in 862 bytes} [Wed Jun 10 09:08:19 2026] GET /allocations/3a48110b-b67f-499c-adc8-928f3f29fa46 => generated 258 bytes in 14 msecs (HTTP/1.1 200) 8 headers in 296 bytes (1 switches on core 0)
2026-06-10 09:08:19.836 7 INFO placement.requestlog [None req-db57aa93-1112-4e3e-982b-305d3da8dad8 - - - - - -] 10.0.0.226 "GET /" status: 200 len: 136 microversion: 1.0
2026-06-10 09:08:19.836 8 INFO placement.requestlog [None req-f5bf9659-3fa1-4c46-a6d4-6f3ba280ca22 - - - - - -] 10.0.0.226 "GET /" status: 200 len: 136 microversion: 1.0
2026-06-10 09:08:20.301 7 INFO placement.requestlog [req-021c58a6-f487-4c5d-aa66-438783b34140 req-0b524a98-de52-4df5-a9d8-ba58b83c7ee4 b6afd337274c4d488db8cbff1ed30ce4 507e9651b57d4d3f8d050a98831feb08 - - 7e7d2d7565404a5b9296489e6410967b 7e7d2d7565404a5b9296489e6410967b] 199.204.45.22 "GET /allocations/15439349-7526-4b77-8da0-0a3d8a10529c" status: 200 len: 258 microversion: 1.28 [pid: 7|app: 0|req: 531/1070] 199.204.45.22 () {34 vars in 862 bytes} [Wed Jun 10 09:08:20 2026] GET /allocations/15439349-7526-4b77-8da0-0a3d8a10529c => generated 258 bytes in 11 msecs (HTTP/1.1 200) 8 headers in 296 bytes (1 switches on core 0)
2026-06-10 09:08:21.693 8 INFO placement.requestlog [req-021c58a6-f487-4c5d-aa66-438783b34140 req-a200edc1-fa04-4901-b713-e879bcd405ae b6afd337274c4d488db8cbff1ed30ce4 507e9651b57d4d3f8d050a98831feb08 - - 7e7d2d7565404a5b9296489e6410967b 7e7d2d7565404a5b9296489e6410967b] 199.204.45.22 "GET /resource_providers/0a57580a-f3db-4f30-9a31-445acd0c9d51/allocations" status: 200 len: 253 microversion: 1.0 [pid: 8|app: 0|req: 540/1071] 199.204.45.22 () {32 vars in 856 bytes} [Wed Jun 10 09:08:21 2026] GET /resource_providers/0a57580a-f3db-4f30-9a31-445acd0c9d51/allocations => generated 253 bytes in 21 msecs (HTTP/1.1 200) 6 headers in 224 bytes (1 switches on core 0)
2026-06-10 09:08:21.712 7 INFO placement.requestlog [req-021c58a6-f487-4c5d-aa66-438783b34140 req-cfe14035-b218-455d-837c-edca51e5cc4c b6afd337274c4d488db8cbff1ed30ce4 507e9651b57d4d3f8d050a98831feb08 - - 7e7d2d7565404a5b9296489e6410967b 7e7d2d7565404a5b9296489e6410967b] 199.204.45.22 "GET /allocations/15439349-7526-4b77-8da0-0a3d8a10529c" status: 200 len: 258 microversion: 1.28 [pid: 7|app: 0|req: 532/1072] 199.204.45.22 () {34 vars in 862 bytes} [Wed Jun 10 09:08:21 2026] GET /allocations/15439349-7526-4b77-8da0-0a3d8a10529c => generated 258 bytes in 11 msecs (HTTP/1.1 200) 8 headers in 296 bytes (1 switches on core 0)
2026-06-10 09:08:21.730 8 INFO placement.requestlog [req-021c58a6-f487-4c5d-aa66-438783b34140 req-ca7e3ca3-012a-4b76-b5fd-b57dfeb7c25b b6afd337274c4d488db8cbff1ed30ce4 507e9651b57d4d3f8d050a98831feb08 - - 7e7d2d7565404a5b9296489e6410967b 7e7d2d7565404a5b9296489e6410967b] 199.204.45.22 "GET /allocations/3a48110b-b67f-499c-adc8-928f3f29fa46" status: 200 len: 258 microversion: 1.28 [pid: 8|app: 0|req: 541/1073] 199.204.45.22 () {34 vars in 862 bytes} [Wed Jun 10 09:08:21 2026] GET /allocations/3a48110b-b67f-499c-adc8-928f3f29fa46 => generated 258 bytes in 13 msecs (HTTP/1.1 200) 8 headers in 296 bytes (1 switches on core 0)
2026-06-10 09:08:29.836 7 INFO placement.requestlog [None req-c26b8747-7437-4e67-be71-531d09b2fd9d - - - - - -] 10.0.0.226 "GET /" status: 200 len: 136 microversion: 1.0
2026-06-10 09:08:29.836 8 INFO placement.requestlog [None req-a077eb07-bf1b-4597-a1aa-dfeebe7ed383 - - - - - -] 10.0.0.226 "GET /" status: 200 len: 136 microversion: 1.0
2026-06-10 09:08:39.835 8 INFO placement.requestlog [None req-853fa100-a0a2-4f89-9523-2aed65416bae - - - - - -] 10.0.0.226 "GET /" status: 200 len: 136 microversion: 1.0
2026-06-10 09:08:39.836 7 INFO placement.requestlog [None req-92f52750-4fee-49f4-9aa2-ff3c33d18d75 - - - - - -] 10.0.0.226 "GET /" status: 200 len: 136 microversion: 1.0
2026-06-10 09:08:49.838 8 INFO placement.requestlog [None req-a4ab37df-0796-42ad-96de-0ae0caeb7e26 - - - - - -] 10.0.0.226 "GET /" status: 200 len: 136 microversion: 1.0
2026-06-10 09:08:49.838 7 INFO placement.requestlog [None req-f65b225f-88ee-4f18-90b0-b3a3baae4c37 - - - - - -] 10.0.0.226 "GET /" status: 200 len: 136 microversion: 1.0
2026-06-10 09:08:59.681 8 INFO placement.requestlog [req-4356662a-febf-4bab-81bf-977b037ff885 req-bcecf66d-5c7a-47fc-894d-f76c94b45b12 b6afd337274c4d488db8cbff1ed30ce4 507e9651b57d4d3f8d050a98831feb08 - - 7e7d2d7565404a5b9296489e6410967b 7e7d2d7565404a5b9296489e6410967b] 10.0.0.203 "GET /allocation_candidates?limit=1000&resources=MEMORY_MB%3A2048%2CVCPU%3A2&root_required=%21COMPUTE_STATUS_DISABLED" status: 200 len: 2771 microversion: 1.36 [pid: 8|app: 0|req: 545/1080] 10.0.0.203 () {34 vars in 986 bytes} [Wed Jun 10 09:08:59 2026] GET /allocation_candidates?limit=1000&resources=MEMORY_MB%3A2048%2CVCPU%3A2&root_required=%21COMPUTE_STATUS_DISABLED => generated 2771 bytes in 46 msecs (HTTP/1.1 200) 8 headers in 297 bytes (1 switches on core 0)
2026-06-10 09:08:59.714 7 INFO placement.requestlog [req-4356662a-febf-4bab-81bf-977b037ff885 req-9f0e81d8-3cd0-4ea8-8282-d2fdc1a8e0a3 b6afd337274c4d488db8cbff1ed30ce4 507e9651b57d4d3f8d050a98831feb08 - - 7e7d2d7565404a5b9296489e6410967b 7e7d2d7565404a5b9296489e6410967b] 10.0.0.203 "GET /allocations/3f918866-3269-4242-845f-7cb70fc7ce01" status: 200 len: 19 microversion: 1.28 [pid: 7|app: 0|req: 536/1081] 10.0.0.203 () {34 vars in 861 bytes} [Wed Jun 10 09:08:59 2026] GET /allocations/3f918866-3269-4242-845f-7cb70fc7ce01 => generated 19 bytes in 11 msecs (HTTP/1.1 200) 8 headers in 295 bytes (1 switches on core 0)
2026-06-10 09:08:59.777 8 INFO placement.requestlog [req-4356662a-febf-4bab-81bf-977b037ff885 req-7f7b78fa-b76d-4be1-9afc-6706f2125911 b6afd337274c4d488db8cbff1ed30ce4 507e9651b57d4d3f8d050a98831feb08 - - 7e7d2d7565404a5b9296489e6410967b 7e7d2d7565404a5b9296489e6410967b] 10.0.0.203 "PUT /allocations/3f918866-3269-4242-845f-7cb70fc7ce01" status: 204 len: 0 microversion: 1.36 [pid: 8|app: 0|req: 546/1082] 10.0.0.203 () {38 vars in 914 bytes} [Wed Jun 10 09:08:59 2026] PUT /allocations/3f918866-3269-4242-845f-7cb70fc7ce01 => generated 0 bytes in 56 msecs (HTTP/1.1 204) 5 headers in 199 bytes (1 switches on core 0)
2026-06-10 09:08:59.836 7 INFO placement.requestlog [None req-f4458d76-abc1-4068-abe0-8f8608d67096 - - - - - -] 10.0.0.226 "GET /" status: 200 len: 136 microversion: 1.0
2026-06-10 09:08:59.836 8 INFO placement.requestlog [None req-e04eb278-5f48-4d26-a7f7-0efc17637a9c - - - - - -] 10.0.0.226 "GET /" status: 200 len: 136 microversion: 1.0
2026-06-10 09:09:01.217 7 INFO placement.requestlog [req-4356662a-febf-4bab-81bf-977b037ff885 req-53a49468-ffdd-4bf3-a2c6-972cf908670e b6afd337274c4d488db8cbff1ed30ce4 507e9651b57d4d3f8d050a98831feb08 - - 7e7d2d7565404a5b9296489e6410967b 7e7d2d7565404a5b9296489e6410967b] 199.204.45.22 "GET /allocations/3f918866-3269-4242-845f-7cb70fc7ce01" status: 200 len: 245 microversion: 1.28 [pid: 7|app: 0|req: 538/1085] 199.204.45.22 () {34 vars in 862 bytes} [Wed Jun 10 09:09:01 2026] GET /allocations/3f918866-3269-4242-845f-7cb70fc7ce01 => generated 245 bytes in 11 msecs (HTTP/1.1 200) 8 headers in 296 bytes (1 switches on core 0)
2026-06-10 09:09:02.257 8 INFO placement.requestlog [req-4356662a-febf-4bab-81bf-977b037ff885 req-c23e9c90-96da-4f79-ad2a-ca858327dfa8 b6afd337274c4d488db8cbff1ed30ce4 507e9651b57d4d3f8d050a98831feb08 - - 7e7d2d7565404a5b9296489e6410967b 7e7d2d7565404a5b9296489e6410967b] 199.204.45.22 "GET /resource_providers/0a57580a-f3db-4f30-9a31-445acd0c9d51/allocations" status: 200 len: 340 microversion: 1.0 [pid: 8|app: 0|req: 548/1086] 199.204.45.22 () {32 vars in 856 bytes} [Wed Jun 10 09:09:02 2026] GET /resource_providers/0a57580a-f3db-4f30-9a31-445acd0c9d51/allocations => generated 340 bytes in 13 msecs (HTTP/1.1 200) 6 headers in 224 bytes (1 switches on core 0)
2026-06-10 09:09:02.281 7 INFO placement.requestlog [req-4356662a-febf-4bab-81bf-977b037ff885 req-11cec81a-cd7b-4dc1-a226-752b14b9aa00 b6afd337274c4d488db8cbff1ed30ce4 507e9651b57d4d3f8d050a98831feb08 - - 7e7d2d7565404a5b9296489e6410967b 7e7d2d7565404a5b9296489e6410967b] 199.204.45.22 "GET /allocations/15439349-7526-4b77-8da0-0a3d8a10529c" status: 200 len: 258 microversion: 1.28 [pid: 7|app: 0|req: 539/1087] 199.204.45.22 () {34 vars in 862 bytes} [Wed Jun 10 09:09:02 2026] GET /allocations/15439349-7526-4b77-8da0-0a3d8a10529c => generated 258 bytes in 16 msecs (HTTP/1.1 200) 8 headers in 296 bytes (1 switches on core 0)
2026-06-10 09:09:02.294 8 INFO placement.requestlog [req-4356662a-febf-4bab-81bf-977b037ff885 req-073c4538-ec7d-4ec0-ba4d-47779a5aa7e0 b6afd337274c4d488db8cbff1ed30ce4 507e9651b57d4d3f8d050a98831feb08 - - 7e7d2d7565404a5b9296489e6410967b 7e7d2d7565404a5b9296489e6410967b] 199.204.45.22 "GET /allocations/3a48110b-b67f-499c-adc8-928f3f29fa46" status: 200 len: 258 microversion: 1.28 [pid: 8|app: 0|req: 549/1088] 199.204.45.22 () {34 vars in 862 bytes} [Wed Jun 10 09:09:02 2026] GET /allocations/3a48110b-b67f-499c-adc8-928f3f29fa46 => generated 258 bytes in 8 msecs (HTTP/1.1 200) 8 headers in 296 bytes (1 switches on core 0)
2026-06-10 09:09:02.310 7 INFO placement.requestlog [req-4356662a-febf-4bab-81bf-977b037ff885 req-7efdf8d5-7a44-4d69-bb22-ad135a47e33d b6afd337274c4d488db8cbff1ed30ce4 507e9651b57d4d3f8d050a98831feb08 - - 7e7d2d7565404a5b9296489e6410967b 7e7d2d7565404a5b9296489e6410967b] 199.204.45.22 "GET /allocations/3f918866-3269-4242-845f-7cb70fc7ce01" status: 200 len: 245 microversion: 1.28 [pid: 7|app: 0|req: 540/1089] 199.204.45.22 () {34 vars in 862 bytes} [Wed Jun 10 09:09:02 2026] GET /allocations/3f918866-3269-4242-845f-7cb70fc7ce01 => generated 245 bytes in 12 msecs (HTTP/1.1 200) 8 headers in 296 bytes (1 switches on core 0)
2026-06-10 09:09:09.837 7 INFO placement.requestlog [None req-97fee837-ab5a-4fde-9fea-7326260aef03 - - - - - -] 10.0.0.226 "GET /" status: 200 len: 136 microversion: 1.0
2026-06-10 09:09:09.837 8 INFO placement.requestlog [None req-4b7de4e2-af6a-48b9-b984-0dc87b4de6d6 - - - - - -] 10.0.0.226 "GET /" status: 200 len: 136 microversion: 1.0
2026-06-10 09:09:19.836 7 INFO placement.requestlog [None req-f1c36241-1540-46e0-bcfd-9eaa6488a1af - - - - - -] 10.0.0.226 "GET /" status: 200 len: 136 microversion: 1.0
2026-06-10 09:09:19.836 8 INFO placement.requestlog [None req-ef2b636b-acca-42e2-a69b-f12d6f98e655 - - - - - -] 10.0.0.226 "GET /" status: 200 len: 136 microversion: 1.0
2026-06-10 09:09:21.033 7 INFO placement.requestlog [req-5e7aa21c-64e9-4817-8329-172566dddff0 req-da8cfc75-a906-475f-a8e4-ec251b467fce b6afd337274c4d488db8cbff1ed30ce4 507e9651b57d4d3f8d050a98831feb08 - - 7e7d2d7565404a5b9296489e6410967b 7e7d2d7565404a5b9296489e6410967b] 199.204.45.22 "GET /resource_providers/0a57580a-f3db-4f30-9a31-445acd0c9d51/allocations" status: 200 len: 340 microversion: 1.0 [pid: 7|app: 0|req: 543/1094] 199.204.45.22 () {32 vars in 856 bytes} [Wed Jun 10 09:09:21 2026] GET /resource_providers/0a57580a-f3db-4f30-9a31-445acd0c9d51/allocations => generated 340 bytes in 14 msecs (HTTP/1.1 200) 6 headers in 224 bytes (1 switches on core 0)
2026-06-10 09:09:21.074 8 INFO placement.requestlog [req-5e7aa21c-64e9-4817-8329-172566dddff0 req-deac42af-45ce-465d-9156-e62f91dad21a b6afd337274c4d488db8cbff1ed30ce4 507e9651b57d4d3f8d050a98831feb08 - - 7e7d2d7565404a5b9296489e6410967b 7e7d2d7565404a5b9296489e6410967b] 199.204.45.22 "GET /resource_providers/0a57580a-f3db-4f30-9a31-445acd0c9d51/allocations" status: 200 len: 340 microversion: 1.0 [pid: 8|app: 0|req: 552/1095] 199.204.45.22 () {32 vars in 856 bytes} [Wed Jun 10 09:09:21 2026] GET /resource_providers/0a57580a-f3db-4f30-9a31-445acd0c9d51/allocations => generated 340 bytes in 35 msecs (HTTP/1.1 200) 6 headers in 224 bytes (1 switches on core 0)
2026-06-10 09:09:21.092 7 INFO placement.requestlog [req-5e7aa21c-64e9-4817-8329-172566dddff0 req-df4cab9a-ad0b-4639-bf91-349c88f0ba4c b6afd337274c4d488db8cbff1ed30ce4 507e9651b57d4d3f8d050a98831feb08 - - 7e7d2d7565404a5b9296489e6410967b 7e7d2d7565404a5b9296489e6410967b] 199.204.45.22 "GET /allocations/15439349-7526-4b77-8da0-0a3d8a10529c" status: 200 len: 258 microversion: 1.28 [pid: 7|app: 0|req: 544/1096] 199.204.45.22 () {34 vars in 862 bytes} [Wed Jun 10 09:09:21 2026] GET /allocations/15439349-7526-4b77-8da0-0a3d8a10529c => generated 258 bytes in 11 msecs (HTTP/1.1 200) 8 headers in 296 bytes (1 switches on core 0)
2026-06-10 09:09:21.110 8 INFO placement.requestlog [req-5e7aa21c-64e9-4817-8329-172566dddff0 req-d3000eda-1b50-40bb-b5c4-7999609cb944 b6afd337274c4d488db8cbff1ed30ce4 507e9651b57d4d3f8d050a98831feb08 - - 7e7d2d7565404a5b9296489e6410967b 7e7d2d7565404a5b9296489e6410967b] 199.204.45.22 "GET /allocations/3a48110b-b67f-499c-adc8-928f3f29fa46" status: 200 len: 258 microversion: 1.28 [pid: 8|app: 0|req: 553/1097] 199.204.45.22 () {34 vars in 862 bytes} [Wed Jun 10 09:09:21 2026] GET /allocations/3a48110b-b67f-499c-adc8-928f3f29fa46 => generated 258 bytes in 13 msecs (HTTP/1.1 200) 8 headers in 296 bytes (1 switches on core 0)
2026-06-10 09:09:21.130 7 INFO placement.requestlog [req-5e7aa21c-64e9-4817-8329-172566dddff0 req-254367f0-6198-4bbe-984d-03006095c7aa b6afd337274c4d488db8cbff1ed30ce4 507e9651b57d4d3f8d050a98831feb08 - - 7e7d2d7565404a5b9296489e6410967b 7e7d2d7565404a5b9296489e6410967b] 199.204.45.22 "GET /allocations/3f918866-3269-4242-845f-7cb70fc7ce01" status: 200 len: 245 microversion: 1.28 [pid: 7|app: 0|req: 545/1098] 199.204.45.22 () {34 vars in 862 bytes} [Wed Jun 10 09:09:21 2026] GET /allocations/3f918866-3269-4242-845f-7cb70fc7ce01 => generated 245 bytes in 11 msecs (HTTP/1.1 200) 8 headers in 296 bytes (1 switches on core 0)
2026-06-10 09:09:29.848 7 INFO placement.requestlog [None req-9c79afa7-034d-4390-8897-c97202490bbc - - - - - -] 10.0.0.226 "GET /" status: 200 len: 136 microversion: 1.0
2026-06-10 09:09:29.848 8 INFO placement.requestlog [None req-0241e820-bd9a-4a45-bec1-580630c8f6f5 - - - - - -] 10.0.0.226 "GET /" status: 200 len: 136 microversion: 1.0
2026-06-10 09:09:39.837 7 INFO placement.requestlog [None req-a8dae69b-37c8-4bbc-ae30-e2cd709188db - - - - - -] 10.0.0.226 "GET /" status: 200 len: 136 microversion: 1.0
2026-06-10 09:09:39.837 8 INFO placement.requestlog [None req-ad5f8a9b-5728-4cb2-80fa-2080f3aea766 - - - - - -] 10.0.0.226 "GET /" status: 200 len: 136 microversion: 1.0
2026-06-10 09:09:49.836 7 INFO placement.requestlog [None req-89ae45ba-2c82-460b-a3fe-ff10132a34df - - - - - -] 10.0.0.226 "GET /" status: 200 len: 136 microversion: 1.0
2026-06-10 09:09:49.837 8 INFO placement.requestlog [None req-fdd10133-f394-4c68-a96c-e5184bf8aceb - - - - - -] 10.0.0.226 "GET /" status: 200 len: 136 microversion: 1.0
2026-06-10 09:09:59.836 7 INFO placement.requestlog [None req-f7ad34b3-b56d-4c23-ba53-555ea75d81d1 - - - - - -] 10.0.0.226 "GET /" status: 200 len: 136 microversion: 1.0
2026-06-10 09:09:59.836 8 INFO placement.requestlog [None req-8433630c-a93e-4893-bb9e-709ac264eab2 - - - - - -] 10.0.0.226 "GET /" status: 200 len: 136 microversion: 1.0
2026-06-10 09:10:09.835 7 INFO placement.requestlog [None req-74e7edfc-170b-484c-8d31-f9f141127342 - - - - - -] 10.0.0.226 "GET /" status: 200 len: 136 microversion: 1.0
2026-06-10 09:10:09.836 8 INFO placement.requestlog [None req-d18e5d1b-e35d-429d-a975-ee962c47ad86 - - - - - -] 10.0.0.226 "GET /" status: 200 len: 136 microversion: 1.0
2026-06-10 09:10:19.836 8 INFO placement.requestlog [None req-119053ec-7cf6-4ec3-8e09-13d8aa51077f - - - - - -] 10.0.0.226 "GET /" status: 200 len: 136 microversion: 1.0
2026-06-10 09:10:19.836 7 INFO placement.requestlog [None req-30e392ee-b175-4f48-9c8d-3cc52591033b - - - - - -] 10.0.0.226 "GET /" status: 200 len: 136 microversion: 1.0
2026-06-10 09:10:22.049 7 INFO placement.requestlog [req-d04f55b5-a62c-49bc-9222-0c6beac01348 req-451ad727-8430-483e-afbe-c81164c37c9d b6afd337274c4d488db8cbff1ed30ce4 507e9651b57d4d3f8d050a98831feb08 - - 7e7d2d7565404a5b9296489e6410967b 7e7d2d7565404a5b9296489e6410967b] 199.204.45.22 "GET /resource_providers/0a57580a-f3db-4f30-9a31-445acd0c9d51/allocations" status: 200 len: 340 microversion: 1.0 [pid: 7|app: 0|req: 552/1111] 199.204.45.22 () {32 vars in 856 bytes} [Wed Jun 10 09:10:22 2026] GET /resource_providers/0a57580a-f3db-4f30-9a31-445acd0c9d51/allocations => generated 340 bytes in 17 msecs (HTTP/1.1 200) 6 headers in 224 bytes (1 switches on core 0)
2026-06-10 09:10:22.070 8 INFO placement.requestlog [req-d04f55b5-a62c-49bc-9222-0c6beac01348 req-baa6e95d-0c6c-4c66-8b9f-f8d3c6308c78 b6afd337274c4d488db8cbff1ed30ce4 507e9651b57d4d3f8d050a98831feb08 - - 7e7d2d7565404a5b9296489e6410967b 7e7d2d7565404a5b9296489e6410967b] 199.204.45.22 "GET /resource_providers/0a57580a-f3db-4f30-9a31-445acd0c9d51/allocations" status: 200 len: 340 microversion: 1.0 [pid: 8|app: 0|req: 560/1112] 199.204.45.22 () {32 vars in 856 bytes} [Wed Jun 10 09:10:22 2026] GET /resource_providers/0a57580a-f3db-4f30-9a31-445acd0c9d51/allocations => generated 340 bytes in 15 msecs (HTTP/1.1 200) 6 headers in 224 bytes (1 switches on core 0)
2026-06-10 09:10:22.090 7 INFO placement.requestlog [req-d04f55b5-a62c-49bc-9222-0c6beac01348 req-d74e7c06-c959-45a6-97f2-3a8943aa24ff b6afd337274c4d488db8cbff1ed30ce4 507e9651b57d4d3f8d050a98831feb08 - - 7e7d2d7565404a5b9296489e6410967b 7e7d2d7565404a5b9296489e6410967b] 199.204.45.22 "GET /allocations/15439349-7526-4b77-8da0-0a3d8a10529c" status: 200 len: 258 microversion: 1.28 [pid: 7|app: 0|req: 553/1113] 199.204.45.22 () {34 vars in 862 bytes} [Wed Jun 10 09:10:22 2026] GET /allocations/15439349-7526-4b77-8da0-0a3d8a10529c => generated 258 bytes in 13 msecs (HTTP/1.1 200) 8 headers in 296 bytes (1 switches on core 0)
2026-06-10 09:10:22.108 8 INFO placement.requestlog [req-d04f55b5-a62c-49bc-9222-0c6beac01348 req-82b26357-7bde-4161-8a7b-745e0f70efd9 b6afd337274c4d488db8cbff1ed30ce4 507e9651b57d4d3f8d050a98831feb08 - - 7e7d2d7565404a5b9296489e6410967b 7e7d2d7565404a5b9296489e6410967b] 199.204.45.22 "GET /allocations/3a48110b-b67f-499c-adc8-928f3f29fa46" status: 200 len: 258 microversion: 1.28 [pid: 8|app: 0|req: 561/1114] 199.204.45.22 () {34 vars in 862 bytes} [Wed Jun 10 09:10:22 2026] GET /allocations/3a48110b-b67f-499c-adc8-928f3f29fa46 => generated 258 bytes in 12 msecs (HTTP/1.1 200) 8 headers in 296 bytes (1 switches on core 0)
2026-06-10 09:10:22.127 7 INFO placement.requestlog [req-d04f55b5-a62c-49bc-9222-0c6beac01348 req-1b9c6f87-432b-410d-8c76-25a683857e2d b6afd337274c4d488db8cbff1ed30ce4 507e9651b57d4d3f8d050a98831feb08 - - 7e7d2d7565404a5b9296489e6410967b 7e7d2d7565404a5b9296489e6410967b] 199.204.45.22 "GET /allocations/3f918866-3269-4242-845f-7cb70fc7ce01" status: 200 len: 245 microversion: 1.28 [pid: 7|app: 0|req: 554/1115] 199.204.45.22 () {34 vars in 862 bytes} [Wed Jun 10 09:10:22 2026] GET /allocations/3f918866-3269-4242-845f-7cb70fc7ce01 => generated 245 bytes in 12 msecs (HTTP/1.1 200) 8 headers in 296 bytes (1 switches on core 0)
2026-06-10 09:10:29.836 7 INFO placement.requestlog [None req-b893e1ab-5993-4385-8ac0-a8f87cb81080 - - - - - -] 10.0.0.226 "GET /" status: 200 len: 136 microversion: 1.0
2026-06-10 09:10:29.836 8 INFO placement.requestlog [None req-be1a0f2f-dac6-430b-98b3-15bb3ac05ffa - - - - - -] 10.0.0.226 "GET /" status: 200 len: 136 microversion: 1.0
2026-06-10 09:10:39.836 8 INFO placement.requestlog [None req-9e6b6c45-ca12-4b8f-85bd-b887c97dfb51 - - - - - -] 10.0.0.226 "GET /" status: 200 len: 136 microversion: 1.0
2026-06-10 09:10:39.836 7 INFO placement.requestlog [None req-878b8d71-cb60-4592-81d5-f9504017fb14 - - - - - -] 10.0.0.226 "GET /" status: 200 len: 136 microversion: 1.0
2026-06-10 09:10:49.836 8 INFO placement.requestlog [None req-880843af-b341-4e28-beaa-3b6b4b0e76c1 - - - - - -] 10.0.0.226 "GET /" status: 200 len: 136 microversion: 1.0
2026-06-10 09:10:49.836 7 INFO placement.requestlog [None req-36ddd65c-6d0d-432f-b499-b26f776509da - - - - - -] 10.0.0.226 "GET /" status: 200 len: 136 microversion: 1.0
2026-06-10 09:10:59.836 8 INFO placement.requestlog [None req-f62674e3-e55a-4431-8c40-7afc89bee601 - - - - - -] 10.0.0.226 "GET /" status: 200 len: 136 microversion: 1.0
2026-06-10 09:10:59.836 7 INFO placement.requestlog [None req-31cc0199-c9fd-42d5-b390-c78dbd1fc0b7 - - - - - -] 10.0.0.226 "GET /" status: 200 len: 136 microversion: 1.0
2026-06-10 09:11:09.836 7 INFO placement.requestlog [None req-d4cf0672-85c3-41c2-b53f-0114e3ab649f - - - - - -] 10.0.0.226 "GET /" status: 200 len: 136 microversion: 1.0
2026-06-10 09:11:09.836 8 INFO placement.requestlog [None req-ffd742ab-20c5-4104-834b-bcf869a13d6a - - - - - -] 10.0.0.226 "GET /" status: 200 len: 136 microversion: 1.0
2026-06-10 09:11:19.836 8 INFO placement.requestlog [None req-1d5e0f6d-1623-4826-99a9-97b02c0448bf - - - - - -] 10.0.0.226 "GET /" status: 200 len: 136 microversion: 1.0
2026-06-10 09:11:19.836 7 INFO placement.requestlog [None req-98b654f0-eda9-477f-aa51-d90102b93afd - - - - - -] 10.0.0.226 "GET /" status: 200 len: 136 microversion: 1.0
2026-06-10 09:11:21.487 8 INFO placement.requestlog [req-bfd56fdf-cd25-4a9b-b830-c3b3db28c4c5 req-7537ed92-b7cd-48b5-b8d8-aefb28d817cf b6afd337274c4d488db8cbff1ed30ce4 507e9651b57d4d3f8d050a98831feb08 - - 7e7d2d7565404a5b9296489e6410967b 7e7d2d7565404a5b9296489e6410967b] 199.204.45.22 "GET /resource_providers/0a57580a-f3db-4f30-9a31-445acd0c9d51/allocations" status: 200 len: 340 microversion: 1.0 [pid: 8|app: 0|req: 568/1128] 199.204.45.22 () {32 vars in 856 bytes} [Wed Jun 10 09:11:21 2026] GET /resource_providers/0a57580a-f3db-4f30-9a31-445acd0c9d51/allocations => generated 340 bytes in 91 msecs (HTTP/1.1 200) 6 headers in 224 bytes (1 switches on core 0)
2026-06-10 09:11:21.511 7 INFO placement.requestlog [req-bfd56fdf-cd25-4a9b-b830-c3b3db28c4c5 req-9060a7c9-2509-4286-a80e-228b965e9f67 b6afd337274c4d488db8cbff1ed30ce4 507e9651b57d4d3f8d050a98831feb08 - - 7e7d2d7565404a5b9296489e6410967b 7e7d2d7565404a5b9296489e6410967b] 199.204.45.22 "GET /resource_providers?in_tree=0a57580a-f3db-4f30-9a31-445acd0c9d51" status: 200 len: 798 microversion: 1.14 [pid: 7|app: 0|req: 561/1129] 199.204.45.22 () {34 vars in 891 bytes} [Wed Jun 10 09:11:21 2026] GET /resource_providers?in_tree=0a57580a-f3db-4f30-9a31-445acd0c9d51 => generated 798 bytes in 17 msecs (HTTP/1.1 200) 6 headers in 225 bytes (1 switches on core 0)
2026-06-10 09:11:21.535 8 INFO placement.requestlog [req-bfd56fdf-cd25-4a9b-b830-c3b3db28c4c5 req-b2ed3e74-06eb-437b-b45d-f36a522dcd74 b6afd337274c4d488db8cbff1ed30ce4 507e9651b57d4d3f8d050a98831feb08 - - 7e7d2d7565404a5b9296489e6410967b 7e7d2d7565404a5b9296489e6410967b] 199.204.45.22 "GET /resource_providers/0a57580a-f3db-4f30-9a31-445acd0c9d51/inventories" status: 200 len: 401 microversion: 1.0 [pid: 8|app: 0|req: 569/1130] 199.204.45.22 () {32 vars in 856 bytes} [Wed Jun 10 09:11:21 2026] GET /resource_providers/0a57580a-f3db-4f30-9a31-445acd0c9d51/inventories => generated 401 bytes in 17 msecs (HTTP/1.1 200) 6 headers in 224 bytes (1 switches on core 0)
2026-06-10 09:11:21.555 7 INFO placement.requestlog [req-bfd56fdf-cd25-4a9b-b830-c3b3db28c4c5 req-792a810c-cb42-44ef-b3ea-4ebafd6fa74b b6afd337274c4d488db8cbff1ed30ce4 507e9651b57d4d3f8d050a98831feb08 - - 7e7d2d7565404a5b9296489e6410967b 7e7d2d7565404a5b9296489e6410967b] 199.204.45.22 "GET /resource_providers/0a57580a-f3db-4f30-9a31-445acd0c9d51/aggregates" status: 200 len: 54 microversion: 1.19 [pid: 7|app: 0|req: 562/1131] 199.204.45.22 () {34 vars in 898 bytes} [Wed Jun 10 09:11:21 2026] GET /resource_providers/0a57580a-f3db-4f30-9a31-445acd0c9d51/aggregates => generated 54 bytes in 14 msecs (HTTP/1.1 200) 8 headers in 295 bytes (1 switches on core 0)
2026-06-10 09:11:21.583 8 INFO placement.requestlog [req-bfd56fdf-cd25-4a9b-b830-c3b3db28c4c5 req-b0a9f9be-1dd0-4562-a08c-5384ff40cdc4 b6afd337274c4d488db8cbff1ed30ce4 507e9651b57d4d3f8d050a98831feb08 - - 7e7d2d7565404a5b9296489e6410967b 7e7d2d7565404a5b9296489e6410967b] 199.204.45.22 "GET /resource_providers/0a57580a-f3db-4f30-9a31-445acd0c9d51/traits" status: 200 len: 2317 microversion: 1.6 [pid: 8|app: 0|req: 570/1132] 199.204.45.22 () {34 vars in 889 bytes} [Wed Jun 10 09:11:21 2026] GET /resource_providers/0a57580a-f3db-4f30-9a31-445acd0c9d51/traits => generated 2317 bytes in 24 msecs (HTTP/1.1 200) 6 headers in 225 bytes (1 switches on core 0)
2026-06-10 09:11:21.613 7 INFO placement.requestlog [req-bfd56fdf-cd25-4a9b-b830-c3b3db28c4c5 req-a2de8343-8569-4bd9-bb02-b8cbfa337a9e b6afd337274c4d488db8cbff1ed30ce4 507e9651b57d4d3f8d050a98831feb08 - - 7e7d2d7565404a5b9296489e6410967b 7e7d2d7565404a5b9296489e6410967b] 199.204.45.22 "GET /resource_providers/0a57580a-f3db-4f30-9a31-445acd0c9d51/allocations" status: 200 len: 340 microversion: 1.0 [pid: 7|app: 0|req: 563/1133] 199.204.45.22 () {32 vars in 856 bytes} [Wed Jun 10 09:11:21 2026] GET /resource_providers/0a57580a-f3db-4f30-9a31-445acd0c9d51/allocations => generated 340 bytes in 23 msecs (HTTP/1.1 200) 6 headers in 224 bytes (1 switches on core 0)
2026-06-10 09:11:21.640 8 INFO placement.requestlog [req-bfd56fdf-cd25-4a9b-b830-c3b3db28c4c5 req-e7b91cfa-bc8d-4d10-9b4d-140c2b9f689a b6afd337274c4d488db8cbff1ed30ce4 507e9651b57d4d3f8d050a98831feb08 - - 7e7d2d7565404a5b9296489e6410967b 7e7d2d7565404a5b9296489e6410967b] 199.204.45.22 "GET /allocations/15439349-7526-4b77-8da0-0a3d8a10529c" status: 200 len: 258 microversion: 1.28 [pid: 8|app: 0|req: 571/1134] 199.204.45.22 () {34 vars in 862 bytes} [Wed Jun 10 09:11:21 2026] GET /allocations/15439349-7526-4b77-8da0-0a3d8a10529c => generated 258 bytes in 17 msecs (HTTP/1.1 200) 8 headers in 296 bytes (1 switches on core 0)
2026-06-10 09:11:21.661 7 INFO placement.requestlog [req-bfd56fdf-cd25-4a9b-b830-c3b3db28c4c5 req-907423c4-3c8e-4ffc-9b0f-93e340a11d8a b6afd337274c4d488db8cbff1ed30ce4 507e9651b57d4d3f8d050a98831feb08 - - 7e7d2d7565404a5b9296489e6410967b 7e7d2d7565404a5b9296489e6410967b] 199.204.45.22 "GET /allocations/3a48110b-b67f-499c-adc8-928f3f29fa46" status: 200 len: 258 microversion: 1.28 [pid: 7|app: 0|req: 564/1135] 199.204.45.22 () {34 vars in 862 bytes} [Wed Jun 10 09:11:21 2026] GET /allocations/3a48110b-b67f-499c-adc8-928f3f29fa46 => generated 258 bytes in 17 msecs (HTTP/1.1 200) 8 headers in 296 bytes (1 switches on core 0)
2026-06-10 09:11:21.677 8 INFO placement.requestlog [req-bfd56fdf-cd25-4a9b-b830-c3b3db28c4c5 req-1070668f-e094-4c64-9956-2431047b401d b6afd337274c4d488db8cbff1ed30ce4 507e9651b57d4d3f8d050a98831feb08 - - 7e7d2d7565404a5b9296489e6410967b 7e7d2d7565404a5b9296489e6410967b] 199.204.45.22 "GET /allocations/3f918866-3269-4242-845f-7cb70fc7ce01" status: 200 len: 245 microversion: 1.28 [pid: 8|app: 0|req: 572/1136] 199.204.45.22 () {34 vars in 862 bytes} [Wed Jun 10 09:11:21 2026] GET /allocations/3f918866-3269-4242-845f-7cb70fc7ce01 => generated 245 bytes in 10 msecs (HTTP/1.1 200) 8 headers in 296 bytes (1 switches on core 0)
2026-06-10 09:11:29.836 8 INFO placement.requestlog [None req-b614a12f-9754-4f2f-9143-9aa2b7be14fd - - - - - -] 10.0.0.226 "GET /" status: 200 len: 136 microversion: 1.0
2026-06-10 09:11:29.836 7 INFO placement.requestlog [None req-6ffdf3b8-4786-4231-b56c-e28c347db86d - - - - - -] 10.0.0.226 "GET /" status: 200 len: 136 microversion: 1.0
2026-06-10 09:11:39.836 8 INFO placement.requestlog [None req-1a71798e-960b-4e6a-aeb5-878e45193ef6 - - - - - -] 10.0.0.226 "GET /" status: 200 len: 136 microversion: 1.0
2026-06-10 09:11:39.836 7 INFO placement.requestlog [None req-7a73d449-decb-4dfa-a382-9c9090ada683 - - - - - -] 10.0.0.226 "GET /" status: 200 len: 136 microversion: 1.0
2026-06-10 09:11:49.836 8 INFO placement.requestlog [None req-42f15fd1-668f-40b8-9087-3760c5998ca8 - - - - - -] 10.0.0.226 "GET /" status: 200 len: 136 microversion: 1.0
2026-06-10 09:11:49.837 7 INFO placement.requestlog [None req-d894e0b1-a294-4fca-9646-64451f2b4373 - - - - - -] 10.0.0.226 "GET /" status: 200 len: 136 microversion: 1.0
2026-06-10 09:11:50.222 8 INFO placement.requestlog [req-fd6137d0-7c69-49ac-a10e-0a158b54d436 req-2978ba2f-b225-44ad-b7d8-b553e6279496 b6afd337274c4d488db8cbff1ed30ce4 507e9651b57d4d3f8d050a98831feb08 - - 7e7d2d7565404a5b9296489e6410967b 7e7d2d7565404a5b9296489e6410967b] 199.204.45.22 "GET /resource_providers/0a57580a-f3db-4f30-9a31-445acd0c9d51/allocations" status: 200 len: 340 microversion: 1.0 [pid: 8|app: 0|req: 576/1143] 199.204.45.22 () {32 vars in 856 bytes} [Wed Jun 10 09:11:50 2026] GET /resource_providers/0a57580a-f3db-4f30-9a31-445acd0c9d51/allocations => generated 340 bytes in 17 msecs (HTTP/1.1 200) 6 headers in 224 bytes (1 switches on core 0)
2026-06-10 09:11:50.248 7 INFO placement.requestlog [req-fd6137d0-7c69-49ac-a10e-0a158b54d436 req-57521aaa-0ae1-4aef-a898-7b8a72184e66 b6afd337274c4d488db8cbff1ed30ce4 507e9651b57d4d3f8d050a98831feb08 - - 7e7d2d7565404a5b9296489e6410967b 7e7d2d7565404a5b9296489e6410967b] 199.204.45.22 "GET /allocations/15439349-7526-4b77-8da0-0a3d8a10529c" status: 200 len: 258 microversion: 1.28 [pid: 7|app: 0|req: 568/1144] 199.204.45.22 () {34 vars in 862 bytes} [Wed Jun 10 09:11:50 2026] GET /allocations/15439349-7526-4b77-8da0-0a3d8a10529c => generated 258 bytes in 14 msecs (HTTP/1.1 200) 8 headers in 296 bytes (1 switches on core 0)
2026-06-10 09:11:50.265 8 INFO placement.requestlog [req-fd6137d0-7c69-49ac-a10e-0a158b54d436 req-eaf99208-598e-4937-a536-544c246f43a8 b6afd337274c4d488db8cbff1ed30ce4 507e9651b57d4d3f8d050a98831feb08 - - 7e7d2d7565404a5b9296489e6410967b 7e7d2d7565404a5b9296489e6410967b] 199.204.45.22 "GET /allocations/3a48110b-b67f-499c-adc8-928f3f29fa46" status: 200 len: 258 microversion: 1.28 [pid: 8|app: 0|req: 577/1145] 199.204.45.22 () {34 vars in 862 bytes} [Wed Jun 10 09:11:50 2026] GET /allocations/3a48110b-b67f-499c-adc8-928f3f29fa46 => generated 258 bytes in 10 msecs (HTTP/1.1 200) 8 headers in 296 bytes (1 switches on core 0)
2026-06-10 09:11:50.290 7 INFO placement.requestlog [req-fd6137d0-7c69-49ac-a10e-0a158b54d436 req-bcb56929-c366-405b-ae86-9772210983d2 b6afd337274c4d488db8cbff1ed30ce4 507e9651b57d4d3f8d050a98831feb08 - - 7e7d2d7565404a5b9296489e6410967b 7e7d2d7565404a5b9296489e6410967b] 199.204.45.22 "GET /allocations/3f918866-3269-4242-845f-7cb70fc7ce01" status: 200 len: 245 microversion: 1.28 [pid: 7|app: 0|req: 569/1146] 199.204.45.22 () {34 vars in 862 bytes} [Wed Jun 10 09:11:50 2026] GET /allocations/3f918866-3269-4242-845f-7cb70fc7ce01 => generated 245 bytes in 12 msecs (HTTP/1.1 200) 8 headers in 296 bytes (1 switches on core 0)
2026-06-10 09:11:51.333 8 INFO placement.requestlog [req-fd6137d0-7c69-49ac-a10e-0a158b54d436 req-2a7d3f29-7070-45b1-a252-e94af1cb2560 b6afd337274c4d488db8cbff1ed30ce4 507e9651b57d4d3f8d050a98831feb08 - - 7e7d2d7565404a5b9296489e6410967b 7e7d2d7565404a5b9296489e6410967b] 199.204.45.22 "DELETE /allocations/3f918866-3269-4242-845f-7cb70fc7ce01" status: 204 len: 0 microversion: 1.0 [pid: 8|app: 0|req: 578/1147] 199.204.45.22 () {34 vars in 840 bytes} [Wed Jun 10 09:11:51 2026] DELETE /allocations/3f918866-3269-4242-845f-7cb70fc7ce01 => generated 0 bytes in 21 msecs (HTTP/1.1 204) 5 headers in 198 bytes (1 switches on core 0)
2026-06-10 09:11:53.767 7 INFO placement.requestlog [req-8830dc5f-bd98-458c-bb61-bb2ad56109b1 req-1d95842a-795b-4919-a6d0-8a25248f955d b6afd337274c4d488db8cbff1ed30ce4 507e9651b57d4d3f8d050a98831feb08 - - 7e7d2d7565404a5b9296489e6410967b 7e7d2d7565404a5b9296489e6410967b] 199.204.45.22 "GET /resource_providers/0a57580a-f3db-4f30-9a31-445acd0c9d51/allocations" status: 200 len: 253 microversion: 1.0 [pid: 7|app: 0|req: 570/1148] 199.204.45.22 () {32 vars in 856 bytes} [Wed Jun 10 09:11:53 2026] GET /resource_providers/0a57580a-f3db-4f30-9a31-445acd0c9d51/allocations => generated 253 bytes in 16 msecs (HTTP/1.1 200) 6 headers in 224 bytes (1 switches on core 0)
2026-06-10 09:11:53.782 8 INFO placement.requestlog [req-8830dc5f-bd98-458c-bb61-bb2ad56109b1 req-c265b977-f815-43c5-b295-9445868e3f6d b6afd337274c4d488db8cbff1ed30ce4 507e9651b57d4d3f8d050a98831feb08 - - 7e7d2d7565404a5b9296489e6410967b 7e7d2d7565404a5b9296489e6410967b] 199.204.45.22 "GET /allocations/15439349-7526-4b77-8da0-0a3d8a10529c" status: 200 len: 258 microversion: 1.28 [pid: 8|app: 0|req: 579/1149] 199.204.45.22 () {34 vars in 862 bytes} [Wed Jun 10 09:11:53 2026] GET /allocations/15439349-7526-4b77-8da0-0a3d8a10529c => generated 258 bytes in 9 msecs (HTTP/1.1 200) 8 headers in 296 bytes (1 switches on core 0)
