2026-05-27 01:49:33.606 7 INFO cinder.api.openstack.wsgi [None req-423e4cc9-c261-40ac-a0e7-7cbd0a3b96ca b73d70a22f7648da812701b5ed1ead79 4b1c667bd4e547769e50bce419737d7a - - default default] http://cinder-api.openstack.svc.cluster.local:8776/v3/4b1c667bd4e547769e50bce419737d7a/os-quota-sets/34bfb00f73f74d57a83a1c46e017231d?usage=true returned with HTTP 200 [pid: 7|app: 0|req: 331/660] 10.0.0.117 () {28 vars in 736 bytes} [Wed May 27 01:49:33 2026] GET /v3/4b1c667bd4e547769e50bce419737d7a/os-quota-sets/34bfb00f73f74d57a83a1c46e017231d?usage=true => generated 847 bytes in 31 msecs (HTTP/1.1 200) 7 headers in 285 bytes (1 switches on core 0)
2026-05-27 01:49:33.619 8 INFO cinder.api.openstack.wsgi [None req-aeab6583-b786-4b81-a56a-d427caa8ffcd b73d70a22f7648da812701b5ed1ead79 4b1c667bd4e547769e50bce419737d7a - - default default] GET http://cinder-api.openstack.svc.cluster.local:8776/v3/4b1c667bd4e547769e50bce419737d7a/os-quota-sets/4b1c667bd4e547769e50bce419737d7a?usage=true
2026-05-27 01:49:33.636 8 INFO cinder.api.openstack.wsgi [None req-aeab6583-b786-4b81-a56a-d427caa8ffcd b73d70a22f7648da812701b5ed1ead79 4b1c667bd4e547769e50bce419737d7a - - default default] http://cinder-api.openstack.svc.cluster.local:8776/v3/4b1c667bd4e547769e50bce419737d7a/os-quota-sets/4b1c667bd4e547769e50bce419737d7a?usage=true returned with HTTP 200 [pid: 8|app: 0|req: 330/661] 10.0.0.117 () {28 vars in 736 bytes} [Wed May 27 01:49:33 2026] GET /v3/4b1c667bd4e547769e50bce419737d7a/os-quota-sets/4b1c667bd4e547769e50bce419737d7a?usage=true => generated 845 bytes in 26 msecs (HTTP/1.1 200) 7 headers in 285 bytes (1 switches on core 0)
2026-05-27 01:49:33.649 7 INFO cinder.api.openstack.wsgi [None req-3e81c445-fe9a-401c-8a1e-5665f6411478 b73d70a22f7648da812701b5ed1ead79 4b1c667bd4e547769e50bce419737d7a - - default default] GET http://cinder-api.openstack.svc.cluster.local:8776/v3/4b1c667bd4e547769e50bce419737d7a/os-quota-sets/62c599e3ddb94627a93ef9abd3c50f36?usage=true
2026-05-27 01:49:33.669 7 INFO cinder.api.openstack.wsgi [None req-3e81c445-fe9a-401c-8a1e-5665f6411478 b73d70a22f7648da812701b5ed1ead79 4b1c667bd4e547769e50bce419737d7a - - default default] http://cinder-api.openstack.svc.cluster.local:8776/v3/4b1c667bd4e547769e50bce419737d7a/os-quota-sets/62c599e3ddb94627a93ef9abd3c50f36?usage=true returned with HTTP 200 [pid: 7|app: 0|req: 332/662] 10.0.0.117 () {28 vars in 736 bytes} [Wed May 27 01:49:33 2026] GET /v3/4b1c667bd4e547769e50bce419737d7a/os-quota-sets/62c599e3ddb94627a93ef9abd3c50f36?usage=true => generated 847 bytes in 30 msecs (HTTP/1.1 200) 7 headers in 285 bytes (1 switches on core 0)
2026-05-27 01:49:33.683 8 INFO cinder.api.openstack.wsgi [None req-b1a897db-8367-4f2e-8680-d55566c4ba37 b73d70a22f7648da812701b5ed1ead79 4b1c667bd4e547769e50bce419737d7a - - default default] GET http://cinder-api.openstack.svc.cluster.local:8776/v3/4b1c667bd4e547769e50bce419737d7a/os-quota-sets/b55de45f85e047309153dfd2dce9a06c?usage=true
2026-05-27 01:49:33.700 8 INFO cinder.api.openstack.wsgi [None req-b1a897db-8367-4f2e-8680-d55566c4ba37 b73d70a22f7648da812701b5ed1ead79 4b1c667bd4e547769e50bce419737d7a - - default default] http://cinder-api.openstack.svc.cluster.local:8776/v3/4b1c667bd4e547769e50bce419737d7a/os-quota-sets/b55de45f85e047309153dfd2dce9a06c?usage=true returned with HTTP 200 [pid: 8|app: 0|req: 331/663] 10.0.0.117 () {28 vars in 736 bytes} [Wed May 27 01:49:33 2026] GET /v3/4b1c667bd4e547769e50bce419737d7a/os-quota-sets/b55de45f85e047309153dfd2dce9a06c?usage=true => generated 845 bytes in 24 msecs (HTTP/1.1 200) 7 headers in 285 bytes (1 switches on core 0)
2026-05-27 01:49:33.710 7 INFO cinder.api.openstack.wsgi [None req-201dea5b-7d6e-40fd-a01c-7946a0d02b89 b73d70a22f7648da812701b5ed1ead79 4b1c667bd4e547769e50bce419737d7a - - default default] GET http://cinder-api.openstack.svc.cluster.local:8776/v3/4b1c667bd4e547769e50bce419737d7a/os-quota-sets/d3dfe4cce32541f1b521ad181b1afd69?usage=true
2026-05-27 01:49:33.730 7 INFO cinder.api.openstack.wsgi [None req-201dea5b-7d6e-40fd-a01c-7946a0d02b89 b73d70a22f7648da812701b5ed1ead79 4b1c667bd4e547769e50bce419737d7a - - default default] http://cinder-api.openstack.svc.cluster.local:8776/v3/4b1c667bd4e547769e50bce419737d7a/os-quota-sets/d3dfe4cce32541f1b521ad181b1afd69?usage=true returned with HTTP 200 [pid: 7|app: 0|req: 333/664] 10.0.0.117 () {28 vars in 736 bytes} [Wed May 27 01:49:33 2026] GET /v3/4b1c667bd4e547769e50bce419737d7a/os-quota-sets/d3dfe4cce32541f1b521ad181b1afd69?usage=true => generated 847 bytes in 26 msecs (HTTP/1.1 200) 7 headers in 285 bytes (1 switches on core 0)
2026-05-27 01:49:39.133 8 INFO cinder.api.openstack.wsgi [None req-b1a897db-8367-4f2e-8680-d55566c4ba37 b73d70a22f7648da812701b5ed1ead79 4b1c667bd4e547769e50bce419737d7a - - default default] GET http://10.0.0.112:8776/
2026-05-27 01:49:39.134 8 INFO cinder.api.openstack.wsgi [None req-b1a897db-8367-4f2e-8680-d55566c4ba37 b73d70a22f7648da812701b5ed1ead79 4b1c667bd4e547769e50bce419737d7a - - default default] http://10.0.0.112:8776/ returned with HTTP 300
2026-05-27 01:49:39.142 7 INFO cinder.api.openstack.wsgi [None req-201dea5b-7d6e-40fd-a01c-7946a0d02b89 b73d70a22f7648da812701b5ed1ead79 4b1c667bd4e547769e50bce419737d7a - - default default] GET http://10.0.0.112:8776/
2026-05-27 01:49:39.143 7 INFO cinder.api.openstack.wsgi [None req-201dea5b-7d6e-40fd-a01c-7946a0d02b89 b73d70a22f7648da812701b5ed1ead79 4b1c667bd4e547769e50bce419737d7a - - default default] http://10.0.0.112:8776/ returned with HTTP 300
2026-05-27 01:49:39.288 8 INFO cinder.api.openstack.wsgi [None req-b1a897db-8367-4f2e-8680-d55566c4ba37 b73d70a22f7648da812701b5ed1ead79 4b1c667bd4e547769e50bce419737d7a - - default default] GET http://cinder-api.openstack.svc.cluster.local:8776/
2026-05-27 01:49:39.290 8 INFO cinder.api.openstack.wsgi [None req-b1a897db-8367-4f2e-8680-d55566c4ba37 b73d70a22f7648da812701b5ed1ead79 4b1c667bd4e547769e50bce419737d7a - - default default] http://cinder-api.openstack.svc.cluster.local:8776/ returned with HTTP 300 [pid: 8|app: 0|req: 333/667] 199.204.45.238 () {32 vars in 839 bytes} [Wed May 27 01:49:39 2026] GET / => generated 411 bytes in 2 msecs (HTTP/1.1 300) 5 headers in 169 bytes (1 switches on core 0)
2026-05-27 01:49:39.347 7 INFO cinder.api.openstack.wsgi [req-2a009e76-0184-45a4-869c-c993b092a587 req-337a82de-513a-41af-b4a6-a54c00260830 eab1f21de795453d81e1e0759caed6c1 62c599e3ddb94627a93ef9abd3c50f36 - - default default] GET http://cinder-api.openstack.svc.cluster.local:8776/v3/62c599e3ddb94627a93ef9abd3c50f36/volumes/5b203e49-519e-4557-aa55-a68190145f03 /var/lib/openstack/lib/python3.12/site-packages/oslo_context/context.py:100: DeprecationWarning: Policy enforcement is depending on the value of is_admin. This key is deprecated. Please update your policy file to use the standard policy values. warnings.warn('Policy enforcement is depending on the value of '
2026-05-27 01:49:39.366 7 INFO cinder.volume.api [req-2a009e76-0184-45a4-869c-c993b092a587 req-337a82de-513a-41af-b4a6-a54c00260830 eab1f21de795453d81e1e0759caed6c1 62c599e3ddb94627a93ef9abd3c50f36 - - default default] Volume info retrieved successfully.
2026-05-27 01:49:39.372 7 INFO cinder.api.openstack.wsgi [req-2a009e76-0184-45a4-869c-c993b092a587 req-337a82de-513a-41af-b4a6-a54c00260830 eab1f21de795453d81e1e0759caed6c1 62c599e3ddb94627a93ef9abd3c50f36 - - default default] http://cinder-api.openstack.svc.cluster.local:8776/v3/62c599e3ddb94627a93ef9abd3c50f36/volumes/5b203e49-519e-4557-aa55-a68190145f03 returned with HTTP 200 /var/lib/openstack/lib/python3.12/site-packages/pycadf/timestamp.py:28: DeprecationWarning: datetime.datetime.utcnow() is deprecated and scheduled for removal in a future version. Use timezone-aware objects to represent datetimes in UTC: datetime.datetime.now(datetime.UTC). utc_datetime = pytz.utc.localize(datetime.datetime.utcnow()) [pid: 7|app: 0|req: 335/668] 199.204.45.238 () {36 vars in 1073 bytes} [Wed May 27 01:49:39 2026] GET /v3/62c599e3ddb94627a93ef9abd3c50f36/volumes/5b203e49-519e-4557-aa55-a68190145f03 => generated 1662 bytes in 33 msecs (HTTP/1.1 200) 7 headers in 287 bytes (1 switches on core 0)
2026-05-27 01:49:41.253 8 INFO cinder.api.openstack.wsgi [req-2a009e76-0184-45a4-869c-c993b092a587 req-865bfe11-4794-4744-8689-876d0b2a882f eab1f21de795453d81e1e0759caed6c1 62c599e3ddb94627a93ef9abd3c50f36 - - default default] PUT http://cinder-api.openstack.svc.cluster.local:8776/v3/62c599e3ddb94627a93ef9abd3c50f36/attachments/19838af8-1217-43a3-9d87-a169dcbacee4 /var/lib/openstack/lib/python3.12/site-packages/oslo_context/context.py:100: DeprecationWarning: Policy enforcement is depending on the value of is_admin. This key is deprecated. Please update your policy file to use the standard policy values. warnings.warn('Policy enforcement is depending on the value of '
2026-05-27 01:49:42.296 8 INFO cinder.api.openstack.wsgi [req-2a009e76-0184-45a4-869c-c993b092a587 req-865bfe11-4794-4744-8689-876d0b2a882f eab1f21de795453d81e1e0759caed6c1 62c599e3ddb94627a93ef9abd3c50f36 - - default default] http://cinder-api.openstack.svc.cluster.local:8776/v3/62c599e3ddb94627a93ef9abd3c50f36/attachments/19838af8-1217-43a3-9d87-a169dcbacee4 returned with HTTP 200 /var/lib/openstack/lib/python3.12/site-packages/pycadf/timestamp.py:28: DeprecationWarning: datetime.datetime.utcnow() is deprecated and scheduled for removal in a future version. Use timezone-aware objects to represent datetimes in UTC: datetime.datetime.now(datetime.UTC). utc_datetime = pytz.utc.localize(datetime.datetime.utcnow()) [pid: 8|app: 0|req: 334/669] 199.204.45.238 () {40 vars in 1135 bytes} [Wed May 27 01:49:41 2026] PUT /v3/62c599e3ddb94627a93ef9abd3c50f36/attachments/19838af8-1217-43a3-9d87-a169dcbacee4 => generated 775 bytes in 1052 msecs (HTTP/1.1 200) 7 headers in 286 bytes (1 switches on core 0) /var/lib/openstack/lib/python3.12/site-packages/pycadf/identifier.py:71: UserWarning: Invalid uuid: cinderv3. To ensure interoperability, identifiers should be a valid uuid. warnings.warn(('Invalid uuid: %s. To ensure interoperability, '
2026-05-27 01:49:42.817 7 INFO cinder.api.openstack.wsgi [req-2a009e76-0184-45a4-869c-c993b092a587 req-a86dd7b8-afaa-4f66-bf34-17ab77cd9e73 eab1f21de795453d81e1e0759caed6c1 62c599e3ddb94627a93ef9abd3c50f36 - - default default] POST http://cinder-api.openstack.svc.cluster.local:8776/v3/62c599e3ddb94627a93ef9abd3c50f36/attachments/19838af8-1217-43a3-9d87-a169dcbacee4/action /var/lib/openstack/lib/python3.12/site-packages/oslo_context/context.py:100: DeprecationWarning: Policy enforcement is depending on the value of is_admin. This key is deprecated. Please update your policy file to use the standard policy values. warnings.warn('Policy enforcement is depending on the value of '
2026-05-27 01:49:42.847 7 INFO cinder.api.openstack.wsgi [req-2a009e76-0184-45a4-869c-c993b092a587 req-a86dd7b8-afaa-4f66-bf34-17ab77cd9e73 eab1f21de795453d81e1e0759caed6c1 62c599e3ddb94627a93ef9abd3c50f36 - - default default] http://cinder-api.openstack.svc.cluster.local:8776/v3/62c599e3ddb94627a93ef9abd3c50f36/attachments/19838af8-1217-43a3-9d87-a169dcbacee4/action returned with HTTP 204 /var/lib/openstack/lib/python3.12/site-packages/pycadf/timestamp.py:28: DeprecationWarning: datetime.datetime.utcnow() is deprecated and scheduled for removal in a future version. Use timezone-aware objects to represent datetimes in UTC: datetime.datetime.now(datetime.UTC). utc_datetime = pytz.utc.localize(datetime.datetime.utcnow()) [pid: 7|app: 0|req: 336/670] 199.204.45.238 () {40 vars in 1148 bytes} [Wed May 27 01:49:42 2026] POST /v3/62c599e3ddb94627a93ef9abd3c50f36/attachments/19838af8-1217-43a3-9d87-a169dcbacee4/action => generated 0 bytes in 39 msecs (HTTP/1.1 204) 7 headers in 292 bytes (1 switches on core 0)
2026-05-27 01:49:49.133 8 INFO cinder.api.openstack.wsgi [req-2a009e76-0184-45a4-869c-c993b092a587 req-865bfe11-4794-4744-8689-876d0b2a882f eab1f21de795453d81e1e0759caed6c1 62c599e3ddb94627a93ef9abd3c50f36 - - default default] GET http://10.0.0.112:8776/
2026-05-27 01:49:49.134 7 INFO cinder.api.openstack.wsgi [req-2a009e76-0184-45a4-869c-c993b092a587 req-a86dd7b8-afaa-4f66-bf34-17ab77cd9e73 eab1f21de795453d81e1e0759caed6c1 62c599e3ddb94627a93ef9abd3c50f36 - - default default] GET http://10.0.0.112:8776/
2026-05-27 01:49:49.134 8 INFO cinder.api.openstack.wsgi [req-2a009e76-0184-45a4-869c-c993b092a587 req-865bfe11-4794-4744-8689-876d0b2a882f eab1f21de795453d81e1e0759caed6c1 62c599e3ddb94627a93ef9abd3c50f36 - - default default] http://10.0.0.112:8776/ returned with HTTP 300
2026-05-27 01:49:49.135 7 INFO cinder.api.openstack.wsgi [req-2a009e76-0184-45a4-869c-c993b092a587 req-a86dd7b8-afaa-4f66-bf34-17ab77cd9e73 eab1f21de795453d81e1e0759caed6c1 62c599e3ddb94627a93ef9abd3c50f36 - - default default] http://10.0.0.112:8776/ returned with HTTP 300 /var/lib/openstack/lib/python3.12/site-packages/pycadf/identifier.py:71: UserWarning: Invalid uuid: cinderv3. To ensure interoperability, identifiers should be a valid uuid. warnings.warn(('Invalid uuid: %s. To ensure interoperability, '
2026-05-27 01:49:54.323 8 INFO cinder.api.openstack.wsgi [req-ca97497c-fa39-4853-b4c3-7bf10cfe6b97 req-ce0e0226-bea3-4a38-8da1-d4ee796fa262 eab1f21de795453d81e1e0759caed6c1 62c599e3ddb94627a93ef9abd3c50f36 - - default default] DELETE http://cinder-api.openstack.svc.cluster.local:8776/v3/62c599e3ddb94627a93ef9abd3c50f36/attachments/19838af8-1217-43a3-9d87-a169dcbacee4 /var/lib/openstack/lib/python3.12/site-packages/oslo_context/context.py:100: DeprecationWarning: Policy enforcement is depending on the value of is_admin. This key is deprecated. Please update your policy file to use the standard policy values. warnings.warn('Policy enforcement is depending on the value of '
2026-05-27 01:49:54.888 8 INFO cinder.api.openstack.wsgi [req-ca97497c-fa39-4853-b4c3-7bf10cfe6b97 req-ce0e0226-bea3-4a38-8da1-d4ee796fa262 eab1f21de795453d81e1e0759caed6c1 62c599e3ddb94627a93ef9abd3c50f36 - - default default] http://cinder-api.openstack.svc.cluster.local:8776/v3/62c599e3ddb94627a93ef9abd3c50f36/attachments/19838af8-1217-43a3-9d87-a169dcbacee4 returned with HTTP 200 /var/lib/openstack/lib/python3.12/site-packages/pycadf/timestamp.py:28: DeprecationWarning: datetime.datetime.utcnow() is deprecated and scheduled for removal in a future version. Use timezone-aware objects to represent datetimes in UTC: datetime.datetime.now(datetime.UTC). utc_datetime = pytz.utc.localize(datetime.datetime.utcnow()) [pid: 8|app: 0|req: 336/673] 199.204.45.238 () {38 vars in 1103 bytes} [Wed May 27 01:49:54 2026] DELETE /v3/62c599e3ddb94627a93ef9abd3c50f36/attachments/19838af8-1217-43a3-9d87-a169dcbacee4 => generated 19 bytes in 575 msecs (HTTP/1.1 200) 7 headers in 285 bytes (1 switches on core 0) /var/lib/openstack/lib/python3.12/site-packages/pycadf/identifier.py:71: UserWarning: Invalid uuid: cinderv3. To ensure interoperability, identifiers should be a valid uuid. warnings.warn(('Invalid uuid: %s. To ensure interoperability, '
2026-05-27 01:49:54.905 7 INFO cinder.api.openstack.wsgi [req-ca97497c-fa39-4853-b4c3-7bf10cfe6b97 req-881af885-0d8d-40d1-9240-6972c8dd48ad eab1f21de795453d81e1e0759caed6c1 62c599e3ddb94627a93ef9abd3c50f36 - - default default] DELETE http://cinder-api.openstack.svc.cluster.local:8776/v3/62c599e3ddb94627a93ef9abd3c50f36/volumes/5b203e49-519e-4557-aa55-a68190145f03
2026-05-27 01:49:54.906 7 INFO cinder.api.v3.volumes [req-ca97497c-fa39-4853-b4c3-7bf10cfe6b97 req-881af885-0d8d-40d1-9240-6972c8dd48ad eab1f21de795453d81e1e0759caed6c1 62c599e3ddb94627a93ef9abd3c50f36 - - default default] Delete volume with id: 5b203e49-519e-4557-aa55-a68190145f03 /var/lib/openstack/lib/python3.12/site-packages/oslo_context/context.py:100: DeprecationWarning: Policy enforcement is depending on the value of is_admin. This key is deprecated. Please update your policy file to use the standard policy values. warnings.warn('Policy enforcement is depending on the value of '
2026-05-27 01:49:54.922 7 INFO cinder.volume.api [req-ca97497c-fa39-4853-b4c3-7bf10cfe6b97 req-881af885-0d8d-40d1-9240-6972c8dd48ad eab1f21de795453d81e1e0759caed6c1 62c599e3ddb94627a93ef9abd3c50f36 - - default default] Volume info retrieved successfully.
2026-05-27 01:49:55.089 7 INFO cinder.volume.api [req-ca97497c-fa39-4853-b4c3-7bf10cfe6b97 req-881af885-0d8d-40d1-9240-6972c8dd48ad eab1f21de795453d81e1e0759caed6c1 62c599e3ddb94627a93ef9abd3c50f36 - - default default] Delete volume request issued successfully.
2026-05-27 01:49:55.089 7 INFO cinder.api.openstack.wsgi [req-ca97497c-fa39-4853-b4c3-7bf10cfe6b97 req-881af885-0d8d-40d1-9240-6972c8dd48ad eab1f21de795453d81e1e0759caed6c1 62c599e3ddb94627a93ef9abd3c50f36 - - default default] http://cinder-api.openstack.svc.cluster.local:8776/v3/62c599e3ddb94627a93ef9abd3c50f36/volumes/5b203e49-519e-4557-aa55-a68190145f03 returned with HTTP 202 /var/lib/openstack/lib/python3.12/site-packages/pycadf/timestamp.py:28: DeprecationWarning: datetime.datetime.utcnow() is deprecated and scheduled for removal in a future version. Use timezone-aware objects to represent datetimes in UTC: datetime.datetime.now(datetime.UTC). utc_datetime = pytz.utc.localize(datetime.datetime.utcnow()) [pid: 7|app: 0|req: 338/674] 199.204.45.238 () {36 vars in 1054 bytes} [Wed May 27 01:49:54 2026] DELETE /v3/62c599e3ddb94627a93ef9abd3c50f36/volumes/5b203e49-519e-4557-aa55-a68190145f03 => generated 0 bytes in 193 msecs (HTTP/1.1 202) 6 headers in 233 bytes (1 switches on core 0)
2026-05-27 01:49:59.134 8 INFO cinder.api.openstack.wsgi [req-ca97497c-fa39-4853-b4c3-7bf10cfe6b97 req-ce0e0226-bea3-4a38-8da1-d4ee796fa262 eab1f21de795453d81e1e0759caed6c1 62c599e3ddb94627a93ef9abd3c50f36 - - default default] GET http://10.0.0.112:8776/
2026-05-27 01:49:59.135 7 INFO cinder.api.openstack.wsgi [req-ca97497c-fa39-4853-b4c3-7bf10cfe6b97 req-881af885-0d8d-40d1-9240-6972c8dd48ad eab1f21de795453d81e1e0759caed6c1 62c599e3ddb94627a93ef9abd3c50f36 - - default default] GET http://10.0.0.112:8776/
2026-05-27 01:49:59.136 7 INFO cinder.api.openstack.wsgi [req-ca97497c-fa39-4853-b4c3-7bf10cfe6b97 req-881af885-0d8d-40d1-9240-6972c8dd48ad eab1f21de795453d81e1e0759caed6c1 62c599e3ddb94627a93ef9abd3c50f36 - - default default] http://10.0.0.112:8776/ returned with HTTP 300
2026-05-27 01:49:59.136 8 INFO cinder.api.openstack.wsgi [req-ca97497c-fa39-4853-b4c3-7bf10cfe6b97 req-ce0e0226-bea3-4a38-8da1-d4ee796fa262 eab1f21de795453d81e1e0759caed6c1 62c599e3ddb94627a93ef9abd3c50f36 - - default default] http://10.0.0.112:8776/ returned with HTTP 300
2026-05-27 01:50:09.134 7 INFO cinder.api.openstack.wsgi [req-ca97497c-fa39-4853-b4c3-7bf10cfe6b97 req-881af885-0d8d-40d1-9240-6972c8dd48ad eab1f21de795453d81e1e0759caed6c1 62c599e3ddb94627a93ef9abd3c50f36 - - default default] GET http://10.0.0.112:8776/
2026-05-27 01:50:09.134 8 INFO cinder.api.openstack.wsgi [req-ca97497c-fa39-4853-b4c3-7bf10cfe6b97 req-ce0e0226-bea3-4a38-8da1-d4ee796fa262 eab1f21de795453d81e1e0759caed6c1 62c599e3ddb94627a93ef9abd3c50f36 - - default default] GET http://10.0.0.112:8776/
2026-05-27 01:50:09.135 7 INFO cinder.api.openstack.wsgi [req-ca97497c-fa39-4853-b4c3-7bf10cfe6b97 req-881af885-0d8d-40d1-9240-6972c8dd48ad eab1f21de795453d81e1e0759caed6c1 62c599e3ddb94627a93ef9abd3c50f36 - - default default] http://10.0.0.112:8776/ returned with HTTP 300
2026-05-27 01:50:09.136 8 INFO cinder.api.openstack.wsgi [req-ca97497c-fa39-4853-b4c3-7bf10cfe6b97 req-ce0e0226-bea3-4a38-8da1-d4ee796fa262 eab1f21de795453d81e1e0759caed6c1 62c599e3ddb94627a93ef9abd3c50f36 - - default default] http://10.0.0.112:8776/ returned with HTTP 300
2026-05-27 01:50:19.133 7 INFO cinder.api.openstack.wsgi [req-ca97497c-fa39-4853-b4c3-7bf10cfe6b97 req-881af885-0d8d-40d1-9240-6972c8dd48ad eab1f21de795453d81e1e0759caed6c1 62c599e3ddb94627a93ef9abd3c50f36 - - default default] GET http://10.0.0.112:8776/
2026-05-27 01:50:19.134 7 INFO cinder.api.openstack.wsgi [req-ca97497c-fa39-4853-b4c3-7bf10cfe6b97 req-881af885-0d8d-40d1-9240-6972c8dd48ad eab1f21de795453d81e1e0759caed6c1 62c599e3ddb94627a93ef9abd3c50f36 - - default default] http://10.0.0.112:8776/ returned with HTTP 300
2026-05-27 01:50:19.133 8 INFO cinder.api.openstack.wsgi [req-ca97497c-fa39-4853-b4c3-7bf10cfe6b97 req-ce0e0226-bea3-4a38-8da1-d4ee796fa262 eab1f21de795453d81e1e0759caed6c1 62c599e3ddb94627a93ef9abd3c50f36 - - default default] GET http://10.0.0.112:8776/
2026-05-27 01:50:19.135 8 INFO cinder.api.openstack.wsgi [req-ca97497c-fa39-4853-b4c3-7bf10cfe6b97 req-ce0e0226-bea3-4a38-8da1-d4ee796fa262 eab1f21de795453d81e1e0759caed6c1 62c599e3ddb94627a93ef9abd3c50f36 - - default default] http://10.0.0.112:8776/ returned with HTTP 300
2026-05-27 01:50:29.134 7 INFO cinder.api.openstack.wsgi [req-ca97497c-fa39-4853-b4c3-7bf10cfe6b97 req-881af885-0d8d-40d1-9240-6972c8dd48ad eab1f21de795453d81e1e0759caed6c1 62c599e3ddb94627a93ef9abd3c50f36 - - default default] GET http://10.0.0.112:8776/
2026-05-27 01:50:29.134 8 INFO cinder.api.openstack.wsgi [req-ca97497c-fa39-4853-b4c3-7bf10cfe6b97 req-ce0e0226-bea3-4a38-8da1-d4ee796fa262 eab1f21de795453d81e1e0759caed6c1 62c599e3ddb94627a93ef9abd3c50f36 - - default default] GET http://10.0.0.112:8776/
2026-05-27 01:50:29.135 8 INFO cinder.api.openstack.wsgi [req-ca97497c-fa39-4853-b4c3-7bf10cfe6b97 req-ce0e0226-bea3-4a38-8da1-d4ee796fa262 eab1f21de795453d81e1e0759caed6c1 62c599e3ddb94627a93ef9abd3c50f36 - - default default] http://10.0.0.112:8776/ returned with HTTP 300
2026-05-27 01:50:29.135 7 INFO cinder.api.openstack.wsgi [req-ca97497c-fa39-4853-b4c3-7bf10cfe6b97 req-881af885-0d8d-40d1-9240-6972c8dd48ad eab1f21de795453d81e1e0759caed6c1 62c599e3ddb94627a93ef9abd3c50f36 - - default default] http://10.0.0.112:8776/ returned with HTTP 300 /var/lib/openstack/lib/python3.12/site-packages/pycadf/identifier.py:71: UserWarning: Invalid uuid: cinderv3. To ensure interoperability, identifiers should be a valid uuid. warnings.warn(('Invalid uuid: %s. To ensure interoperability, '
2026-05-27 01:50:32.940 8 INFO cinder.api.openstack.wsgi [None req-95f91ae6-9bde-4485-a8e3-f467551e98e6 b73d70a22f7648da812701b5ed1ead79 4b1c667bd4e547769e50bce419737d7a - - default default] GET http://cinder-api.openstack.svc.cluster.local:8776/v3/4b1c667bd4e547769e50bce419737d7a/volumes/detail?all_tenants=true /var/lib/openstack/lib/python3.12/site-packages/oslo_context/context.py:100: DeprecationWarning: Policy enforcement is depending on the value of is_admin. This key is deprecated. Please update your policy file to use the standard policy values. warnings.warn('Policy enforcement is depending on the value of '
2026-05-27 01:50:32.948 8 INFO cinder.volume.api [None req-95f91ae6-9bde-4485-a8e3-f467551e98e6 b73d70a22f7648da812701b5ed1ead79 4b1c667bd4e547769e50bce419737d7a - - default default] Get all volumes completed successfully.
2026-05-27 01:50:32.949 8 INFO cinder.api.openstack.wsgi [None req-95f91ae6-9bde-4485-a8e3-f467551e98e6 b73d70a22f7648da812701b5ed1ead79 4b1c667bd4e547769e50bce419737d7a - - default default] http://cinder-api.openstack.svc.cluster.local:8776/v3/4b1c667bd4e547769e50bce419737d7a/volumes/detail?all_tenants=true returned with HTTP 200 [pid: 8|app: 0|req: 341/683] 10.0.0.117 () {28 vars in 684 bytes} [Wed May 27 01:50:32 2026] GET /v3/4b1c667bd4e547769e50bce419737d7a/volumes/detail?all_tenants=true => generated 15 bytes in 171 msecs (HTTP/1.1 200) 7 headers in 284 bytes (1 switches on core 0) /var/lib/openstack/lib/python3.12/site-packages/pycadf/identifier.py:71: UserWarning: Invalid uuid: cinderv3. To ensure interoperability, identifiers should be a valid uuid. warnings.warn(('Invalid uuid: %s. To ensure interoperability, '
2026-05-27 01:50:32.962 7 INFO cinder.api.openstack.wsgi [None req-69799084-77a0-4335-a0f2-7ddaf6e898a8 b73d70a22f7648da812701b5ed1ead79 4b1c667bd4e547769e50bce419737d7a - - default default] GET http://cinder-api.openstack.svc.cluster.local:8776/v3/4b1c667bd4e547769e50bce419737d7a/snapshots?all_tenants=true
2026-05-27 01:50:32.968 7 INFO cinder.volume.api [None req-69799084-77a0-4335-a0f2-7ddaf6e898a8 b73d70a22f7648da812701b5ed1ead79 4b1c667bd4e547769e50bce419737d7a - - default default] Get all snapshots completed successfully.
2026-05-27 01:50:32.969 7 INFO cinder.api.openstack.wsgi [None req-69799084-77a0-4335-a0f2-7ddaf6e898a8 b73d70a22f7648da812701b5ed1ead79 4b1c667bd4e547769e50bce419737d7a - - default default] http://cinder-api.openstack.svc.cluster.local:8776/v3/4b1c667bd4e547769e50bce419737d7a/snapshots?all_tenants=true returned with HTTP 200 [pid: 7|app: 0|req: 343/684] 10.0.0.117 () {28 vars in 674 bytes} [Wed May 27 01:50:32 2026] GET /v3/4b1c667bd4e547769e50bce419737d7a/snapshots?all_tenants=true => generated 17 bytes in 15 msecs (HTTP/1.1 200) 7 headers in 284 bytes (1 switches on core 0)
2026-05-27 01:50:32.979 8 INFO cinder.api.openstack.wsgi [None req-42514c26-4cef-49de-8047-0fb11fe55feb b73d70a22f7648da812701b5ed1ead79 4b1c667bd4e547769e50bce419737d7a - - default default] GET http://cinder-api.openstack.svc.cluster.local:8776/v3/4b1c667bd4e547769e50bce419737d7a/scheduler-stats/get_pools?detail=true
2026-05-27 01:50:33.482 8 INFO cinder.api.openstack.wsgi [None req-42514c26-4cef-49de-8047-0fb11fe55feb b73d70a22f7648da812701b5ed1ead79 4b1c667bd4e547769e50bce419737d7a - - default default] http://cinder-api.openstack.svc.cluster.local:8776/v3/4b1c667bd4e547769e50bce419737d7a/scheduler-stats/get_pools?detail=true returned with HTTP 200 [pid: 8|app: 0|req: 342/685] 10.0.0.117 () {28 vars in 696 bytes} [Wed May 27 01:50:32 2026] GET /v3/4b1c667bd4e547769e50bce419737d7a/scheduler-stats/get_pools?detail=true => generated 670 bytes in 511 msecs (HTTP/1.1 200) 7 headers in 285 bytes (1 switches on core 0)
2026-05-27 01:50:33.492 7 INFO cinder.api.openstack.wsgi [None req-84e1afe3-5208-4238-9a66-a34549894f02 b73d70a22f7648da812701b5ed1ead79 4b1c667bd4e547769e50bce419737d7a - - default default] GET http://cinder-api.openstack.svc.cluster.local:8776/v3/4b1c667bd4e547769e50bce419737d7a/volumes/detail?all_tenants=true
2026-05-27 01:50:33.501 7 INFO cinder.volume.api [None req-84e1afe3-5208-4238-9a66-a34549894f02 b73d70a22f7648da812701b5ed1ead79 4b1c667bd4e547769e50bce419737d7a - - default default] Get all volumes completed successfully.
2026-05-27 01:50:33.502 7 INFO cinder.api.openstack.wsgi [None req-84e1afe3-5208-4238-9a66-a34549894f02 b73d70a22f7648da812701b5ed1ead79 4b1c667bd4e547769e50bce419737d7a - - default default] http://cinder-api.openstack.svc.cluster.local:8776/v3/4b1c667bd4e547769e50bce419737d7a/volumes/detail?all_tenants=true returned with HTTP 200 [pid: 7|app: 0|req: 344/686] 10.0.0.117 () {28 vars in 684 bytes} [Wed May 27 01:50:33 2026] GET /v3/4b1c667bd4e547769e50bce419737d7a/volumes/detail?all_tenants=true => generated 15 bytes in 16 msecs (HTTP/1.1 200) 7 headers in 284 bytes (1 switches on core 0)
2026-05-27 01:50:33.512 8 INFO cinder.api.openstack.wsgi [None req-a4865294-69bc-478d-9bea-8cadcce04e6a b73d70a22f7648da812701b5ed1ead79 4b1c667bd4e547769e50bce419737d7a - - default default] GET http://cinder-api.openstack.svc.cluster.local:8776/v3/4b1c667bd4e547769e50bce419737d7a/os-services
2026-05-27 01:50:33.518 8 INFO cinder.api.openstack.wsgi [None req-a4865294-69bc-478d-9bea-8cadcce04e6a b73d70a22f7648da812701b5ed1ead79 4b1c667bd4e547769e50bce419737d7a - - default default] http://cinder-api.openstack.svc.cluster.local:8776/v3/4b1c667bd4e547769e50bce419737d7a/os-services returned with HTTP 200 [pid: 8|app: 0|req: 343/687] 10.0.0.117 () {28 vars in 645 bytes} [Wed May 27 01:50:33 2026] GET /v3/4b1c667bd4e547769e50bce419737d7a/os-services => generated 646 bytes in 12 msecs (HTTP/1.1 200) 7 headers in 285 bytes (1 switches on core 0)
2026-05-27 01:50:33.609 7 INFO cinder.api.openstack.wsgi [None req-b4c9e323-f0ce-40ae-8a5d-8069836913c1 b73d70a22f7648da812701b5ed1ead79 4b1c667bd4e547769e50bce419737d7a - - default default] GET http://cinder-api.openstack.svc.cluster.local:8776/v3/4b1c667bd4e547769e50bce419737d7a/os-quota-sets/2012d613dd874e789ac150618a9f930b?usage=true
2026-05-27 01:50:33.627 7 INFO cinder.api.openstack.wsgi [None req-b4c9e323-f0ce-40ae-8a5d-8069836913c1 b73d70a22f7648da812701b5ed1ead79 4b1c667bd4e547769e50bce419737d7a - - default default] http://cinder-api.openstack.svc.cluster.local:8776/v3/4b1c667bd4e547769e50bce419737d7a/os-quota-sets/2012d613dd874e789ac150618a9f930b?usage=true returned with HTTP 200 [pid: 7|app: 0|req: 345/688] 10.0.0.117 () {28 vars in 736 bytes} [Wed May 27 01:50:33 2026] GET /v3/4b1c667bd4e547769e50bce419737d7a/os-quota-sets/2012d613dd874e789ac150618a9f930b?usage=true => generated 847 bytes in 24 msecs (HTTP/1.1 200) 7 headers in 285 bytes (1 switches on core 0)
2026-05-27 01:50:33.637 8 INFO cinder.api.openstack.wsgi [None req-c650588d-cb7c-446c-b373-46289defcde8 b73d70a22f7648da812701b5ed1ead79 4b1c667bd4e547769e50bce419737d7a - - default default] GET http://cinder-api.openstack.svc.cluster.local:8776/v3/4b1c667bd4e547769e50bce419737d7a/os-quota-sets/3163d53fa2af4c0a97267919a1aeace4?usage=true
2026-05-27 01:50:33.688 8 INFO cinder.api.openstack.wsgi [None req-c650588d-cb7c-446c-b373-46289defcde8 b73d70a22f7648da812701b5ed1ead79 4b1c667bd4e547769e50bce419737d7a - - default default] http://cinder-api.openstack.svc.cluster.local:8776/v3/4b1c667bd4e547769e50bce419737d7a/os-quota-sets/3163d53fa2af4c0a97267919a1aeace4?usage=true returned with HTTP 200 [pid: 8|app: 0|req: 344/689] 10.0.0.117 () {28 vars in 736 bytes} [Wed May 27 01:50:33 2026] GET /v3/4b1c667bd4e547769e50bce419737d7a/os-quota-sets/3163d53fa2af4c0a97267919a1aeace4?usage=true => generated 847 bytes in 59 msecs (HTTP/1.1 200) 7 headers in 285 bytes (1 switches on core 0)
2026-05-27 01:50:33.699 7 INFO cinder.api.openstack.wsgi [None req-c369d16d-cd3d-4866-b36e-7773a0750162 b73d70a22f7648da812701b5ed1ead79 4b1c667bd4e547769e50bce419737d7a - - default default] GET http://cinder-api.openstack.svc.cluster.local:8776/v3/4b1c667bd4e547769e50bce419737d7a/os-quota-sets/4b1c667bd4e547769e50bce419737d7a?usage=true
2026-05-27 01:50:33.737 7 INFO cinder.api.openstack.wsgi [None req-c369d16d-cd3d-4866-b36e-7773a0750162 b73d70a22f7648da812701b5ed1ead79 4b1c667bd4e547769e50bce419737d7a - - default default] http://cinder-api.openstack.svc.cluster.local:8776/v3/4b1c667bd4e547769e50bce419737d7a/os-quota-sets/4b1c667bd4e547769e50bce419737d7a?usage=true returned with HTTP 200 [pid: 7|app: 0|req: 346/690] 10.0.0.117 () {28 vars in 736 bytes} [Wed May 27 01:50:33 2026] GET /v3/4b1c667bd4e547769e50bce419737d7a/os-quota-sets/4b1c667bd4e547769e50bce419737d7a?usage=true => generated 845 bytes in 45 msecs (HTTP/1.1 200) 7 headers in 285 bytes (1 switches on core 0)
2026-05-27 01:50:33.748 8 INFO cinder.api.openstack.wsgi [None req-d8336d29-e1ef-43cc-b6e3-1076db6f3eaf b73d70a22f7648da812701b5ed1ead79 4b1c667bd4e547769e50bce419737d7a - - default default] GET http://cinder-api.openstack.svc.cluster.local:8776/v3/4b1c667bd4e547769e50bce419737d7a/os-quota-sets/a8be40ba7efd4b5b977b259207675a96?usage=true
2026-05-27 01:50:33.787 8 INFO cinder.api.openstack.wsgi [None req-d8336d29-e1ef-43cc-b6e3-1076db6f3eaf b73d70a22f7648da812701b5ed1ead79 4b1c667bd4e547769e50bce419737d7a - - default default] http://cinder-api.openstack.svc.cluster.local:8776/v3/4b1c667bd4e547769e50bce419737d7a/os-quota-sets/a8be40ba7efd4b5b977b259207675a96?usage=true returned with HTTP 200 [pid: 8|app: 0|req: 345/691] 10.0.0.117 () {28 vars in 736 bytes} [Wed May 27 01:50:33 2026] GET /v3/4b1c667bd4e547769e50bce419737d7a/os-quota-sets/a8be40ba7efd4b5b977b259207675a96?usage=true => generated 847 bytes in 46 msecs (HTTP/1.1 200) 7 headers in 285 bytes (1 switches on core 0)
2026-05-27 01:50:33.799 7 INFO cinder.api.openstack.wsgi [None req-ea7905ae-3570-435a-b334-41a512fb8cb7 b73d70a22f7648da812701b5ed1ead79 4b1c667bd4e547769e50bce419737d7a - - default default] GET http://cinder-api.openstack.svc.cluster.local:8776/v3/4b1c667bd4e547769e50bce419737d7a/os-quota-sets/b55de45f85e047309153dfd2dce9a06c?usage=true
2026-05-27 01:50:33.827 7 INFO cinder.api.openstack.wsgi [None req-ea7905ae-3570-435a-b334-41a512fb8cb7 b73d70a22f7648da812701b5ed1ead79 4b1c667bd4e547769e50bce419737d7a - - default default] http://cinder-api.openstack.svc.cluster.local:8776/v3/4b1c667bd4e547769e50bce419737d7a/os-quota-sets/b55de45f85e047309153dfd2dce9a06c?usage=true returned with HTTP 200 [pid: 7|app: 0|req: 347/692] 10.0.0.117 () {28 vars in 736 bytes} [Wed May 27 01:50:33 2026] GET /v3/4b1c667bd4e547769e50bce419737d7a/os-quota-sets/b55de45f85e047309153dfd2dce9a06c?usage=true => generated 845 bytes in 36 msecs (HTTP/1.1 200) 7 headers in 285 bytes (1 switches on core 0)
2026-05-27 01:50:33.837 8 INFO cinder.api.openstack.wsgi [None req-e646d7d0-128f-4bf3-af83-5b29297b4613 b73d70a22f7648da812701b5ed1ead79 4b1c667bd4e547769e50bce419737d7a - - default default] GET http://cinder-api.openstack.svc.cluster.local:8776/v3/4b1c667bd4e547769e50bce419737d7a/os-quota-sets/bb2c0ae2bb424b718068c563c1026e87?usage=true
2026-05-27 01:50:33.882 8 INFO cinder.api.openstack.wsgi [None req-e646d7d0-128f-4bf3-af83-5b29297b4613 b73d70a22f7648da812701b5ed1ead79 4b1c667bd4e547769e50bce419737d7a - - default default] http://cinder-api.openstack.svc.cluster.local:8776/v3/4b1c667bd4e547769e50bce419737d7a/os-quota-sets/bb2c0ae2bb424b718068c563c1026e87?usage=true returned with HTTP 200 [pid: 8|app: 0|req: 346/693] 10.0.0.117 () {28 vars in 736 bytes} [Wed May 27 01:50:33 2026] GET /v3/4b1c667bd4e547769e50bce419737d7a/os-quota-sets/bb2c0ae2bb424b718068c563c1026e87?usage=true => generated 847 bytes in 53 msecs (HTTP/1.1 200) 7 headers in 285 bytes (1 switches on core 0)
2026-05-27 01:50:33.893 7 INFO cinder.api.openstack.wsgi [None req-aa4b8764-787c-4cf3-adda-f4882b368245 b73d70a22f7648da812701b5ed1ead79 4b1c667bd4e547769e50bce419737d7a - - default default] GET http://cinder-api.openstack.svc.cluster.local:8776/v3/4b1c667bd4e547769e50bce419737d7a/os-quota-sets/bf19d1feac2a428e86e8a0b6ee2bcd48?usage=true
2026-05-27 01:50:33.913 7 INFO cinder.api.openstack.wsgi [None req-aa4b8764-787c-4cf3-adda-f4882b368245 b73d70a22f7648da812701b5ed1ead79 4b1c667bd4e547769e50bce419737d7a - - default default] http://cinder-api.openstack.svc.cluster.local:8776/v3/4b1c667bd4e547769e50bce419737d7a/os-quota-sets/bf19d1feac2a428e86e8a0b6ee2bcd48?usage=true returned with HTTP 200 [pid: 7|app: 0|req: 348/694] 10.0.0.117 () {28 vars in 736 bytes} [Wed May 27 01:50:33 2026] GET /v3/4b1c667bd4e547769e50bce419737d7a/os-quota-sets/bf19d1feac2a428e86e8a0b6ee2bcd48?usage=true => generated 847 bytes in 27 msecs (HTTP/1.1 200) 7 headers in 285 bytes (1 switches on core 0)
2026-05-27 01:50:33.925 8 INFO cinder.api.openstack.wsgi [None req-56025dd2-25ce-4178-adf0-42d585673274 b73d70a22f7648da812701b5ed1ead79 4b1c667bd4e547769e50bce419737d7a - - default default] GET http://cinder-api.openstack.svc.cluster.local:8776/v3/4b1c667bd4e547769e50bce419737d7a/os-quota-sets/d3dfe4cce32541f1b521ad181b1afd69?usage=true
2026-05-27 01:50:33.946 8 INFO cinder.api.openstack.wsgi [None req-56025dd2-25ce-4178-adf0-42d585673274 b73d70a22f7648da812701b5ed1ead79 4b1c667bd4e547769e50bce419737d7a - - default default] http://cinder-api.openstack.svc.cluster.local:8776/v3/4b1c667bd4e547769e50bce419737d7a/os-quota-sets/d3dfe4cce32541f1b521ad181b1afd69?usage=true returned with HTTP 200 [pid: 8|app: 0|req: 347/695] 10.0.0.117 () {28 vars in 736 bytes} [Wed May 27 01:50:33 2026] GET /v3/4b1c667bd4e547769e50bce419737d7a/os-quota-sets/d3dfe4cce32541f1b521ad181b1afd69?usage=true => generated 847 bytes in 30 msecs (HTTP/1.1 200) 7 headers in 285 bytes (1 switches on core 0)
2026-05-27 01:50:39.134 7 INFO cinder.api.openstack.wsgi [None req-aa4b8764-787c-4cf3-adda-f4882b368245 b73d70a22f7648da812701b5ed1ead79 4b1c667bd4e547769e50bce419737d7a - - default default] GET http://10.0.0.112:8776/
2026-05-27 01:50:39.135 8 INFO cinder.api.openstack.wsgi [None req-56025dd2-25ce-4178-adf0-42d585673274 b73d70a22f7648da812701b5ed1ead79 4b1c667bd4e547769e50bce419737d7a - - default default] GET http://10.0.0.112:8776/
2026-05-27 01:50:39.135 7 INFO cinder.api.openstack.wsgi [None req-aa4b8764-787c-4cf3-adda-f4882b368245 b73d70a22f7648da812701b5ed1ead79 4b1c667bd4e547769e50bce419737d7a - - default default] http://10.0.0.112:8776/ returned with HTTP 300
2026-05-27 01:50:39.136 8 INFO cinder.api.openstack.wsgi [None req-56025dd2-25ce-4178-adf0-42d585673274 b73d70a22f7648da812701b5ed1ead79 4b1c667bd4e547769e50bce419737d7a - - default default] http://10.0.0.112:8776/ returned with HTTP 300
2026-05-27 01:50:47.479 7 INFO cinder.api.openstack.wsgi [req-6499e632-ff20-4a76-8a58-ffd9c32daf36 req-8c48cb52-56fa-4ae2-bffd-4027c79197d9 ff7d644e785d41f0995151a3f7151147 bf19d1feac2a428e86e8a0b6ee2bcd48 - - default default] GET http://cinder-api.openstack.svc.cluster.local:8776/v3/bf19d1feac2a428e86e8a0b6ee2bcd48/attachments?instance_id=49f67946-b418-4d71-936e-29680b08b4e6
2026-05-27 01:50:47.492 7 INFO cinder.api.openstack.wsgi [req-6499e632-ff20-4a76-8a58-ffd9c32daf36 req-8c48cb52-56fa-4ae2-bffd-4027c79197d9 ff7d644e785d41f0995151a3f7151147 bf19d1feac2a428e86e8a0b6ee2bcd48 - - default default] http://cinder-api.openstack.svc.cluster.local:8776/v3/bf19d1feac2a428e86e8a0b6ee2bcd48/attachments?instance_id=49f67946-b418-4d71-936e-29680b08b4e6 returned with HTTP 200 [pid: 7|app: 0|req: 350/698] 199.204.45.238 () {36 vars in 1104 bytes} [Wed May 27 01:50:47 2026] GET /v3/bf19d1feac2a428e86e8a0b6ee2bcd48/attachments?instance_id=49f67946-b418-4d71-936e-29680b08b4e6 => generated 19 bytes in 18 msecs (HTTP/1.1 200) 7 headers in 285 bytes (1 switches on core 0)
2026-05-27 01:50:47.654 8 INFO cinder.api.openstack.wsgi [None req-414beb2b-48b5-4b67-bad9-c907cc25af06 c5ad63c95a8241b4a5278c1045c656e2 052a6f4d9abc4919a130bc87b4a44cf4 - - default default] POST http://cinder-api.openstack.svc.cluster.local:8776/v3/052a6f4d9abc4919a130bc87b4a44cf4/volumes
2026-05-27 01:50:47.656 8 INFO cinder.api.v3.volumes [None req-414beb2b-48b5-4b67-bad9-c907cc25af06 c5ad63c95a8241b4a5278c1045c656e2 052a6f4d9abc4919a130bc87b4a44cf4 - - default default] Create volume of 1 GB
2026-05-27 01:50:47.670 8 INFO cinder.volume.api [None req-414beb2b-48b5-4b67-bad9-c907cc25af06 c5ad63c95a8241b4a5278c1045c656e2 052a6f4d9abc4919a130bc87b4a44cf4 - - default default] Availability Zones retrieved successfully.
2026-05-27 01:50:47.945 8 INFO cinder.volume.api [None req-414beb2b-48b5-4b67-bad9-c907cc25af06 c5ad63c95a8241b4a5278c1045c656e2 052a6f4d9abc4919a130bc87b4a44cf4 - - default default] Create volume request issued successfully.
2026-05-27 01:50:47.946 8 INFO cinder.api.openstack.wsgi [None req-414beb2b-48b5-4b67-bad9-c907cc25af06 c5ad63c95a8241b4a5278c1045c656e2 052a6f4d9abc4919a130bc87b4a44cf4 - - default default] http://cinder-api.openstack.svc.cluster.local:8776/v3/052a6f4d9abc4919a130bc87b4a44cf4/volumes returned with HTTP 202 /var/lib/openstack/lib/python3.12/site-packages/pycadf/timestamp.py:28: DeprecationWarning: datetime.datetime.utcnow() is deprecated and scheduled for removal in a future version. Use timezone-aware objects to represent datetimes in UTC: datetime.datetime.now(datetime.UTC). utc_datetime = pytz.utc.localize(datetime.datetime.utcnow()) [pid: 8|app: 0|req: 349/699] 10.0.0.5 () {34 vars in 720 bytes} [Wed May 27 01:50:47 2026] POST /v3/052a6f4d9abc4919a130bc87b4a44cf4/volumes => generated 859 bytes in 470 msecs (HTTP/1.1 202) 7 headers in 291 bytes (1 switches on core 0)
2026-05-27 01:50:47.965 7 INFO cinder.api.openstack.wsgi [None req-b8150c25-7a34-4746-9849-29cf2d961b98 c5ad63c95a8241b4a5278c1045c656e2 052a6f4d9abc4919a130bc87b4a44cf4 - - default default] GET http://cinder-api.openstack.svc.cluster.local:8776/v3/052a6f4d9abc4919a130bc87b4a44cf4/volumes/61890a22-d19a-4ee3-8b7e-7289df69d623 /var/lib/openstack/lib/python3.12/site-packages/oslo_context/context.py:100: DeprecationWarning: Policy enforcement is depending on the value of is_admin. This key is deprecated. Please update your policy file to use the standard policy values. warnings.warn('Policy enforcement is depending on the value of '
2026-05-27 01:50:47.977 7 INFO cinder.volume.api [None req-b8150c25-7a34-4746-9849-29cf2d961b98 c5ad63c95a8241b4a5278c1045c656e2 052a6f4d9abc4919a130bc87b4a44cf4 - - default default] Volume info retrieved successfully.
2026-05-27 01:50:47.982 7 INFO cinder.api.openstack.wsgi [None req-b8150c25-7a34-4746-9849-29cf2d961b98 c5ad63c95a8241b4a5278c1045c656e2 052a6f4d9abc4919a130bc87b4a44cf4 - - default default] http://cinder-api.openstack.svc.cluster.local:8776/v3/052a6f4d9abc4919a130bc87b4a44cf4/volumes/61890a22-d19a-4ee3-8b7e-7289df69d623 returned with HTTP 200 /var/lib/openstack/lib/python3.12/site-packages/pycadf/timestamp.py:28: DeprecationWarning: datetime.datetime.utcnow() is deprecated and scheduled for removal in a future version. Use timezone-aware objects to represent datetimes in UTC: datetime.datetime.now(datetime.UTC). utc_datetime = pytz.utc.localize(datetime.datetime.utcnow()) [pid: 7|app: 0|req: 351/700] 10.0.0.5 () {32 vars in 773 bytes} [Wed May 27 01:50:47 2026] GET /v3/052a6f4d9abc4919a130bc87b4a44cf4/volumes/61890a22-d19a-4ee3-8b7e-7289df69d623 => generated 927 bytes in 23 msecs (HTTP/1.1 200) 7 headers in 285 bytes (1 switches on core 0) /var/lib/openstack/lib/python3.12/site-packages/pycadf/identifier.py:71: UserWarning: Invalid uuid: cinderv3. To ensure interoperability, identifiers should be a valid uuid. warnings.warn(('Invalid uuid: %s. To ensure interoperability, '
2026-05-27 01:50:49.006 8 INFO cinder.api.openstack.wsgi [None req-aaac4346-cf3a-415a-944f-016f0091fd74 c5ad63c95a8241b4a5278c1045c656e2 052a6f4d9abc4919a130bc87b4a44cf4 - - default default] GET http://cinder-api.openstack.svc.cluster.local:8776/v3/052a6f4d9abc4919a130bc87b4a44cf4/volumes/61890a22-d19a-4ee3-8b7e-7289df69d623 /var/lib/openstack/lib/python3.12/site-packages/oslo_context/context.py:100: DeprecationWarning: Policy enforcement is depending on the value of is_admin. This key is deprecated. Please update your policy file to use the standard policy values. warnings.warn('Policy enforcement is depending on the value of '
2026-05-27 01:50:49.022 8 INFO cinder.volume.api [None req-aaac4346-cf3a-415a-944f-016f0091fd74 c5ad63c95a8241b4a5278c1045c656e2 052a6f4d9abc4919a130bc87b4a44cf4 - - default default] Volume info retrieved successfully.
2026-05-27 01:50:49.027 8 INFO cinder.api.openstack.wsgi [None req-aaac4346-cf3a-415a-944f-016f0091fd74 c5ad63c95a8241b4a5278c1045c656e2 052a6f4d9abc4919a130bc87b4a44cf4 - - default default] http://cinder-api.openstack.svc.cluster.local:8776/v3/052a6f4d9abc4919a130bc87b4a44cf4/volumes/61890a22-d19a-4ee3-8b7e-7289df69d623 returned with HTTP 200 /var/lib/openstack/lib/python3.12/site-packages/pycadf/timestamp.py:28: DeprecationWarning: datetime.datetime.utcnow() is deprecated and scheduled for removal in a future version. Use timezone-aware objects to represent datetimes in UTC: datetime.datetime.now(datetime.UTC). utc_datetime = pytz.utc.localize(datetime.datetime.utcnow()) [pid: 8|app: 0|req: 350/701] 10.0.0.5 () {32 vars in 773 bytes} [Wed May 27 01:50:48 2026] GET /v3/052a6f4d9abc4919a130bc87b4a44cf4/volumes/61890a22-d19a-4ee3-8b7e-7289df69d623 => generated 952 bytes in 30 msecs (HTTP/1.1 200) 7 headers in 285 bytes (1 switches on core 0)
2026-05-27 01:50:49.133 7 INFO cinder.api.openstack.wsgi [None req-b8150c25-7a34-4746-9849-29cf2d961b98 c5ad63c95a8241b4a5278c1045c656e2 052a6f4d9abc4919a130bc87b4a44cf4 - - default default] GET http://10.0.0.112:8776/
2026-05-27 01:50:49.134 7 INFO cinder.api.openstack.wsgi [None req-b8150c25-7a34-4746-9849-29cf2d961b98 c5ad63c95a8241b4a5278c1045c656e2 052a6f4d9abc4919a130bc87b4a44cf4 - - default default] http://10.0.0.112:8776/ returned with HTTP 300
2026-05-27 01:50:49.133 8 INFO cinder.api.openstack.wsgi [None req-aaac4346-cf3a-415a-944f-016f0091fd74 c5ad63c95a8241b4a5278c1045c656e2 052a6f4d9abc4919a130bc87b4a44cf4 - - default default] GET http://10.0.0.112:8776/
2026-05-27 01:50:49.135 8 INFO cinder.api.openstack.wsgi [None req-aaac4346-cf3a-415a-944f-016f0091fd74 c5ad63c95a8241b4a5278c1045c656e2 052a6f4d9abc4919a130bc87b4a44cf4 - - default default] http://10.0.0.112:8776/ returned with HTTP 300
2026-05-27 01:50:59.133 7 INFO cinder.api.openstack.wsgi [None req-b8150c25-7a34-4746-9849-29cf2d961b98 c5ad63c95a8241b4a5278c1045c656e2 052a6f4d9abc4919a130bc87b4a44cf4 - - default default] GET http://10.0.0.112:8776/
2026-05-27 01:50:59.133 8 INFO cinder.api.openstack.wsgi [None req-aaac4346-cf3a-415a-944f-016f0091fd74 c5ad63c95a8241b4a5278c1045c656e2 052a6f4d9abc4919a130bc87b4a44cf4 - - default default] GET http://10.0.0.112:8776/
2026-05-27 01:50:59.134 7 INFO cinder.api.openstack.wsgi [None req-b8150c25-7a34-4746-9849-29cf2d961b98 c5ad63c95a8241b4a5278c1045c656e2 052a6f4d9abc4919a130bc87b4a44cf4 - - default default] http://10.0.0.112:8776/ returned with HTTP 300
2026-05-27 01:50:59.134 8 INFO cinder.api.openstack.wsgi [None req-aaac4346-cf3a-415a-944f-016f0091fd74 c5ad63c95a8241b4a5278c1045c656e2 052a6f4d9abc4919a130bc87b4a44cf4 - - default default] http://10.0.0.112:8776/ returned with HTTP 300 /var/lib/openstack/lib/python3.12/site-packages/pycadf/identifier.py:71: UserWarning: Invalid uuid: cinderv3. To ensure interoperability, identifiers should be a valid uuid. warnings.warn(('Invalid uuid: %s. To ensure interoperability, '
2026-05-27 01:51:06.058 7 INFO cinder.api.openstack.wsgi [None req-10b83407-deef-4adf-9c44-216d045e3d15 c5ad63c95a8241b4a5278c1045c656e2 052a6f4d9abc4919a130bc87b4a44cf4 - - default default] POST http://cinder-api.openstack.svc.cluster.local:8776/v3/052a6f4d9abc4919a130bc87b4a44cf4/volumes/61890a22-d19a-4ee3-8b7e-7289df69d623/action /var/lib/openstack/lib/python3.12/site-packages/oslo_context/context.py:100: DeprecationWarning: Policy enforcement is depending on the value of is_admin. This key is deprecated. Please update your policy file to use the standard policy values. warnings.warn('Policy enforcement is depending on the value of '
2026-05-27 01:51:06.068 7 INFO cinder.volume.api [None req-10b83407-deef-4adf-9c44-216d045e3d15 c5ad63c95a8241b4a5278c1045c656e2 052a6f4d9abc4919a130bc87b4a44cf4 - - default default] Volume info retrieved successfully.
2026-05-27 01:51:06.077 7 INFO cinder.volume.api [None req-10b83407-deef-4adf-9c44-216d045e3d15 c5ad63c95a8241b4a5278c1045c656e2 052a6f4d9abc4919a130bc87b4a44cf4 - - default default] Update volume admin metadata completed successfully.
2026-05-27 01:51:06.583 7 INFO cinder.volume.api [None req-10b83407-deef-4adf-9c44-216d045e3d15 c5ad63c95a8241b4a5278c1045c656e2 052a6f4d9abc4919a130bc87b4a44cf4 - - default default] Attach volume completed successfully.
2026-05-27 01:51:06.584 7 INFO cinder.api.openstack.wsgi [None req-10b83407-deef-4adf-9c44-216d045e3d15 c5ad63c95a8241b4a5278c1045c656e2 052a6f4d9abc4919a130bc87b4a44cf4 - - default default] http://cinder-api.openstack.svc.cluster.local:8776/v3/052a6f4d9abc4919a130bc87b4a44cf4/volumes/61890a22-d19a-4ee3-8b7e-7289df69d623/action returned with HTTP 202 /var/lib/openstack/lib/python3.12/site-packages/pycadf/timestamp.py:28: DeprecationWarning: datetime.datetime.utcnow() is deprecated and scheduled for removal in a future version. Use timezone-aware objects to represent datetimes in UTC: datetime.datetime.now(datetime.UTC). utc_datetime = pytz.utc.localize(datetime.datetime.utcnow()) [pid: 7|app: 0|req: 354/706] 10.0.0.5 () {34 vars in 808 bytes} [Wed May 27 01:51:06 2026] POST /v3/052a6f4d9abc4919a130bc87b4a44cf4/volumes/61890a22-d19a-4ee3-8b7e-7289df69d623/action => generated 0 bytes in 533 msecs (HTTP/1.1 202) 7 headers in 289 bytes (1 switches on core 0) /var/lib/openstack/lib/python3.12/site-packages/pycadf/identifier.py:71: UserWarning: Invalid uuid: cinderv3. To ensure interoperability, identifiers should be a valid uuid. warnings.warn(('Invalid uuid: %s. To ensure interoperability, '
2026-05-27 01:51:06.598 8 INFO cinder.api.openstack.wsgi [None req-d751bf6d-8c6a-4b66-85ad-579dd7717698 c5ad63c95a8241b4a5278c1045c656e2 052a6f4d9abc4919a130bc87b4a44cf4 - - default default] GET http://cinder-api.openstack.svc.cluster.local:8776/v3/052a6f4d9abc4919a130bc87b4a44cf4/volumes/61890a22-d19a-4ee3-8b7e-7289df69d623 /var/lib/openstack/lib/python3.12/site-packages/oslo_context/context.py:100: DeprecationWarning: Policy enforcement is depending on the value of is_admin. This key is deprecated. Please update your policy file to use the standard policy values. warnings.warn('Policy enforcement is depending on the value of '
2026-05-27 01:51:06.621 8 INFO cinder.volume.api [None req-d751bf6d-8c6a-4b66-85ad-579dd7717698 c5ad63c95a8241b4a5278c1045c656e2 052a6f4d9abc4919a130bc87b4a44cf4 - - default default] Volume info retrieved successfully.
2026-05-27 01:51:06.625 8 INFO cinder.api.openstack.wsgi [None req-d751bf6d-8c6a-4b66-85ad-579dd7717698 c5ad63c95a8241b4a5278c1045c656e2 052a6f4d9abc4919a130bc87b4a44cf4 - - default default] http://cinder-api.openstack.svc.cluster.local:8776/v3/052a6f4d9abc4919a130bc87b4a44cf4/volumes/61890a22-d19a-4ee3-8b7e-7289df69d623 returned with HTTP 200 /var/lib/openstack/lib/python3.12/site-packages/pycadf/timestamp.py:28: DeprecationWarning: datetime.datetime.utcnow() is deprecated and scheduled for removal in a future version. Use timezone-aware objects to represent datetimes in UTC: datetime.datetime.now(datetime.UTC). utc_datetime = pytz.utc.localize(datetime.datetime.utcnow()) [pid: 8|app: 0|req: 353/707] 10.0.0.5 () {32 vars in 773 bytes} [Wed May 27 01:51:06 2026] GET /v3/052a6f4d9abc4919a130bc87b4a44cf4/volumes/61890a22-d19a-4ee3-8b7e-7289df69d623 => generated 1286 bytes in 33 msecs (HTTP/1.1 200) 7 headers in 286 bytes (1 switches on core 0) /var/lib/openstack/lib/python3.12/site-packages/pycadf/identifier.py:71: UserWarning: Invalid uuid: cinderv3. To ensure interoperability, identifiers should be a valid uuid. warnings.warn(('Invalid uuid: %s. To ensure interoperability, '
