2026-05-20 07:11:54.365 10 INFO neutron.db.ovn_revision_numbers_db [None req-623e0826-9ec9-44f9-b292-23019918b99b 4ca69d076ec3499b9728e4a04aaf8af1 ba5bee235c544330a2f1a4b9dc08cef2 - - default default] Successfully bumped revision number for resource 57e3ce39-a0bc-401b-aad5-aae167542f60 (type: ports) to 1
2026-05-20 07:11:54.460 10 WARNING neutron.scheduler.dhcp_agent_scheduler [None req-623e0826-9ec9-44f9-b292-23019918b99b 4ca69d076ec3499b9728e4a04aaf8af1 ba5bee235c544330a2f1a4b9dc08cef2 - - default default] No more DHCP agents
2026-05-20 07:11:54.470 10 WARNING neutron.api.rpc.agentnotifiers.dhcp_rpc_agent_api [None req-623e0826-9ec9-44f9-b292-23019918b99b 4ca69d076ec3499b9728e4a04aaf8af1 ba5bee235c544330a2f1a4b9dc08cef2 - - default default] Unable to schedule network 1a99aef5-0f6a-4ead-8d43-383fe39eddc4: no agents available; will retry on subsequent port and subnet creation events.
2026-05-20 07:11:54.496 10 INFO neutron.db.ovn_revision_numbers_db [None req-ed8c4629-c033-46f9-94f7-bab59ea5be2e - - - - - -] Successfully bumped revision number for resource 57e3ce39-a0bc-401b-aad5-aae167542f60 (type: ports) to 2
2026-05-20 07:11:54.679 10 INFO neutron.db.ovn_revision_numbers_db [None req-ed8c4629-c033-46f9-94f7-bab59ea5be2e - - - - - -] Successfully bumped revision number for resource 57e3ce39-a0bc-401b-aad5-aae167542f60 (type: router_ports) to 2
2026-05-20 07:11:54.866 10 INFO neutron.db.ovn_revision_numbers_db [None req-623e0826-9ec9-44f9-b292-23019918b99b 4ca69d076ec3499b9728e4a04aaf8af1 ba5bee235c544330a2f1a4b9dc08cef2 - - default default] Successfully bumped revision number for resource 57e3ce39-a0bc-401b-aad5-aae167542f60 (type: router_ports) to 2
2026-05-20 07:11:54.868 10 INFO neutron.wsgi [None req-623e0826-9ec9-44f9-b292-23019918b99b 4ca69d076ec3499b9728e4a04aaf8af1 ba5bee235c544330a2f1a4b9dc08cef2 - - default default] 10.0.0.146 "PUT /v2.0/routers/dd7308b8-0e55-4ed5-85ab-dbb9135872b8/add_router_interface HTTP/1.1" status: 200 len: 503 time: 2.4740388
2026-05-20 07:11:55.358 10 WARNING neutron.scheduler.dhcp_agent_scheduler [None req-4362cd68-f0b4-4ca0-89e2-1335b9c3a45c 4ca69d076ec3499b9728e4a04aaf8af1 ba5bee235c544330a2f1a4b9dc08cef2 - - default default] No more DHCP agents
2026-05-20 07:11:55.361 10 WARNING neutron.api.rpc.agentnotifiers.dhcp_rpc_agent_api [None req-4362cd68-f0b4-4ca0-89e2-1335b9c3a45c 4ca69d076ec3499b9728e4a04aaf8af1 ba5bee235c544330a2f1a4b9dc08cef2 - - default default] Unable to schedule network 374e5ccb-fc76-401d-b7e4-682c8863f829: no agents available; will retry on subsequent port and subnet creation events.
2026-05-20 07:11:55.507 10 INFO neutron.db.ovn_revision_numbers_db [None req-4362cd68-f0b4-4ca0-89e2-1335b9c3a45c 4ca69d076ec3499b9728e4a04aaf8af1 ba5bee235c544330a2f1a4b9dc08cef2 - - default default] Successfully bumped revision number for resource 223125e4-37e6-429e-9d90-b9019714e492 (type: ports) to 1
2026-05-20 07:11:56.020 9 INFO neutron.plugins.ml2.drivers.ovn.mech_driver.mech_driver [None req-7de7cda1-0d34-46c3-8fb7-0ddde9e761ac - - - - - -] OVN reports status up for port: 223125e4-37e6-429e-9d90-b9019714e492
2026-05-20 07:11:56.027 9 INFO neutron.plugins.ml2.plugin [None req-7de7cda1-0d34-46c3-8fb7-0ddde9e761ac - - - - - -] Attempt 1 to provision port 223125e4-37e6-429e-9d90-b9019714e492
2026-05-20 07:11:56.056 10 INFO neutron.db.ovn_revision_numbers_db [None req-4362cd68-f0b4-4ca0-89e2-1335b9c3a45c 4ca69d076ec3499b9728e4a04aaf8af1 ba5bee235c544330a2f1a4b9dc08cef2 - - default default] Successfully bumped revision number for resource 223125e4-37e6-429e-9d90-b9019714e492 (type: router_ports) to 1
2026-05-20 07:11:56.112 10 INFO neutron.db.ovn_revision_numbers_db [None req-517da594-6c1a-4512-9bfd-64719666ffcb 06281425a9784c22b3d2faee7dae0ad5 8186bed1677a4b208882cca37aded2db - - default default] Successfully bumped revision number for resource 37bd9811-98df-4adb-b2f4-e6a1360f15ac (type: security_groups) to 1
2026-05-20 07:11:56.140 10 INFO neutron.db.ovn_revision_numbers_db [None req-517da594-6c1a-4512-9bfd-64719666ffcb 06281425a9784c22b3d2faee7dae0ad5 8186bed1677a4b208882cca37aded2db - - default default] Successfully bumped revision number for resource 1fab82a2-086d-4a7a-9fe5-3b381de3da0b (type: security_group_rules) to 0
2026-05-20 07:11:56.157 10 INFO neutron.db.ovn_revision_numbers_db [None req-517da594-6c1a-4512-9bfd-64719666ffcb 06281425a9784c22b3d2faee7dae0ad5 8186bed1677a4b208882cca37aded2db - - default default] Successfully bumped revision number for resource 39198e5a-7ee5-4fa4-b09d-ee14fa29b4a7 (type: security_group_rules) to 0
2026-05-20 07:11:56.186 10 INFO neutron.db.ovn_revision_numbers_db [None req-517da594-6c1a-4512-9bfd-64719666ffcb 06281425a9784c22b3d2faee7dae0ad5 8186bed1677a4b208882cca37aded2db - - default default] Successfully bumped revision number for resource b1cb9422-3303-4abd-8784-de8b0001c8ee (type: security_group_rules) to 0
2026-05-20 07:11:56.220 10 INFO neutron.db.ovn_revision_numbers_db [None req-517da594-6c1a-4512-9bfd-64719666ffcb 06281425a9784c22b3d2faee7dae0ad5 8186bed1677a4b208882cca37aded2db - - default default] Successfully bumped revision number for resource c0a17df0-f1d9-40b1-a7f3-68375252a6b7 (type: security_group_rules) to 0
2026-05-20 07:11:56.257 10 INFO neutron.db.ovn_revision_numbers_db [None req-4362cd68-f0b4-4ca0-89e2-1335b9c3a45c 4ca69d076ec3499b9728e4a04aaf8af1 ba5bee235c544330a2f1a4b9dc08cef2 - - default default] Successfully bumped revision number for resource 223125e4-37e6-429e-9d90-b9019714e492 (type: ports) to 1
2026-05-20 07:11:56.288 10 INFO neutron.db.segments_db [None req-517da594-6c1a-4512-9bfd-64719666ffcb 06281425a9784c22b3d2faee7dae0ad5 8186bed1677a4b208882cca37aded2db - - default default] Added segment 1facf705-2fb8-4413-a89f-8f496af13fba of type geneve for network 4bd0848f-e672-4028-aaa7-5b1c2e0ab5ab
2026-05-20 07:11:56.324 9 INFO neutron.db.ovn_revision_numbers_db [None req-7de7cda1-0d34-46c3-8fb7-0ddde9e761ac - - - - - -] Successfully bumped revision number for resource 223125e4-37e6-429e-9d90-b9019714e492 (type: ports) to 2
2026-05-20 07:11:56.358 10 WARNING neutron.scheduler.dhcp_agent_scheduler [None req-4362cd68-f0b4-4ca0-89e2-1335b9c3a45c 4ca69d076ec3499b9728e4a04aaf8af1 ba5bee235c544330a2f1a4b9dc08cef2 - - default default] No more DHCP agents
2026-05-20 07:11:56.361 10 WARNING neutron.api.rpc.agentnotifiers.dhcp_rpc_agent_api [None req-4362cd68-f0b4-4ca0-89e2-1335b9c3a45c 4ca69d076ec3499b9728e4a04aaf8af1 ba5bee235c544330a2f1a4b9dc08cef2 - - default default] Unable to schedule network 374e5ccb-fc76-401d-b7e4-682c8863f829: no agents available; will retry on subsequent port and subnet creation events.
2026-05-20 07:11:56.444 9 INFO neutron.db.ovn_revision_numbers_db [None req-7de7cda1-0d34-46c3-8fb7-0ddde9e761ac - - - - - -] Successfully bumped revision number for resource 223125e4-37e6-429e-9d90-b9019714e492 (type: router_ports) to 2
2026-05-20 07:11:56.480 10 INFO neutron.db.ovn_revision_numbers_db [None req-517da594-6c1a-4512-9bfd-64719666ffcb 06281425a9784c22b3d2faee7dae0ad5 8186bed1677a4b208882cca37aded2db - - default default] Successfully bumped revision number for resource 4bd0848f-e672-4028-aaa7-5b1c2e0ab5ab (type: networks) to 1
2026-05-20 07:11:56.538 9 INFO neutron.wsgi [-] 10.0.0.148 "GET / HTTP/1.1" status: 200 len: 246 time: 0.0017323
2026-05-20 07:11:56.545 10 INFO neutron.wsgi [-] 10.0.0.148 "GET / HTTP/1.1" status: 200 len: 246 time: 0.0015533
2026-05-20 07:11:56.682 10 WARNING neutron.scheduler.dhcp_agent_scheduler [None req-517da594-6c1a-4512-9bfd-64719666ffcb 06281425a9784c22b3d2faee7dae0ad5 8186bed1677a4b208882cca37aded2db - - default default] No more DHCP agents
2026-05-20 07:11:56.685 10 WARNING neutron.api.rpc.agentnotifiers.dhcp_rpc_agent_api [None req-517da594-6c1a-4512-9bfd-64719666ffcb 06281425a9784c22b3d2faee7dae0ad5 8186bed1677a4b208882cca37aded2db - - default default] Unable to schedule network 4bd0848f-e672-4028-aaa7-5b1c2e0ab5ab: no agents available; will retry on subsequent port and subnet creation events.
2026-05-20 07:11:56.775 10 INFO neutron.db.ovn_revision_numbers_db [None req-4362cd68-f0b4-4ca0-89e2-1335b9c3a45c 4ca69d076ec3499b9728e4a04aaf8af1 ba5bee235c544330a2f1a4b9dc08cef2 - - default default] Successfully bumped revision number for resource 223125e4-37e6-429e-9d90-b9019714e492 (type: router_ports) to 2
2026-05-20 07:11:56.778 10 INFO neutron.wsgi [None req-4362cd68-f0b4-4ca0-89e2-1335b9c3a45c 4ca69d076ec3499b9728e4a04aaf8af1 ba5bee235c544330a2f1a4b9dc08cef2 - - default default] 10.0.0.146 "PUT /v2.0/routers/dd7308b8-0e55-4ed5-85ab-dbb9135872b8/add_router_interface HTTP/1.1" status: 200 len: 503 time: 1.9063759
2026-05-20 07:11:56.788 10 INFO neutron.db.ovn_revision_numbers_db [None req-517da594-6c1a-4512-9bfd-64719666ffcb 06281425a9784c22b3d2faee7dae0ad5 8186bed1677a4b208882cca37aded2db - - default default] Successfully bumped revision number for resource d681b8b4-8f54-4e0d-b22a-d2505e4e0e3e (type: ports) to 1
2026-05-20 07:11:56.804 10 INFO neutron.wsgi [None req-517da594-6c1a-4512-9bfd-64719666ffcb 06281425a9784c22b3d2faee7dae0ad5 8186bed1677a4b208882cca37aded2db - - default default] 10.0.0.146 "POST /v2.0/networks HTTP/1.1" status: 201 len: 942 time: 1.0501268
2026-05-20 07:11:56.940 10 WARNING neutron.scheduler.dhcp_agent_scheduler [None req-bba73335-443b-4fb4-a379-0127a29bbc02 06281425a9784c22b3d2faee7dae0ad5 8186bed1677a4b208882cca37aded2db - - default default] No more DHCP agents
2026-05-20 07:11:56.942 10 WARNING neutron.api.rpc.agentnotifiers.dhcp_rpc_agent_api [None req-bba73335-443b-4fb4-a379-0127a29bbc02 06281425a9784c22b3d2faee7dae0ad5 8186bed1677a4b208882cca37aded2db - - default default] Unable to schedule network 4bd0848f-e672-4028-aaa7-5b1c2e0ab5ab: no agents available; will retry on subsequent port and subnet creation events.
2026-05-20 07:11:57.291 9 WARNING neutron.scheduler.dhcp_agent_scheduler [None req-884f4062-13b7-4f2a-92a9-a704cab1f23c 4ca69d076ec3499b9728e4a04aaf8af1 ba5bee235c544330a2f1a4b9dc08cef2 - - default default] No more DHCP agents
2026-05-20 07:11:57.293 9 WARNING neutron.api.rpc.agentnotifiers.dhcp_rpc_agent_api [None req-884f4062-13b7-4f2a-92a9-a704cab1f23c 4ca69d076ec3499b9728e4a04aaf8af1 ba5bee235c544330a2f1a4b9dc08cef2 - - default default] Unable to schedule network 94694d19-9076-4cbc-b80a-8e8b6d7fd15f: no agents available; will retry on subsequent port and subnet creation events.
2026-05-20 07:11:57.457 9 INFO neutron.db.ovn_revision_numbers_db [None req-884f4062-13b7-4f2a-92a9-a704cab1f23c 4ca69d076ec3499b9728e4a04aaf8af1 ba5bee235c544330a2f1a4b9dc08cef2 - - default default] Successfully bumped revision number for resource 2db4ad07-0aff-4f53-9bf2-508d4331a372 (type: ports) to 1
2026-05-20 07:11:57.740 10 INFO neutron.db.ovn_revision_numbers_db [None req-bba73335-443b-4fb4-a379-0127a29bbc02 06281425a9784c22b3d2faee7dae0ad5 8186bed1677a4b208882cca37aded2db - - default default] Successfully bumped revision number for resource d681b8b4-8f54-4e0d-b22a-d2505e4e0e3e (type: ports) to 2
2026-05-20 07:11:57.785 10 INFO neutron.db.ovn_revision_numbers_db [None req-bba73335-443b-4fb4-a379-0127a29bbc02 06281425a9784c22b3d2faee7dae0ad5 8186bed1677a4b208882cca37aded2db - - default default] Successfully bumped revision number for resource 1b347664-f688-41e4-a4f2-fdee56341e49 (type: subnets) to 0
2026-05-20 07:11:57.804 10 INFO neutron.wsgi [None req-bba73335-443b-4fb4-a379-0127a29bbc02 06281425a9784c22b3d2faee7dae0ad5 8186bed1677a4b208882cca37aded2db - - default default] 10.0.0.146 "POST /v2.0/subnets HTTP/1.1" status: 201 len: 863 time: 0.9963262
2026-05-20 07:11:58.024 10 INFO neutron.db.ovn_revision_numbers_db [None req-c17cd962-1e43-47a4-b1d8-d28858fd3a2a 9ba804bb410e4b2785c052f6d6dc4a76 1e037d4f7437461084d30465ee19dcaa - - default default] Successfully bumped revision number for resource 20c65f29-1c11-4755-8a0a-4ef32efe1d39 (type: security_groups) to 1
2026-05-20 07:11:58.042 10 INFO neutron.db.ovn_revision_numbers_db [None req-c17cd962-1e43-47a4-b1d8-d28858fd3a2a 9ba804bb410e4b2785c052f6d6dc4a76 1e037d4f7437461084d30465ee19dcaa - - default default] Successfully bumped revision number for resource 21f928d4-86da-415b-87dd-c8015ebab0dd (type: security_group_rules) to 0
2026-05-20 07:11:58.056 10 INFO neutron.db.ovn_revision_numbers_db [None req-c17cd962-1e43-47a4-b1d8-d28858fd3a2a 9ba804bb410e4b2785c052f6d6dc4a76 1e037d4f7437461084d30465ee19dcaa - - default default] Successfully bumped revision number for resource 30c62499-346d-4c76-b2b6-75e6ab73ba8e (type: security_group_rules) to 0
2026-05-20 07:11:58.070 10 INFO neutron.db.ovn_revision_numbers_db [None req-c17cd962-1e43-47a4-b1d8-d28858fd3a2a 9ba804bb410e4b2785c052f6d6dc4a76 1e037d4f7437461084d30465ee19dcaa - - default default] Successfully bumped revision number for resource 73756882-fcba-42ec-9e6e-c62990c7e2f4 (type: security_group_rules) to 0
2026-05-20 07:11:58.082 10 INFO neutron.db.ovn_revision_numbers_db [None req-c17cd962-1e43-47a4-b1d8-d28858fd3a2a 9ba804bb410e4b2785c052f6d6dc4a76 1e037d4f7437461084d30465ee19dcaa - - default default] Successfully bumped revision number for resource f300ba6e-8c21-42da-9454-dc4e56ab2909 (type: security_group_rules) to 0
2026-05-20 07:11:58.131 10 INFO neutron.db.segments_db [None req-c17cd962-1e43-47a4-b1d8-d28858fd3a2a 9ba804bb410e4b2785c052f6d6dc4a76 1e037d4f7437461084d30465ee19dcaa - - default default] Added segment e593dcae-9a09-4dd2-9692-df865982b95d of type geneve for network de50a7f7-824a-41d0-ab9d-99a6985f9d30
2026-05-20 07:11:58.271 10 INFO neutron.db.ovn_revision_numbers_db [None req-c17cd962-1e43-47a4-b1d8-d28858fd3a2a 9ba804bb410e4b2785c052f6d6dc4a76 1e037d4f7437461084d30465ee19dcaa - - default default] Successfully bumped revision number for resource de50a7f7-824a-41d0-ab9d-99a6985f9d30 (type: networks) to 1
2026-05-20 07:11:58.430 9 WARNING neutron.scheduler.dhcp_agent_scheduler [None req-0ba18782-0076-4275-8bef-dd803fc98471 06281425a9784c22b3d2faee7dae0ad5 8186bed1677a4b208882cca37aded2db - - default default] No more DHCP agents
2026-05-20 07:11:58.434 9 WARNING neutron.api.rpc.agentnotifiers.dhcp_rpc_agent_api [None req-0ba18782-0076-4275-8bef-dd803fc98471 06281425a9784c22b3d2faee7dae0ad5 8186bed1677a4b208882cca37aded2db - - default default] Unable to schedule network 8df4941b-3249-4485-b9d1-69078b3362cc: no agents available; will retry on subsequent port and subnet creation events.
2026-05-20 07:11:58.440 10 WARNING neutron.scheduler.dhcp_agent_scheduler [None req-c17cd962-1e43-47a4-b1d8-d28858fd3a2a 9ba804bb410e4b2785c052f6d6dc4a76 1e037d4f7437461084d30465ee19dcaa - - default default] No more DHCP agents
2026-05-20 07:11:58.447 10 WARNING neutron.api.rpc.agentnotifiers.dhcp_rpc_agent_api [None req-c17cd962-1e43-47a4-b1d8-d28858fd3a2a 9ba804bb410e4b2785c052f6d6dc4a76 1e037d4f7437461084d30465ee19dcaa - - default default] Unable to schedule network de50a7f7-824a-41d0-ab9d-99a6985f9d30: no agents available; will retry on subsequent port and subnet creation events.
2026-05-20 07:11:58.481 9 INFO neutron.db.ovn_revision_numbers_db [None req-884f4062-13b7-4f2a-92a9-a704cab1f23c 4ca69d076ec3499b9728e4a04aaf8af1 ba5bee235c544330a2f1a4b9dc08cef2 - - default default] Successfully bumped revision number for resource 2db4ad07-0aff-4f53-9bf2-508d4331a372 (type: router_ports) to 1
2026-05-20 07:11:58.532 10 INFO neutron.db.ovn_revision_numbers_db [None req-c17cd962-1e43-47a4-b1d8-d28858fd3a2a 9ba804bb410e4b2785c052f6d6dc4a76 1e037d4f7437461084d30465ee19dcaa - - default default] Successfully bumped revision number for resource cd428816-e5a3-4f98-80a4-07397799c37d (type: ports) to 1
2026-05-20 07:11:58.554 10 INFO neutron.wsgi [None req-c17cd962-1e43-47a4-b1d8-d28858fd3a2a 9ba804bb410e4b2785c052f6d6dc4a76 1e037d4f7437461084d30465ee19dcaa - - default default] 10.0.0.146 "POST /v2.0/networks HTTP/1.1" status: 201 len: 831 time: 0.8402865
2026-05-20 07:11:58.637 9 INFO neutron.db.ovn_revision_numbers_db [None req-0ba18782-0076-4275-8bef-dd803fc98471 06281425a9784c22b3d2faee7dae0ad5 8186bed1677a4b208882cca37aded2db - - default default] Successfully bumped revision number for resource 1047ac33-46db-4226-be5c-faa64b82b66d (type: ports) to 1
2026-05-20 07:11:58.690 9 INFO neutron.db.ovn_revision_numbers_db [None req-884f4062-13b7-4f2a-92a9-a704cab1f23c 4ca69d076ec3499b9728e4a04aaf8af1 ba5bee235c544330a2f1a4b9dc08cef2 - - default default] Successfully bumped revision number for resource 2db4ad07-0aff-4f53-9bf2-508d4331a372 (type: ports) to 1
2026-05-20 07:11:58.804 9 WARNING neutron.scheduler.dhcp_agent_scheduler [None req-884f4062-13b7-4f2a-92a9-a704cab1f23c 4ca69d076ec3499b9728e4a04aaf8af1 ba5bee235c544330a2f1a4b9dc08cef2 - - default default] No more DHCP agents
2026-05-20 07:11:58.812 9 WARNING neutron.api.rpc.agentnotifiers.dhcp_rpc_agent_api [None req-884f4062-13b7-4f2a-92a9-a704cab1f23c 4ca69d076ec3499b9728e4a04aaf8af1 ba5bee235c544330a2f1a4b9dc08cef2 - - default default] Unable to schedule network 94694d19-9076-4cbc-b80a-8e8b6d7fd15f: no agents available; will retry on subsequent port and subnet creation events.
2026-05-20 07:11:58.817 10 WARNING neutron.scheduler.dhcp_agent_scheduler [None req-c04f82cd-5263-45ae-ba93-0bedb8bea941 9ba804bb410e4b2785c052f6d6dc4a76 1e037d4f7437461084d30465ee19dcaa - - default default] No more DHCP agents
2026-05-20 07:11:58.820 10 WARNING neutron.api.rpc.agentnotifiers.dhcp_rpc_agent_api [None req-c04f82cd-5263-45ae-ba93-0bedb8bea941 9ba804bb410e4b2785c052f6d6dc4a76 1e037d4f7437461084d30465ee19dcaa - - default default] Unable to schedule network de50a7f7-824a-41d0-ab9d-99a6985f9d30: no agents available; will retry on subsequent port and subnet creation events.
2026-05-20 07:11:59.237 10 INFO neutron.db.ovn_revision_numbers_db [None req-c04f82cd-5263-45ae-ba93-0bedb8bea941 9ba804bb410e4b2785c052f6d6dc4a76 1e037d4f7437461084d30465ee19dcaa - - default default] Successfully bumped revision number for resource cd428816-e5a3-4f98-80a4-07397799c37d (type: ports) to 2
2026-05-20 07:11:59.250 9 INFO neutron.db.ovn_revision_numbers_db [None req-884f4062-13b7-4f2a-92a9-a704cab1f23c 4ca69d076ec3499b9728e4a04aaf8af1 ba5bee235c544330a2f1a4b9dc08cef2 - - default default] Successfully bumped revision number for resource 2db4ad07-0aff-4f53-9bf2-508d4331a372 (type: router_ports) to 1
2026-05-20 07:11:59.253 9 INFO neutron.wsgi [None req-884f4062-13b7-4f2a-92a9-a704cab1f23c 4ca69d076ec3499b9728e4a04aaf8af1 ba5bee235c544330a2f1a4b9dc08cef2 - - default default] 10.0.0.146 "PUT /v2.0/routers/dd7308b8-0e55-4ed5-85ab-dbb9135872b8/add_router_interface HTTP/1.1" status: 200 len: 503 time: 2.4693449
2026-05-20 07:11:59.281 10 INFO neutron.db.ovn_revision_numbers_db [None req-c04f82cd-5263-45ae-ba93-0bedb8bea941 9ba804bb410e4b2785c052f6d6dc4a76 1e037d4f7437461084d30465ee19dcaa - - default default] Successfully bumped revision number for resource c1251e2e-633e-488b-b1ad-1742c652920f (type: subnets) to 0
2026-05-20 07:11:59.294 10 INFO neutron.wsgi [None req-c04f82cd-5263-45ae-ba93-0bedb8bea941 9ba804bb410e4b2785c052f6d6dc4a76 1e037d4f7437461084d30465ee19dcaa - - default default] 10.0.0.146 "POST /v2.0/subnets HTTP/1.1" status: 201 len: 801 time: 0.7352355
2026-05-20 07:11:59.358 10 INFO neutron.plugins.ml2.drivers.ovn.mech_driver.ovsdb.ovsdb_monitor [None req-0f9ced32-6524-40f9-8dfa-bb493080078e - - - - - -] Router 5372da63-f871-463c-a80f-b25ab701a90e is bound to host instance
2026-05-20 07:11:59.372 9 INFO neutron.db.ovn_revision_numbers_db [None req-0ba18782-0076-4275-8bef-dd803fc98471 06281425a9784c22b3d2faee7dae0ad5 8186bed1677a4b208882cca37aded2db - - default default] Successfully bumped revision number for resource 1047ac33-46db-4226-be5c-faa64b82b66d (type: router_ports) to 1
2026-05-20 07:11:59.425 10 INFO neutron.db.segments_db [None req-6289af90-c7b2-48a2-8950-440a3ccc483e 9ba804bb410e4b2785c052f6d6dc4a76 1e037d4f7437461084d30465ee19dcaa - - default default] Added segment f88b12f4-ffc5-451d-9539-bce63aecd988 of type geneve for network e6ef908b-e4a7-4c1c-b5ce-25630c304ef1
2026-05-20 07:11:59.515 10 WARNING neutron.plugins.ml2.drivers.ovn.mech_driver.ovsdb.ovn_client [None req-ed8c4629-c033-46f9-94f7-bab59ea5be2e - - - - - -] No hosting information found for port 57e3ce39-a0bc-401b-aad5-aae167542f60: RuntimeError: No hosting information found for port 57e3ce39-a0bc-401b-aad5-aae167542f60
2026-05-20 07:11:59.516 10 INFO neutron.plugins.ml2.drivers.ovn.mech_driver.mech_driver [None req-ed8c4629-c033-46f9-94f7-bab59ea5be2e - - - - - -] OVN reports status up for port: 1047ac33-46db-4226-be5c-faa64b82b66d
2026-05-20 07:11:59.542 10 INFO neutron.plugins.ml2.plugin [None req-ed8c4629-c033-46f9-94f7-bab59ea5be2e - - - - - -] Attempt 1 to provision port 1047ac33-46db-4226-be5c-faa64b82b66d
2026-05-20 07:11:59.658 9 INFO neutron.db.ovn_revision_numbers_db [None req-0ba18782-0076-4275-8bef-dd803fc98471 06281425a9784c22b3d2faee7dae0ad5 8186bed1677a4b208882cca37aded2db - - default default] Successfully bumped revision number for resource 5372da63-f871-463c-a80f-b25ab701a90e (type: routers) to 2
2026-05-20 07:11:59.667 9 INFO neutron.db.ovn_revision_numbers_db [None req-db74c88c-d969-4885-abc3-4755639d3cca 4ca69d076ec3499b9728e4a04aaf8af1 ba5bee235c544330a2f1a4b9dc08cef2 - - default default] Successfully bumped revision number for resource 3f3b5ff9-8524-4ee0-9ec6-17734a4f4f7b (type: security_groups) to 1
2026-05-20 07:11:59.674 9 INFO neutron.wsgi [None req-0ba18782-0076-4275-8bef-dd803fc98471 06281425a9784c22b3d2faee7dae0ad5 8186bed1677a4b208882cca37aded2db - - default default] 10.0.0.146 "POST /v2.0/routers HTTP/1.1" status: 201 len: 874 time: 1.8623810
2026-05-20 07:11:59.684 9 INFO neutron.db.ovn_revision_numbers_db [None req-db74c88c-d969-4885-abc3-4755639d3cca 4ca69d076ec3499b9728e4a04aaf8af1 ba5bee235c544330a2f1a4b9dc08cef2 - - default default] Successfully bumped revision number for resource 87e62640-49ae-4025-82aa-fae6767592aa (type: security_group_rules) to 0
2026-05-20 07:11:59.690 10 INFO neutron.db.ovn_revision_numbers_db [None req-6289af90-c7b2-48a2-8950-440a3ccc483e 9ba804bb410e4b2785c052f6d6dc4a76 1e037d4f7437461084d30465ee19dcaa - - default default] Successfully bumped revision number for resource e6ef908b-e4a7-4c1c-b5ce-25630c304ef1 (type: networks) to 1
2026-05-20 07:11:59.714 9 INFO neutron.db.ovn_revision_numbers_db [None req-db74c88c-d969-4885-abc3-4755639d3cca 4ca69d076ec3499b9728e4a04aaf8af1 ba5bee235c544330a2f1a4b9dc08cef2 - - default default] Successfully bumped revision number for resource dab4631e-256b-4a36-8613-d1d7693cc337 (type: security_group_rules) to 0
2026-05-20 07:11:59.736 9 INFO neutron.wsgi [None req-db74c88c-d969-4885-abc3-4755639d3cca 4ca69d076ec3499b9728e4a04aaf8af1 ba5bee235c544330a2f1a4b9dc08cef2 - - default default] 10.0.0.146 "POST /v2.0/security-groups HTTP/1.1" status: 201 len: 1763 time: 0.4305253
2026-05-20 07:11:59.890 9 INFO neutron.db.ovn_revision_numbers_db [None req-93423f19-93cf-4e83-afa6-9192ee29e223 4ca69d076ec3499b9728e4a04aaf8af1 ba5bee235c544330a2f1a4b9dc08cef2 - - default default] Successfully bumped revision number for resource f05a2923-858c-4bfd-8618-19e12d30d2ec (type: security_group_rules) to 0
2026-05-20 07:11:59.902 10 WARNING neutron.scheduler.dhcp_agent_scheduler [None req-6289af90-c7b2-48a2-8950-440a3ccc483e 9ba804bb410e4b2785c052f6d6dc4a76 1e037d4f7437461084d30465ee19dcaa - - default default] No more DHCP agents
2026-05-20 07:11:59.904 10 WARNING neutron.api.rpc.agentnotifiers.dhcp_rpc_agent_api [None req-6289af90-c7b2-48a2-8950-440a3ccc483e 9ba804bb410e4b2785c052f6d6dc4a76 1e037d4f7437461084d30465ee19dcaa - - default default] Unable to schedule network e6ef908b-e4a7-4c1c-b5ce-25630c304ef1: no agents available; will retry on subsequent port and subnet creation events.
2026-05-20 07:11:59.921 9 INFO neutron.wsgi [None req-93423f19-93cf-4e83-afa6-9192ee29e223 4ca69d076ec3499b9728e4a04aaf8af1 ba5bee235c544330a2f1a4b9dc08cef2 - - default default] 10.0.0.146 "POST /v2.0/security-group-rules HTTP/1.1" status: 201 len: 764 time: 0.1797304
2026-05-20 07:12:00.036 10 INFO neutron.db.ovn_revision_numbers_db [None req-6289af90-c7b2-48a2-8950-440a3ccc483e 9ba804bb410e4b2785c052f6d6dc4a76 1e037d4f7437461084d30465ee19dcaa - - default default] Successfully bumped revision number for resource 10bcfa4e-54a0-4ec1-a78c-e8f95ae111c5 (type: ports) to 1
2026-05-20 07:12:00.077 10 INFO neutron.wsgi [None req-6289af90-c7b2-48a2-8950-440a3ccc483e 9ba804bb410e4b2785c052f6d6dc4a76 1e037d4f7437461084d30465ee19dcaa - - default default] 10.0.0.146 "POST /v2.0/networks HTTP/1.1" status: 201 len: 830 time: 0.7767594
2026-05-20 07:12:00.097 9 WARNING neutron.scheduler.dhcp_agent_scheduler [None req-7f8e1fd4-726f-4dc4-8f3e-97389efb3148 06281425a9784c22b3d2faee7dae0ad5 8186bed1677a4b208882cca37aded2db - - default default] No more DHCP agents
2026-05-20 07:12:00.113 9 WARNING neutron.api.rpc.agentnotifiers.dhcp_rpc_agent_api [None req-7f8e1fd4-726f-4dc4-8f3e-97389efb3148 06281425a9784c22b3d2faee7dae0ad5 8186bed1677a4b208882cca37aded2db - - default default] Unable to schedule network 4bd0848f-e672-4028-aaa7-5b1c2e0ab5ab: no agents available; will retry on subsequent port and subnet creation events.
2026-05-20 07:12:00.149 10 INFO neutron.db.ovn_revision_numbers_db [None req-0f9ced32-6524-40f9-8dfa-bb493080078e - - - - - -] Successfully bumped revision number for resource 1047ac33-46db-4226-be5c-faa64b82b66d (type: ports) to 1
2026-05-20 07:12:00.151 10 INFO neutron.db.ovn_revision_numbers_db [None req-05ef2dd1-a41b-4424-bf1e-7058626177cd 4ca69d076ec3499b9728e4a04aaf8af1 ba5bee235c544330a2f1a4b9dc08cef2 - - default default] Successfully bumped revision number for resource c478f2a2-9b25-4e10-badb-8a86de90bfba (type: security_group_rules) to 0
2026-05-20 07:12:00.176 10 INFO neutron.wsgi [None req-05ef2dd1-a41b-4424-bf1e-7058626177cd 4ca69d076ec3499b9728e4a04aaf8af1 ba5bee235c544330a2f1a4b9dc08cef2 - - default default] 10.0.0.146 "POST /v2.0/security-group-rules HTTP/1.1" status: 201 len: 764 time: 0.2464347
2026-05-20 07:12:00.321 9 INFO neutron.db.ovn_revision_numbers_db [None req-7f8e1fd4-726f-4dc4-8f3e-97389efb3148 06281425a9784c22b3d2faee7dae0ad5 8186bed1677a4b208882cca37aded2db - - default default] Successfully bumped revision number for resource cf0c6f18-46e1-4754-9806-8affb786c312 (type: ports) to 1
2026-05-20 07:12:00.400 10 INFO neutron.db.ovn_revision_numbers_db [None req-2529f883-0d29-4d88-b97a-b0dbb6bbfb42 4ca69d076ec3499b9728e4a04aaf8af1 ba5bee235c544330a2f1a4b9dc08cef2 - - default default] Successfully bumped revision number for resource 5323e797-d613-41ed-84ce-1495acf337a0 (type: security_group_rules) to 0
2026-05-20 07:12:00.401 9 WARNING neutron.scheduler.dhcp_agent_scheduler [None req-2eaa4689-dfe5-4556-938a-43ffeda1461d 9ba804bb410e4b2785c052f6d6dc4a76 1e037d4f7437461084d30465ee19dcaa - - default default] No more DHCP agents
2026-05-20 07:12:00.403 9 WARNING neutron.api.rpc.agentnotifiers.dhcp_rpc_agent_api [None req-2eaa4689-dfe5-4556-938a-43ffeda1461d 9ba804bb410e4b2785c052f6d6dc4a76 1e037d4f7437461084d30465ee19dcaa - - default default] Unable to schedule network e6ef908b-e4a7-4c1c-b5ce-25630c304ef1: no agents available; will retry on subsequent port and subnet creation events.
2026-05-20 07:12:00.433 10 INFO neutron.wsgi [None req-2529f883-0d29-4d88-b97a-b0dbb6bbfb42 4ca69d076ec3499b9728e4a04aaf8af1 ba5bee235c544330a2f1a4b9dc08cef2 - - default default] 10.0.0.146 "POST /v2.0/security-group-rules HTTP/1.1" status: 201 len: 766 time: 0.2520909
2026-05-20 07:12:00.481 10 INFO neutron.db.ovn_revision_numbers_db [None req-0f9ced32-6524-40f9-8dfa-bb493080078e - - - - - -] Successfully bumped revision number for resource 1047ac33-46db-4226-be5c-faa64b82b66d (type: router_ports) to 3
2026-05-20 07:12:00.630 10 INFO neutron.db.ovn_revision_numbers_db [None req-c6a0b1d0-b8c6-42f4-a6e0-8dc857290717 4ca69d076ec3499b9728e4a04aaf8af1 ba5bee235c544330a2f1a4b9dc08cef2 - - default default] Successfully bumped revision number for resource 24f5eaaa-ac64-4998-9709-9c9117472d06 (type: security_group_rules) to 0
2026-05-20 07:12:00.665 10 INFO neutron.wsgi [None req-c6a0b1d0-b8c6-42f4-a6e0-8dc857290717 4ca69d076ec3499b9728e4a04aaf8af1 ba5bee235c544330a2f1a4b9dc08cef2 - - default default] 10.0.0.146 "POST /v2.0/security-group-rules HTTP/1.1" status: 201 len: 768 time: 0.2270439
2026-05-20 07:12:00.680 10 INFO neutron.db.ovn_revision_numbers_db [None req-0f9ced32-6524-40f9-8dfa-bb493080078e - - - - - -] Successfully bumped revision number for resource 1047ac33-46db-4226-be5c-faa64b82b66d (type: ports) to 2
2026-05-20 07:12:00.838 10 INFO neutron.db.ovn_revision_numbers_db [None req-18a86acd-a584-4f98-aca8-7698390e2e3c 4ca69d076ec3499b9728e4a04aaf8af1 ba5bee235c544330a2f1a4b9dc08cef2 - - default default] Successfully bumped revision number for resource aef4cef5-fb4e-4a9f-830a-7a6e1e467adb (type: security_group_rules) to 0
2026-05-20 07:12:00.872 10 INFO neutron.wsgi [None req-18a86acd-a584-4f98-aca8-7698390e2e3c 4ca69d076ec3499b9728e4a04aaf8af1 ba5bee235c544330a2f1a4b9dc08cef2 - - default default] 10.0.0.146 "POST /v2.0/security-group-rules HTTP/1.1" status: 201 len: 768 time: 0.2003477
2026-05-20 07:12:00.900 9 INFO neutron.db.ovn_revision_numbers_db [None req-7f8e1fd4-726f-4dc4-8f3e-97389efb3148 06281425a9784c22b3d2faee7dae0ad5 8186bed1677a4b208882cca37aded2db - - default default] Successfully bumped revision number for resource cf0c6f18-46e1-4754-9806-8affb786c312 (type: router_ports) to 1
2026-05-20 07:12:00.954 10 INFO neutron.db.ovn_revision_numbers_db [None req-0f9ced32-6524-40f9-8dfa-bb493080078e - - - - - -] Successfully bumped revision number for resource 1047ac33-46db-4226-be5c-faa64b82b66d (type: ports) to 4
2026-05-20 07:12:01.002 9 WARNING neutron.plugins.ml2.drivers.ovn.mech_driver.ovsdb.ovn_client [None req-7de7cda1-0d34-46c3-8fb7-0ddde9e761ac - - - - - -] No hosting information found for port 223125e4-37e6-429e-9d90-b9019714e492: RuntimeError: No hosting information found for port 223125e4-37e6-429e-9d90-b9019714e492
2026-05-20 07:12:01.002 9 INFO neutron.plugins.ml2.drivers.ovn.mech_driver.mech_driver [None req-7de7cda1-0d34-46c3-8fb7-0ddde9e761ac - - - - - -] OVN reports status up for port: 2db4ad07-0aff-4f53-9bf2-508d4331a372
2026-05-20 07:12:01.022 9 INFO neutron.plugins.ml2.plugin [None req-7de7cda1-0d34-46c3-8fb7-0ddde9e761ac - - - - - -] Attempt 1 to provision port 2db4ad07-0aff-4f53-9bf2-508d4331a372
2026-05-20 07:12:01.048 10 INFO neutron.db.ovn_revision_numbers_db [None req-e171d35a-7ef4-477e-b359-d61ee807e30f 4ca69d076ec3499b9728e4a04aaf8af1 ba5bee235c544330a2f1a4b9dc08cef2 - - default default] Successfully bumped revision number for resource ce125a8b-fa78-4baf-8986-1f85737872a0 (type: security_group_rules) to 0
2026-05-20 07:12:01.052 9 INFO neutron.db.ovn_revision_numbers_db [None req-2eaa4689-dfe5-4556-938a-43ffeda1461d 9ba804bb410e4b2785c052f6d6dc4a76 1e037d4f7437461084d30465ee19dcaa - - default default] Successfully bumped revision number for resource 10bcfa4e-54a0-4ec1-a78c-e8f95ae111c5 (type: ports) to 2
2026-05-20 07:12:01.110 10 INFO neutron.wsgi [None req-e171d35a-7ef4-477e-b359-d61ee807e30f 4ca69d076ec3499b9728e4a04aaf8af1 ba5bee235c544330a2f1a4b9dc08cef2 - - default default] 10.0.0.146 "POST /v2.0/security-group-rules HTTP/1.1" status: 201 len: 764 time: 0.2331023
2026-05-20 07:12:01.114 9 INFO neutron.db.ovn_revision_numbers_db [None req-2eaa4689-dfe5-4556-938a-43ffeda1461d 9ba804bb410e4b2785c052f6d6dc4a76 1e037d4f7437461084d30465ee19dcaa - - default default] Successfully bumped revision number for resource 1993ab68-0da5-44b6-bc9c-dee160383b5f (type: subnets) to 0
2026-05-20 07:12:01.134 9 INFO neutron.wsgi [None req-2eaa4689-dfe5-4556-938a-43ffeda1461d 9ba804bb410e4b2785c052f6d6dc4a76 1e037d4f7437461084d30465ee19dcaa - - default default] 10.0.0.146 "POST /v2.0/subnets HTTP/1.1" status: 201 len: 804 time: 1.0501857
2026-05-20 07:12:01.140 9 INFO neutron.db.ovn_revision_numbers_db [None req-7f8e1fd4-726f-4dc4-8f3e-97389efb3148 06281425a9784c22b3d2faee7dae0ad5 8186bed1677a4b208882cca37aded2db - - default default] Successfully bumped revision number for resource cf0c6f18-46e1-4754-9806-8affb786c312 (type: ports) to 1
2026-05-20 07:12:01.226 9 WARNING neutron.scheduler.dhcp_agent_scheduler [None req-7f8e1fd4-726f-4dc4-8f3e-97389efb3148 06281425a9784c22b3d2faee7dae0ad5 8186bed1677a4b208882cca37aded2db - - default default] No more DHCP agents
2026-05-20 07:12:01.228 9 WARNING neutron.api.rpc.agentnotifiers.dhcp_rpc_agent_api [None req-7f8e1fd4-726f-4dc4-8f3e-97389efb3148 06281425a9784c22b3d2faee7dae0ad5 8186bed1677a4b208882cca37aded2db - - default default] Unable to schedule network 4bd0848f-e672-4028-aaa7-5b1c2e0ab5ab: no agents available; will retry on subsequent port and subnet creation events.
2026-05-20 07:12:01.316 10 INFO neutron.db.segments_db [None req-501d5b34-6bb3-4880-b451-a6fb4f130469 9ba804bb410e4b2785c052f6d6dc4a76 1e037d4f7437461084d30465ee19dcaa - - default default] Added segment 505e177d-64f6-490f-aabe-6280ac0bb7af of type geneve for network ec78d383-bc9d-4eb8-a8e3-cb2db93224a8
2026-05-20 07:12:01.322 10 INFO neutron.db.ovn_revision_numbers_db [None req-0f9ced32-6524-40f9-8dfa-bb493080078e - - - - - -] Successfully bumped revision number for resource 1047ac33-46db-4226-be5c-faa64b82b66d (type: router_ports) to 4
2026-05-20 07:12:01.364 10 INFO neutron.db.ovn_revision_numbers_db [None req-c254fc20-9727-40f9-a79d-3583bac0ad19 4ca69d076ec3499b9728e4a04aaf8af1 ba5bee235c544330a2f1a4b9dc08cef2 - - default default] Successfully bumped revision number for resource f894b8b7-4565-49c2-a72b-4e5fc0fbb26b (type: security_group_rules) to 0
2026-05-20 07:12:01.396 9 INFO neutron.db.ovn_revision_numbers_db [None req-7de7cda1-0d34-46c3-8fb7-0ddde9e761ac - - - - - -] Successfully bumped revision number for resource 2db4ad07-0aff-4f53-9bf2-508d4331a372 (type: ports) to 2
2026-05-20 07:12:01.412 10 INFO neutron.wsgi [None req-c254fc20-9727-40f9-a79d-3583bac0ad19 4ca69d076ec3499b9728e4a04aaf8af1 ba5bee235c544330a2f1a4b9dc08cef2 - - default default] 10.0.0.146 "POST /v2.0/security-group-rules HTTP/1.1" status: 201 len: 764 time: 0.2970080
2026-05-20 07:12:01.494 10 INFO neutron.db.ovn_revision_numbers_db [None req-501d5b34-6bb3-4880-b451-a6fb4f130469 9ba804bb410e4b2785c052f6d6dc4a76 1e037d4f7437461084d30465ee19dcaa - - default default] Successfully bumped revision number for resource ec78d383-bc9d-4eb8-a8e3-cb2db93224a8 (type: networks) to 1
2026-05-20 07:12:01.550 9 INFO neutron.db.ovn_revision_numbers_db [None req-7de7cda1-0d34-46c3-8fb7-0ddde9e761ac - - - - - -] Successfully bumped revision number for resource 2db4ad07-0aff-4f53-9bf2-508d4331a372 (type: router_ports) to 2
2026-05-20 07:12:01.860 10 INFO neutron.db.ovn_revision_numbers_db [None req-3e4b0eb3-3753-4a1d-97e3-db8f7c5250e6 4ca69d076ec3499b9728e4a04aaf8af1 ba5bee235c544330a2f1a4b9dc08cef2 - - default default] Successfully bumped revision number for resource 8cb98b52-d6f5-461b-8293-eb655bfcf9b2 (type: security_group_rules) to 0
2026-05-20 07:12:01.898 10 INFO neutron.wsgi [None req-3e4b0eb3-3753-4a1d-97e3-db8f7c5250e6 4ca69d076ec3499b9728e4a04aaf8af1 ba5bee235c544330a2f1a4b9dc08cef2 - - default default] 10.0.0.146 "POST /v2.0/security-group-rules HTTP/1.1" status: 201 len: 764 time: 0.4813051
2026-05-20 07:12:01.917 10 WARNING neutron.scheduler.dhcp_agent_scheduler [None req-501d5b34-6bb3-4880-b451-a6fb4f130469 9ba804bb410e4b2785c052f6d6dc4a76 1e037d4f7437461084d30465ee19dcaa - - default default] No more DHCP agents
2026-05-20 07:12:01.919 10 WARNING neutron.api.rpc.agentnotifiers.dhcp_rpc_agent_api [None req-501d5b34-6bb3-4880-b451-a6fb4f130469 9ba804bb410e4b2785c052f6d6dc4a76 1e037d4f7437461084d30465ee19dcaa - - default default] Unable to schedule network ec78d383-bc9d-4eb8-a8e3-cb2db93224a8: no agents available; will retry on subsequent port and subnet creation events.
2026-05-20 07:12:02.005 10 INFO neutron.db.ovn_revision_numbers_db [None req-501d5b34-6bb3-4880-b451-a6fb4f130469 9ba804bb410e4b2785c052f6d6dc4a76 1e037d4f7437461084d30465ee19dcaa - - default default] Successfully bumped revision number for resource 2106c215-41e0-4b17-9b24-c6a000942f3f (type: ports) to 1
2026-05-20 07:12:02.025 10 INFO neutron.wsgi [None req-501d5b34-6bb3-4880-b451-a6fb4f130469 9ba804bb410e4b2785c052f6d6dc4a76 1e037d4f7437461084d30465ee19dcaa - - default default] 10.0.0.146 "POST /v2.0/networks HTTP/1.1" status: 201 len: 831 time: 0.8805614
2026-05-20 07:12:02.092 9 INFO neutron.db.ovn_revision_numbers_db [None req-2214a56f-7507-4c61-ae42-06fe8eb040fa 4ca69d076ec3499b9728e4a04aaf8af1 ba5bee235c544330a2f1a4b9dc08cef2 - - default default] Successfully bumped revision number for resource 7d0354b1-bd81-4ea9-b639-8f2f17a9c581 (type: security_group_rules) to 0
2026-05-20 07:12:02.113 9 INFO neutron.db.ovn_revision_numbers_db [None req-7f8e1fd4-726f-4dc4-8f3e-97389efb3148 06281425a9784c22b3d2faee7dae0ad5 8186bed1677a4b208882cca37aded2db - - default default] Successfully bumped revision number for resource cf0c6f18-46e1-4754-9806-8affb786c312 (type: router_ports) to 1
2026-05-20 07:12:02.115 9 INFO neutron.wsgi [None req-7f8e1fd4-726f-4dc4-8f3e-97389efb3148 06281425a9784c22b3d2faee7dae0ad5 8186bed1677a4b208882cca37aded2db - - default default] 10.0.0.146 "PUT /v2.0/routers/5372da63-f871-463c-a80f-b25ab701a90e/add_router_interface HTTP/1.1" status: 200 len: 503 time: 2.4361725
2026-05-20 07:12:02.121 9 INFO neutron.wsgi [None req-2214a56f-7507-4c61-ae42-06fe8eb040fa 4ca69d076ec3499b9728e4a04aaf8af1 ba5bee235c544330a2f1a4b9dc08cef2 - - default default] 10.0.0.146 "POST /v2.0/security-group-rules HTTP/1.1" status: 201 len: 766 time: 0.2179782
2026-05-20 07:12:02.276 10 WARNING neutron.scheduler.dhcp_agent_scheduler [None req-b1910663-ef84-4faa-8313-4bc6900d1a54 9ba804bb410e4b2785c052f6d6dc4a76 1e037d4f7437461084d30465ee19dcaa - - default default] No more DHCP agents
2026-05-20 07:12:02.278 10 WARNING neutron.api.rpc.agentnotifiers.dhcp_rpc_agent_api [None req-b1910663-ef84-4faa-8313-4bc6900d1a54 9ba804bb410e4b2785c052f6d6dc4a76 1e037d4f7437461084d30465ee19dcaa - - default default] Unable to schedule network ec78d383-bc9d-4eb8-a8e3-cb2db93224a8: no agents available; will retry on subsequent port and subnet creation events.
2026-05-20 07:12:02.295 9 INFO neutron.db.ovn_revision_numbers_db [None req-3bc38d57-0dac-4ca0-bcae-1410df001c5d 4ca69d076ec3499b9728e4a04aaf8af1 ba5bee235c544330a2f1a4b9dc08cef2 - - default default] Successfully bumped revision number for resource ce7ea6d0-72ed-4e5b-aa6d-106451ca7a27 (type: security_group_rules) to 0
2026-05-20 07:12:02.316 9 INFO neutron.wsgi [None req-3bc38d57-0dac-4ca0-bcae-1410df001c5d 4ca69d076ec3499b9728e4a04aaf8af1 ba5bee235c544330a2f1a4b9dc08cef2 - - default default] 10.0.0.146 "POST /v2.0/security-group-rules HTTP/1.1" status: 201 len: 768 time: 0.1904559
2026-05-20 07:12:02.501 10 INFO neutron.db.ovn_revision_numbers_db [None req-0d606056-8f59-4a48-84d4-4130d2d8a6f4 4ca69d076ec3499b9728e4a04aaf8af1 ba5bee235c544330a2f1a4b9dc08cef2 - - default default] Successfully bumped revision number for resource 6077d210-25b8-49a8-8a7a-bec44bddc60d (type: security_group_rules) to 0
2026-05-20 07:12:02.529 10 INFO neutron.wsgi [None req-0d606056-8f59-4a48-84d4-4130d2d8a6f4 4ca69d076ec3499b9728e4a04aaf8af1 ba5bee235c544330a2f1a4b9dc08cef2 - - default default] 10.0.0.146 "POST /v2.0/security-group-rules HTTP/1.1" status: 201 len: 764 time: 0.2065523
2026-05-20 07:12:02.750 10 INFO neutron.wsgi [req-ef60e9bd-a0e4-4670-b4d8-c5737c242865 req-47defa1a-f84b-4d00-a3a0-b763f6118428 4ca69d076ec3499b9728e4a04aaf8af1 ba5bee235c544330a2f1a4b9dc08cef2 - - default default] 10.0.0.55 "GET /v2.0/security-groups?name=tempest-lb_member_SG-893874487&fields=id&tenant_id=ba5bee235c544330a2f1a4b9dc08cef2 HTTP/1.1" status: 200 len: 267 time: 0.0569787
2026-05-20 07:12:02.763 10 INFO neutron.db.ovn_revision_numbers_db [None req-b1910663-ef84-4faa-8313-4bc6900d1a54 9ba804bb410e4b2785c052f6d6dc4a76 1e037d4f7437461084d30465ee19dcaa - - default default] Successfully bumped revision number for resource 2106c215-41e0-4b17-9b24-c6a000942f3f (type: ports) to 2
2026-05-20 07:12:02.837 10 INFO neutron.db.ovn_revision_numbers_db [None req-b1910663-ef84-4faa-8313-4bc6900d1a54 9ba804bb410e4b2785c052f6d6dc4a76 1e037d4f7437461084d30465ee19dcaa - - default default] Successfully bumped revision number for resource 107e1c92-2167-4bba-bbc5-d5e44be8a58d (type: subnets) to 0
2026-05-20 07:12:02.853 10 INFO neutron.wsgi [None req-b1910663-ef84-4faa-8313-4bc6900d1a54 9ba804bb410e4b2785c052f6d6dc4a76 1e037d4f7437461084d30465ee19dcaa - - default default] 10.0.0.146 "POST /v2.0/subnets HTTP/1.1" status: 201 len: 804 time: 0.8222909
2026-05-20 07:12:02.863 10 INFO neutron.wsgi [req-ef60e9bd-a0e4-4670-b4d8-c5737c242865 req-a1e1783d-7e2c-4945-99ab-beb5165f4b73 4ca69d076ec3499b9728e4a04aaf8af1 ba5bee235c544330a2f1a4b9dc08cef2 - - default default] 10.0.0.55 "GET /v2.0/networks?id=374e5ccb-fc76-401d-b7e4-682c8863f829 HTTP/1.1" status: 200 len: 904 time: 0.1073096
2026-05-20 07:12:02.878 10 INFO neutron.wsgi [req-ef60e9bd-a0e4-4670-b4d8-c5737c242865 req-5a941ff5-1276-4d52-9bc8-a00642efe433 4ca69d076ec3499b9728e4a04aaf8af1 ba5bee235c544330a2f1a4b9dc08cef2 - - default default] 10.0.0.55 "GET /v2.0/quotas/ba5bee235c544330a2f1a4b9dc08cef2 HTTP/1.1" status: 200 len: 386 time: 0.0094159
2026-05-20 07:12:02.938 9 INFO neutron.db.segments_db [None req-7acce9ff-a58d-4897-a67f-03ad620ed470 9ba804bb410e4b2785c052f6d6dc4a76 1e037d4f7437461084d30465ee19dcaa - - default default] Added segment d082c7f3-a725-4bd4-9c42-095abe8fc57b of type geneve for network 1f5b4cc3-bc78-41aa-8c8f-caa9ce32aaec
2026-05-20 07:12:03.069 10 INFO neutron.wsgi [req-ef60e9bd-a0e4-4670-b4d8-c5737c242865 req-ff70a7b0-4c55-4b5d-8d00-3de0b463dca2 4ca69d076ec3499b9728e4a04aaf8af1 ba5bee235c544330a2f1a4b9dc08cef2 - - default default] 10.0.0.55 "GET /v2.0/ports?tenant_id=ba5bee235c544330a2f1a4b9dc08cef2&fields=id HTTP/1.1" status: 200 len: 486 time: 0.1826413
2026-05-20 07:12:03.090 9 INFO neutron.db.ovn_revision_numbers_db [None req-7acce9ff-a58d-4897-a67f-03ad620ed470 9ba804bb410e4b2785c052f6d6dc4a76 1e037d4f7437461084d30465ee19dcaa - - default default] Successfully bumped revision number for resource 1f5b4cc3-bc78-41aa-8c8f-caa9ce32aaec (type: networks) to 1
2026-05-20 07:12:03.155 10 INFO neutron.wsgi [req-ef60e9bd-a0e4-4670-b4d8-c5737c242865 req-c649d258-ae32-4628-9070-171b0cbc0840 64f25fb985e7497f90de0dd42d3bbd4a 17045bc7166d4b66acf8eec085116eb7 - - 269e623bd77f4e5a98c27f915381d443 269e623bd77f4e5a98c27f915381d443] 10.0.0.55 "GET /v2.0/networks/374e5ccb-fc76-401d-b7e4-682c8863f829?fields=segments HTTP/1.1" status: 200 len: 212 time: 0.0675240
2026-05-20 07:12:03.225 10 INFO neutron.wsgi [req-ef60e9bd-a0e4-4670-b4d8-c5737c242865 req-7052284c-8e41-4a17-bd63-3186745ce9e2 64f25fb985e7497f90de0dd42d3bbd4a 17045bc7166d4b66acf8eec085116eb7 - - 269e623bd77f4e5a98c27f915381d443 269e623bd77f4e5a98c27f915381d443] 10.0.0.55 "GET /v2.0/networks/374e5ccb-fc76-401d-b7e4-682c8863f829?fields=provider%3Aphysical_network&fields=provider%3Anetwork_type HTTP/1.1" status: 200 len: 277 time: 0.0600045
2026-05-20 07:12:03.304 9 WARNING neutron.scheduler.dhcp_agent_scheduler [None req-7acce9ff-a58d-4897-a67f-03ad620ed470 9ba804bb410e4b2785c052f6d6dc4a76 1e037d4f7437461084d30465ee19dcaa - - default default] No more DHCP agents
2026-05-20 07:12:03.308 9 WARNING neutron.api.rpc.agentnotifiers.dhcp_rpc_agent_api [None req-7acce9ff-a58d-4897-a67f-03ad620ed470 9ba804bb410e4b2785c052f6d6dc4a76 1e037d4f7437461084d30465ee19dcaa - - default default] Unable to schedule network 1f5b4cc3-bc78-41aa-8c8f-caa9ce32aaec: no agents available; will retry on subsequent port and subnet creation events.
2026-05-20 07:12:03.377 9 INFO neutron.wsgi [req-6503ee42-a4ea-46ba-b826-bc46e48c314c req-dc78e9a4-9f9d-46ef-9b53-9953048e7e87 4ca69d076ec3499b9728e4a04aaf8af1 ba5bee235c544330a2f1a4b9dc08cef2 - - default default] 10.0.0.55 "GET /v2.0/ports?device_id=590a10d2-7dfc-4c89-929d-662442640244 HTTP/1.1" status: 200 len: 210 time: 0.0273602
2026-05-20 07:12:03.406 9 INFO neutron.db.ovn_revision_numbers_db [None req-945ac63a-07b2-4cb0-993e-53b2f4712de3 06281425a9784c22b3d2faee7dae0ad5 8186bed1677a4b208882cca37aded2db - - default default] Successfully bumped revision number for resource 30412c27-8eeb-4b60-9e8d-ee6ceb2e0c8b (type: security_groups) to 1
2026-05-20 07:12:03.414 9 INFO neutron.db.ovn_revision_numbers_db [None req-7acce9ff-a58d-4897-a67f-03ad620ed470 9ba804bb410e4b2785c052f6d6dc4a76 1e037d4f7437461084d30465ee19dcaa - - default default] Successfully bumped revision number for resource 5cd8b432-b18f-4473-806e-9bff6f5dc3c3 (type: ports) to 1
2026-05-20 07:12:03.424 9 INFO neutron.db.ovn_revision_numbers_db [None req-945ac63a-07b2-4cb0-993e-53b2f4712de3 06281425a9784c22b3d2faee7dae0ad5 8186bed1677a4b208882cca37aded2db - - default default] Successfully bumped revision number for resource 37c8a32f-05d0-4012-92f5-353eaa0ea795 (type: security_group_rules) to 0
2026-05-20 07:12:03.435 9 INFO neutron.wsgi [None req-7acce9ff-a58d-4897-a67f-03ad620ed470 9ba804bb410e4b2785c052f6d6dc4a76 1e037d4f7437461084d30465ee19dcaa - - default default] 10.0.0.146 "POST /v2.0/networks HTTP/1.1" status: 201 len: 831 time: 0.5771003
2026-05-20 07:12:03.438 9 INFO neutron.db.ovn_revision_numbers_db [None req-945ac63a-07b2-4cb0-993e-53b2f4712de3 06281425a9784c22b3d2faee7dae0ad5 8186bed1677a4b208882cca37aded2db - - default default] Successfully bumped revision number for resource 9894b2ce-bbd3-414e-babd-37f5b395b3f9 (type: security_group_rules) to 0
2026-05-20 07:12:03.450 9 INFO neutron.db.ovn_revision_numbers_db [None req-945ac63a-07b2-4cb0-993e-53b2f4712de3 06281425a9784c22b3d2faee7dae0ad5 8186bed1677a4b208882cca37aded2db - - default default] Successfully bumped revision number for resource c7cb234e-bc15-4eb2-a988-db3a334b46d5 (type: security_group_rules) to 0
2026-05-20 07:12:03.463 9 INFO neutron.db.ovn_revision_numbers_db [None req-945ac63a-07b2-4cb0-993e-53b2f4712de3 06281425a9784c22b3d2faee7dae0ad5 8186bed1677a4b208882cca37aded2db - - default default] Successfully bumped revision number for resource e9eb9668-6afb-4da9-b203-57bba922ef47 (type: security_group_rules) to 0
2026-05-20 07:12:03.510 9 INFO neutron.db.segments_db [None req-945ac63a-07b2-4cb0-993e-53b2f4712de3 06281425a9784c22b3d2faee7dae0ad5 8186bed1677a4b208882cca37aded2db - - default default] Added segment 9c27d15f-8a87-47b2-8b6f-d442108d522c of type geneve for network 30bdeadc-1341-4930-a0c9-820f6190ae7d
2026-05-20 07:12:03.647 9 INFO neutron.db.ovn_revision_numbers_db [None req-945ac63a-07b2-4cb0-993e-53b2f4712de3 06281425a9784c22b3d2faee7dae0ad5 8186bed1677a4b208882cca37aded2db - - default default] Successfully bumped revision number for resource 30bdeadc-1341-4930-a0c9-820f6190ae7d (type: networks) to 1
2026-05-20 07:12:03.676 10 WARNING neutron.scheduler.dhcp_agent_scheduler [None req-4eae95c7-0371-4834-8119-fe3bbf848071 9ba804bb410e4b2785c052f6d6dc4a76 1e037d4f7437461084d30465ee19dcaa - - default default] No more DHCP agents
2026-05-20 07:12:03.678 10 WARNING neutron.api.rpc.agentnotifiers.dhcp_rpc_agent_api [None req-4eae95c7-0371-4834-8119-fe3bbf848071 9ba804bb410e4b2785c052f6d6dc4a76 1e037d4f7437461084d30465ee19dcaa - - default default] Unable to schedule network 1f5b4cc3-bc78-41aa-8c8f-caa9ce32aaec: no agents available; will retry on subsequent port and subnet creation events.
2026-05-20 07:12:03.804 9 WARNING neutron.scheduler.dhcp_agent_scheduler [None req-945ac63a-07b2-4cb0-993e-53b2f4712de3 06281425a9784c22b3d2faee7dae0ad5 8186bed1677a4b208882cca37aded2db - - default default] No more DHCP agents
2026-05-20 07:12:03.807 9 WARNING neutron.api.rpc.agentnotifiers.dhcp_rpc_agent_api [None req-945ac63a-07b2-4cb0-993e-53b2f4712de3 06281425a9784c22b3d2faee7dae0ad5 8186bed1677a4b208882cca37aded2db - - default default] Unable to schedule network 30bdeadc-1341-4930-a0c9-820f6190ae7d: no agents available; will retry on subsequent port and subnet creation events.
2026-05-20 07:12:03.889 9 INFO neutron.db.ovn_revision_numbers_db [None req-945ac63a-07b2-4cb0-993e-53b2f4712de3 06281425a9784c22b3d2faee7dae0ad5 8186bed1677a4b208882cca37aded2db - - default default] Successfully bumped revision number for resource 48949d93-3a62-4e5e-a211-cafc426ae01b (type: ports) to 1
2026-05-20 07:12:03.909 9 INFO neutron.wsgi [None req-945ac63a-07b2-4cb0-993e-53b2f4712de3 06281425a9784c22b3d2faee7dae0ad5 8186bed1677a4b208882cca37aded2db - - default default] 10.0.0.146 "POST /v2.0/networks HTTP/1.1" status: 201 len: 943 time: 0.7107923
2026-05-20 07:12:04.108 9 INFO neutron.wsgi [req-ef60e9bd-a0e4-4670-b4d8-c5737c242865 req-3b1bcdb1-a8c2-468c-9e93-27a3121c5ff0 4ca69d076ec3499b9728e4a04aaf8af1 ba5bee235c544330a2f1a4b9dc08cef2 - - default default] 199.19.213.87 "GET /v2.0/networks?id=374e5ccb-fc76-401d-b7e4-682c8863f829 HTTP/1.1" status: 200 len: 904 time: 0.0681427
2026-05-20 07:12:04.151 10 WARNING neutron.scheduler.dhcp_agent_scheduler [None req-f3a297ce-8d37-48a0-afbd-f503ab26c04b 06281425a9784c22b3d2faee7dae0ad5 8186bed1677a4b208882cca37aded2db - - default default] No more DHCP agents
2026-05-20 07:12:04.157 10 WARNING neutron.api.rpc.agentnotifiers.dhcp_rpc_agent_api [None req-f3a297ce-8d37-48a0-afbd-f503ab26c04b 06281425a9784c22b3d2faee7dae0ad5 8186bed1677a4b208882cca37aded2db - - default default] Unable to schedule network 30bdeadc-1341-4930-a0c9-820f6190ae7d: no agents available; will retry on subsequent port and subnet creation events.
2026-05-20 07:12:04.194 9 INFO neutron.wsgi [req-ef60e9bd-a0e4-4670-b4d8-c5737c242865 req-b3136335-f141-4cb1-bb1e-07db20640e15 4ca69d076ec3499b9728e4a04aaf8af1 ba5bee235c544330a2f1a4b9dc08cef2 - - default default] 199.19.213.87 "GET /v2.0/security-groups?fields=id&fields=name&tenant_id=ba5bee235c544330a2f1a4b9dc08cef2 HTTP/1.1" status: 200 len: 377 time: 0.0686092
