2026-05-20 07:08:51.592 10 INFO neutron.wsgi [req-d6f60ca8-05d4-4985-a1ce-df77dfb36dd8 req-1105a7d4-1f06-4db2-aff0-c58113301c2c d124a562221a425c86ffad3a66d567d9 349fe660bd26400f8d9fe13f9c2fd31c - - default default] 10.0.0.55 "GET /v2.0/security-groups/95c4e3ef-d5b9-494d-a62c-aa244eb290e5 HTTP/1.1" status: 200 len: 2994 time: 0.0396497
2026-05-20 07:08:51.609 9 INFO neutron.wsgi [req-938321e0-1182-4d0d-89b3-259beb598ab1 req-c3f46c1a-dda4-4ca3-bc46-edb6b9d4464c 401126a54aa94c50bff10a6b686b3c2f 2a4e27bae9b949beacde7b487782f027 - - default default] 10.0.0.55 "GET /v2.0/security-groups/3018786c-c408-44f4-b2f5-066865ad1844 HTTP/1.1" status: 200 len: 2415 time: 0.0339000
2026-05-20 07:08:51.649 10 INFO neutron.wsgi [req-d6f60ca8-05d4-4985-a1ce-df77dfb36dd8 req-07ebcbe5-b2f9-45d5-ae3f-7f69d5f2425d d124a562221a425c86ffad3a66d567d9 349fe660bd26400f8d9fe13f9c2fd31c - - default default] 10.0.0.55 "GET /v2.0/security-groups/95c4e3ef-d5b9-494d-a62c-aa244eb290e5 HTTP/1.1" status: 200 len: 2994 time: 0.0480063
2026-05-20 07:08:51.694 9 INFO neutron.db.ovn_revision_numbers_db [None req-6438237b-8699-4d49-8953-755a42c14259 - - - - - -] Successfully bumped revision number for resource 399f06c4-a464-408d-8d6e-6ea539a4c7de (type: ports) to 2
2026-05-20 07:08:51.698 10 INFO neutron.api.v2.resource [req-8300a401-5422-40db-8b53-6155e77658fe req-8ac18668-8676-4b50-85c1-e2454c916adf d124a562221a425c86ffad3a66d567d9 349fe660bd26400f8d9fe13f9c2fd31c - - default default] show failed (client error): The resource could not be found.
2026-05-20 07:08:51.699 10 INFO neutron.wsgi [req-8300a401-5422-40db-8b53-6155e77658fe req-8ac18668-8676-4b50-85c1-e2454c916adf d124a562221a425c86ffad3a66d567d9 349fe660bd26400f8d9fe13f9c2fd31c - - default default] 10.0.0.55 "GET /v2.0/security-groups/6660c3f2-7dbe-4714-bd75-8d02ea2dbdf7 HTTP/1.1" status: 404 len: 352 time: 0.0170102
2026-05-20 07:08:51.751 10 WARNING neutron.plugins.ml2.drivers.ovn.mech_driver.ovsdb.ovn_client [None req-ed8c4629-c033-46f9-94f7-bab59ea5be2e - - - - - -] No hosting information found for port 4bde4335-239c-4740-b1ac-ba304ae2162c: RuntimeError: No hosting information found for port 4bde4335-239c-4740-b1ac-ba304ae2162c
2026-05-20 07:08:51.753 10 INFO neutron.api.v2.resource [req-b98c76c0-baf5-417d-bc6a-c515c1f24e92 req-c8b8a688-bbec-43ae-b2f2-de42e85f40f7 d124a562221a425c86ffad3a66d567d9 349fe660bd26400f8d9fe13f9c2fd31c - - default default] show failed (client error): The resource could not be found.
2026-05-20 07:08:51.754 10 INFO neutron.wsgi [req-b98c76c0-baf5-417d-bc6a-c515c1f24e92 req-c8b8a688-bbec-43ae-b2f2-de42e85f40f7 d124a562221a425c86ffad3a66d567d9 349fe660bd26400f8d9fe13f9c2fd31c - - default default] 10.0.0.55 "GET /v2.0/security-groups/87ef9891-2e7a-4d2c-b4ef-47b9421f6e2d HTTP/1.1" status: 404 len: 352 time: 0.0317750
2026-05-20 07:08:51.775 9 INFO neutron.wsgi [req-938321e0-1182-4d0d-89b3-259beb598ab1 req-6458025c-078d-4cab-9bba-abdbc2610478 401126a54aa94c50bff10a6b686b3c2f 2a4e27bae9b949beacde7b487782f027 - - default default] 10.0.0.55 "DELETE /v2.0/security-groups/3018786c-c408-44f4-b2f5-066865ad1844 HTTP/1.1" status: 204 len: 173 time: 0.1581340
2026-05-20 07:08:51.796 10 INFO neutron.api.v2.resource [req-d1288397-353c-4d7c-bc48-74c0ea788698 req-0c87b036-9ec4-41d2-96c1-68338809ebaf d124a562221a425c86ffad3a66d567d9 349fe660bd26400f8d9fe13f9c2fd31c - - default default] show failed (client error): The resource could not be found.
2026-05-20 07:08:51.798 10 INFO neutron.wsgi [req-d1288397-353c-4d7c-bc48-74c0ea788698 req-0c87b036-9ec4-41d2-96c1-68338809ebaf d124a562221a425c86ffad3a66d567d9 349fe660bd26400f8d9fe13f9c2fd31c - - default default] 10.0.0.55 "GET /v2.0/security-groups/2bb4713b-1e55-4d72-a846-8b2bd1bb0157 HTTP/1.1" status: 404 len: 352 time: 0.0247331
2026-05-20 07:08:51.862 10 WARNING neutron.scheduler.dhcp_agent_scheduler [None req-ba042f5f-297e-4a5a-82ae-2ff04d8eb682 bc974b6062ad4ab09fd31f98bc4cf92f a322542b4d2745e7af8baa80cc215aa7 - - default default] No more DHCP agents
2026-05-20 07:08:51.865 10 WARNING neutron.api.rpc.agentnotifiers.dhcp_rpc_agent_api [None req-ba042f5f-297e-4a5a-82ae-2ff04d8eb682 bc974b6062ad4ab09fd31f98bc4cf92f a322542b4d2745e7af8baa80cc215aa7 - - default default] Unable to schedule network 8df4941b-3249-4485-b9d1-69078b3362cc: no agents available; will retry on subsequent port and subnet creation events.
2026-05-20 07:08:52.141 9 INFO neutron.db.ovn_revision_numbers_db [None req-6438237b-8699-4d49-8953-755a42c14259 - - - - - -] Successfully bumped revision number for resource 399f06c4-a464-408d-8d6e-6ea539a4c7de (type: ports) to 4
2026-05-20 07:08:52.412 10 INFO neutron.db.ovn_revision_numbers_db [None req-ba042f5f-297e-4a5a-82ae-2ff04d8eb682 bc974b6062ad4ab09fd31f98bc4cf92f a322542b4d2745e7af8baa80cc215aa7 - - default default] Successfully bumped revision number for resource 4d1cecbc-d855-4353-b934-cb471f67bf29 (type: floatingips) to 0
2026-05-20 07:08:52.437 10 INFO neutron.wsgi [None req-ba042f5f-297e-4a5a-82ae-2ff04d8eb682 bc974b6062ad4ab09fd31f98bc4cf92f a322542b4d2745e7af8baa80cc215aa7 - - default default] 10.0.0.146 "POST /v2.0/floatingips HTTP/1.1" status: 201 len: 751 time: 0.9011645
2026-05-20 07:08:52.463 9 INFO neutron.db.ovn_revision_numbers_db [None req-6438237b-8699-4d49-8953-755a42c14259 - - - - - -] Successfully bumped revision number for resource 399f06c4-a464-408d-8d6e-6ea539a4c7de (type: router_ports) to 4
2026-05-20 07:08:52.689 9 INFO neutron.wsgi [req-14917d21-a33b-44b6-9771-998faf1d40d1 req-c9a34e92-83bb-456b-bfcf-66fa710fd144 3d711801fafb460e8769e548a93bd879 3524996e5db446898b3009e55916f32b - - default default] 10.0.0.55 "GET /v2.0/ports?device_id=81d26caf-5085-4949-a816-e5df1ec8d90f HTTP/1.1" status: 200 len: 210 time: 0.0287521
2026-05-20 07:08:52.852 10 INFO neutron.wsgi [req-48f34a48-a87e-4179-bc6c-bc93f84bb00b req-bf43e59e-2c08-4b9b-950c-a94fd4b35c27 3d711801fafb460e8769e548a93bd879 3524996e5db446898b3009e55916f32b - - default default] 199.19.213.87 "GET /v2.0/networks?id=e3feed70-b201-4ebe-aa34-848b7cf4c52f HTTP/1.1" status: 200 len: 883 time: 0.2174590
2026-05-20 07:08:52.933 10 INFO neutron.wsgi [req-48f34a48-a87e-4179-bc6c-bc93f84bb00b req-1e0761c2-6bdd-439f-a2b7-2c0032b452e3 3d711801fafb460e8769e548a93bd879 3524996e5db446898b3009e55916f32b - - default default] 199.19.213.87 "GET /v2.0/security-groups?fields=id&fields=name&tenant_id=3524996e5db446898b3009e55916f32b HTTP/1.1" status: 200 len: 380 time: 0.0453033
2026-05-20 07:08:53.343 9 INFO neutron.wsgi [None req-6dc96676-0cdf-4633-ad9f-9ef5890cc3d8 06281425a9784c22b3d2faee7dae0ad5 8186bed1677a4b208882cca37aded2db - - default default] 10.0.0.146 "PUT /v2.0/routers/bcab29d2-9ce9-48bd-9a16-3b6acba6bb66/remove_router_interface HTTP/1.1" status: 200 len: 503 time: 1.5531938 /var/lib/openstack/lib/python3.10/site-packages/pycadf/identifier.py:71: UserWarning: Invalid uuid: neutron. To ensure interoperability, identifiers should be a valid uuid. warnings.warn(('Invalid uuid: %s. To ensure interoperability, '
2026-05-20 07:08:53.563 10 WARNING neutron.scheduler.dhcp_agent_scheduler [req-48f34a48-a87e-4179-bc6c-bc93f84bb00b req-6180e369-5e63-49a2-88ea-5d62d98cb0b8 3d711801fafb460e8769e548a93bd879 3524996e5db446898b3009e55916f32b - - default default] No more DHCP agents
2026-05-20 07:08:53.567 10 INFO neutron.wsgi [None req-1ea257fb-57d8-43e8-a30e-08f9e161812a 06281425a9784c22b3d2faee7dae0ad5 8186bed1677a4b208882cca37aded2db - - default default] 10.0.0.146 "PUT /v2.0/routers/92492681-9f38-4e87-a145-4ed75518e216/remove_router_interface HTTP/1.1" status: 200 len: 503 time: 1.7609382
2026-05-20 07:08:53.569 10 WARNING neutron.api.rpc.agentnotifiers.dhcp_rpc_agent_api [req-48f34a48-a87e-4179-bc6c-bc93f84bb00b req-6180e369-5e63-49a2-88ea-5d62d98cb0b8 3d711801fafb460e8769e548a93bd879 3524996e5db446898b3009e55916f32b - - default default] Unable to schedule network e3feed70-b201-4ebe-aa34-848b7cf4c52f: no agents available; will retry on subsequent port and subnet creation events. /var/lib/openstack/lib/python3.10/site-packages/pycadf/identifier.py:71: UserWarning: Invalid uuid: neutron. To ensure interoperability, identifiers should be a valid uuid. warnings.warn(('Invalid uuid: %s. To ensure interoperability, '
2026-05-20 07:08:53.742 10 INFO neutron.db.ovn_revision_numbers_db [req-48f34a48-a87e-4179-bc6c-bc93f84bb00b req-6180e369-5e63-49a2-88ea-5d62d98cb0b8 3d711801fafb460e8769e548a93bd879 3524996e5db446898b3009e55916f32b - - default default] Successfully bumped revision number for resource 90a4e885-cb88-4113-b9ba-d1619855aeb6 (type: ports) to 1
2026-05-20 07:08:53.791 10 INFO neutron.wsgi [req-48f34a48-a87e-4179-bc6c-bc93f84bb00b req-6180e369-5e63-49a2-88ea-5d62d98cb0b8 3d711801fafb460e8769e548a93bd879 3524996e5db446898b3009e55916f32b - - default default] 199.19.213.87 "POST /v2.0/ports HTTP/1.1" status: 201 len: 1158 time: 0.8514338
2026-05-20 07:08:53.808 10 INFO neutron.wsgi [req-48f34a48-a87e-4179-bc6c-bc93f84bb00b req-c6e2cacb-c37c-47d8-a052-b981d0a7d3d2 3d711801fafb460e8769e548a93bd879 3524996e5db446898b3009e55916f32b - - default default] 199.19.213.87 "GET /v2.0/extensions HTTP/1.1" status: 200 len: 16525 time: 0.0063796
2026-05-20 07:08:54.118 9 INFO neutron.wsgi [None req-b57aeedb-c85c-44ed-a326-49f689084f5d 06281425a9784c22b3d2faee7dae0ad5 8186bed1677a4b208882cca37aded2db - - default default] 10.0.0.146 "DELETE /v2.0/routers/bcab29d2-9ce9-48bd-9a16-3b6acba6bb66 HTTP/1.1" status: 204 len: 168 time: 0.7692738
2026-05-20 07:08:54.153 10 INFO neutron.wsgi [req-a6468858-653e-4310-8c25-dffda8015393 req-7402f17e-d435-42eb-9abd-f02bfe600568 3d711801fafb460e8769e548a93bd879 3524996e5db446898b3009e55916f32b - - default default] 10.0.0.55 "GET /v2.0/ports?device_id=81d26caf-5085-4949-a816-e5df1ec8d90f HTTP/1.1" status: 200 len: 1156 time: 0.1285172
2026-05-20 07:08:54.213 10 INFO neutron.wsgi [req-a6468858-653e-4310-8c25-dffda8015393 req-af9991bd-1596-40db-89fe-df67b80eb5b9 3d711801fafb460e8769e548a93bd879 3524996e5db446898b3009e55916f32b - - default default] 10.0.0.55 "GET /v2.0/security-groups?id=c560b44c-5f67-44dd-b672-1554b956cad4&fields=id&fields=name HTTP/1.1" status: 200 len: 313 time: 0.0494573
2026-05-20 07:08:54.280 9 INFO neutron.wsgi [None req-b91bca5b-e69a-4e12-8354-70f4d4437732 06281425a9784c22b3d2faee7dae0ad5 8186bed1677a4b208882cca37aded2db - - default default] 10.0.0.146 "DELETE /v2.0/subnets/c82f5769-e11a-4adb-a978-bf1e8a64c1de HTTP/1.1" status: 204 len: 168 time: 0.1562884
2026-05-20 07:08:54.443 10 INFO neutron.wsgi [None req-2cce9264-304f-4599-8457-09992a1080ff 06281425a9784c22b3d2faee7dae0ad5 8186bed1677a4b208882cca37aded2db - - default default] 10.0.0.146 "DELETE /v2.0/routers/92492681-9f38-4e87-a145-4ed75518e216 HTTP/1.1" status: 204 len: 168 time: 0.8700786
2026-05-20 07:08:54.644 10 INFO neutron.db.ovn_revision_numbers_db [req-48f34a48-a87e-4179-bc6c-bc93f84bb00b req-39c388f5-9ff3-4f34-bb94-4966b7e35030 64f25fb985e7497f90de0dd42d3bbd4a 17045bc7166d4b66acf8eec085116eb7 - - 269e623bd77f4e5a98c27f915381d443 269e623bd77f4e5a98c27f915381d443] Successfully bumped revision number for resource 90a4e885-cb88-4113-b9ba-d1619855aeb6 (type: ports) to 2
2026-05-20 07:08:54.700 9 INFO neutron.wsgi [None req-08688cc0-071b-440f-8543-a89e15d840ec 06281425a9784c22b3d2faee7dae0ad5 8186bed1677a4b208882cca37aded2db - - default default] 10.0.0.146 "DELETE /v2.0/subnets/b267596e-beff-4a45-8032-a960647ec926 HTTP/1.1" status: 204 len: 168 time: 0.2428124 /var/lib/openstack/lib/python3.10/site-packages/pycadf/identifier.py:71: UserWarning: Invalid uuid: neutron. To ensure interoperability, identifiers should be a valid uuid. warnings.warn(('Invalid uuid: %s. To ensure interoperability, '
2026-05-20 07:08:54.709 9 INFO neutron.wsgi [None req-10491daf-1898-4323-8e2d-64e27c269b30 06281425a9784c22b3d2faee7dae0ad5 8186bed1677a4b208882cca37aded2db - - default default] 10.0.0.146 "DELETE /v2.0/networks/7bae8459-e2a1-47d4-a8cd-7d5e2164460e HTTP/1.1" status: 204 len: 168 time: 0.4071157
2026-05-20 07:08:54.875 9 INFO neutron.wsgi [None req-68a19ec2-c624-4f38-a6fc-f393a6db851a 06281425a9784c22b3d2faee7dae0ad5 8186bed1677a4b208882cca37aded2db - - default default] 10.0.0.146 "GET /v2.0/security-groups?tenant_id=2a4e27bae9b949beacde7b487782f027&name=default HTTP/1.1" status: 200 len: 2992 time: 0.0375054
2026-05-20 07:08:55.028 10 INFO neutron.db.ovn_revision_numbers_db [req-48f34a48-a87e-4179-bc6c-bc93f84bb00b req-39c388f5-9ff3-4f34-bb94-4966b7e35030 64f25fb985e7497f90de0dd42d3bbd4a 17045bc7166d4b66acf8eec085116eb7 - - 269e623bd77f4e5a98c27f915381d443 269e623bd77f4e5a98c27f915381d443] Successfully bumped revision number for resource 90a4e885-cb88-4113-b9ba-d1619855aeb6 (type: ports) to 2
2026-05-20 07:08:55.044 10 INFO neutron.wsgi [req-48f34a48-a87e-4179-bc6c-bc93f84bb00b req-39c388f5-9ff3-4f34-bb94-4966b7e35030 64f25fb985e7497f90de0dd42d3bbd4a 17045bc7166d4b66acf8eec085116eb7 - - 269e623bd77f4e5a98c27f915381d443 269e623bd77f4e5a98c27f915381d443] 199.19.213.87 "PUT /v2.0/ports/90a4e885-cb88-4113-b9ba-d1619855aeb6 HTTP/1.1" status: 200 len: 1376 time: 0.8495979
2026-05-20 07:08:55.069 9 INFO neutron.wsgi [None req-120031ab-3d99-46f8-889f-70be13a24d0d 06281425a9784c22b3d2faee7dae0ad5 8186bed1677a4b208882cca37aded2db - - default default] 10.0.0.146 "DELETE /v2.0/security-groups/1c3315e9-9e0d-4d80-858f-ade41860708d HTTP/1.1" status: 204 len: 168 time: 0.1900027 /var/lib/openstack/lib/python3.10/site-packages/pycadf/identifier.py:71: UserWarning: Invalid uuid: neutron. To ensure interoperability, identifiers should be a valid uuid. warnings.warn(('Invalid uuid: %s. To ensure interoperability, '
2026-05-20 07:08:55.143 10 INFO neutron.wsgi [req-48f34a48-a87e-4179-bc6c-bc93f84bb00b req-9b951f62-7961-4ca7-a683-61317c3dacab 64f25fb985e7497f90de0dd42d3bbd4a 17045bc7166d4b66acf8eec085116eb7 - - 269e623bd77f4e5a98c27f915381d443 269e623bd77f4e5a98c27f915381d443] 199.19.213.87 "GET /v2.0/ports?tenant_id=3524996e5db446898b3009e55916f32b&device_id=81d26caf-5085-4949-a816-e5df1ec8d90f HTTP/1.1" status: 200 len: 1407 time: 0.0472987
2026-05-20 07:08:55.182 9 INFO neutron.services.segments.plugin [-] Segment 913b5fdf-58e4-41df-bd07-01e7c514aeec resource provider aggregate not found
2026-05-20 07:08:55.192 10 INFO neutron.wsgi [req-48f34a48-a87e-4179-bc6c-bc93f84bb00b req-4e162185-fe27-4d7b-ba81-6c5425c2090c 64f25fb985e7497f90de0dd42d3bbd4a 17045bc7166d4b66acf8eec085116eb7 - - 269e623bd77f4e5a98c27f915381d443 269e623bd77f4e5a98c27f915381d443] 199.19.213.87 "GET /v2.0/floatingips?fixed_ip_address=10.100.0.9&port_id=90a4e885-cb88-4113-b9ba-d1619855aeb6 HTTP/1.1" status: 200 len: 217 time: 0.0422282
2026-05-20 07:08:55.200 9 INFO neutron.services.segments.plugin [-] Segment 913b5fdf-58e4-41df-bd07-01e7c514aeec resource provider not found; error: Placement Client Error (4xx): {"errors": [{"status": 404, "title": "Not Found", "detail": "The resource could not be found.\n\n No resource provider with uuid 913b5fdf-58e4-41df-bd07-01e7c514aeec found for delete ", "request_id": "req-1c223405-ca50-4f59-8e4e-89d4b86bc286"}]}
2026-05-20 07:08:55.222 9 INFO neutron.services.segments.plugin [-] Segment 913b5fdf-58e4-41df-bd07-01e7c514aeec resource provider aggregate not found
2026-05-20 07:08:55.246 9 INFO neutron.services.segments.plugin [-] Segment 913b5fdf-58e4-41df-bd07-01e7c514aeec resource provider not found; error: Placement Client Error (4xx): {"errors": [{"status": 404, "title": "Not Found", "detail": "The resource could not be found.\n\n No resource provider with uuid 913b5fdf-58e4-41df-bd07-01e7c514aeec found for delete ", "request_id": "req-f364ce78-efe7-41ef-8b75-d2b480fe8773"}]}
2026-05-20 07:08:55.248 10 INFO neutron.wsgi [req-48f34a48-a87e-4179-bc6c-bc93f84bb00b req-a06e4caf-894a-4aca-8962-e1ece9e0414a 64f25fb985e7497f90de0dd42d3bbd4a 17045bc7166d4b66acf8eec085116eb7 - - 269e623bd77f4e5a98c27f915381d443 269e623bd77f4e5a98c27f915381d443] 199.19.213.87 "GET /v2.0/subnets?id=85265ec4-7761-448f-a70b-4eca059e4258 HTTP/1.1" status: 200 len: 877 time: 0.0499814
2026-05-20 07:08:55.285 10 INFO neutron.wsgi [req-48f34a48-a87e-4179-bc6c-bc93f84bb00b req-ab684d75-b037-4adc-be5c-13bd461b55fc 64f25fb985e7497f90de0dd42d3bbd4a 17045bc7166d4b66acf8eec085116eb7 - - 269e623bd77f4e5a98c27f915381d443 269e623bd77f4e5a98c27f915381d443] 199.19.213.87 "GET /v2.0/ports?network_id=e3feed70-b201-4ebe-aa34-848b7cf4c52f&device_owner=network%3Adhcp HTTP/1.1" status: 200 len: 210 time: 0.0246587
2026-05-20 07:08:55.322 10 INFO neutron.wsgi [None req-56408ec6-e913-426c-bb60-46271fcc0bd6 06281425a9784c22b3d2faee7dae0ad5 8186bed1677a4b208882cca37aded2db - - default default] 10.0.0.146 "DELETE /v2.0/networks/8b21f754-53e5-411b-88c6-73f0b0e79653 HTTP/1.1" status: 204 len: 168 time: 0.6181359
2026-05-20 07:08:55.338 9 INFO neutron.wsgi [req-1def9e53-4ae7-4e07-abc7-bab97147a98a req-bda9ae5a-9e92-4a96-91de-22d248701318 3d711801fafb460e8769e548a93bd879 3524996e5db446898b3009e55916f32b - - default default] 10.0.0.55 "GET /v2.0/ports?device_id=81d26caf-5085-4949-a816-e5df1ec8d90f HTTP/1.1" status: 200 len: 1168 time: 0.0600314
2026-05-20 07:08:55.367 10 INFO neutron.wsgi [req-48f34a48-a87e-4179-bc6c-bc93f84bb00b req-4348cc4a-3511-49dd-91db-8e156cd6f273 64f25fb985e7497f90de0dd42d3bbd4a 17045bc7166d4b66acf8eec085116eb7 - - 269e623bd77f4e5a98c27f915381d443 269e623bd77f4e5a98c27f915381d443] 199.19.213.87 "GET /v2.0/networks/e3feed70-b201-4ebe-aa34-848b7cf4c52f?fields=segments HTTP/1.1" status: 200 len: 212 time: 0.0707781
2026-05-20 07:08:55.411 9 INFO neutron.wsgi [req-1def9e53-4ae7-4e07-abc7-bab97147a98a req-365c657f-a72b-4e50-a2f0-0219723ae090 3d711801fafb460e8769e548a93bd879 3524996e5db446898b3009e55916f32b - - default default] 10.0.0.55 "GET /v2.0/security-groups?id=c560b44c-5f67-44dd-b672-1554b956cad4&fields=id&fields=name HTTP/1.1" status: 200 len: 313 time: 0.0653481
2026-05-20 07:08:55.435 10 INFO neutron.wsgi [req-48f34a48-a87e-4179-bc6c-bc93f84bb00b req-aa79de3b-a802-4340-9c83-f5c7a4a798cd 64f25fb985e7497f90de0dd42d3bbd4a 17045bc7166d4b66acf8eec085116eb7 - - 269e623bd77f4e5a98c27f915381d443 269e623bd77f4e5a98c27f915381d443] 199.19.213.87 "GET /v2.0/networks/e3feed70-b201-4ebe-aa34-848b7cf4c52f?fields=provider%3Aphysical_network&fields=provider%3Anetwork_type HTTP/1.1" status: 200 len: 277 time: 0.0622005
2026-05-20 07:08:55.508 10 INFO neutron.wsgi [None req-8a633d16-fbc6-4e2e-ace5-a75b5379de9b 06281425a9784c22b3d2faee7dae0ad5 8186bed1677a4b208882cca37aded2db - - default default] 10.0.0.146 "GET /v2.0/security-groups?tenant_id=349fe660bd26400f8d9fe13f9c2fd31c&name=default HTTP/1.1" status: 200 len: 2992 time: 0.0305791
2026-05-20 07:08:55.631 10 INFO neutron.notifiers.nova [-] Nova event matching ['req-49f3bf8f-b3b0-4b5d-9e71-da69438cc62e'] response: {'name': 'network-changed', 'server_uuid': '81d26caf-5085-4949-a816-e5df1ec8d90f', 'tag': '90a4e885-cb88-4113-b9ba-d1619855aeb6', 'status': 'completed', 'code': 200}
2026-05-20 07:08:55.688 10 INFO neutron.wsgi [req-dfb50fea-6cfa-4cbe-b23e-b9b8eda5c515 req-f098c38f-1035-4508-b7e3-b1d204b09bed 64f25fb985e7497f90de0dd42d3bbd4a 17045bc7166d4b66acf8eec085116eb7 - - 269e623bd77f4e5a98c27f915381d443 269e623bd77f4e5a98c27f915381d443] 199.19.213.87 "GET /v2.0/ports?tenant_id=3524996e5db446898b3009e55916f32b&device_id=81d26caf-5085-4949-a816-e5df1ec8d90f HTTP/1.1" status: 200 len: 1407 time: 0.0366101
2026-05-20 07:08:55.732 10 INFO neutron.services.segments.plugin [-] Segment d8ed4cd5-68ad-4107-872e-67dfb8ac4edb resource provider aggregate not found
2026-05-20 07:08:55.755 10 INFO neutron.services.segments.plugin [-] Segment d8ed4cd5-68ad-4107-872e-67dfb8ac4edb resource provider not found; error: Placement Client Error (4xx): {"errors": [{"status": 404, "title": "Not Found", "detail": "The resource could not be found.\n\n No resource provider with uuid d8ed4cd5-68ad-4107-872e-67dfb8ac4edb found for delete ", "request_id": "req-76ab0aa2-6990-43aa-a2a7-cfc8429215ad"}]}
2026-05-20 07:08:55.759 10 INFO neutron.services.segments.plugin [-] Segment d8ed4cd5-68ad-4107-872e-67dfb8ac4edb resource provider aggregate not found
2026-05-20 07:08:55.767 10 INFO neutron.wsgi [None req-05989a1d-97a8-4d87-87ee-7441e5824add 06281425a9784c22b3d2faee7dae0ad5 8186bed1677a4b208882cca37aded2db - - default default] 10.0.0.146 "DELETE /v2.0/security-groups/95c4e3ef-d5b9-494d-a62c-aa244eb290e5 HTTP/1.1" status: 204 len: 168 time: 0.2552209
2026-05-20 07:08:55.775 10 INFO neutron.wsgi [req-dfb50fea-6cfa-4cbe-b23e-b9b8eda5c515 req-b8b83a57-9a2b-4b65-a7a7-5c300d30da9b 64f25fb985e7497f90de0dd42d3bbd4a 17045bc7166d4b66acf8eec085116eb7 - - 269e623bd77f4e5a98c27f915381d443 269e623bd77f4e5a98c27f915381d443] 199.19.213.87 "GET /v2.0/networks?id=e3feed70-b201-4ebe-aa34-848b7cf4c52f HTTP/1.1" status: 200 len: 982 time: 0.0764492
2026-05-20 07:08:55.777 10 INFO neutron.services.segments.plugin [-] Segment d8ed4cd5-68ad-4107-872e-67dfb8ac4edb resource provider not found; error: Placement Client Error (4xx): {"errors": [{"status": 404, "title": "Not Found", "detail": "The resource could not be found.\n\n No resource provider with uuid d8ed4cd5-68ad-4107-872e-67dfb8ac4edb found for delete ", "request_id": "req-da06718c-f742-4a6f-a9a9-a84eafc0bf6c"}]}
2026-05-20 07:08:55.800 10 INFO neutron.wsgi [req-dfb50fea-6cfa-4cbe-b23e-b9b8eda5c515 req-5df512b3-0be7-4146-b891-5783c659440c 64f25fb985e7497f90de0dd42d3bbd4a 17045bc7166d4b66acf8eec085116eb7 - - 269e623bd77f4e5a98c27f915381d443 269e623bd77f4e5a98c27f915381d443] 199.19.213.87 "GET /v2.0/floatingips?fixed_ip_address=10.100.0.9&port_id=90a4e885-cb88-4113-b9ba-d1619855aeb6 HTTP/1.1" status: 200 len: 217 time: 0.0200465
2026-05-20 07:08:55.860 10 INFO neutron.wsgi [req-dfb50fea-6cfa-4cbe-b23e-b9b8eda5c515 req-0c3613bf-70be-4367-aefe-9b40c76374c7 64f25fb985e7497f90de0dd42d3bbd4a 17045bc7166d4b66acf8eec085116eb7 - - 269e623bd77f4e5a98c27f915381d443 269e623bd77f4e5a98c27f915381d443] 199.19.213.87 "GET /v2.0/subnets?id=85265ec4-7761-448f-a70b-4eca059e4258 HTTP/1.1" status: 200 len: 877 time: 0.0346234
2026-05-20 07:08:55.908 10 INFO neutron.wsgi [req-dfb50fea-6cfa-4cbe-b23e-b9b8eda5c515 req-531f1b6e-72d9-4d29-8b6a-131918e81123 64f25fb985e7497f90de0dd42d3bbd4a 17045bc7166d4b66acf8eec085116eb7 - - 269e623bd77f4e5a98c27f915381d443 269e623bd77f4e5a98c27f915381d443] 199.19.213.87 "GET /v2.0/ports?network_id=e3feed70-b201-4ebe-aa34-848b7cf4c52f&device_owner=network%3Adhcp HTTP/1.1" status: 200 len: 210 time: 0.0312753
2026-05-20 07:08:56.009 10 INFO neutron.wsgi [req-dfb50fea-6cfa-4cbe-b23e-b9b8eda5c515 req-3c07ff06-e229-46c2-8294-cf3fa2b0cc72 64f25fb985e7497f90de0dd42d3bbd4a 17045bc7166d4b66acf8eec085116eb7 - - 269e623bd77f4e5a98c27f915381d443 269e623bd77f4e5a98c27f915381d443] 199.19.213.87 "GET /v2.0/networks/e3feed70-b201-4ebe-aa34-848b7cf4c52f?fields=segments HTTP/1.1" status: 200 len: 212 time: 0.0932400
2026-05-20 07:08:56.094 10 INFO neutron.wsgi [req-dfb50fea-6cfa-4cbe-b23e-b9b8eda5c515 req-15a86ec4-d312-4cd4-ba08-8e696ccfba70 64f25fb985e7497f90de0dd42d3bbd4a 17045bc7166d4b66acf8eec085116eb7 - - 269e623bd77f4e5a98c27f915381d443 269e623bd77f4e5a98c27f915381d443] 199.19.213.87 "GET /v2.0/networks/e3feed70-b201-4ebe-aa34-848b7cf4c52f?fields=provider%3Aphysical_network&fields=provider%3Anetwork_type HTTP/1.1" status: 200 len: 277 time: 0.0761430
2026-05-20 07:08:56.540 10 INFO neutron.wsgi [-] 10.0.0.148 "GET / HTTP/1.1" status: 200 len: 246 time: 0.0031791
2026-05-20 07:08:56.542 9 INFO neutron.wsgi [-] 10.0.0.148 "GET / HTTP/1.1" status: 200 len: 246 time: 0.0021813
2026-05-20 07:08:56.563 9 INFO neutron.wsgi [req-eedb372d-0259-456a-af18-8bb452065d0d req-d04aa001-424d-481f-8a7a-0fc4bd1f2ef6 3d711801fafb460e8769e548a93bd879 3524996e5db446898b3009e55916f32b - - default default] 10.0.0.55 "GET /v2.0/ports?device_id=81d26caf-5085-4949-a816-e5df1ec8d90f HTTP/1.1" status: 200 len: 1168 time: 0.0972111
2026-05-20 07:08:56.616 9 INFO neutron.wsgi [req-eedb372d-0259-456a-af18-8bb452065d0d req-1def97a1-26be-4d95-9aed-a758ec75fddc 3d711801fafb460e8769e548a93bd879 3524996e5db446898b3009e55916f32b - - default default] 10.0.0.55 "GET /v2.0/security-groups?id=c560b44c-5f67-44dd-b672-1554b956cad4&fields=id&fields=name HTTP/1.1" status: 200 len: 313 time: 0.0416522
2026-05-20 07:08:57.170 9 WARNING neutron.plugins.ml2.drivers.ovn.mech_driver.ovsdb.ovn_client [None req-7de7cda1-0d34-46c3-8fb7-0ddde9e761ac - - - - - -] No port found with ID e61a831b-e34d-4267-8c98-86ffd2275bdb: RuntimeError: No port found with ID e61a831b-e34d-4267-8c98-86ffd2275bdb
2026-05-20 07:08:57.171 9 INFO neutron.plugins.ml2.drivers.ovn.mech_driver.mech_driver [None req-7de7cda1-0d34-46c3-8fb7-0ddde9e761ac - - - - - -] OVN reports status up for port: 43180d58-034e-4eef-8d9e-8beb426ff008
2026-05-20 07:08:57.193 9 INFO neutron.plugins.ml2.drivers.ovn.mech_driver.mech_driver [None req-7de7cda1-0d34-46c3-8fb7-0ddde9e761ac - - - - - -] OVN reports status up for port: 399f06c4-a464-408d-8d6e-6ea539a4c7de
2026-05-20 07:08:57.205 9 INFO neutron.plugins.ml2.plugin [None req-7de7cda1-0d34-46c3-8fb7-0ddde9e761ac - - - - - -] Attempt 1 to provision port 399f06c4-a464-408d-8d6e-6ea539a4c7de
2026-05-20 07:08:57.208 10 INFO neutron.wsgi [req-3e0e5f48-1290-43fd-aeac-15a9d992f262 req-4dbc547d-8438-43f4-a1ca-cfbcb4da9810 bc974b6062ad4ab09fd31f98bc4cf92f a322542b4d2745e7af8baa80cc215aa7 - - default default] 10.0.0.55 "GET /v2.0/security-groups?name=tempest-securitygroup--1296207972&fields=id&tenant_id=a322542b4d2745e7af8baa80cc215aa7 HTTP/1.1" status: 200 len: 267 time: 0.0503621
2026-05-20 07:08:57.287 10 INFO neutron.wsgi [req-3e0e5f48-1290-43fd-aeac-15a9d992f262 req-d632ec21-8997-4fa4-9e8d-d5c74356b5a5 bc974b6062ad4ab09fd31f98bc4cf92f a322542b4d2745e7af8baa80cc215aa7 - - default default] 10.0.0.55 "GET /v2.0/networks?id=58375ad3-323a-4cc8-a2d1-ccba83641f1f HTTP/1.1" status: 200 len: 878 time: 0.0707538
2026-05-20 07:08:57.304 10 INFO neutron.wsgi [req-3e0e5f48-1290-43fd-aeac-15a9d992f262 req-5aa1e4d6-0431-4845-949b-d4352da18c53 bc974b6062ad4ab09fd31f98bc4cf92f a322542b4d2745e7af8baa80cc215aa7 - - default default] 10.0.0.55 "GET /v2.0/quotas/a322542b4d2745e7af8baa80cc215aa7 HTTP/1.1" status: 200 len: 386 time: 0.0107026
2026-05-20 07:08:57.405 10 INFO neutron.wsgi [req-3e0e5f48-1290-43fd-aeac-15a9d992f262 req-6863dd48-8c62-43ea-bc80-720d4e127e17 bc974b6062ad4ab09fd31f98bc4cf92f a322542b4d2745e7af8baa80cc215aa7 - - default default] 10.0.0.55 "GET /v2.0/ports?tenant_id=a322542b4d2745e7af8baa80cc215aa7&fields=id HTTP/1.1" status: 200 len: 302 time: 0.0940239
2026-05-20 07:08:57.441 9 INFO neutron.plugins.ml2.drivers.ovn.mech_driver.mech_driver [None req-7de7cda1-0d34-46c3-8fb7-0ddde9e761ac - - - - - -] OVN reports status up for port: 13ae6b54-5be8-47a3-b5e9-15f50b8b02a9
2026-05-20 07:08:57.447 9 INFO neutron.plugins.ml2.plugin [None req-7de7cda1-0d34-46c3-8fb7-0ddde9e761ac - - - - - -] Attempt 1 to provision port 13ae6b54-5be8-47a3-b5e9-15f50b8b02a9
2026-05-20 07:08:57.546 9 INFO neutron.db.ovn_revision_numbers_db [None req-c94ebd37-63b9-4cfe-b7db-88929d984c75 06281425a9784c22b3d2faee7dae0ad5 8186bed1677a4b208882cca37aded2db - - default default] Successfully bumped revision number for resource 2cc43dde-b93a-4df5-bc67-892f7e026307 (type: security_groups) to 1
2026-05-20 07:08:57.599 9 INFO neutron.db.ovn_revision_numbers_db [None req-c94ebd37-63b9-4cfe-b7db-88929d984c75 06281425a9784c22b3d2faee7dae0ad5 8186bed1677a4b208882cca37aded2db - - default default] Successfully bumped revision number for resource 31815ff3-730a-429e-af75-a6b9e7f671e4 (type: security_group_rules) to 0
2026-05-20 07:08:57.621 9 INFO neutron.db.ovn_revision_numbers_db [None req-c94ebd37-63b9-4cfe-b7db-88929d984c75 06281425a9784c22b3d2faee7dae0ad5 8186bed1677a4b208882cca37aded2db - - default default] Successfully bumped revision number for resource 3cdcb4df-7996-4de0-bfbc-c993f0b3e108 (type: security_group_rules) to 0
2026-05-20 07:08:57.651 9 INFO neutron.db.ovn_revision_numbers_db [None req-c94ebd37-63b9-4cfe-b7db-88929d984c75 06281425a9784c22b3d2faee7dae0ad5 8186bed1677a4b208882cca37aded2db - - default default] Successfully bumped revision number for resource 3d63436b-e469-466a-9290-f0112a6f83b0 (type: security_group_rules) to 0
2026-05-20 07:08:57.665 9 INFO neutron.db.ovn_revision_numbers_db [None req-91105e60-109a-4e61-bd71-5347cb1e72dc 06281425a9784c22b3d2faee7dae0ad5 8186bed1677a4b208882cca37aded2db - - default default] Successfully bumped revision number for resource d0a6fef3-41a5-448f-ad80-5567137b16fd (type: security_groups) to 1
2026-05-20 07:08:57.684 9 INFO neutron.db.ovn_revision_numbers_db [None req-c94ebd37-63b9-4cfe-b7db-88929d984c75 06281425a9784c22b3d2faee7dae0ad5 8186bed1677a4b208882cca37aded2db - - default default] Successfully bumped revision number for resource 9c2e4dd0-bdbc-4c1e-a022-ff82313b921c (type: security_group_rules) to 0
2026-05-20 07:08:57.700 9 INFO neutron.db.ovn_revision_numbers_db [None req-91105e60-109a-4e61-bd71-5347cb1e72dc 06281425a9784c22b3d2faee7dae0ad5 8186bed1677a4b208882cca37aded2db - - default default] Successfully bumped revision number for resource 165c328b-c4d1-4c8a-afda-93eb594bed3b (type: security_group_rules) to 0
2026-05-20 07:08:57.758 9 INFO neutron.db.ovn_revision_numbers_db [None req-91105e60-109a-4e61-bd71-5347cb1e72dc 06281425a9784c22b3d2faee7dae0ad5 8186bed1677a4b208882cca37aded2db - - default default] Successfully bumped revision number for resource 2c80a4c6-cf02-4527-a68c-384505742dfc (type: security_group_rules) to 0
2026-05-20 07:08:57.765 9 INFO neutron.wsgi [req-663d3d5e-72e6-4c7f-9c2b-8d737d0112ed req-c1a77e36-ea44-41e8-96ec-eeb2a9d747c8 3d711801fafb460e8769e548a93bd879 3524996e5db446898b3009e55916f32b - - default default] 10.0.0.55 "GET /v2.0/ports?device_id=81d26caf-5085-4949-a816-e5df1ec8d90f HTTP/1.1" status: 200 len: 1168 time: 0.0787024
2026-05-20 07:08:57.775 9 INFO neutron.db.segments_db [None req-c94ebd37-63b9-4cfe-b7db-88929d984c75 06281425a9784c22b3d2faee7dae0ad5 8186bed1677a4b208882cca37aded2db - - default default] Added segment 17c36214-5023-42df-a393-6d5e74d503e2 of type geneve for network 8bec318c-957c-402f-9578-f627f5c76f15
2026-05-20 07:08:57.776 10 INFO neutron.wsgi [req-3e0e5f48-1290-43fd-aeac-15a9d992f262 req-b036e3ec-3b3d-40bd-b236-d518f03dc255 64f25fb985e7497f90de0dd42d3bbd4a 17045bc7166d4b66acf8eec085116eb7 - - 269e623bd77f4e5a98c27f915381d443 269e623bd77f4e5a98c27f915381d443] 10.0.0.55 "GET /v2.0/extensions HTTP/1.1" status: 200 len: 16525 time: 0.0475988
2026-05-20 07:08:57.802 9 INFO neutron.db.ovn_revision_numbers_db [None req-91105e60-109a-4e61-bd71-5347cb1e72dc 06281425a9784c22b3d2faee7dae0ad5 8186bed1677a4b208882cca37aded2db - - default default] Successfully bumped revision number for resource 4b084e48-21ce-46d0-af64-6ab1db853115 (type: security_group_rules) to 0
2026-05-20 07:08:57.871 9 INFO neutron.wsgi [req-663d3d5e-72e6-4c7f-9c2b-8d737d0112ed req-c70122bd-23f0-490e-a1f9-a785d46bbeb5 3d711801fafb460e8769e548a93bd879 3524996e5db446898b3009e55916f32b - - default default] 10.0.0.55 "GET /v2.0/security-groups?id=c560b44c-5f67-44dd-b672-1554b956cad4&fields=id&fields=name HTTP/1.1" status: 200 len: 313 time: 0.0975342
2026-05-20 07:08:57.871 10 INFO neutron.wsgi [req-3e0e5f48-1290-43fd-aeac-15a9d992f262 req-c55e9bf4-6fe0-4913-ba10-55a6d28a3ec3 64f25fb985e7497f90de0dd42d3bbd4a 17045bc7166d4b66acf8eec085116eb7 - - 269e623bd77f4e5a98c27f915381d443 269e623bd77f4e5a98c27f915381d443] 10.0.0.55 "GET /v2.0/networks/58375ad3-323a-4cc8-a2d1-ccba83641f1f?fields=segments HTTP/1.1" status: 200 len: 212 time: 0.0882654
2026-05-20 07:08:57.929 9 INFO neutron.db.ovn_revision_numbers_db [None req-91105e60-109a-4e61-bd71-5347cb1e72dc 06281425a9784c22b3d2faee7dae0ad5 8186bed1677a4b208882cca37aded2db - - default default] Successfully bumped revision number for resource 670c686f-6cef-4891-bfbc-d0870bb1684b (type: security_group_rules) to 0
2026-05-20 07:08:57.934 9 INFO neutron.db.ovn_revision_numbers_db [None req-7de7cda1-0d34-46c3-8fb7-0ddde9e761ac - - - - - -] Successfully bumped revision number for resource 13ae6b54-5be8-47a3-b5e9-15f50b8b02a9 (type: ports) to 2
2026-05-20 07:08:57.944 10 INFO neutron.wsgi [req-3e0e5f48-1290-43fd-aeac-15a9d992f262 req-4967d2cd-d9f8-444f-bd16-473d2ab4a66f 64f25fb985e7497f90de0dd42d3bbd4a 17045bc7166d4b66acf8eec085116eb7 - - 269e623bd77f4e5a98c27f915381d443 269e623bd77f4e5a98c27f915381d443] 10.0.0.55 "GET /v2.0/networks/58375ad3-323a-4cc8-a2d1-ccba83641f1f?fields=provider%3Aphysical_network&fields=provider%3Anetwork_type HTTP/1.1" status: 200 len: 277 time: 0.0664244
2026-05-20 07:08:58.021 9 INFO neutron.db.segments_db [None req-91105e60-109a-4e61-bd71-5347cb1e72dc 06281425a9784c22b3d2faee7dae0ad5 8186bed1677a4b208882cca37aded2db - - default default] Added segment 53854900-cbe6-4ef7-b525-88d9ea801078 of type geneve for network 48a382df-9ac4-411f-b7bf-776618630119
2026-05-20 07:08:58.086 9 INFO neutron.db.ovn_revision_numbers_db [None req-c94ebd37-63b9-4cfe-b7db-88929d984c75 06281425a9784c22b3d2faee7dae0ad5 8186bed1677a4b208882cca37aded2db - - default default] Successfully bumped revision number for resource 8bec318c-957c-402f-9578-f627f5c76f15 (type: networks) to 1
2026-05-20 07:08:58.227 9 INFO neutron.db.ovn_revision_numbers_db [None req-7de7cda1-0d34-46c3-8fb7-0ddde9e761ac - - - - - -] Successfully bumped revision number for resource 13ae6b54-5be8-47a3-b5e9-15f50b8b02a9 (type: router_ports) to 2
2026-05-20 07:08:58.298 9 INFO neutron.wsgi [req-c9f7ad4a-d606-4052-8b38-a6758975f8b5 req-a5df3d29-57fc-495a-b663-dd0fc48c7828 bc974b6062ad4ab09fd31f98bc4cf92f a322542b4d2745e7af8baa80cc215aa7 - - default default] 10.0.0.55 "GET /v2.0/ports?device_id=6e22d3ee-2ecb-47a4-9016-3336c25449d0 HTTP/1.1" status: 200 len: 210 time: 0.0435417
2026-05-20 07:08:58.300 9 INFO neutron.db.ovn_revision_numbers_db [None req-91105e60-109a-4e61-bd71-5347cb1e72dc 06281425a9784c22b3d2faee7dae0ad5 8186bed1677a4b208882cca37aded2db - - default default] Successfully bumped revision number for resource 48a382df-9ac4-411f-b7bf-776618630119 (type: networks) to 1
2026-05-20 07:08:58.359 9 WARNING neutron.scheduler.dhcp_agent_scheduler [None req-c94ebd37-63b9-4cfe-b7db-88929d984c75 06281425a9784c22b3d2faee7dae0ad5 8186bed1677a4b208882cca37aded2db - - default default] No more DHCP agents
2026-05-20 07:08:58.369 9 WARNING neutron.api.rpc.agentnotifiers.dhcp_rpc_agent_api [None req-c94ebd37-63b9-4cfe-b7db-88929d984c75 06281425a9784c22b3d2faee7dae0ad5 8186bed1677a4b208882cca37aded2db - - default default] Unable to schedule network 8bec318c-957c-402f-9578-f627f5c76f15: no agents available; will retry on subsequent port and subnet creation events.
2026-05-20 07:08:58.493 9 INFO neutron.db.ovn_revision_numbers_db [None req-c94ebd37-63b9-4cfe-b7db-88929d984c75 06281425a9784c22b3d2faee7dae0ad5 8186bed1677a4b208882cca37aded2db - - default default] Successfully bumped revision number for resource efe47ea4-958a-4ffd-bb05-8ea7cdfa6230 (type: ports) to 1
2026-05-20 07:08:58.520 9 INFO neutron.wsgi [None req-c94ebd37-63b9-4cfe-b7db-88929d984c75 06281425a9784c22b3d2faee7dae0ad5 8186bed1677a4b208882cca37aded2db - - default default] 10.0.0.146 "POST /v2.0/networks HTTP/1.1" status: 201 len: 946 time: 1.5006518
2026-05-20 07:08:58.546 9 WARNING neutron.scheduler.dhcp_agent_scheduler [None req-91105e60-109a-4e61-bd71-5347cb1e72dc 06281425a9784c22b3d2faee7dae0ad5 8186bed1677a4b208882cca37aded2db - - default default] No more DHCP agents
2026-05-20 07:08:58.554 9 WARNING neutron.api.rpc.agentnotifiers.dhcp_rpc_agent_api [None req-91105e60-109a-4e61-bd71-5347cb1e72dc 06281425a9784c22b3d2faee7dae0ad5 8186bed1677a4b208882cca37aded2db - - default default] Unable to schedule network 48a382df-9ac4-411f-b7bf-776618630119: no agents available; will retry on subsequent port and subnet creation events.
2026-05-20 07:08:58.576 10 INFO neutron.plugins.ml2.drivers.ovn.mech_driver.mech_driver [None req-ed8c4629-c033-46f9-94f7-bab59ea5be2e - - - - - -] OVN reports status up for port: 90a4e885-cb88-4113-b9ba-d1619855aeb6
2026-05-20 07:08:58.619 10 INFO neutron.plugins.ml2.plugin [None req-ed8c4629-c033-46f9-94f7-bab59ea5be2e - - - - - -] Attempt 1 to provision port 90a4e885-cb88-4113-b9ba-d1619855aeb6
2026-05-20 07:08:58.681 9 INFO neutron.db.ovn_revision_numbers_db [None req-91105e60-109a-4e61-bd71-5347cb1e72dc 06281425a9784c22b3d2faee7dae0ad5 8186bed1677a4b208882cca37aded2db - - default default] Successfully bumped revision number for resource 9e29a982-d1ff-48b6-b940-39f5e485165f (type: ports) to 1
2026-05-20 07:08:58.702 9 INFO neutron.wsgi [None req-91105e60-109a-4e61-bd71-5347cb1e72dc 06281425a9784c22b3d2faee7dae0ad5 8186bed1677a4b208882cca37aded2db - - default default] 10.0.0.146 "POST /v2.0/networks HTTP/1.1" status: 201 len: 944 time: 1.3557355
2026-05-20 07:08:58.778 10 WARNING neutron.scheduler.dhcp_agent_scheduler [None req-7bf23ad6-ec10-4b0f-ab8a-ea16c9d35fd3 06281425a9784c22b3d2faee7dae0ad5 8186bed1677a4b208882cca37aded2db - - default default] No more DHCP agents
2026-05-20 07:08:58.780 10 INFO neutron.notifiers.nova [-] Nova event matching ['req-312484e7-98a0-4a2b-bb86-1b858836f3c4'] response: {'server_uuid': '81d26caf-5085-4949-a816-e5df1ec8d90f', 'name': 'network-vif-plugged', 'status': 'completed', 'tag': '90a4e885-cb88-4113-b9ba-d1619855aeb6', 'code': 200}
2026-05-20 07:08:58.783 10 WARNING neutron.api.rpc.agentnotifiers.dhcp_rpc_agent_api [None req-7bf23ad6-ec10-4b0f-ab8a-ea16c9d35fd3 06281425a9784c22b3d2faee7dae0ad5 8186bed1677a4b208882cca37aded2db - - default default] Unable to schedule network 8bec318c-957c-402f-9578-f627f5c76f15: no agents available; will retry on subsequent port and subnet creation events.
2026-05-20 07:08:58.904 9 WARNING neutron.scheduler.dhcp_agent_scheduler [None req-5b84ff69-b7bf-4292-a1ac-feecc795d033 06281425a9784c22b3d2faee7dae0ad5 8186bed1677a4b208882cca37aded2db - - default default] No more DHCP agents
2026-05-20 07:08:58.907 9 WARNING neutron.api.rpc.agentnotifiers.dhcp_rpc_agent_api [None req-5b84ff69-b7bf-4292-a1ac-feecc795d033 06281425a9784c22b3d2faee7dae0ad5 8186bed1677a4b208882cca37aded2db - - default default] Unable to schedule network 48a382df-9ac4-411f-b7bf-776618630119: no agents available; will retry on subsequent port and subnet creation events.
2026-05-20 07:08:58.990 9 INFO neutron.wsgi [req-46e7a727-a85e-4659-ba9b-67b1aab877d9 req-2cccf815-c77a-49db-9120-adbcb1dbfc9e 3d711801fafb460e8769e548a93bd879 3524996e5db446898b3009e55916f32b - - default default] 10.0.0.55 "GET /v2.0/ports?device_id=81d26caf-5085-4949-a816-e5df1ec8d90f HTTP/1.1" status: 200 len: 1170 time: 0.0405071
2026-05-20 07:08:59.006 10 INFO neutron.db.ovn_revision_numbers_db [None req-ed8c4629-c033-46f9-94f7-bab59ea5be2e - - - - - -] Successfully bumped revision number for resource 90a4e885-cb88-4113-b9ba-d1619855aeb6 (type: ports) to 4
2026-05-20 07:08:59.053 9 INFO neutron.wsgi [req-46e7a727-a85e-4659-ba9b-67b1aab877d9 req-31f3c3f9-7617-4a4b-9104-39575c6cb557 3d711801fafb460e8769e548a93bd879 3524996e5db446898b3009e55916f32b - - default default] 10.0.0.55 "GET /v2.0/security-groups?id=c560b44c-5f67-44dd-b672-1554b956cad4&fields=id&fields=name HTTP/1.1" status: 200 len: 313 time: 0.0545707 /var/lib/openstack/lib/python3.10/site-packages/pycadf/identifier.py:71: UserWarning: Invalid uuid: neutron. To ensure interoperability, identifiers should be a valid uuid. warnings.warn(('Invalid uuid: %s. To ensure interoperability, '
2026-05-20 07:08:59.221 10 INFO neutron.wsgi [req-3e0e5f48-1290-43fd-aeac-15a9d992f262 req-ca9f2d09-d2d3-4576-9656-0bc3039ae3db bc974b6062ad4ab09fd31f98bc4cf92f a322542b4d2745e7af8baa80cc215aa7 - - default default] 199.19.213.87 "GET /v2.0/networks?id=58375ad3-323a-4cc8-a2d1-ccba83641f1f HTTP/1.1" status: 200 len: 878 time: 0.0922668
2026-05-20 07:08:59.303 10 INFO neutron.wsgi [req-3e0e5f48-1290-43fd-aeac-15a9d992f262 req-30d98df6-e8ba-46f9-9e85-b59f23741cef bc974b6062ad4ab09fd31f98bc4cf92f a322542b4d2745e7af8baa80cc215aa7 - - default default] 199.19.213.87 "GET /v2.0/security-groups?fields=id&fields=name&tenant_id=a322542b4d2745e7af8baa80cc215aa7 HTTP/1.1" status: 200 len: 380 time: 0.0523150
2026-05-20 07:08:59.392 10 INFO neutron.wsgi [req-e0e6c7f0-2095-4a03-a40d-c4c7761d720d req-aab27595-c007-4b6c-b04e-9908f6c4b6e3 bc974b6062ad4ab09fd31f98bc4cf92f a322542b4d2745e7af8baa80cc215aa7 - - default default] 10.0.0.55 "GET /v2.0/ports?device_id=6e22d3ee-2ecb-47a4-9016-3336c25449d0 HTTP/1.1" status: 200 len: 210 time: 0.0315478
2026-05-20 07:08:59.434 10 INFO neutron.db.ovn_revision_numbers_db [None req-7bf23ad6-ec10-4b0f-ab8a-ea16c9d35fd3 06281425a9784c22b3d2faee7dae0ad5 8186bed1677a4b208882cca37aded2db - - default default] Successfully bumped revision number for resource efe47ea4-958a-4ffd-bb05-8ea7cdfa6230 (type: ports) to 2
2026-05-20 07:08:59.600 9 INFO neutron.db.ovn_revision_numbers_db [None req-5b84ff69-b7bf-4292-a1ac-feecc795d033 06281425a9784c22b3d2faee7dae0ad5 8186bed1677a4b208882cca37aded2db - - default default] Successfully bumped revision number for resource 9e29a982-d1ff-48b6-b940-39f5e485165f (type: ports) to 2
2026-05-20 07:08:59.634 10 INFO neutron.db.ovn_revision_numbers_db [None req-7bf23ad6-ec10-4b0f-ab8a-ea16c9d35fd3 06281425a9784c22b3d2faee7dae0ad5 8186bed1677a4b208882cca37aded2db - - default default] Successfully bumped revision number for resource a08dbb7d-b20e-4661-b119-08a655138899 (type: subnets) to 0
2026-05-20 07:08:59.637 9 INFO neutron.db.ovn_revision_numbers_db [None req-5b84ff69-b7bf-4292-a1ac-feecc795d033 06281425a9784c22b3d2faee7dae0ad5 8186bed1677a4b208882cca37aded2db - - default default] Successfully bumped revision number for resource 28f22676-892b-47e0-a4c7-f292ed24d66a (type: subnets) to 0
2026-05-20 07:08:59.651 9 INFO neutron.wsgi [None req-5b84ff69-b7bf-4292-a1ac-feecc795d033 06281425a9784c22b3d2faee7dae0ad5 8186bed1677a4b208882cca37aded2db - - default default] 10.0.0.146 "POST /v2.0/subnets HTTP/1.1" status: 201 len: 864 time: 0.9431775
2026-05-20 07:08:59.661 10 INFO neutron.wsgi [None req-7bf23ad6-ec10-4b0f-ab8a-ea16c9d35fd3 06281425a9784c22b3d2faee7dae0ad5 8186bed1677a4b208882cca37aded2db - - default default] 10.0.0.146 "POST /v2.0/subnets HTTP/1.1" status: 201 len: 866 time: 1.1365867
2026-05-20 07:08:59.924 10 WARNING neutron.scheduler.dhcp_agent_scheduler [req-3e0e5f48-1290-43fd-aeac-15a9d992f262 req-a04e670f-bcab-485a-927e-7a84f607c0af bc974b6062ad4ab09fd31f98bc4cf92f a322542b4d2745e7af8baa80cc215aa7 - - default default] No more DHCP agents
2026-05-20 07:08:59.926 10 WARNING neutron.api.rpc.agentnotifiers.dhcp_rpc_agent_api [req-3e0e5f48-1290-43fd-aeac-15a9d992f262 req-a04e670f-bcab-485a-927e-7a84f607c0af bc974b6062ad4ab09fd31f98bc4cf92f a322542b4d2745e7af8baa80cc215aa7 - - default default] Unable to schedule network 58375ad3-323a-4cc8-a2d1-ccba83641f1f: no agents available; will retry on subsequent port and subnet creation events.
2026-05-20 07:09:00.033 9 WARNING neutron.scheduler.dhcp_agent_scheduler [None req-9a4624ef-1bf5-4b69-91b6-07800e7b1469 06281425a9784c22b3d2faee7dae0ad5 8186bed1677a4b208882cca37aded2db - - default default] No more DHCP agents
2026-05-20 07:09:00.036 9 WARNING neutron.api.rpc.agentnotifiers.dhcp_rpc_agent_api [None req-9a4624ef-1bf5-4b69-91b6-07800e7b1469 06281425a9784c22b3d2faee7dae0ad5 8186bed1677a4b208882cca37aded2db - - default default] Unable to schedule network 8df4941b-3249-4485-b9d1-69078b3362cc: no agents available; will retry on subsequent port and subnet creation events.
2026-05-20 07:09:00.123 10 INFO neutron.db.ovn_revision_numbers_db [req-3e0e5f48-1290-43fd-aeac-15a9d992f262 req-a04e670f-bcab-485a-927e-7a84f607c0af bc974b6062ad4ab09fd31f98bc4cf92f a322542b4d2745e7af8baa80cc215aa7 - - default default] Successfully bumped revision number for resource d35381e7-4adf-4dea-abe8-a4114564f02c (type: ports) to 1
2026-05-20 07:09:00.146 10 INFO neutron.wsgi [req-3e0e5f48-1290-43fd-aeac-15a9d992f262 req-a04e670f-bcab-485a-927e-7a84f607c0af bc974b6062ad4ab09fd31f98bc4cf92f a322542b4d2745e7af8baa80cc215aa7 - - default default] 199.19.213.87 "POST /v2.0/ports HTTP/1.1" status: 201 len: 1158 time: 0.8337746 /var/lib/openstack/lib/python3.10/site-packages/pycadf/identifier.py:71: UserWarning: Invalid uuid: neutron. To ensure interoperability, identifiers should be a valid uuid. warnings.warn(('Invalid uuid: %s. To ensure interoperability, '
2026-05-20 07:09:00.180 9 INFO neutron.wsgi [req-1c35383c-baf8-4528-afd3-168648ade39a req-88c79963-3280-4219-9803-ec41e77a49cd 3d711801fafb460e8769e548a93bd879 3524996e5db446898b3009e55916f32b - - default default] 10.0.0.55 "GET /v2.0/ports?device_id=81d26caf-5085-4949-a816-e5df1ec8d90f HTTP/1.1" status: 200 len: 1170 time: 0.0383551
2026-05-20 07:09:00.187 9 INFO neutron.db.ovn_revision_numbers_db [None req-9a4624ef-1bf5-4b69-91b6-07800e7b1469 06281425a9784c22b3d2faee7dae0ad5 8186bed1677a4b208882cca37aded2db - - default default] Successfully bumped revision number for resource 5fd22bc1-a16b-432f-a662-dea85521e23e (type: ports) to 1
2026-05-20 07:09:00.200 10 WARNING neutron.scheduler.dhcp_agent_scheduler [None req-472d4634-f668-4613-9638-cb4f898d9e26 06281425a9784c22b3d2faee7dae0ad5 8186bed1677a4b208882cca37aded2db - - default default] No more DHCP agents
2026-05-20 07:09:00.209 10 WARNING neutron.api.rpc.agentnotifiers.dhcp_rpc_agent_api [None req-472d4634-f668-4613-9638-cb4f898d9e26 06281425a9784c22b3d2faee7dae0ad5 8186bed1677a4b208882cca37aded2db - - default default] Unable to schedule network 8df4941b-3249-4485-b9d1-69078b3362cc: no agents available; will retry on subsequent port and subnet creation events.
2026-05-20 07:09:00.226 9 INFO neutron.wsgi [req-1c35383c-baf8-4528-afd3-168648ade39a req-1ce950cb-8a6d-40c5-9569-312a3d1ce488 3d711801fafb460e8769e548a93bd879 3524996e5db446898b3009e55916f32b - - default default] 10.0.0.55 "GET /v2.0/security-groups?id=c560b44c-5f67-44dd-b672-1554b956cad4&fields=id&fields=name HTTP/1.1" status: 200 len: 313 time: 0.0382016
2026-05-20 07:09:00.475 10 INFO neutron.wsgi [req-ca45e899-44e2-4a00-bb55-a6263c2038e6 req-b8c30d59-f919-459b-a187-102e09c488ac 3d711801fafb460e8769e548a93bd879 3524996e5db446898b3009e55916f32b - - default default] 10.0.0.55 "GET /v2.0/ports?device_id=81d26caf-5085-4949-a816-e5df1ec8d90f HTTP/1.1" status: 200 len: 1170 time: 0.1676877
2026-05-20 07:09:00.495 10 INFO neutron.db.ovn_revision_numbers_db [None req-472d4634-f668-4613-9638-cb4f898d9e26 06281425a9784c22b3d2faee7dae0ad5 8186bed1677a4b208882cca37aded2db - - default default] Successfully bumped revision number for resource 0fe70e4c-bb06-4acc-99af-1e1491b69aa6 (type: ports) to 1
2026-05-20 07:09:00.753 10 INFO neutron.db.ovn_revision_numbers_db [req-3e0e5f48-1290-43fd-aeac-15a9d992f262 req-10c28f54-d513-40f1-a1b9-768f59f92d92 64f25fb985e7497f90de0dd42d3bbd4a 17045bc7166d4b66acf8eec085116eb7 - - 269e623bd77f4e5a98c27f915381d443 269e623bd77f4e5a98c27f915381d443] Successfully bumped revision number for resource d35381e7-4adf-4dea-abe8-a4114564f02c (type: ports) to 2
2026-05-20 07:09:00.758 9 INFO neutron.wsgi [req-c1c181fe-be25-4734-91d8-f951116ff82c req-dc4ba0f7-4e13-4084-afe0-eb002061f4ed bc974b6062ad4ab09fd31f98bc4cf92f a322542b4d2745e7af8baa80cc215aa7 - - default default] 10.0.0.55 "GET /v2.0/ports?device_id=6e22d3ee-2ecb-47a4-9016-3336c25449d0 HTTP/1.1" status: 200 len: 1156 time: 0.2886353
2026-05-20 07:09:00.888 9 INFO neutron.wsgi [req-c1c181fe-be25-4734-91d8-f951116ff82c req-9eddcb05-a931-4545-b205-e1d0b01385ce bc974b6062ad4ab09fd31f98bc4cf92f a322542b4d2745e7af8baa80cc215aa7 - - default default] 10.0.0.55 "GET /v2.0/security-groups?id=ab6fa47c-1a28-4bd8-a44e-2d7eee6e7306&fields=id&fields=name HTTP/1.1" status: 200 len: 313 time: 0.1224465
2026-05-20 07:09:00.962 10 INFO neutron.notifiers.nova [-] Nova event matching ['req-35d41009-db8e-4c3b-9bd4-7db729420fae'] response: {'server_uuid': '81d26caf-5085-4949-a816-e5df1ec8d90f', 'name': 'network-vif-plugged', 'status': 'completed', 'tag': '90a4e885-cb88-4113-b9ba-d1619855aeb6', 'code': 200}
2026-05-20 07:09:01.005 9 INFO neutron.db.l3_db [None req-ce888f16-8b55-4378-8999-0d397dd56261 3d711801fafb460e8769e548a93bd879 3524996e5db446898b3009e55916f32b - - default default] Floating IP 93e7add0-e64c-4b71-9397-7694c118c8e5 associated. External IP: 10.96.250.205, port: 90a4e885-cb88-4113-b9ba-d1619855aeb6.
2026-05-20 07:09:01.181 9 INFO neutron.plugins.ml2.drivers.ovn.mech_driver.ovsdb.ovsdb_monitor [None req-6438237b-8699-4d49-8953-755a42c14259 - - - - - -] Router 11c4f146-aaaa-4f61-85ad-1b371f502d88 is bound to host instance
2026-05-20 07:09:01.194 9 INFO neutron.db.ovn_revision_numbers_db [None req-9a4624ef-1bf5-4b69-91b6-07800e7b1469 06281425a9784c22b3d2faee7dae0ad5 8186bed1677a4b208882cca37aded2db - - default default] Successfully bumped revision number for resource 5fd22bc1-a16b-432f-a662-dea85521e23e (type: router_ports) to 1
2026-05-20 07:09:01.202 10 INFO neutron.db.ovn_revision_numbers_db [req-3e0e5f48-1290-43fd-aeac-15a9d992f262 req-10c28f54-d513-40f1-a1b9-768f59f92d92 64f25fb985e7497f90de0dd42d3bbd4a 17045bc7166d4b66acf8eec085116eb7 - - 269e623bd77f4e5a98c27f915381d443 269e623bd77f4e5a98c27f915381d443] Successfully bumped revision number for resource d35381e7-4adf-4dea-abe8-a4114564f02c (type: ports) to 2
2026-05-20 07:09:01.254 10 INFO neutron.wsgi [req-3e0e5f48-1290-43fd-aeac-15a9d992f262 req-10c28f54-d513-40f1-a1b9-768f59f92d92 64f25fb985e7497f90de0dd42d3bbd4a 17045bc7166d4b66acf8eec085116eb7 - - 269e623bd77f4e5a98c27f915381d443 269e623bd77f4e5a98c27f915381d443] 199.19.213.87 "PUT /v2.0/ports/d35381e7-4adf-4dea-abe8-a4114564f02c HTTP/1.1" status: 200 len: 1376 time: 1.0998662 /var/lib/openstack/lib/python3.10/site-packages/pycadf/identifier.py:71: UserWarning: Invalid uuid: neutron. To ensure interoperability, identifiers should be a valid uuid. warnings.warn(('Invalid uuid: %s. To ensure interoperability, '
2026-05-20 07:09:01.306 9 INFO neutron.db.ovn_revision_numbers_db [None req-ce888f16-8b55-4378-8999-0d397dd56261 3d711801fafb460e8769e548a93bd879 3524996e5db446898b3009e55916f32b - - default default] Successfully bumped revision number for resource 93e7add0-e64c-4b71-9397-7694c118c8e5 (type: floatingips) to 1
