2026-05-20 07:09:27.838 10 INFO neutron.db.ovn_revision_numbers_db [None req-3bd22064-58e2-419c-9cd9-322dfcf402ec 06281425a9784c22b3d2faee7dae0ad5 8186bed1677a4b208882cca37aded2db - - default default] Successfully bumped revision number for resource ac8c4af7-ac22-45e7-a5aa-d7fefb27c0c7 (type: security_group_rules) to 0
2026-05-20 07:09:27.853 10 INFO neutron.db.ovn_revision_numbers_db [None req-3bd22064-58e2-419c-9cd9-322dfcf402ec 06281425a9784c22b3d2faee7dae0ad5 8186bed1677a4b208882cca37aded2db - - default default] Successfully bumped revision number for resource d1b3a7fe-0463-4aa2-b432-2ac6e964efae (type: security_group_rules) to 0
2026-05-20 07:09:27.877 10 INFO neutron.wsgi [None req-3bd22064-58e2-419c-9cd9-322dfcf402ec 06281425a9784c22b3d2faee7dae0ad5 8186bed1677a4b208882cca37aded2db - - default default] 10.0.0.146 "GET /v2.0/security-groups?tenant_id=968444741e224c528b78d18cac01766a&name=default HTTP/1.1" status: 200 len: 2996 time: 0.4010150
2026-05-20 07:09:27.916 9 INFO neutron.wsgi [None req-3d5671ba-207a-4814-807e-2184948d842d 06281425a9784c22b3d2faee7dae0ad5 8186bed1677a4b208882cca37aded2db - - default default] 10.0.0.146 "GET /v2.0/security-groups?tenant_id=3524996e5db446898b3009e55916f32b&name=default HTTP/1.1" status: 200 len: 2992 time: 0.0461450
2026-05-20 07:09:28.078 10 INFO neutron.wsgi [None req-12765acc-3bc0-4623-bceb-80c40f7a6484 06281425a9784c22b3d2faee7dae0ad5 8186bed1677a4b208882cca37aded2db - - default default] 10.0.0.146 "DELETE /v2.0/security-groups/3cb41c8b-75cb-4f82-9966-54d657b4193d HTTP/1.1" status: 204 len: 168 time: 0.1964853
2026-05-20 07:09:28.127 10 INFO neutron.wsgi [None req-a14ecb8e-12f0-47b3-8575-d6d924fd03c8 06281425a9784c22b3d2faee7dae0ad5 8186bed1677a4b208882cca37aded2db - - default default] 10.0.0.146 "DELETE /v2.0/security-groups/d6c616a8-8249-44bb-8446-6d5032b29e67 HTTP/1.1" status: 204 len: 168 time: 0.2057076
2026-05-20 07:09:28.136 9 WARNING neutron.scheduler.dhcp_agent_scheduler [req-8f806a51-63de-49ef-a871-51523a05bcad req-80d66bad-1833-4a0a-9f5a-effe634b3f56 8fff335e4133479d828ffd0ad38a463e 8fee2c3815534d52982bb237388f5055 - - default default] No more DHCP agents
2026-05-20 07:09:28.139 9 WARNING neutron.api.rpc.agentnotifiers.dhcp_rpc_agent_api [req-8f806a51-63de-49ef-a871-51523a05bcad req-80d66bad-1833-4a0a-9f5a-effe634b3f56 8fff335e4133479d828ffd0ad38a463e 8fee2c3815534d52982bb237388f5055 - - default default] Unable to schedule network 3a4b83eb-3690-4f0a-83c4-5be3673ff991: no agents available; will retry on subsequent port and subnet creation events. /var/lib/openstack/lib/python3.10/site-packages/pycadf/identifier.py:71: UserWarning: Invalid uuid: neutron. To ensure interoperability, identifiers should be a valid uuid. warnings.warn(('Invalid uuid: %s. To ensure interoperability, '
2026-05-20 07:09:28.239 10 INFO neutron.wsgi [req-1cd50133-01fd-4aae-a5f4-be3199a050f2 req-56c77e37-9b49-48b3-a642-a3cd1b603291 8fff335e4133479d828ffd0ad38a463e 8fee2c3815534d52982bb237388f5055 - - default default] 10.0.0.55 "GET /v2.0/ports?device_id=36955cb1-2128-4d1b-8e43-ee124e6a3f44 HTTP/1.1" status: 200 len: 1156 time: 0.0330319
2026-05-20 07:09:28.285 10 INFO neutron.wsgi [req-1cd50133-01fd-4aae-a5f4-be3199a050f2 req-7064e2fc-9d52-46de-8d85-4fc7bba13f8d 8fff335e4133479d828ffd0ad38a463e 8fee2c3815534d52982bb237388f5055 - - default default] 10.0.0.55 "GET /v2.0/security-groups?id=515021b8-c585-40ce-9729-0e8a28fbf89c&fields=id&fields=name HTTP/1.1" status: 200 len: 313 time: 0.0375621
2026-05-20 07:09:28.318 9 INFO neutron.db.ovn_revision_numbers_db [req-8f806a51-63de-49ef-a871-51523a05bcad req-80d66bad-1833-4a0a-9f5a-effe634b3f56 8fff335e4133479d828ffd0ad38a463e 8fee2c3815534d52982bb237388f5055 - - default default] Successfully bumped revision number for resource cf8d9ae7-28e6-4d91-b390-45f778cdf845 (type: ports) to 1
2026-05-20 07:09:28.337 9 INFO neutron.db.ovn_revision_numbers_db [None req-0744543a-d334-4f9a-9607-9ff4ae5a2a4f 06281425a9784c22b3d2faee7dae0ad5 8186bed1677a4b208882cca37aded2db - - default default] Successfully bumped revision number for resource ab680272-eb5a-456c-a8d2-5ae0c7721080 (type: security_groups) to 1
2026-05-20 07:09:28.340 9 INFO neutron.wsgi [req-8f806a51-63de-49ef-a871-51523a05bcad req-80d66bad-1833-4a0a-9f5a-effe634b3f56 8fff335e4133479d828ffd0ad38a463e 8fee2c3815534d52982bb237388f5055 - - default default] 199.19.213.87 "POST /v2.0/ports HTTP/1.1" status: 201 len: 1158 time: 0.5570626
2026-05-20 07:09:28.350 9 INFO neutron.db.ovn_revision_numbers_db [None req-0744543a-d334-4f9a-9607-9ff4ae5a2a4f 06281425a9784c22b3d2faee7dae0ad5 8186bed1677a4b208882cca37aded2db - - default default] Successfully bumped revision number for resource 6d6a3c07-622e-442e-806f-d303832757f7 (type: security_group_rules) to 0
2026-05-20 07:09:28.375 9 INFO neutron.db.ovn_revision_numbers_db [None req-0744543a-d334-4f9a-9607-9ff4ae5a2a4f 06281425a9784c22b3d2faee7dae0ad5 8186bed1677a4b208882cca37aded2db - - default default] Successfully bumped revision number for resource 8557576f-56a8-43c5-8bfc-04187be3668a (type: security_group_rules) to 0
2026-05-20 07:09:28.394 9 INFO neutron.db.ovn_revision_numbers_db [None req-0744543a-d334-4f9a-9607-9ff4ae5a2a4f 06281425a9784c22b3d2faee7dae0ad5 8186bed1677a4b208882cca37aded2db - - default default] Successfully bumped revision number for resource ae36ff7d-b81d-4ca9-a469-c042ff45661e (type: security_group_rules) to 0
2026-05-20 07:09:28.407 9 INFO neutron.db.ovn_revision_numbers_db [None req-0744543a-d334-4f9a-9607-9ff4ae5a2a4f 06281425a9784c22b3d2faee7dae0ad5 8186bed1677a4b208882cca37aded2db - - default default] Successfully bumped revision number for resource b208a2f3-9ba1-4369-86dd-0b291609b102 (type: security_group_rules) to 0
2026-05-20 07:09:28.435 9 INFO neutron.wsgi [None req-0744543a-d334-4f9a-9607-9ff4ae5a2a4f 06281425a9784c22b3d2faee7dae0ad5 8186bed1677a4b208882cca37aded2db - - default default] 10.0.0.146 "GET /v2.0/security-groups?tenant_id=3e0587940e224cb8b7785bb3200e3792&name=default HTTP/1.1" status: 200 len: 2996 time: 0.2228138
2026-05-20 07:09:28.630 10 INFO neutron.wsgi [None req-fb7e4d86-3be5-47b9-8da4-f45e70c9ae5b 06281425a9784c22b3d2faee7dae0ad5 8186bed1677a4b208882cca37aded2db - - default default] 10.0.0.146 "DELETE /v2.0/security-groups/ab680272-eb5a-456c-a8d2-5ae0c7721080 HTTP/1.1" status: 204 len: 168 time: 0.1897047
2026-05-20 07:09:28.717 9 INFO neutron.db.ovn_revision_numbers_db [req-8f806a51-63de-49ef-a871-51523a05bcad req-e2cffb87-2a46-45db-9126-1bb3553ceb6a 64f25fb985e7497f90de0dd42d3bbd4a 17045bc7166d4b66acf8eec085116eb7 - - 269e623bd77f4e5a98c27f915381d443 269e623bd77f4e5a98c27f915381d443] Successfully bumped revision number for resource cf8d9ae7-28e6-4d91-b390-45f778cdf845 (type: ports) to 2
2026-05-20 07:09:28.839 10 WARNING neutron.plugins.ml2.drivers.ovn.mech_driver.ovsdb.ovn_client [None req-ed8c4629-c033-46f9-94f7-bab59ea5be2e - - - - - -] No hosting information found for port 5b3c17e6-d04a-4ca1-9fd2-c215e36b75ee: RuntimeError: No hosting information found for port 5b3c17e6-d04a-4ca1-9fd2-c215e36b75ee
2026-05-20 07:09:28.941 9 INFO neutron.db.ovn_revision_numbers_db [req-8f806a51-63de-49ef-a871-51523a05bcad req-e2cffb87-2a46-45db-9126-1bb3553ceb6a 64f25fb985e7497f90de0dd42d3bbd4a 17045bc7166d4b66acf8eec085116eb7 - - 269e623bd77f4e5a98c27f915381d443 269e623bd77f4e5a98c27f915381d443] Successfully bumped revision number for resource cf8d9ae7-28e6-4d91-b390-45f778cdf845 (type: ports) to 2
2026-05-20 07:09:28.955 9 INFO neutron.wsgi [req-8f806a51-63de-49ef-a871-51523a05bcad req-e2cffb87-2a46-45db-9126-1bb3553ceb6a 64f25fb985e7497f90de0dd42d3bbd4a 17045bc7166d4b66acf8eec085116eb7 - - 269e623bd77f4e5a98c27f915381d443 269e623bd77f4e5a98c27f915381d443] 199.19.213.87 "PUT /v2.0/ports/cf8d9ae7-28e6-4d91-b390-45f778cdf845 HTTP/1.1" status: 200 len: 1376 time: 0.6032035
2026-05-20 07:09:28.989 9 INFO neutron.notifiers.nova [-] Nova event matching ['req-6c5f4497-9a24-457d-afa0-09ae9c199d21'] response: {'name': 'network-changed', 'server_uuid': '36955cb1-2128-4d1b-8e43-ee124e6a3f44', 'tag': 'cf8d9ae7-28e6-4d91-b390-45f778cdf845', 'status': 'completed', 'code': 200} /var/lib/openstack/lib/python3.10/site-packages/pycadf/identifier.py:71: UserWarning: Invalid uuid: neutron. To ensure interoperability, identifiers should be a valid uuid. warnings.warn(('Invalid uuid: %s. To ensure interoperability, '
2026-05-20 07:09:29.024 9 INFO neutron.wsgi [req-8f806a51-63de-49ef-a871-51523a05bcad req-28992a2f-068b-43d3-b470-b98c4f5fecb4 64f25fb985e7497f90de0dd42d3bbd4a 17045bc7166d4b66acf8eec085116eb7 - - 269e623bd77f4e5a98c27f915381d443 269e623bd77f4e5a98c27f915381d443] 199.19.213.87 "GET /v2.0/ports?tenant_id=8fee2c3815534d52982bb237388f5055&device_id=36955cb1-2128-4d1b-8e43-ee124e6a3f44 HTTP/1.1" status: 200 len: 1407 time: 0.0303690
2026-05-20 07:09:29.051 9 INFO neutron.wsgi [req-8f806a51-63de-49ef-a871-51523a05bcad req-953bac13-2447-42f3-967b-dd76b7907006 64f25fb985e7497f90de0dd42d3bbd4a 17045bc7166d4b66acf8eec085116eb7 - - 269e623bd77f4e5a98c27f915381d443 269e623bd77f4e5a98c27f915381d443] 199.19.213.87 "GET /v2.0/floatingips?fixed_ip_address=10.100.0.6&port_id=cf8d9ae7-28e6-4d91-b390-45f778cdf845 HTTP/1.1" status: 200 len: 217 time: 0.0202868
2026-05-20 07:09:29.095 9 INFO neutron.wsgi [req-8f806a51-63de-49ef-a871-51523a05bcad req-ce3ce25e-8d32-4198-ab93-1e8b898baf5e 64f25fb985e7497f90de0dd42d3bbd4a 17045bc7166d4b66acf8eec085116eb7 - - 269e623bd77f4e5a98c27f915381d443 269e623bd77f4e5a98c27f915381d443] 199.19.213.87 "GET /v2.0/subnets?id=1f6e06fc-5721-4a6b-a0ae-51b50c1933b9 HTTP/1.1" status: 200 len: 861 time: 0.0379763
2026-05-20 07:09:29.126 9 INFO neutron.wsgi [req-8f806a51-63de-49ef-a871-51523a05bcad req-5f1bbe3f-14db-407f-8c6c-efedacebc604 64f25fb985e7497f90de0dd42d3bbd4a 17045bc7166d4b66acf8eec085116eb7 - - 269e623bd77f4e5a98c27f915381d443 269e623bd77f4e5a98c27f915381d443] 199.19.213.87 "GET /v2.0/ports?network_id=3a4b83eb-3690-4f0a-83c4-5be3673ff991&device_owner=network%3Adhcp HTTP/1.1" status: 200 len: 210 time: 0.0255756
2026-05-20 07:09:29.190 9 INFO neutron.wsgi [req-8f806a51-63de-49ef-a871-51523a05bcad req-f2846ec6-b9a0-4af4-ae27-c47196fa6809 64f25fb985e7497f90de0dd42d3bbd4a 17045bc7166d4b66acf8eec085116eb7 - - 269e623bd77f4e5a98c27f915381d443 269e623bd77f4e5a98c27f915381d443] 199.19.213.87 "GET /v2.0/networks/3a4b83eb-3690-4f0a-83c4-5be3673ff991?fields=segments HTTP/1.1" status: 200 len: 212 time: 0.0563521
2026-05-20 07:09:29.255 9 INFO neutron.wsgi [req-8f806a51-63de-49ef-a871-51523a05bcad req-f9cc82af-7b09-4933-81d1-3c8f0d89d518 64f25fb985e7497f90de0dd42d3bbd4a 17045bc7166d4b66acf8eec085116eb7 - - 269e623bd77f4e5a98c27f915381d443 269e623bd77f4e5a98c27f915381d443] 199.19.213.87 "GET /v2.0/networks/3a4b83eb-3690-4f0a-83c4-5be3673ff991?fields=provider%3Aphysical_network&fields=provider%3Anetwork_type HTTP/1.1" status: 200 len: 277 time: 0.0586860
2026-05-20 07:09:29.321 9 INFO neutron.wsgi [req-c4efc213-1fd3-4472-aeb0-101be5eb8110 req-0f7c3579-669a-4338-be28-4fb5f2b71fad 64f25fb985e7497f90de0dd42d3bbd4a 17045bc7166d4b66acf8eec085116eb7 - - 269e623bd77f4e5a98c27f915381d443 269e623bd77f4e5a98c27f915381d443] 199.19.213.87 "GET /v2.0/ports?tenant_id=8fee2c3815534d52982bb237388f5055&device_id=36955cb1-2128-4d1b-8e43-ee124e6a3f44 HTTP/1.1" status: 200 len: 1407 time: 0.0324602
2026-05-20 07:09:29.398 9 INFO neutron.wsgi [req-c4efc213-1fd3-4472-aeb0-101be5eb8110 req-266b2456-1cc3-4986-a048-1c853a393f2d 64f25fb985e7497f90de0dd42d3bbd4a 17045bc7166d4b66acf8eec085116eb7 - - 269e623bd77f4e5a98c27f915381d443 269e623bd77f4e5a98c27f915381d443] 199.19.213.87 "GET /v2.0/networks?id=3a4b83eb-3690-4f0a-83c4-5be3673ff991 HTTP/1.1" status: 200 len: 965 time: 0.0714889
2026-05-20 07:09:29.423 10 INFO neutron.wsgi [req-ea3db858-f45a-482a-9966-a27bbd520bed req-f1adf075-8585-4200-8b1a-fb6a6d76087c 8fff335e4133479d828ffd0ad38a463e 8fee2c3815534d52982bb237388f5055 - - default default] 10.0.0.55 "GET /v2.0/ports?device_id=36955cb1-2128-4d1b-8e43-ee124e6a3f44 HTTP/1.1" status: 200 len: 1168 time: 0.0674877
2026-05-20 07:09:29.428 9 INFO neutron.wsgi [req-c4efc213-1fd3-4472-aeb0-101be5eb8110 req-e6e841dd-bddc-4143-9e41-3e327d1e2bb0 64f25fb985e7497f90de0dd42d3bbd4a 17045bc7166d4b66acf8eec085116eb7 - - 269e623bd77f4e5a98c27f915381d443 269e623bd77f4e5a98c27f915381d443] 199.19.213.87 "GET /v2.0/floatingips?fixed_ip_address=10.100.0.6&port_id=cf8d9ae7-28e6-4d91-b390-45f778cdf845 HTTP/1.1" status: 200 len: 217 time: 0.0233629
2026-05-20 07:09:29.452 9 INFO neutron.plugins.ml2.drivers.ovn.mech_driver.mech_driver [None req-7de7cda1-0d34-46c3-8fb7-0ddde9e761ac - - - - - -] OVN reports status up for port: cf8d9ae7-28e6-4d91-b390-45f778cdf845
2026-05-20 07:09:29.476 9 INFO neutron.plugins.ml2.plugin [None req-7de7cda1-0d34-46c3-8fb7-0ddde9e761ac - - - - - -] Attempt 1 to provision port cf8d9ae7-28e6-4d91-b390-45f778cdf845
2026-05-20 07:09:29.481 9 INFO neutron.wsgi [req-c4efc213-1fd3-4472-aeb0-101be5eb8110 req-aa9fa5c3-4107-41d3-94ac-3b7fe0cdf9e4 64f25fb985e7497f90de0dd42d3bbd4a 17045bc7166d4b66acf8eec085116eb7 - - 269e623bd77f4e5a98c27f915381d443 269e623bd77f4e5a98c27f915381d443] 199.19.213.87 "GET /v2.0/subnets?id=1f6e06fc-5721-4a6b-a0ae-51b50c1933b9 HTTP/1.1" status: 200 len: 861 time: 0.0442772
2026-05-20 07:09:29.489 10 INFO neutron.wsgi [req-ea3db858-f45a-482a-9966-a27bbd520bed req-fc2df1f6-6e50-4c29-ad5f-b0c53911d71b 8fff335e4133479d828ffd0ad38a463e 8fee2c3815534d52982bb237388f5055 - - default default] 10.0.0.55 "GET /v2.0/security-groups?id=515021b8-c585-40ce-9729-0e8a28fbf89c&fields=id&fields=name HTTP/1.1" status: 200 len: 313 time: 0.0595531
2026-05-20 07:09:29.517 9 INFO neutron.wsgi [req-c4efc213-1fd3-4472-aeb0-101be5eb8110 req-f53844cd-2f46-4c84-bc44-ae4090f3bd92 64f25fb985e7497f90de0dd42d3bbd4a 17045bc7166d4b66acf8eec085116eb7 - - 269e623bd77f4e5a98c27f915381d443 269e623bd77f4e5a98c27f915381d443] 199.19.213.87 "GET /v2.0/ports?network_id=3a4b83eb-3690-4f0a-83c4-5be3673ff991&device_owner=network%3Adhcp HTTP/1.1" status: 200 len: 210 time: 0.0286911
2026-05-20 07:09:29.602 9 INFO neutron.wsgi [req-c4efc213-1fd3-4472-aeb0-101be5eb8110 req-27e3c01e-e10d-417e-a734-488a3f2ac3a3 64f25fb985e7497f90de0dd42d3bbd4a 17045bc7166d4b66acf8eec085116eb7 - - 269e623bd77f4e5a98c27f915381d443 269e623bd77f4e5a98c27f915381d443] 199.19.213.87 "GET /v2.0/networks/3a4b83eb-3690-4f0a-83c4-5be3673ff991?fields=segments HTTP/1.1" status: 200 len: 212 time: 0.0770328
2026-05-20 07:09:29.694 9 INFO neutron.wsgi [req-c4efc213-1fd3-4472-aeb0-101be5eb8110 req-cea3f193-4aca-4d25-ac19-594f69181994 64f25fb985e7497f90de0dd42d3bbd4a 17045bc7166d4b66acf8eec085116eb7 - - 269e623bd77f4e5a98c27f915381d443 269e623bd77f4e5a98c27f915381d443] 199.19.213.87 "GET /v2.0/networks/3a4b83eb-3690-4f0a-83c4-5be3673ff991?fields=provider%3Aphysical_network&fields=provider%3Anetwork_type HTTP/1.1" status: 200 len: 277 time: 0.0857086
2026-05-20 07:09:29.805 9 INFO neutron.db.ovn_revision_numbers_db [None req-7de7cda1-0d34-46c3-8fb7-0ddde9e761ac - - - - - -] Successfully bumped revision number for resource cf8d9ae7-28e6-4d91-b390-45f778cdf845 (type: ports) to 4 /var/lib/openstack/lib/python3.10/site-packages/pycadf/identifier.py:71: UserWarning: Invalid uuid: neutron. To ensure interoperability, identifiers should be a valid uuid. warnings.warn(('Invalid uuid: %s. To ensure interoperability, '
2026-05-20 07:09:30.267 9 INFO neutron.wsgi [req-ac219bc1-81b6-4e52-97d8-452e1defc588 req-5c422a1f-6b5a-45a2-a103-73a3d9a1129f 8b641aef2468411c8f8bd7fb404843a4 0af51a4420034db190867176d0857e95 - - default default] 10.0.0.55 "GET /v2.0/ports?device_id=93f75f30-21c3-44a0-90a7-9215c14e25af HTTP/1.1" status: 200 len: 1174 time: 0.0831885
2026-05-20 07:09:30.310 9 INFO neutron.wsgi [req-ac219bc1-81b6-4e52-97d8-452e1defc588 req-33e1f973-ab4e-4ec6-a875-dce058674a44 8b641aef2468411c8f8bd7fb404843a4 0af51a4420034db190867176d0857e95 - - default default] 10.0.0.55 "GET /v2.0/security-groups?id=4d8aa1da-bcc3-4eea-a7f7-cfde388e7541&fields=id&fields=name HTTP/1.1" status: 200 len: 312 time: 0.0352829
2026-05-20 07:09:30.473 10 INFO neutron.wsgi [req-a26e7aca-a880-40ff-b8c0-7a27661ec933 req-b8a62ec7-dd07-4f68-b515-08ff20f1a1a4 8b641aef2468411c8f8bd7fb404843a4 0af51a4420034db190867176d0857e95 - - default default] 10.0.0.55 "GET /v2.0/ports?device_id=93f75f30-21c3-44a0-90a7-9215c14e25af HTTP/1.1" status: 200 len: 1174 time: 0.0880053
2026-05-20 07:09:30.520 10 INFO neutron.wsgi [req-a26e7aca-a880-40ff-b8c0-7a27661ec933 req-34070438-4de3-4857-870e-519ebc2363ae 8b641aef2468411c8f8bd7fb404843a4 0af51a4420034db190867176d0857e95 - - default default] 10.0.0.55 "GET /v2.0/security-groups?id=4d8aa1da-bcc3-4eea-a7f7-cfde388e7541&fields=id&fields=name HTTP/1.1" status: 200 len: 312 time: 0.0379508
2026-05-20 07:09:30.674 9 INFO neutron.wsgi [req-3ea56c7b-df2e-4c80-9647-22b24cc4314f req-2de4c907-e1a7-414e-83f8-b1ed1bf7b71b 8fff335e4133479d828ffd0ad38a463e 8fee2c3815534d52982bb237388f5055 - - default default] 10.0.0.55 "GET /v2.0/ports?device_id=36955cb1-2128-4d1b-8e43-ee124e6a3f44 HTTP/1.1" status: 200 len: 1170 time: 0.1130505
2026-05-20 07:09:30.736 9 INFO neutron.wsgi [req-3ea56c7b-df2e-4c80-9647-22b24cc4314f req-a3ddbf3b-e3fe-4637-99e3-cf39f4135ce7 8fff335e4133479d828ffd0ad38a463e 8fee2c3815534d52982bb237388f5055 - - default default] 10.0.0.55 "GET /v2.0/security-groups?id=515021b8-c585-40ce-9729-0e8a28fbf89c&fields=id&fields=name HTTP/1.1" status: 200 len: 313 time: 0.0521860
2026-05-20 07:09:30.905 9 INFO neutron.wsgi [req-5bb2f5d0-04b6-4524-b9e9-975572fc9eb7 req-19c7b32a-8ec4-428d-a45e-f2561a39f523 8b641aef2468411c8f8bd7fb404843a4 0af51a4420034db190867176d0857e95 - - default default] 10.0.0.55 "GET /v2.0/ports?device_id=93f75f30-21c3-44a0-90a7-9215c14e25af HTTP/1.1" status: 200 len: 1174 time: 0.0653553
2026-05-20 07:09:30.907 9 INFO neutron.wsgi [req-64579a82-8f66-4f8e-8776-93daed1f48c8 req-ba776292-e522-45b0-bfa1-86743b9c2b5b 64f25fb985e7497f90de0dd42d3bbd4a 17045bc7166d4b66acf8eec085116eb7 - - 269e623bd77f4e5a98c27f915381d443 269e623bd77f4e5a98c27f915381d443] 199.19.213.87 "GET /v2.0/ports?tenant_id=0af51a4420034db190867176d0857e95&device_id=93f75f30-21c3-44a0-90a7-9215c14e25af HTTP/1.1" status: 200 len: 1413 time: 0.0631883
2026-05-20 07:09:30.971 9 INFO neutron.wsgi [req-5bb2f5d0-04b6-4524-b9e9-975572fc9eb7 req-e8eb4d3e-4a70-4259-afd2-06c2fe95df4c 8b641aef2468411c8f8bd7fb404843a4 0af51a4420034db190867176d0857e95 - - default default] 10.0.0.55 "GET /v2.0/security-groups?id=4d8aa1da-bcc3-4eea-a7f7-cfde388e7541&fields=id&fields=name HTTP/1.1" status: 200 len: 312 time: 0.0539010
2026-05-20 07:09:31.015 9 INFO neutron.wsgi [req-64579a82-8f66-4f8e-8776-93daed1f48c8 req-7bba850b-0af2-4132-904f-bab308ea9c2a 64f25fb985e7497f90de0dd42d3bbd4a 17045bc7166d4b66acf8eec085116eb7 - - 269e623bd77f4e5a98c27f915381d443 269e623bd77f4e5a98c27f915381d443] 199.19.213.87 "GET /v2.0/networks?id=8bec318c-957c-402f-9578-f627f5c76f15 HTTP/1.1" status: 200 len: 974 time: 0.1025598
2026-05-20 07:09:31.046 9 INFO neutron.notifiers.nova [-] Nova event matching ['req-4a995946-9dfc-46b0-871b-0daa86332f88'] response: {'server_uuid': '36955cb1-2128-4d1b-8e43-ee124e6a3f44', 'name': 'network-vif-plugged', 'status': 'completed', 'tag': 'cf8d9ae7-28e6-4d91-b390-45f778cdf845', 'code': 200}
2026-05-20 07:09:31.047 9 INFO neutron.notifiers.nova [-] Nova event matching ['req-4a995946-9dfc-46b0-871b-0daa86332f88'] response: {'server_uuid': '36955cb1-2128-4d1b-8e43-ee124e6a3f44', 'name': 'network-vif-plugged', 'status': 'completed', 'tag': 'cf8d9ae7-28e6-4d91-b390-45f778cdf845', 'code': 200}
2026-05-20 07:09:31.064 9 INFO neutron.wsgi [req-64579a82-8f66-4f8e-8776-93daed1f48c8 req-70f05d3a-eb44-40dd-9863-393543c1bc19 64f25fb985e7497f90de0dd42d3bbd4a 17045bc7166d4b66acf8eec085116eb7 - - 269e623bd77f4e5a98c27f915381d443 269e623bd77f4e5a98c27f915381d443] 199.19.213.87 "GET /v2.0/floatingips?fixed_ip_address=10.100.0.14&port_id=dadccb7f-ee90-4549-860f-9d7aecaa1632 HTTP/1.1" status: 200 len: 1060 time: 0.0444772
2026-05-20 07:09:31.105 9 INFO neutron.wsgi [req-64579a82-8f66-4f8e-8776-93daed1f48c8 req-6a2eeb77-b463-4575-8936-4aea78f4c1c2 64f25fb985e7497f90de0dd42d3bbd4a 17045bc7166d4b66acf8eec085116eb7 - - 269e623bd77f4e5a98c27f915381d443 269e623bd77f4e5a98c27f915381d443] 199.19.213.87 "GET /v2.0/subnets?id=a08dbb7d-b20e-4661-b119-08a655138899 HTTP/1.1" status: 200 len: 869 time: 0.0299375
2026-05-20 07:09:31.133 9 INFO neutron.wsgi [req-64579a82-8f66-4f8e-8776-93daed1f48c8 req-10901625-0356-4e05-9a76-f2f95b40ed7c 64f25fb985e7497f90de0dd42d3bbd4a 17045bc7166d4b66acf8eec085116eb7 - - 269e623bd77f4e5a98c27f915381d443 269e623bd77f4e5a98c27f915381d443] 199.19.213.87 "GET /v2.0/ports?network_id=8bec318c-957c-402f-9578-f627f5c76f15&device_owner=network%3Adhcp HTTP/1.1" status: 200 len: 210 time: 0.0215664
2026-05-20 07:09:31.203 9 INFO neutron.wsgi [req-64579a82-8f66-4f8e-8776-93daed1f48c8 req-954942e6-d5ef-41b9-81f7-1a490d625a29 64f25fb985e7497f90de0dd42d3bbd4a 17045bc7166d4b66acf8eec085116eb7 - - 269e623bd77f4e5a98c27f915381d443 269e623bd77f4e5a98c27f915381d443] 199.19.213.87 "GET /v2.0/networks/8bec318c-957c-402f-9578-f627f5c76f15?fields=segments HTTP/1.1" status: 200 len: 212 time: 0.0617292
2026-05-20 07:09:31.302 9 INFO neutron.wsgi [req-64579a82-8f66-4f8e-8776-93daed1f48c8 req-c96d71ef-b504-43eb-b5c2-1a029cc38faa 64f25fb985e7497f90de0dd42d3bbd4a 17045bc7166d4b66acf8eec085116eb7 - - 269e623bd77f4e5a98c27f915381d443 269e623bd77f4e5a98c27f915381d443] 199.19.213.87 "GET /v2.0/networks/8bec318c-957c-402f-9578-f627f5c76f15?fields=provider%3Aphysical_network&fields=provider%3Anetwork_type HTTP/1.1" status: 200 len: 277 time: 0.0928845
2026-05-20 07:09:31.516 10 INFO neutron.plugins.ml2.drivers.ovn.mech_driver.mech_driver [None req-ed8c4629-c033-46f9-94f7-bab59ea5be2e - - - - - -] OVN reports status down for port: dadccb7f-ee90-4549-860f-9d7aecaa1632
2026-05-20 07:09:31.689 10 INFO neutron.notifiers.nova [-] Nova event matching ['req-5bfecd4e-8f01-416c-92fa-af261efab3e0'] response: {'server_uuid': '93f75f30-21c3-44a0-90a7-9215c14e25af', 'name': 'network-vif-unplugged', 'status': 'completed', 'tag': 'dadccb7f-ee90-4549-860f-9d7aecaa1632', 'code': 200}
2026-05-20 07:09:31.887 10 INFO neutron.db.ovn_revision_numbers_db [None req-ed8c4629-c033-46f9-94f7-bab59ea5be2e - - - - - -] Successfully bumped revision number for resource dadccb7f-ee90-4549-860f-9d7aecaa1632 (type: ports) to 5
2026-05-20 07:09:31.910 10 INFO neutron.wsgi [req-8ab27147-3c02-4acc-8e55-1634ce38a219 req-82d63ebe-7df5-4665-93d5-0c15f3f9037d 8fff335e4133479d828ffd0ad38a463e 8fee2c3815534d52982bb237388f5055 - - default default] 10.0.0.55 "GET /v2.0/ports?device_id=36955cb1-2128-4d1b-8e43-ee124e6a3f44 HTTP/1.1" status: 200 len: 1170 time: 0.1044507
2026-05-20 07:09:31.981 10 INFO neutron.wsgi [req-8ab27147-3c02-4acc-8e55-1634ce38a219 req-ecb98710-d0b0-48c5-97ba-389bc0775745 8fff335e4133479d828ffd0ad38a463e 8fee2c3815534d52982bb237388f5055 - - default default] 10.0.0.55 "GET /v2.0/security-groups?id=515021b8-c585-40ce-9729-0e8a28fbf89c&fields=id&fields=name HTTP/1.1" status: 200 len: 313 time: 0.0563202 /var/lib/openstack/lib/python3.10/site-packages/pycadf/identifier.py:71: UserWarning: Invalid uuid: neutron. To ensure interoperability, identifiers should be a valid uuid. warnings.warn(('Invalid uuid: %s. To ensure interoperability, '
2026-05-20 07:09:32.094 10 INFO neutron.wsgi [req-3dda5695-8374-4bd7-94fa-425909d4ed01 req-ba7e7f04-3dfe-4ec6-8ca4-3e95a1139e83 8b641aef2468411c8f8bd7fb404843a4 0af51a4420034db190867176d0857e95 - - default default] 10.0.0.55 "GET /v2.0/ports?device_id=93f75f30-21c3-44a0-90a7-9215c14e25af HTTP/1.1" status: 200 len: 1172 time: 0.0452905
2026-05-20 07:09:32.106 9 INFO neutron.wsgi [req-5eb0805e-423e-47b2-b38e-c610ed845fe5 req-891de47f-cd23-4794-9450-6fcfe915eb4d 8fff335e4133479d828ffd0ad38a463e 8fee2c3815534d52982bb237388f5055 - - default default] 10.0.0.55 "GET /v2.0/ports?device_id=36955cb1-2128-4d1b-8e43-ee124e6a3f44 HTTP/1.1" status: 200 len: 1170 time: 0.0415833
2026-05-20 07:09:32.172 10 INFO neutron.plugins.ml2.drivers.ovn.mech_driver.mech_driver [None req-ed8c4629-c033-46f9-94f7-bab59ea5be2e - - - - - -] OVN reports status up for port: dadccb7f-ee90-4549-860f-9d7aecaa1632
2026-05-20 07:09:32.185 10 INFO neutron.wsgi [req-3dda5695-8374-4bd7-94fa-425909d4ed01 req-8e8fb60a-4174-4a4c-814e-4bafe4f61b74 8b641aef2468411c8f8bd7fb404843a4 0af51a4420034db190867176d0857e95 - - default default] 10.0.0.55 "GET /v2.0/security-groups?id=4d8aa1da-bcc3-4eea-a7f7-cfde388e7541&fields=id&fields=name HTTP/1.1" status: 200 len: 312 time: 0.0837069
2026-05-20 07:09:32.186 10 INFO neutron.plugins.ml2.plugin [None req-ed8c4629-c033-46f9-94f7-bab59ea5be2e - - - - - -] Attempt 1 to provision port dadccb7f-ee90-4549-860f-9d7aecaa1632
2026-05-20 07:09:32.404 9 INFO neutron.db.l3_db [None req-fd37e8d0-1f96-41d0-89bb-40b8d044e15e 8fff335e4133479d828ffd0ad38a463e 8fee2c3815534d52982bb237388f5055 - - default default] Floating IP f49e1a0a-3c0d-4628-b72e-834ed7858bf1 associated. External IP: 10.96.250.212, port: cf8d9ae7-28e6-4d91-b390-45f778cdf845.
2026-05-20 07:09:32.512 10 INFO neutron.db.ovn_revision_numbers_db [None req-ed8c4629-c033-46f9-94f7-bab59ea5be2e - - - - - -] Successfully bumped revision number for resource dadccb7f-ee90-4549-860f-9d7aecaa1632 (type: ports) to 6
2026-05-20 07:09:32.523 10 INFO neutron.db.ovn_revision_numbers_db [None req-e7ed4e71-a2bc-4c77-9af5-cc3ca0f4b5af 06281425a9784c22b3d2faee7dae0ad5 8186bed1677a4b208882cca37aded2db - - default default] Successfully bumped revision number for resource ed559374-038f-4670-aa84-9ff68ea7cd0a (type: security_groups) to 1
2026-05-20 07:09:32.558 10 INFO neutron.db.ovn_revision_numbers_db [None req-e7ed4e71-a2bc-4c77-9af5-cc3ca0f4b5af 06281425a9784c22b3d2faee7dae0ad5 8186bed1677a4b208882cca37aded2db - - default default] Successfully bumped revision number for resource 68ec5dcd-32c0-41bb-af31-c7cf31a1e886 (type: security_group_rules) to 0
2026-05-20 07:09:32.582 10 INFO neutron.db.ovn_revision_numbers_db [None req-e7ed4e71-a2bc-4c77-9af5-cc3ca0f4b5af 06281425a9784c22b3d2faee7dae0ad5 8186bed1677a4b208882cca37aded2db - - default default] Successfully bumped revision number for resource 7fb9dd99-9bc5-46c4-a6db-d62a10ca1d1d (type: security_group_rules) to 0
2026-05-20 07:09:32.602 10 INFO neutron.db.ovn_revision_numbers_db [None req-e7ed4e71-a2bc-4c77-9af5-cc3ca0f4b5af 06281425a9784c22b3d2faee7dae0ad5 8186bed1677a4b208882cca37aded2db - - default default] Successfully bumped revision number for resource b382885c-274f-4d4a-851d-281ff7b98a5a (type: security_group_rules) to 0
2026-05-20 07:09:32.638 9 INFO neutron.db.ovn_revision_numbers_db [None req-fd37e8d0-1f96-41d0-89bb-40b8d044e15e 8fff335e4133479d828ffd0ad38a463e 8fee2c3815534d52982bb237388f5055 - - default default] Successfully bumped revision number for resource f49e1a0a-3c0d-4628-b72e-834ed7858bf1 (type: floatingips) to 1
2026-05-20 07:09:32.650 10 INFO neutron.db.ovn_revision_numbers_db [None req-e7ed4e71-a2bc-4c77-9af5-cc3ca0f4b5af 06281425a9784c22b3d2faee7dae0ad5 8186bed1677a4b208882cca37aded2db - - default default] Successfully bumped revision number for resource da7e8673-d17f-4184-b864-32f80f706bff (type: security_group_rules) to 0
2026-05-20 07:09:32.695 10 INFO neutron.wsgi [None req-e7ed4e71-a2bc-4c77-9af5-cc3ca0f4b5af 06281425a9784c22b3d2faee7dae0ad5 8186bed1677a4b208882cca37aded2db - - default default] 10.0.0.146 "GET /v2.0/security-groups?tenant_id=a8fc7a925734458a85e4334e8e97d838&name=default HTTP/1.1" status: 200 len: 2996 time: 0.5560272
2026-05-20 07:09:32.825 9 INFO neutron.db.ovn_revision_numbers_db [None req-fd37e8d0-1f96-41d0-89bb-40b8d044e15e 8fff335e4133479d828ffd0ad38a463e 8fee2c3815534d52982bb237388f5055 - - default default] Successfully bumped revision number for resource f49e1a0a-3c0d-4628-b72e-834ed7858bf1 (type: floatingips) to 2
2026-05-20 07:09:32.852 9 INFO neutron.wsgi [None req-fd37e8d0-1f96-41d0-89bb-40b8d044e15e 8fff335e4133479d828ffd0ad38a463e 8fee2c3815534d52982bb237388f5055 - - default default] 10.0.0.146 "PUT /v2.0/floatingips/f49e1a0a-3c0d-4628-b72e-834ed7858bf1 HTTP/1.1" status: 200 len: 1049 time: 0.7349594
2026-05-20 07:09:32.948 9 INFO neutron.wsgi [req-6ec47c6f-0096-4005-a9bf-0e14db3a11a1 req-cbda7a1e-23eb-4e1f-ae52-acab9e78fd75 8fff335e4133479d828ffd0ad38a463e 8fee2c3815534d52982bb237388f5055 - - default default] 10.0.0.55 "GET /v2.0/ports?device_id=36955cb1-2128-4d1b-8e43-ee124e6a3f44 HTTP/1.1" status: 200 len: 1170 time: 0.0501354
2026-05-20 07:09:32.998 9 INFO neutron.wsgi [req-6ec47c6f-0096-4005-a9bf-0e14db3a11a1 req-737422e0-6089-4e21-9883-b1a722d7238d 8fff335e4133479d828ffd0ad38a463e 8fee2c3815534d52982bb237388f5055 - - default default] 10.0.0.55 "GET /v2.0/security-groups?id=515021b8-c585-40ce-9729-0e8a28fbf89c&fields=id&fields=name HTTP/1.1" status: 200 len: 313 time: 0.0441885
2026-05-20 07:09:33.023 9 INFO neutron.wsgi [None req-356a1219-3bf7-4c9e-93e3-62ae9b6f87cb 06281425a9784c22b3d2faee7dae0ad5 8186bed1677a4b208882cca37aded2db - - default default] 10.0.0.146 "DELETE /v2.0/security-groups/ed559374-038f-4670-aa84-9ff68ea7cd0a HTTP/1.1" status: 204 len: 168 time: 0.3145523
2026-05-20 07:09:33.100 9 INFO neutron.notifiers.nova [-] Nova event matching ['req-22f6341a-feea-4fd4-90f3-4f95bcdfdf2b'] response: {'name': 'network-changed', 'server_uuid': '36955cb1-2128-4d1b-8e43-ee124e6a3f44', 'tag': 'cf8d9ae7-28e6-4d91-b390-45f778cdf845', 'status': 'completed', 'code': 200}
2026-05-20 07:09:33.165 9 INFO neutron.wsgi [req-b56fa933-116f-438c-b3e3-39a4aaf332ad req-9fcaa58d-7f9d-42a5-b341-fa9f96b2989c 64f25fb985e7497f90de0dd42d3bbd4a 17045bc7166d4b66acf8eec085116eb7 - - 269e623bd77f4e5a98c27f915381d443 269e623bd77f4e5a98c27f915381d443] 199.19.213.87 "GET /v2.0/ports?tenant_id=8fee2c3815534d52982bb237388f5055&device_id=36955cb1-2128-4d1b-8e43-ee124e6a3f44 HTTP/1.1" status: 200 len: 1409 time: 0.0508294
2026-05-20 07:09:33.241 9 INFO neutron.wsgi [req-b56fa933-116f-438c-b3e3-39a4aaf332ad req-0cdd1303-4559-45de-8fba-23e5af32cb88 64f25fb985e7497f90de0dd42d3bbd4a 17045bc7166d4b66acf8eec085116eb7 - - 269e623bd77f4e5a98c27f915381d443 269e623bd77f4e5a98c27f915381d443] 199.19.213.87 "GET /v2.0/networks?id=3a4b83eb-3690-4f0a-83c4-5be3673ff991 HTTP/1.1" status: 200 len: 965 time: 0.0677917 /var/lib/openstack/lib/python3.10/site-packages/pycadf/identifier.py:71: UserWarning: Invalid uuid: neutron. To ensure interoperability, identifiers should be a valid uuid. warnings.warn(('Invalid uuid: %s. To ensure interoperability, '
2026-05-20 07:09:33.295 9 INFO neutron.plugins.ml2.drivers.ovn.mech_driver.mech_driver [None req-7de7cda1-0d34-46c3-8fb7-0ddde9e761ac - - - - - -] OVN reports status down for port: cf8d9ae7-28e6-4d91-b390-45f778cdf845
2026-05-20 07:09:33.306 10 INFO neutron.wsgi [req-2d4d1357-d4d2-4db9-b683-c20f0fa6e4bb req-0480a4d8-117f-4a51-a8c5-b3e3fabe801c 8fff335e4133479d828ffd0ad38a463e 8fee2c3815534d52982bb237388f5055 - - default default] 10.0.0.55 "GET /v2.0/ports?device_id=36955cb1-2128-4d1b-8e43-ee124e6a3f44 HTTP/1.1" status: 200 len: 1170 time: 0.0428798
2026-05-20 07:09:33.320 9 INFO neutron.wsgi [req-272b6dd1-02ec-478c-b367-01ee2abaa62b req-346c1d8f-9d66-41eb-b67a-2befc9040965 8b641aef2468411c8f8bd7fb404843a4 0af51a4420034db190867176d0857e95 - - default default] 10.0.0.55 "GET /v2.0/ports?device_id=93f75f30-21c3-44a0-90a7-9215c14e25af HTTP/1.1" status: 200 len: 1174 time: 0.0552666
2026-05-20 07:09:33.325 9 INFO neutron.wsgi [req-b56fa933-116f-438c-b3e3-39a4aaf332ad req-9bf7d498-3303-4bbd-8247-1ded7c9f30f5 64f25fb985e7497f90de0dd42d3bbd4a 17045bc7166d4b66acf8eec085116eb7 - - 269e623bd77f4e5a98c27f915381d443 269e623bd77f4e5a98c27f915381d443] 199.19.213.87 "GET /v2.0/floatingips?fixed_ip_address=10.100.0.6&port_id=cf8d9ae7-28e6-4d91-b390-45f778cdf845 HTTP/1.1" status: 200 len: 1059 time: 0.0775290
2026-05-20 07:09:33.347 10 INFO neutron.wsgi [req-2d4d1357-d4d2-4db9-b683-c20f0fa6e4bb req-3772be56-97fc-494f-a8cf-5e653344bca8 8fff335e4133479d828ffd0ad38a463e 8fee2c3815534d52982bb237388f5055 - - default default] 10.0.0.55 "GET /v2.0/security-groups?id=515021b8-c585-40ce-9729-0e8a28fbf89c&fields=id&fields=name HTTP/1.1" status: 200 len: 313 time: 0.0350509
2026-05-20 07:09:33.390 9 INFO neutron.wsgi [req-b56fa933-116f-438c-b3e3-39a4aaf332ad req-e8b52a2d-e084-4cfd-9ab6-ef44f56b548d 64f25fb985e7497f90de0dd42d3bbd4a 17045bc7166d4b66acf8eec085116eb7 - - 269e623bd77f4e5a98c27f915381d443 269e623bd77f4e5a98c27f915381d443] 199.19.213.87 "GET /v2.0/subnets?id=1f6e06fc-5721-4a6b-a0ae-51b50c1933b9 HTTP/1.1" status: 200 len: 861 time: 0.0506854
2026-05-20 07:09:33.395 9 INFO neutron.wsgi [req-272b6dd1-02ec-478c-b367-01ee2abaa62b req-69c5943f-9ab4-4381-9ffa-6471f3f7d65e 8b641aef2468411c8f8bd7fb404843a4 0af51a4420034db190867176d0857e95 - - default default] 10.0.0.55 "GET /v2.0/security-groups?id=4d8aa1da-bcc3-4eea-a7f7-cfde388e7541&fields=id&fields=name HTTP/1.1" status: 200 len: 312 time: 0.0661347
2026-05-20 07:09:33.426 9 INFO neutron.wsgi [req-b56fa933-116f-438c-b3e3-39a4aaf332ad req-5b48e6c7-0887-4613-8b90-26087d9358d3 64f25fb985e7497f90de0dd42d3bbd4a 17045bc7166d4b66acf8eec085116eb7 - - 269e623bd77f4e5a98c27f915381d443 269e623bd77f4e5a98c27f915381d443] 199.19.213.87 "GET /v2.0/ports?network_id=3a4b83eb-3690-4f0a-83c4-5be3673ff991&device_owner=network%3Adhcp HTTP/1.1" status: 200 len: 210 time: 0.0269651
2026-05-20 07:09:33.515 9 INFO neutron.db.ovn_revision_numbers_db [None req-de7609ac-a9fb-49ed-8598-8b7f5e5ce60f 06281425a9784c22b3d2faee7dae0ad5 8186bed1677a4b208882cca37aded2db - - default default] Successfully bumped revision number for resource c50fc040-63d1-4a59-b861-d4c15ede25a4 (type: security_groups) to 1
2026-05-20 07:09:33.531 9 INFO neutron.wsgi [req-b56fa933-116f-438c-b3e3-39a4aaf332ad req-96bce6fb-630e-4ae7-92fe-0d6771016495 64f25fb985e7497f90de0dd42d3bbd4a 17045bc7166d4b66acf8eec085116eb7 - - 269e623bd77f4e5a98c27f915381d443 269e623bd77f4e5a98c27f915381d443] 199.19.213.87 "GET /v2.0/networks/3a4b83eb-3690-4f0a-83c4-5be3673ff991?fields=segments HTTP/1.1" status: 200 len: 212 time: 0.0954704
2026-05-20 07:09:33.562 9 INFO neutron.db.ovn_revision_numbers_db [None req-de7609ac-a9fb-49ed-8598-8b7f5e5ce60f 06281425a9784c22b3d2faee7dae0ad5 8186bed1677a4b208882cca37aded2db - - default default] Successfully bumped revision number for resource 168cf1be-e6fc-4702-b5ec-1a5fcda39662 (type: security_group_rules) to 0
2026-05-20 07:09:33.724 10 INFO neutron.notifiers.nova [-] Nova event matching ['req-cad3801f-5238-4332-a8a8-89f19c5be7c6'] response: {'server_uuid': '93f75f30-21c3-44a0-90a7-9215c14e25af', 'name': 'network-vif-plugged', 'status': 'completed', 'tag': 'dadccb7f-ee90-4549-860f-9d7aecaa1632', 'code': 200}
2026-05-20 07:09:33.724 10 INFO neutron.notifiers.nova [-] Nova event matching ['req-cad3801f-5238-4332-a8a8-89f19c5be7c6'] response: {'server_uuid': '93f75f30-21c3-44a0-90a7-9215c14e25af', 'name': 'network-vif-plugged', 'status': 'completed', 'tag': 'dadccb7f-ee90-4549-860f-9d7aecaa1632', 'code': 200}
2026-05-20 07:09:33.725 10 INFO neutron.notifiers.nova [-] Nova event matching ['req-cad3801f-5238-4332-a8a8-89f19c5be7c6'] response: {'server_uuid': '93f75f30-21c3-44a0-90a7-9215c14e25af', 'name': 'network-vif-plugged', 'status': 'completed', 'tag': 'dadccb7f-ee90-4549-860f-9d7aecaa1632', 'code': 200}
2026-05-20 07:09:33.820 9 INFO neutron.db.ovn_revision_numbers_db [None req-de7609ac-a9fb-49ed-8598-8b7f5e5ce60f 06281425a9784c22b3d2faee7dae0ad5 8186bed1677a4b208882cca37aded2db - - default default] Successfully bumped revision number for resource 401ba6bc-4d0d-4db5-93a5-cb98dd87b4db (type: security_group_rules) to 0
2026-05-20 07:09:33.828 9 INFO neutron.wsgi [req-27d8673c-5de5-43c0-8274-e9901b3f2e0d req-a77c5c18-9d07-4b17-b52f-31b701264850 8fff335e4133479d828ffd0ad38a463e 8fee2c3815534d52982bb237388f5055 - - default default] 199.19.213.87 "GET /v2.0/ports?device_id=36955cb1-2128-4d1b-8e43-ee124e6a3f44 HTTP/1.1" status: 200 len: 1168 time: 0.2645068
2026-05-20 07:09:33.864 9 INFO neutron.db.ovn_revision_numbers_db [None req-de7609ac-a9fb-49ed-8598-8b7f5e5ce60f 06281425a9784c22b3d2faee7dae0ad5 8186bed1677a4b208882cca37aded2db - - default default] Successfully bumped revision number for resource 55a78463-bcdb-4d5a-8856-339742ddfb8f (type: security_group_rules) to 0
2026-05-20 07:09:33.883 9 INFO neutron.wsgi [req-b56fa933-116f-438c-b3e3-39a4aaf332ad req-47d5ad26-a3e0-42d7-bd39-ecabd93d5613 64f25fb985e7497f90de0dd42d3bbd4a 17045bc7166d4b66acf8eec085116eb7 - - 269e623bd77f4e5a98c27f915381d443 269e623bd77f4e5a98c27f915381d443] 199.19.213.87 "GET /v2.0/networks/3a4b83eb-3690-4f0a-83c4-5be3673ff991?fields=provider%3Aphysical_network&fields=provider%3Anetwork_type HTTP/1.1" status: 200 len: 277 time: 0.3449116
2026-05-20 07:09:33.897 9 INFO neutron.db.ovn_revision_numbers_db [None req-de7609ac-a9fb-49ed-8598-8b7f5e5ce60f 06281425a9784c22b3d2faee7dae0ad5 8186bed1677a4b208882cca37aded2db - - default default] Successfully bumped revision number for resource c2af2e19-6b10-4382-83c8-c9985a3d8877 (type: security_group_rules) to 0
2026-05-20 07:09:33.925 9 INFO neutron.wsgi [None req-de7609ac-a9fb-49ed-8598-8b7f5e5ce60f 06281425a9784c22b3d2faee7dae0ad5 8186bed1677a4b208882cca37aded2db - - default default] 10.0.0.146 "GET /v2.0/security-groups?tenant_id=4ba6fd68099342f1866a87bd10a29615&name=default HTTP/1.1" status: 200 len: 2996 time: 0.6748269
2026-05-20 07:09:34.037 9 INFO neutron.db.ovn_revision_numbers_db [None req-7de7cda1-0d34-46c3-8fb7-0ddde9e761ac - - - - - -] Successfully bumped revision number for resource cf8d9ae7-28e6-4d91-b390-45f778cdf845 (type: ports) to 5
2026-05-20 07:09:34.141 10 INFO neutron.wsgi [None req-00e6dafa-fa2a-44f9-abee-87428e4719eb 06281425a9784c22b3d2faee7dae0ad5 8186bed1677a4b208882cca37aded2db - - default default] 10.0.0.146 "DELETE /v2.0/security-groups/c50fc040-63d1-4a59-b861-d4c15ede25a4 HTTP/1.1" status: 204 len: 168 time: 0.2085018
2026-05-20 07:09:34.191 9 INFO neutron.db.l3_db [req-27d8673c-5de5-43c0-8274-e9901b3f2e0d req-8a599ce8-4be9-48e0-97a3-20516d1f4ad3 8fff335e4133479d828ffd0ad38a463e 8fee2c3815534d52982bb237388f5055 - - default default] Floating IP f49e1a0a-3c0d-4628-b72e-834ed7858bf1 disassociated. External IP: 10.96.250.212, port: cf8d9ae7-28e6-4d91-b390-45f778cdf845.
2026-05-20 07:09:34.371 9 INFO neutron.wsgi [req-27d8673c-5de5-43c0-8274-e9901b3f2e0d req-8a599ce8-4be9-48e0-97a3-20516d1f4ad3 8fff335e4133479d828ffd0ad38a463e 8fee2c3815534d52982bb237388f5055 - - default default] 199.19.213.87 "DELETE /v2.0/ports/cf8d9ae7-28e6-4d91-b390-45f778cdf845 HTTP/1.1" status: 204 len: 173 time: 0.5361824 /var/lib/openstack/lib/python3.10/site-packages/pycadf/identifier.py:71: UserWarning: Invalid uuid: neutron. To ensure interoperability, identifiers should be a valid uuid. warnings.warn(('Invalid uuid: %s. To ensure interoperability, '
2026-05-20 07:09:34.461 9 INFO neutron.wsgi [req-5717e775-d35d-4d83-a827-adcce3ec2b58 req-c875f96a-ffeb-4f84-99d1-01de04a184a5 8fff335e4133479d828ffd0ad38a463e 8fee2c3815534d52982bb237388f5055 - - default default] 10.0.0.55 "GET /v2.0/ports?device_id=36955cb1-2128-4d1b-8e43-ee124e6a3f44 HTTP/1.1" status: 200 len: 210 time: 0.0306730 /var/lib/openstack/lib/python3.10/site-packages/pycadf/identifier.py:71: UserWarning: Invalid uuid: neutron. To ensure interoperability, identifiers should be a valid uuid. warnings.warn(('Invalid uuid: %s. To ensure interoperability, '
2026-05-20 07:09:35.117 10 INFO neutron.db.ovn_revision_numbers_db [None req-e67e376e-cc9f-4b5a-8c56-81c55ac09ba0 06281425a9784c22b3d2faee7dae0ad5 8186bed1677a4b208882cca37aded2db - - default default] Successfully bumped revision number for resource 6aebced8-551d-45d1-9979-895958782e28 (type: security_groups) to 1
2026-05-20 07:09:35.144 10 INFO neutron.db.ovn_revision_numbers_db [None req-e67e376e-cc9f-4b5a-8c56-81c55ac09ba0 06281425a9784c22b3d2faee7dae0ad5 8186bed1677a4b208882cca37aded2db - - default default] Successfully bumped revision number for resource 4dcdd85b-8a09-4a44-8c2c-02648a17c146 (type: security_group_rules) to 0
2026-05-20 07:09:35.160 10 INFO neutron.db.ovn_revision_numbers_db [None req-e67e376e-cc9f-4b5a-8c56-81c55ac09ba0 06281425a9784c22b3d2faee7dae0ad5 8186bed1677a4b208882cca37aded2db - - default default] Successfully bumped revision number for resource 658c5ad2-4bd4-4c27-b703-c77c33b9a1cf (type: security_group_rules) to 0
2026-05-20 07:09:35.163 9 INFO neutron.notifiers.nova [-] Nova event matching ['req-a8b584c8-36d8-44f4-92ea-c90e1d2d5004'] response: {'server_uuid': '36955cb1-2128-4d1b-8e43-ee124e6a3f44', 'name': 'network-vif-unplugged', 'status': 'completed', 'tag': 'cf8d9ae7-28e6-4d91-b390-45f778cdf845', 'code': 200}
2026-05-20 07:09:35.164 9 INFO neutron.notifiers.nova [-] Nova event matching ['req-a8b584c8-36d8-44f4-92ea-c90e1d2d5004'] response: {'server_uuid': '36955cb1-2128-4d1b-8e43-ee124e6a3f44', 'name': 'network-vif-plugged', 'status': 'completed', 'tag': 'cf8d9ae7-28e6-4d91-b390-45f778cdf845', 'code': 200}
2026-05-20 07:09:35.164 9 INFO neutron.notifiers.nova [-] Nova event matching ['req-a8b584c8-36d8-44f4-92ea-c90e1d2d5004'] response: {'server_uuid': '36955cb1-2128-4d1b-8e43-ee124e6a3f44', 'name': 'network-vif-deleted', 'tag': 'cf8d9ae7-28e6-4d91-b390-45f778cdf845', 'status': 'completed', 'code': 200}
2026-05-20 07:09:35.179 10 INFO neutron.db.ovn_revision_numbers_db [None req-e67e376e-cc9f-4b5a-8c56-81c55ac09ba0 06281425a9784c22b3d2faee7dae0ad5 8186bed1677a4b208882cca37aded2db - - default default] Successfully bumped revision number for resource 754e6787-26b8-4ca7-8141-a68a61f0165a (type: security_group_rules) to 0
2026-05-20 07:09:35.196 10 INFO neutron.db.ovn_revision_numbers_db [None req-e67e376e-cc9f-4b5a-8c56-81c55ac09ba0 06281425a9784c22b3d2faee7dae0ad5 8186bed1677a4b208882cca37aded2db - - default default] Successfully bumped revision number for resource a43dbe5f-cba1-492b-a962-a3f95746cd22 (type: security_group_rules) to 0
2026-05-20 07:09:35.221 10 INFO neutron.wsgi [None req-e67e376e-cc9f-4b5a-8c56-81c55ac09ba0 06281425a9784c22b3d2faee7dae0ad5 8186bed1677a4b208882cca37aded2db - - default default] 10.0.0.146 "GET /v2.0/security-groups?tenant_id=49fe9927559747068437b489b2231048&name=default HTTP/1.1" status: 200 len: 2996 time: 0.3480198
2026-05-20 07:09:35.418 10 INFO neutron.wsgi [None req-789679f4-89b2-49a0-a438-3857981ca74c 06281425a9784c22b3d2faee7dae0ad5 8186bed1677a4b208882cca37aded2db - - default default] 10.0.0.146 "DELETE /v2.0/security-groups/6aebced8-551d-45d1-9979-895958782e28 HTTP/1.1" status: 204 len: 168 time: 0.1929317
2026-05-20 07:09:35.600 9 INFO neutron.db.ovn_revision_numbers_db [None req-72440a55-7af7-4431-af5b-2b211968e0b6 06281425a9784c22b3d2faee7dae0ad5 8186bed1677a4b208882cca37aded2db - - default default] Successfully bumped revision number for resource 8871dbe5-7f0d-47c1-9981-03315472d8e7 (type: security_groups) to 1
2026-05-20 07:09:35.620 9 INFO neutron.db.ovn_revision_numbers_db [None req-72440a55-7af7-4431-af5b-2b211968e0b6 06281425a9784c22b3d2faee7dae0ad5 8186bed1677a4b208882cca37aded2db - - default default] Successfully bumped revision number for resource 16a1e3db-ecb0-40bc-b2ff-73c36c9a0015 (type: security_group_rules) to 0
2026-05-20 07:09:35.636 9 INFO neutron.db.ovn_revision_numbers_db [None req-72440a55-7af7-4431-af5b-2b211968e0b6 06281425a9784c22b3d2faee7dae0ad5 8186bed1677a4b208882cca37aded2db - - default default] Successfully bumped revision number for resource 1f1bbacb-dd74-4f0d-b3a2-fbca8eaea6d9 (type: security_group_rules) to 0
2026-05-20 07:09:35.652 9 INFO neutron.db.ovn_revision_numbers_db [None req-72440a55-7af7-4431-af5b-2b211968e0b6 06281425a9784c22b3d2faee7dae0ad5 8186bed1677a4b208882cca37aded2db - - default default] Successfully bumped revision number for resource 22064b90-d2b3-4df6-8b9c-61046d1c7585 (type: security_group_rules) to 0
2026-05-20 07:09:35.670 9 INFO neutron.db.ovn_revision_numbers_db [None req-72440a55-7af7-4431-af5b-2b211968e0b6 06281425a9784c22b3d2faee7dae0ad5 8186bed1677a4b208882cca37aded2db - - default default] Successfully bumped revision number for resource c74cfdc6-3833-4521-be67-4f0ada9d33cd (type: security_group_rules) to 0
2026-05-20 07:09:35.707 10 INFO neutron.wsgi [None req-a26571fa-94a1-4013-bc74-b31b66252999 8fff335e4133479d828ffd0ad38a463e 8fee2c3815534d52982bb237388f5055 - - default default] 10.0.0.146 "DELETE /v2.0/security-groups/515021b8-c585-40ce-9729-0e8a28fbf89c HTTP/1.1" status: 204 len: 168 time: 0.1396627
2026-05-20 07:09:35.711 9 INFO neutron.wsgi [None req-72440a55-7af7-4431-af5b-2b211968e0b6 06281425a9784c22b3d2faee7dae0ad5 8186bed1677a4b208882cca37aded2db - - default default] 10.0.0.146 "GET /v2.0/security-groups?tenant_id=5bc069fbae054820a023c75df4e7f755&name=default HTTP/1.1" status: 200 len: 2996 time: 0.2120199
2026-05-20 07:09:35.742 10 INFO neutron.api.v2.resource [None req-1c816d4a-2fc1-4bd8-9f00-5305acb59ea0 8fff335e4133479d828ffd0ad38a463e 8fee2c3815534d52982bb237388f5055 - - default default] show failed (client error): The resource could not be found.
2026-05-20 07:09:35.744 10 INFO neutron.wsgi [None req-1c816d4a-2fc1-4bd8-9f00-5305acb59ea0 8fff335e4133479d828ffd0ad38a463e 8fee2c3815534d52982bb237388f5055 - - default default] 10.0.0.146 "GET /v2.0/security-groups/515021b8-c585-40ce-9729-0e8a28fbf89c HTTP/1.1" status: 404 len: 347 time: 0.0323482
2026-05-20 07:09:35.921 9 INFO neutron.wsgi [None req-2a58b253-b643-49e7-a63c-c063d3b8cd77 06281425a9784c22b3d2faee7dae0ad5 8186bed1677a4b208882cca37aded2db - - default default] 10.0.0.146 "DELETE /v2.0/security-groups/8871dbe5-7f0d-47c1-9981-03315472d8e7 HTTP/1.1" status: 204 len: 168 time: 0.2063115
2026-05-20 07:09:36.126 10 INFO neutron.wsgi [None req-88679897-ac24-41e5-a880-2f09a3d04143 8fff335e4133479d828ffd0ad38a463e 8fee2c3815534d52982bb237388f5055 - - default default] 10.0.0.146 "DELETE /v2.0/floatingips/f49e1a0a-3c0d-4628-b72e-834ed7858bf1 HTTP/1.1" status: 204 len: 168 time: 0.3778884
2026-05-20 07:09:36.448 10 INFO neutron.db.ovn_revision_numbers_db [None req-f8fae0be-ee18-4cf4-a9c5-0681823e007f 6f821b4f79af497da16a44fe5ce3a45d 0a12bd03ce1e4023960c8b9fb7d9f781 - - default default] Successfully bumped revision number for resource 8a31a9cf-c906-40da-8434-d8bf2155acb8 (type: security_groups) to 1
2026-05-20 07:09:36.473 10 INFO neutron.db.ovn_revision_numbers_db [None req-f8fae0be-ee18-4cf4-a9c5-0681823e007f 6f821b4f79af497da16a44fe5ce3a45d 0a12bd03ce1e4023960c8b9fb7d9f781 - - default default] Successfully bumped revision number for resource 176934a1-1e9d-46cc-97f5-ec03884c6300 (type: security_group_rules) to 0
2026-05-20 07:09:36.487 10 INFO neutron.db.ovn_revision_numbers_db [None req-f8fae0be-ee18-4cf4-a9c5-0681823e007f 6f821b4f79af497da16a44fe5ce3a45d 0a12bd03ce1e4023960c8b9fb7d9f781 - - default default] Successfully bumped revision number for resource 6e7b491f-0790-486c-a5a3-31573ba6f8f2 (type: security_group_rules) to 0
2026-05-20 07:09:36.510 10 INFO neutron.db.ovn_revision_numbers_db [None req-f8fae0be-ee18-4cf4-a9c5-0681823e007f 6f821b4f79af497da16a44fe5ce3a45d 0a12bd03ce1e4023960c8b9fb7d9f781 - - default default] Successfully bumped revision number for resource 922e4fbd-1d26-4768-a68b-6449825dadb9 (type: security_group_rules) to 0
2026-05-20 07:09:36.528 10 INFO neutron.db.ovn_revision_numbers_db [None req-f8fae0be-ee18-4cf4-a9c5-0681823e007f 6f821b4f79af497da16a44fe5ce3a45d 0a12bd03ce1e4023960c8b9fb7d9f781 - - default default] Successfully bumped revision number for resource c671b43e-29f5-4342-bd15-b1782c5020c3 (type: security_group_rules) to 0
2026-05-20 07:09:36.616 10 INFO neutron.db.segments_db [None req-f8fae0be-ee18-4cf4-a9c5-0681823e007f 6f821b4f79af497da16a44fe5ce3a45d 0a12bd03ce1e4023960c8b9fb7d9f781 - - default default] Added segment 558deeaa-b980-4c81-8102-a9b754b9bf99 of type geneve for network a7b84e34-21a8-498e-bcd9-2011d7e15a6b
2026-05-20 07:09:36.814 10 INFO neutron.db.ovn_revision_numbers_db [None req-f8fae0be-ee18-4cf4-a9c5-0681823e007f 6f821b4f79af497da16a44fe5ce3a45d 0a12bd03ce1e4023960c8b9fb7d9f781 - - default default] Successfully bumped revision number for resource a7b84e34-21a8-498e-bcd9-2011d7e15a6b (type: networks) to 1
2026-05-20 07:09:37.044 10 WARNING neutron.scheduler.dhcp_agent_scheduler [None req-f8fae0be-ee18-4cf4-a9c5-0681823e007f 6f821b4f79af497da16a44fe5ce3a45d 0a12bd03ce1e4023960c8b9fb7d9f781 - - default default] No more DHCP agents
2026-05-20 07:09:37.046 10 WARNING neutron.api.rpc.agentnotifiers.dhcp_rpc_agent_api [None req-f8fae0be-ee18-4cf4-a9c5-0681823e007f 6f821b4f79af497da16a44fe5ce3a45d 0a12bd03ce1e4023960c8b9fb7d9f781 - - default default] Unable to schedule network a7b84e34-21a8-498e-bcd9-2011d7e15a6b: no agents available; will retry on subsequent port and subnet creation events.
2026-05-20 07:09:37.299 10 INFO neutron.db.ovn_revision_numbers_db [None req-f8fae0be-ee18-4cf4-a9c5-0681823e007f 6f821b4f79af497da16a44fe5ce3a45d 0a12bd03ce1e4023960c8b9fb7d9f781 - - default default] Successfully bumped revision number for resource 0e793279-7684-45a6-b67c-3667b211b03f (type: ports) to 1
2026-05-20 07:09:37.329 10 INFO neutron.wsgi [None req-f8fae0be-ee18-4cf4-a9c5-0681823e007f 6f821b4f79af497da16a44fe5ce3a45d 0a12bd03ce1e4023960c8b9fb7d9f781 - - default default] 10.0.0.146 "POST /v2.0/networks HTTP/1.1" status: 201 len: 846 time: 1.2258232
2026-05-20 07:09:37.436 10 INFO neutron.wsgi [None req-4c4e7662-0c6a-489b-9c85-fc7d9f8fadfb 06281425a9784c22b3d2faee7dae0ad5 8186bed1677a4b208882cca37aded2db - - default default] 10.0.0.146 "PUT /v2.0/routers/bda2d202-8796-4cc9-8ca9-b7552ace4a74/remove_router_interface HTTP/1.1" status: 200 len: 503 time: 1.3041589 /var/lib/openstack/lib/python3.10/site-packages/pycadf/identifier.py:71: UserWarning: Invalid uuid: neutron. To ensure interoperability, identifiers should be a valid uuid. warnings.warn(('Invalid uuid: %s. To ensure interoperability, '
