2026-05-20 07:10:44.727 9 INFO neutron.wsgi [None req-306a1781-9ab4-4c1b-9c9a-0ac6eac66ff1 05ba09ceb5ed4bc8a946c8460f4c21fd 41ae2a3864e0437c8368b4ec69ec3018 - - default default] 10.0.0.146 "POST /v2.0/floatingips HTTP/1.1" status: 201 len: 751 time: 0.7078638 /var/lib/openstack/lib/python3.10/site-packages/pycadf/identifier.py:71: UserWarning: Invalid uuid: neutron. To ensure interoperability, identifiers should be a valid uuid. warnings.warn(('Invalid uuid: %s. To ensure interoperability, '
2026-05-20 07:10:44.793 9 WARNING neutron.scheduler.dhcp_agent_scheduler [None req-f38f74e9-20cf-451e-b10e-1c5672544bcd 0e6d90be44374d419b3126fb852a5396 01451daccedc49b6a192b9f0d4152a46 - - default default] No more DHCP agents
2026-05-20 07:10:44.810 9 WARNING neutron.api.rpc.agentnotifiers.dhcp_rpc_agent_api [None req-f38f74e9-20cf-451e-b10e-1c5672544bcd 0e6d90be44374d419b3126fb852a5396 01451daccedc49b6a192b9f0d4152a46 - - default default] Unable to schedule network 70c96d45-80b6-4a6a-bdc6-1599d2526d93: no agents available; will retry on subsequent port and subnet creation events.
2026-05-20 07:10:44.896 10 INFO neutron.wsgi [None req-ba2219bb-537b-4b91-8d28-0f5fb352f129 18d1476d697f48e383cf604e51d6f0fe 630ed745446f4f4b9b94bde7d76c48eb - - default default] 10.0.0.146 "DELETE /v2.0/networks/a6173a72-a018-4822-83ac-c5f8f95232f8 HTTP/1.1" status: 204 len: 168 time: 0.3636770
2026-05-20 07:10:44.923 9 INFO neutron.db.ovn_revision_numbers_db [None req-f38f74e9-20cf-451e-b10e-1c5672544bcd 0e6d90be44374d419b3126fb852a5396 01451daccedc49b6a192b9f0d4152a46 - - default default] Successfully bumped revision number for resource dd55a387-900a-41c6-9020-312fb932cacf (type: ports) to 1
2026-05-20 07:10:44.965 9 WARNING neutron.scheduler.dhcp_agent_scheduler [None req-f38f74e9-20cf-451e-b10e-1c5672544bcd 0e6d90be44374d419b3126fb852a5396 01451daccedc49b6a192b9f0d4152a46 - - default default] No more DHCP agents
2026-05-20 07:10:44.975 9 WARNING neutron.api.rpc.agentnotifiers.dhcp_rpc_agent_api [None req-f38f74e9-20cf-451e-b10e-1c5672544bcd 0e6d90be44374d419b3126fb852a5396 01451daccedc49b6a192b9f0d4152a46 - - default default] Unable to schedule network bfed94b6-382b-4014-927c-cfa6bf4a3c50: no agents available; will retry on subsequent port and subnet creation events.
2026-05-20 07:10:45.095 9 INFO neutron.db.ovn_revision_numbers_db [None req-f38f74e9-20cf-451e-b10e-1c5672544bcd 0e6d90be44374d419b3126fb852a5396 01451daccedc49b6a192b9f0d4152a46 - - default default] Successfully bumped revision number for resource b9e0b22e-4c67-4b80-a685-612dd0de7f6d (type: ports) to 1
2026-05-20 07:10:45.103 9 WARNING neutron.scheduler.dhcp_agent_scheduler [None req-fb9f9e0b-f52f-4654-b519-98dd38775690 05ba09ceb5ed4bc8a946c8460f4c21fd 41ae2a3864e0437c8368b4ec69ec3018 - - default default] No more DHCP agents
2026-05-20 07:10:45.112 9 WARNING neutron.api.rpc.agentnotifiers.dhcp_rpc_agent_api [None req-fb9f9e0b-f52f-4654-b519-98dd38775690 05ba09ceb5ed4bc8a946c8460f4c21fd 41ae2a3864e0437c8368b4ec69ec3018 - - default default] Unable to schedule network 8df4941b-3249-4485-b9d1-69078b3362cc: no agents available; will retry on subsequent port and subnet creation events.
2026-05-20 07:10:45.140 9 INFO neutron.wsgi [None req-f38f74e9-20cf-451e-b10e-1c5672544bcd 0e6d90be44374d419b3126fb852a5396 01451daccedc49b6a192b9f0d4152a46 - - default default] 10.0.0.146 "POST /v2.0/ports HTTP/1.1" status: 201 len: 1706 time: 0.8983178 /var/lib/openstack/lib/python3.10/site-packages/pycadf/identifier.py:71: UserWarning: Invalid uuid: neutron. To ensure interoperability, identifiers should be a valid uuid. warnings.warn(('Invalid uuid: %s. To ensure interoperability, '
2026-05-20 07:10:45.300 10 INFO neutron.wsgi [None req-1138523e-6494-46c4-8af0-075bf0834cfd 18d1476d697f48e383cf604e51d6f0fe 630ed745446f4f4b9b94bde7d76c48eb - - default default] 10.0.0.146 "DELETE /v2.0/networks/a277b789-7fd4-4329-af98-689efd442899 HTTP/1.1" status: 204 len: 168 time: 0.3938975
2026-05-20 07:10:45.401 10 INFO neutron.db.segments_db [None req-5101b04b-d096-4835-a26a-1e9b80d7265d 18d1476d697f48e383cf604e51d6f0fe 630ed745446f4f4b9b94bde7d76c48eb - - default default] Added segment db0a9ac9-650a-45a6-8085-2c4b5529eca1 of type geneve for network 73028f9b-2bc3-4e2c-8f2c-085cecc1db47
2026-05-20 07:10:45.500 9 INFO neutron.wsgi [None req-c6a99518-1eaa-4c21-99a0-2eda9cceb0bc 0e6d90be44374d419b3126fb852a5396 01451daccedc49b6a192b9f0d4152a46 - - default default] 10.0.0.146 "GET /v2.0/ports HTTP/1.1" status: 200 len: 3213 time: 0.3547497
2026-05-20 07:10:45.561 10 INFO neutron.db.ovn_revision_numbers_db [None req-5101b04b-d096-4835-a26a-1e9b80d7265d 18d1476d697f48e383cf604e51d6f0fe 630ed745446f4f4b9b94bde7d76c48eb - - default default] Successfully bumped revision number for resource 73028f9b-2bc3-4e2c-8f2c-085cecc1db47 (type: networks) to 1
2026-05-20 07:10:45.618 9 INFO neutron.db.ovn_revision_numbers_db [None req-7f7e470c-610c-4022-99d9-923e76aa0016 06281425a9784c22b3d2faee7dae0ad5 8186bed1677a4b208882cca37aded2db - - default default] Successfully bumped revision number for resource 420876fd-2d7a-4f98-b8ee-4459bfd57d56 (type: security_groups) to 1
2026-05-20 07:10:45.644 9 INFO neutron.db.ovn_revision_numbers_db [None req-7f7e470c-610c-4022-99d9-923e76aa0016 06281425a9784c22b3d2faee7dae0ad5 8186bed1677a4b208882cca37aded2db - - default default] Successfully bumped revision number for resource 53bb9101-58e5-4807-8f16-d259bbdf6d6e (type: security_group_rules) to 0
2026-05-20 07:10:45.685 9 INFO neutron.db.ovn_revision_numbers_db [None req-7f7e470c-610c-4022-99d9-923e76aa0016 06281425a9784c22b3d2faee7dae0ad5 8186bed1677a4b208882cca37aded2db - - default default] Successfully bumped revision number for resource 782ad55a-6f97-4517-98df-40334dd49603 (type: security_group_rules) to 0
2026-05-20 07:10:45.731 9 INFO neutron.db.ovn_revision_numbers_db [None req-7f7e470c-610c-4022-99d9-923e76aa0016 06281425a9784c22b3d2faee7dae0ad5 8186bed1677a4b208882cca37aded2db - - default default] Successfully bumped revision number for resource a4666751-ab59-4d87-84d7-58e9d83a55b0 (type: security_group_rules) to 0
2026-05-20 07:10:45.750 10 WARNING neutron.scheduler.dhcp_agent_scheduler [None req-5101b04b-d096-4835-a26a-1e9b80d7265d 18d1476d697f48e383cf604e51d6f0fe 630ed745446f4f4b9b94bde7d76c48eb - - default default] No more DHCP agents
2026-05-20 07:10:45.752 10 WARNING neutron.api.rpc.agentnotifiers.dhcp_rpc_agent_api [None req-5101b04b-d096-4835-a26a-1e9b80d7265d 18d1476d697f48e383cf604e51d6f0fe 630ed745446f4f4b9b94bde7d76c48eb - - default default] Unable to schedule network 73028f9b-2bc3-4e2c-8f2c-085cecc1db47: no agents available; will retry on subsequent port and subnet creation events.
2026-05-20 07:10:45.764 9 INFO neutron.db.ovn_revision_numbers_db [None req-7f7e470c-610c-4022-99d9-923e76aa0016 06281425a9784c22b3d2faee7dae0ad5 8186bed1677a4b208882cca37aded2db - - default default] Successfully bumped revision number for resource a87dbcc7-1e6d-43d5-a887-1294adcf257b (type: security_group_rules) to 0
2026-05-20 07:10:45.796 9 INFO neutron.wsgi [None req-7f7e470c-610c-4022-99d9-923e76aa0016 06281425a9784c22b3d2faee7dae0ad5 8186bed1677a4b208882cca37aded2db - - default default] 10.0.0.146 "GET /v2.0/security-groups?tenant_id=5da2966a6dc7433fa0bac86885411f38&name=default HTTP/1.1" status: 200 len: 2996 time: 0.7195311
2026-05-20 07:10:45.843 10 INFO neutron.db.ovn_revision_numbers_db [None req-5101b04b-d096-4835-a26a-1e9b80d7265d 18d1476d697f48e383cf604e51d6f0fe 630ed745446f4f4b9b94bde7d76c48eb - - default default] Successfully bumped revision number for resource 68c32255-aae5-4b19-a950-e4a018930201 (type: ports) to 1
2026-05-20 07:10:45.846 9 INFO neutron.db.ovn_revision_numbers_db [None req-fb9f9e0b-f52f-4654-b519-98dd38775690 05ba09ceb5ed4bc8a946c8460f4c21fd 41ae2a3864e0437c8368b4ec69ec3018 - - default default] Successfully bumped revision number for resource 001b6e2e-b4d4-490c-b2ab-8c8dfc539520 (type: floatingips) to 0
2026-05-20 07:10:45.865 9 INFO neutron.wsgi [None req-fb9f9e0b-f52f-4654-b519-98dd38775690 05ba09ceb5ed4bc8a946c8460f4c21fd 41ae2a3864e0437c8368b4ec69ec3018 - - default default] 10.0.0.146 "POST /v2.0/floatingips HTTP/1.1" status: 201 len: 751 time: 1.1321402
2026-05-20 07:10:45.866 10 INFO neutron.wsgi [None req-5101b04b-d096-4835-a26a-1e9b80d7265d 18d1476d697f48e383cf604e51d6f0fe 630ed745446f4f4b9b94bde7d76c48eb - - default default] 10.0.0.146 "POST /v2.0/networks HTTP/1.1" status: 201 len: 829 time: 0.5577075
2026-05-20 07:10:45.875 9 INFO neutron.wsgi [None req-f4ca5202-a7dc-4edf-8d0b-657c5f64c3d9 0e6d90be44374d419b3126fb852a5396 01451daccedc49b6a192b9f0d4152a46 - - default default] 10.0.0.146 "DELETE /v2.0/ports/dd55a387-900a-41c6-9020-312fb932cacf HTTP/1.1" status: 204 len: 168 time: 0.3681793
2026-05-20 07:10:46.087 9 INFO neutron.wsgi [None req-e4ebb6e8-5b4b-4747-96cd-e5e9b19e82d6 06281425a9784c22b3d2faee7dae0ad5 8186bed1677a4b208882cca37aded2db - - default default] 10.0.0.146 "DELETE /v2.0/security-groups/420876fd-2d7a-4f98-b8ee-4459bfd57d56 HTTP/1.1" status: 204 len: 168 time: 0.2846472
2026-05-20 07:10:46.093 9 INFO neutron.wsgi [None req-9075e5f2-533a-42c2-8b27-31f49260ba02 0e6d90be44374d419b3126fb852a5396 01451daccedc49b6a192b9f0d4152a46 - - default default] 10.0.0.146 "DELETE /v2.0/ports/b9e0b22e-4c67-4b80-a685-612dd0de7f6d HTTP/1.1" status: 204 len: 168 time: 0.2144120
2026-05-20 07:10:46.138 9 INFO neutron.wsgi [None req-e228aa2c-9e5f-4f12-8015-c5556b507dd0 0e6d90be44374d419b3126fb852a5396 01451daccedc49b6a192b9f0d4152a46 - - default default] 10.0.0.146 "GET /v2.0/ports HTTP/1.1" status: 200 len: 1718 time: 0.0401709
2026-05-20 07:10:46.200 10 WARNING neutron.scheduler.dhcp_agent_scheduler [None req-6ace018a-8417-4d8a-a095-9e7d583218c0 18d1476d697f48e383cf604e51d6f0fe 630ed745446f4f4b9b94bde7d76c48eb - - default default] No more DHCP agents
2026-05-20 07:10:46.204 10 WARNING neutron.api.rpc.agentnotifiers.dhcp_rpc_agent_api [None req-6ace018a-8417-4d8a-a095-9e7d583218c0 18d1476d697f48e383cf604e51d6f0fe 630ed745446f4f4b9b94bde7d76c48eb - - default default] Unable to schedule network 73028f9b-2bc3-4e2c-8f2c-085cecc1db47: no agents available; will retry on subsequent port and subnet creation events.
2026-05-20 07:10:46.233 10 WARNING neutron.scheduler.dhcp_agent_scheduler [None req-29e9808f-a159-466a-b0d3-877f808808d5 05ba09ceb5ed4bc8a946c8460f4c21fd 41ae2a3864e0437c8368b4ec69ec3018 - - default default] No more DHCP agents
2026-05-20 07:10:46.233 9 INFO neutron.db.segments_db [None req-f2cc7746-d4de-4f8f-91d8-de0c06fd9a49 0e6d90be44374d419b3126fb852a5396 01451daccedc49b6a192b9f0d4152a46 - - default default] Added segment 2a0bcde6-883d-4a4b-a074-2fe9ac09205b of type geneve for network dc2745d6-a6b4-47e2-bb3b-2974f5ba7410
2026-05-20 07:10:46.237 10 WARNING neutron.api.rpc.agentnotifiers.dhcp_rpc_agent_api [None req-29e9808f-a159-466a-b0d3-877f808808d5 05ba09ceb5ed4bc8a946c8460f4c21fd 41ae2a3864e0437c8368b4ec69ec3018 - - default default] Unable to schedule network 8df4941b-3249-4485-b9d1-69078b3362cc: no agents available; will retry on subsequent port and subnet creation events.
2026-05-20 07:10:46.379 9 INFO neutron.db.ovn_revision_numbers_db [None req-f2cc7746-d4de-4f8f-91d8-de0c06fd9a49 0e6d90be44374d419b3126fb852a5396 01451daccedc49b6a192b9f0d4152a46 - - default default] Successfully bumped revision number for resource dc2745d6-a6b4-47e2-bb3b-2974f5ba7410 (type: networks) to 1
2026-05-20 07:10:46.451 10 INFO neutron.services.segments.plugin [-] Segment 27f24878-810c-4ceb-818b-8bce2e09806c resource provider aggregate not found
2026-05-20 07:10:46.465 10 INFO neutron.services.segments.plugin [-] Segment 27f24878-810c-4ceb-818b-8bce2e09806c resource provider not found; error: Placement Client Error (4xx): {"errors": [{"status": 404, "title": "Not Found", "detail": "The resource could not be found.\n\n No resource provider with uuid 27f24878-810c-4ceb-818b-8bce2e09806c found for delete ", "request_id": "req-c4ff5f6a-c725-406f-8457-848e727e218d"}]}
2026-05-20 07:10:46.469 10 INFO neutron.services.segments.plugin [-] Segment 27f24878-810c-4ceb-818b-8bce2e09806c resource provider aggregate not found
2026-05-20 07:10:46.491 10 INFO neutron.services.segments.plugin [-] Segment 27f24878-810c-4ceb-818b-8bce2e09806c resource provider not found; error: Placement Client Error (4xx): {"errors": [{"status": 404, "title": "Not Found", "detail": "The resource could not be found.\n\n No resource provider with uuid 27f24878-810c-4ceb-818b-8bce2e09806c found for delete ", "request_id": "req-f3a618a2-2cd9-43f7-91e9-d3271e3a62ad"}]}
2026-05-20 07:10:46.495 10 INFO neutron.services.segments.plugin [-] Segment b830c0ac-c532-4d28-a2e7-8657998ecc85 resource provider aggregate not found
2026-05-20 07:10:46.510 10 INFO neutron.services.segments.plugin [-] Segment b830c0ac-c532-4d28-a2e7-8657998ecc85 resource provider aggregate not found
2026-05-20 07:10:46.516 10 INFO neutron.services.segments.plugin [-] Segment b830c0ac-c532-4d28-a2e7-8657998ecc85 resource provider not found; error: Placement Client Error (4xx): {"errors": [{"status": 404, "title": "Not Found", "detail": "The resource could not be found.\n\n No resource provider with uuid b830c0ac-c532-4d28-a2e7-8657998ecc85 found for delete ", "request_id": "req-cb261d37-5850-46a5-8240-ddf6e886c7c6"}]}
2026-05-20 07:10:46.530 10 INFO neutron.services.segments.plugin [-] Segment b830c0ac-c532-4d28-a2e7-8657998ecc85 resource provider not found; error: Placement Client Error (4xx): {"errors": [{"status": 404, "title": "Not Found", "detail": "The resource could not be found.\n\n No resource provider with uuid b830c0ac-c532-4d28-a2e7-8657998ecc85 found for delete ", "request_id": "req-3a68372c-64b0-4a1f-850e-67b2fca8492e"}]}
2026-05-20 07:10:46.551 9 WARNING neutron.scheduler.dhcp_agent_scheduler [None req-f2cc7746-d4de-4f8f-91d8-de0c06fd9a49 0e6d90be44374d419b3126fb852a5396 01451daccedc49b6a192b9f0d4152a46 - - default default] No more DHCP agents
2026-05-20 07:10:46.553 9 WARNING neutron.api.rpc.agentnotifiers.dhcp_rpc_agent_api [None req-f2cc7746-d4de-4f8f-91d8-de0c06fd9a49 0e6d90be44374d419b3126fb852a5396 01451daccedc49b6a192b9f0d4152a46 - - default default] Unable to schedule network dc2745d6-a6b4-47e2-bb3b-2974f5ba7410: no agents available; will retry on subsequent port and subnet creation events.
2026-05-20 07:10:46.641 9 INFO neutron.db.ovn_revision_numbers_db [None req-f2cc7746-d4de-4f8f-91d8-de0c06fd9a49 0e6d90be44374d419b3126fb852a5396 01451daccedc49b6a192b9f0d4152a46 - - default default] Successfully bumped revision number for resource a3331709-b70c-4f26-a22b-217869ab6339 (type: ports) to 1
2026-05-20 07:10:46.662 9 INFO neutron.wsgi [None req-f2cc7746-d4de-4f8f-91d8-de0c06fd9a49 0e6d90be44374d419b3126fb852a5396 01451daccedc49b6a192b9f0d4152a46 - - default default] 10.0.0.146 "POST /v2.0/networks HTTP/1.1" status: 201 len: 849 time: 0.5178895
2026-05-20 07:10:46.687 10 INFO neutron.db.ovn_revision_numbers_db [None req-29e9808f-a159-466a-b0d3-877f808808d5 05ba09ceb5ed4bc8a946c8460f4c21fd 41ae2a3864e0437c8368b4ec69ec3018 - - default default] Successfully bumped revision number for resource a40b3bd1-f625-4787-b34c-bc8d02dd06bb (type: floatingips) to 0
2026-05-20 07:10:46.702 10 INFO neutron.wsgi [None req-29e9808f-a159-466a-b0d3-877f808808d5 05ba09ceb5ed4bc8a946c8460f4c21fd 41ae2a3864e0437c8368b4ec69ec3018 - - default default] 10.0.0.146 "POST /v2.0/floatingips HTTP/1.1" status: 201 len: 751 time: 0.8308010
2026-05-20 07:10:46.760 9 INFO neutron.db.segments_db [None req-474c8e3b-7871-42c4-865b-5ec0bf35346f 0e6d90be44374d419b3126fb852a5396 01451daccedc49b6a192b9f0d4152a46 - - default default] Added segment 63c77bf3-3e6d-4319-b756-6c84d850303b of type geneve for network 3d13c622-c437-47d2-9bd9-c111a287d87c
2026-05-20 07:10:46.773 10 INFO neutron.db.ovn_revision_numbers_db [None req-6ace018a-8417-4d8a-a095-9e7d583218c0 18d1476d697f48e383cf604e51d6f0fe 630ed745446f4f4b9b94bde7d76c48eb - - default default] Successfully bumped revision number for resource 68c32255-aae5-4b19-a950-e4a018930201 (type: ports) to 2
2026-05-20 07:10:46.802 10 INFO neutron.db.ovn_revision_numbers_db [None req-6ace018a-8417-4d8a-a095-9e7d583218c0 18d1476d697f48e383cf604e51d6f0fe 630ed745446f4f4b9b94bde7d76c48eb - - default default] Successfully bumped revision number for resource f8387d3d-cb8c-4ff1-8118-e37968688c40 (type: subnets) to 0
2026-05-20 07:10:46.817 10 INFO neutron.wsgi [None req-6ace018a-8417-4d8a-a095-9e7d583218c0 18d1476d697f48e383cf604e51d6f0fe 630ed745446f4f4b9b94bde7d76c48eb - - default default] 10.0.0.146 "POST /v2.0/subnets HTTP/1.1" status: 201 len: 801 time: 0.9448981
2026-05-20 07:10:46.937 9 INFO neutron.db.ovn_revision_numbers_db [None req-474c8e3b-7871-42c4-865b-5ec0bf35346f 0e6d90be44374d419b3126fb852a5396 01451daccedc49b6a192b9f0d4152a46 - - default default] Successfully bumped revision number for resource 3d13c622-c437-47d2-9bd9-c111a287d87c (type: networks) to 1
2026-05-20 07:10:46.991 10 INFO neutron.db.ovn_revision_numbers_db [None req-874d5dbc-bfb4-4a26-967b-0a63b1f3ada6 18d1476d697f48e383cf604e51d6f0fe 630ed745446f4f4b9b94bde7d76c48eb - - default default] Successfully bumped revision number for resource 28514c0b-41f7-4500-b8f5-5e2f1da2057c (type: routers) to 1
2026-05-20 07:10:47.005 10 INFO neutron.wsgi [None req-874d5dbc-bfb4-4a26-967b-0a63b1f3ada6 18d1476d697f48e383cf604e51d6f0fe 630ed745446f4f4b9b94bde7d76c48eb - - default default] 10.0.0.146 "POST /v2.0/routers HTTP/1.1" status: 201 len: 687 time: 0.1825089
2026-05-20 07:10:47.063 9 WARNING neutron.scheduler.dhcp_agent_scheduler [None req-9389ec13-65fb-4a9c-957b-5ea31e9a728c 05ba09ceb5ed4bc8a946c8460f4c21fd 41ae2a3864e0437c8368b4ec69ec3018 - - default default] No more DHCP agents
2026-05-20 07:10:47.068 9 WARNING neutron.api.rpc.agentnotifiers.dhcp_rpc_agent_api [None req-9389ec13-65fb-4a9c-957b-5ea31e9a728c 05ba09ceb5ed4bc8a946c8460f4c21fd 41ae2a3864e0437c8368b4ec69ec3018 - - default default] Unable to schedule network 8df4941b-3249-4485-b9d1-69078b3362cc: no agents available; will retry on subsequent port and subnet creation events.
2026-05-20 07:10:47.141 9 WARNING neutron.scheduler.dhcp_agent_scheduler [None req-474c8e3b-7871-42c4-865b-5ec0bf35346f 0e6d90be44374d419b3126fb852a5396 01451daccedc49b6a192b9f0d4152a46 - - default default] No more DHCP agents
2026-05-20 07:10:47.152 9 WARNING neutron.api.rpc.agentnotifiers.dhcp_rpc_agent_api [None req-474c8e3b-7871-42c4-865b-5ec0bf35346f 0e6d90be44374d419b3126fb852a5396 01451daccedc49b6a192b9f0d4152a46 - - default default] Unable to schedule network 3d13c622-c437-47d2-9bd9-c111a287d87c: no agents available; will retry on subsequent port and subnet creation events.
2026-05-20 07:10:47.159 10 WARNING neutron.plugins.ml2.drivers.ovn.mech_driver.ovsdb.ovn_client [None req-ed8c4629-c033-46f9-94f7-bab59ea5be2e - - - - - -] No port found with ID 57b980ff-b850-46fc-918a-ab674949038d: RuntimeError: No port found with ID 57b980ff-b850-46fc-918a-ab674949038d
2026-05-20 07:10:47.241 9 INFO neutron.db.ovn_revision_numbers_db [None req-474c8e3b-7871-42c4-865b-5ec0bf35346f 0e6d90be44374d419b3126fb852a5396 01451daccedc49b6a192b9f0d4152a46 - - default default] Successfully bumped revision number for resource 74660a86-7d0e-4b8d-91c5-520a81b489c6 (type: ports) to 1
2026-05-20 07:10:47.279 9 INFO neutron.wsgi [None req-474c8e3b-7871-42c4-865b-5ec0bf35346f 0e6d90be44374d419b3126fb852a5396 01451daccedc49b6a192b9f0d4152a46 - - default default] 10.0.0.146 "POST /v2.0/networks HTTP/1.1" status: 201 len: 848 time: 0.6120532
2026-05-20 07:10:47.370 10 WARNING neutron.scheduler.dhcp_agent_scheduler [None req-3693a4f3-4c9f-4f05-9a7c-538b2276e9d9 18d1476d697f48e383cf604e51d6f0fe 630ed745446f4f4b9b94bde7d76c48eb - - default default] No more DHCP agents
2026-05-20 07:10:47.371 10 WARNING neutron.api.rpc.agentnotifiers.dhcp_rpc_agent_api [None req-3693a4f3-4c9f-4f05-9a7c-538b2276e9d9 18d1476d697f48e383cf604e51d6f0fe 630ed745446f4f4b9b94bde7d76c48eb - - default default] Unable to schedule network 73028f9b-2bc3-4e2c-8f2c-085cecc1db47: no agents available; will retry on subsequent port and subnet creation events.
2026-05-20 07:10:47.504 9 INFO neutron.db.ovn_revision_numbers_db [None req-9389ec13-65fb-4a9c-957b-5ea31e9a728c 05ba09ceb5ed4bc8a946c8460f4c21fd 41ae2a3864e0437c8368b4ec69ec3018 - - default default] Successfully bumped revision number for resource ac907887-3486-44db-9790-98b7eef9fbc0 (type: floatingips) to 0
2026-05-20 07:10:47.523 9 INFO neutron.wsgi [None req-9389ec13-65fb-4a9c-957b-5ea31e9a728c 05ba09ceb5ed4bc8a946c8460f4c21fd 41ae2a3864e0437c8368b4ec69ec3018 - - default default] 10.0.0.146 "POST /v2.0/floatingips HTTP/1.1" status: 201 len: 751 time: 0.8164282
2026-05-20 07:10:47.534 10 INFO neutron.db.ovn_revision_numbers_db [None req-3693a4f3-4c9f-4f05-9a7c-538b2276e9d9 18d1476d697f48e383cf604e51d6f0fe 630ed745446f4f4b9b94bde7d76c48eb - - default default] Successfully bumped revision number for resource 69a56a99-1b28-4b42-94e7-c7ad9d016aad (type: ports) to 1
2026-05-20 07:10:47.559 10 INFO neutron.wsgi [None req-3693a4f3-4c9f-4f05-9a7c-538b2276e9d9 18d1476d697f48e383cf604e51d6f0fe 630ed745446f4f4b9b94bde7d76c48eb - - default default] 10.0.0.146 "POST /v2.0/ports HTTP/1.1" status: 201 len: 1150 time: 0.5494237 /var/lib/openstack/lib/python3.10/site-packages/pycadf/identifier.py:71: UserWarning: Invalid uuid: neutron. To ensure interoperability, identifiers should be a valid uuid. warnings.warn(('Invalid uuid: %s. To ensure interoperability, '
2026-05-20 07:10:47.578 9 INFO neutron.wsgi [None req-d9b505aa-c1f0-4d85-9527-bae025e144f4 05ba09ceb5ed4bc8a946c8460f4c21fd 41ae2a3864e0437c8368b4ec69ec3018 - - default default] 10.0.0.146 "PUT /v2.0/floatingips/664b5ed9-74c5-40cf-8f1c-a5539df765bf/tags HTTP/1.1" status: 200 len: 210 time: 0.0511510
2026-05-20 07:10:47.629 9 INFO neutron.wsgi [None req-b5f69d5f-198c-413a-8126-b9c0955070f6 05ba09ceb5ed4bc8a946c8460f4c21fd 41ae2a3864e0437c8368b4ec69ec3018 - - default default] 10.0.0.146 "PUT /v2.0/floatingips/b4bc4bb2-c7db-48c7-a05f-5eaa6effb1fb/tags HTTP/1.1" status: 200 len: 218 time: 0.0479209
2026-05-20 07:10:47.674 9 INFO neutron.wsgi [None req-74e5ad66-7940-4f55-bc7d-9c64a43de03f 05ba09ceb5ed4bc8a946c8460f4c21fd 41ae2a3864e0437c8368b4ec69ec3018 - - default default] 10.0.0.146 "PUT /v2.0/floatingips/001b6e2e-b4d4-490c-b2ab-8c8dfc539520/tags HTTP/1.1" status: 200 len: 227 time: 0.0408771
2026-05-20 07:10:47.720 9 INFO neutron.wsgi [None req-60f83fc6-e60a-499e-9b7e-2d5fe9bf2c5f 05ba09ceb5ed4bc8a946c8460f4c21fd 41ae2a3864e0437c8368b4ec69ec3018 - - default default] 10.0.0.146 "PUT /v2.0/floatingips/a40b3bd1-f625-4787-b34c-bc8d02dd06bb/tags HTTP/1.1" status: 200 len: 212 time: 0.0422592
2026-05-20 07:10:47.782 10 INFO neutron.wsgi [None req-6e263621-cd88-43fb-b00e-7527fb775d8d 05ba09ceb5ed4bc8a946c8460f4c21fd 41ae2a3864e0437c8368b4ec69ec3018 - - default default] 10.0.0.146 "GET /v2.0/floatingips?tags=red HTTP/1.1" status: 200 len: 1866 time: 0.0542333
2026-05-20 07:10:47.831 9 INFO neutron.wsgi [None req-9d01cd33-b4c0-46d2-8551-915626fa8e73 05ba09ceb5ed4bc8a946c8460f4c21fd 41ae2a3864e0437c8368b4ec69ec3018 - - default default] 10.0.0.146 "GET /v2.0/floatingips?tags=red%2Cblue HTTP/1.1" status: 200 len: 1323 time: 0.0448244
2026-05-20 07:10:47.856 9 WARNING neutron.scheduler.dhcp_agent_scheduler [None req-283c86a7-1705-46ee-b74e-8711150f95c6 0e6d90be44374d419b3126fb852a5396 01451daccedc49b6a192b9f0d4152a46 - - default default] No more DHCP agents
2026-05-20 07:10:47.858 9 WARNING neutron.api.rpc.agentnotifiers.dhcp_rpc_agent_api [None req-283c86a7-1705-46ee-b74e-8711150f95c6 0e6d90be44374d419b3126fb852a5396 01451daccedc49b6a192b9f0d4152a46 - - default default] Unable to schedule network dc2745d6-a6b4-47e2-bb3b-2974f5ba7410: no agents available; will retry on subsequent port and subnet creation events.
2026-05-20 07:10:47.877 10 INFO neutron.wsgi [None req-7b578c5c-381c-45ee-92e5-2bd06a44b143 05ba09ceb5ed4bc8a946c8460f4c21fd 41ae2a3864e0437c8368b4ec69ec3018 - - default default] 10.0.0.146 "GET /v2.0/floatingips?tags-any=blue HTTP/1.1" status: 200 len: 1323 time: 0.0415266
2026-05-20 07:10:47.911 10 INFO neutron.wsgi [None req-8b6fbd20-9db1-4e26-b295-963805ecc919 05ba09ceb5ed4bc8a946c8460f4c21fd 41ae2a3864e0437c8368b4ec69ec3018 - - default default] 10.0.0.146 "GET /v2.0/floatingips?tags-any=red%2Cblue HTTP/1.1" status: 200 len: 1866 time: 0.0299337
2026-05-20 07:10:47.954 10 INFO neutron.wsgi [None req-7bd05eb4-e05e-42e1-aa9f-149065645337 05ba09ceb5ed4bc8a946c8460f4c21fd 41ae2a3864e0437c8368b4ec69ec3018 - - default default] 10.0.0.146 "GET /v2.0/floatingips?not-tags=red HTTP/1.1" status: 200 len: 1295 time: 0.0386930
2026-05-20 07:10:48.001 9 INFO neutron.wsgi [None req-a60d6f65-7344-4ca4-af33-f1c3686f31c7 05ba09ceb5ed4bc8a946c8460f4c21fd 41ae2a3864e0437c8368b4ec69ec3018 - - default default] 10.0.0.146 "GET /v2.0/floatingips?not-tags=red%2Cblue HTTP/1.1" status: 200 len: 1838 time: 0.0407460
2026-05-20 07:10:48.045 9 INFO neutron.plugins.ml2.drivers.ovn.mech_driver.mech_driver [None req-7de7cda1-0d34-46c3-8fb7-0ddde9e761ac - - - - - -] OVN reports status up for port: 69a56a99-1b28-4b42-94e7-c7ad9d016aad
2026-05-20 07:10:48.052 9 INFO neutron.wsgi [None req-725ebbfb-e44d-4355-8f91-a51af09b2942 05ba09ceb5ed4bc8a946c8460f4c21fd 41ae2a3864e0437c8368b4ec69ec3018 - - default default] 10.0.0.146 "GET /v2.0/floatingips?not-tags-any=blue HTTP/1.1" status: 200 len: 1838 time: 0.0415466
2026-05-20 07:10:48.065 9 INFO neutron.plugins.ml2.plugin [None req-7de7cda1-0d34-46c3-8fb7-0ddde9e761ac - - - - - -] Attempt 1 to provision port 69a56a99-1b28-4b42-94e7-c7ad9d016aad
2026-05-20 07:10:48.066 10 INFO neutron.db.ovn_revision_numbers_db [None req-e1e61bd9-25fb-423c-b396-b5b917d55099 18d1476d697f48e383cf604e51d6f0fe 630ed745446f4f4b9b94bde7d76c48eb - - default default] Successfully bumped revision number for resource 69a56a99-1b28-4b42-94e7-c7ad9d016aad (type: router_ports) to 2
2026-05-20 07:10:48.090 9 INFO neutron.wsgi [None req-6668a11a-0a60-46a9-94fd-71db07114019 05ba09ceb5ed4bc8a946c8460f4c21fd 41ae2a3864e0437c8368b4ec69ec3018 - - default default] 10.0.0.146 "GET /v2.0/floatingips?not-tags-any=red%2Cblue HTTP/1.1" status: 200 len: 1295 time: 0.0330589 /var/lib/openstack/lib/python3.10/site-packages/pycadf/identifier.py:71: UserWarning: Invalid uuid: neutron. To ensure interoperability, identifiers should be a valid uuid. warnings.warn(('Invalid uuid: %s. To ensure interoperability, '
2026-05-20 07:10:48.514 10 INFO neutron.db.ovn_revision_numbers_db [None req-e1e61bd9-25fb-423c-b396-b5b917d55099 18d1476d697f48e383cf604e51d6f0fe 630ed745446f4f4b9b94bde7d76c48eb - - default default] Successfully bumped revision number for resource 69a56a99-1b28-4b42-94e7-c7ad9d016aad (type: ports) to 2
2026-05-20 07:10:48.629 9 INFO neutron.db.ovn_revision_numbers_db [None req-7de7cda1-0d34-46c3-8fb7-0ddde9e761ac - - - - - -] Successfully bumped revision number for resource 69a56a99-1b28-4b42-94e7-c7ad9d016aad (type: ports) to 3
2026-05-20 07:10:48.672 9 INFO neutron.db.ovn_revision_numbers_db [None req-283c86a7-1705-46ee-b74e-8711150f95c6 0e6d90be44374d419b3126fb852a5396 01451daccedc49b6a192b9f0d4152a46 - - default default] Successfully bumped revision number for resource a3331709-b70c-4f26-a22b-217869ab6339 (type: ports) to 2
2026-05-20 07:10:48.716 10 INFO neutron.wsgi [None req-18c3c05e-8dec-4e8c-b196-dd3674e22a1d 05ba09ceb5ed4bc8a946c8460f4c21fd 41ae2a3864e0437c8368b4ec69ec3018 - - default default] 10.0.0.146 "DELETE /v2.0/floatingips/664b5ed9-74c5-40cf-8f1c-a5539df765bf HTTP/1.1" status: 204 len: 168 time: 0.6202996
2026-05-20 07:10:48.717 9 INFO neutron.db.ovn_revision_numbers_db [None req-283c86a7-1705-46ee-b74e-8711150f95c6 0e6d90be44374d419b3126fb852a5396 01451daccedc49b6a192b9f0d4152a46 - - default default] Successfully bumped revision number for resource ecdcf946-e5ab-474c-942c-ee33cabf6ccc (type: subnets) to 0
2026-05-20 07:10:48.747 9 WARNING neutron.scheduler.dhcp_agent_scheduler [None req-283c86a7-1705-46ee-b74e-8711150f95c6 0e6d90be44374d419b3126fb852a5396 01451daccedc49b6a192b9f0d4152a46 - - default default] No more DHCP agents
2026-05-20 07:10:48.749 9 WARNING neutron.api.rpc.agentnotifiers.dhcp_rpc_agent_api [None req-283c86a7-1705-46ee-b74e-8711150f95c6 0e6d90be44374d419b3126fb852a5396 01451daccedc49b6a192b9f0d4152a46 - - default default] Unable to schedule network 3d13c622-c437-47d2-9bd9-c111a287d87c: no agents available; will retry on subsequent port and subnet creation events.
2026-05-20 07:10:48.769 9 INFO neutron.db.ovn_revision_numbers_db [None req-7de7cda1-0d34-46c3-8fb7-0ddde9e761ac - - - - - -] Successfully bumped revision number for resource 69a56a99-1b28-4b42-94e7-c7ad9d016aad (type: router_ports) to 3 /var/lib/openstack/lib/python3.10/site-packages/pycadf/identifier.py:71: UserWarning: Invalid uuid: neutron. To ensure interoperability, identifiers should be a valid uuid. warnings.warn(('Invalid uuid: %s. To ensure interoperability, '
2026-05-20 07:10:49.143 10 INFO neutron.wsgi [None req-0a425b12-bd18-47be-b9f6-d281ff1721cd 05ba09ceb5ed4bc8a946c8460f4c21fd 41ae2a3864e0437c8368b4ec69ec3018 - - default default] 10.0.0.146 "DELETE /v2.0/floatingips/b4bc4bb2-c7db-48c7-a05f-5eaa6effb1fb HTTP/1.1" status: 204 len: 168 time: 0.4211709 /var/lib/openstack/lib/python3.10/site-packages/pycadf/identifier.py:71: UserWarning: Invalid uuid: neutron. To ensure interoperability, identifiers should be a valid uuid. warnings.warn(('Invalid uuid: %s. To ensure interoperability, '
2026-05-20 07:10:49.209 10 INFO neutron.db.ovn_revision_numbers_db [None req-e1e61bd9-25fb-423c-b396-b5b917d55099 18d1476d697f48e383cf604e51d6f0fe 630ed745446f4f4b9b94bde7d76c48eb - - default default] Successfully bumped revision number for resource 69a56a99-1b28-4b42-94e7-c7ad9d016aad (type: ports) to 3
2026-05-20 07:10:49.226 9 INFO neutron.db.ovn_revision_numbers_db [None req-283c86a7-1705-46ee-b74e-8711150f95c6 0e6d90be44374d419b3126fb852a5396 01451daccedc49b6a192b9f0d4152a46 - - default default] Successfully bumped revision number for resource 74660a86-7d0e-4b8d-91c5-520a81b489c6 (type: ports) to 2
2026-05-20 07:10:49.239 9 INFO neutron.db.ovn_revision_numbers_db [None req-9ae35ee0-00a9-4537-a295-dd7720c1dd6f 05fed634a83a42beacee44fef6c9ace0 34c92ca8113e450987157e35c9a39ab3 - - default default] Successfully bumped revision number for resource 4694a0ce-7e49-4e1d-9a3e-204fd02960ff (type: security_groups) to 1
2026-05-20 07:10:49.254 9 INFO neutron.db.ovn_revision_numbers_db [None req-9ae35ee0-00a9-4537-a295-dd7720c1dd6f 05fed634a83a42beacee44fef6c9ace0 34c92ca8113e450987157e35c9a39ab3 - - default default] Successfully bumped revision number for resource 5930f2d8-9f47-4ee0-901a-842e63b31e49 (type: security_group_rules) to 0
2026-05-20 07:10:49.258 9 INFO neutron.db.ovn_revision_numbers_db [None req-283c86a7-1705-46ee-b74e-8711150f95c6 0e6d90be44374d419b3126fb852a5396 01451daccedc49b6a192b9f0d4152a46 - - default default] Successfully bumped revision number for resource 1a931488-1790-4d06-a62d-549d0aee9651 (type: subnets) to 0
2026-05-20 07:10:49.268 9 INFO neutron.db.ovn_revision_numbers_db [None req-9ae35ee0-00a9-4537-a295-dd7720c1dd6f 05fed634a83a42beacee44fef6c9ace0 34c92ca8113e450987157e35c9a39ab3 - - default default] Successfully bumped revision number for resource 6953ebf5-aa72-4280-9da2-8bc9d2f67745 (type: security_group_rules) to 0
2026-05-20 07:10:49.274 9 INFO neutron.wsgi [None req-283c86a7-1705-46ee-b74e-8711150f95c6 0e6d90be44374d419b3126fb852a5396 01451daccedc49b6a192b9f0d4152a46 - - default default] 10.0.0.146 "POST /v2.0/subnets HTTP/1.1" status: 201 len: 1426 time: 1.9636552
2026-05-20 07:10:49.293 9 INFO neutron.db.ovn_revision_numbers_db [None req-9ae35ee0-00a9-4537-a295-dd7720c1dd6f 05fed634a83a42beacee44fef6c9ace0 34c92ca8113e450987157e35c9a39ab3 - - default default] Successfully bumped revision number for resource ab41f24b-a5bd-412f-8309-0cd926072d69 (type: security_group_rules) to 0
2026-05-20 07:10:49.305 10 WARNING neutron.scheduler.dhcp_agent_scheduler [None req-e1e61bd9-25fb-423c-b396-b5b917d55099 18d1476d697f48e383cf604e51d6f0fe 630ed745446f4f4b9b94bde7d76c48eb - - default default] No more DHCP agents
2026-05-20 07:10:49.307 10 WARNING neutron.api.rpc.agentnotifiers.dhcp_rpc_agent_api [None req-e1e61bd9-25fb-423c-b396-b5b917d55099 18d1476d697f48e383cf604e51d6f0fe 630ed745446f4f4b9b94bde7d76c48eb - - default default] Unable to schedule network 73028f9b-2bc3-4e2c-8f2c-085cecc1db47: no agents available; will retry on subsequent port and subnet creation events.
2026-05-20 07:10:49.317 9 INFO neutron.db.ovn_revision_numbers_db [None req-9ae35ee0-00a9-4537-a295-dd7720c1dd6f 05fed634a83a42beacee44fef6c9ace0 34c92ca8113e450987157e35c9a39ab3 - - default default] Successfully bumped revision number for resource d1e17a35-2ea2-42fd-95e1-41f84656184a (type: security_group_rules) to 0
2026-05-20 07:10:49.326 9 INFO neutron.wsgi [None req-7a0f6e6b-017e-421e-a53f-7a68f948edaa 0e6d90be44374d419b3126fb852a5396 01451daccedc49b6a192b9f0d4152a46 - - default default] 10.0.0.146 "GET /v2.0/subnets HTTP/1.1" status: 200 len: 2034 time: 0.0469730
2026-05-20 07:10:49.370 9 INFO neutron.db.segments_db [None req-9ae35ee0-00a9-4537-a295-dd7720c1dd6f 05fed634a83a42beacee44fef6c9ace0 34c92ca8113e450987157e35c9a39ab3 - - default default] Added segment e2a0575b-d788-4e82-9d8c-d249c7eb7877 of type geneve for network 179b7afb-22fe-41c8-80ff-1727e17559ca
2026-05-20 07:10:49.505 9 INFO neutron.db.ovn_revision_numbers_db [None req-9ae35ee0-00a9-4537-a295-dd7720c1dd6f 05fed634a83a42beacee44fef6c9ace0 34c92ca8113e450987157e35c9a39ab3 - - default default] Successfully bumped revision number for resource 179b7afb-22fe-41c8-80ff-1727e17559ca (type: networks) to 1
2026-05-20 07:10:49.603 10 INFO neutron.db.ovn_revision_numbers_db [None req-e1e61bd9-25fb-423c-b396-b5b917d55099 18d1476d697f48e383cf604e51d6f0fe 630ed745446f4f4b9b94bde7d76c48eb - - default default] Successfully bumped revision number for resource 69a56a99-1b28-4b42-94e7-c7ad9d016aad (type: router_ports) to 3
2026-05-20 07:10:49.605 10 INFO neutron.wsgi [None req-e1e61bd9-25fb-423c-b396-b5b917d55099 18d1476d697f48e383cf604e51d6f0fe 630ed745446f4f4b9b94bde7d76c48eb - - default default] 10.0.0.146 "PUT /v2.0/routers/28514c0b-41f7-4500-b8f5-5e2f1da2057c/add_router_interface HTTP/1.1" status: 200 len: 503 time: 2.0414295
2026-05-20 07:10:49.636 10 INFO neutron.wsgi [None req-e9b3447f-a53e-4d5b-b5f8-d7dbc0277706 05ba09ceb5ed4bc8a946c8460f4c21fd 41ae2a3864e0437c8368b4ec69ec3018 - - default default] 10.0.0.146 "DELETE /v2.0/floatingips/001b6e2e-b4d4-490c-b2ab-8c8dfc539520 HTTP/1.1" status: 204 len: 168 time: 0.4855189
2026-05-20 07:10:49.643 10 INFO neutron.wsgi [None req-d28de0f2-a5a2-4f3d-870c-032bc2ef922f 18d1476d697f48e383cf604e51d6f0fe 630ed745446f4f4b9b94bde7d76c48eb - - default default] 10.0.0.146 "GET /v2.0/ports/69a56a99-1b28-4b42-94e7-c7ad9d016aad HTTP/1.1" status: 200 len: 1208 time: 0.0336463
2026-05-20 07:10:49.651 10 INFO neutron.wsgi [None req-1d7d382a-bf61-48bc-b3c9-2d565d82fb7c 0e6d90be44374d419b3126fb852a5396 01451daccedc49b6a192b9f0d4152a46 - - default default] 10.0.0.146 "DELETE /v2.0/subnets/ecdcf946-e5ab-474c-942c-ee33cabf6ccc HTTP/1.1" status: 204 len: 168 time: 0.3165166
2026-05-20 07:10:49.724 9 WARNING neutron.scheduler.dhcp_agent_scheduler [None req-9ae35ee0-00a9-4537-a295-dd7720c1dd6f 05fed634a83a42beacee44fef6c9ace0 34c92ca8113e450987157e35c9a39ab3 - - default default] No more DHCP agents
2026-05-20 07:10:49.729 9 WARNING neutron.api.rpc.agentnotifiers.dhcp_rpc_agent_api [None req-9ae35ee0-00a9-4537-a295-dd7720c1dd6f 05fed634a83a42beacee44fef6c9ace0 34c92ca8113e450987157e35c9a39ab3 - - default default] Unable to schedule network 179b7afb-22fe-41c8-80ff-1727e17559ca: no agents available; will retry on subsequent port and subnet creation events.
2026-05-20 07:10:49.836 10 INFO neutron.wsgi [None req-b4c08fa8-bdc1-412c-b555-475b31f52dc0 0e6d90be44374d419b3126fb852a5396 01451daccedc49b6a192b9f0d4152a46 - - default default] 10.0.0.146 "DELETE /v2.0/subnets/1a931488-1790-4d06-a62d-549d0aee9651 HTTP/1.1" status: 204 len: 168 time: 0.1788483
2026-05-20 07:10:49.876 10 INFO neutron.wsgi [None req-e2f3f9ee-4621-498c-aef7-9b9c79a0eeec 0e6d90be44374d419b3126fb852a5396 01451daccedc49b6a192b9f0d4152a46 - - default default] 10.0.0.146 "GET /v2.0/subnets HTTP/1.1" status: 200 len: 820 time: 0.0354493
2026-05-20 07:10:49.914 9 INFO neutron.db.ovn_revision_numbers_db [None req-9ae35ee0-00a9-4537-a295-dd7720c1dd6f 05fed634a83a42beacee44fef6c9ace0 34c92ca8113e450987157e35c9a39ab3 - - default default] Successfully bumped revision number for resource 552fc62e-68f9-41a5-8be8-80be3abebffe (type: ports) to 1
2026-05-20 07:10:49.973 9 INFO neutron.wsgi [None req-9ae35ee0-00a9-4537-a295-dd7720c1dd6f 05fed634a83a42beacee44fef6c9ace0 34c92ca8113e450987157e35c9a39ab3 - - default default] 10.0.0.146 "POST /v2.0/networks HTTP/1.1" status: 201 len: 830 time: 1.0795548
2026-05-20 07:10:50.227 9 INFO neutron.wsgi [None req-885cab21-0c40-441c-93e7-b35e864c122b 05ba09ceb5ed4bc8a946c8460f4c21fd 41ae2a3864e0437c8368b4ec69ec3018 - - default default] 10.0.0.146 "DELETE /v2.0/floatingips/a40b3bd1-f625-4787-b34c-bc8d02dd06bb HTTP/1.1" status: 204 len: 168 time: 0.5862710 /var/lib/openstack/lib/python3.10/site-packages/pycadf/identifier.py:71: UserWarning: Invalid uuid: neutron. To ensure interoperability, identifiers should be a valid uuid. warnings.warn(('Invalid uuid: %s. To ensure interoperability, '
2026-05-20 07:10:50.349 10 INFO neutron.services.segments.plugin [-] Segment 63c77bf3-3e6d-4319-b756-6c84d850303b resource provider aggregate not found
2026-05-20 07:10:50.363 10 INFO neutron.services.segments.plugin [-] Segment 63c77bf3-3e6d-4319-b756-6c84d850303b resource provider aggregate not found
2026-05-20 07:10:50.380 10 INFO neutron.services.segments.plugin [-] Segment 63c77bf3-3e6d-4319-b756-6c84d850303b resource provider not found; error: Placement Client Error (4xx): {"errors": [{"status": 404, "title": "Not Found", "detail": "The resource could not be found.\n\n No resource provider with uuid 63c77bf3-3e6d-4319-b756-6c84d850303b found for delete ", "request_id": "req-6f910328-e82b-410d-8c1e-cd23a2a3d716"}]}
2026-05-20 07:10:50.386 10 INFO neutron.services.segments.plugin [-] Segment 63c77bf3-3e6d-4319-b756-6c84d850303b resource provider not found; error: Placement Client Error (4xx): {"errors": [{"status": 404, "title": "Not Found", "detail": "The resource could not be found.\n\n No resource provider with uuid 63c77bf3-3e6d-4319-b756-6c84d850303b found for delete ", "request_id": "req-02eadd34-8acb-4f2c-93ce-31543e6ec63d"}]}
2026-05-20 07:10:50.423 10 INFO neutron.wsgi [None req-77daf3df-8139-4e89-aa9d-c3fbdf93f32f 0e6d90be44374d419b3126fb852a5396 01451daccedc49b6a192b9f0d4152a46 - - default default] 10.0.0.146 "DELETE /v2.0/networks/3d13c622-c437-47d2-9bd9-c111a287d87c HTTP/1.1" status: 204 len: 168 time: 0.5404713
2026-05-20 07:10:50.558 10 WARNING neutron.scheduler.dhcp_agent_scheduler [None req-5de7fd7b-6710-4457-a0c1-340e0889ec3a 05fed634a83a42beacee44fef6c9ace0 34c92ca8113e450987157e35c9a39ab3 - - default default] No more DHCP agents
2026-05-20 07:10:50.562 10 WARNING neutron.api.rpc.agentnotifiers.dhcp_rpc_agent_api [None req-5de7fd7b-6710-4457-a0c1-340e0889ec3a 05fed634a83a42beacee44fef6c9ace0 34c92ca8113e450987157e35c9a39ab3 - - default default] Unable to schedule network 8df4941b-3249-4485-b9d1-69078b3362cc: no agents available; will retry on subsequent port and subnet creation events.
2026-05-20 07:10:50.568 9 INFO neutron.wsgi [None req-ed02eeb9-21e4-45c2-8fe2-8bfdde420f24 18d1476d697f48e383cf604e51d6f0fe 630ed745446f4f4b9b94bde7d76c48eb - - default default] 10.0.0.146 "PUT /v2.0/routers/28514c0b-41f7-4500-b8f5-5e2f1da2057c/remove_router_interface HTTP/1.1" status: 200 len: 503 time: 0.9207718 /var/lib/openstack/lib/python3.10/site-packages/pycadf/identifier.py:71: UserWarning: Invalid uuid: neutron. To ensure interoperability, identifiers should be a valid uuid. warnings.warn(('Invalid uuid: %s. To ensure interoperability, '
2026-05-20 07:10:50.642 9 INFO neutron.api.v2.resource [None req-60d53a48-393e-4465-8da6-4cb5b1db84bb 18d1476d697f48e383cf604e51d6f0fe 630ed745446f4f4b9b94bde7d76c48eb - - default default] remove_router_interface failed (client error): The resource could not be found.
2026-05-20 07:10:50.644 9 INFO neutron.wsgi [None req-60d53a48-393e-4465-8da6-4cb5b1db84bb 18d1476d697f48e383cf604e51d6f0fe 630ed745446f4f4b9b94bde7d76c48eb - - default default] 10.0.0.146 "PUT /v2.0/routers/28514c0b-41f7-4500-b8f5-5e2f1da2057c/remove_router_interface HTTP/1.1" status: 404 len: 398 time: 0.0703864
2026-05-20 07:10:50.665 9 INFO neutron.wsgi [None req-d3088ec1-3d72-4211-a544-61e84626e302 18d1476d697f48e383cf604e51d6f0fe 630ed745446f4f4b9b94bde7d76c48eb - - default default] 10.0.0.146 "GET /v2.0/ports?device_id=28514c0b-41f7-4500-b8f5-5e2f1da2057c HTTP/1.1" status: 200 len: 205 time: 0.0170064
2026-05-20 07:10:50.720 9 INFO neutron.wsgi [None req-7d77053b-148f-469a-a3ab-ac75a6ff3ff4 05ba09ceb5ed4bc8a946c8460f4c21fd 41ae2a3864e0437c8368b4ec69ec3018 - - default default] 10.0.0.146 "DELETE /v2.0/floatingips/ac907887-3486-44db-9790-98b7eef9fbc0 HTTP/1.1" status: 204 len: 168 time: 0.4878395
2026-05-20 07:10:51.073 10 INFO neutron.db.ovn_revision_numbers_db [None req-5de7fd7b-6710-4457-a0c1-340e0889ec3a 05fed634a83a42beacee44fef6c9ace0 34c92ca8113e450987157e35c9a39ab3 - - default default] Successfully bumped revision number for resource 64c9d78e-08f7-4327-a0e8-d92b8850f76a (type: ports) to 1
2026-05-20 07:10:51.187 10 INFO neutron.wsgi [None req-6c41cba9-53ee-45ab-b0dc-4479fe79c4c4 18d1476d697f48e383cf604e51d6f0fe 630ed745446f4f4b9b94bde7d76c48eb - - default default] 10.0.0.146 "DELETE /v2.0/routers/28514c0b-41f7-4500-b8f5-5e2f1da2057c HTTP/1.1" status: 204 len: 168 time: 0.5167644
2026-05-20 07:10:51.282 10 INFO neutron.wsgi [None req-59f3b0b7-a2fe-45a0-9016-5687f4f99172 0e6d90be44374d419b3126fb852a5396 01451daccedc49b6a192b9f0d4152a46 - - default default] 10.0.0.146 "DELETE /v2.0/networks/dc2745d6-a6b4-47e2-bb3b-2974f5ba7410 HTTP/1.1" status: 204 len: 168 time: 0.8522241
2026-05-20 07:10:51.459 9 INFO neutron.wsgi [None req-4e0440e3-0477-4e65-b0ae-9c7b7d1c0366 18d1476d697f48e383cf604e51d6f0fe 630ed745446f4f4b9b94bde7d76c48eb - - default default] 10.0.0.146 "DELETE /v2.0/subnets/f8387d3d-cb8c-4ff1-8118-e37968688c40 HTTP/1.1" status: 204 len: 168 time: 0.2669182
2026-05-20 07:10:51.723 10 INFO neutron.db.ovn_revision_numbers_db [None req-5de7fd7b-6710-4457-a0c1-340e0889ec3a 05fed634a83a42beacee44fef6c9ace0 34c92ca8113e450987157e35c9a39ab3 - - default default] Successfully bumped revision number for resource 64c9d78e-08f7-4327-a0e8-d92b8850f76a (type: router_ports) to 1
2026-05-20 07:10:51.799 10 INFO neutron.db.ovn_revision_numbers_db [None req-5de7fd7b-6710-4457-a0c1-340e0889ec3a 05fed634a83a42beacee44fef6c9ace0 34c92ca8113e450987157e35c9a39ab3 - - default default] Successfully bumped revision number for resource 7a48f133-0181-4e78-9ab7-eeb25d66005a (type: routers) to 2
2026-05-20 07:10:51.815 10 INFO neutron.wsgi [None req-5de7fd7b-6710-4457-a0c1-340e0889ec3a 05fed634a83a42beacee44fef6c9ace0 34c92ca8113e450987157e35c9a39ab3 - - default default] 10.0.0.146 "POST /v2.0/routers HTTP/1.1" status: 201 len: 874 time: 1.8364041
2026-05-20 07:10:51.878 10 INFO neutron.db.ovn_revision_numbers_db [None req-76aeb60f-1990-4919-af39-477ef6076ca1 06281425a9784c22b3d2faee7dae0ad5 8186bed1677a4b208882cca37aded2db - - default default] Successfully bumped revision number for resource d3de90f3-a823-4056-8456-ee8edc5d7f45 (type: security_groups) to 1
2026-05-20 07:10:51.898 10 INFO neutron.db.ovn_revision_numbers_db [None req-76aeb60f-1990-4919-af39-477ef6076ca1 06281425a9784c22b3d2faee7dae0ad5 8186bed1677a4b208882cca37aded2db - - default default] Successfully bumped revision number for resource 39e91faa-5581-4659-b018-77d9db79d426 (type: security_group_rules) to 0
2026-05-20 07:10:51.910 9 INFO neutron.plugins.ml2.drivers.ovn.mech_driver.ovsdb.ovsdb_monitor [None req-6438237b-8699-4d49-8953-755a42c14259 - - - - - -] Router 7a48f133-0181-4e78-9ab7-eeb25d66005a is bound to host instance
2026-05-20 07:10:51.923 10 INFO neutron.db.ovn_revision_numbers_db [None req-76aeb60f-1990-4919-af39-477ef6076ca1 06281425a9784c22b3d2faee7dae0ad5 8186bed1677a4b208882cca37aded2db - - default default] Successfully bumped revision number for resource 6522d43d-4e39-40b9-8962-13211bdbcda9 (type: security_group_rules) to 0
2026-05-20 07:10:51.938 10 INFO neutron.db.ovn_revision_numbers_db [None req-76aeb60f-1990-4919-af39-477ef6076ca1 06281425a9784c22b3d2faee7dae0ad5 8186bed1677a4b208882cca37aded2db - - default default] Successfully bumped revision number for resource 75fea4af-390a-4fb0-b420-497d040cee01 (type: security_group_rules) to 0
2026-05-20 07:10:51.964 10 INFO neutron.wsgi [None req-45d14a46-2193-4ea5-aa05-63d61a57b41d b594a6da04594e48a80c1399fe70add5 fcdbe7923d0e40f0af54db3a2c88a5c5 - - default default] 10.0.0.146 "GET /v2.0/subnets?project_id=34c92ca8113e450987157e35c9a39ab3&cidr=10.100.0.0%2F28 HTTP/1.1" status: 200 len: 207 time: 0.1440880
2026-05-20 07:10:51.994 10 INFO neutron.db.ovn_revision_numbers_db [None req-76aeb60f-1990-4919-af39-477ef6076ca1 06281425a9784c22b3d2faee7dae0ad5 8186bed1677a4b208882cca37aded2db - - default default] Successfully bumped revision number for resource e24c8e62-4c6a-490f-825e-58e9215a9b2a (type: security_group_rules) to 0
2026-05-20 07:10:52.037 9 INFO neutron.services.segments.plugin [-] Segment 8a3ceabb-7b24-44f2-895c-2f88165cb502 resource provider aggregate not found
2026-05-20 07:10:52.041 9 INFO neutron.services.segments.plugin [-] Segment 8a3ceabb-7b24-44f2-895c-2f88165cb502 resource provider aggregate not found
2026-05-20 07:10:52.052 10 INFO neutron.wsgi [None req-76aeb60f-1990-4919-af39-477ef6076ca1 06281425a9784c22b3d2faee7dae0ad5 8186bed1677a4b208882cca37aded2db - - default default] 10.0.0.146 "GET /v2.0/security-groups?tenant_id=835ee05ae62f4f5ca995acc76bf62bc8&name=default HTTP/1.1" status: 200 len: 2996 time: 0.4874682
2026-05-20 07:10:52.062 9 INFO neutron.services.segments.plugin [-] Segment 8a3ceabb-7b24-44f2-895c-2f88165cb502 resource provider not found; error: Placement Client Error (4xx): {"errors": [{"status": 404, "title": "Not Found", "detail": "The resource could not be found.\n\n No resource provider with uuid 8a3ceabb-7b24-44f2-895c-2f88165cb502 found for delete ", "request_id": "req-1621efd4-526c-4331-8041-f1ef2704f58c"}]}
2026-05-20 07:10:52.063 9 INFO neutron.services.segments.plugin [-] Segment 8a3ceabb-7b24-44f2-895c-2f88165cb502 resource provider not found; error: Placement Client Error (4xx): {"errors": [{"status": 404, "title": "Not Found", "detail": "The resource could not be found.\n\n No resource provider with uuid 8a3ceabb-7b24-44f2-895c-2f88165cb502 found for delete ", "request_id": "req-8be5502c-9674-47a3-859f-833f972a2683"}]}
2026-05-20 07:10:52.103 10 INFO neutron.wsgi [None req-3f74c53b-2c8a-42e2-95a4-053e083c932f b594a6da04594e48a80c1399fe70add5 fcdbe7923d0e40f0af54db3a2c88a5c5 - - default default] 10.0.0.146 "GET /v2.0/networks?router%3Aexternal=True HTTP/1.1" status: 200 len: 947 time: 0.1320851
2026-05-20 07:10:52.124 9 INFO neutron.wsgi [None req-2338dbb4-738e-4c43-a4b1-4e01ff639973 0e6d90be44374d419b3126fb852a5396 01451daccedc49b6a192b9f0d4152a46 - - default default] 10.0.0.146 "DELETE /v2.0/networks/bfed94b6-382b-4014-927c-cfa6bf4a3c50 HTTP/1.1" status: 204 len: 168 time: 0.8372242
2026-05-20 07:10:52.140 10 INFO neutron.wsgi [None req-9c00534e-0eec-4030-a63a-cb5a1a6a3f31 b594a6da04594e48a80c1399fe70add5 fcdbe7923d0e40f0af54db3a2c88a5c5 - - default default] 10.0.0.146 "GET /v2.0/subnets?network_id=8df4941b-3249-4485-b9d1-69078b3362cc&cidr=10.100.0.0%2F28 HTTP/1.1" status: 200 len: 207 time: 0.0297847
2026-05-20 07:10:52.376 10 INFO neutron.wsgi [None req-def49d2b-ee65-41d6-86e5-607c505e002d 06281425a9784c22b3d2faee7dae0ad5 8186bed1677a4b208882cca37aded2db - - default default] 10.0.0.146 "DELETE /v2.0/security-groups/d3de90f3-a823-4056-8456-ee8edc5d7f45 HTTP/1.1" status: 204 len: 168 time: 0.3151791
2026-05-20 07:10:52.401 10 INFO neutron.services.segments.plugin [-] Segment 2a0bcde6-883d-4a4b-a074-2fe9ac09205b resource provider aggregate not found
2026-05-20 07:10:52.406 10 INFO neutron.services.segments.plugin [-] Segment 2a0bcde6-883d-4a4b-a074-2fe9ac09205b resource provider aggregate not found
2026-05-20 07:10:52.414 10 INFO neutron.services.segments.plugin [-] Segment 2a0bcde6-883d-4a4b-a074-2fe9ac09205b resource provider not found; error: Placement Client Error (4xx): {"errors": [{"status": 404, "title": "Not Found", "detail": "The resource could not be found.\n\n No resource provider with uuid 2a0bcde6-883d-4a4b-a074-2fe9ac09205b found for delete ", "request_id": "req-cc7e8792-3a1a-4b55-a1dc-53c2d93bc0fc"}]}
2026-05-20 07:10:52.419 10 WARNING neutron.scheduler.dhcp_agent_scheduler [None req-e51c7de4-c8a4-45bc-b759-1abec1a9c5a0 05fed634a83a42beacee44fef6c9ace0 34c92ca8113e450987157e35c9a39ab3 - - default default] No more DHCP agents
2026-05-20 07:10:52.420 10 INFO neutron.services.segments.plugin [-] Segment 2a0bcde6-883d-4a4b-a074-2fe9ac09205b resource provider not found; error: Placement Client Error (4xx): {"errors": [{"status": 404, "title": "Not Found", "detail": "The resource could not be found.\n\n No resource provider with uuid 2a0bcde6-883d-4a4b-a074-2fe9ac09205b found for delete ", "request_id": "req-c41c75b5-6fb8-45ef-a486-ea214340cb0e"}]}
2026-05-20 07:10:52.422 10 WARNING neutron.api.rpc.agentnotifiers.dhcp_rpc_agent_api [None req-e51c7de4-c8a4-45bc-b759-1abec1a9c5a0 05fed634a83a42beacee44fef6c9ace0 34c92ca8113e450987157e35c9a39ab3 - - default default] Unable to schedule network 179b7afb-22fe-41c8-80ff-1727e17559ca: no agents available; will retry on subsequent port and subnet creation events.
