2026-05-20 07:10:05.220 9 INFO neutron.wsgi [None req-7bb0a86a-2b20-4836-bb72-4792718e48c2 06281425a9784c22b3d2faee7dae0ad5 8186bed1677a4b208882cca37aded2db - - default default] 10.0.0.146 "DELETE /v2.0/security-groups/c32feac3-2aa7-48ae-9e88-31ede94d8ceb HTTP/1.1" status: 204 len: 168 time: 0.2552550
2026-05-20 07:10:05.298 10 WARNING neutron.scheduler.dhcp_agent_scheduler [None req-c91788af-0889-46e0-a49d-95b0dfe24d56 a268c67e23214786b12c802e5333fc35 3cd2d48859f34f978e768f2708768f46 - - default default] No more DHCP agents
2026-05-20 07:10:05.301 10 WARNING neutron.api.rpc.agentnotifiers.dhcp_rpc_agent_api [None req-c91788af-0889-46e0-a49d-95b0dfe24d56 a268c67e23214786b12c802e5333fc35 3cd2d48859f34f978e768f2708768f46 - - default default] Unable to schedule network dab9ee82-808b-4387-aecc-794f9f7a5619: no agents available; will retry on subsequent port and subnet creation events.
2026-05-20 07:10:05.354 10 INFO neutron.db.ovn_revision_numbers_db [None req-c91788af-0889-46e0-a49d-95b0dfe24d56 a268c67e23214786b12c802e5333fc35 3cd2d48859f34f978e768f2708768f46 - - default default] Successfully bumped revision number for resource 35e0d989-c65e-4a38-bd3d-17431d6c5264 (type: subnets) to 0
2026-05-20 07:10:05.372 10 INFO neutron.wsgi [None req-c91788af-0889-46e0-a49d-95b0dfe24d56 a268c67e23214786b12c802e5333fc35 3cd2d48859f34f978e768f2708768f46 - - default default] 10.0.0.146 "POST /v2.0/subnets HTTP/1.1" status: 201 len: 830 time: 0.3561599
2026-05-20 07:10:05.570 10 INFO neutron.db.ovn_revision_numbers_db [None req-64d1a178-0e01-4149-8646-a9ab98014b57 a268c67e23214786b12c802e5333fc35 3cd2d48859f34f978e768f2708768f46 - - default default] Successfully bumped revision number for resource d8564e38-c1a8-4170-9539-30b3cb886208 (type: routers) to 1
2026-05-20 07:10:05.583 10 INFO neutron.wsgi [None req-64d1a178-0e01-4149-8646-a9ab98014b57 a268c67e23214786b12c802e5333fc35 3cd2d48859f34f978e768f2708768f46 - - default default] 10.0.0.146 "POST /v2.0/routers HTTP/1.1" status: 201 len: 690 time: 0.2044125
2026-05-20 07:10:05.727 9 INFO neutron.wsgi [None req-5ac4d21b-09d7-4eba-9c19-e82b74aadf7e 06281425a9784c22b3d2faee7dae0ad5 8186bed1677a4b208882cca37aded2db - - default default] 10.0.0.146 "PUT /v2.0/routers/ad9aac75-9da3-4a0b-8624-f33accdbefc4/remove_router_interface HTTP/1.1" status: 200 len: 503 time: 0.9300156 /var/lib/openstack/lib/python3.10/site-packages/pycadf/identifier.py:71: UserWarning: Invalid uuid: neutron. To ensure interoperability, identifiers should be a valid uuid. warnings.warn(('Invalid uuid: %s. To ensure interoperability, '
2026-05-20 07:10:05.958 10 WARNING neutron.scheduler.dhcp_agent_scheduler [None req-04faaf2f-5ed6-404e-9614-ab1c358074b4 a268c67e23214786b12c802e5333fc35 3cd2d48859f34f978e768f2708768f46 - - default default] No more DHCP agents
2026-05-20 07:10:05.960 10 WARNING neutron.api.rpc.agentnotifiers.dhcp_rpc_agent_api [None req-04faaf2f-5ed6-404e-9614-ab1c358074b4 a268c67e23214786b12c802e5333fc35 3cd2d48859f34f978e768f2708768f46 - - default default] Unable to schedule network a662fb6b-7441-440d-8a08-8b62c16f1450: no agents available; will retry on subsequent port and subnet creation events.
2026-05-20 07:10:06.097 10 INFO neutron.db.ovn_revision_numbers_db [None req-04faaf2f-5ed6-404e-9614-ab1c358074b4 a268c67e23214786b12c802e5333fc35 3cd2d48859f34f978e768f2708768f46 - - default default] Successfully bumped revision number for resource 7c735990-1e7b-4d60-9f8a-a77f017f675d (type: ports) to 1
2026-05-20 07:10:06.534 10 INFO neutron.plugins.ml2.drivers.ovn.mech_driver.mech_driver [None req-ed8c4629-c033-46f9-94f7-bab59ea5be2e - - - - - -] OVN reports status up for port: 7c735990-1e7b-4d60-9f8a-a77f017f675d
2026-05-20 07:10:06.551 9 INFO neutron.wsgi [None req-7c4d0341-2448-4deb-94b3-0c453a443ac2 06281425a9784c22b3d2faee7dae0ad5 8186bed1677a4b208882cca37aded2db - - default default] 10.0.0.146 "DELETE /v2.0/routers/ad9aac75-9da3-4a0b-8624-f33accdbefc4 HTTP/1.1" status: 204 len: 168 time: 0.8192084
2026-05-20 07:10:06.561 10 INFO neutron.plugins.ml2.plugin [None req-ed8c4629-c033-46f9-94f7-bab59ea5be2e - - - - - -] Attempt 1 to provision port 7c735990-1e7b-4d60-9f8a-a77f017f675d
2026-05-20 07:10:06.583 10 INFO neutron.db.ovn_revision_numbers_db [None req-04faaf2f-5ed6-404e-9614-ab1c358074b4 a268c67e23214786b12c802e5333fc35 3cd2d48859f34f978e768f2708768f46 - - default default] Successfully bumped revision number for resource 7c735990-1e7b-4d60-9f8a-a77f017f675d (type: router_ports) to 1
2026-05-20 07:10:06.725 10 INFO neutron.db.ovn_revision_numbers_db [None req-04faaf2f-5ed6-404e-9614-ab1c358074b4 a268c67e23214786b12c802e5333fc35 3cd2d48859f34f978e768f2708768f46 - - default default] Successfully bumped revision number for resource 7c735990-1e7b-4d60-9f8a-a77f017f675d (type: ports) to 1
2026-05-20 07:10:06.781 9 INFO neutron.wsgi [None req-c368595f-9550-4c51-af8b-37f823014118 06281425a9784c22b3d2faee7dae0ad5 8186bed1677a4b208882cca37aded2db - - default default] 10.0.0.146 "DELETE /v2.0/subnets/f17cb84f-058a-4830-9c7b-b7ca4607b577 HTTP/1.1" status: 204 len: 168 time: 0.2198169
2026-05-20 07:10:06.827 10 WARNING neutron.scheduler.dhcp_agent_scheduler [None req-04faaf2f-5ed6-404e-9614-ab1c358074b4 a268c67e23214786b12c802e5333fc35 3cd2d48859f34f978e768f2708768f46 - - default default] No more DHCP agents
2026-05-20 07:10:06.830 10 WARNING neutron.api.rpc.agentnotifiers.dhcp_rpc_agent_api [None req-04faaf2f-5ed6-404e-9614-ab1c358074b4 a268c67e23214786b12c802e5333fc35 3cd2d48859f34f978e768f2708768f46 - - default default] Unable to schedule network a662fb6b-7441-440d-8a08-8b62c16f1450: no agents available; will retry on subsequent port and subnet creation events.
2026-05-20 07:10:06.969 10 INFO neutron.db.ovn_revision_numbers_db [None req-ed8c4629-c033-46f9-94f7-bab59ea5be2e - - - - - -] Successfully bumped revision number for resource 7c735990-1e7b-4d60-9f8a-a77f017f675d (type: ports) to 2
2026-05-20 07:10:07.105 9 INFO neutron.services.segments.plugin [-] Segment 998a3a47-15dd-419d-b214-07bc4c7cb0a7 resource provider aggregate not found
2026-05-20 07:10:07.120 9 INFO neutron.services.segments.plugin [-] Segment 998a3a47-15dd-419d-b214-07bc4c7cb0a7 resource provider aggregate not found
2026-05-20 07:10:07.126 10 INFO neutron.db.ovn_revision_numbers_db [None req-04faaf2f-5ed6-404e-9614-ab1c358074b4 a268c67e23214786b12c802e5333fc35 3cd2d48859f34f978e768f2708768f46 - - default default] Successfully bumped revision number for resource 7c735990-1e7b-4d60-9f8a-a77f017f675d (type: router_ports) to 2
2026-05-20 07:10:07.128 10 INFO neutron.wsgi [None req-04faaf2f-5ed6-404e-9614-ab1c358074b4 a268c67e23214786b12c802e5333fc35 3cd2d48859f34f978e768f2708768f46 - - default default] 10.0.0.146 "PUT /v2.0/routers/d8564e38-c1a8-4170-9539-30b3cb886208/add_router_interface HTTP/1.1" status: 200 len: 503 time: 1.5410070
2026-05-20 07:10:07.148 9 INFO neutron.services.segments.plugin [-] Segment 998a3a47-15dd-419d-b214-07bc4c7cb0a7 resource provider not found; error: Placement Client Error (4xx): {"errors": [{"status": 404, "title": "Not Found", "detail": "The resource could not be found.\n\n No resource provider with uuid 998a3a47-15dd-419d-b214-07bc4c7cb0a7 found for delete ", "request_id": "req-cc7196bb-8dd8-479a-98dc-fe8cf70dcdbc"}]}
2026-05-20 07:10:07.150 9 INFO neutron.services.segments.plugin [-] Segment 998a3a47-15dd-419d-b214-07bc4c7cb0a7 resource provider not found; error: Placement Client Error (4xx): {"errors": [{"status": 404, "title": "Not Found", "detail": "The resource could not be found.\n\n No resource provider with uuid 998a3a47-15dd-419d-b214-07bc4c7cb0a7 found for delete ", "request_id": "req-b7d24ccb-abd3-4831-b672-3820a896f7f2"}]}
2026-05-20 07:10:07.164 10 INFO neutron.wsgi [None req-d28baa4a-03f7-48ba-a6a7-017d551a0f71 a268c67e23214786b12c802e5333fc35 3cd2d48859f34f978e768f2708768f46 - - default default] 10.0.0.146 "GET /v2.0/ports/7c735990-1e7b-4d60-9f8a-a77f017f675d HTTP/1.1" status: 200 len: 1141 time: 0.0319746
2026-05-20 07:10:07.172 9 INFO neutron.wsgi [None req-7299d4a9-8e2d-4a85-946b-511725b41b9c 06281425a9784c22b3d2faee7dae0ad5 8186bed1677a4b208882cca37aded2db - - default default] 10.0.0.146 "DELETE /v2.0/networks/4e4a8fdf-bd80-4d80-ac3c-dcfe559277d4 HTTP/1.1" status: 204 len: 168 time: 0.3863173
2026-05-20 07:10:07.325 9 INFO neutron.wsgi [-] 10.0.0.146 "GET / HTTP/1.1" status: 200 len: 279 time: 0.0027978
2026-05-20 07:10:07.421 9 INFO neutron.wsgi [None req-8babf3e7-9ee8-41c9-971f-8ebdd1c8cbfd 06281425a9784c22b3d2faee7dae0ad5 8186bed1677a4b208882cca37aded2db - - default default] 10.0.0.146 "GET /v2.0/security-groups?tenant_id=6ad6b9c88ec14227b28d92f6616d2b04&name=default HTTP/1.1" status: 200 len: 2996 time: 0.0382030
2026-05-20 07:10:07.517 9 INFO neutron.wsgi [None req-402556c7-ffc4-4d50-bf21-3ec2572cdd33 b1b51a4026674277b1f0d38fb32f7a61 a9b46300d4ac4ad9baca7d7d2491c279 - - default default] 10.0.0.146 "GET /v2.0/ HTTP/1.1" status: 200 len: 826 time: 0.1879549
2026-05-20 07:10:07.585 10 WARNING neutron.scheduler.dhcp_agent_scheduler [None req-750d499a-f74e-42d0-a123-886aa216f034 a268c67e23214786b12c802e5333fc35 3cd2d48859f34f978e768f2708768f46 - - default default] No more DHCP agents
2026-05-20 07:10:07.587 10 WARNING neutron.api.rpc.agentnotifiers.dhcp_rpc_agent_api [None req-750d499a-f74e-42d0-a123-886aa216f034 a268c67e23214786b12c802e5333fc35 3cd2d48859f34f978e768f2708768f46 - - default default] Unable to schedule network dab9ee82-808b-4387-aecc-794f9f7a5619: no agents available; will retry on subsequent port and subnet creation events.
2026-05-20 07:10:07.613 9 INFO neutron.wsgi [None req-a38706b0-71e4-4dd6-abaa-ad2011f83df0 06281425a9784c22b3d2faee7dae0ad5 8186bed1677a4b208882cca37aded2db - - default default] 10.0.0.146 "DELETE /v2.0/security-groups/4c020f31-5325-4088-ab11-78e47374afc8 HTTP/1.1" status: 204 len: 168 time: 0.1868143
2026-05-20 07:10:07.697 10 INFO neutron.db.ovn_revision_numbers_db [None req-750d499a-f74e-42d0-a123-886aa216f034 a268c67e23214786b12c802e5333fc35 3cd2d48859f34f978e768f2708768f46 - - default default] Successfully bumped revision number for resource 252b6b58-8519-4cb8-bd5b-da59772582a3 (type: ports) to 1
2026-05-20 07:10:08.143 10 INFO neutron.db.ovn_revision_numbers_db [None req-750d499a-f74e-42d0-a123-886aa216f034 a268c67e23214786b12c802e5333fc35 3cd2d48859f34f978e768f2708768f46 - - default default] Successfully bumped revision number for resource 252b6b58-8519-4cb8-bd5b-da59772582a3 (type: router_ports) to 1
2026-05-20 07:10:08.236 10 INFO neutron.db.ovn_revision_numbers_db [None req-750d499a-f74e-42d0-a123-886aa216f034 a268c67e23214786b12c802e5333fc35 3cd2d48859f34f978e768f2708768f46 - - default default] Successfully bumped revision number for resource 252b6b58-8519-4cb8-bd5b-da59772582a3 (type: ports) to 1
2026-05-20 07:10:08.296 9 INFO neutron.db.ovn_revision_numbers_db [None req-26f04533-ff40-4a4b-9046-40861ac0cad5 06281425a9784c22b3d2faee7dae0ad5 8186bed1677a4b208882cca37aded2db - - default default] Successfully bumped revision number for resource 34b9e2c5-a32f-4314-a4b4-05cbea569fc0 (type: security_groups) to 1
2026-05-20 07:10:08.303 10 WARNING neutron.scheduler.dhcp_agent_scheduler [None req-750d499a-f74e-42d0-a123-886aa216f034 a268c67e23214786b12c802e5333fc35 3cd2d48859f34f978e768f2708768f46 - - default default] No more DHCP agents
2026-05-20 07:10:08.304 10 WARNING neutron.api.rpc.agentnotifiers.dhcp_rpc_agent_api [None req-750d499a-f74e-42d0-a123-886aa216f034 a268c67e23214786b12c802e5333fc35 3cd2d48859f34f978e768f2708768f46 - - default default] Unable to schedule network dab9ee82-808b-4387-aecc-794f9f7a5619: no agents available; will retry on subsequent port and subnet creation events.
2026-05-20 07:10:08.318 9 INFO neutron.db.ovn_revision_numbers_db [None req-26f04533-ff40-4a4b-9046-40861ac0cad5 06281425a9784c22b3d2faee7dae0ad5 8186bed1677a4b208882cca37aded2db - - default default] Successfully bumped revision number for resource 3300bbda-82f6-46ef-b903-88c4508ee4c6 (type: security_group_rules) to 0
2026-05-20 07:10:08.328 9 INFO neutron.db.ovn_revision_numbers_db [None req-b734efa7-70bd-4e7d-a522-e0e962a4c5a1 06281425a9784c22b3d2faee7dae0ad5 8186bed1677a4b208882cca37aded2db - - default default] Successfully bumped revision number for resource c9aec819-665b-47ea-8e6c-1afb9f614ae7 (type: security_groups) to 1
2026-05-20 07:10:08.333 9 INFO neutron.db.ovn_revision_numbers_db [None req-26f04533-ff40-4a4b-9046-40861ac0cad5 06281425a9784c22b3d2faee7dae0ad5 8186bed1677a4b208882cca37aded2db - - default default] Successfully bumped revision number for resource a065cbae-86e6-4c85-998a-afb98def41aa (type: security_group_rules) to 0
2026-05-20 07:10:08.340 9 INFO neutron.db.ovn_revision_numbers_db [None req-b734efa7-70bd-4e7d-a522-e0e962a4c5a1 06281425a9784c22b3d2faee7dae0ad5 8186bed1677a4b208882cca37aded2db - - default default] Successfully bumped revision number for resource 6cec166e-75e1-42f3-896b-01672a9fd445 (type: security_group_rules) to 0
2026-05-20 07:10:08.346 9 INFO neutron.db.ovn_revision_numbers_db [None req-26f04533-ff40-4a4b-9046-40861ac0cad5 06281425a9784c22b3d2faee7dae0ad5 8186bed1677a4b208882cca37aded2db - - default default] Successfully bumped revision number for resource c4770b7e-5d23-4a83-96a4-8c6df758c2f4 (type: security_group_rules) to 0
2026-05-20 07:10:08.359 9 INFO neutron.db.ovn_revision_numbers_db [None req-b734efa7-70bd-4e7d-a522-e0e962a4c5a1 06281425a9784c22b3d2faee7dae0ad5 8186bed1677a4b208882cca37aded2db - - default default] Successfully bumped revision number for resource 797bdd63-ddd8-484c-b252-f3f2f5797c2b (type: security_group_rules) to 0
2026-05-20 07:10:08.361 9 INFO neutron.db.ovn_revision_numbers_db [None req-26f04533-ff40-4a4b-9046-40861ac0cad5 06281425a9784c22b3d2faee7dae0ad5 8186bed1677a4b208882cca37aded2db - - default default] Successfully bumped revision number for resource e662d7fe-d219-47bd-8768-b822f78089c3 (type: security_group_rules) to 0
2026-05-20 07:10:08.389 9 INFO neutron.wsgi [None req-26f04533-ff40-4a4b-9046-40861ac0cad5 06281425a9784c22b3d2faee7dae0ad5 8186bed1677a4b208882cca37aded2db - - default default] 10.0.0.146 "GET /v2.0/security-groups?tenant_id=a9b46300d4ac4ad9baca7d7d2491c279&name=default HTTP/1.1" status: 200 len: 2996 time: 0.3112631
2026-05-20 07:10:08.391 9 INFO neutron.db.ovn_revision_numbers_db [None req-b734efa7-70bd-4e7d-a522-e0e962a4c5a1 06281425a9784c22b3d2faee7dae0ad5 8186bed1677a4b208882cca37aded2db - - default default] Successfully bumped revision number for resource da22dc40-5b64-4d41-981e-9721922841a3 (type: security_group_rules) to 0
2026-05-20 07:10:08.401 9 INFO neutron.db.ovn_revision_numbers_db [None req-b734efa7-70bd-4e7d-a522-e0e962a4c5a1 06281425a9784c22b3d2faee7dae0ad5 8186bed1677a4b208882cca37aded2db - - default default] Successfully bumped revision number for resource e5634ce0-b8b0-4fc6-8bb0-b2454fefaaac (type: security_group_rules) to 0
2026-05-20 07:10:08.422 9 INFO neutron.wsgi [None req-b734efa7-70bd-4e7d-a522-e0e962a4c5a1 06281425a9784c22b3d2faee7dae0ad5 8186bed1677a4b208882cca37aded2db - - default default] 10.0.0.146 "GET /v2.0/security-groups?tenant_id=4a375ed393084af5b035ac420bf66d75&name=default HTTP/1.1" status: 200 len: 2996 time: 0.2532086
2026-05-20 07:10:08.729 10 INFO neutron.db.ovn_revision_numbers_db [None req-750d499a-f74e-42d0-a123-886aa216f034 a268c67e23214786b12c802e5333fc35 3cd2d48859f34f978e768f2708768f46 - - default default] Successfully bumped revision number for resource 252b6b58-8519-4cb8-bd5b-da59772582a3 (type: router_ports) to 1
2026-05-20 07:10:08.731 10 INFO neutron.wsgi [None req-750d499a-f74e-42d0-a123-886aa216f034 a268c67e23214786b12c802e5333fc35 3cd2d48859f34f978e768f2708768f46 - - default default] 10.0.0.146 "PUT /v2.0/routers/d8564e38-c1a8-4170-9539-30b3cb886208/add_router_interface HTTP/1.1" status: 200 len: 503 time: 1.5614967
2026-05-20 07:10:08.849 9 INFO neutron.wsgi [None req-e9feb1b1-c8fb-40ed-958c-7225e8dd54a5 a268c67e23214786b12c802e5333fc35 3cd2d48859f34f978e768f2708768f46 - - default default] 10.0.0.146 "GET /v2.0/ports/252b6b58-8519-4cb8-bd5b-da59772582a3 HTTP/1.1" status: 200 len: 1147 time: 0.1136274
2026-05-20 07:10:08.883 10 INFO neutron.wsgi [None req-7fead969-84f4-4add-ac4a-319ccbc2cefc 06281425a9784c22b3d2faee7dae0ad5 8186bed1677a4b208882cca37aded2db - - default default] 10.0.0.146 "DELETE /v2.0/security-groups/34b9e2c5-a32f-4314-a4b4-05cbea569fc0 HTTP/1.1" status: 204 len: 168 time: 0.4886804
2026-05-20 07:10:08.900 10 INFO neutron.wsgi [None req-9c789f67-e149-4638-abab-7a547e21dc37 a268c67e23214786b12c802e5333fc35 3cd2d48859f34f978e768f2708768f46 - - default default] 10.0.0.146 "GET /v2.0/ports/252b6b58-8519-4cb8-bd5b-da59772582a3 HTTP/1.1" status: 200 len: 1147 time: 0.0479581
2026-05-20 07:10:08.924 10 INFO neutron.wsgi [None req-8261a97b-9dbe-4de8-81a8-7e8cb344d591 06281425a9784c22b3d2faee7dae0ad5 8186bed1677a4b208882cca37aded2db - - default default] 10.0.0.146 "DELETE /v2.0/security-groups/c9aec819-665b-47ea-8e6c-1afb9f614ae7 HTTP/1.1" status: 204 len: 168 time: 0.4867580
2026-05-20 07:10:09.132 10 INFO neutron.db.ovn_revision_numbers_db [None req-5b8ac5cf-f245-4dc5-9997-52ac9fe149b2 06281425a9784c22b3d2faee7dae0ad5 8186bed1677a4b208882cca37aded2db - - default default] Successfully bumped revision number for resource 021a13df-b3bd-406d-ba79-ee29ed7848b6 (type: security_groups) to 1
2026-05-20 07:10:09.146 10 INFO neutron.db.ovn_revision_numbers_db [None req-5b8ac5cf-f245-4dc5-9997-52ac9fe149b2 06281425a9784c22b3d2faee7dae0ad5 8186bed1677a4b208882cca37aded2db - - default default] Successfully bumped revision number for resource 1f6b73ba-d2d8-4d04-b5e5-5a8fa807597f (type: security_group_rules) to 0
2026-05-20 07:10:09.168 10 INFO neutron.db.ovn_revision_numbers_db [None req-5b8ac5cf-f245-4dc5-9997-52ac9fe149b2 06281425a9784c22b3d2faee7dae0ad5 8186bed1677a4b208882cca37aded2db - - default default] Successfully bumped revision number for resource 416f7a07-b04c-4453-8d28-c30f1e48a734 (type: security_group_rules) to 0
2026-05-20 07:10:09.181 10 INFO neutron.db.ovn_revision_numbers_db [None req-5b8ac5cf-f245-4dc5-9997-52ac9fe149b2 06281425a9784c22b3d2faee7dae0ad5 8186bed1677a4b208882cca37aded2db - - default default] Successfully bumped revision number for resource 5235fea8-4ea8-4e48-96fa-50a9494cc20e (type: security_group_rules) to 0
2026-05-20 07:10:09.192 10 INFO neutron.db.ovn_revision_numbers_db [None req-5b8ac5cf-f245-4dc5-9997-52ac9fe149b2 06281425a9784c22b3d2faee7dae0ad5 8186bed1677a4b208882cca37aded2db - - default default] Successfully bumped revision number for resource b628c246-ffd5-4e0e-8ccc-f9d80e01ba73 (type: security_group_rules) to 0
2026-05-20 07:10:09.212 10 INFO neutron.wsgi [None req-5b8ac5cf-f245-4dc5-9997-52ac9fe149b2 06281425a9784c22b3d2faee7dae0ad5 8186bed1677a4b208882cca37aded2db - - default default] 10.0.0.146 "GET /v2.0/security-groups?tenant_id=e7bcb41ee0714feab0744bef19d380fa&name=default HTTP/1.1" status: 200 len: 2996 time: 0.2084899
2026-05-20 07:10:09.413 10 INFO neutron.wsgi [None req-ec7625ac-5d2b-4662-9a0c-323d558ed605 06281425a9784c22b3d2faee7dae0ad5 8186bed1677a4b208882cca37aded2db - - default default] 10.0.0.146 "DELETE /v2.0/security-groups/021a13df-b3bd-406d-ba79-ee29ed7848b6 HTTP/1.1" status: 204 len: 168 time: 0.1947670
2026-05-20 07:10:09.948 10 INFO neutron.wsgi [None req-6472b5f0-47e7-4084-8594-b53873ab9d39 a268c67e23214786b12c802e5333fc35 3cd2d48859f34f978e768f2708768f46 - - default default] 10.0.0.146 "GET /v2.0/ports/252b6b58-8519-4cb8-bd5b-da59772582a3 HTTP/1.1" status: 200 len: 1147 time: 0.0363011
2026-05-20 07:10:11.040 10 INFO neutron.wsgi [None req-8c5a1cf1-c7d8-4729-8f7e-1b7097f8583a a268c67e23214786b12c802e5333fc35 3cd2d48859f34f978e768f2708768f46 - - default default] 10.0.0.146 "GET /v2.0/ports/252b6b58-8519-4cb8-bd5b-da59772582a3 HTTP/1.1" status: 200 len: 1147 time: 0.0871427
2026-05-20 07:10:11.538 9 INFO neutron.wsgi [-] 10.0.0.148 "GET / HTTP/1.1" status: 200 len: 246 time: 0.0016482
2026-05-20 07:10:11.538 10 INFO neutron.wsgi [-] 10.0.0.148 "GET / HTTP/1.1" status: 200 len: 246 time: 0.0016878
2026-05-20 07:10:11.786 10 WARNING neutron.plugins.ml2.drivers.ovn.mech_driver.ovsdb.ovn_client [None req-ed8c4629-c033-46f9-94f7-bab59ea5be2e - - - - - -] No hosting information found for port 7c735990-1e7b-4d60-9f8a-a77f017f675d: RuntimeError: No hosting information found for port 7c735990-1e7b-4d60-9f8a-a77f017f675d
2026-05-20 07:10:11.787 10 INFO neutron.plugins.ml2.drivers.ovn.mech_driver.mech_driver [None req-ed8c4629-c033-46f9-94f7-bab59ea5be2e - - - - - -] OVN reports status up for port: 252b6b58-8519-4cb8-bd5b-da59772582a3
2026-05-20 07:10:11.793 10 INFO neutron.plugins.ml2.plugin [None req-ed8c4629-c033-46f9-94f7-bab59ea5be2e - - - - - -] Attempt 1 to provision port 252b6b58-8519-4cb8-bd5b-da59772582a3
2026-05-20 07:10:12.075 9 INFO neutron.wsgi [None req-45d5b4a3-bae0-4907-98c7-352874136da5 a268c67e23214786b12c802e5333fc35 3cd2d48859f34f978e768f2708768f46 - - default default] 10.0.0.146 "GET /v2.0/ports/252b6b58-8519-4cb8-bd5b-da59772582a3 HTTP/1.1" status: 200 len: 1149 time: 0.0286119
2026-05-20 07:10:12.087 10 INFO neutron.db.ovn_revision_numbers_db [None req-ed8c4629-c033-46f9-94f7-bab59ea5be2e - - - - - -] Successfully bumped revision number for resource 252b6b58-8519-4cb8-bd5b-da59772582a3 (type: ports) to 2
2026-05-20 07:10:12.220 10 INFO neutron.db.ovn_revision_numbers_db [None req-ed8c4629-c033-46f9-94f7-bab59ea5be2e - - - - - -] Successfully bumped revision number for resource 252b6b58-8519-4cb8-bd5b-da59772582a3 (type: router_ports) to 2
2026-05-20 07:10:12.690 9 INFO neutron.wsgi [None req-a0e9d9c7-e65a-4e98-a1c4-050a3f722282 a268c67e23214786b12c802e5333fc35 3cd2d48859f34f978e768f2708768f46 - - default default] 10.0.0.146 "PUT /v2.0/routers/d8564e38-c1a8-4170-9539-30b3cb886208/remove_router_interface HTTP/1.1" status: 200 len: 503 time: 0.6092002 /var/lib/openstack/lib/python3.10/site-packages/pycadf/identifier.py:71: UserWarning: Invalid uuid: neutron. To ensure interoperability, identifiers should be a valid uuid. warnings.warn(('Invalid uuid: %s. To ensure interoperability, '
2026-05-20 07:10:12.782 9 INFO neutron.wsgi [None req-5e940e3c-b676-4325-b5d1-6d1ca3c7a520 a268c67e23214786b12c802e5333fc35 3cd2d48859f34f978e768f2708768f46 - - default default] 10.0.0.146 "GET /v2.0/ports/7c735990-1e7b-4d60-9f8a-a77f017f675d HTTP/1.1" status: 200 len: 1141 time: 0.0879586
2026-05-20 07:10:12.936 10 INFO neutron.db.ovn_revision_numbers_db [None req-1f3d4972-8787-408e-b523-0e74e2de641a 06281425a9784c22b3d2faee7dae0ad5 8186bed1677a4b208882cca37aded2db - - default default] Successfully bumped revision number for resource 4bc6e4a3-c765-4ab5-9e5f-6b300c789037 (type: security_groups) to 1
2026-05-20 07:10:12.949 10 INFO neutron.db.ovn_revision_numbers_db [None req-1f3d4972-8787-408e-b523-0e74e2de641a 06281425a9784c22b3d2faee7dae0ad5 8186bed1677a4b208882cca37aded2db - - default default] Successfully bumped revision number for resource 332ee981-1cac-49e1-ac68-0f8976e82899 (type: security_group_rules) to 0
2026-05-20 07:10:12.961 10 INFO neutron.db.ovn_revision_numbers_db [None req-1f3d4972-8787-408e-b523-0e74e2de641a 06281425a9784c22b3d2faee7dae0ad5 8186bed1677a4b208882cca37aded2db - - default default] Successfully bumped revision number for resource 5672184b-d467-41f2-a5c1-f87663f1daa6 (type: security_group_rules) to 0
2026-05-20 07:10:12.975 10 INFO neutron.db.ovn_revision_numbers_db [None req-1f3d4972-8787-408e-b523-0e74e2de641a 06281425a9784c22b3d2faee7dae0ad5 8186bed1677a4b208882cca37aded2db - - default default] Successfully bumped revision number for resource 587b0ed5-5d8d-4ca6-959f-5ed98f94cd61 (type: security_group_rules) to 0
2026-05-20 07:10:12.989 10 INFO neutron.db.ovn_revision_numbers_db [None req-1f3d4972-8787-408e-b523-0e74e2de641a 06281425a9784c22b3d2faee7dae0ad5 8186bed1677a4b208882cca37aded2db - - default default] Successfully bumped revision number for resource ae69417a-537a-47aa-902e-7920ebefb739 (type: security_group_rules) to 0
2026-05-20 07:10:13.011 10 INFO neutron.wsgi [None req-1f3d4972-8787-408e-b523-0e74e2de641a 06281425a9784c22b3d2faee7dae0ad5 8186bed1677a4b208882cca37aded2db - - default default] 10.0.0.146 "GET /v2.0/security-groups?tenant_id=62ca5b26b791440dac3df839a290690c&name=default HTTP/1.1" status: 200 len: 2996 time: 0.3034530
2026-05-20 07:10:13.198 10 INFO neutron.wsgi [None req-a43f33c7-a893-42ce-9cf5-65a1777c11a8 06281425a9784c22b3d2faee7dae0ad5 8186bed1677a4b208882cca37aded2db - - default default] 10.0.0.146 "DELETE /v2.0/security-groups/4bc6e4a3-c765-4ab5-9e5f-6b300c789037 HTTP/1.1" status: 204 len: 168 time: 0.1829128
2026-05-20 07:10:13.389 9 INFO neutron.wsgi [None req-3c3d2e3d-03cf-4ece-86cb-1393b00908a8 a268c67e23214786b12c802e5333fc35 3cd2d48859f34f978e768f2708768f46 - - default default] 10.0.0.146 "PUT /v2.0/routers/d8564e38-c1a8-4170-9539-30b3cb886208/remove_router_interface HTTP/1.1" status: 200 len: 503 time: 0.6019306 /var/lib/openstack/lib/python3.10/site-packages/pycadf/identifier.py:71: UserWarning: Invalid uuid: neutron. To ensure interoperability, identifiers should be a valid uuid. warnings.warn(('Invalid uuid: %s. To ensure interoperability, '
2026-05-20 07:10:13.421 9 INFO neutron.wsgi [None req-aa008b24-bee2-449b-a7ba-cdd0d2e8fdf6 a268c67e23214786b12c802e5333fc35 3cd2d48859f34f978e768f2708768f46 - - default default] 10.0.0.146 "GET /v2.0/ports?device_id=d8564e38-c1a8-4170-9539-30b3cb886208 HTTP/1.1" status: 200 len: 205 time: 0.0261641
2026-05-20 07:10:13.520 9 INFO neutron.db.ovn_revision_numbers_db [None req-bbebba3f-0fb9-4067-ad91-c0613cfc1e0c 06281425a9784c22b3d2faee7dae0ad5 8186bed1677a4b208882cca37aded2db - - default default] Successfully bumped revision number for resource 23c9403d-36f5-4216-90d6-8b70af282a0f (type: security_groups) to 1
2026-05-20 07:10:13.545 9 INFO neutron.db.ovn_revision_numbers_db [None req-bbebba3f-0fb9-4067-ad91-c0613cfc1e0c 06281425a9784c22b3d2faee7dae0ad5 8186bed1677a4b208882cca37aded2db - - default default] Successfully bumped revision number for resource 21b9429f-3b52-4940-9e66-5f6c2e2b309e (type: security_group_rules) to 0
2026-05-20 07:10:13.561 9 INFO neutron.db.ovn_revision_numbers_db [None req-bbebba3f-0fb9-4067-ad91-c0613cfc1e0c 06281425a9784c22b3d2faee7dae0ad5 8186bed1677a4b208882cca37aded2db - - default default] Successfully bumped revision number for resource 4b3a06b1-f06c-4271-a620-4c6c4c4a2038 (type: security_group_rules) to 0
2026-05-20 07:10:13.584 9 INFO neutron.db.ovn_revision_numbers_db [None req-bbebba3f-0fb9-4067-ad91-c0613cfc1e0c 06281425a9784c22b3d2faee7dae0ad5 8186bed1677a4b208882cca37aded2db - - default default] Successfully bumped revision number for resource a970dc5c-f514-4bc2-890d-8276d185d02a (type: security_group_rules) to 0
2026-05-20 07:10:13.602 9 INFO neutron.db.ovn_revision_numbers_db [None req-bbebba3f-0fb9-4067-ad91-c0613cfc1e0c 06281425a9784c22b3d2faee7dae0ad5 8186bed1677a4b208882cca37aded2db - - default default] Successfully bumped revision number for resource e22eb7ea-3445-445d-ac3b-2617071e82bb (type: security_group_rules) to 0
2026-05-20 07:10:13.635 9 INFO neutron.wsgi [None req-bbebba3f-0fb9-4067-ad91-c0613cfc1e0c 06281425a9784c22b3d2faee7dae0ad5 8186bed1677a4b208882cca37aded2db - - default default] 10.0.0.146 "GET /v2.0/security-groups?tenant_id=90bb76071b184cb2940835b5af83539c&name=default HTTP/1.1" status: 200 len: 2996 time: 0.3001943
2026-05-20 07:10:13.672 10 INFO neutron.wsgi [None req-388c8608-132f-47ab-ab4c-332b700f7de7 a268c67e23214786b12c802e5333fc35 3cd2d48859f34f978e768f2708768f46 - - default default] 10.0.0.146 "DELETE /v2.0/routers/d8564e38-c1a8-4170-9539-30b3cb886208 HTTP/1.1" status: 204 len: 168 time: 0.2461734
2026-05-20 07:10:13.787 9 INFO neutron.db.ovn_revision_numbers_db [None req-a29ebdd6-a062-427a-8621-558166271dee 06281425a9784c22b3d2faee7dae0ad5 8186bed1677a4b208882cca37aded2db - - default default] Successfully bumped revision number for resource ee6d5e83-141d-4de9-adb7-6470d8156a5b (type: security_groups) to 1
2026-05-20 07:10:13.803 9 INFO neutron.db.ovn_revision_numbers_db [None req-a29ebdd6-a062-427a-8621-558166271dee 06281425a9784c22b3d2faee7dae0ad5 8186bed1677a4b208882cca37aded2db - - default default] Successfully bumped revision number for resource 58999790-968d-45b7-90c8-957751de3c57 (type: security_group_rules) to 0
2026-05-20 07:10:13.821 9 INFO neutron.db.ovn_revision_numbers_db [None req-a29ebdd6-a062-427a-8621-558166271dee 06281425a9784c22b3d2faee7dae0ad5 8186bed1677a4b208882cca37aded2db - - default default] Successfully bumped revision number for resource 5bcc552e-e67f-4c8d-b61d-44a66fcd54d9 (type: security_group_rules) to 0
2026-05-20 07:10:13.838 9 INFO neutron.db.ovn_revision_numbers_db [None req-a29ebdd6-a062-427a-8621-558166271dee 06281425a9784c22b3d2faee7dae0ad5 8186bed1677a4b208882cca37aded2db - - default default] Successfully bumped revision number for resource 64171a36-4130-4a89-9022-1170daa70753 (type: security_group_rules) to 0
2026-05-20 07:10:13.854 10 INFO neutron.wsgi [None req-201a2298-9630-4a77-9de9-b6cf9362e16c a268c67e23214786b12c802e5333fc35 3cd2d48859f34f978e768f2708768f46 - - default default] 10.0.0.146 "DELETE /v2.0/subnets/35e0d989-c65e-4a38-bd3d-17431d6c5264 HTTP/1.1" status: 204 len: 168 time: 0.1751275
2026-05-20 07:10:13.858 9 INFO neutron.wsgi [None req-c1d74fcf-6647-48ee-909d-e242fcaca15b 06281425a9784c22b3d2faee7dae0ad5 8186bed1677a4b208882cca37aded2db - - default default] 10.0.0.146 "DELETE /v2.0/security-groups/23c9403d-36f5-4216-90d6-8b70af282a0f HTTP/1.1" status: 204 len: 168 time: 0.2182176
2026-05-20 07:10:13.867 9 INFO neutron.db.ovn_revision_numbers_db [None req-a29ebdd6-a062-427a-8621-558166271dee 06281425a9784c22b3d2faee7dae0ad5 8186bed1677a4b208882cca37aded2db - - default default] Successfully bumped revision number for resource 64ffd532-e2f5-4cbf-81e5-a04c8856e186 (type: security_group_rules) to 0
2026-05-20 07:10:13.897 9 INFO neutron.wsgi [None req-a29ebdd6-a062-427a-8621-558166271dee 06281425a9784c22b3d2faee7dae0ad5 8186bed1677a4b208882cca37aded2db - - default default] 10.0.0.146 "GET /v2.0/security-groups?tenant_id=be283ee1e53d4a5cbb0b0a63355d05c7&name=default HTTP/1.1" status: 200 len: 2996 time: 0.3666587
2026-05-20 07:10:14.074 9 INFO neutron.wsgi [None req-7fa86a2b-a312-4ce4-8a87-e1ba763c0d44 a268c67e23214786b12c802e5333fc35 3cd2d48859f34f978e768f2708768f46 - - default default] 10.0.0.146 "DELETE /v2.0/subnets/b87e3d0d-9c12-4cc2-aa04-50c480003309 HTTP/1.1" status: 204 len: 168 time: 0.2130725
2026-05-20 07:10:14.140 10 INFO neutron.wsgi [None req-c13ac5b9-c104-4cb6-a5eb-13ea1f7a3e23 06281425a9784c22b3d2faee7dae0ad5 8186bed1677a4b208882cca37aded2db - - default default] 10.0.0.146 "DELETE /v2.0/security-groups/ee6d5e83-141d-4de9-adb7-6470d8156a5b HTTP/1.1" status: 204 len: 168 time: 0.2351065
2026-05-20 07:10:14.428 9 INFO neutron.services.segments.plugin [-] Segment fa4231bd-bdf8-4acc-bde1-c3eb77fa3f61 resource provider aggregate not found
2026-05-20 07:10:14.432 9 INFO neutron.services.segments.plugin [-] Segment fa4231bd-bdf8-4acc-bde1-c3eb77fa3f61 resource provider aggregate not found
2026-05-20 07:10:14.442 10 INFO neutron.db.ovn_revision_numbers_db [None req-cda21a21-a51e-44aa-be97-962fc5ff2694 06281425a9784c22b3d2faee7dae0ad5 8186bed1677a4b208882cca37aded2db - - default default] Successfully bumped revision number for resource 94b3bb77-2509-49e8-a783-709ce5e96223 (type: security_groups) to 1
2026-05-20 07:10:14.452 9 INFO neutron.services.segments.plugin [-] Segment fa4231bd-bdf8-4acc-bde1-c3eb77fa3f61 resource provider not found; error: Placement Client Error (4xx): {"errors": [{"status": 404, "title": "Not Found", "detail": "The resource could not be found.\n\n No resource provider with uuid fa4231bd-bdf8-4acc-bde1-c3eb77fa3f61 found for delete ", "request_id": "req-dde890ab-ed8d-4565-bfe6-ef394bc8f193"}]}
2026-05-20 07:10:14.455 9 INFO neutron.services.segments.plugin [-] Segment fa4231bd-bdf8-4acc-bde1-c3eb77fa3f61 resource provider not found; error: Placement Client Error (4xx): {"errors": [{"status": 404, "title": "Not Found", "detail": "The resource could not be found.\n\n No resource provider with uuid fa4231bd-bdf8-4acc-bde1-c3eb77fa3f61 found for delete ", "request_id": "req-d1a05df8-c468-4f88-b4ae-3eb1920c9fc8"}]}
2026-05-20 07:10:14.459 10 INFO neutron.db.ovn_revision_numbers_db [None req-cda21a21-a51e-44aa-be97-962fc5ff2694 06281425a9784c22b3d2faee7dae0ad5 8186bed1677a4b208882cca37aded2db - - default default] Successfully bumped revision number for resource 0d53be6f-2075-4abf-bbeb-69025622b2c9 (type: security_group_rules) to 0
2026-05-20 07:10:14.464 9 INFO neutron.wsgi [None req-70973ffb-6d08-4b13-9eec-7f62088092b0 a268c67e23214786b12c802e5333fc35 3cd2d48859f34f978e768f2708768f46 - - default default] 10.0.0.146 "DELETE /v2.0/networks/dab9ee82-808b-4387-aecc-794f9f7a5619 HTTP/1.1" status: 204 len: 168 time: 0.3838930
2026-05-20 07:10:14.483 10 INFO neutron.db.ovn_revision_numbers_db [None req-cda21a21-a51e-44aa-be97-962fc5ff2694 06281425a9784c22b3d2faee7dae0ad5 8186bed1677a4b208882cca37aded2db - - default default] Successfully bumped revision number for resource 3b6a5f02-7a99-4451-bae0-266208c51faa (type: security_group_rules) to 0
2026-05-20 07:10:14.508 10 INFO neutron.db.ovn_revision_numbers_db [None req-cda21a21-a51e-44aa-be97-962fc5ff2694 06281425a9784c22b3d2faee7dae0ad5 8186bed1677a4b208882cca37aded2db - - default default] Successfully bumped revision number for resource 3cb588f2-2a0c-4c4c-91d4-8531dd6fc579 (type: security_group_rules) to 0
2026-05-20 07:10:14.543 10 INFO neutron.db.ovn_revision_numbers_db [None req-cda21a21-a51e-44aa-be97-962fc5ff2694 06281425a9784c22b3d2faee7dae0ad5 8186bed1677a4b208882cca37aded2db - - default default] Successfully bumped revision number for resource 7439273c-da6e-4760-bd63-b3a8004a5329 (type: security_group_rules) to 0
2026-05-20 07:10:14.571 10 INFO neutron.wsgi [None req-cda21a21-a51e-44aa-be97-962fc5ff2694 06281425a9784c22b3d2faee7dae0ad5 8186bed1677a4b208882cca37aded2db - - default default] 10.0.0.146 "GET /v2.0/security-groups?tenant_id=7a982a293bb84142b03dce7406ce8311&name=default HTTP/1.1" status: 200 len: 2996 time: 0.2378621
2026-05-20 07:10:14.769 9 INFO neutron.db.ovn_revision_numbers_db [None req-a077b485-f695-4839-82d5-9e27fea3c801 06281425a9784c22b3d2faee7dae0ad5 8186bed1677a4b208882cca37aded2db - - default default] Successfully bumped revision number for resource e0ff54bb-11b0-4a85-8921-1c87d2413954 (type: security_groups) to 1
2026-05-20 07:10:14.783 9 INFO neutron.db.ovn_revision_numbers_db [None req-a077b485-f695-4839-82d5-9e27fea3c801 06281425a9784c22b3d2faee7dae0ad5 8186bed1677a4b208882cca37aded2db - - default default] Successfully bumped revision number for resource 0c2c551a-03d6-4913-bfc4-ab4171dcdf43 (type: security_group_rules) to 0
2026-05-20 07:10:14.796 9 INFO neutron.db.ovn_revision_numbers_db [None req-a077b485-f695-4839-82d5-9e27fea3c801 06281425a9784c22b3d2faee7dae0ad5 8186bed1677a4b208882cca37aded2db - - default default] Successfully bumped revision number for resource 3f29056f-fd79-4bd2-97c4-41927d997ffb (type: security_group_rules) to 0
2026-05-20 07:10:14.825 9 INFO neutron.db.ovn_revision_numbers_db [None req-a077b485-f695-4839-82d5-9e27fea3c801 06281425a9784c22b3d2faee7dae0ad5 8186bed1677a4b208882cca37aded2db - - default default] Successfully bumped revision number for resource 877a6636-6a8e-4cea-b769-cba2293c01e8 (type: security_group_rules) to 0
2026-05-20 07:10:14.835 10 INFO neutron.wsgi [None req-9db74fde-7bc7-47a7-913d-dae6bda3abee 06281425a9784c22b3d2faee7dae0ad5 8186bed1677a4b208882cca37aded2db - - default default] 10.0.0.146 "DELETE /v2.0/security-groups/94b3bb77-2509-49e8-a783-709ce5e96223 HTTP/1.1" status: 204 len: 168 time: 0.2593679
2026-05-20 07:10:14.841 9 INFO neutron.db.ovn_revision_numbers_db [None req-a077b485-f695-4839-82d5-9e27fea3c801 06281425a9784c22b3d2faee7dae0ad5 8186bed1677a4b208882cca37aded2db - - default default] Successfully bumped revision number for resource d81dc4b5-39a8-4e98-9aab-61b4dc8fe802 (type: security_group_rules) to 0
2026-05-20 07:10:14.867 9 INFO neutron.wsgi [None req-a077b485-f695-4839-82d5-9e27fea3c801 06281425a9784c22b3d2faee7dae0ad5 8186bed1677a4b208882cca37aded2db - - default default] 10.0.0.146 "GET /v2.0/security-groups?tenant_id=f0e1ac0fb1cc4b3b94ec40ad6cf9346d&name=default HTTP/1.1" status: 200 len: 2996 time: 0.3705702
2026-05-20 07:10:14.868 10 INFO neutron.services.segments.plugin [-] Segment 8a012cfc-04a6-4283-9ef8-bb976924a92b resource provider aggregate not found
2026-05-20 07:10:14.874 10 INFO neutron.services.segments.plugin [-] Segment 8a012cfc-04a6-4283-9ef8-bb976924a92b resource provider aggregate not found
2026-05-20 07:10:14.885 10 INFO neutron.services.segments.plugin [-] Segment 8a012cfc-04a6-4283-9ef8-bb976924a92b resource provider not found; error: Placement Client Error (4xx): {"errors": [{"status": 404, "title": "Not Found", "detail": "The resource could not be found.\n\n No resource provider with uuid 8a012cfc-04a6-4283-9ef8-bb976924a92b found for delete ", "request_id": "req-1096d751-4ea5-4db7-b620-cedd076c4b77"}]}
2026-05-20 07:10:14.896 10 INFO neutron.services.segments.plugin [-] Segment 8a012cfc-04a6-4283-9ef8-bb976924a92b resource provider not found; error: Placement Client Error (4xx): {"errors": [{"status": 404, "title": "Not Found", "detail": "The resource could not be found.\n\n No resource provider with uuid 8a012cfc-04a6-4283-9ef8-bb976924a92b found for delete ", "request_id": "req-6f492a5c-ad8e-42f2-bc06-eeb5f415932c"}]}
2026-05-20 07:10:14.923 10 INFO neutron.wsgi [None req-fd89ad37-5b32-49f7-b81c-43befa34a078 a268c67e23214786b12c802e5333fc35 3cd2d48859f34f978e768f2708768f46 - - default default] 10.0.0.146 "DELETE /v2.0/networks/a662fb6b-7441-440d-8a08-8b62c16f1450 HTTP/1.1" status: 204 len: 168 time: 0.4541698
2026-05-20 07:10:15.016 10 INFO neutron.db.segments_db [None req-ced48175-6fd1-453d-8a44-4be000590fb8 a268c67e23214786b12c802e5333fc35 3cd2d48859f34f978e768f2708768f46 - - default default] Added segment e59382db-a551-4432-a553-52db32e5503d of type geneve for network 78e591b2-49bb-4131-9cdc-29e06a324cbb
2026-05-20 07:10:15.048 9 INFO neutron.wsgi [None req-278e8fc1-f50a-4a19-b1c5-31c505305ed8 06281425a9784c22b3d2faee7dae0ad5 8186bed1677a4b208882cca37aded2db - - default default] 10.0.0.146 "DELETE /v2.0/security-groups/e0ff54bb-11b0-4a85-8921-1c87d2413954 HTTP/1.1" status: 204 len: 168 time: 0.1715991
2026-05-20 07:10:15.205 10 INFO neutron.db.ovn_revision_numbers_db [None req-ced48175-6fd1-453d-8a44-4be000590fb8 a268c67e23214786b12c802e5333fc35 3cd2d48859f34f978e768f2708768f46 - - default default] Successfully bumped revision number for resource 78e591b2-49bb-4131-9cdc-29e06a324cbb (type: networks) to 1
2026-05-20 07:10:15.385 10 WARNING neutron.scheduler.dhcp_agent_scheduler [None req-ced48175-6fd1-453d-8a44-4be000590fb8 a268c67e23214786b12c802e5333fc35 3cd2d48859f34f978e768f2708768f46 - - default default] No more DHCP agents
2026-05-20 07:10:15.387 10 WARNING neutron.api.rpc.agentnotifiers.dhcp_rpc_agent_api [None req-ced48175-6fd1-453d-8a44-4be000590fb8 a268c67e23214786b12c802e5333fc35 3cd2d48859f34f978e768f2708768f46 - - default default] Unable to schedule network 78e591b2-49bb-4131-9cdc-29e06a324cbb: no agents available; will retry on subsequent port and subnet creation events.
2026-05-20 07:10:15.406 9 INFO neutron.db.ovn_revision_numbers_db [None req-04ac6dca-5bd5-4943-b4c1-cbec0d059a19 06281425a9784c22b3d2faee7dae0ad5 8186bed1677a4b208882cca37aded2db - - default default] Successfully bumped revision number for resource 8dd6d155-70f6-4ebc-b365-96ba4287d963 (type: security_groups) to 1
2026-05-20 07:10:15.428 9 INFO neutron.db.ovn_revision_numbers_db [None req-04ac6dca-5bd5-4943-b4c1-cbec0d059a19 06281425a9784c22b3d2faee7dae0ad5 8186bed1677a4b208882cca37aded2db - - default default] Successfully bumped revision number for resource 3e6e4f89-ac52-4cf3-be29-8ace10c1f7e7 (type: security_group_rules) to 0
2026-05-20 07:10:15.455 9 INFO neutron.db.ovn_revision_numbers_db [None req-04ac6dca-5bd5-4943-b4c1-cbec0d059a19 06281425a9784c22b3d2faee7dae0ad5 8186bed1677a4b208882cca37aded2db - - default default] Successfully bumped revision number for resource 58494dff-131c-4cc3-a668-39872177928d (type: security_group_rules) to 0
2026-05-20 07:10:15.460 10 INFO neutron.db.ovn_revision_numbers_db [None req-ced48175-6fd1-453d-8a44-4be000590fb8 a268c67e23214786b12c802e5333fc35 3cd2d48859f34f978e768f2708768f46 - - default default] Successfully bumped revision number for resource 839a6e82-2e61-4e17-a1fa-291c0f82db2c (type: ports) to 1
2026-05-20 07:10:15.468 9 INFO neutron.db.ovn_revision_numbers_db [None req-04ac6dca-5bd5-4943-b4c1-cbec0d059a19 06281425a9784c22b3d2faee7dae0ad5 8186bed1677a4b208882cca37aded2db - - default default] Successfully bumped revision number for resource a18f5bc9-3717-4848-8af7-7fc7377f54b3 (type: security_group_rules) to 0
2026-05-20 07:10:15.479 10 INFO neutron.wsgi [None req-ced48175-6fd1-453d-8a44-4be000590fb8 a268c67e23214786b12c802e5333fc35 3cd2d48859f34f978e768f2708768f46 - - default default] 10.0.0.146 "POST /v2.0/networks HTTP/1.1" status: 201 len: 833 time: 0.5467613
2026-05-20 07:10:15.491 9 INFO neutron.db.ovn_revision_numbers_db [None req-04ac6dca-5bd5-4943-b4c1-cbec0d059a19 06281425a9784c22b3d2faee7dae0ad5 8186bed1677a4b208882cca37aded2db - - default default] Successfully bumped revision number for resource da1c1b8f-5dcf-4cad-b83a-ea57a30d9de7 (type: security_group_rules) to 0
2026-05-20 07:10:15.532 9 INFO neutron.wsgi [None req-04ac6dca-5bd5-4943-b4c1-cbec0d059a19 06281425a9784c22b3d2faee7dae0ad5 8186bed1677a4b208882cca37aded2db - - default default] 10.0.0.146 "GET /v2.0/security-groups?tenant_id=b358a6d6605245c393bfc32961d44908&name=default HTTP/1.1" status: 200 len: 2996 time: 0.2386842
2026-05-20 07:10:15.790 9 WARNING neutron.scheduler.dhcp_agent_scheduler [None req-464a0f93-f6c3-47c8-bd6a-1da3fa34dbf6 a268c67e23214786b12c802e5333fc35 3cd2d48859f34f978e768f2708768f46 - - default default] No more DHCP agents
2026-05-20 07:10:15.793 9 WARNING neutron.api.rpc.agentnotifiers.dhcp_rpc_agent_api [None req-464a0f93-f6c3-47c8-bd6a-1da3fa34dbf6 a268c67e23214786b12c802e5333fc35 3cd2d48859f34f978e768f2708768f46 - - default default] Unable to schedule network 78e591b2-49bb-4131-9cdc-29e06a324cbb: no agents available; will retry on subsequent port and subnet creation events.
2026-05-20 07:10:15.842 9 INFO neutron.db.ovn_revision_numbers_db [None req-464a0f93-f6c3-47c8-bd6a-1da3fa34dbf6 a268c67e23214786b12c802e5333fc35 3cd2d48859f34f978e768f2708768f46 - - default default] Successfully bumped revision number for resource 1ff9e384-5d0a-47b9-a43f-359ab143b91b (type: subnets) to 0
2026-05-20 07:10:15.848 9 INFO neutron.wsgi [None req-9f8774f7-3485-4456-8520-4a0ff3edda36 06281425a9784c22b3d2faee7dae0ad5 8186bed1677a4b208882cca37aded2db - - default default] 10.0.0.146 "DELETE /v2.0/security-groups/8dd6d155-70f6-4ebc-b365-96ba4287d963 HTTP/1.1" status: 204 len: 168 time: 0.3101530
2026-05-20 07:10:15.861 9 INFO neutron.wsgi [None req-464a0f93-f6c3-47c8-bd6a-1da3fa34dbf6 a268c67e23214786b12c802e5333fc35 3cd2d48859f34f978e768f2708768f46 - - default default] 10.0.0.146 "POST /v2.0/subnets HTTP/1.1" status: 201 len: 821 time: 0.3776436
2026-05-20 07:10:15.928 9 INFO neutron.db.ovn_revision_numbers_db [None req-edd10442-d4b9-4db1-b5be-10225e7048fe f7c5ca027dee44a2b66aa16b68fb39c9 df07d844b37746fa8a5d79134479f604 - - default default] Successfully bumped revision number for resource 7e035481-7927-40bd-82f3-3965c9f4a7bc (type: security_groups) to 1
2026-05-20 07:10:15.942 9 INFO neutron.db.ovn_revision_numbers_db [None req-edd10442-d4b9-4db1-b5be-10225e7048fe f7c5ca027dee44a2b66aa16b68fb39c9 df07d844b37746fa8a5d79134479f604 - - default default] Successfully bumped revision number for resource 3c00a38c-b935-4e87-aaa5-862f1f1bb7bb (type: security_group_rules) to 0
2026-05-20 07:10:15.959 9 INFO neutron.db.ovn_revision_numbers_db [None req-edd10442-d4b9-4db1-b5be-10225e7048fe f7c5ca027dee44a2b66aa16b68fb39c9 df07d844b37746fa8a5d79134479f604 - - default default] Successfully bumped revision number for resource a56e5ccd-2141-4dd7-91a4-470b69b325eb (type: security_group_rules) to 0
2026-05-20 07:10:15.999 9 INFO neutron.db.ovn_revision_numbers_db [None req-edd10442-d4b9-4db1-b5be-10225e7048fe f7c5ca027dee44a2b66aa16b68fb39c9 df07d844b37746fa8a5d79134479f604 - - default default] Successfully bumped revision number for resource aad6b98f-4b46-44aa-9eb2-75f9a0c64322 (type: security_group_rules) to 0
2026-05-20 07:10:16.015 9 INFO neutron.db.ovn_revision_numbers_db [None req-edd10442-d4b9-4db1-b5be-10225e7048fe f7c5ca027dee44a2b66aa16b68fb39c9 df07d844b37746fa8a5d79134479f604 - - default default] Successfully bumped revision number for resource d5899f97-69ca-45cb-8714-577805ba9e26 (type: security_group_rules) to 0
2026-05-20 07:10:16.035 10 INFO neutron.db.ovn_revision_numbers_db [None req-a9c28143-35db-4a32-9800-17c09835eae9 a268c67e23214786b12c802e5333fc35 3cd2d48859f34f978e768f2708768f46 - - default default] Successfully bumped revision number for resource 1d026bbb-29f7-482a-8d2e-ab9ae8e574ae (type: routers) to 1
2026-05-20 07:10:16.054 10 INFO neutron.wsgi [None req-a9c28143-35db-4a32-9800-17c09835eae9 a268c67e23214786b12c802e5333fc35 3cd2d48859f34f978e768f2708768f46 - - default default] 10.0.0.146 "POST /v2.0/routers HTTP/1.1" status: 201 len: 690 time: 0.1877089
2026-05-20 07:10:16.104 9 INFO neutron.db.segments_db [None req-edd10442-d4b9-4db1-b5be-10225e7048fe f7c5ca027dee44a2b66aa16b68fb39c9 df07d844b37746fa8a5d79134479f604 - - default default] Added segment 24a5aadf-4fc2-4588-ae64-be434329b0f0 of type geneve for network 870673cc-b6cd-4715-9b06-a5664e0b14fc
2026-05-20 07:10:16.215 9 INFO neutron.db.segments_db [None req-edd10442-d4b9-4db1-b5be-10225e7048fe f7c5ca027dee44a2b66aa16b68fb39c9 df07d844b37746fa8a5d79134479f604 - - default default] Added segment 24ea5d2c-7709-4750-bead-2966b5473fc4 of type geneve for network 63e42951-f7b1-4a6d-a1ae-b269d6f43866
2026-05-20 07:10:16.365 9 INFO neutron.db.ovn_revision_numbers_db [None req-edd10442-d4b9-4db1-b5be-10225e7048fe f7c5ca027dee44a2b66aa16b68fb39c9 df07d844b37746fa8a5d79134479f604 - - default default] Successfully bumped revision number for resource 870673cc-b6cd-4715-9b06-a5664e0b14fc (type: networks) to 1
2026-05-20 07:10:16.401 10 WARNING neutron.scheduler.dhcp_agent_scheduler [None req-318d40df-ca0f-451b-9cb1-dae531a1a846 a268c67e23214786b12c802e5333fc35 3cd2d48859f34f978e768f2708768f46 - - default default] No more DHCP agents
2026-05-20 07:10:16.405 10 WARNING neutron.api.rpc.agentnotifiers.dhcp_rpc_agent_api [None req-318d40df-ca0f-451b-9cb1-dae531a1a846 a268c67e23214786b12c802e5333fc35 3cd2d48859f34f978e768f2708768f46 - - default default] Unable to schedule network 78e591b2-49bb-4131-9cdc-29e06a324cbb: no agents available; will retry on subsequent port and subnet creation events.
2026-05-20 07:10:16.516 10 INFO neutron.db.ovn_revision_numbers_db [None req-318d40df-ca0f-451b-9cb1-dae531a1a846 a268c67e23214786b12c802e5333fc35 3cd2d48859f34f978e768f2708768f46 - - default default] Successfully bumped revision number for resource f5dd4654-d6ac-4837-b168-ef0b49414258 (type: ports) to 1
2026-05-20 07:10:16.545 10 INFO neutron.wsgi [None req-318d40df-ca0f-451b-9cb1-dae531a1a846 a268c67e23214786b12c802e5333fc35 3cd2d48859f34f978e768f2708768f46 - - default default] 10.0.0.146 "POST /v2.0/ports HTTP/1.1" status: 201 len: 1163 time: 0.4844739
2026-05-20 07:10:16.550 9 WARNING neutron.scheduler.dhcp_agent_scheduler [None req-edd10442-d4b9-4db1-b5be-10225e7048fe f7c5ca027dee44a2b66aa16b68fb39c9 df07d844b37746fa8a5d79134479f604 - - default default] No more DHCP agents
2026-05-20 07:10:16.553 9 WARNING neutron.api.rpc.agentnotifiers.dhcp_rpc_agent_api [None req-edd10442-d4b9-4db1-b5be-10225e7048fe f7c5ca027dee44a2b66aa16b68fb39c9 df07d844b37746fa8a5d79134479f604 - - default default] Unable to schedule network 870673cc-b6cd-4715-9b06-a5664e0b14fc: no agents available; will retry on subsequent port and subnet creation events. /var/lib/openstack/lib/python3.10/site-packages/pycadf/identifier.py:71: UserWarning: Invalid uuid: neutron. To ensure interoperability, identifiers should be a valid uuid. warnings.warn(('Invalid uuid: %s. To ensure interoperability, '
2026-05-20 07:10:16.637 9 INFO neutron.db.ovn_revision_numbers_db [None req-edd10442-d4b9-4db1-b5be-10225e7048fe f7c5ca027dee44a2b66aa16b68fb39c9 df07d844b37746fa8a5d79134479f604 - - default default] Successfully bumped revision number for resource fe4d8077-bb41-4387-a802-4bc895d7a9db (type: ports) to 1
2026-05-20 07:10:16.711 9 INFO neutron.db.ovn_revision_numbers_db [None req-edd10442-d4b9-4db1-b5be-10225e7048fe f7c5ca027dee44a2b66aa16b68fb39c9 df07d844b37746fa8a5d79134479f604 - - default default] Successfully bumped revision number for resource 63e42951-f7b1-4a6d-a1ae-b269d6f43866 (type: networks) to 1
2026-05-20 07:10:16.869 9 WARNING neutron.scheduler.dhcp_agent_scheduler [None req-edd10442-d4b9-4db1-b5be-10225e7048fe f7c5ca027dee44a2b66aa16b68fb39c9 df07d844b37746fa8a5d79134479f604 - - default default] No more DHCP agents
2026-05-20 07:10:16.871 9 WARNING neutron.api.rpc.agentnotifiers.dhcp_rpc_agent_api [None req-edd10442-d4b9-4db1-b5be-10225e7048fe f7c5ca027dee44a2b66aa16b68fb39c9 df07d844b37746fa8a5d79134479f604 - - default default] Unable to schedule network 63e42951-f7b1-4a6d-a1ae-b269d6f43866: no agents available; will retry on subsequent port and subnet creation events.
2026-05-20 07:10:16.945 9 INFO neutron.db.ovn_revision_numbers_db [None req-edd10442-d4b9-4db1-b5be-10225e7048fe f7c5ca027dee44a2b66aa16b68fb39c9 df07d844b37746fa8a5d79134479f604 - - default default] Successfully bumped revision number for resource 924101ab-e2be-4bd0-9a99-e4b1b93af343 (type: ports) to 1
