2026-05-20 07:09:09.236 9 INFO neutron.notifiers.nova [-] Nova event matching ['req-67d97cb9-7a0b-4a62-98e5-efda6d5de8cb'] response: {'name': 'network-changed', 'server_uuid': '6e22d3ee-2ecb-47a4-9016-3336c25449d0', 'tag': 'd35381e7-4adf-4dea-abe8-a4114564f02c', 'status': 'completed', 'code': 200}
2026-05-20 07:09:09.326 9 INFO neutron.wsgi [req-25b6dd32-41e7-435f-bb11-65526438b7e8 req-4ebf15a2-d8a0-4d97-a2d4-7d05dd9b3afb 64f25fb985e7497f90de0dd42d3bbd4a 17045bc7166d4b66acf8eec085116eb7 - - 269e623bd77f4e5a98c27f915381d443 269e623bd77f4e5a98c27f915381d443] 199.19.213.87 "GET /v2.0/ports?tenant_id=a322542b4d2745e7af8baa80cc215aa7&device_id=6e22d3ee-2ecb-47a4-9016-3336c25449d0 HTTP/1.1" status: 200 len: 1409 time: 0.0625131
2026-05-20 07:09:09.363 10 INFO neutron.wsgi [req-4a88ab63-0883-4952-8261-3fff1794fb4b req-04dccdee-cef4-4e83-abf3-11f71cb2d032 64f25fb985e7497f90de0dd42d3bbd4a 17045bc7166d4b66acf8eec085116eb7 - - 269e623bd77f4e5a98c27f915381d443 269e623bd77f4e5a98c27f915381d443] 199.19.213.87 "GET /v2.0/floatingips?fixed_ip_address=10.100.0.3&port_id=05997521-6b68-477a-9052-a048388cb88b HTTP/1.1" status: 200 len: 217 time: 0.1868215
2026-05-20 07:09:09.402 10 INFO neutron.wsgi [req-4a88ab63-0883-4952-8261-3fff1794fb4b req-7b1ec28b-b396-4d46-a804-ee47a687b350 64f25fb985e7497f90de0dd42d3bbd4a 17045bc7166d4b66acf8eec085116eb7 - - 269e623bd77f4e5a98c27f915381d443 269e623bd77f4e5a98c27f915381d443] 199.19.213.87 "GET /v2.0/subnets?id=28f22676-892b-47e0-a4c7-f292ed24d66a HTTP/1.1" status: 200 len: 867 time: 0.0326853
2026-05-20 07:09:09.408 9 INFO neutron.wsgi [req-25b6dd32-41e7-435f-bb11-65526438b7e8 req-ed4de889-d88c-4e63-9d1e-c81907194751 64f25fb985e7497f90de0dd42d3bbd4a 17045bc7166d4b66acf8eec085116eb7 - - 269e623bd77f4e5a98c27f915381d443 269e623bd77f4e5a98c27f915381d443] 199.19.213.87 "GET /v2.0/networks?id=58375ad3-323a-4cc8-a2d1-ccba83641f1f HTTP/1.1" status: 200 len: 977 time: 0.0755765
2026-05-20 07:09:09.435 10 INFO neutron.wsgi [req-4a88ab63-0883-4952-8261-3fff1794fb4b req-d38a7891-5c6d-4fbd-982a-d41b74650724 64f25fb985e7497f90de0dd42d3bbd4a 17045bc7166d4b66acf8eec085116eb7 - - 269e623bd77f4e5a98c27f915381d443 269e623bd77f4e5a98c27f915381d443] 199.19.213.87 "GET /v2.0/ports?network_id=48a382df-9ac4-411f-b7bf-776618630119&device_owner=network%3Adhcp HTTP/1.1" status: 200 len: 210 time: 0.0217857
2026-05-20 07:09:09.464 9 INFO neutron.db.ovn_revision_numbers_db [req-65239172-9286-4248-808e-7b5694a617c1 req-7e77a2bc-a418-4c23-9269-d21b4a37fb94 8b641aef2468411c8f8bd7fb404843a4 0af51a4420034db190867176d0857e95 - - default default] Successfully bumped revision number for resource dadccb7f-ee90-4549-860f-9d7aecaa1632 (type: ports) to 1
2026-05-20 07:09:09.485 9 INFO neutron.wsgi [req-25b6dd32-41e7-435f-bb11-65526438b7e8 req-e3d2f675-5395-4189-9d00-0e1c1efe1fb1 64f25fb985e7497f90de0dd42d3bbd4a 17045bc7166d4b66acf8eec085116eb7 - - 269e623bd77f4e5a98c27f915381d443 269e623bd77f4e5a98c27f915381d443] 199.19.213.87 "GET /v2.0/floatingips?fixed_ip_address=10.100.0.5&port_id=d35381e7-4adf-4dea-abe8-a4114564f02c HTTP/1.1" status: 200 len: 1059 time: 0.0713713
2026-05-20 07:09:09.492 9 INFO neutron.wsgi [req-65239172-9286-4248-808e-7b5694a617c1 req-7e77a2bc-a418-4c23-9269-d21b4a37fb94 8b641aef2468411c8f8bd7fb404843a4 0af51a4420034db190867176d0857e95 - - default default] 199.19.213.87 "POST /v2.0/ports HTTP/1.1" status: 201 len: 1162 time: 0.9704385
2026-05-20 07:09:09.511 10 INFO neutron.wsgi [req-4a88ab63-0883-4952-8261-3fff1794fb4b req-ecd08c9a-f7cb-4d1a-8ae9-5a22326fa9c9 64f25fb985e7497f90de0dd42d3bbd4a 17045bc7166d4b66acf8eec085116eb7 - - 269e623bd77f4e5a98c27f915381d443 269e623bd77f4e5a98c27f915381d443] 199.19.213.87 "GET /v2.0/networks/48a382df-9ac4-411f-b7bf-776618630119?fields=segments HTTP/1.1" status: 200 len: 212 time: 0.0640631
2026-05-20 07:09:09.564 9 INFO neutron.wsgi [req-3cd9a82a-6226-459b-8eed-86bf9562eea1 req-97efacfb-d533-4fc4-9d5f-12f4b2e90755 bc974b6062ad4ab09fd31f98bc4cf92f a322542b4d2745e7af8baa80cc215aa7 - - default default] 10.0.0.55 "GET /v2.0/ports?device_id=6e22d3ee-2ecb-47a4-9016-3336c25449d0 HTTP/1.1" status: 200 len: 1170 time: 0.0695062
2026-05-20 07:09:09.575 9 INFO neutron.wsgi [req-25b6dd32-41e7-435f-bb11-65526438b7e8 req-67b9ca30-5bdb-4e78-96fb-b0ec3820e43f 64f25fb985e7497f90de0dd42d3bbd4a 17045bc7166d4b66acf8eec085116eb7 - - 269e623bd77f4e5a98c27f915381d443 269e623bd77f4e5a98c27f915381d443] 199.19.213.87 "GET /v2.0/subnets?id=2eaf3b4e-781a-4481-bc81-72d7f2066e74 HTTP/1.1" status: 200 len: 872 time: 0.0717649
2026-05-20 07:09:09.594 10 INFO neutron.wsgi [req-4a88ab63-0883-4952-8261-3fff1794fb4b req-d2d8ca16-484c-4cba-96a4-3985a9dd1a8e 64f25fb985e7497f90de0dd42d3bbd4a 17045bc7166d4b66acf8eec085116eb7 - - 269e623bd77f4e5a98c27f915381d443 269e623bd77f4e5a98c27f915381d443] 199.19.213.87 "GET /v2.0/networks/48a382df-9ac4-411f-b7bf-776618630119?fields=provider%3Aphysical_network&fields=provider%3Anetwork_type HTTP/1.1" status: 200 len: 277 time: 0.0759597
2026-05-20 07:09:09.613 9 INFO neutron.wsgi [req-25b6dd32-41e7-435f-bb11-65526438b7e8 req-e64748f8-ea19-433d-9fa7-e11cd43faa50 64f25fb985e7497f90de0dd42d3bbd4a 17045bc7166d4b66acf8eec085116eb7 - - 269e623bd77f4e5a98c27f915381d443 269e623bd77f4e5a98c27f915381d443] 199.19.213.87 "GET /v2.0/ports?network_id=58375ad3-323a-4cc8-a2d1-ccba83641f1f&device_owner=network%3Adhcp HTTP/1.1" status: 200 len: 210 time: 0.0286791
2026-05-20 07:09:09.650 9 INFO neutron.wsgi [req-3cd9a82a-6226-459b-8eed-86bf9562eea1 req-8a7c77c7-3718-4640-a1bb-bd3a22dce587 bc974b6062ad4ab09fd31f98bc4cf92f a322542b4d2745e7af8baa80cc215aa7 - - default default] 10.0.0.55 "GET /v2.0/security-groups?id=ab6fa47c-1a28-4bd8-a44e-2d7eee6e7306&fields=id&fields=name HTTP/1.1" status: 200 len: 313 time: 0.0735373
2026-05-20 07:09:09.664 10 INFO neutron.wsgi [req-0474a003-1620-410e-9955-0fc8de388b17 req-593d215c-feff-45bb-94a3-0d84e23e43ce 64f25fb985e7497f90de0dd42d3bbd4a 17045bc7166d4b66acf8eec085116eb7 - - 269e623bd77f4e5a98c27f915381d443 269e623bd77f4e5a98c27f915381d443] 199.19.213.87 "GET /v2.0/ports?tenant_id=54c4a0dd01ae4eac93dfcfa5f9bddcd6&device_id=17958918-07e0-457a-8c4c-d2dd51dad84f HTTP/1.1" status: 200 len: 1407 time: 0.0378294
2026-05-20 07:09:09.706 9 INFO neutron.wsgi [req-25b6dd32-41e7-435f-bb11-65526438b7e8 req-f0ffd43d-e727-4dfc-9465-4dc292e34328 64f25fb985e7497f90de0dd42d3bbd4a 17045bc7166d4b66acf8eec085116eb7 - - 269e623bd77f4e5a98c27f915381d443 269e623bd77f4e5a98c27f915381d443] 199.19.213.87 "GET /v2.0/networks/58375ad3-323a-4cc8-a2d1-ccba83641f1f?fields=segments HTTP/1.1" status: 200 len: 212 time: 0.0855098
2026-05-20 07:09:09.756 10 INFO neutron.wsgi [req-0474a003-1620-410e-9955-0fc8de388b17 req-8fc418f7-0884-4e6a-a3d8-d8cdc9a0cd42 64f25fb985e7497f90de0dd42d3bbd4a 17045bc7166d4b66acf8eec085116eb7 - - 269e623bd77f4e5a98c27f915381d443 269e623bd77f4e5a98c27f915381d443] 199.19.213.87 "GET /v2.0/networks?id=48a382df-9ac4-411f-b7bf-776618630119 HTTP/1.1" status: 200 len: 972 time: 0.0724463
2026-05-20 07:09:09.809 10 INFO neutron.wsgi [req-0474a003-1620-410e-9955-0fc8de388b17 req-bbf0739c-5f84-4d71-a839-a1a02fd8425a 64f25fb985e7497f90de0dd42d3bbd4a 17045bc7166d4b66acf8eec085116eb7 - - 269e623bd77f4e5a98c27f915381d443 269e623bd77f4e5a98c27f915381d443] 199.19.213.87 "GET /v2.0/floatingips?fixed_ip_address=10.100.0.3&port_id=05997521-6b68-477a-9052-a048388cb88b HTTP/1.1" status: 200 len: 217 time: 0.0406458
2026-05-20 07:09:09.810 9 INFO neutron.wsgi [req-25b6dd32-41e7-435f-bb11-65526438b7e8 req-a63198cc-f0c4-40b5-a246-d2074ee342a0 64f25fb985e7497f90de0dd42d3bbd4a 17045bc7166d4b66acf8eec085116eb7 - - 269e623bd77f4e5a98c27f915381d443 269e623bd77f4e5a98c27f915381d443] 199.19.213.87 "GET /v2.0/networks/58375ad3-323a-4cc8-a2d1-ccba83641f1f?fields=provider%3Aphysical_network&fields=provider%3Anetwork_type HTTP/1.1" status: 200 len: 277 time: 0.0932455
2026-05-20 07:09:09.842 10 INFO neutron.plugins.ml2.drivers.ovn.mech_driver.mech_driver [None req-ed8c4629-c033-46f9-94f7-bab59ea5be2e - - - - - -] OVN reports status up for port: 05997521-6b68-477a-9052-a048388cb88b
2026-05-20 07:09:09.865 10 INFO neutron.wsgi [req-0474a003-1620-410e-9955-0fc8de388b17 req-2ea1e2c8-783a-4263-aea6-4ebf87cc4f44 64f25fb985e7497f90de0dd42d3bbd4a 17045bc7166d4b66acf8eec085116eb7 - - 269e623bd77f4e5a98c27f915381d443 269e623bd77f4e5a98c27f915381d443] 199.19.213.87 "GET /v2.0/subnets?id=28f22676-892b-47e0-a4c7-f292ed24d66a HTTP/1.1" status: 200 len: 867 time: 0.0490730
2026-05-20 07:09:09.868 10 INFO neutron.plugins.ml2.plugin [None req-ed8c4629-c033-46f9-94f7-bab59ea5be2e - - - - - -] Attempt 1 to provision port 05997521-6b68-477a-9052-a048388cb88b
2026-05-20 07:09:09.903 10 INFO neutron.wsgi [req-0474a003-1620-410e-9955-0fc8de388b17 req-2987feb1-f758-48f9-bd00-4ec8d74fc01a 64f25fb985e7497f90de0dd42d3bbd4a 17045bc7166d4b66acf8eec085116eb7 - - 269e623bd77f4e5a98c27f915381d443 269e623bd77f4e5a98c27f915381d443] 199.19.213.87 "GET /v2.0/ports?network_id=48a382df-9ac4-411f-b7bf-776618630119&device_owner=network%3Adhcp HTTP/1.1" status: 200 len: 210 time: 0.0320601
2026-05-20 07:09:09.930 9 INFO neutron.wsgi [req-410f10c1-785d-44e6-bf51-ef26c22936e4 req-38a3aa1e-55d7-4ddd-9ac2-97569fdbf3a1 bc974b6062ad4ab09fd31f98bc4cf92f a322542b4d2745e7af8baa80cc215aa7 - - default default] 199.19.213.87 "GET /v2.0/ports?device_id=6e22d3ee-2ecb-47a4-9016-3336c25449d0 HTTP/1.1" status: 200 len: 1170 time: 0.0491400 /var/lib/openstack/lib/python3.10/site-packages/pycadf/identifier.py:71: UserWarning: Invalid uuid: neutron. To ensure interoperability, identifiers should be a valid uuid. warnings.warn(('Invalid uuid: %s. To ensure interoperability, '
2026-05-20 07:09:09.943 10 INFO neutron.wsgi [req-09f0f40a-9e15-4a52-b80a-563d0c0687c1 req-359282f5-a458-4fbf-83c6-78f0f24997bc 8b641aef2468411c8f8bd7fb404843a4 0af51a4420034db190867176d0857e95 - - default default] 10.0.0.55 "GET /v2.0/ports?device_id=93f75f30-21c3-44a0-90a7-9215c14e25af HTTP/1.1" status: 200 len: 1160 time: 0.1615400
2026-05-20 07:09:10.006 10 INFO neutron.wsgi [req-0474a003-1620-410e-9955-0fc8de388b17 req-9b5766e6-0c4e-4156-8e4a-1f78cadeafb6 64f25fb985e7497f90de0dd42d3bbd4a 17045bc7166d4b66acf8eec085116eb7 - - 269e623bd77f4e5a98c27f915381d443 269e623bd77f4e5a98c27f915381d443] 199.19.213.87 "GET /v2.0/networks/48a382df-9ac4-411f-b7bf-776618630119?fields=segments HTTP/1.1" status: 200 len: 212 time: 0.0942311
2026-05-20 07:09:10.032 10 INFO neutron.wsgi [req-09f0f40a-9e15-4a52-b80a-563d0c0687c1 req-9b84dedb-4112-4e62-9bb4-81b45e0f4db9 8b641aef2468411c8f8bd7fb404843a4 0af51a4420034db190867176d0857e95 - - default default] 10.0.0.55 "GET /v2.0/security-groups?id=4d8aa1da-bcc3-4eea-a7f7-cfde388e7541&fields=id&fields=name HTTP/1.1" status: 200 len: 312 time: 0.0804267
2026-05-20 07:09:10.108 10 INFO neutron.wsgi [req-0474a003-1620-410e-9955-0fc8de388b17 req-456eb691-adb4-4891-9d9e-a03011db0e48 64f25fb985e7497f90de0dd42d3bbd4a 17045bc7166d4b66acf8eec085116eb7 - - 269e623bd77f4e5a98c27f915381d443 269e623bd77f4e5a98c27f915381d443] 199.19.213.87 "GET /v2.0/networks/48a382df-9ac4-411f-b7bf-776618630119?fields=provider%3Aphysical_network&fields=provider%3Anetwork_type HTTP/1.1" status: 200 len: 277 time: 0.0924304
2026-05-20 07:09:10.115 9 INFO neutron.db.ovn_revision_numbers_db [req-65239172-9286-4248-808e-7b5694a617c1 req-27ff40c8-5fa8-467a-853c-8291a6af4fa7 64f25fb985e7497f90de0dd42d3bbd4a 17045bc7166d4b66acf8eec085116eb7 - - 269e623bd77f4e5a98c27f915381d443 269e623bd77f4e5a98c27f915381d443] Successfully bumped revision number for resource dadccb7f-ee90-4549-860f-9d7aecaa1632 (type: ports) to 2
2026-05-20 07:09:10.245 10 INFO neutron.db.ovn_revision_numbers_db [None req-ed8c4629-c033-46f9-94f7-bab59ea5be2e - - - - - -] Successfully bumped revision number for resource 05997521-6b68-477a-9052-a048388cb88b (type: ports) to 4
2026-05-20 07:09:10.253 9 INFO neutron.wsgi [req-1890f774-abe8-42a7-a477-c0c4215c9cb2 req-94c2a89a-246a-43e4-b094-772df88f114f a3a56b02560e4effbb6b4b1e5a29a6a3 54c4a0dd01ae4eac93dfcfa5f9bddcd6 - - default default] 10.0.0.55 "GET /v2.0/ports?device_id=17958918-07e0-457a-8c4c-d2dd51dad84f HTTP/1.1" status: 200 len: 1170 time: 0.0746522
2026-05-20 07:09:10.352 9 INFO neutron.wsgi [req-1890f774-abe8-42a7-a477-c0c4215c9cb2 req-e3a94ef5-64ca-4851-9af0-75b38a0e9511 a3a56b02560e4effbb6b4b1e5a29a6a3 54c4a0dd01ae4eac93dfcfa5f9bddcd6 - - default default] 10.0.0.55 "GET /v2.0/security-groups?id=ba52e54e-a804-404a-8ae3-9bd89b3486fb&fields=id&fields=name HTTP/1.1" status: 200 len: 313 time: 0.0906298
2026-05-20 07:09:10.429 9 INFO neutron.db.l3_db [req-410f10c1-785d-44e6-bf51-ef26c22936e4 req-f555a440-b0e8-4723-8193-6a996b23ba66 bc974b6062ad4ab09fd31f98bc4cf92f a322542b4d2745e7af8baa80cc215aa7 - - default default] Floating IP 4d1cecbc-d855-4353-b934-cb471f67bf29 disassociated. External IP: 10.96.250.220, port: d35381e7-4adf-4dea-abe8-a4114564f02c.
2026-05-20 07:09:10.686 9 INFO neutron.db.ovn_revision_numbers_db [req-65239172-9286-4248-808e-7b5694a617c1 req-27ff40c8-5fa8-467a-853c-8291a6af4fa7 64f25fb985e7497f90de0dd42d3bbd4a 17045bc7166d4b66acf8eec085116eb7 - - 269e623bd77f4e5a98c27f915381d443 269e623bd77f4e5a98c27f915381d443] Successfully bumped revision number for resource dadccb7f-ee90-4549-860f-9d7aecaa1632 (type: ports) to 2
2026-05-20 07:09:10.702 9 INFO neutron.wsgi [req-65239172-9286-4248-808e-7b5694a617c1 req-27ff40c8-5fa8-467a-853c-8291a6af4fa7 64f25fb985e7497f90de0dd42d3bbd4a 17045bc7166d4b66acf8eec085116eb7 - - 269e623bd77f4e5a98c27f915381d443 269e623bd77f4e5a98c27f915381d443] 199.19.213.87 "PUT /v2.0/ports/dadccb7f-ee90-4549-860f-9d7aecaa1632 HTTP/1.1" status: 200 len: 1380 time: 1.1997128 /var/lib/openstack/lib/python3.10/site-packages/pycadf/identifier.py:71: UserWarning: Invalid uuid: neutron. To ensure interoperability, identifiers should be a valid uuid. warnings.warn(('Invalid uuid: %s. To ensure interoperability, ' /var/lib/openstack/lib/python3.10/site-packages/pycadf/identifier.py:71: UserWarning: Invalid uuid: neutron. To ensure interoperability, identifiers should be a valid uuid. warnings.warn(('Invalid uuid: %s. To ensure interoperability, '
2026-05-20 07:09:10.760 10 INFO neutron.wsgi [req-0c9a553e-72e2-4fe1-8044-4af95d4f4eb9 req-b3f3dc6b-65d8-4d12-8e6b-11f719982dbf bc974b6062ad4ab09fd31f98bc4cf92f a322542b4d2745e7af8baa80cc215aa7 - - default default] 10.0.0.55 "GET /v2.0/ports?device_id=6e22d3ee-2ecb-47a4-9016-3336c25449d0 HTTP/1.1" status: 200 len: 210 time: 0.0293233
2026-05-20 07:09:10.786 9 INFO neutron.wsgi [req-65239172-9286-4248-808e-7b5694a617c1 req-725ce3d5-6559-4870-aca9-2bf8509c6c1c 64f25fb985e7497f90de0dd42d3bbd4a 17045bc7166d4b66acf8eec085116eb7 - - 269e623bd77f4e5a98c27f915381d443 269e623bd77f4e5a98c27f915381d443] 199.19.213.87 "GET /v2.0/ports?tenant_id=0af51a4420034db190867176d0857e95&device_id=93f75f30-21c3-44a0-90a7-9215c14e25af HTTP/1.1" status: 200 len: 1411 time: 0.0360334
2026-05-20 07:09:10.805 9 INFO neutron.wsgi [req-410f10c1-785d-44e6-bf51-ef26c22936e4 req-f555a440-b0e8-4723-8193-6a996b23ba66 bc974b6062ad4ab09fd31f98bc4cf92f a322542b4d2745e7af8baa80cc215aa7 - - default default] 199.19.213.87 "DELETE /v2.0/ports/d35381e7-4adf-4dea-abe8-a4114564f02c HTTP/1.1" status: 204 len: 173 time: 0.8684411
2026-05-20 07:09:10.822 9 INFO neutron.wsgi [req-65239172-9286-4248-808e-7b5694a617c1 req-c6ca5711-a4d9-487c-afb8-d0c7eb6189fb 64f25fb985e7497f90de0dd42d3bbd4a 17045bc7166d4b66acf8eec085116eb7 - - 269e623bd77f4e5a98c27f915381d443 269e623bd77f4e5a98c27f915381d443] 199.19.213.87 "GET /v2.0/floatingips?fixed_ip_address=10.100.0.14&port_id=dadccb7f-ee90-4549-860f-9d7aecaa1632 HTTP/1.1" status: 200 len: 217 time: 0.0280387
2026-05-20 07:09:10.873 9 INFO neutron.wsgi [req-65239172-9286-4248-808e-7b5694a617c1 req-64686755-9d38-4338-b507-680d6da9f70a 64f25fb985e7497f90de0dd42d3bbd4a 17045bc7166d4b66acf8eec085116eb7 - - 269e623bd77f4e5a98c27f915381d443 269e623bd77f4e5a98c27f915381d443] 199.19.213.87 "GET /v2.0/subnets?id=a08dbb7d-b20e-4661-b119-08a655138899 HTTP/1.1" status: 200 len: 869 time: 0.0364389
2026-05-20 07:09:10.900 9 INFO neutron.wsgi [req-65239172-9286-4248-808e-7b5694a617c1 req-d7baae2b-e13b-4664-a9ee-b424bf657bd6 64f25fb985e7497f90de0dd42d3bbd4a 17045bc7166d4b66acf8eec085116eb7 - - 269e623bd77f4e5a98c27f915381d443 269e623bd77f4e5a98c27f915381d443] 199.19.213.87 "GET /v2.0/ports?network_id=8bec318c-957c-402f-9578-f627f5c76f15&device_owner=network%3Adhcp HTTP/1.1" status: 200 len: 210 time: 0.0213294
2026-05-20 07:09:10.969 9 INFO neutron.wsgi [req-65239172-9286-4248-808e-7b5694a617c1 req-9338dcdd-b99c-4771-99d4-a8072d04720d 64f25fb985e7497f90de0dd42d3bbd4a 17045bc7166d4b66acf8eec085116eb7 - - 269e623bd77f4e5a98c27f915381d443 269e623bd77f4e5a98c27f915381d443] 199.19.213.87 "GET /v2.0/networks/8bec318c-957c-402f-9578-f627f5c76f15?fields=segments HTTP/1.1" status: 200 len: 212 time: 0.0629723
2026-05-20 07:09:11.042 9 INFO neutron.wsgi [req-65239172-9286-4248-808e-7b5694a617c1 req-aa476af7-b983-4c3f-8cbe-bbe54a97586b 64f25fb985e7497f90de0dd42d3bbd4a 17045bc7166d4b66acf8eec085116eb7 - - 269e623bd77f4e5a98c27f915381d443 269e623bd77f4e5a98c27f915381d443] 199.19.213.87 "GET /v2.0/networks/8bec318c-957c-402f-9578-f627f5c76f15?fields=provider%3Aphysical_network&fields=provider%3Anetwork_type HTTP/1.1" status: 200 len: 277 time: 0.0670757
2026-05-20 07:09:11.180 9 INFO neutron.wsgi [req-65fc9989-73dc-411f-aac1-b196edd6e46e req-80ecd7d7-eb16-4fa5-9069-7b99c5764270 8b641aef2468411c8f8bd7fb404843a4 0af51a4420034db190867176d0857e95 - - default default] 10.0.0.55 "GET /v2.0/ports?device_id=93f75f30-21c3-44a0-90a7-9215c14e25af HTTP/1.1" status: 200 len: 1172 time: 0.0451725
2026-05-20 07:09:11.211 10 INFO neutron.notifiers.nova [-] Nova event matching ['req-c4766306-81b8-45e3-8985-b6aada45233f'] response: {'server_uuid': '17958918-07e0-457a-8c4c-d2dd51dad84f', 'name': 'network-vif-plugged', 'status': 'completed', 'tag': '05997521-6b68-477a-9052-a048388cb88b', 'code': 200}
2026-05-20 07:09:11.211 10 INFO neutron.notifiers.nova [-] Nova event matching ['req-c4766306-81b8-45e3-8985-b6aada45233f'] response: {'server_uuid': '17958918-07e0-457a-8c4c-d2dd51dad84f', 'name': 'network-vif-plugged', 'status': 'completed', 'tag': '05997521-6b68-477a-9052-a048388cb88b', 'code': 200}
2026-05-20 07:09:11.266 9 INFO neutron.wsgi [req-65fc9989-73dc-411f-aac1-b196edd6e46e req-2a2534ca-30d0-4035-9e83-bb29450b02b0 8b641aef2468411c8f8bd7fb404843a4 0af51a4420034db190867176d0857e95 - - default default] 10.0.0.55 "GET /v2.0/security-groups?id=4d8aa1da-bcc3-4eea-a7f7-cfde388e7541&fields=id&fields=name HTTP/1.1" status: 200 len: 312 time: 0.0779700
2026-05-20 07:09:11.274 10 INFO neutron.plugins.ml2.drivers.ovn.mech_driver.mech_driver [None req-ed8c4629-c033-46f9-94f7-bab59ea5be2e - - - - - -] OVN reports status up for port: dadccb7f-ee90-4549-860f-9d7aecaa1632
2026-05-20 07:09:11.304 9 INFO neutron.notifiers.nova [-] Nova event matching ['req-ba565f7c-c4c7-4eed-a57f-0dd0a39ce80b'] response: {'name': 'network-changed', 'server_uuid': '93f75f30-21c3-44a0-90a7-9215c14e25af', 'tag': 'dadccb7f-ee90-4549-860f-9d7aecaa1632', 'status': 'completed', 'code': 200}
2026-05-20 07:09:11.304 9 INFO neutron.notifiers.nova [-] Nova event matching ['req-ba565f7c-c4c7-4eed-a57f-0dd0a39ce80b'] response: {'server_uuid': '6e22d3ee-2ecb-47a4-9016-3336c25449d0', 'name': 'network-vif-deleted', 'tag': 'd35381e7-4adf-4dea-abe8-a4114564f02c', 'status': 'completed', 'code': 200}
2026-05-20 07:09:11.306 10 INFO neutron.plugins.ml2.plugin [None req-ed8c4629-c033-46f9-94f7-bab59ea5be2e - - - - - -] Attempt 1 to provision port dadccb7f-ee90-4549-860f-9d7aecaa1632
2026-05-20 07:09:11.369 9 INFO neutron.wsgi [req-7a36dc62-7ebe-4cc6-94d4-12f696693e3b req-eb8c3c51-6a26-42c0-a5e7-746fa7be1e6e 64f25fb985e7497f90de0dd42d3bbd4a 17045bc7166d4b66acf8eec085116eb7 - - 269e623bd77f4e5a98c27f915381d443 269e623bd77f4e5a98c27f915381d443] 199.19.213.87 "GET /v2.0/ports?tenant_id=0af51a4420034db190867176d0857e95&device_id=93f75f30-21c3-44a0-90a7-9215c14e25af HTTP/1.1" status: 200 len: 1411 time: 0.0419090
2026-05-20 07:09:11.537 10 INFO neutron.wsgi [-] 10.0.0.148 "GET / HTTP/1.1" status: 200 len: 246 time: 0.0012617
2026-05-20 07:09:11.539 10 INFO neutron.wsgi [-] 10.0.0.148 "GET / HTTP/1.1" status: 200 len: 246 time: 0.0009382
2026-05-20 07:09:11.586 9 INFO neutron.wsgi [req-93b2cca2-7b31-4a8f-8796-b5a5fa29a061 req-6935cffa-a092-4adf-8b56-f10500a82ae4 a3a56b02560e4effbb6b4b1e5a29a6a3 54c4a0dd01ae4eac93dfcfa5f9bddcd6 - - default default] 10.0.0.55 "GET /v2.0/ports?device_id=17958918-07e0-457a-8c4c-d2dd51dad84f HTTP/1.1" status: 200 len: 1170 time: 0.1570027
2026-05-20 07:09:11.588 9 INFO neutron.wsgi [req-7a36dc62-7ebe-4cc6-94d4-12f696693e3b req-279c4a68-ce83-408e-8b16-ba2c078c8036 64f25fb985e7497f90de0dd42d3bbd4a 17045bc7166d4b66acf8eec085116eb7 - - 269e623bd77f4e5a98c27f915381d443 269e623bd77f4e5a98c27f915381d443] 199.19.213.87 "GET /v2.0/networks?id=8bec318c-957c-402f-9578-f627f5c76f15 HTTP/1.1" status: 200 len: 974 time: 0.1026371
2026-05-20 07:09:11.622 10 INFO neutron.db.ovn_revision_numbers_db [None req-ed8c4629-c033-46f9-94f7-bab59ea5be2e - - - - - -] Successfully bumped revision number for resource dadccb7f-ee90-4549-860f-9d7aecaa1632 (type: ports) to 4
2026-05-20 07:09:11.634 9 INFO neutron.wsgi [req-7a36dc62-7ebe-4cc6-94d4-12f696693e3b req-46406e37-ad3a-40a5-9675-94701a123618 64f25fb985e7497f90de0dd42d3bbd4a 17045bc7166d4b66acf8eec085116eb7 - - 269e623bd77f4e5a98c27f915381d443 269e623bd77f4e5a98c27f915381d443] 199.19.213.87 "GET /v2.0/floatingips?fixed_ip_address=10.100.0.14&port_id=dadccb7f-ee90-4549-860f-9d7aecaa1632 HTTP/1.1" status: 200 len: 217 time: 0.0409276
2026-05-20 07:09:11.677 9 INFO neutron.wsgi [req-93b2cca2-7b31-4a8f-8796-b5a5fa29a061 req-3b19941a-331e-4583-9165-a646eb20a8f3 a3a56b02560e4effbb6b4b1e5a29a6a3 54c4a0dd01ae4eac93dfcfa5f9bddcd6 - - default default] 10.0.0.55 "GET /v2.0/security-groups?id=ba52e54e-a804-404a-8ae3-9bd89b3486fb&fields=id&fields=name HTTP/1.1" status: 200 len: 313 time: 0.0801721
2026-05-20 07:09:11.684 9 INFO neutron.wsgi [req-7a36dc62-7ebe-4cc6-94d4-12f696693e3b req-8eedd15b-1273-4f33-9f42-26958baa30b0 64f25fb985e7497f90de0dd42d3bbd4a 17045bc7166d4b66acf8eec085116eb7 - - 269e623bd77f4e5a98c27f915381d443 269e623bd77f4e5a98c27f915381d443] 199.19.213.87 "GET /v2.0/subnets?id=a08dbb7d-b20e-4661-b119-08a655138899 HTTP/1.1" status: 200 len: 869 time: 0.0438583
2026-05-20 07:09:11.710 9 INFO neutron.wsgi [req-7a36dc62-7ebe-4cc6-94d4-12f696693e3b req-1f22c5ca-2234-4a3d-bd76-b0c2f02b0370 64f25fb985e7497f90de0dd42d3bbd4a 17045bc7166d4b66acf8eec085116eb7 - - 269e623bd77f4e5a98c27f915381d443 269e623bd77f4e5a98c27f915381d443] 199.19.213.87 "GET /v2.0/ports?network_id=8bec318c-957c-402f-9578-f627f5c76f15&device_owner=network%3Adhcp HTTP/1.1" status: 200 len: 210 time: 0.0202467
2026-05-20 07:09:11.794 9 INFO neutron.wsgi [req-7a36dc62-7ebe-4cc6-94d4-12f696693e3b req-63f53800-9685-4d43-b278-e0ee0b3ba69d 64f25fb985e7497f90de0dd42d3bbd4a 17045bc7166d4b66acf8eec085116eb7 - - 269e623bd77f4e5a98c27f915381d443 269e623bd77f4e5a98c27f915381d443] 199.19.213.87 "GET /v2.0/networks/8bec318c-957c-402f-9578-f627f5c76f15?fields=segments HTTP/1.1" status: 200 len: 212 time: 0.0742655 /var/lib/openstack/lib/python3.10/site-packages/pycadf/identifier.py:71: UserWarning: Invalid uuid: neutron. To ensure interoperability, identifiers should be a valid uuid. warnings.warn(('Invalid uuid: %s. To ensure interoperability, '
2026-05-20 07:09:11.870 9 INFO neutron.wsgi [req-7a36dc62-7ebe-4cc6-94d4-12f696693e3b req-e05960e7-f6d0-4254-ab80-a127764d4c3f 64f25fb985e7497f90de0dd42d3bbd4a 17045bc7166d4b66acf8eec085116eb7 - - 269e623bd77f4e5a98c27f915381d443 269e623bd77f4e5a98c27f915381d443] 199.19.213.87 "GET /v2.0/networks/8bec318c-957c-402f-9578-f627f5c76f15?fields=provider%3Aphysical_network&fields=provider%3Anetwork_type HTTP/1.1" status: 200 len: 277 time: 0.0691438
2026-05-20 07:09:11.956 10 INFO neutron.wsgi [None req-e98cf117-19ea-4c20-8951-f2d3135c9f7d bc974b6062ad4ab09fd31f98bc4cf92f a322542b4d2745e7af8baa80cc215aa7 - - default default] 10.0.0.146 "DELETE /v2.0/security-groups/ab6fa47c-1a28-4bd8-a44e-2d7eee6e7306 HTTP/1.1" status: 204 len: 168 time: 0.0947945
2026-05-20 07:09:11.969 10 INFO neutron.api.v2.resource [None req-806ee29f-3fb6-4d6e-84e0-1ba0236f2854 bc974b6062ad4ab09fd31f98bc4cf92f a322542b4d2745e7af8baa80cc215aa7 - - default default] show failed (client error): The resource could not be found.
2026-05-20 07:09:11.971 10 INFO neutron.wsgi [None req-806ee29f-3fb6-4d6e-84e0-1ba0236f2854 bc974b6062ad4ab09fd31f98bc4cf92f a322542b4d2745e7af8baa80cc215aa7 - - default default] 10.0.0.146 "GET /v2.0/security-groups/ab6fa47c-1a28-4bd8-a44e-2d7eee6e7306 HTTP/1.1" status: 404 len: 347 time: 0.0112619
2026-05-20 07:09:12.021 9 INFO neutron.wsgi [req-d834cf2b-7b1c-4c96-ad98-e4b584a831c3 req-76bc0298-825c-4120-a218-27b3f6e24881 64f25fb985e7497f90de0dd42d3bbd4a 17045bc7166d4b66acf8eec085116eb7 - - 269e623bd77f4e5a98c27f915381d443 269e623bd77f4e5a98c27f915381d443] 10.0.0.29 "GET /v2.0/ports?device_id=81d26caf-5085-4949-a816-e5df1ec8d90f HTTP/1.1" status: 200 len: 1409 time: 0.1589768
2026-05-20 07:09:12.089 9 INFO neutron.wsgi [req-d834cf2b-7b1c-4c96-ad98-e4b584a831c3 req-f45ddaa7-041a-4bb3-b06d-6cfb0d9bf205 64f25fb985e7497f90de0dd42d3bbd4a 17045bc7166d4b66acf8eec085116eb7 - - 269e623bd77f4e5a98c27f915381d443 269e623bd77f4e5a98c27f915381d443] 10.0.0.29 "GET /v2.0/security-groups?id=c560b44c-5f67-44dd-b672-1554b956cad4&fields=id&fields=name HTTP/1.1" status: 200 len: 313 time: 0.0526717
2026-05-20 07:09:12.366 9 INFO neutron.wsgi [None req-e5c2d45d-d5d4-414f-be1a-081b4ff2cde7 bc974b6062ad4ab09fd31f98bc4cf92f a322542b4d2745e7af8baa80cc215aa7 - - default default] 10.0.0.146 "DELETE /v2.0/floatingips/4d1cecbc-d855-4353-b934-cb471f67bf29 HTTP/1.1" status: 204 len: 168 time: 0.3883426
2026-05-20 07:09:12.391 10 INFO neutron.wsgi [req-f0143d92-4622-43b4-8e76-758d2d191203 req-d364fff6-b7f2-4d12-87a3-a4876f78be43 8b641aef2468411c8f8bd7fb404843a4 0af51a4420034db190867176d0857e95 - - default default] 10.0.0.55 "GET /v2.0/ports?device_id=93f75f30-21c3-44a0-90a7-9215c14e25af HTTP/1.1" status: 200 len: 1174 time: 0.0564730
2026-05-20 07:09:12.464 10 INFO neutron.wsgi [req-f0143d92-4622-43b4-8e76-758d2d191203 req-1841e04c-d517-45af-9fe2-d7350e1d3565 8b641aef2468411c8f8bd7fb404843a4 0af51a4420034db190867176d0857e95 - - default default] 10.0.0.55 "GET /v2.0/security-groups?id=4d8aa1da-bcc3-4eea-a7f7-cfde388e7541&fields=id&fields=name HTTP/1.1" status: 200 len: 312 time: 0.0640576
2026-05-20 07:09:12.777 9 INFO neutron.wsgi [req-7639da93-add7-4d59-96f2-7bce52171086 req-540b6f47-5cf5-4662-9326-574a7f6ea5b3 a3a56b02560e4effbb6b4b1e5a29a6a3 54c4a0dd01ae4eac93dfcfa5f9bddcd6 - - default default] 10.0.0.55 "GET /v2.0/ports?device_id=17958918-07e0-457a-8c4c-d2dd51dad84f HTTP/1.1" status: 200 len: 1170 time: 0.0422971
2026-05-20 07:09:12.839 9 INFO neutron.wsgi [req-7639da93-add7-4d59-96f2-7bce52171086 req-f04f7530-6525-4e53-97d3-306f88586cb4 a3a56b02560e4effbb6b4b1e5a29a6a3 54c4a0dd01ae4eac93dfcfa5f9bddcd6 - - default default] 10.0.0.55 "GET /v2.0/security-groups?id=ba52e54e-a804-404a-8ae3-9bd89b3486fb&fields=id&fields=name HTTP/1.1" status: 200 len: 313 time: 0.0531645
2026-05-20 07:09:12.848 9 WARNING neutron.plugins.ml2.drivers.ovn.mech_driver.ovsdb.ovn_client [None req-7de7cda1-0d34-46c3-8fb7-0ddde9e761ac - - - - - -] No hosting information found for port fbc2fc76-824f-46aa-84fd-d733fede4ac7: RuntimeError: No hosting information found for port fbc2fc76-824f-46aa-84fd-d733fede4ac7
2026-05-20 07:09:12.849 9 INFO neutron.plugins.ml2.drivers.ovn.mech_driver.mech_driver [None req-7de7cda1-0d34-46c3-8fb7-0ddde9e761ac - - - - - -] OVN reports status up for port: 2c0a04df-8781-4848-aa06-d6169f8d37bf
2026-05-20 07:09:12.855 9 INFO neutron.plugins.ml2.plugin [None req-7de7cda1-0d34-46c3-8fb7-0ddde9e761ac - - - - - -] Attempt 1 to provision port 2c0a04df-8781-4848-aa06-d6169f8d37bf
2026-05-20 07:09:12.929 10 INFO neutron.wsgi [req-26545fca-3c6d-439c-b7cf-a0ba27c21325 req-8e374710-e223-4732-8ad3-148d9c7df61f a3a56b02560e4effbb6b4b1e5a29a6a3 54c4a0dd01ae4eac93dfcfa5f9bddcd6 - - default default] 10.0.0.55 "GET /v2.0/ports?device_id=17958918-07e0-457a-8c4c-d2dd51dad84f HTTP/1.1" status: 200 len: 1170 time: 0.0285120
2026-05-20 07:09:13.243 9 INFO neutron.db.ovn_revision_numbers_db [None req-7de7cda1-0d34-46c3-8fb7-0ddde9e761ac - - - - - -] Successfully bumped revision number for resource 2c0a04df-8781-4848-aa06-d6169f8d37bf (type: ports) to 2
2026-05-20 07:09:13.250 10 INFO neutron.db.l3_db [None req-46cb1e55-e3b1-4449-a45e-0fa2ba217612 a3a56b02560e4effbb6b4b1e5a29a6a3 54c4a0dd01ae4eac93dfcfa5f9bddcd6 - - default default] Floating IP 66dc5415-01c5-4a82-a408-ff7390a7e64b associated. External IP: 10.96.250.218, port: 05997521-6b68-477a-9052-a048388cb88b.
2026-05-20 07:09:13.266 10 INFO neutron.notifiers.nova [-] Nova event matching ['req-18fcb507-738b-4def-92f1-c8edac2a360d'] response: {'server_uuid': '93f75f30-21c3-44a0-90a7-9215c14e25af', 'name': 'network-vif-plugged', 'status': 'completed', 'tag': 'dadccb7f-ee90-4549-860f-9d7aecaa1632', 'code': 200}
2026-05-20 07:09:13.267 10 INFO neutron.notifiers.nova [-] Nova event matching ['req-18fcb507-738b-4def-92f1-c8edac2a360d'] response: {'server_uuid': '93f75f30-21c3-44a0-90a7-9215c14e25af', 'name': 'network-vif-plugged', 'status': 'completed', 'tag': 'dadccb7f-ee90-4549-860f-9d7aecaa1632', 'code': 200}
2026-05-20 07:09:13.459 10 INFO neutron.db.ovn_revision_numbers_db [None req-46cb1e55-e3b1-4449-a45e-0fa2ba217612 a3a56b02560e4effbb6b4b1e5a29a6a3 54c4a0dd01ae4eac93dfcfa5f9bddcd6 - - default default] Successfully bumped revision number for resource 66dc5415-01c5-4a82-a408-ff7390a7e64b (type: floatingips) to 1
2026-05-20 07:09:13.462 9 INFO neutron.db.ovn_revision_numbers_db [None req-7de7cda1-0d34-46c3-8fb7-0ddde9e761ac - - - - - -] Successfully bumped revision number for resource 2c0a04df-8781-4848-aa06-d6169f8d37bf (type: router_ports) to 2
2026-05-20 07:09:13.568 10 INFO neutron.wsgi [req-9499e966-1665-4fca-9b4c-2a94f44e578d req-d4690f79-a189-4fe7-8cff-d3113c701e64 8b641aef2468411c8f8bd7fb404843a4 0af51a4420034db190867176d0857e95 - - default default] 10.0.0.55 "GET /v2.0/ports?device_id=93f75f30-21c3-44a0-90a7-9215c14e25af HTTP/1.1" status: 200 len: 1174 time: 0.0431867
2026-05-20 07:09:13.579 10 INFO neutron.db.ovn_revision_numbers_db [None req-46cb1e55-e3b1-4449-a45e-0fa2ba217612 a3a56b02560e4effbb6b4b1e5a29a6a3 54c4a0dd01ae4eac93dfcfa5f9bddcd6 - - default default] Successfully bumped revision number for resource 66dc5415-01c5-4a82-a408-ff7390a7e64b (type: floatingips) to 2
2026-05-20 07:09:13.604 10 INFO neutron.wsgi [None req-46cb1e55-e3b1-4449-a45e-0fa2ba217612 a3a56b02560e4effbb6b4b1e5a29a6a3 54c4a0dd01ae4eac93dfcfa5f9bddcd6 - - default default] 10.0.0.146 "PUT /v2.0/floatingips/66dc5415-01c5-4a82-a408-ff7390a7e64b HTTP/1.1" status: 200 len: 1049 time: 0.6650815
2026-05-20 07:09:13.619 10 INFO neutron.wsgi [req-9499e966-1665-4fca-9b4c-2a94f44e578d req-12703999-73fb-46f5-ab33-0fe383482a88 8b641aef2468411c8f8bd7fb404843a4 0af51a4420034db190867176d0857e95 - - default default] 10.0.0.55 "GET /v2.0/security-groups?id=4d8aa1da-bcc3-4eea-a7f7-cfde388e7541&fields=id&fields=name HTTP/1.1" status: 200 len: 312 time: 0.0446227
2026-05-20 07:09:13.728 10 INFO neutron.wsgi [req-33cee8a9-789a-4559-a1e1-f3fb0ce4ff11 req-84ca53f5-cc3a-4f0e-b887-9eb7cd227102 8b641aef2468411c8f8bd7fb404843a4 0af51a4420034db190867176d0857e95 - - default default] 10.0.0.55 "GET /v2.0/ports?device_id=93f75f30-21c3-44a0-90a7-9215c14e25af HTTP/1.1" status: 200 len: 1174 time: 0.0395091
2026-05-20 07:09:13.759 9 INFO neutron.wsgi [req-b2c96d7e-99a5-4717-bafa-9ed858e09546 req-0fbac80f-35d7-4328-9e40-e8d39897a070 a3a56b02560e4effbb6b4b1e5a29a6a3 54c4a0dd01ae4eac93dfcfa5f9bddcd6 - - default default] 10.0.0.55 "GET /v2.0/ports?device_id=17958918-07e0-457a-8c4c-d2dd51dad84f HTTP/1.1" status: 200 len: 1170 time: 0.0366256
2026-05-20 07:09:13.816 9 INFO neutron.wsgi [req-b2c96d7e-99a5-4717-bafa-9ed858e09546 req-50e65ae7-e7d5-49aa-96ca-3f378255d6fb a3a56b02560e4effbb6b4b1e5a29a6a3 54c4a0dd01ae4eac93dfcfa5f9bddcd6 - - default default] 10.0.0.55 "GET /v2.0/security-groups?id=ba52e54e-a804-404a-8ae3-9bd89b3486fb&fields=id&fields=name HTTP/1.1" status: 200 len: 313 time: 0.0493469
2026-05-20 07:09:14.015 9 INFO neutron.wsgi [None req-7b20c2f6-3c43-4bfa-9ff8-2b4df4afaaab 06281425a9784c22b3d2faee7dae0ad5 8186bed1677a4b208882cca37aded2db - - default default] 10.0.0.146 "PUT /v2.0/routers/2f738d9c-09b9-406e-a617-e1a0fda859d9/remove_router_interface HTTP/1.1" status: 200 len: 503 time: 1.6397142
2026-05-20 07:09:14.172 10 INFO neutron.plugins.ml2.drivers.ovn.mech_driver.mech_driver [None req-ed8c4629-c033-46f9-94f7-bab59ea5be2e - - - - - -] OVN reports status down for port: 05997521-6b68-477a-9052-a048388cb88b
2026-05-20 07:09:14.178 10 INFO neutron.db.l3_db [None req-8146acc6-d72c-4891-916b-c43d805940b3 8b641aef2468411c8f8bd7fb404843a4 0af51a4420034db190867176d0857e95 - - default default] Floating IP 9154bcf0-62e3-4c66-a574-ca5004aa15c8 associated. External IP: 10.96.250.209, port: dadccb7f-ee90-4549-860f-9d7aecaa1632.
2026-05-20 07:09:14.381 10 INFO neutron.wsgi [req-f67beb4f-a77f-4597-a26a-b95563cd5973 req-e30cdf8f-6eba-478d-b3ff-b91f555532f4 a3a56b02560e4effbb6b4b1e5a29a6a3 54c4a0dd01ae4eac93dfcfa5f9bddcd6 - - default default] 10.0.0.55 "GET /v2.0/ports?device_id=17958918-07e0-457a-8c4c-d2dd51dad84f HTTP/1.1" status: 200 len: 1170 time: 0.2486207 /var/lib/openstack/lib/python3.10/site-packages/pycadf/identifier.py:71: UserWarning: Invalid uuid: neutron. To ensure interoperability, identifiers should be a valid uuid. warnings.warn(('Invalid uuid: %s. To ensure interoperability, '
2026-05-20 07:09:14.477 10 INFO neutron.wsgi [req-f67beb4f-a77f-4597-a26a-b95563cd5973 req-e2eaad70-c61c-41d4-98ff-341cef15a6ed a3a56b02560e4effbb6b4b1e5a29a6a3 54c4a0dd01ae4eac93dfcfa5f9bddcd6 - - default default] 10.0.0.55 "GET /v2.0/security-groups?id=ba52e54e-a804-404a-8ae3-9bd89b3486fb&fields=id&fields=name HTTP/1.1" status: 200 len: 313 time: 0.0903423
2026-05-20 07:09:14.478 9 INFO neutron.wsgi [req-b19977ab-233b-4d90-b6d8-b7e17c0e631e req-63900884-5bbd-483e-8598-53ff1246910b a3a56b02560e4effbb6b4b1e5a29a6a3 54c4a0dd01ae4eac93dfcfa5f9bddcd6 - - default default] 199.19.213.87 "GET /v2.0/ports?device_id=17958918-07e0-457a-8c4c-d2dd51dad84f HTTP/1.1" status: 200 len: 1168 time: 0.0441451
2026-05-20 07:09:14.553 10 INFO neutron.db.ovn_revision_numbers_db [None req-8146acc6-d72c-4891-916b-c43d805940b3 8b641aef2468411c8f8bd7fb404843a4 0af51a4420034db190867176d0857e95 - - default default] Successfully bumped revision number for resource 9154bcf0-62e3-4c66-a574-ca5004aa15c8 (type: floatingips) to 1
2026-05-20 07:09:14.737 10 INFO neutron.db.ovn_revision_numbers_db [None req-8146acc6-d72c-4891-916b-c43d805940b3 8b641aef2468411c8f8bd7fb404843a4 0af51a4420034db190867176d0857e95 - - default default] Successfully bumped revision number for resource 9154bcf0-62e3-4c66-a574-ca5004aa15c8 (type: floatingips) to 2
2026-05-20 07:09:14.756 9 INFO neutron.db.l3_db [req-b19977ab-233b-4d90-b6d8-b7e17c0e631e req-8991f827-dc31-43fb-9e9f-8e093790dd5d a3a56b02560e4effbb6b4b1e5a29a6a3 54c4a0dd01ae4eac93dfcfa5f9bddcd6 - - default default] Floating IP 66dc5415-01c5-4a82-a408-ff7390a7e64b disassociated. External IP: 10.96.250.218, port: 05997521-6b68-477a-9052-a048388cb88b.
2026-05-20 07:09:14.776 10 INFO neutron.wsgi [None req-8146acc6-d72c-4891-916b-c43d805940b3 8b641aef2468411c8f8bd7fb404843a4 0af51a4420034db190867176d0857e95 - - default default] 10.0.0.146 "PUT /v2.0/floatingips/9154bcf0-62e3-4c66-a574-ca5004aa15c8 HTTP/1.1" status: 200 len: 1050 time: 1.0346212
2026-05-20 07:09:14.806 10 INFO neutron.db.ovn_revision_numbers_db [None req-ed8c4629-c033-46f9-94f7-bab59ea5be2e - - - - - -] Successfully bumped revision number for resource 05997521-6b68-477a-9052-a048388cb88b (type: ports) to 5
2026-05-20 07:09:14.907 9 INFO neutron.wsgi [req-b19977ab-233b-4d90-b6d8-b7e17c0e631e req-8991f827-dc31-43fb-9e9f-8e093790dd5d a3a56b02560e4effbb6b4b1e5a29a6a3 54c4a0dd01ae4eac93dfcfa5f9bddcd6 - - default default] 199.19.213.87 "DELETE /v2.0/ports/05997521-6b68-477a-9052-a048388cb88b HTTP/1.1" status: 204 len: 173 time: 0.4228909
2026-05-20 07:09:14.947 9 INFO neutron.notifiers.nova [-] Nova event matching ['req-248bc147-a8f8-4928-997e-1d78a98f9d84'] response: {'server_uuid': '17958918-07e0-457a-8c4c-d2dd51dad84f', 'name': 'network-vif-deleted', 'tag': '05997521-6b68-477a-9052-a048388cb88b', 'status': 'completed', 'code': 200}
2026-05-20 07:09:15.076 10 INFO neutron.wsgi [None req-a8857640-3c09-41ee-932e-38450625ea61 06281425a9784c22b3d2faee7dae0ad5 8186bed1677a4b208882cca37aded2db - - default default] 10.0.0.146 "DELETE /v2.0/routers/2f738d9c-09b9-406e-a617-e1a0fda859d9 HTTP/1.1" status: 204 len: 168 time: 1.0567203
2026-05-20 07:09:15.280 9 INFO neutron.wsgi [None req-d682d30a-a468-4e0b-a784-2c3a1ddfd4bf 06281425a9784c22b3d2faee7dae0ad5 8186bed1677a4b208882cca37aded2db - - default default] 10.0.0.146 "DELETE /v2.0/subnets/2eaf3b4e-781a-4481-bc81-72d7f2066e74 HTTP/1.1" status: 204 len: 168 time: 0.2002773 /var/lib/openstack/lib/python3.10/site-packages/pycadf/identifier.py:71: UserWarning: Invalid uuid: neutron. To ensure interoperability, identifiers should be a valid uuid. warnings.warn(('Invalid uuid: %s. To ensure interoperability, '
2026-05-20 07:09:15.319 10 INFO neutron.notifiers.nova [-] Nova event matching ['req-2951d4f2-3c57-4b84-ae6f-1327975b336e'] response: {'name': 'network-changed', 'server_uuid': '17958918-07e0-457a-8c4c-d2dd51dad84f', 'tag': '05997521-6b68-477a-9052-a048388cb88b', 'status': 'completed', 'code': 200}
2026-05-20 07:09:15.319 10 INFO neutron.notifiers.nova [-] Nova event matching ['req-2951d4f2-3c57-4b84-ae6f-1327975b336e'] response: {'server_uuid': '17958918-07e0-457a-8c4c-d2dd51dad84f', 'name': 'network-vif-unplugged', 'status': 'completed', 'tag': '05997521-6b68-477a-9052-a048388cb88b', 'code': 200}
2026-05-20 07:09:15.319 10 INFO neutron.notifiers.nova [-] Nova event matching ['req-2951d4f2-3c57-4b84-ae6f-1327975b336e'] response: {'name': 'network-changed', 'server_uuid': '93f75f30-21c3-44a0-90a7-9215c14e25af', 'tag': 'dadccb7f-ee90-4549-860f-9d7aecaa1632', 'status': 'completed', 'code': 200}
2026-05-20 07:09:15.319 10 INFO neutron.notifiers.nova [-] Nova event matching ['req-2951d4f2-3c57-4b84-ae6f-1327975b336e'] response: {'server_uuid': '17958918-07e0-457a-8c4c-d2dd51dad84f', 'name': 'network-vif-plugged', 'status': 'completed', 'tag': '05997521-6b68-477a-9052-a048388cb88b', 'code': 200}
2026-05-20 07:09:15.362 9 INFO neutron.wsgi [req-f0c07f1b-3a0c-497f-873e-a32822e7f876 req-d1846edf-041e-4c96-8dbd-1e736e8f044b 64f25fb985e7497f90de0dd42d3bbd4a 17045bc7166d4b66acf8eec085116eb7 - - 269e623bd77f4e5a98c27f915381d443 269e623bd77f4e5a98c27f915381d443] 199.19.213.87 "GET /v2.0/ports?tenant_id=54c4a0dd01ae4eac93dfcfa5f9bddcd6&device_id=17958918-07e0-457a-8c4c-d2dd51dad84f HTTP/1.1" status: 200 len: 210 time: 0.0256939
2026-05-20 07:09:15.458 9 INFO neutron.wsgi [req-f0c07f1b-3a0c-497f-873e-a32822e7f876 req-5c7c7516-6e05-427c-acff-5250383e4e25 64f25fb985e7497f90de0dd42d3bbd4a 17045bc7166d4b66acf8eec085116eb7 - - 269e623bd77f4e5a98c27f915381d443 269e623bd77f4e5a98c27f915381d443] 199.19.213.87 "GET /v2.0/networks?tenant_id=54c4a0dd01ae4eac93dfcfa5f9bddcd6&shared=False HTTP/1.1" status: 200 len: 972 time: 0.0877104
2026-05-20 07:09:15.560 9 INFO neutron.wsgi [req-f0c07f1b-3a0c-497f-873e-a32822e7f876 req-c5fd006e-c9cb-404a-8a4c-99dec9cce3fe 64f25fb985e7497f90de0dd42d3bbd4a 17045bc7166d4b66acf8eec085116eb7 - - 269e623bd77f4e5a98c27f915381d443 269e623bd77f4e5a98c27f915381d443] 199.19.213.87 "GET /v2.0/networks?shared=True HTTP/1.1" status: 200 len: 952 time: 0.0924466
2026-05-20 07:09:15.637 9 INFO neutron.wsgi [req-f0c07f1b-3a0c-497f-873e-a32822e7f876 req-d3e003e9-2db6-40a2-b828-7f944972bda3 64f25fb985e7497f90de0dd42d3bbd4a 17045bc7166d4b66acf8eec085116eb7 - - 269e623bd77f4e5a98c27f915381d443 269e623bd77f4e5a98c27f915381d443] 199.19.213.87 "GET /v2.0/ports?tenant_id=0af51a4420034db190867176d0857e95&device_id=93f75f30-21c3-44a0-90a7-9215c14e25af HTTP/1.1" status: 200 len: 1413 time: 0.0329764
2026-05-20 07:09:15.707 9 INFO neutron.wsgi [req-f0c07f1b-3a0c-497f-873e-a32822e7f876 req-07daa622-0054-499d-9050-ea7f61ab4d66 64f25fb985e7497f90de0dd42d3bbd4a 17045bc7166d4b66acf8eec085116eb7 - - 269e623bd77f4e5a98c27f915381d443 269e623bd77f4e5a98c27f915381d443] 199.19.213.87 "GET /v2.0/networks?id=8bec318c-957c-402f-9578-f627f5c76f15 HTTP/1.1" status: 200 len: 974 time: 0.0639291
2026-05-20 07:09:15.728 10 INFO neutron.wsgi [None req-f875cde9-163f-497e-ba17-de4cc518e2dd a3a56b02560e4effbb6b4b1e5a29a6a3 54c4a0dd01ae4eac93dfcfa5f9bddcd6 - - default default] 10.0.0.146 "DELETE /v2.0/security-groups/ba52e54e-a804-404a-8ae3-9bd89b3486fb HTTP/1.1" status: 204 len: 168 time: 0.1719522
2026-05-20 07:09:15.748 10 INFO neutron.api.v2.resource [None req-ae587d9e-f38d-41cd-95e2-c8e9ffcb0d1f a3a56b02560e4effbb6b4b1e5a29a6a3 54c4a0dd01ae4eac93dfcfa5f9bddcd6 - - default default] show failed (client error): The resource could not be found.
2026-05-20 07:09:15.750 10 INFO neutron.wsgi [None req-ae587d9e-f38d-41cd-95e2-c8e9ffcb0d1f a3a56b02560e4effbb6b4b1e5a29a6a3 54c4a0dd01ae4eac93dfcfa5f9bddcd6 - - default default] 10.0.0.146 "GET /v2.0/security-groups/ba52e54e-a804-404a-8ae3-9bd89b3486fb HTTP/1.1" status: 404 len: 347 time: 0.0148165
2026-05-20 07:09:15.754 9 INFO neutron.wsgi [req-f0c07f1b-3a0c-497f-873e-a32822e7f876 req-d62853ab-3826-4a35-8334-54f4363fea40 64f25fb985e7497f90de0dd42d3bbd4a 17045bc7166d4b66acf8eec085116eb7 - - 269e623bd77f4e5a98c27f915381d443 269e623bd77f4e5a98c27f915381d443] 199.19.213.87 "GET /v2.0/floatingips?fixed_ip_address=10.100.0.14&port_id=dadccb7f-ee90-4549-860f-9d7aecaa1632 HTTP/1.1" status: 200 len: 1060 time: 0.0391674
2026-05-20 07:09:15.809 10 INFO neutron.services.segments.plugin [-] Segment 2393c180-ccac-4cc9-8654-1dbe3e42dda3 resource provider aggregate not found
2026-05-20 07:09:15.817 10 INFO neutron.services.segments.plugin [-] Segment 2393c180-ccac-4cc9-8654-1dbe3e42dda3 resource provider aggregate not found
2026-05-20 07:09:15.840 10 INFO neutron.services.segments.plugin [-] Segment 2393c180-ccac-4cc9-8654-1dbe3e42dda3 resource provider not found; error: Placement Client Error (4xx): {"errors": [{"status": 404, "title": "Not Found", "detail": "The resource could not be found.\n\n No resource provider with uuid 2393c180-ccac-4cc9-8654-1dbe3e42dda3 found for delete ", "request_id": "req-fc6c4252-7f36-45c3-83ec-3d74f4409211"}]}
2026-05-20 07:09:15.844 10 INFO neutron.services.segments.plugin [-] Segment 2393c180-ccac-4cc9-8654-1dbe3e42dda3 resource provider not found; error: Placement Client Error (4xx): {"errors": [{"status": 404, "title": "Not Found", "detail": "The resource could not be found.\n\n No resource provider with uuid 2393c180-ccac-4cc9-8654-1dbe3e42dda3 found for delete ", "request_id": "req-df1d2f47-8dec-4978-bf17-4a8f7ac39a4c"}]}
2026-05-20 07:09:15.861 9 INFO neutron.wsgi [req-f0c07f1b-3a0c-497f-873e-a32822e7f876 req-aab118ef-3502-4498-8417-6b3ffa7a66a3 64f25fb985e7497f90de0dd42d3bbd4a 17045bc7166d4b66acf8eec085116eb7 - - 269e623bd77f4e5a98c27f915381d443 269e623bd77f4e5a98c27f915381d443] 199.19.213.87 "GET /v2.0/subnets?id=a08dbb7d-b20e-4661-b119-08a655138899 HTTP/1.1" status: 200 len: 869 time: 0.0993187
2026-05-20 07:09:15.862 10 INFO neutron.wsgi [None req-f0648db5-07d7-4304-8be6-6d6932e72cc2 06281425a9784c22b3d2faee7dae0ad5 8186bed1677a4b208882cca37aded2db - - default default] 10.0.0.146 "DELETE /v2.0/networks/58375ad3-323a-4cc8-a2d1-ccba83641f1f HTTP/1.1" status: 204 len: 168 time: 0.5752459
2026-05-20 07:09:15.875 9 INFO neutron.wsgi [req-4cde56fe-65be-49a2-9939-20c6c061a8f9 req-3ed8f25b-09b9-4801-a14b-584dc4ba41dc 64f25fb985e7497f90de0dd42d3bbd4a 17045bc7166d4b66acf8eec085116eb7 - - 269e623bd77f4e5a98c27f915381d443 269e623bd77f4e5a98c27f915381d443] 199.19.213.87 "GET /v2.0/ports?device_id=81d26caf-5085-4949-a816-e5df1ec8d90f&fields=binding%3Ahost_id&fields=binding%3Avif_type HTTP/1.1" status: 200 len: 265 time: 0.0791197
2026-05-20 07:09:15.897 9 INFO neutron.wsgi [req-f0c07f1b-3a0c-497f-873e-a32822e7f876 req-84aae451-01c8-4465-9e65-630db269c2bc 64f25fb985e7497f90de0dd42d3bbd4a 17045bc7166d4b66acf8eec085116eb7 - - 269e623bd77f4e5a98c27f915381d443 269e623bd77f4e5a98c27f915381d443] 199.19.213.87 "GET /v2.0/ports?network_id=8bec318c-957c-402f-9578-f627f5c76f15&device_owner=network%3Adhcp HTTP/1.1" status: 200 len: 210 time: 0.0284879
2026-05-20 07:09:15.994 10 INFO neutron.wsgi [None req-8259de4e-f668-4d66-b1a0-8656be167abf 06281425a9784c22b3d2faee7dae0ad5 8186bed1677a4b208882cca37aded2db - - default default] 10.0.0.146 "GET /v2.0/security-groups?tenant_id=a322542b4d2745e7af8baa80cc215aa7&name=default HTTP/1.1" status: 200 len: 2992 time: 0.0326085
2026-05-20 07:09:15.995 9 INFO neutron.wsgi [req-4cde56fe-65be-49a2-9939-20c6c061a8f9 req-bf962360-f38c-4997-82e9-c60a55e3f56a 64f25fb985e7497f90de0dd42d3bbd4a 17045bc7166d4b66acf8eec085116eb7 - - 269e623bd77f4e5a98c27f915381d443 269e623bd77f4e5a98c27f915381d443] 199.19.213.87 "GET /v2.0/ports?tenant_id=3524996e5db446898b3009e55916f32b&device_id=81d26caf-5085-4949-a816-e5df1ec8d90f HTTP/1.1" status: 200 len: 1409 time: 0.0631475
2026-05-20 07:09:16.014 9 INFO neutron.wsgi [req-f0c07f1b-3a0c-497f-873e-a32822e7f876 req-0a1f200b-9546-4d8a-8348-aaabdc9c1b6f 64f25fb985e7497f90de0dd42d3bbd4a 17045bc7166d4b66acf8eec085116eb7 - - 269e623bd77f4e5a98c27f915381d443 269e623bd77f4e5a98c27f915381d443] 199.19.213.87 "GET /v2.0/networks/8bec318c-957c-402f-9578-f627f5c76f15?fields=segments HTTP/1.1" status: 200 len: 212 time: 0.1108930
2026-05-20 07:09:16.124 9 INFO neutron.wsgi [req-f0c07f1b-3a0c-497f-873e-a32822e7f876 req-fb568c1d-5831-486c-82bf-4ac3a0af89d0 64f25fb985e7497f90de0dd42d3bbd4a 17045bc7166d4b66acf8eec085116eb7 - - 269e623bd77f4e5a98c27f915381d443 269e623bd77f4e5a98c27f915381d443] 199.19.213.87 "GET /v2.0/networks/8bec318c-957c-402f-9578-f627f5c76f15?fields=provider%3Aphysical_network&fields=provider%3Anetwork_type HTTP/1.1" status: 200 len: 277 time: 0.1021960
2026-05-20 07:09:16.130 9 INFO neutron.wsgi [req-4cde56fe-65be-49a2-9939-20c6c061a8f9 req-7f781a87-f872-456c-af0a-67881f79bd77 64f25fb985e7497f90de0dd42d3bbd4a 17045bc7166d4b66acf8eec085116eb7 - - 269e623bd77f4e5a98c27f915381d443 269e623bd77f4e5a98c27f915381d443] 199.19.213.87 "GET /v2.0/networks?id=e3feed70-b201-4ebe-aa34-848b7cf4c52f HTTP/1.1" status: 200 len: 982 time: 0.1175907
2026-05-20 07:09:16.195 9 INFO neutron.wsgi [req-4cde56fe-65be-49a2-9939-20c6c061a8f9 req-745b3f12-e2bb-452a-b2d6-52b9dc862f76 64f25fb985e7497f90de0dd42d3bbd4a 17045bc7166d4b66acf8eec085116eb7 - - 269e623bd77f4e5a98c27f915381d443 269e623bd77f4e5a98c27f915381d443] 199.19.213.87 "GET /v2.0/floatingips?fixed_ip_address=10.100.0.9&port_id=90a4e885-cb88-4113-b9ba-d1619855aeb6 HTTP/1.1" status: 200 len: 1059 time: 0.0612381
2026-05-20 07:09:16.197 10 INFO neutron.wsgi [None req-757decc9-0d23-460f-a901-2aa53ee417ea 06281425a9784c22b3d2faee7dae0ad5 8186bed1677a4b208882cca37aded2db - - default default] 10.0.0.146 "DELETE /v2.0/security-groups/78f1ff80-15e9-4e29-9832-93310fe19633 HTTP/1.1" status: 204 len: 168 time: 0.1995423
2026-05-20 07:09:16.255 9 INFO neutron.wsgi [req-4cde56fe-65be-49a2-9939-20c6c061a8f9 req-0cbef80f-d059-4746-8712-76d9bdbcdee3 64f25fb985e7497f90de0dd42d3bbd4a 17045bc7166d4b66acf8eec085116eb7 - - 269e623bd77f4e5a98c27f915381d443 269e623bd77f4e5a98c27f915381d443] 199.19.213.87 "GET /v2.0/subnets?id=85265ec4-7761-448f-a70b-4eca059e4258 HTTP/1.1" status: 200 len: 877 time: 0.0536633
2026-05-20 07:09:16.281 9 INFO neutron.wsgi [req-4cde56fe-65be-49a2-9939-20c6c061a8f9 req-4280b1ed-b71c-4ba3-8777-ba07ee9869ea 64f25fb985e7497f90de0dd42d3bbd4a 17045bc7166d4b66acf8eec085116eb7 - - 269e623bd77f4e5a98c27f915381d443 269e623bd77f4e5a98c27f915381d443] 199.19.213.87 "GET /v2.0/ports?network_id=e3feed70-b201-4ebe-aa34-848b7cf4c52f&device_owner=network%3Adhcp HTTP/1.1" status: 200 len: 210 time: 0.0168753
2026-05-20 07:09:16.345 9 INFO neutron.wsgi [req-4cde56fe-65be-49a2-9939-20c6c061a8f9 req-be877179-5e2c-4a86-b163-f3118591af0a 64f25fb985e7497f90de0dd42d3bbd4a 17045bc7166d4b66acf8eec085116eb7 - - 269e623bd77f4e5a98c27f915381d443 269e623bd77f4e5a98c27f915381d443] 199.19.213.87 "GET /v2.0/networks/e3feed70-b201-4ebe-aa34-848b7cf4c52f?fields=segments HTTP/1.1" status: 200 len: 212 time: 0.0577731
2026-05-20 07:09:16.372 9 INFO neutron.wsgi [None req-ea98e006-e765-4503-8210-328acd7eaf8f a3a56b02560e4effbb6b4b1e5a29a6a3 54c4a0dd01ae4eac93dfcfa5f9bddcd6 - - default default] 10.0.0.146 "DELETE /v2.0/floatingips/66dc5415-01c5-4a82-a408-ff7390a7e64b HTTP/1.1" status: 204 len: 168 time: 0.6168640
2026-05-20 07:09:16.436 9 INFO neutron.wsgi [req-4cde56fe-65be-49a2-9939-20c6c061a8f9 req-991abadd-f66a-4adb-b01d-c06149059a89 64f25fb985e7497f90de0dd42d3bbd4a 17045bc7166d4b66acf8eec085116eb7 - - 269e623bd77f4e5a98c27f915381d443 269e623bd77f4e5a98c27f915381d443] 199.19.213.87 "GET /v2.0/networks/e3feed70-b201-4ebe-aa34-848b7cf4c52f?fields=provider%3Aphysical_network&fields=provider%3Anetwork_type HTTP/1.1" status: 200 len: 277 time: 0.0829883
2026-05-20 07:09:17.564 9 INFO neutron.wsgi [req-939bbe37-4cc6-47cd-916d-ee1f6759064d req-98600e8a-01c8-480d-b27e-367f221072e4 3d711801fafb460e8769e548a93bd879 3524996e5db446898b3009e55916f32b - - default default] 10.0.0.55 "GET /v2.0/ports?device_id=81d26caf-5085-4949-a816-e5df1ec8d90f HTTP/1.1" status: 200 len: 1170 time: 0.1210012
2026-05-20 07:09:17.680 10 INFO neutron.wsgi [req-46d9d64e-73f8-4bc9-8874-bbb60764dc64 req-1738bfb8-8fb4-42ab-83d5-98b087b1c08d 3d711801fafb460e8769e548a93bd879 3524996e5db446898b3009e55916f32b - - default default] 10.0.0.55 "GET /v2.0/ports/90a4e885-cb88-4113-b9ba-d1619855aeb6 HTTP/1.1" status: 200 len: 1167 time: 0.0727956
