2026-05-20 07:10:52.425 9 INFO neutron.wsgi [None req-5cd4d77b-34f7-4d29-aaa9-d049be513abc 18d1476d697f48e383cf604e51d6f0fe 630ed745446f4f4b9b94bde7d76c48eb - - default default] 10.0.0.146 "DELETE /v2.0/networks/73028f9b-2bc3-4e2c-8f2c-085cecc1db47 HTTP/1.1" status: 204 len: 168 time: 0.9616487
2026-05-20 07:10:52.526 10 INFO neutron.db.segments_db [None req-29b372a2-adf7-4c4a-9643-e198fb1dc5d6 18d1476d697f48e383cf604e51d6f0fe 630ed745446f4f4b9b94bde7d76c48eb - - default default] Added segment fc054965-c74e-4ceb-b2dd-75040228f765 of type geneve for network d768d74c-1fe0-4719-bbf9-2d1828f62b53
2026-05-20 07:10:52.679 9 INFO neutron.db.ovn_revision_numbers_db [None req-815accfc-dc70-4794-9ef5-e121cd3b8b1f 06281425a9784c22b3d2faee7dae0ad5 8186bed1677a4b208882cca37aded2db - - default default] Successfully bumped revision number for resource 6faf472f-0b9d-41a2-a35b-3ba4f671e899 (type: security_groups) to 1
2026-05-20 07:10:52.706 9 INFO neutron.db.ovn_revision_numbers_db [None req-815accfc-dc70-4794-9ef5-e121cd3b8b1f 06281425a9784c22b3d2faee7dae0ad5 8186bed1677a4b208882cca37aded2db - - default default] Successfully bumped revision number for resource a38c477d-066c-4032-b72f-27a9b42ae00a (type: security_group_rules) to 0
2026-05-20 07:10:52.720 10 INFO neutron.db.ovn_revision_numbers_db [None req-29b372a2-adf7-4c4a-9643-e198fb1dc5d6 18d1476d697f48e383cf604e51d6f0fe 630ed745446f4f4b9b94bde7d76c48eb - - default default] Successfully bumped revision number for resource d768d74c-1fe0-4719-bbf9-2d1828f62b53 (type: networks) to 1
2026-05-20 07:10:52.732 9 INFO neutron.db.ovn_revision_numbers_db [None req-815accfc-dc70-4794-9ef5-e121cd3b8b1f 06281425a9784c22b3d2faee7dae0ad5 8186bed1677a4b208882cca37aded2db - - default default] Successfully bumped revision number for resource e237a598-c468-426e-ba6e-597bed9468ac (type: security_group_rules) to 0
2026-05-20 07:10:52.744 9 INFO neutron.wsgi [None req-6012cb5c-7589-42ee-ba6e-4173178c6a9b 0e6d90be44374d419b3126fb852a5396 01451daccedc49b6a192b9f0d4152a46 - - default default] 10.0.0.146 "DELETE /v2.0/networks/70c96d45-80b6-4a6a-bdc6-1599d2526d93 HTTP/1.1" status: 204 len: 168 time: 0.6093662
2026-05-20 07:10:52.765 9 INFO neutron.db.ovn_revision_numbers_db [None req-815accfc-dc70-4794-9ef5-e121cd3b8b1f 06281425a9784c22b3d2faee7dae0ad5 8186bed1677a4b208882cca37aded2db - - default default] Successfully bumped revision number for resource e7246957-c7cc-4cd7-b0f4-c381b850c642 (type: security_group_rules) to 0
2026-05-20 07:10:52.788 9 INFO neutron.db.ovn_revision_numbers_db [None req-815accfc-dc70-4794-9ef5-e121cd3b8b1f 06281425a9784c22b3d2faee7dae0ad5 8186bed1677a4b208882cca37aded2db - - default default] Successfully bumped revision number for resource e9ba8a09-61dc-4c72-9930-cc5b9bcfe428 (type: security_group_rules) to 0
2026-05-20 07:10:52.792 9 INFO neutron.db.ovn_revision_numbers_db [None req-6438237b-8699-4d49-8953-755a42c14259 - - - - - -] Successfully bumped revision number for resource 64c9d78e-08f7-4327-a0e8-d92b8850f76a (type: ports) to 1
2026-05-20 07:10:52.811 9 INFO neutron.wsgi [None req-815accfc-dc70-4794-9ef5-e121cd3b8b1f 06281425a9784c22b3d2faee7dae0ad5 8186bed1677a4b208882cca37aded2db - - default default] 10.0.0.146 "GET /v2.0/security-groups?tenant_id=41ae2a3864e0437c8368b4ec69ec3018&name=default HTTP/1.1" status: 200 len: 2996 time: 0.3436172
2026-05-20 07:10:52.958 10 WARNING neutron.scheduler.dhcp_agent_scheduler [None req-29b372a2-adf7-4c4a-9643-e198fb1dc5d6 18d1476d697f48e383cf604e51d6f0fe 630ed745446f4f4b9b94bde7d76c48eb - - default default] No more DHCP agents
2026-05-20 07:10:52.968 10 WARNING neutron.api.rpc.agentnotifiers.dhcp_rpc_agent_api [None req-29b372a2-adf7-4c4a-9643-e198fb1dc5d6 18d1476d697f48e383cf604e51d6f0fe 630ed745446f4f4b9b94bde7d76c48eb - - default default] Unable to schedule network d768d74c-1fe0-4719-bbf9-2d1828f62b53: no agents available; will retry on subsequent port and subnet creation events.
2026-05-20 07:10:53.024 9 INFO neutron.db.ovn_revision_numbers_db [None req-6438237b-8699-4d49-8953-755a42c14259 - - - - - -] Successfully bumped revision number for resource 64c9d78e-08f7-4327-a0e8-d92b8850f76a (type: router_ports) to 3
2026-05-20 07:10:53.111 10 INFO neutron.db.ovn_revision_numbers_db [None req-29b372a2-adf7-4c4a-9643-e198fb1dc5d6 18d1476d697f48e383cf604e51d6f0fe 630ed745446f4f4b9b94bde7d76c48eb - - default default] Successfully bumped revision number for resource 7a9293cb-ae9f-4f48-8145-0d08d5d5c068 (type: ports) to 1
2026-05-20 07:10:53.153 10 INFO neutron.wsgi [None req-29b372a2-adf7-4c4a-9643-e198fb1dc5d6 18d1476d697f48e383cf604e51d6f0fe 630ed745446f4f4b9b94bde7d76c48eb - - default default] 10.0.0.146 "POST /v2.0/networks HTTP/1.1" status: 201 len: 829 time: 0.7221041
2026-05-20 07:10:53.156 10 INFO neutron.db.ovn_revision_numbers_db [None req-e51c7de4-c8a4-45bc-b759-1abec1a9c5a0 05fed634a83a42beacee44fef6c9ace0 34c92ca8113e450987157e35c9a39ab3 - - default default] Successfully bumped revision number for resource 552fc62e-68f9-41a5-8be8-80be3abebffe (type: ports) to 2
2026-05-20 07:10:53.185 9 INFO neutron.db.ovn_revision_numbers_db [None req-6438237b-8699-4d49-8953-755a42c14259 - - - - - -] Successfully bumped revision number for resource 64c9d78e-08f7-4327-a0e8-d92b8850f76a (type: ports) to 2
2026-05-20 07:10:53.214 10 INFO neutron.db.ovn_revision_numbers_db [None req-e51c7de4-c8a4-45bc-b759-1abec1a9c5a0 05fed634a83a42beacee44fef6c9ace0 34c92ca8113e450987157e35c9a39ab3 - - default default] Successfully bumped revision number for resource 268f6da9-dd5c-4c2f-9cb4-de00c8dcccfe (type: subnets) to 0
2026-05-20 07:10:53.234 10 INFO neutron.wsgi [None req-a733efd0-b19d-4e2a-8c53-04f6c3909597 06281425a9784c22b3d2faee7dae0ad5 8186bed1677a4b208882cca37aded2db - - default default] 10.0.0.146 "DELETE /v2.0/security-groups/6faf472f-0b9d-41a2-a35b-3ba4f671e899 HTTP/1.1" status: 204 len: 168 time: 0.4160743
2026-05-20 07:10:53.237 10 INFO neutron.wsgi [None req-e51c7de4-c8a4-45bc-b759-1abec1a9c5a0 05fed634a83a42beacee44fef6c9ace0 34c92ca8113e450987157e35c9a39ab3 - - default default] 10.0.0.146 "POST /v2.0/subnets HTTP/1.1" status: 201 len: 831 time: 1.0908780
2026-05-20 07:10:53.459 9 INFO neutron.db.ovn_revision_numbers_db [None req-6438237b-8699-4d49-8953-755a42c14259 - - - - - -] Successfully bumped revision number for resource 64c9d78e-08f7-4327-a0e8-d92b8850f76a (type: ports) to 4
2026-05-20 07:10:53.574 10 WARNING neutron.scheduler.dhcp_agent_scheduler [None req-e15d9192-af92-485b-ab74-773c578e0c02 18d1476d697f48e383cf604e51d6f0fe 630ed745446f4f4b9b94bde7d76c48eb - - default default] No more DHCP agents
2026-05-20 07:10:53.588 10 WARNING neutron.api.rpc.agentnotifiers.dhcp_rpc_agent_api [None req-e15d9192-af92-485b-ab74-773c578e0c02 18d1476d697f48e383cf604e51d6f0fe 630ed745446f4f4b9b94bde7d76c48eb - - default default] Unable to schedule network d768d74c-1fe0-4719-bbf9-2d1828f62b53: no agents available; will retry on subsequent port and subnet creation events.
2026-05-20 07:10:53.612 9 INFO neutron.db.ovn_revision_numbers_db [None req-c45a33f0-3f3f-47d1-b434-f180df622d20 06281425a9784c22b3d2faee7dae0ad5 8186bed1677a4b208882cca37aded2db - - default default] Successfully bumped revision number for resource 4b6e26e4-b49f-4943-8e4e-05b334ff23e5 (type: security_groups) to 1
2026-05-20 07:10:53.631 9 INFO neutron.db.ovn_revision_numbers_db [None req-c45a33f0-3f3f-47d1-b434-f180df622d20 06281425a9784c22b3d2faee7dae0ad5 8186bed1677a4b208882cca37aded2db - - default default] Successfully bumped revision number for resource 347d437e-7833-44a7-a39b-bc91abb2d801 (type: security_group_rules) to 0
2026-05-20 07:10:53.676 9 INFO neutron.db.ovn_revision_numbers_db [None req-c45a33f0-3f3f-47d1-b434-f180df622d20 06281425a9784c22b3d2faee7dae0ad5 8186bed1677a4b208882cca37aded2db - - default default] Successfully bumped revision number for resource 6431949a-8b7e-49e2-862c-b44440860b37 (type: security_group_rules) to 0
2026-05-20 07:10:53.711 9 INFO neutron.db.ovn_revision_numbers_db [None req-c45a33f0-3f3f-47d1-b434-f180df622d20 06281425a9784c22b3d2faee7dae0ad5 8186bed1677a4b208882cca37aded2db - - default default] Successfully bumped revision number for resource 8113805a-ff5c-4011-b6a1-d1bb371f0c76 (type: security_group_rules) to 0
2026-05-20 07:10:53.731 9 INFO neutron.db.ovn_revision_numbers_db [None req-c45a33f0-3f3f-47d1-b434-f180df622d20 06281425a9784c22b3d2faee7dae0ad5 8186bed1677a4b208882cca37aded2db - - default default] Successfully bumped revision number for resource df5b5489-c94b-4f23-a339-a973f79c924f (type: security_group_rules) to 0
2026-05-20 07:10:53.735 9 INFO neutron.db.ovn_revision_numbers_db [None req-6438237b-8699-4d49-8953-755a42c14259 - - - - - -] Successfully bumped revision number for resource 64c9d78e-08f7-4327-a0e8-d92b8850f76a (type: router_ports) to 4
2026-05-20 07:10:53.761 9 INFO neutron.wsgi [None req-c45a33f0-3f3f-47d1-b434-f180df622d20 06281425a9784c22b3d2faee7dae0ad5 8186bed1677a4b208882cca37aded2db - - default default] 10.0.0.146 "GET /v2.0/security-groups?tenant_id=133abd73786140738b7293a8719a0a5c&name=default HTTP/1.1" status: 200 len: 2996 time: 0.3794541
2026-05-20 07:10:53.904 10 INFO neutron.wsgi [None req-31e324b7-65b6-49ed-9bdb-63a8f0c69eeb 06281425a9784c22b3d2faee7dae0ad5 8186bed1677a4b208882cca37aded2db - - default default] 10.0.0.146 "GET /v2.0/security-groups?tenant_id=01451daccedc49b6a192b9f0d4152a46&name=default HTTP/1.1" status: 200 len: 2996 time: 0.6305895
2026-05-20 07:10:53.980 9 WARNING neutron.plugins.ml2.drivers.ovn.mech_driver.ovsdb.ovn_client [None req-7de7cda1-0d34-46c3-8fb7-0ddde9e761ac - - - - - -] No port found with ID 69a56a99-1b28-4b42-94e7-c7ad9d016aad: RuntimeError: No port found with ID 69a56a99-1b28-4b42-94e7-c7ad9d016aad
2026-05-20 07:10:53.981 9 INFO neutron.plugins.ml2.drivers.ovn.mech_driver.mech_driver [None req-7de7cda1-0d34-46c3-8fb7-0ddde9e761ac - - - - - -] OVN reports status up for port: 64c9d78e-08f7-4327-a0e8-d92b8850f76a
2026-05-20 07:10:53.997 9 INFO neutron.plugins.ml2.plugin [None req-7de7cda1-0d34-46c3-8fb7-0ddde9e761ac - - - - - -] Attempt 1 to provision port 64c9d78e-08f7-4327-a0e8-d92b8850f76a
2026-05-20 07:10:54.180 10 WARNING neutron.scheduler.dhcp_agent_scheduler [None req-51bcefae-8e0a-4963-813b-f7d18d99837a 05fed634a83a42beacee44fef6c9ace0 34c92ca8113e450987157e35c9a39ab3 - - default default] No more DHCP agents
2026-05-20 07:10:54.183 10 WARNING neutron.api.rpc.agentnotifiers.dhcp_rpc_agent_api [None req-51bcefae-8e0a-4963-813b-f7d18d99837a 05fed634a83a42beacee44fef6c9ace0 34c92ca8113e450987157e35c9a39ab3 - - default default] Unable to schedule network 179b7afb-22fe-41c8-80ff-1727e17559ca: no agents available; will retry on subsequent port and subnet creation events.
2026-05-20 07:10:54.218 9 INFO neutron.services.segments.plugin [-] Segment db0a9ac9-650a-45a6-8085-2c4b5529eca1 resource provider aggregate not found
2026-05-20 07:10:54.223 9 INFO neutron.services.segments.plugin [-] Segment db0a9ac9-650a-45a6-8085-2c4b5529eca1 resource provider aggregate not found
2026-05-20 07:10:54.233 9 INFO neutron.services.segments.plugin [-] Segment db0a9ac9-650a-45a6-8085-2c4b5529eca1 resource provider not found; error: Placement Client Error (4xx): {"errors": [{"status": 404, "title": "Not Found", "detail": "The resource could not be found.\n\n No resource provider with uuid db0a9ac9-650a-45a6-8085-2c4b5529eca1 found for delete ", "request_id": "req-3bef383f-6a23-493a-b847-8e0ac53a5481"}]}
2026-05-20 07:10:54.241 9 INFO neutron.services.segments.plugin [-] Segment db0a9ac9-650a-45a6-8085-2c4b5529eca1 resource provider not found; error: Placement Client Error (4xx): {"errors": [{"status": 404, "title": "Not Found", "detail": "The resource could not be found.\n\n No resource provider with uuid db0a9ac9-650a-45a6-8085-2c4b5529eca1 found for delete ", "request_id": "req-c84e65ce-7c79-459d-bec1-e1a3073c042e"}]}
2026-05-20 07:10:54.254 9 INFO neutron.services.segments.plugin [-] Segment 84148da1-110b-45ed-813b-9ad4e61c959c resource provider aggregate not found
2026-05-20 07:10:54.261 9 INFO neutron.services.segments.plugin [-] Segment 84148da1-110b-45ed-813b-9ad4e61c959c resource provider aggregate not found
2026-05-20 07:10:54.276 9 INFO neutron.services.segments.plugin [-] Segment 84148da1-110b-45ed-813b-9ad4e61c959c resource provider not found; error: Placement Client Error (4xx): {"errors": [{"status": 404, "title": "Not Found", "detail": "The resource could not be found.\n\n No resource provider with uuid 84148da1-110b-45ed-813b-9ad4e61c959c found for delete ", "request_id": "req-bf2ffab5-30ca-4548-80a0-f58ea8c7c4c9"}]}
2026-05-20 07:10:54.281 9 INFO neutron.wsgi [None req-15c392f1-1a93-461d-8ec0-4d9c2f2ed0cb 06281425a9784c22b3d2faee7dae0ad5 8186bed1677a4b208882cca37aded2db - - default default] 10.0.0.146 "DELETE /v2.0/security-groups/4b6e26e4-b49f-4943-8e4e-05b334ff23e5 HTTP/1.1" status: 204 len: 168 time: 0.5152586
2026-05-20 07:10:54.288 9 INFO neutron.services.segments.plugin [-] Segment 84148da1-110b-45ed-813b-9ad4e61c959c resource provider not found; error: Placement Client Error (4xx): {"errors": [{"status": 404, "title": "Not Found", "detail": "The resource could not be found.\n\n No resource provider with uuid 84148da1-110b-45ed-813b-9ad4e61c959c found for delete ", "request_id": "req-3bb35149-c7c5-4234-9584-765c1ecead7d"}]}
2026-05-20 07:10:54.369 9 INFO neutron.wsgi [None req-ac73de48-d801-444c-aa02-15916100444d 06281425a9784c22b3d2faee7dae0ad5 8186bed1677a4b208882cca37aded2db - - default default] 10.0.0.146 "DELETE /v2.0/security-groups/cdcdf347-bd19-4e0f-aec8-19d2e66cd1a5 HTTP/1.1" status: 204 len: 168 time: 0.4492610
2026-05-20 07:10:54.434 10 INFO neutron.db.ovn_revision_numbers_db [None req-51bcefae-8e0a-4963-813b-f7d18d99837a 05fed634a83a42beacee44fef6c9ace0 34c92ca8113e450987157e35c9a39ab3 - - default default] Successfully bumped revision number for resource 81865704-3aef-49d4-bf41-4e9cc66edac7 (type: ports) to 1
2026-05-20 07:10:54.504 10 INFO neutron.db.ovn_revision_numbers_db [None req-e15d9192-af92-485b-ab74-773c578e0c02 18d1476d697f48e383cf604e51d6f0fe 630ed745446f4f4b9b94bde7d76c48eb - - default default] Successfully bumped revision number for resource 7a9293cb-ae9f-4f48-8145-0d08d5d5c068 (type: ports) to 2
2026-05-20 07:10:54.561 10 INFO neutron.db.ovn_revision_numbers_db [None req-e15d9192-af92-485b-ab74-773c578e0c02 18d1476d697f48e383cf604e51d6f0fe 630ed745446f4f4b9b94bde7d76c48eb - - default default] Successfully bumped revision number for resource 1c544d39-dd7e-487f-88d2-79d75ba28e1d (type: subnets) to 0
2026-05-20 07:10:54.580 10 INFO neutron.wsgi [None req-e15d9192-af92-485b-ab74-773c578e0c02 18d1476d697f48e383cf604e51d6f0fe 630ed745446f4f4b9b94bde7d76c48eb - - default default] 10.0.0.146 "POST /v2.0/subnets HTTP/1.1" status: 201 len: 801 time: 1.4189923
2026-05-20 07:10:54.735 9 INFO neutron.db.ovn_revision_numbers_db [None req-1a63039c-73d2-4e88-8e14-76f113420799 18d1476d697f48e383cf604e51d6f0fe 630ed745446f4f4b9b94bde7d76c48eb - - default default] Successfully bumped revision number for resource a07dce29-7305-4b0d-8d75-bc7fcc36245a (type: routers) to 1
2026-05-20 07:10:54.758 9 INFO neutron.wsgi [None req-1a63039c-73d2-4e88-8e14-76f113420799 18d1476d697f48e383cf604e51d6f0fe 630ed745446f4f4b9b94bde7d76c48eb - - default default] 10.0.0.146 "POST /v2.0/routers HTTP/1.1" status: 201 len: 687 time: 0.1706212
2026-05-20 07:10:54.933 9 INFO neutron.plugins.ml2.drivers.ovn.mech_driver.mech_driver [None req-7de7cda1-0d34-46c3-8fb7-0ddde9e761ac - - - - - -] OVN reports status up for port: 81865704-3aef-49d4-bf41-4e9cc66edac7
2026-05-20 07:10:54.948 9 INFO neutron.plugins.ml2.plugin [None req-7de7cda1-0d34-46c3-8fb7-0ddde9e761ac - - - - - -] Attempt 1 to provision port 81865704-3aef-49d4-bf41-4e9cc66edac7
2026-05-20 07:10:54.956 10 INFO neutron.db.ovn_revision_numbers_db [None req-51bcefae-8e0a-4963-813b-f7d18d99837a 05fed634a83a42beacee44fef6c9ace0 34c92ca8113e450987157e35c9a39ab3 - - default default] Successfully bumped revision number for resource 81865704-3aef-49d4-bf41-4e9cc66edac7 (type: router_ports) to 1
2026-05-20 07:10:55.127 10 INFO neutron.db.ovn_revision_numbers_db [None req-51bcefae-8e0a-4963-813b-f7d18d99837a 05fed634a83a42beacee44fef6c9ace0 34c92ca8113e450987157e35c9a39ab3 - - default default] Successfully bumped revision number for resource 81865704-3aef-49d4-bf41-4e9cc66edac7 (type: ports) to 1
2026-05-20 07:10:55.188 9 WARNING neutron.scheduler.dhcp_agent_scheduler [None req-fa63408c-40a1-4888-acc2-29a27d00f94c 18d1476d697f48e383cf604e51d6f0fe 630ed745446f4f4b9b94bde7d76c48eb - - default default] No more DHCP agents
2026-05-20 07:10:55.191 9 WARNING neutron.api.rpc.agentnotifiers.dhcp_rpc_agent_api [None req-fa63408c-40a1-4888-acc2-29a27d00f94c 18d1476d697f48e383cf604e51d6f0fe 630ed745446f4f4b9b94bde7d76c48eb - - default default] Unable to schedule network d768d74c-1fe0-4719-bbf9-2d1828f62b53: no agents available; will retry on subsequent port and subnet creation events.
2026-05-20 07:10:55.203 10 WARNING neutron.scheduler.dhcp_agent_scheduler [None req-51bcefae-8e0a-4963-813b-f7d18d99837a 05fed634a83a42beacee44fef6c9ace0 34c92ca8113e450987157e35c9a39ab3 - - default default] No more DHCP agents
2026-05-20 07:10:55.204 10 WARNING neutron.api.rpc.agentnotifiers.dhcp_rpc_agent_api [None req-51bcefae-8e0a-4963-813b-f7d18d99837a 05fed634a83a42beacee44fef6c9ace0 34c92ca8113e450987157e35c9a39ab3 - - default default] Unable to schedule network 179b7afb-22fe-41c8-80ff-1727e17559ca: no agents available; will retry on subsequent port and subnet creation events.
2026-05-20 07:10:55.322 9 INFO neutron.db.ovn_revision_numbers_db [None req-7de7cda1-0d34-46c3-8fb7-0ddde9e761ac - - - - - -] Successfully bumped revision number for resource 81865704-3aef-49d4-bf41-4e9cc66edac7 (type: ports) to 2
2026-05-20 07:10:55.399 9 INFO neutron.db.ovn_revision_numbers_db [None req-fa63408c-40a1-4888-acc2-29a27d00f94c 18d1476d697f48e383cf604e51d6f0fe 630ed745446f4f4b9b94bde7d76c48eb - - default default] Successfully bumped revision number for resource 8c4d02f9-c271-43bb-8536-8d5f51ca4932 (type: ports) to 1
2026-05-20 07:10:55.503 9 INFO neutron.db.ovn_revision_numbers_db [None req-7de7cda1-0d34-46c3-8fb7-0ddde9e761ac - - - - - -] Successfully bumped revision number for resource 81865704-3aef-49d4-bf41-4e9cc66edac7 (type: router_ports) to 2
2026-05-20 07:10:55.592 10 INFO neutron.db.ovn_revision_numbers_db [None req-51bcefae-8e0a-4963-813b-f7d18d99837a 05fed634a83a42beacee44fef6c9ace0 34c92ca8113e450987157e35c9a39ab3 - - default default] Successfully bumped revision number for resource 81865704-3aef-49d4-bf41-4e9cc66edac7 (type: router_ports) to 2
2026-05-20 07:10:55.595 10 INFO neutron.wsgi [None req-51bcefae-8e0a-4963-813b-f7d18d99837a 05fed634a83a42beacee44fef6c9ace0 34c92ca8113e450987157e35c9a39ab3 - - default default] 10.0.0.146 "PUT /v2.0/routers/7a48f133-0181-4e78-9ab7-eeb25d66005a/add_router_interface HTTP/1.1" status: 200 len: 503 time: 2.3525908
2026-05-20 07:10:55.680 10 INFO neutron.wsgi [None req-71030bb5-5f65-4455-919e-3d12f4e779c8 b594a6da04594e48a80c1399fe70add5 fcdbe7923d0e40f0af54db3a2c88a5c5 - - default default] 10.0.0.146 "GET /v2.0/networks HTTP/1.1" status: 200 len: 3856 time: 0.0802271
2026-05-20 07:10:55.712 10 INFO neutron.wsgi [None req-2e320a7c-fa4d-4188-ab92-35edd4a5d45c b594a6da04594e48a80c1399fe70add5 fcdbe7923d0e40f0af54db3a2c88a5c5 - - default default] 10.0.0.146 "GET /v2.0/subnets HTTP/1.1" status: 200 len: 2706 time: 0.0261672
2026-05-20 07:10:55.804 9 INFO neutron.db.ovn_revision_numbers_db [None req-fa63408c-40a1-4888-acc2-29a27d00f94c 18d1476d697f48e383cf604e51d6f0fe 630ed745446f4f4b9b94bde7d76c48eb - - default default] Successfully bumped revision number for resource 8c4d02f9-c271-43bb-8536-8d5f51ca4932 (type: router_ports) to 1
2026-05-20 07:10:55.814 10 INFO neutron.wsgi [None req-8fb19037-aa01-4c72-a99d-69bd878b2ff9 b594a6da04594e48a80c1399fe70add5 fcdbe7923d0e40f0af54db3a2c88a5c5 - - default default] 10.0.0.146 "GET /v2.0/routers HTTP/1.1" status: 200 len: 1363 time: 0.0976861
2026-05-20 07:10:55.955 9 INFO neutron.db.ovn_revision_numbers_db [None req-fa63408c-40a1-4888-acc2-29a27d00f94c 18d1476d697f48e383cf604e51d6f0fe 630ed745446f4f4b9b94bde7d76c48eb - - default default] Successfully bumped revision number for resource 8c4d02f9-c271-43bb-8536-8d5f51ca4932 (type: ports) to 1
2026-05-20 07:10:56.000 10 INFO neutron.db.ovn_revision_numbers_db [None req-436de667-ba36-455b-9afc-127fa91e9748 05fed634a83a42beacee44fef6c9ace0 34c92ca8113e450987157e35c9a39ab3 - - default default] Successfully bumped revision number for resource 90c6e8f5-fa81-4007-a434-e35a8b4d65ab (type: security_groups) to 1
2026-05-20 07:10:56.017 10 INFO neutron.db.ovn_revision_numbers_db [None req-436de667-ba36-455b-9afc-127fa91e9748 05fed634a83a42beacee44fef6c9ace0 34c92ca8113e450987157e35c9a39ab3 - - default default] Successfully bumped revision number for resource 48d238ed-0a1f-41e1-b12b-12f4faee95d5 (type: security_group_rules) to 0
2026-05-20 07:10:56.023 9 WARNING neutron.scheduler.dhcp_agent_scheduler [None req-fa63408c-40a1-4888-acc2-29a27d00f94c 18d1476d697f48e383cf604e51d6f0fe 630ed745446f4f4b9b94bde7d76c48eb - - default default] No more DHCP agents
2026-05-20 07:10:56.024 9 WARNING neutron.api.rpc.agentnotifiers.dhcp_rpc_agent_api [None req-fa63408c-40a1-4888-acc2-29a27d00f94c 18d1476d697f48e383cf604e51d6f0fe 630ed745446f4f4b9b94bde7d76c48eb - - default default] Unable to schedule network d768d74c-1fe0-4719-bbf9-2d1828f62b53: no agents available; will retry on subsequent port and subnet creation events.
2026-05-20 07:10:56.043 10 INFO neutron.db.ovn_revision_numbers_db [None req-436de667-ba36-455b-9afc-127fa91e9748 05fed634a83a42beacee44fef6c9ace0 34c92ca8113e450987157e35c9a39ab3 - - default default] Successfully bumped revision number for resource f62d0ad5-03ff-4954-ab05-3b6ee52f5420 (type: security_group_rules) to 0
2026-05-20 07:10:56.065 10 INFO neutron.wsgi [None req-436de667-ba36-455b-9afc-127fa91e9748 05fed634a83a42beacee44fef6c9ace0 34c92ca8113e450987157e35c9a39ab3 - - default default] 10.0.0.146 "POST /v2.0/security-groups HTTP/1.1" status: 201 len: 1809 time: 0.2011755
2026-05-20 07:10:56.188 10 INFO neutron.db.ovn_revision_numbers_db [None req-3e1c8860-276b-46d0-9dc1-eeb785552593 05fed634a83a42beacee44fef6c9ace0 34c92ca8113e450987157e35c9a39ab3 - - default default] Successfully bumped revision number for resource 2d8ca811-6d88-4bc5-a2d2-5d8bbc709da9 (type: security_group_rules) to 0
2026-05-20 07:10:56.216 10 INFO neutron.wsgi [None req-3e1c8860-276b-46d0-9dc1-eeb785552593 05fed634a83a42beacee44fef6c9ace0 34c92ca8113e450987157e35c9a39ab3 - - default default] 10.0.0.146 "POST /v2.0/security-group-rules HTTP/1.1" status: 201 len: 764 time: 0.1456468
2026-05-20 07:10:56.220 9 INFO neutron.db.ovn_revision_numbers_db [None req-fa63408c-40a1-4888-acc2-29a27d00f94c 18d1476d697f48e383cf604e51d6f0fe 630ed745446f4f4b9b94bde7d76c48eb - - default default] Successfully bumped revision number for resource 8c4d02f9-c271-43bb-8536-8d5f51ca4932 (type: router_ports) to 1
2026-05-20 07:10:56.222 9 INFO neutron.wsgi [None req-fa63408c-40a1-4888-acc2-29a27d00f94c 18d1476d697f48e383cf604e51d6f0fe 630ed745446f4f4b9b94bde7d76c48eb - - default default] 10.0.0.146 "PUT /v2.0/routers/a07dce29-7305-4b0d-8d75-bc7fcc36245a/add_router_interface HTTP/1.1" status: 200 len: 503 time: 1.4593945
2026-05-20 07:10:56.334 9 INFO neutron.wsgi [None req-e90e19a7-14b1-4f4b-a6eb-26598115cf1d 18d1476d697f48e383cf604e51d6f0fe 630ed745446f4f4b9b94bde7d76c48eb - - default default] 10.0.0.146 "GET /v2.0/ports/8c4d02f9-c271-43bb-8536-8d5f51ca4932 HTTP/1.1" status: 200 len: 1135 time: 0.1021695
2026-05-20 07:10:56.355 10 INFO neutron.db.ovn_revision_numbers_db [None req-f27b84ba-94cd-4c20-9290-a6eb5a2dd5ee 05fed634a83a42beacee44fef6c9ace0 34c92ca8113e450987157e35c9a39ab3 - - default default] Successfully bumped revision number for resource 26cea42a-7ade-433e-aec8-28708e383ac7 (type: security_group_rules) to 0
2026-05-20 07:10:56.382 10 INFO neutron.wsgi [None req-f27b84ba-94cd-4c20-9290-a6eb5a2dd5ee 05fed634a83a42beacee44fef6c9ace0 34c92ca8113e450987157e35c9a39ab3 - - default default] 10.0.0.146 "POST /v2.0/security-group-rules HTTP/1.1" status: 201 len: 763 time: 0.1606383
2026-05-20 07:10:56.397 9 INFO neutron.wsgi [None req-d7792a03-114a-4629-8687-1c7b9d723647 18d1476d697f48e383cf604e51d6f0fe 630ed745446f4f4b9b94bde7d76c48eb - - default default] 10.0.0.146 "GET /v2.0/ports/8c4d02f9-c271-43bb-8536-8d5f51ca4932 HTTP/1.1" status: 200 len: 1135 time: 0.0519683
2026-05-20 07:10:56.516 10 INFO neutron.db.ovn_revision_numbers_db [None req-2618af9e-5cfa-485f-800f-4be3962731ef 05fed634a83a42beacee44fef6c9ace0 34c92ca8113e450987157e35c9a39ab3 - - default default] Successfully bumped revision number for resource 9f893bd0-1005-4019-99ef-9b6342b0cbdf (type: security_group_rules) to 0
2026-05-20 07:10:56.537 10 INFO neutron.wsgi [-] 10.0.0.148 "GET / HTTP/1.1" status: 200 len: 246 time: 0.0012157
2026-05-20 07:10:56.538 10 INFO neutron.wsgi [-] 10.0.0.148 "GET / HTTP/1.1" status: 200 len: 246 time: 0.0011609
2026-05-20 07:10:56.548 10 INFO neutron.wsgi [None req-2618af9e-5cfa-485f-800f-4be3962731ef 05fed634a83a42beacee44fef6c9ace0 34c92ca8113e450987157e35c9a39ab3 - - default default] 10.0.0.146 "POST /v2.0/security-group-rules HTTP/1.1" status: 201 len: 769 time: 0.1614873
2026-05-20 07:10:56.568 9 INFO neutron.db.ovn_revision_numbers_db [None req-7c1cdf85-b6fa-407e-ad36-0f6283c54e05 3d741d49230f4bd39b4b7ae039148db6 f2f6ed8488ba49f9948add4503be6051 - - default default] Successfully bumped revision number for resource 135f7b3b-a0ef-424e-b17e-5665e0ec4e2a (type: security_groups) to 1
2026-05-20 07:10:56.585 9 INFO neutron.db.ovn_revision_numbers_db [None req-7c1cdf85-b6fa-407e-ad36-0f6283c54e05 3d741d49230f4bd39b4b7ae039148db6 f2f6ed8488ba49f9948add4503be6051 - - default default] Successfully bumped revision number for resource 725c47bf-3b11-4335-b9b9-becb4b34f06f (type: security_group_rules) to 0
2026-05-20 07:10:56.602 9 INFO neutron.db.ovn_revision_numbers_db [None req-7c1cdf85-b6fa-407e-ad36-0f6283c54e05 3d741d49230f4bd39b4b7ae039148db6 f2f6ed8488ba49f9948add4503be6051 - - default default] Successfully bumped revision number for resource 7ff7c520-170b-4362-807e-8d14751066c8 (type: security_group_rules) to 0
2026-05-20 07:10:56.623 9 INFO neutron.db.ovn_revision_numbers_db [None req-7c1cdf85-b6fa-407e-ad36-0f6283c54e05 3d741d49230f4bd39b4b7ae039148db6 f2f6ed8488ba49f9948add4503be6051 - - default default] Successfully bumped revision number for resource e0e75406-d4a8-4723-b292-31857e70c2bc (type: security_group_rules) to 0
2026-05-20 07:10:56.644 9 INFO neutron.db.ovn_revision_numbers_db [None req-7c1cdf85-b6fa-407e-ad36-0f6283c54e05 3d741d49230f4bd39b4b7ae039148db6 f2f6ed8488ba49f9948add4503be6051 - - default default] Successfully bumped revision number for resource ef6fdba2-3b63-4455-879d-bb212c54476e (type: security_group_rules) to 0
2026-05-20 07:10:56.697 9 INFO neutron.db.segments_db [None req-7c1cdf85-b6fa-407e-ad36-0f6283c54e05 3d741d49230f4bd39b4b7ae039148db6 f2f6ed8488ba49f9948add4503be6051 - - default default] Added segment 3da695e0-7c76-4b97-80dd-85fa17e8792d of type geneve for network 3cbe5d4e-16bc-4538-bbea-4d2728a99543
2026-05-20 07:10:56.701 9 INFO neutron.db.ovn_revision_numbers_db [None req-39d17877-2888-477b-b1f4-536017f672e3 05fed634a83a42beacee44fef6c9ace0 34c92ca8113e450987157e35c9a39ab3 - - default default] Successfully bumped revision number for resource ed558b4b-6e1b-41a3-a49b-7652c2ad1998 (type: security_group_rules) to 0
2026-05-20 07:10:56.742 9 INFO neutron.wsgi [None req-39d17877-2888-477b-b1f4-536017f672e3 05fed634a83a42beacee44fef6c9ace0 34c92ca8113e450987157e35c9a39ab3 - - default default] 10.0.0.146 "POST /v2.0/security-group-rules HTTP/1.1" status: 201 len: 768 time: 0.1887848
2026-05-20 07:10:56.769 10 INFO neutron.db.securitygroups_db [None req-b7e6884b-ba3e-4288-9eac-4f541e8fca93 05fed634a83a42beacee44fef6c9ace0 34c92ca8113e450987157e35c9a39ab3 - - default default] Project 34c92ca8113e450987157e35c9a39ab3 added a security group rule with legacy IPv6 ICMP protocol name icmp, ipv6-icmp should be used instead. It was automatically converted.
2026-05-20 07:10:56.857 9 INFO neutron.db.ovn_revision_numbers_db [None req-7c1cdf85-b6fa-407e-ad36-0f6283c54e05 3d741d49230f4bd39b4b7ae039148db6 f2f6ed8488ba49f9948add4503be6051 - - default default] Successfully bumped revision number for resource 3cbe5d4e-16bc-4538-bbea-4d2728a99543 (type: networks) to 1
2026-05-20 07:10:56.863 10 INFO neutron.db.ovn_revision_numbers_db [None req-b7e6884b-ba3e-4288-9eac-4f541e8fca93 05fed634a83a42beacee44fef6c9ace0 34c92ca8113e450987157e35c9a39ab3 - - default default] Successfully bumped revision number for resource 722a8c22-7bd2-4b7c-b6e8-6003654397d3 (type: security_group_rules) to 0
2026-05-20 07:10:56.885 10 INFO neutron.wsgi [None req-b7e6884b-ba3e-4288-9eac-4f541e8fca93 05fed634a83a42beacee44fef6c9ace0 34c92ca8113e450987157e35c9a39ab3 - - default default] 10.0.0.146 "POST /v2.0/security-group-rules HTTP/1.1" status: 201 len: 774 time: 0.1383893
2026-05-20 07:10:56.910 10 INFO neutron.db.securitygroups_db [None req-ed3ea6b9-540f-4332-b6ec-e51c44c22ebf 05fed634a83a42beacee44fef6c9ace0 34c92ca8113e450987157e35c9a39ab3 - - default default] Project 34c92ca8113e450987157e35c9a39ab3 added a security group rule with legacy IPv6 ICMP protocol name icmp, ipv6-icmp should be used instead. It was automatically converted.
2026-05-20 07:10:57.014 10 INFO neutron.db.ovn_revision_numbers_db [None req-ed3ea6b9-540f-4332-b6ec-e51c44c22ebf 05fed634a83a42beacee44fef6c9ace0 34c92ca8113e450987157e35c9a39ab3 - - default default] Successfully bumped revision number for resource 9ff296f5-a895-4daf-af8c-7b5cc8fb9bb8 (type: security_group_rules) to 0
2026-05-20 07:10:57.020 9 WARNING neutron.scheduler.dhcp_agent_scheduler [None req-7c1cdf85-b6fa-407e-ad36-0f6283c54e05 3d741d49230f4bd39b4b7ae039148db6 f2f6ed8488ba49f9948add4503be6051 - - default default] No more DHCP agents
2026-05-20 07:10:57.022 9 WARNING neutron.api.rpc.agentnotifiers.dhcp_rpc_agent_api [None req-7c1cdf85-b6fa-407e-ad36-0f6283c54e05 3d741d49230f4bd39b4b7ae039148db6 f2f6ed8488ba49f9948add4503be6051 - - default default] Unable to schedule network 3cbe5d4e-16bc-4538-bbea-4d2728a99543: no agents available; will retry on subsequent port and subnet creation events.
2026-05-20 07:10:57.038 10 INFO neutron.wsgi [None req-ed3ea6b9-540f-4332-b6ec-e51c44c22ebf 05fed634a83a42beacee44fef6c9ace0 34c92ca8113e450987157e35c9a39ab3 - - default default] 10.0.0.146 "POST /v2.0/security-group-rules HTTP/1.1" status: 201 len: 773 time: 0.1471198
2026-05-20 07:10:57.097 9 INFO neutron.db.ovn_revision_numbers_db [None req-7c1cdf85-b6fa-407e-ad36-0f6283c54e05 3d741d49230f4bd39b4b7ae039148db6 f2f6ed8488ba49f9948add4503be6051 - - default default] Successfully bumped revision number for resource 99df96f8-fcd3-4ce9-8579-6fedd172da8a (type: ports) to 1
2026-05-20 07:10:57.117 9 INFO neutron.wsgi [None req-7c1cdf85-b6fa-407e-ad36-0f6283c54e05 3d741d49230f4bd39b4b7ae039148db6 f2f6ed8488ba49f9948add4503be6051 - - default default] 10.0.0.146 "POST /v2.0/networks HTTP/1.1" status: 201 len: 848 time: 0.8915751
2026-05-20 07:10:57.339 9 WARNING neutron.scheduler.dhcp_agent_scheduler [None req-38ad4f13-3c7b-4742-9cdc-8eaafbb9adf4 3d741d49230f4bd39b4b7ae039148db6 f2f6ed8488ba49f9948add4503be6051 - - default default] No more DHCP agents
2026-05-20 07:10:57.342 9 WARNING neutron.api.rpc.agentnotifiers.dhcp_rpc_agent_api [None req-38ad4f13-3c7b-4742-9cdc-8eaafbb9adf4 3d741d49230f4bd39b4b7ae039148db6 f2f6ed8488ba49f9948add4503be6051 - - default default] Unable to schedule network 3cbe5d4e-16bc-4538-bbea-4d2728a99543: no agents available; will retry on subsequent port and subnet creation events.
2026-05-20 07:10:57.437 10 INFO neutron.wsgi [None req-2709d39a-0f43-4d2f-9ed7-0a47c932adb4 18d1476d697f48e383cf604e51d6f0fe 630ed745446f4f4b9b94bde7d76c48eb - - default default] 10.0.0.146 "GET /v2.0/ports/8c4d02f9-c271-43bb-8536-8d5f51ca4932 HTTP/1.1" status: 200 len: 1135 time: 0.0311985
2026-05-20 07:10:57.578 9 INFO neutron.db.ovn_revision_numbers_db [None req-38ad4f13-3c7b-4742-9cdc-8eaafbb9adf4 3d741d49230f4bd39b4b7ae039148db6 f2f6ed8488ba49f9948add4503be6051 - - default default] Successfully bumped revision number for resource 617f5e81-cbe6-4a0d-8866-72c08d9a1e80 (type: ports) to 1
2026-05-20 07:10:57.596 9 INFO neutron.wsgi [None req-38ad4f13-3c7b-4742-9cdc-8eaafbb9adf4 3d741d49230f4bd39b4b7ae039148db6 f2f6ed8488ba49f9948add4503be6051 - - default default] 10.0.0.146 "POST /v2.0/ports HTTP/1.1" status: 201 len: 977 time: 0.4745162 /var/lib/openstack/lib/python3.10/site-packages/pycadf/identifier.py:71: UserWarning: Invalid uuid: neutron. To ensure interoperability, identifiers should be a valid uuid. warnings.warn(('Invalid uuid: %s. To ensure interoperability, '
2026-05-20 07:10:57.672 9 INFO neutron.db.segments_db [None req-73f9aaaa-9b7a-43da-a179-d706fd5797bb 3d741d49230f4bd39b4b7ae039148db6 f2f6ed8488ba49f9948add4503be6051 - - default default] Added segment 350e63d4-54ea-4da8-a063-0176d85619e6 of type geneve for network 8fd3cf7a-a6f2-4bb6-af73-d1c073559f7b
2026-05-20 07:10:57.733 10 INFO neutron.wsgi [None req-e0eefccb-2419-4cfd-a13f-0fde658f91d3 05fed634a83a42beacee44fef6c9ace0 34c92ca8113e450987157e35c9a39ab3 - - default default] 10.0.0.146 "GET /v2.0/networks HTTP/1.1" status: 200 len: 1491 time: 0.3300631
2026-05-20 07:10:57.801 9 INFO neutron.db.ovn_revision_numbers_db [None req-73f9aaaa-9b7a-43da-a179-d706fd5797bb 3d741d49230f4bd39b4b7ae039148db6 f2f6ed8488ba49f9948add4503be6051 - - default default] Successfully bumped revision number for resource 8fd3cf7a-a6f2-4bb6-af73-d1c073559f7b (type: networks) to 1
2026-05-20 07:10:57.852 10 INFO neutron.wsgi [req-d43afbd9-f41b-4ee2-809b-9a7493f844bb req-9a8a2b43-1c3a-487e-b15d-02701034eaac 05fed634a83a42beacee44fef6c9ace0 34c92ca8113e450987157e35c9a39ab3 - - default default] 10.0.0.55 "GET /v2.0/security-groups?name=tempest-secgroup-smoke-495440867&fields=id&tenant_id=34c92ca8113e450987157e35c9a39ab3 HTTP/1.1" status: 200 len: 267 time: 0.0409532
2026-05-20 07:10:57.924 10 INFO neutron.wsgi [req-d43afbd9-f41b-4ee2-809b-9a7493f844bb req-8432f463-caff-4708-a6dc-e8d3f219a84e 05fed634a83a42beacee44fef6c9ace0 34c92ca8113e450987157e35c9a39ab3 - - default default] 10.0.0.55 "GET /v2.0/networks?id=179b7afb-22fe-41c8-80ff-1727e17559ca HTTP/1.1" status: 200 len: 858 time: 0.0626137
2026-05-20 07:10:57.945 10 INFO neutron.wsgi [req-d43afbd9-f41b-4ee2-809b-9a7493f844bb req-927a01cc-1017-467b-b667-65a0f4742dc4 05fed634a83a42beacee44fef6c9ace0 34c92ca8113e450987157e35c9a39ab3 - - default default] 10.0.0.55 "GET /v2.0/quotas/34c92ca8113e450987157e35c9a39ab3 HTTP/1.1" status: 200 len: 386 time: 0.0116932
2026-05-20 07:10:57.969 9 WARNING neutron.scheduler.dhcp_agent_scheduler [None req-73f9aaaa-9b7a-43da-a179-d706fd5797bb 3d741d49230f4bd39b4b7ae039148db6 f2f6ed8488ba49f9948add4503be6051 - - default default] No more DHCP agents
2026-05-20 07:10:57.971 9 WARNING neutron.api.rpc.agentnotifiers.dhcp_rpc_agent_api [None req-73f9aaaa-9b7a-43da-a179-d706fd5797bb 3d741d49230f4bd39b4b7ae039148db6 f2f6ed8488ba49f9948add4503be6051 - - default default] Unable to schedule network 8fd3cf7a-a6f2-4bb6-af73-d1c073559f7b: no agents available; will retry on subsequent port and subnet creation events.
2026-05-20 07:10:58.041 10 INFO neutron.wsgi [req-d43afbd9-f41b-4ee2-809b-9a7493f844bb req-a7621885-92fc-432d-9f2a-14bca60e489a 05fed634a83a42beacee44fef6c9ace0 34c92ca8113e450987157e35c9a39ab3 - - default default] 10.0.0.55 "GET /v2.0/ports?tenant_id=34c92ca8113e450987157e35c9a39ab3&fields=id HTTP/1.1" status: 200 len: 302 time: 0.0871270
2026-05-20 07:10:58.045 9 INFO neutron.db.ovn_revision_numbers_db [None req-73f9aaaa-9b7a-43da-a179-d706fd5797bb 3d741d49230f4bd39b4b7ae039148db6 f2f6ed8488ba49f9948add4503be6051 - - default default] Successfully bumped revision number for resource 298fbbb3-6c44-44a1-bedf-0353fb301649 (type: ports) to 1
2026-05-20 07:10:58.064 9 INFO neutron.wsgi [None req-73f9aaaa-9b7a-43da-a179-d706fd5797bb 3d741d49230f4bd39b4b7ae039148db6 f2f6ed8488ba49f9948add4503be6051 - - default default] 10.0.0.146 "POST /v2.0/networks HTTP/1.1" status: 201 len: 835 time: 0.4630446
2026-05-20 07:10:58.114 10 INFO neutron.wsgi [req-d43afbd9-f41b-4ee2-809b-9a7493f844bb req-ce282992-ed49-4a58-900a-b735122f31d2 64f25fb985e7497f90de0dd42d3bbd4a 17045bc7166d4b66acf8eec085116eb7 - - 269e623bd77f4e5a98c27f915381d443 269e623bd77f4e5a98c27f915381d443] 10.0.0.55 "GET /v2.0/networks/179b7afb-22fe-41c8-80ff-1727e17559ca?fields=segments HTTP/1.1" status: 200 len: 212 time: 0.0598588
2026-05-20 07:10:58.178 10 INFO neutron.wsgi [req-d43afbd9-f41b-4ee2-809b-9a7493f844bb req-8269ba52-70f7-41e7-a397-0e1b7b629cff 64f25fb985e7497f90de0dd42d3bbd4a 17045bc7166d4b66acf8eec085116eb7 - - 269e623bd77f4e5a98c27f915381d443 269e623bd77f4e5a98c27f915381d443] 10.0.0.55 "GET /v2.0/networks/179b7afb-22fe-41c8-80ff-1727e17559ca?fields=provider%3Aphysical_network&fields=provider%3Anetwork_type HTTP/1.1" status: 200 len: 277 time: 0.0568545
2026-05-20 07:10:58.312 9 INFO neutron.wsgi [req-eb3391cb-5bd3-4e7d-bc93-68ab5272c6bf req-8261ac1a-9c7b-408b-b708-a2a611c9f537 05fed634a83a42beacee44fef6c9ace0 34c92ca8113e450987157e35c9a39ab3 - - default default] 10.0.0.55 "GET /v2.0/ports?device_id=b832de72-3989-47ac-bbd7-307e68a346d2 HTTP/1.1" status: 200 len: 210 time: 0.0222239
2026-05-20 07:10:58.345 9 WARNING neutron.scheduler.dhcp_agent_scheduler [None req-01705af3-4c51-486a-a631-19fad8223c06 3d741d49230f4bd39b4b7ae039148db6 f2f6ed8488ba49f9948add4503be6051 - - default default] No more DHCP agents
2026-05-20 07:10:58.348 9 WARNING neutron.api.rpc.agentnotifiers.dhcp_rpc_agent_api [None req-01705af3-4c51-486a-a631-19fad8223c06 3d741d49230f4bd39b4b7ae039148db6 f2f6ed8488ba49f9948add4503be6051 - - default default] Unable to schedule network 8fd3cf7a-a6f2-4bb6-af73-d1c073559f7b: no agents available; will retry on subsequent port and subnet creation events.
2026-05-20 07:10:58.381 9 INFO neutron.db.ovn_revision_numbers_db [None req-01705af3-4c51-486a-a631-19fad8223c06 3d741d49230f4bd39b4b7ae039148db6 f2f6ed8488ba49f9948add4503be6051 - - default default] Successfully bumped revision number for resource 9b4b1f39-5b3d-4277-945f-c7bdcea6081b (type: subnets) to 0
2026-05-20 07:10:58.396 9 INFO neutron.wsgi [None req-01705af3-4c51-486a-a631-19fad8223c06 3d741d49230f4bd39b4b7ae039148db6 f2f6ed8488ba49f9948add4503be6051 - - default default] 10.0.0.146 "POST /v2.0/subnets HTTP/1.1" status: 201 len: 821 time: 0.3250911
2026-05-20 07:10:58.481 9 INFO neutron.wsgi [None req-1cb290c6-e8c7-403f-8ab2-dd715ba07a62 18d1476d697f48e383cf604e51d6f0fe 630ed745446f4f4b9b94bde7d76c48eb - - default default] 10.0.0.146 "GET /v2.0/ports/8c4d02f9-c271-43bb-8536-8d5f51ca4932 HTTP/1.1" status: 200 len: 1135 time: 0.0372977
2026-05-20 07:10:58.610 9 INFO neutron.db.ovn_revision_numbers_db [None req-55308b1d-f781-41a3-885d-589fbd2ec0a7 b9fd57000f8f4c888d9d994fb06b3988 c10dd27f709a44809393d73f50598f48 - - default default] Successfully bumped revision number for resource d09d60e1-697a-432a-9e21-1bf45db36e80 (type: routers) to 1
2026-05-20 07:10:58.630 9 INFO neutron.wsgi [None req-55308b1d-f781-41a3-885d-589fbd2ec0a7 b9fd57000f8f4c888d9d994fb06b3988 c10dd27f709a44809393d73f50598f48 - - default default] 10.0.0.146 "POST /v2.0/routers HTTP/1.1" status: 201 len: 654 time: 0.3240798
2026-05-20 07:10:58.843 9 INFO neutron.db.ovn_revision_numbers_db [None req-3ec07f88-7a05-4173-a9d7-d67084e4db03 b9fd57000f8f4c888d9d994fb06b3988 c10dd27f709a44809393d73f50598f48 - - default default] Successfully bumped revision number for resource 1734dd73-403d-478a-94a0-521c16ca5b60 (type: routers) to 1
2026-05-20 07:10:58.869 9 WARNING neutron.scheduler.dhcp_agent_scheduler [None req-54d47ab1-0eaa-484c-97b6-78c9a03eda7f 3d741d49230f4bd39b4b7ae039148db6 f2f6ed8488ba49f9948add4503be6051 - - default default] No more DHCP agents
2026-05-20 07:10:58.871 9 INFO neutron.wsgi [None req-3ec07f88-7a05-4173-a9d7-d67084e4db03 b9fd57000f8f4c888d9d994fb06b3988 c10dd27f709a44809393d73f50598f48 - - default default] 10.0.0.146 "POST /v2.0/routers HTTP/1.1" status: 201 len: 654 time: 0.2336795
2026-05-20 07:10:58.873 9 WARNING neutron.api.rpc.agentnotifiers.dhcp_rpc_agent_api [None req-54d47ab1-0eaa-484c-97b6-78c9a03eda7f 3d741d49230f4bd39b4b7ae039148db6 f2f6ed8488ba49f9948add4503be6051 - - default default] Unable to schedule network 8fd3cf7a-a6f2-4bb6-af73-d1c073559f7b: no agents available; will retry on subsequent port and subnet creation events. /var/lib/openstack/lib/python3.10/site-packages/pycadf/identifier.py:71: UserWarning: Invalid uuid: neutron. To ensure interoperability, identifiers should be a valid uuid. warnings.warn(('Invalid uuid: %s. To ensure interoperability, '
2026-05-20 07:10:59.015 9 INFO neutron.wsgi [req-d43afbd9-f41b-4ee2-809b-9a7493f844bb req-0eb753a8-cdd0-4506-8170-8d49c4055eaf 05fed634a83a42beacee44fef6c9ace0 34c92ca8113e450987157e35c9a39ab3 - - default default] 199.19.213.87 "GET /v2.0/networks?id=179b7afb-22fe-41c8-80ff-1727e17559ca HTTP/1.1" status: 200 len: 858 time: 0.1151640
2026-05-20 07:10:59.024 9 INFO neutron.db.ovn_revision_numbers_db [None req-54d47ab1-0eaa-484c-97b6-78c9a03eda7f 3d741d49230f4bd39b4b7ae039148db6 f2f6ed8488ba49f9948add4503be6051 - - default default] Successfully bumped revision number for resource af8ed0ba-3cf8-4f44-b173-822cd9f4e294 (type: ports) to 1
2026-05-20 07:10:59.049 10 INFO neutron.db.ovn_revision_numbers_db [None req-f0b39870-b63c-4c89-9567-5c1a5aadb011 b9fd57000f8f4c888d9d994fb06b3988 c10dd27f709a44809393d73f50598f48 - - default default] Successfully bumped revision number for resource 6b3077c9-a057-4627-bcf1-ea82b3f67fe5 (type: routers) to 1
2026-05-20 07:10:59.052 9 INFO neutron.wsgi [None req-54d47ab1-0eaa-484c-97b6-78c9a03eda7f 3d741d49230f4bd39b4b7ae039148db6 f2f6ed8488ba49f9948add4503be6051 - - default default] 10.0.0.146 "POST /v2.0/ports HTTP/1.1" status: 201 len: 1160 time: 0.6514354
2026-05-20 07:10:59.069 9 INFO neutron.wsgi [req-d43afbd9-f41b-4ee2-809b-9a7493f844bb req-d79cac3e-da72-4a23-8197-500c20b07b10 05fed634a83a42beacee44fef6c9ace0 34c92ca8113e450987157e35c9a39ab3 - - default default] 199.19.213.87 "GET /v2.0/security-groups?fields=id&fields=name&tenant_id=34c92ca8113e450987157e35c9a39ab3 HTTP/1.1" status: 200 len: 379 time: 0.0499668
2026-05-20 07:10:59.074 10 INFO neutron.wsgi [None req-f0b39870-b63c-4c89-9567-5c1a5aadb011 b9fd57000f8f4c888d9d994fb06b3988 c10dd27f709a44809393d73f50598f48 - - default default] 10.0.0.146 "POST /v2.0/routers HTTP/1.1" status: 201 len: 654 time: 0.1980367
2026-05-20 07:10:59.240 10 INFO neutron.db.ovn_revision_numbers_db [None req-235f9909-be05-477c-a9a8-4aa118781b0e b9fd57000f8f4c888d9d994fb06b3988 c10dd27f709a44809393d73f50598f48 - - default default] Successfully bumped revision number for resource e378a730-8ea0-445c-a4b6-fde6ef2a60a2 (type: routers) to 1
2026-05-20 07:10:59.258 10 INFO neutron.wsgi [None req-235f9909-be05-477c-a9a8-4aa118781b0e b9fd57000f8f4c888d9d994fb06b3988 c10dd27f709a44809393d73f50598f48 - - default default] 10.0.0.146 "POST /v2.0/routers HTTP/1.1" status: 201 len: 654 time: 0.1745589
2026-05-20 07:10:59.400 9 INFO neutron.wsgi [None req-6798d6b5-eaeb-49af-8e40-ebe193370015 3d741d49230f4bd39b4b7ae039148db6 f2f6ed8488ba49f9948add4503be6051 - - default default] 10.0.0.146 "DELETE /v2.0/ports/af8ed0ba-3cf8-4f44-b173-822cd9f4e294 HTTP/1.1" status: 204 len: 168 time: 0.3415799
2026-05-20 07:10:59.404 10 INFO neutron.wsgi [req-0c08faba-aef0-44b4-8d3b-1d53f82613ac req-7c775397-c9ef-4f67-a3d4-b3792d2363ab 05fed634a83a42beacee44fef6c9ace0 34c92ca8113e450987157e35c9a39ab3 - - default default] 10.0.0.55 "GET /v2.0/ports?device_id=b832de72-3989-47ac-bbd7-307e68a346d2 HTTP/1.1" status: 200 len: 210 time: 0.0257671
2026-05-20 07:10:59.428 9 INFO neutron.pecan_wsgi.hooks.translation [None req-0aef9490-df6b-4463-aec9-5d2c5243c51f 3d741d49230f4bd39b4b7ae039148db6 f2f6ed8488ba49f9948add4503be6051 - - default default] DELETE failed (client error): The resource could not be found.
2026-05-20 07:10:59.431 9 INFO neutron.wsgi [None req-0aef9490-df6b-4463-aec9-5d2c5243c51f 3d741d49230f4bd39b4b7ae039148db6 f2f6ed8488ba49f9948add4503be6051 - - default default] 10.0.0.146 "DELETE /v2.0/ports/af8ed0ba-3cf8-4f44-b173-822cd9f4e294 HTTP/1.1" status: 404 len: 333 time: 0.0199502 /var/lib/openstack/lib/python3.10/site-packages/pycadf/identifier.py:71: UserWarning: Invalid uuid: neutron. To ensure interoperability, identifiers should be a valid uuid. warnings.warn(('Invalid uuid: %s. To ensure interoperability, '
2026-05-20 07:10:59.454 9 INFO neutron.pecan_wsgi.hooks.translation [None req-241cf904-0b9d-472f-b49e-abb6ab801c4a 3d741d49230f4bd39b4b7ae039148db6 f2f6ed8488ba49f9948add4503be6051 - - default default] GET failed (client error): The resource could not be found.
2026-05-20 07:10:59.455 9 INFO neutron.wsgi [None req-241cf904-0b9d-472f-b49e-abb6ab801c4a 3d741d49230f4bd39b4b7ae039148db6 f2f6ed8488ba49f9948add4503be6051 - - default default] 10.0.0.146 "GET /v2.0/ports/af8ed0ba-3cf8-4f44-b173-822cd9f4e294 HTTP/1.1" status: 404 len: 333 time: 0.0190151
2026-05-20 07:10:59.480 9 WARNING neutron.scheduler.dhcp_agent_scheduler [req-d43afbd9-f41b-4ee2-809b-9a7493f844bb req-dc8a1587-22f8-4015-aac4-cbcf4cb8b3f7 05fed634a83a42beacee44fef6c9ace0 34c92ca8113e450987157e35c9a39ab3 - - default default] No more DHCP agents
2026-05-20 07:10:59.485 9 WARNING neutron.api.rpc.agentnotifiers.dhcp_rpc_agent_api [req-d43afbd9-f41b-4ee2-809b-9a7493f844bb req-dc8a1587-22f8-4015-aac4-cbcf4cb8b3f7 05fed634a83a42beacee44fef6c9ace0 34c92ca8113e450987157e35c9a39ab3 - - default default] Unable to schedule network 179b7afb-22fe-41c8-80ff-1727e17559ca: no agents available; will retry on subsequent port and subnet creation events.
2026-05-20 07:10:59.694 10 INFO neutron.db.ovn_revision_numbers_db [None req-31e237c3-513c-4a84-8db9-448c5d30ae9e b9fd57000f8f4c888d9d994fb06b3988 c10dd27f709a44809393d73f50598f48 - - default default] Successfully bumped revision number for resource 16a5766f-279e-4013-af9f-958d37f9ed17 (type: routers) to 1
2026-05-20 07:10:59.712 10 INFO neutron.wsgi [None req-31e237c3-513c-4a84-8db9-448c5d30ae9e b9fd57000f8f4c888d9d994fb06b3988 c10dd27f709a44809393d73f50598f48 - - default default] 10.0.0.146 "POST /v2.0/routers HTTP/1.1" status: 201 len: 654 time: 0.4481261
2026-05-20 07:10:59.733 9 INFO neutron.wsgi [None req-d88c82c1-c6e6-4acf-ab92-182995ed57c4 18d1476d697f48e383cf604e51d6f0fe 630ed745446f4f4b9b94bde7d76c48eb - - default default] 10.0.0.146 "GET /v2.0/ports/8c4d02f9-c271-43bb-8536-8d5f51ca4932 HTTP/1.1" status: 200 len: 1135 time: 0.2437470
2026-05-20 07:10:59.770 10 INFO neutron.wsgi [None req-eb17cfd8-ebca-4f5a-b70a-4fcc7a883472 b9fd57000f8f4c888d9d994fb06b3988 c10dd27f709a44809393d73f50598f48 - - default default] 10.0.0.146 "PUT /v2.0/routers/d09d60e1-697a-432a-9e21-1bf45db36e80/tags HTTP/1.1" status: 200 len: 210 time: 0.0534306
2026-05-20 07:10:59.832 10 INFO neutron.wsgi [None req-5f59cb59-6349-4ff2-8a91-b6bf70b924fa b9fd57000f8f4c888d9d994fb06b3988 c10dd27f709a44809393d73f50598f48 - - default default] 10.0.0.146 "PUT /v2.0/routers/1734dd73-403d-478a-94a0-521c16ca5b60/tags HTTP/1.1" status: 200 len: 218 time: 0.0549543
2026-05-20 07:10:59.890 9 INFO neutron.db.ovn_revision_numbers_db [req-d43afbd9-f41b-4ee2-809b-9a7493f844bb req-dc8a1587-22f8-4015-aac4-cbcf4cb8b3f7 05fed634a83a42beacee44fef6c9ace0 34c92ca8113e450987157e35c9a39ab3 - - default default] Successfully bumped revision number for resource b8d5fab0-658b-473d-86cf-6e2221db8482 (type: ports) to 1
2026-05-20 07:10:59.905 9 INFO neutron.wsgi [None req-7c4453dc-b8fd-473c-9414-2d34b66717a1 3d741d49230f4bd39b4b7ae039148db6 f2f6ed8488ba49f9948add4503be6051 - - default default] 10.0.0.146 "DELETE /v2.0/subnets/9b4b1f39-5b3d-4277-945f-c7bdcea6081b HTTP/1.1" status: 204 len: 168 time: 0.4426119
2026-05-20 07:10:59.919 10 INFO neutron.wsgi [None req-b1c9de6d-0fdf-47c8-bf4f-db4e2cae2ba8 b9fd57000f8f4c888d9d994fb06b3988 c10dd27f709a44809393d73f50598f48 - - default default] 10.0.0.146 "PUT /v2.0/routers/6b3077c9-a057-4627-bcf1-ea82b3f67fe5/tags HTTP/1.1" status: 200 len: 227 time: 0.0756834
2026-05-20 07:10:59.923 9 INFO neutron.wsgi [req-d43afbd9-f41b-4ee2-809b-9a7493f844bb req-dc8a1587-22f8-4015-aac4-cbcf4cb8b3f7 05fed634a83a42beacee44fef6c9ace0 34c92ca8113e450987157e35c9a39ab3 - - default default] 199.19.213.87 "POST /v2.0/ports HTTP/1.1" status: 201 len: 1162 time: 0.8443637 /var/lib/openstack/lib/python3.10/site-packages/pycadf/identifier.py:71: UserWarning: Invalid uuid: neutron. To ensure interoperability, identifiers should be a valid uuid. warnings.warn(('Invalid uuid: %s. To ensure interoperability, '
2026-05-20 07:11:00.005 9 WARNING neutron.plugins.ml2.drivers.ovn.mech_driver.ovsdb.ovn_client [None req-7de7cda1-0d34-46c3-8fb7-0ddde9e761ac - - - - - -] No hosting information found for port 81865704-3aef-49d4-bf41-4e9cc66edac7: RuntimeError: No hosting information found for port 81865704-3aef-49d4-bf41-4e9cc66edac7
2026-05-20 07:11:00.006 9 INFO neutron.plugins.ml2.drivers.ovn.mech_driver.mech_driver [None req-7de7cda1-0d34-46c3-8fb7-0ddde9e761ac - - - - - -] OVN reports status up for port: 8c4d02f9-c271-43bb-8536-8d5f51ca4932
2026-05-20 07:11:00.008 9 INFO neutron.wsgi [None req-731afa7d-21fb-49db-a6d9-a42b442ede57 b9fd57000f8f4c888d9d994fb06b3988 c10dd27f709a44809393d73f50598f48 - - default default] 10.0.0.146 "PUT /v2.0/routers/e378a730-8ea0-445c-a4b6-fde6ef2a60a2/tags HTTP/1.1" status: 200 len: 212 time: 0.0838504
2026-05-20 07:11:00.021 9 INFO neutron.plugins.ml2.plugin [None req-7de7cda1-0d34-46c3-8fb7-0ddde9e761ac - - - - - -] Attempt 1 to provision port 8c4d02f9-c271-43bb-8536-8d5f51ca4932
