2026-05-20 07:12:11.660 9 INFO neutron.wsgi [req-2f8c3db6-4d61-4c02-9565-c7c49462f4b7 req-dbc12064-b78f-4eee-b442-f1a70a463c58 64f25fb985e7497f90de0dd42d3bbd4a 17045bc7166d4b66acf8eec085116eb7 - - 269e623bd77f4e5a98c27f915381d443 269e623bd77f4e5a98c27f915381d443] 199.19.213.87 "GET /v2.0/networks/374e5ccb-fc76-401d-b7e4-682c8863f829?fields=provider%3Aphysical_network&fields=provider%3Anetwork_type HTTP/1.1" status: 200 len: 277 time: 0.0600982
2026-05-20 07:12:11.953 10 INFO neutron.db.ovn_revision_numbers_db [None req-5a31fd77-9278-431f-ae9f-51ef4e5f6bc6 47059fae793e4767bfd3fc9b6e2a3296 8703e52a82ed44919b998d78a1d945d6 - - default default] Successfully bumped revision number for resource 29b6ec3d-b027-40a7-afc0-ac38a38e959c (type: security_groups) to 1
2026-05-20 07:12:11.968 10 INFO neutron.db.ovn_revision_numbers_db [None req-5a31fd77-9278-431f-ae9f-51ef4e5f6bc6 47059fae793e4767bfd3fc9b6e2a3296 8703e52a82ed44919b998d78a1d945d6 - - default default] Successfully bumped revision number for resource 9f655b5a-0781-40c1-80d2-c6a9130d64cb (type: security_group_rules) to 0
2026-05-20 07:12:11.985 10 INFO neutron.db.ovn_revision_numbers_db [None req-5a31fd77-9278-431f-ae9f-51ef4e5f6bc6 47059fae793e4767bfd3fc9b6e2a3296 8703e52a82ed44919b998d78a1d945d6 - - default default] Successfully bumped revision number for resource c02e0eda-d24f-4bcc-bfb7-a9f02922f98a (type: security_group_rules) to 0
2026-05-20 07:12:12.007 10 INFO neutron.wsgi [None req-5a31fd77-9278-431f-ae9f-51ef4e5f6bc6 47059fae793e4767bfd3fc9b6e2a3296 8703e52a82ed44919b998d78a1d945d6 - - default default] 10.0.0.146 "POST /v2.0/security-groups HTTP/1.1" status: 201 len: 1797 time: 0.1734414
2026-05-20 07:12:12.047 10 INFO neutron.services.segments.plugin [-] Segment d082c7f3-a725-4bd4-9c42-095abe8fc57b resource provider aggregate not found
2026-05-20 07:12:12.051 10 INFO neutron.services.segments.plugin [-] Segment d082c7f3-a725-4bd4-9c42-095abe8fc57b resource provider aggregate not found
2026-05-20 07:12:12.069 10 INFO neutron.services.segments.plugin [-] Segment d082c7f3-a725-4bd4-9c42-095abe8fc57b resource provider not found; error: Placement Client Error (4xx): {"errors": [{"status": 404, "title": "Not Found", "detail": "The resource could not be found.\n\n No resource provider with uuid d082c7f3-a725-4bd4-9c42-095abe8fc57b found for delete ", "request_id": "req-eec644f1-552c-4df9-9da9-787311025e4a"}]}
2026-05-20 07:12:12.071 10 INFO neutron.services.segments.plugin [-] Segment d082c7f3-a725-4bd4-9c42-095abe8fc57b resource provider not found; error: Placement Client Error (4xx): {"errors": [{"status": 404, "title": "Not Found", "detail": "The resource could not be found.\n\n No resource provider with uuid d082c7f3-a725-4bd4-9c42-095abe8fc57b found for delete ", "request_id": "req-166c4de5-67bb-44c8-bf8f-63c15b794b4e"}]}
2026-05-20 07:12:12.139 9 INFO neutron.wsgi [req-fe7eda65-7ad3-46bb-8ae7-ca307d61443a req-461fc2ff-0c4d-41b1-8cbf-2871fa40a961 4ca69d076ec3499b9728e4a04aaf8af1 ba5bee235c544330a2f1a4b9dc08cef2 - - default default] 199.19.213.87 "GET /v2.0/networks?id=94694d19-9076-4cbc-b80a-8e8b6d7fd15f HTTP/1.1" status: 200 len: 904 time: 0.0755236
2026-05-20 07:12:12.158 10 INFO neutron.db.ovn_revision_numbers_db [None req-ee876792-5eb3-4790-a38f-e1ac9c194481 47059fae793e4767bfd3fc9b6e2a3296 8703e52a82ed44919b998d78a1d945d6 - - default default] Successfully bumped revision number for resource 40067f44-43cf-4b60-8756-ed4d56f64bc5 (type: security_group_rules) to 0
2026-05-20 07:12:12.186 10 INFO neutron.wsgi [None req-ee876792-5eb3-4790-a38f-e1ac9c194481 47059fae793e4767bfd3fc9b6e2a3296 8703e52a82ed44919b998d78a1d945d6 - - default default] 10.0.0.146 "POST /v2.0/security-group-rules HTTP/1.1" status: 201 len: 764 time: 0.1741595
2026-05-20 07:12:12.206 9 INFO neutron.wsgi [req-fe7eda65-7ad3-46bb-8ae7-ca307d61443a req-ea6f7604-6f33-4fc0-b321-aa9121b53928 4ca69d076ec3499b9728e4a04aaf8af1 ba5bee235c544330a2f1a4b9dc08cef2 - - default default] 199.19.213.87 "GET /v2.0/security-groups?fields=id&fields=name&tenant_id=ba5bee235c544330a2f1a4b9dc08cef2 HTTP/1.1" status: 200 len: 377 time: 0.0621123
2026-05-20 07:12:12.307 10 INFO neutron.db.ovn_revision_numbers_db [None req-523e1d84-3563-4bde-b49a-d75c98e9d2ea 47059fae793e4767bfd3fc9b6e2a3296 8703e52a82ed44919b998d78a1d945d6 - - default default] Successfully bumped revision number for resource b65b1e1f-59f3-4c62-9413-e5e66b7ca428 (type: security_group_rules) to 0
2026-05-20 07:12:12.331 10 INFO neutron.wsgi [None req-523e1d84-3563-4bde-b49a-d75c98e9d2ea 47059fae793e4767bfd3fc9b6e2a3296 8703e52a82ed44919b998d78a1d945d6 - - default default] 10.0.0.146 "POST /v2.0/security-group-rules HTTP/1.1" status: 201 len: 769 time: 0.1382253
2026-05-20 07:12:12.449 9 WARNING neutron.plugins.ml2.drivers.ovn.mech_driver.ovsdb.ovn_client [None req-7de7cda1-0d34-46c3-8fb7-0ddde9e761ac - - - - - -] No hosting information found for port cf0c6f18-46e1-4754-9806-8affb786c312: RuntimeError: No hosting information found for port cf0c6f18-46e1-4754-9806-8affb786c312
2026-05-20 07:12:12.450 9 INFO neutron.plugins.ml2.drivers.ovn.mech_driver.mech_driver [None req-7de7cda1-0d34-46c3-8fb7-0ddde9e761ac - - - - - -] OVN reports status up for port: 895a85b7-717b-41d9-b7e0-bcd5c6f52995
2026-05-20 07:12:12.462 9 INFO neutron.plugins.ml2.plugin [None req-7de7cda1-0d34-46c3-8fb7-0ddde9e761ac - - - - - -] Attempt 1 to provision port 895a85b7-717b-41d9-b7e0-bcd5c6f52995
2026-05-20 07:12:12.578 9 INFO neutron.plugins.ml2.drivers.ovn.mech_driver.mech_driver [None req-7de7cda1-0d34-46c3-8fb7-0ddde9e761ac - - - - - -] OVN reports status up for port: 331dee51-4e39-4626-b767-9ec798b2761b
2026-05-20 07:12:12.586 9 INFO neutron.plugins.ml2.plugin [None req-7de7cda1-0d34-46c3-8fb7-0ddde9e761ac - - - - - -] Attempt 1 to provision port 331dee51-4e39-4626-b767-9ec798b2761b
2026-05-20 07:12:12.611 10 WARNING neutron.scheduler.dhcp_agent_scheduler [None req-18a8cdea-2bcd-4d8b-9a8b-a283e70c2f2d 47059fae793e4767bfd3fc9b6e2a3296 8703e52a82ed44919b998d78a1d945d6 - - default default] No more DHCP agents
2026-05-20 07:12:12.614 10 WARNING neutron.api.rpc.agentnotifiers.dhcp_rpc_agent_api [None req-18a8cdea-2bcd-4d8b-9a8b-a283e70c2f2d 47059fae793e4767bfd3fc9b6e2a3296 8703e52a82ed44919b998d78a1d945d6 - - default default] Unable to schedule network 8df4941b-3249-4485-b9d1-69078b3362cc: no agents available; will retry on subsequent port and subnet creation events.
2026-05-20 07:12:12.626 9 WARNING neutron.scheduler.dhcp_agent_scheduler [req-fe7eda65-7ad3-46bb-8ae7-ca307d61443a req-175cf5e0-7b32-4ed5-b93d-2d70d4504afc 4ca69d076ec3499b9728e4a04aaf8af1 ba5bee235c544330a2f1a4b9dc08cef2 - - default default] No more DHCP agents
2026-05-20 07:12:12.630 9 WARNING neutron.api.rpc.agentnotifiers.dhcp_rpc_agent_api [req-fe7eda65-7ad3-46bb-8ae7-ca307d61443a req-175cf5e0-7b32-4ed5-b93d-2d70d4504afc 4ca69d076ec3499b9728e4a04aaf8af1 ba5bee235c544330a2f1a4b9dc08cef2 - - default default] Unable to schedule network 94694d19-9076-4cbc-b80a-8e8b6d7fd15f: no agents available; will retry on subsequent port and subnet creation events.
2026-05-20 07:12:12.668 10 INFO neutron.db.ovn_revision_numbers_db [None req-a5e4dfb1-4929-4105-800f-ac234dd13ac2 06281425a9784c22b3d2faee7dae0ad5 8186bed1677a4b208882cca37aded2db - - default default] Successfully bumped revision number for resource 38944487-1d1a-4c7e-8353-31b28f453b07 (type: security_groups) to 1
2026-05-20 07:12:12.684 10 INFO neutron.db.ovn_revision_numbers_db [None req-a5e4dfb1-4929-4105-800f-ac234dd13ac2 06281425a9784c22b3d2faee7dae0ad5 8186bed1677a4b208882cca37aded2db - - default default] Successfully bumped revision number for resource 1463d4fd-c308-4286-a1e9-376288c26915 (type: security_group_rules) to 0
2026-05-20 07:12:12.708 10 INFO neutron.db.ovn_revision_numbers_db [None req-a5e4dfb1-4929-4105-800f-ac234dd13ac2 06281425a9784c22b3d2faee7dae0ad5 8186bed1677a4b208882cca37aded2db - - default default] Successfully bumped revision number for resource 58812982-00cb-43b1-b905-eb1d5bbeeb1c (type: security_group_rules) to 0
2026-05-20 07:12:12.722 10 INFO neutron.db.ovn_revision_numbers_db [None req-a5e4dfb1-4929-4105-800f-ac234dd13ac2 06281425a9784c22b3d2faee7dae0ad5 8186bed1677a4b208882cca37aded2db - - default default] Successfully bumped revision number for resource 754b793a-9e3d-455a-92f4-d5e116fb22df (type: security_group_rules) to 0
2026-05-20 07:12:12.755 10 INFO neutron.db.ovn_revision_numbers_db [None req-a5e4dfb1-4929-4105-800f-ac234dd13ac2 06281425a9784c22b3d2faee7dae0ad5 8186bed1677a4b208882cca37aded2db - - default default] Successfully bumped revision number for resource 965a50ce-4f04-4683-a76c-aaae787341ba (type: security_group_rules) to 0
2026-05-20 07:12:12.790 10 INFO neutron.wsgi [None req-a5e4dfb1-4929-4105-800f-ac234dd13ac2 06281425a9784c22b3d2faee7dae0ad5 8186bed1677a4b208882cca37aded2db - - default default] 10.0.0.146 "GET /v2.0/security-groups?tenant_id=5f5994f969554651866f5d090485f6e2&name=default HTTP/1.1" status: 200 len: 2996 time: 0.4338729 /var/lib/openstack/lib/python3.10/site-packages/pycadf/identifier.py:71: UserWarning: Invalid uuid: neutron. To ensure interoperability, identifiers should be a valid uuid. warnings.warn(('Invalid uuid: %s. To ensure interoperability, '
2026-05-20 07:12:12.848 9 INFO neutron.db.ovn_revision_numbers_db [req-fe7eda65-7ad3-46bb-8ae7-ca307d61443a req-175cf5e0-7b32-4ed5-b93d-2d70d4504afc 4ca69d076ec3499b9728e4a04aaf8af1 ba5bee235c544330a2f1a4b9dc08cef2 - - default default] Successfully bumped revision number for resource cf0daf7c-aa02-4e5b-88af-d93088b68e0a (type: ports) to 1
2026-05-20 07:12:12.893 9 INFO neutron.wsgi [req-fe7eda65-7ad3-46bb-8ae7-ca307d61443a req-175cf5e0-7b32-4ed5-b93d-2d70d4504afc 4ca69d076ec3499b9728e4a04aaf8af1 ba5bee235c544330a2f1a4b9dc08cef2 - - default default] 199.19.213.87 "POST /v2.0/ports HTTP/1.1" status: 201 len: 1388 time: 0.6613595
2026-05-20 07:12:12.937 10 INFO neutron.db.ovn_revision_numbers_db [None req-18a8cdea-2bcd-4d8b-9a8b-a283e70c2f2d 47059fae793e4767bfd3fc9b6e2a3296 8703e52a82ed44919b998d78a1d945d6 - - default default] Successfully bumped revision number for resource 90bcaf56-5446-490d-88f5-c2722911bda6 (type: floatingips) to 0
2026-05-20 07:12:12.952 10 INFO neutron.wsgi [None req-18a8cdea-2bcd-4d8b-9a8b-a283e70c2f2d 47059fae793e4767bfd3fc9b6e2a3296 8703e52a82ed44919b998d78a1d945d6 - - default default] 10.0.0.146 "POST /v2.0/floatingips HTTP/1.1" status: 201 len: 751 time: 0.6155269
2026-05-20 07:12:13.050 10 INFO neutron.wsgi [req-16674ce7-4f00-40ff-9a20-eaf86d1a91ab req-cd45352e-c857-459e-b1ef-fb1ff57affca 47059fae793e4767bfd3fc9b6e2a3296 8703e52a82ed44919b998d78a1d945d6 - - default default] 10.0.0.55 "GET /v2.0/security-groups?name=tempest-securitygroup--1571081977&fields=id&tenant_id=8703e52a82ed44919b998d78a1d945d6 HTTP/1.1" status: 200 len: 267 time: 0.0305164
2026-05-20 07:12:13.088 10 INFO neutron.wsgi [req-16674ce7-4f00-40ff-9a20-eaf86d1a91ab req-9d4bd02e-8a29-41ab-9d4a-f799f961f705 47059fae793e4767bfd3fc9b6e2a3296 8703e52a82ed44919b998d78a1d945d6 - - default default] 10.0.0.55 "GET /v2.0/security-groups?name=tempest-secgroup-smoke-2084526559&fields=id&tenant_id=8703e52a82ed44919b998d78a1d945d6 HTTP/1.1" status: 200 len: 267 time: 0.0317600
2026-05-20 07:12:13.165 10 INFO neutron.wsgi [req-16674ce7-4f00-40ff-9a20-eaf86d1a91ab req-f016057c-128b-4d75-8fb1-9cce620caeb4 47059fae793e4767bfd3fc9b6e2a3296 8703e52a82ed44919b998d78a1d945d6 - - default default] 10.0.0.55 "GET /v2.0/networks?id=4bd0848f-e672-4028-aaa7-5b1c2e0ab5ab HTTP/1.1" status: 200 len: 872 time: 0.0714188
2026-05-20 07:12:13.182 10 INFO neutron.wsgi [req-16674ce7-4f00-40ff-9a20-eaf86d1a91ab req-4961451f-e9fa-43b8-8e67-c2a37e87bb45 47059fae793e4767bfd3fc9b6e2a3296 8703e52a82ed44919b998d78a1d945d6 - - default default] 10.0.0.55 "GET /v2.0/quotas/8703e52a82ed44919b998d78a1d945d6 HTTP/1.1" status: 200 len: 386 time: 0.0114133
2026-05-20 07:12:13.249 9 INFO neutron.db.ovn_revision_numbers_db [None req-7de7cda1-0d34-46c3-8fb7-0ddde9e761ac - - - - - -] Successfully bumped revision number for resource 331dee51-4e39-4626-b767-9ec798b2761b (type: ports) to 2
2026-05-20 07:12:13.287 10 INFO neutron.wsgi [req-16674ce7-4f00-40ff-9a20-eaf86d1a91ab req-77fa72c7-0673-4a07-b560-696601006089 47059fae793e4767bfd3fc9b6e2a3296 8703e52a82ed44919b998d78a1d945d6 - - default default] 10.0.0.55 "GET /v2.0/ports?tenant_id=8703e52a82ed44919b998d78a1d945d6&fields=id HTTP/1.1" status: 200 len: 302 time: 0.1010199
2026-05-20 07:12:13.357 10 INFO neutron.wsgi [req-16674ce7-4f00-40ff-9a20-eaf86d1a91ab req-41c34b4d-4a55-470d-9601-21666ef262b4 64f25fb985e7497f90de0dd42d3bbd4a 17045bc7166d4b66acf8eec085116eb7 - - 269e623bd77f4e5a98c27f915381d443 269e623bd77f4e5a98c27f915381d443] 10.0.0.55 "GET /v2.0/networks/4bd0848f-e672-4028-aaa7-5b1c2e0ab5ab?fields=segments HTTP/1.1" status: 200 len: 212 time: 0.0591531
2026-05-20 07:12:13.421 10 INFO neutron.wsgi [req-16674ce7-4f00-40ff-9a20-eaf86d1a91ab req-2c56c72c-f467-4128-8747-26b612d43747 64f25fb985e7497f90de0dd42d3bbd4a 17045bc7166d4b66acf8eec085116eb7 - - 269e623bd77f4e5a98c27f915381d443 269e623bd77f4e5a98c27f915381d443] 10.0.0.55 "GET /v2.0/networks/4bd0848f-e672-4028-aaa7-5b1c2e0ab5ab?fields=provider%3Aphysical_network&fields=provider%3Anetwork_type HTTP/1.1" status: 200 len: 277 time: 0.0571010
2026-05-20 07:12:13.438 9 INFO neutron.db.ovn_revision_numbers_db [None req-7de7cda1-0d34-46c3-8fb7-0ddde9e761ac - - - - - -] Successfully bumped revision number for resource 331dee51-4e39-4626-b767-9ec798b2761b (type: router_ports) to 2
2026-05-20 07:12:13.469 9 INFO neutron.wsgi [None req-499faa5b-1eea-4cd6-9acf-4dedcc0756ba 06281425a9784c22b3d2faee7dae0ad5 8186bed1677a4b208882cca37aded2db - - default default] 10.0.0.146 "DELETE /v2.0/security-groups/38944487-1d1a-4c7e-8353-31b28f453b07 HTTP/1.1" status: 204 len: 168 time: 0.6728783 /var/lib/openstack/lib/python3.10/site-packages/pycadf/identifier.py:71: UserWarning: Invalid uuid: neutron. To ensure interoperability, identifiers should be a valid uuid. warnings.warn(('Invalid uuid: %s. To ensure interoperability, '
2026-05-20 07:12:13.574 9 INFO neutron.wsgi [req-bffade20-3f19-4c27-9023-5e72e2f52e42 req-0e790c45-94a7-4106-afae-521c6d071a6e 47059fae793e4767bfd3fc9b6e2a3296 8703e52a82ed44919b998d78a1d945d6 - - default default] 10.0.0.55 "GET /v2.0/ports?device_id=7fa89eab-81cf-457e-96dd-c1d426c794b2 HTTP/1.1" status: 200 len: 210 time: 0.0198393
2026-05-20 07:12:13.647 9 INFO neutron.wsgi [None req-e9db343f-7bd0-4b75-9a09-2c15e8f6e63b 06281425a9784c22b3d2faee7dae0ad5 8186bed1677a4b208882cca37aded2db - - default default] 10.0.0.146 "GET /v2.0/security-groups?tenant_id=1e037d4f7437461084d30465ee19dcaa&name=default HTTP/1.1" status: 200 len: 2996 time: 0.0509331
2026-05-20 07:12:13.685 9 INFO neutron.db.ovn_revision_numbers_db [req-fe7eda65-7ad3-46bb-8ae7-ca307d61443a req-52540510-95fc-4c43-9350-b29336e5c9ba 64f25fb985e7497f90de0dd42d3bbd4a 17045bc7166d4b66acf8eec085116eb7 - - 269e623bd77f4e5a98c27f915381d443 269e623bd77f4e5a98c27f915381d443] Successfully bumped revision number for resource cf0daf7c-aa02-4e5b-88af-d93088b68e0a (type: ports) to 2
2026-05-20 07:12:13.842 10 INFO neutron.wsgi [None req-c2ce8996-3ef7-463c-bb2f-fefc93431877 06281425a9784c22b3d2faee7dae0ad5 8186bed1677a4b208882cca37aded2db - - default default] 10.0.0.146 "DELETE /v2.0/security-groups/20c65f29-1c11-4755-8a0a-4ef32efe1d39 HTTP/1.1" status: 204 len: 168 time: 0.1893511
2026-05-20 07:12:13.873 9 INFO neutron.db.ovn_revision_numbers_db [req-fe7eda65-7ad3-46bb-8ae7-ca307d61443a req-52540510-95fc-4c43-9350-b29336e5c9ba 64f25fb985e7497f90de0dd42d3bbd4a 17045bc7166d4b66acf8eec085116eb7 - - 269e623bd77f4e5a98c27f915381d443 269e623bd77f4e5a98c27f915381d443] Successfully bumped revision number for resource cf0daf7c-aa02-4e5b-88af-d93088b68e0a (type: ports) to 2
2026-05-20 07:12:13.885 9 INFO neutron.wsgi [req-fe7eda65-7ad3-46bb-8ae7-ca307d61443a req-52540510-95fc-4c43-9350-b29336e5c9ba 64f25fb985e7497f90de0dd42d3bbd4a 17045bc7166d4b66acf8eec085116eb7 - - 269e623bd77f4e5a98c27f915381d443 269e623bd77f4e5a98c27f915381d443] 199.19.213.87 "PUT /v2.0/ports/cf0daf7c-aa02-4e5b-88af-d93088b68e0a HTTP/1.1" status: 200 len: 1605 time: 0.9842510
2026-05-20 07:12:13.922 9 INFO neutron.notifiers.nova [-] Nova event matching ['req-daff567a-9daa-4c25-98a3-b9065e91e75f'] response: {'name': 'network-changed', 'server_uuid': 'afccd8c6-8d65-4e91-ad89-534764756eb6', 'tag': 'cf0daf7c-aa02-4e5b-88af-d93088b68e0a', 'status': 'completed', 'code': 200} /var/lib/openstack/lib/python3.10/site-packages/pycadf/identifier.py:71: UserWarning: Invalid uuid: neutron. To ensure interoperability, identifiers should be a valid uuid. warnings.warn(('Invalid uuid: %s. To ensure interoperability, '
2026-05-20 07:12:13.969 9 INFO neutron.wsgi [req-fe7eda65-7ad3-46bb-8ae7-ca307d61443a req-bfbb8fb7-ebb0-4b38-b2c7-38e141ed6491 64f25fb985e7497f90de0dd42d3bbd4a 17045bc7166d4b66acf8eec085116eb7 - - 269e623bd77f4e5a98c27f915381d443 269e623bd77f4e5a98c27f915381d443] 199.19.213.87 "GET /v2.0/ports?tenant_id=ba5bee235c544330a2f1a4b9dc08cef2&device_id=afccd8c6-8d65-4e91-ad89-534764756eb6 HTTP/1.1" status: 200 len: 1636 time: 0.0333636
2026-05-20 07:12:14.000 9 INFO neutron.wsgi [req-fe7eda65-7ad3-46bb-8ae7-ca307d61443a req-5f863faf-5cbf-4048-9be3-b6862d3d32d2 64f25fb985e7497f90de0dd42d3bbd4a 17045bc7166d4b66acf8eec085116eb7 - - 269e623bd77f4e5a98c27f915381d443 269e623bd77f4e5a98c27f915381d443] 199.19.213.87 "GET /v2.0/floatingips?fixed_ip_address=10.2.2.144&port_id=cf0daf7c-aa02-4e5b-88af-d93088b68e0a HTTP/1.1" status: 200 len: 217 time: 0.0248630
2026-05-20 07:12:14.026 9 INFO neutron.wsgi [req-fe7eda65-7ad3-46bb-8ae7-ca307d61443a req-2b1b44d0-f5bf-4470-bc47-90c67cb84e42 64f25fb985e7497f90de0dd42d3bbd4a 17045bc7166d4b66acf8eec085116eb7 - - 269e623bd77f4e5a98c27f915381d443 269e623bd77f4e5a98c27f915381d443] 199.19.213.87 "GET /v2.0/floatingips?fixed_ip_address=fd77%3A1457%3A4cf0%3A26a8%3A%3A48&port_id=cf0daf7c-aa02-4e5b-88af-d93088b68e0a HTTP/1.1" status: 200 len: 217 time: 0.0207183
2026-05-20 07:12:14.069 9 INFO neutron.wsgi [req-fe7eda65-7ad3-46bb-8ae7-ca307d61443a req-e72a812d-1046-4af4-b106-efc47a84d43d 64f25fb985e7497f90de0dd42d3bbd4a 17045bc7166d4b66acf8eec085116eb7 - - 269e623bd77f4e5a98c27f915381d443 269e623bd77f4e5a98c27f915381d443] 199.19.213.87 "GET /v2.0/subnets?id=abc24de7-d610-4565-9825-46fe1116306e&id=4197ba70-d044-4bf7-9342-ddb7b49668ac HTTP/1.1" status: 200 len: 1566 time: 0.0340283
2026-05-20 07:12:14.105 9 INFO neutron.wsgi [req-fe7eda65-7ad3-46bb-8ae7-ca307d61443a req-7e47cf37-197c-4905-a60d-c632d78782b1 64f25fb985e7497f90de0dd42d3bbd4a 17045bc7166d4b66acf8eec085116eb7 - - 269e623bd77f4e5a98c27f915381d443 269e623bd77f4e5a98c27f915381d443] 199.19.213.87 "GET /v2.0/ports?network_id=94694d19-9076-4cbc-b80a-8e8b6d7fd15f&device_owner=network%3Adhcp HTTP/1.1" status: 200 len: 210 time: 0.0248432
2026-05-20 07:12:14.133 10 INFO neutron.db.ovn_revision_numbers_db [None req-081948ce-a4a0-4112-8cbc-72ce1d15d07c 06281425a9784c22b3d2faee7dae0ad5 8186bed1677a4b208882cca37aded2db - - default default] Successfully bumped revision number for resource 4e4e5b8d-976e-4bdf-b716-0804424f91cd (type: security_groups) to 1
2026-05-20 07:12:14.144 9 INFO neutron.wsgi [req-fe7eda65-7ad3-46bb-8ae7-ca307d61443a req-5f57f639-610c-4f6f-948e-d8810c451a5d 64f25fb985e7497f90de0dd42d3bbd4a 17045bc7166d4b66acf8eec085116eb7 - - 269e623bd77f4e5a98c27f915381d443 269e623bd77f4e5a98c27f915381d443] 199.19.213.87 "GET /v2.0/ports?network_id=94694d19-9076-4cbc-b80a-8e8b6d7fd15f&device_owner=network%3Adhcp HTTP/1.1" status: 200 len: 210 time: 0.0242712
2026-05-20 07:12:14.147 10 INFO neutron.db.ovn_revision_numbers_db [None req-081948ce-a4a0-4112-8cbc-72ce1d15d07c 06281425a9784c22b3d2faee7dae0ad5 8186bed1677a4b208882cca37aded2db - - default default] Successfully bumped revision number for resource 18b030ed-faf7-4372-9256-456a061d54e2 (type: security_group_rules) to 0
2026-05-20 07:12:14.162 10 INFO neutron.db.ovn_revision_numbers_db [None req-081948ce-a4a0-4112-8cbc-72ce1d15d07c 06281425a9784c22b3d2faee7dae0ad5 8186bed1677a4b208882cca37aded2db - - default default] Successfully bumped revision number for resource 239e39bc-92d0-4a67-a146-5115394a16ac (type: security_group_rules) to 0
2026-05-20 07:12:14.178 10 INFO neutron.db.ovn_revision_numbers_db [None req-081948ce-a4a0-4112-8cbc-72ce1d15d07c 06281425a9784c22b3d2faee7dae0ad5 8186bed1677a4b208882cca37aded2db - - default default] Successfully bumped revision number for resource 426c87f3-7f9d-483a-94ea-a0da6939f121 (type: security_group_rules) to 0
2026-05-20 07:12:14.191 10 INFO neutron.db.ovn_revision_numbers_db [None req-081948ce-a4a0-4112-8cbc-72ce1d15d07c 06281425a9784c22b3d2faee7dae0ad5 8186bed1677a4b208882cca37aded2db - - default default] Successfully bumped revision number for resource 5a5c3c7a-b163-4349-925c-822f9db35688 (type: security_group_rules) to 0
2026-05-20 07:12:14.202 9 INFO neutron.wsgi [req-fe7eda65-7ad3-46bb-8ae7-ca307d61443a req-f5b819c6-fcbc-4f74-a9b4-d8318df8d840 64f25fb985e7497f90de0dd42d3bbd4a 17045bc7166d4b66acf8eec085116eb7 - - 269e623bd77f4e5a98c27f915381d443 269e623bd77f4e5a98c27f915381d443] 199.19.213.87 "GET /v2.0/networks/94694d19-9076-4cbc-b80a-8e8b6d7fd15f?fields=segments HTTP/1.1" status: 200 len: 212 time: 0.0541537
2026-05-20 07:12:14.212 10 INFO neutron.wsgi [None req-081948ce-a4a0-4112-8cbc-72ce1d15d07c 06281425a9784c22b3d2faee7dae0ad5 8186bed1677a4b208882cca37aded2db - - default default] 10.0.0.146 "GET /v2.0/security-groups?tenant_id=b9ade16326d5412eac448c3ea2cb6e47&name=default HTTP/1.1" status: 200 len: 2996 time: 0.2046697
2026-05-20 07:12:14.306 9 INFO neutron.wsgi [req-fe7eda65-7ad3-46bb-8ae7-ca307d61443a req-dde3ef16-4a6e-4c6e-a385-24df5237cb85 64f25fb985e7497f90de0dd42d3bbd4a 17045bc7166d4b66acf8eec085116eb7 - - 269e623bd77f4e5a98c27f915381d443 269e623bd77f4e5a98c27f915381d443] 199.19.213.87 "GET /v2.0/networks/94694d19-9076-4cbc-b80a-8e8b6d7fd15f?fields=provider%3Aphysical_network&fields=provider%3Anetwork_type HTTP/1.1" status: 200 len: 277 time: 0.0946665
2026-05-20 07:12:14.328 9 INFO neutron.wsgi [req-16674ce7-4f00-40ff-9a20-eaf86d1a91ab req-d4d696eb-514a-40fd-a3d4-b51f891327fe 47059fae793e4767bfd3fc9b6e2a3296 8703e52a82ed44919b998d78a1d945d6 - - default default] 199.19.213.87 "GET /v2.0/networks?id=4bd0848f-e672-4028-aaa7-5b1c2e0ab5ab HTTP/1.1" status: 200 len: 872 time: 0.0833814
2026-05-20 07:12:14.394 9 INFO neutron.wsgi [req-d9b684e1-99fd-4dcf-bc4f-bc5524155e9b req-93b8ad45-7790-4126-82ab-ac650954db2c 64f25fb985e7497f90de0dd42d3bbd4a 17045bc7166d4b66acf8eec085116eb7 - - 269e623bd77f4e5a98c27f915381d443 269e623bd77f4e5a98c27f915381d443] 199.19.213.87 "GET /v2.0/ports?tenant_id=ba5bee235c544330a2f1a4b9dc08cef2&device_id=afccd8c6-8d65-4e91-ad89-534764756eb6 HTTP/1.1" status: 200 len: 1636 time: 0.0428381
2026-05-20 07:12:14.429 9 INFO neutron.wsgi [req-16674ce7-4f00-40ff-9a20-eaf86d1a91ab req-4016d596-26eb-46d1-bac6-b57055788085 47059fae793e4767bfd3fc9b6e2a3296 8703e52a82ed44919b998d78a1d945d6 - - default default] 199.19.213.87 "GET /v2.0/security-groups?fields=id&fields=name&tenant_id=8703e52a82ed44919b998d78a1d945d6 HTTP/1.1" status: 200 len: 473 time: 0.0785985
2026-05-20 07:12:14.430 10 INFO neutron.wsgi [None req-61766ba4-8e20-4d86-8ad4-e1aec34b3dae 06281425a9784c22b3d2faee7dae0ad5 8186bed1677a4b208882cca37aded2db - - default default] 10.0.0.146 "DELETE /v2.0/security-groups/4e4e5b8d-976e-4bdf-b716-0804424f91cd HTTP/1.1" status: 204 len: 168 time: 0.2126901
2026-05-20 07:12:14.511 9 INFO neutron.wsgi [req-d9b684e1-99fd-4dcf-bc4f-bc5524155e9b req-bb2246c7-8824-4a0b-9107-879e53716d44 64f25fb985e7497f90de0dd42d3bbd4a 17045bc7166d4b66acf8eec085116eb7 - - 269e623bd77f4e5a98c27f915381d443 269e623bd77f4e5a98c27f915381d443] 199.19.213.87 "GET /v2.0/networks?id=94694d19-9076-4cbc-b80a-8e8b6d7fd15f HTTP/1.1" status: 200 len: 1003 time: 0.1074531
2026-05-20 07:12:14.546 9 INFO neutron.wsgi [req-d9b684e1-99fd-4dcf-bc4f-bc5524155e9b req-65bb5fe7-7835-4088-bff3-174a50fce39c 64f25fb985e7497f90de0dd42d3bbd4a 17045bc7166d4b66acf8eec085116eb7 - - 269e623bd77f4e5a98c27f915381d443 269e623bd77f4e5a98c27f915381d443] 199.19.213.87 "GET /v2.0/floatingips?fixed_ip_address=10.2.2.144&port_id=cf0daf7c-aa02-4e5b-88af-d93088b68e0a HTTP/1.1" status: 200 len: 217 time: 0.0270543
2026-05-20 07:12:14.584 9 INFO neutron.wsgi [req-d9b684e1-99fd-4dcf-bc4f-bc5524155e9b req-a64ca964-3024-4c0a-abf6-5c02930b021a 64f25fb985e7497f90de0dd42d3bbd4a 17045bc7166d4b66acf8eec085116eb7 - - 269e623bd77f4e5a98c27f915381d443 269e623bd77f4e5a98c27f915381d443] 199.19.213.87 "GET /v2.0/floatingips?fixed_ip_address=fd77%3A1457%3A4cf0%3A26a8%3A%3A48&port_id=cf0daf7c-aa02-4e5b-88af-d93088b68e0a HTTP/1.1" status: 200 len: 217 time: 0.0316029
2026-05-20 07:12:14.630 9 INFO neutron.wsgi [req-d9b684e1-99fd-4dcf-bc4f-bc5524155e9b req-3e225d5b-d6c0-4012-8770-ad90c2b5b1bf 64f25fb985e7497f90de0dd42d3bbd4a 17045bc7166d4b66acf8eec085116eb7 - - 269e623bd77f4e5a98c27f915381d443 269e623bd77f4e5a98c27f915381d443] 199.19.213.87 "GET /v2.0/subnets?id=abc24de7-d610-4565-9825-46fe1116306e&id=4197ba70-d044-4bf7-9342-ddb7b49668ac HTTP/1.1" status: 200 len: 1566 time: 0.0397396
2026-05-20 07:12:14.693 9 INFO neutron.wsgi [req-d9b684e1-99fd-4dcf-bc4f-bc5524155e9b req-82da5f38-e870-4a2d-80ac-3521555904d1 64f25fb985e7497f90de0dd42d3bbd4a 17045bc7166d4b66acf8eec085116eb7 - - 269e623bd77f4e5a98c27f915381d443 269e623bd77f4e5a98c27f915381d443] 199.19.213.87 "GET /v2.0/ports?network_id=94694d19-9076-4cbc-b80a-8e8b6d7fd15f&device_owner=network%3Adhcp HTTP/1.1" status: 200 len: 210 time: 0.0402420
2026-05-20 07:12:14.696 9 INFO neutron.wsgi [req-8d251029-9af4-4bee-b37a-7949469765cf req-04c34414-ca85-4424-a707-47512c225e0e 47059fae793e4767bfd3fc9b6e2a3296 8703e52a82ed44919b998d78a1d945d6 - - default default] 10.0.0.55 "GET /v2.0/ports?device_id=7fa89eab-81cf-457e-96dd-c1d426c794b2 HTTP/1.1" status: 200 len: 210 time: 0.0341308
2026-05-20 07:12:14.727 9 INFO neutron.wsgi [req-d9b684e1-99fd-4dcf-bc4f-bc5524155e9b req-a3f423ed-8169-4549-860e-63ec8063aa5a 64f25fb985e7497f90de0dd42d3bbd4a 17045bc7166d4b66acf8eec085116eb7 - - 269e623bd77f4e5a98c27f915381d443 269e623bd77f4e5a98c27f915381d443] 199.19.213.87 "GET /v2.0/ports?network_id=94694d19-9076-4cbc-b80a-8e8b6d7fd15f&device_owner=network%3Adhcp HTTP/1.1" status: 200 len: 210 time: 0.0260870
2026-05-20 07:12:14.828 9 INFO neutron.wsgi [req-d9b684e1-99fd-4dcf-bc4f-bc5524155e9b req-e063f258-aacf-48c6-a3d4-f6d231dce167 64f25fb985e7497f90de0dd42d3bbd4a 17045bc7166d4b66acf8eec085116eb7 - - 269e623bd77f4e5a98c27f915381d443 269e623bd77f4e5a98c27f915381d443] 199.19.213.87 "GET /v2.0/networks/94694d19-9076-4cbc-b80a-8e8b6d7fd15f?fields=segments HTTP/1.1" status: 200 len: 212 time: 0.0863814
2026-05-20 07:12:14.954 9 INFO neutron.wsgi [req-d9b684e1-99fd-4dcf-bc4f-bc5524155e9b req-f6f022b1-a2b4-4aee-9a15-551a7098c108 64f25fb985e7497f90de0dd42d3bbd4a 17045bc7166d4b66acf8eec085116eb7 - - 269e623bd77f4e5a98c27f915381d443 269e623bd77f4e5a98c27f915381d443] 199.19.213.87 "GET /v2.0/networks/94694d19-9076-4cbc-b80a-8e8b6d7fd15f?fields=provider%3Aphysical_network&fields=provider%3Anetwork_type HTTP/1.1" status: 200 len: 277 time: 0.1154673
2026-05-20 07:12:14.959 9 WARNING neutron.scheduler.dhcp_agent_scheduler [req-16674ce7-4f00-40ff-9a20-eaf86d1a91ab req-2227eab3-938a-476e-ad6d-e9ceaa952ec3 47059fae793e4767bfd3fc9b6e2a3296 8703e52a82ed44919b998d78a1d945d6 - - default default] No more DHCP agents
2026-05-20 07:12:14.961 9 WARNING neutron.api.rpc.agentnotifiers.dhcp_rpc_agent_api [req-16674ce7-4f00-40ff-9a20-eaf86d1a91ab req-2227eab3-938a-476e-ad6d-e9ceaa952ec3 47059fae793e4767bfd3fc9b6e2a3296 8703e52a82ed44919b998d78a1d945d6 - - default default] Unable to schedule network 4bd0848f-e672-4028-aaa7-5b1c2e0ab5ab: no agents available; will retry on subsequent port and subnet creation events.
2026-05-20 07:12:15.138 9 INFO neutron.db.ovn_revision_numbers_db [req-16674ce7-4f00-40ff-9a20-eaf86d1a91ab req-2227eab3-938a-476e-ad6d-e9ceaa952ec3 47059fae793e4767bfd3fc9b6e2a3296 8703e52a82ed44919b998d78a1d945d6 - - default default] Successfully bumped revision number for resource 50da2f61-97c0-4d38-bfdc-604ab902a976 (type: ports) to 1
2026-05-20 07:12:15.159 9 INFO neutron.wsgi [req-16674ce7-4f00-40ff-9a20-eaf86d1a91ab req-2227eab3-938a-476e-ad6d-e9ceaa952ec3 47059fae793e4767bfd3fc9b6e2a3296 8703e52a82ed44919b998d78a1d945d6 - - default default] 199.19.213.87 "POST /v2.0/ports HTTP/1.1" status: 201 len: 1201 time: 0.7107544 /var/lib/openstack/lib/python3.10/site-packages/pycadf/identifier.py:71: UserWarning: Invalid uuid: neutron. To ensure interoperability, identifiers should be a valid uuid. warnings.warn(('Invalid uuid: %s. To ensure interoperability, '
2026-05-20 07:12:15.559 9 INFO neutron.db.ovn_revision_numbers_db [req-16674ce7-4f00-40ff-9a20-eaf86d1a91ab req-6052da72-d951-46d8-affa-450682f0e775 64f25fb985e7497f90de0dd42d3bbd4a 17045bc7166d4b66acf8eec085116eb7 - - 269e623bd77f4e5a98c27f915381d443 269e623bd77f4e5a98c27f915381d443] Successfully bumped revision number for resource 50da2f61-97c0-4d38-bfdc-604ab902a976 (type: ports) to 2
2026-05-20 07:12:15.741 9 INFO neutron.db.ovn_revision_numbers_db [req-16674ce7-4f00-40ff-9a20-eaf86d1a91ab req-6052da72-d951-46d8-affa-450682f0e775 64f25fb985e7497f90de0dd42d3bbd4a 17045bc7166d4b66acf8eec085116eb7 - - 269e623bd77f4e5a98c27f915381d443 269e623bd77f4e5a98c27f915381d443] Successfully bumped revision number for resource 50da2f61-97c0-4d38-bfdc-604ab902a976 (type: ports) to 2
2026-05-20 07:12:15.752 9 INFO neutron.wsgi [req-16674ce7-4f00-40ff-9a20-eaf86d1a91ab req-6052da72-d951-46d8-affa-450682f0e775 64f25fb985e7497f90de0dd42d3bbd4a 17045bc7166d4b66acf8eec085116eb7 - - 269e623bd77f4e5a98c27f915381d443 269e623bd77f4e5a98c27f915381d443] 199.19.213.87 "PUT /v2.0/ports/50da2f61-97c0-4d38-bfdc-604ab902a976 HTTP/1.1" status: 200 len: 1419 time: 0.5842354 /var/lib/openstack/lib/python3.10/site-packages/pycadf/identifier.py:71: UserWarning: Invalid uuid: neutron. To ensure interoperability, identifiers should be a valid uuid. warnings.warn(('Invalid uuid: %s. To ensure interoperability, '
2026-05-20 07:12:15.815 10 INFO neutron.wsgi [req-061dbcfc-b7d1-4bc0-a50d-403804b4cd26 req-7b1187f3-ee93-4332-982b-d239957ecfd9 47059fae793e4767bfd3fc9b6e2a3296 8703e52a82ed44919b998d78a1d945d6 - - default default] 10.0.0.55 "GET /v2.0/ports?device_id=7fa89eab-81cf-457e-96dd-c1d426c794b2 HTTP/1.1" status: 200 len: 1212 time: 0.0600517
2026-05-20 07:12:15.817 9 INFO neutron.wsgi [req-16674ce7-4f00-40ff-9a20-eaf86d1a91ab req-bf3f9bdc-f0fc-493f-9e56-106e79524b71 64f25fb985e7497f90de0dd42d3bbd4a 17045bc7166d4b66acf8eec085116eb7 - - 269e623bd77f4e5a98c27f915381d443 269e623bd77f4e5a98c27f915381d443] 199.19.213.87 "GET /v2.0/ports?tenant_id=8703e52a82ed44919b998d78a1d945d6&device_id=7fa89eab-81cf-457e-96dd-c1d426c794b2 HTTP/1.1" status: 200 len: 1450 time: 0.0345218
2026-05-20 07:12:15.846 9 INFO neutron.wsgi [req-16674ce7-4f00-40ff-9a20-eaf86d1a91ab req-65be5772-9f50-4d2d-9918-244a8e28a4fa 64f25fb985e7497f90de0dd42d3bbd4a 17045bc7166d4b66acf8eec085116eb7 - - 269e623bd77f4e5a98c27f915381d443 269e623bd77f4e5a98c27f915381d443] 199.19.213.87 "GET /v2.0/floatingips?fixed_ip_address=10.100.0.12&port_id=50da2f61-97c0-4d38-bfdc-604ab902a976 HTTP/1.1" status: 200 len: 217 time: 0.0224185
2026-05-20 07:12:15.866 10 INFO neutron.wsgi [req-061dbcfc-b7d1-4bc0-a50d-403804b4cd26 req-6e420586-0371-424e-bde1-1a8191bc9e47 47059fae793e4767bfd3fc9b6e2a3296 8703e52a82ed44919b998d78a1d945d6 - - default default] 10.0.0.55 "GET /v2.0/security-groups?id=7a6c9d6f-5ac4-42d8-acce-da26315f1c75&id=29b6ec3d-b027-40a7-afc0-ac38a38e959c&fields=id&fields=name HTTP/1.1" status: 200 len: 406 time: 0.0434678
2026-05-20 07:12:15.880 9 INFO neutron.wsgi [req-16674ce7-4f00-40ff-9a20-eaf86d1a91ab req-75c1a364-07b6-4fd1-be37-91207131a38e 64f25fb985e7497f90de0dd42d3bbd4a 17045bc7166d4b66acf8eec085116eb7 - - 269e623bd77f4e5a98c27f915381d443 269e623bd77f4e5a98c27f915381d443] 199.19.213.87 "GET /v2.0/subnets?id=1b347664-f688-41e4-a4f2-fdee56341e49 HTTP/1.1" status: 200 len: 866 time: 0.0284567
2026-05-20 07:12:15.901 9 INFO neutron.wsgi [req-16674ce7-4f00-40ff-9a20-eaf86d1a91ab req-ec630125-93d3-4112-bf04-7ea491c4ea47 64f25fb985e7497f90de0dd42d3bbd4a 17045bc7166d4b66acf8eec085116eb7 - - 269e623bd77f4e5a98c27f915381d443 269e623bd77f4e5a98c27f915381d443] 199.19.213.87 "GET /v2.0/ports?network_id=4bd0848f-e672-4028-aaa7-5b1c2e0ab5ab&device_owner=network%3Adhcp HTTP/1.1" status: 200 len: 210 time: 0.0166636
2026-05-20 07:12:15.963 9 INFO neutron.notifiers.nova [-] Nova event matching ['req-d4f6786d-b012-4b60-af71-953558083329'] response: {'name': 'network-changed', 'server_uuid': '7fa89eab-81cf-457e-96dd-c1d426c794b2', 'tag': '50da2f61-97c0-4d38-bfdc-604ab902a976', 'status': 'completed', 'code': 200}
2026-05-20 07:12:15.969 9 INFO neutron.wsgi [req-16674ce7-4f00-40ff-9a20-eaf86d1a91ab req-31ce28f1-9864-405e-93a5-1e3cdc43c440 64f25fb985e7497f90de0dd42d3bbd4a 17045bc7166d4b66acf8eec085116eb7 - - 269e623bd77f4e5a98c27f915381d443 269e623bd77f4e5a98c27f915381d443] 199.19.213.87 "GET /v2.0/networks/4bd0848f-e672-4028-aaa7-5b1c2e0ab5ab?fields=segments HTTP/1.1" status: 200 len: 212 time: 0.0636811
2026-05-20 07:12:16.030 9 INFO neutron.wsgi [req-16674ce7-4f00-40ff-9a20-eaf86d1a91ab req-523d3ce0-85dc-4790-9c27-3a754935b152 64f25fb985e7497f90de0dd42d3bbd4a 17045bc7166d4b66acf8eec085116eb7 - - 269e623bd77f4e5a98c27f915381d443 269e623bd77f4e5a98c27f915381d443] 199.19.213.87 "GET /v2.0/networks/4bd0848f-e672-4028-aaa7-5b1c2e0ab5ab?fields=provider%3Aphysical_network&fields=provider%3Anetwork_type HTTP/1.1" status: 200 len: 277 time: 0.0560341
2026-05-20 07:12:16.118 9 INFO neutron.wsgi [req-19ef7809-7bbd-4e81-b137-a13b093961e6 req-e79f5154-915a-4289-bee8-7302db8d89f8 64f25fb985e7497f90de0dd42d3bbd4a 17045bc7166d4b66acf8eec085116eb7 - - 269e623bd77f4e5a98c27f915381d443 269e623bd77f4e5a98c27f915381d443] 199.19.213.87 "GET /v2.0/ports?tenant_id=8703e52a82ed44919b998d78a1d945d6&device_id=7fa89eab-81cf-457e-96dd-c1d426c794b2 HTTP/1.1" status: 200 len: 1450 time: 0.0418434
2026-05-20 07:12:16.205 9 INFO neutron.wsgi [req-19ef7809-7bbd-4e81-b137-a13b093961e6 req-01147db9-be9d-4a19-91f1-7139f5a70ec0 64f25fb985e7497f90de0dd42d3bbd4a 17045bc7166d4b66acf8eec085116eb7 - - 269e623bd77f4e5a98c27f915381d443 269e623bd77f4e5a98c27f915381d443] 199.19.213.87 "GET /v2.0/networks?id=4bd0848f-e672-4028-aaa7-5b1c2e0ab5ab HTTP/1.1" status: 200 len: 970 time: 0.0806084
2026-05-20 07:12:16.207 9 INFO neutron.wsgi [req-240f68ab-1cc3-4069-8690-02403e246d70 req-c54777c4-884d-40eb-bae3-f8250ba0ed92 64f25fb985e7497f90de0dd42d3bbd4a 17045bc7166d4b66acf8eec085116eb7 - - 269e623bd77f4e5a98c27f915381d443 269e623bd77f4e5a98c27f915381d443] 199.19.213.87 "GET /v2.0/ports?device_id=7fa89eab-81cf-457e-96dd-c1d426c794b2 HTTP/1.1" status: 200 len: 1450 time: 0.0414593
2026-05-20 07:12:16.246 9 INFO neutron.wsgi [req-19ef7809-7bbd-4e81-b137-a13b093961e6 req-ada7b56f-1d74-436e-a4eb-b1ceb0fb7e59 64f25fb985e7497f90de0dd42d3bbd4a 17045bc7166d4b66acf8eec085116eb7 - - 269e623bd77f4e5a98c27f915381d443 269e623bd77f4e5a98c27f915381d443] 199.19.213.87 "GET /v2.0/floatingips?fixed_ip_address=10.100.0.12&port_id=50da2f61-97c0-4d38-bfdc-604ab902a976 HTTP/1.1" status: 200 len: 217 time: 0.0262640
2026-05-20 07:12:16.286 9 INFO neutron.wsgi [req-240f68ab-1cc3-4069-8690-02403e246d70 req-8cc99e8b-006a-4fb7-8646-4baac72dc49c 64f25fb985e7497f90de0dd42d3bbd4a 17045bc7166d4b66acf8eec085116eb7 - - 269e623bd77f4e5a98c27f915381d443 269e623bd77f4e5a98c27f915381d443] 199.19.213.87 "GET /v2.0/security-groups?id=29b6ec3d-b027-40a7-afc0-ac38a38e959c&id=7a6c9d6f-5ac4-42d8-acce-da26315f1c75&fields=id&fields=name HTTP/1.1" status: 200 len: 406 time: 0.0650444
2026-05-20 07:12:16.290 9 INFO neutron.wsgi [req-19ef7809-7bbd-4e81-b137-a13b093961e6 req-00161bed-3574-47fe-b440-f5d2d8cec96e 64f25fb985e7497f90de0dd42d3bbd4a 17045bc7166d4b66acf8eec085116eb7 - - 269e623bd77f4e5a98c27f915381d443 269e623bd77f4e5a98c27f915381d443] 199.19.213.87 "GET /v2.0/subnets?id=1b347664-f688-41e4-a4f2-fdee56341e49 HTTP/1.1" status: 200 len: 866 time: 0.0368001
2026-05-20 07:12:16.340 9 INFO neutron.wsgi [req-19ef7809-7bbd-4e81-b137-a13b093961e6 req-b424e483-3609-4521-86fc-1942c58883fe 64f25fb985e7497f90de0dd42d3bbd4a 17045bc7166d4b66acf8eec085116eb7 - - 269e623bd77f4e5a98c27f915381d443 269e623bd77f4e5a98c27f915381d443] 199.19.213.87 "GET /v2.0/ports?network_id=4bd0848f-e672-4028-aaa7-5b1c2e0ab5ab&device_owner=network%3Adhcp HTTP/1.1" status: 200 len: 210 time: 0.0182817
2026-05-20 07:12:16.461 9 INFO neutron.wsgi [req-19ef7809-7bbd-4e81-b137-a13b093961e6 req-0474e0d9-45fe-4d9e-8869-1a3695636d0f 64f25fb985e7497f90de0dd42d3bbd4a 17045bc7166d4b66acf8eec085116eb7 - - 269e623bd77f4e5a98c27f915381d443 269e623bd77f4e5a98c27f915381d443] 199.19.213.87 "GET /v2.0/networks/4bd0848f-e672-4028-aaa7-5b1c2e0ab5ab?fields=segments HTTP/1.1" status: 200 len: 212 time: 0.1044099
2026-05-20 07:12:16.575 9 INFO neutron.wsgi [req-19ef7809-7bbd-4e81-b137-a13b093961e6 req-1a583b55-5a76-48c2-9d4f-c1992e385a80 64f25fb985e7497f90de0dd42d3bbd4a 17045bc7166d4b66acf8eec085116eb7 - - 269e623bd77f4e5a98c27f915381d443 269e623bd77f4e5a98c27f915381d443] 199.19.213.87 "GET /v2.0/networks/4bd0848f-e672-4028-aaa7-5b1c2e0ab5ab?fields=provider%3Aphysical_network&fields=provider%3Anetwork_type HTTP/1.1" status: 200 len: 277 time: 0.0975337
2026-05-20 07:12:16.619 10 INFO neutron.wsgi [req-00f366d1-c7b6-4267-95f4-7f5d9346358c req-686075e7-fac3-492c-bdee-abc401a598b1 4ca69d076ec3499b9728e4a04aaf8af1 ba5bee235c544330a2f1a4b9dc08cef2 - - default default] 10.0.0.55 "GET /v2.0/ports?device_id=afccd8c6-8d65-4e91-ad89-534764756eb6 HTTP/1.1" status: 200 len: 1398 time: 0.1005332
2026-05-20 07:12:16.667 10 INFO neutron.wsgi [req-00f366d1-c7b6-4267-95f4-7f5d9346358c req-0bbef54b-da6e-4dee-8aa2-1a6c63b6920a 4ca69d076ec3499b9728e4a04aaf8af1 ba5bee235c544330a2f1a4b9dc08cef2 - - default default] 10.0.0.55 "GET /v2.0/security-groups?id=3f3b5ff9-8524-4ee0-9ec6-17734a4f4f7b&fields=id&fields=name HTTP/1.1" status: 200 len: 310 time: 0.0433502
2026-05-20 07:12:17.010 9 INFO neutron.wsgi [req-80111c57-3c7b-424c-b354-7dd64a063f0f req-6ff9f08a-398a-4c2c-8f32-988a176bee45 47059fae793e4767bfd3fc9b6e2a3296 8703e52a82ed44919b998d78a1d945d6 - - default default] 10.0.0.55 "GET /v2.0/ports?device_id=7fa89eab-81cf-457e-96dd-c1d426c794b2 HTTP/1.1" status: 200 len: 1212 time: 0.0827589
2026-05-20 07:12:17.060 9 INFO neutron.wsgi [req-80111c57-3c7b-424c-b354-7dd64a063f0f req-e80e87de-ee5f-45e6-aa62-212e84c1ad9b 47059fae793e4767bfd3fc9b6e2a3296 8703e52a82ed44919b998d78a1d945d6 - - default default] 10.0.0.55 "GET /v2.0/security-groups?id=7a6c9d6f-5ac4-42d8-acce-da26315f1c75&id=29b6ec3d-b027-40a7-afc0-ac38a38e959c&fields=id&fields=name HTTP/1.1" status: 200 len: 406 time: 0.0416436
2026-05-20 07:12:18.155 10 INFO neutron.wsgi [req-3064f3b1-8425-4452-97f1-d629d8688e7f req-0f41e262-5d7c-46e6-a0a7-210c237eb8cd 47059fae793e4767bfd3fc9b6e2a3296 8703e52a82ed44919b998d78a1d945d6 - - default default] 10.0.0.55 "GET /v2.0/ports?device_id=7fa89eab-81cf-457e-96dd-c1d426c794b2 HTTP/1.1" status: 200 len: 1212 time: 0.0366435
2026-05-20 07:12:18.200 10 INFO neutron.wsgi [req-3064f3b1-8425-4452-97f1-d629d8688e7f req-99c91cea-dcf0-4e8e-b914-7859c1a4adcc 47059fae793e4767bfd3fc9b6e2a3296 8703e52a82ed44919b998d78a1d945d6 - - default default] 10.0.0.55 "GET /v2.0/security-groups?id=7a6c9d6f-5ac4-42d8-acce-da26315f1c75&id=29b6ec3d-b027-40a7-afc0-ac38a38e959c&fields=id&fields=name HTTP/1.1" status: 200 len: 406 time: 0.0360756
2026-05-20 07:12:18.529 9 INFO neutron.wsgi [req-7fc5aa90-67cf-4011-98ae-49c5440ad108 req-4b8339da-bf8c-4f71-a804-d99092921dc3 64f25fb985e7497f90de0dd42d3bbd4a 17045bc7166d4b66acf8eec085116eb7 - - 269e623bd77f4e5a98c27f915381d443 269e623bd77f4e5a98c27f915381d443] 199.19.213.87 "GET /v2.0/ports?device_id=590a10d2-7dfc-4c89-929d-662442640244&fields=binding%3Ahost_id&fields=binding%3Avif_type HTTP/1.1" status: 200 len: 265 time: 0.0339651
2026-05-20 07:12:18.597 9 INFO neutron.wsgi [req-7fc5aa90-67cf-4011-98ae-49c5440ad108 req-62ddd84b-5070-4960-a169-e2ac40a2f037 64f25fb985e7497f90de0dd42d3bbd4a 17045bc7166d4b66acf8eec085116eb7 - - 269e623bd77f4e5a98c27f915381d443 269e623bd77f4e5a98c27f915381d443] 199.19.213.87 "GET /v2.0/ports?tenant_id=ba5bee235c544330a2f1a4b9dc08cef2&device_id=590a10d2-7dfc-4c89-929d-662442640244 HTTP/1.1" status: 200 len: 1634 time: 0.0306258
2026-05-20 07:12:18.637 9 WARNING neutron.plugins.ml2.drivers.ovn.mech_driver.ovsdb.ovn_client [None req-7de7cda1-0d34-46c3-8fb7-0ddde9e761ac - - - - - -] No hosting information found for port 331dee51-4e39-4626-b767-9ec798b2761b: RuntimeError: No hosting information found for port 331dee51-4e39-4626-b767-9ec798b2761b
2026-05-20 07:12:18.666 9 INFO neutron.plugins.ml2.drivers.ovn.mech_driver.mech_driver [None req-7de7cda1-0d34-46c3-8fb7-0ddde9e761ac - - - - - -] OVN reports status up for port: cf0daf7c-aa02-4e5b-88af-d93088b68e0a
2026-05-20 07:12:18.694 10 INFO neutron.wsgi [None req-99404519-db2f-4148-96dd-9ccfc778a9c0 99ecfb672e674e068aa21e82e664428b 856ea82c00364d67b7688185ceedb7fd - - default default] 10.0.0.146 "POST /v2.0/subnetpools HTTP/1.1" status: 201 len: 715 time: 0.1982722
2026-05-20 07:12:18.697 9 INFO neutron.plugins.ml2.plugin [None req-7de7cda1-0d34-46c3-8fb7-0ddde9e761ac - - - - - -] Attempt 1 to provision port cf0daf7c-aa02-4e5b-88af-d93088b68e0a
2026-05-20 07:12:18.723 9 INFO neutron.wsgi [req-7fc5aa90-67cf-4011-98ae-49c5440ad108 req-132e2886-f501-49af-8b08-0133d6359f6e 64f25fb985e7497f90de0dd42d3bbd4a 17045bc7166d4b66acf8eec085116eb7 - - 269e623bd77f4e5a98c27f915381d443 269e623bd77f4e5a98c27f915381d443] 199.19.213.87 "GET /v2.0/networks?id=374e5ccb-fc76-401d-b7e4-682c8863f829 HTTP/1.1" status: 200 len: 1002 time: 0.1049705 /var/lib/openstack/lib/python3.10/site-packages/pycadf/identifier.py:71: UserWarning: Invalid uuid: neutron. To ensure interoperability, identifiers should be a valid uuid. warnings.warn(('Invalid uuid: %s. To ensure interoperability, '
2026-05-20 07:12:18.750 10 INFO neutron.wsgi [None req-2b6b9395-b1b6-48e8-9104-84018fa8000b 99ecfb672e674e068aa21e82e664428b 856ea82c00364d67b7688185ceedb7fd - - default default] 10.0.0.146 "POST /v2.0/subnetpools HTTP/1.1" status: 201 len: 715 time: 0.0509799
2026-05-20 07:12:18.777 9 INFO neutron.wsgi [req-7fc5aa90-67cf-4011-98ae-49c5440ad108 req-af466d6e-4f61-4810-aa03-7d38cd45fc17 64f25fb985e7497f90de0dd42d3bbd4a 17045bc7166d4b66acf8eec085116eb7 - - 269e623bd77f4e5a98c27f915381d443 269e623bd77f4e5a98c27f915381d443] 199.19.213.87 "GET /v2.0/floatingips?fixed_ip_address=10.2.1.87&port_id=09882ecb-c92f-48cc-8542-af4fd6dfef6a HTTP/1.1" status: 200 len: 1058 time: 0.0467768
2026-05-20 07:12:18.805 10 INFO neutron.wsgi [None req-87431d82-e1ca-4032-8d7e-b21051850629 99ecfb672e674e068aa21e82e664428b 856ea82c00364d67b7688185ceedb7fd - - default default] 10.0.0.146 "POST /v2.0/subnetpools HTTP/1.1" status: 201 len: 715 time: 0.0506618
2026-05-20 07:12:18.821 9 INFO neutron.wsgi [req-7fc5aa90-67cf-4011-98ae-49c5440ad108 req-b465ab7e-7d08-4836-92f4-17b4559a2a2b 64f25fb985e7497f90de0dd42d3bbd4a 17045bc7166d4b66acf8eec085116eb7 - - 269e623bd77f4e5a98c27f915381d443 269e623bd77f4e5a98c27f915381d443] 199.19.213.87 "GET /v2.0/floatingips?fixed_ip_address=fd7b%3Af9f7%3Afff%3A4eca%3A%3A383&port_id=09882ecb-c92f-48cc-8542-af4fd6dfef6a HTTP/1.1" status: 200 len: 217 time: 0.0356405
2026-05-20 07:12:18.853 9 INFO neutron.notifiers.nova [-] Nova event matching ['req-8af98d09-11e7-41b0-8986-48f0f84d17b4'] response: {'server_uuid': 'afccd8c6-8d65-4e91-ad89-534764756eb6', 'name': 'network-vif-plugged', 'status': 'completed', 'tag': 'cf0daf7c-aa02-4e5b-88af-d93088b68e0a', 'code': 200}
2026-05-20 07:12:18.864 10 INFO neutron.wsgi [None req-04c264c6-fcd6-4967-97de-84436aa7f965 99ecfb672e674e068aa21e82e664428b 856ea82c00364d67b7688185ceedb7fd - - default default] 10.0.0.146 "POST /v2.0/subnetpools HTTP/1.1" status: 201 len: 715 time: 0.0545382
2026-05-20 07:12:18.892 9 INFO neutron.wsgi [req-7fc5aa90-67cf-4011-98ae-49c5440ad108 req-182e20e9-82b2-4057-ad3a-83d5011ec69e 64f25fb985e7497f90de0dd42d3bbd4a 17045bc7166d4b66acf8eec085116eb7 - - 269e623bd77f4e5a98c27f915381d443 269e623bd77f4e5a98c27f915381d443] 199.19.213.87 "GET /v2.0/subnets?id=380548e4-9f74-4ed7-af42-2fe499034a69&id=aa5fed92-27b8-42b9-a90e-257ec6bc5cda HTTP/1.1" status: 200 len: 1562 time: 0.0649376
2026-05-20 07:12:18.930 9 INFO neutron.wsgi [req-7fc5aa90-67cf-4011-98ae-49c5440ad108 req-82b6d451-c0a4-496e-b336-2456a12793ce 64f25fb985e7497f90de0dd42d3bbd4a 17045bc7166d4b66acf8eec085116eb7 - - 269e623bd77f4e5a98c27f915381d443 269e623bd77f4e5a98c27f915381d443] 199.19.213.87 "GET /v2.0/ports?network_id=374e5ccb-fc76-401d-b7e4-682c8863f829&device_owner=network%3Adhcp HTTP/1.1" status: 200 len: 210 time: 0.0185473
2026-05-20 07:12:18.949 10 INFO neutron.wsgi [None req-299d9559-5684-4023-a3c8-a3ebdf536611 99ecfb672e674e068aa21e82e664428b 856ea82c00364d67b7688185ceedb7fd - - default default] 10.0.0.146 "POST /v2.0/subnetpools HTTP/1.1" status: 201 len: 715 time: 0.0778859
2026-05-20 07:12:18.963 9 INFO neutron.wsgi [req-7fc5aa90-67cf-4011-98ae-49c5440ad108 req-8e3060c5-86ee-4c75-aec9-f101c9e1a582 64f25fb985e7497f90de0dd42d3bbd4a 17045bc7166d4b66acf8eec085116eb7 - - 269e623bd77f4e5a98c27f915381d443 269e623bd77f4e5a98c27f915381d443] 199.19.213.87 "GET /v2.0/ports?network_id=374e5ccb-fc76-401d-b7e4-682c8863f829&device_owner=network%3Adhcp HTTP/1.1" status: 200 len: 210 time: 0.0193996
2026-05-20 07:12:18.992 10 INFO neutron.wsgi [None req-ed7cd5c5-36e5-49e6-8dec-47379245ac91 99ecfb672e674e068aa21e82e664428b 856ea82c00364d67b7688185ceedb7fd - - default default] 10.0.0.146 "PUT /v2.0/subnetpools/348609a8-684b-4592-8c56-cdbc7082b96c/tags HTTP/1.1" status: 200 len: 210 time: 0.0366402
2026-05-20 07:12:19.022 10 INFO neutron.wsgi [None req-8867c0c0-844c-4198-ac1e-1752725dff8e 99ecfb672e674e068aa21e82e664428b 856ea82c00364d67b7688185ceedb7fd - - default default] 10.0.0.146 "PUT /v2.0/subnetpools/06b22c49-f86e-4ec4-a4ae-43dc1fe4ee51/tags HTTP/1.1" status: 200 len: 218 time: 0.0252404
2026-05-20 07:12:19.050 9 INFO neutron.wsgi [req-7fc5aa90-67cf-4011-98ae-49c5440ad108 req-fd89dc73-cf30-4f22-86c3-486a66b19f38 64f25fb985e7497f90de0dd42d3bbd4a 17045bc7166d4b66acf8eec085116eb7 - - 269e623bd77f4e5a98c27f915381d443 269e623bd77f4e5a98c27f915381d443] 199.19.213.87 "GET /v2.0/networks/374e5ccb-fc76-401d-b7e4-682c8863f829?fields=segments HTTP/1.1" status: 200 len: 212 time: 0.0793383
2026-05-20 07:12:19.088 9 INFO neutron.wsgi [None req-5248edb2-2b61-4101-a1cb-ccfa8db7e98a 99ecfb672e674e068aa21e82e664428b 856ea82c00364d67b7688185ceedb7fd - - default default] 10.0.0.146 "PUT /v2.0/subnetpools/fe541b5b-5b20-44e1-9358-28202aedbfbf/tags HTTP/1.1" status: 200 len: 227 time: 0.0576868
2026-05-20 07:12:19.126 10 INFO neutron.wsgi [None req-861c4a53-24d7-4412-aae5-910ca7315863 99ecfb672e674e068aa21e82e664428b 856ea82c00364d67b7688185ceedb7fd - - default default] 10.0.0.146 "PUT /v2.0/subnetpools/487d8105-82c1-4e7f-8677-06fed367a69e/tags HTTP/1.1" status: 200 len: 212 time: 0.0321922
2026-05-20 07:12:19.160 10 INFO neutron.wsgi [None req-74e75bb4-b3da-4ad3-b7b9-73a6ec30d62f 99ecfb672e674e068aa21e82e664428b 856ea82c00364d67b7688185ceedb7fd - - default default] 10.0.0.146 "GET /v2.0/subnetpools?tags=red HTTP/1.1" status: 200 len: 1758 time: 0.0284340
2026-05-20 07:12:19.201 10 INFO neutron.wsgi [None req-838c2077-bff0-4fb3-bab3-94ce3b05bfa0 99ecfb672e674e068aa21e82e664428b 856ea82c00364d67b7688185ceedb7fd - - default default] 10.0.0.146 "GET /v2.0/subnetpools?tags=red%2Cblue HTTP/1.1" status: 200 len: 1251 time: 0.0338709
2026-05-20 07:12:19.239 10 INFO neutron.wsgi [None req-70ae02cc-16fc-4dcc-bf63-6939dc49ebd9 99ecfb672e674e068aa21e82e664428b 856ea82c00364d67b7688185ceedb7fd - - default default] 10.0.0.146 "GET /v2.0/subnetpools?tags-any=blue HTTP/1.1" status: 200 len: 1251 time: 0.0334415
2026-05-20 07:12:19.284 10 INFO neutron.wsgi [None req-1a56b0c4-d45f-49c5-aa94-eb7cf727244f 99ecfb672e674e068aa21e82e664428b 856ea82c00364d67b7688185ceedb7fd - - default default] 10.0.0.146 "GET /v2.0/subnetpools?tags-any=red%2Cblue HTTP/1.1" status: 200 len: 1758 time: 0.0379705
2026-05-20 07:12:19.343 10 INFO neutron.wsgi [req-b3ee7419-49cd-48f3-b1c9-0c5b30263df8 req-a0f33eb2-43ce-444a-88f2-8fb8008080ce 64f25fb985e7497f90de0dd42d3bbd4a 17045bc7166d4b66acf8eec085116eb7 - - 269e623bd77f4e5a98c27f915381d443 269e623bd77f4e5a98c27f915381d443] 10.0.0.29 "GET /v2.0/ports?device_id=590a10d2-7dfc-4c89-929d-662442640244 HTTP/1.1" status: 200 len: 1634 time: 0.0629792
2026-05-20 07:12:19.348 10 INFO neutron.wsgi [None req-4f24263d-bd52-44e1-b593-f074f60988b7 99ecfb672e674e068aa21e82e664428b 856ea82c00364d67b7688185ceedb7fd - - default default] 10.0.0.146 "GET /v2.0/subnetpools?not-tags=red HTTP/1.1" status: 200 len: 1223 time: 0.0495670
2026-05-20 07:12:19.389 9 INFO neutron.db.ovn_revision_numbers_db [None req-7de7cda1-0d34-46c3-8fb7-0ddde9e761ac - - - - - -] Successfully bumped revision number for resource cf0daf7c-aa02-4e5b-88af-d93088b68e0a (type: ports) to 4
2026-05-20 07:12:19.407 10 INFO neutron.wsgi [None req-4d26f227-bb01-4c9c-ae1f-ef933f63fd94 99ecfb672e674e068aa21e82e664428b 856ea82c00364d67b7688185ceedb7fd - - default default] 10.0.0.146 "GET /v2.0/subnetpools?not-tags=red%2Cblue HTTP/1.1" status: 200 len: 1730 time: 0.0413301
2026-05-20 07:12:19.435 9 INFO neutron.wsgi [req-7fc5aa90-67cf-4011-98ae-49c5440ad108 req-33f7e386-84f8-4608-a7fb-d7d0afdfcc3c 64f25fb985e7497f90de0dd42d3bbd4a 17045bc7166d4b66acf8eec085116eb7 - - 269e623bd77f4e5a98c27f915381d443 269e623bd77f4e5a98c27f915381d443] 199.19.213.87 "GET /v2.0/networks/374e5ccb-fc76-401d-b7e4-682c8863f829?fields=provider%3Aphysical_network&fields=provider%3Anetwork_type HTTP/1.1" status: 200 len: 277 time: 0.3720498
