2026-05-21 06:20:07.063 7 INFO placement.requestlog [req-01fdd89e-796f-402d-83da-9cc4ec614fbf req-b7f907e6-4a0c-4546-9cd5-fd1252b13833 92c64250ff3c40379559857c10e2ece8 f1d8b591a5fc43e783fe261d7e27ba0e - - 6846f9a5bf764d7ca471e3b05053d4e4 6846f9a5bf764d7ca471e3b05053d4e4] 199.19.213.128 "GET /allocations/6d2523c8-85f7-4b3f-9d0a-1f88bfd3cc36" status: 200 len: 245 microversion: 1.28 [pid: 7|app: 0|req: 571/1149] 199.19.213.128 () {34 vars in 862 bytes} [Thu May 21 06:20:07 2026] GET /allocations/6d2523c8-85f7-4b3f-9d0a-1f88bfd3cc36 => generated 245 bytes in 15 msecs (HTTP/1.1 200) 8 headers in 296 bytes (1 switches on core 0)
2026-05-21 06:20:07.204 8 INFO placement.requestlog [req-01fdd89e-796f-402d-83da-9cc4ec614fbf req-cc802fd7-db1a-4d19-bfb5-b9d8ff3a4abe 92c64250ff3c40379559857c10e2ece8 f1d8b591a5fc43e783fe261d7e27ba0e - - 6846f9a5bf764d7ca471e3b05053d4e4 6846f9a5bf764d7ca471e3b05053d4e4] 199.19.213.128 "GET /resource_providers/e40eee62-5f64-4a82-96d4-6a09843497f6/allocations" status: 200 len: 340 microversion: 1.0 [pid: 8|app: 0|req: 579/1150] 199.19.213.128 () {32 vars in 856 bytes} [Thu May 21 06:20:07 2026] GET /resource_providers/e40eee62-5f64-4a82-96d4-6a09843497f6/allocations => generated 340 bytes in 20 msecs (HTTP/1.1 200) 6 headers in 224 bytes (1 switches on core 0)
2026-05-21 06:20:07.232 7 INFO placement.requestlog [req-01fdd89e-796f-402d-83da-9cc4ec614fbf req-addbb5d9-ab74-41d4-b2c0-6de05059fc93 92c64250ff3c40379559857c10e2ece8 f1d8b591a5fc43e783fe261d7e27ba0e - - 6846f9a5bf764d7ca471e3b05053d4e4 6846f9a5bf764d7ca471e3b05053d4e4] 199.19.213.128 "GET /allocations/6d2523c8-85f7-4b3f-9d0a-1f88bfd3cc36" status: 200 len: 245 microversion: 1.28 [pid: 7|app: 0|req: 572/1151] 199.19.213.128 () {34 vars in 862 bytes} [Thu May 21 06:20:07 2026] GET /allocations/6d2523c8-85f7-4b3f-9d0a-1f88bfd3cc36 => generated 245 bytes in 20 msecs (HTTP/1.1 200) 8 headers in 296 bytes (1 switches on core 0)
2026-05-21 06:20:07.255 8 INFO placement.requestlog [req-01fdd89e-796f-402d-83da-9cc4ec614fbf req-3e027aaa-c36c-49d4-8fa0-022908c7ed00 92c64250ff3c40379559857c10e2ece8 f1d8b591a5fc43e783fe261d7e27ba0e - - 6846f9a5bf764d7ca471e3b05053d4e4 6846f9a5bf764d7ca471e3b05053d4e4] 199.19.213.128 "GET /allocations/b7ef42e8-05e3-4380-8920-b97aef83676b" status: 200 len: 258 microversion: 1.28 [pid: 8|app: 0|req: 580/1152] 199.19.213.128 () {34 vars in 862 bytes} [Thu May 21 06:20:07 2026] GET /allocations/b7ef42e8-05e3-4380-8920-b97aef83676b => generated 258 bytes in 17 msecs (HTTP/1.1 200) 8 headers in 296 bytes (1 switches on core 0)
2026-05-21 06:20:07.277 7 INFO placement.requestlog [req-01fdd89e-796f-402d-83da-9cc4ec614fbf req-e324e57a-5d94-43ad-b039-323b328a1e9d 92c64250ff3c40379559857c10e2ece8 f1d8b591a5fc43e783fe261d7e27ba0e - - 6846f9a5bf764d7ca471e3b05053d4e4 6846f9a5bf764d7ca471e3b05053d4e4] 199.19.213.128 "GET /allocations/63d1b40c-7f27-430e-9e27-766ca0f6cc4d" status: 200 len: 258 microversion: 1.28 [pid: 7|app: 0|req: 573/1153] 199.19.213.128 () {34 vars in 862 bytes} [Thu May 21 06:20:07 2026] GET /allocations/63d1b40c-7f27-430e-9e27-766ca0f6cc4d => generated 258 bytes in 13 msecs (HTTP/1.1 200) 8 headers in 296 bytes (1 switches on core 0)
2026-05-21 06:20:13.643 8 INFO placement.requestlog [req-54a20b68-78d0-43a7-91b6-a1161a1f789e req-9e871750-ab98-49ec-a59c-656325bf0514 92c64250ff3c40379559857c10e2ece8 f1d8b591a5fc43e783fe261d7e27ba0e - - 6846f9a5bf764d7ca471e3b05053d4e4 6846f9a5bf764d7ca471e3b05053d4e4] 199.19.213.128 "GET /resource_providers/e40eee62-5f64-4a82-96d4-6a09843497f6/allocations" status: 200 len: 340 microversion: 1.0 [pid: 8|app: 0|req: 581/1154] 199.19.213.128 () {32 vars in 856 bytes} [Thu May 21 06:20:13 2026] GET /resource_providers/e40eee62-5f64-4a82-96d4-6a09843497f6/allocations => generated 340 bytes in 16 msecs (HTTP/1.1 200) 6 headers in 224 bytes (1 switches on core 0)
2026-05-21 06:20:13.669 7 INFO placement.requestlog [req-54a20b68-78d0-43a7-91b6-a1161a1f789e req-c110a70a-574c-4904-949f-eff6ce5e77ac 92c64250ff3c40379559857c10e2ece8 f1d8b591a5fc43e783fe261d7e27ba0e - - 6846f9a5bf764d7ca471e3b05053d4e4 6846f9a5bf764d7ca471e3b05053d4e4] 199.19.213.128 "GET /resource_providers/e40eee62-5f64-4a82-96d4-6a09843497f6/allocations" status: 200 len: 340 microversion: 1.0 [pid: 7|app: 0|req: 574/1155] 199.19.213.128 () {32 vars in 856 bytes} [Thu May 21 06:20:13 2026] GET /resource_providers/e40eee62-5f64-4a82-96d4-6a09843497f6/allocations => generated 340 bytes in 19 msecs (HTTP/1.1 200) 6 headers in 224 bytes (1 switches on core 0)
2026-05-21 06:20:13.690 8 INFO placement.requestlog [req-54a20b68-78d0-43a7-91b6-a1161a1f789e req-ba467d3c-7bce-45cd-9433-3408415c7c83 92c64250ff3c40379559857c10e2ece8 f1d8b591a5fc43e783fe261d7e27ba0e - - 6846f9a5bf764d7ca471e3b05053d4e4 6846f9a5bf764d7ca471e3b05053d4e4] 199.19.213.128 "GET /allocations/6d2523c8-85f7-4b3f-9d0a-1f88bfd3cc36" status: 200 len: 245 microversion: 1.28 [pid: 8|app: 0|req: 582/1156] 199.19.213.128 () {34 vars in 862 bytes} [Thu May 21 06:20:13 2026] GET /allocations/6d2523c8-85f7-4b3f-9d0a-1f88bfd3cc36 => generated 245 bytes in 14 msecs (HTTP/1.1 200) 8 headers in 296 bytes (1 switches on core 0)
2026-05-21 06:20:13.718 7 INFO placement.requestlog [req-54a20b68-78d0-43a7-91b6-a1161a1f789e req-f2fb101a-f7b5-42ce-a4dd-4acefa435907 92c64250ff3c40379559857c10e2ece8 f1d8b591a5fc43e783fe261d7e27ba0e - - 6846f9a5bf764d7ca471e3b05053d4e4 6846f9a5bf764d7ca471e3b05053d4e4] 199.19.213.128 "GET /allocations/b7ef42e8-05e3-4380-8920-b97aef83676b" status: 200 len: 258 microversion: 1.28 [pid: 7|app: 0|req: 575/1157] 199.19.213.128 () {34 vars in 862 bytes} [Thu May 21 06:20:13 2026] GET /allocations/b7ef42e8-05e3-4380-8920-b97aef83676b => generated 258 bytes in 20 msecs (HTTP/1.1 200) 8 headers in 296 bytes (1 switches on core 0)
2026-05-21 06:20:13.739 8 INFO placement.requestlog [req-54a20b68-78d0-43a7-91b6-a1161a1f789e req-02d6a4be-f855-4d3a-8254-57f392c3ab21 92c64250ff3c40379559857c10e2ece8 f1d8b591a5fc43e783fe261d7e27ba0e - - 6846f9a5bf764d7ca471e3b05053d4e4 6846f9a5bf764d7ca471e3b05053d4e4] 199.19.213.128 "GET /allocations/63d1b40c-7f27-430e-9e27-766ca0f6cc4d" status: 200 len: 258 microversion: 1.28 [pid: 8|app: 0|req: 583/1158] 199.19.213.128 () {34 vars in 862 bytes} [Thu May 21 06:20:13 2026] GET /allocations/63d1b40c-7f27-430e-9e27-766ca0f6cc4d => generated 258 bytes in 14 msecs (HTTP/1.1 200) 8 headers in 296 bytes (1 switches on core 0)
2026-05-21 06:20:16.299 8 INFO placement.requestlog [None req-fb460003-6d11-4665-a5c5-cbd71e9e0e56 - - - - - -] 10.0.0.48 "GET /" status: 200 len: 136 microversion: 1.0
2026-05-21 06:20:16.299 7 INFO placement.requestlog [None req-39cdb69b-c9b2-4165-baa7-976ded4ff8ee - - - - - -] 10.0.0.48 "GET /" status: 200 len: 136 microversion: 1.0
2026-05-21 06:20:26.299 8 INFO placement.requestlog [None req-89c45d17-029d-4a75-922c-87321d081edf - - - - - -] 10.0.0.48 "GET /" status: 200 len: 136 microversion: 1.0
2026-05-21 06:20:26.299 7 INFO placement.requestlog [None req-0c03d1f3-2239-4bfe-902c-d5f03fd5e4de - - - - - -] 10.0.0.48 "GET /" status: 200 len: 136 microversion: 1.0
2026-05-21 06:20:36.297 8 INFO placement.requestlog [None req-89894749-d068-42f5-85dc-a04ab87ff9ea - - - - - -] 10.0.0.48 "GET /" status: 200 len: 136 microversion: 1.0
2026-05-21 06:20:36.300 7 INFO placement.requestlog [None req-c79f8ca0-6e30-4575-be2d-60f6988c7b3f - - - - - -] 10.0.0.48 "GET /" status: 200 len: 136 microversion: 1.0
2026-05-21 06:20:46.298 8 INFO placement.requestlog [None req-728bdb4b-d359-4fdd-ab28-1069c996c0dd - - - - - -] 10.0.0.48 "GET /" status: 200 len: 136 microversion: 1.0
2026-05-21 06:20:46.299 7 INFO placement.requestlog [None req-a92a4a23-4d2d-4a21-8ad0-2eddf73ec08f - - - - - -] 10.0.0.48 "GET /" status: 200 len: 136 microversion: 1.0
2026-05-21 06:20:56.298 7 INFO placement.requestlog [None req-27237c82-aac2-468f-a1c4-f4f24f232530 - - - - - -] 10.0.0.48 "GET /" status: 200 len: 136 microversion: 1.0
2026-05-21 06:20:56.298 8 INFO placement.requestlog [None req-dff29695-4d03-47af-9e4b-2acaabdbdcea - - - - - -] 10.0.0.48 "GET /" status: 200 len: 136 microversion: 1.0
2026-05-21 06:21:06.298 8 INFO placement.requestlog [None req-5bf04d20-03e9-47d4-bcf6-ad9d0aa8e18a - - - - - -] 10.0.0.48 "GET /" status: 200 len: 136 microversion: 1.0
2026-05-21 06:21:06.298 7 INFO placement.requestlog [None req-5d2913c7-a5d9-498f-8f93-96c2d71b6bf1 - - - - - -] 10.0.0.48 "GET /" status: 200 len: 136 microversion: 1.0
2026-05-21 06:21:15.809 8 INFO placement.requestlog [req-4969292b-faf8-4783-b934-5d8cd24630b7 req-28505823-a850-4719-aa15-fce61f9fb118 92c64250ff3c40379559857c10e2ece8 f1d8b591a5fc43e783fe261d7e27ba0e - - 6846f9a5bf764d7ca471e3b05053d4e4 6846f9a5bf764d7ca471e3b05053d4e4] 199.19.213.128 "GET /resource_providers/e40eee62-5f64-4a82-96d4-6a09843497f6/allocations" status: 200 len: 340 microversion: 1.0 [pid: 8|app: 0|req: 590/1171] 199.19.213.128 () {32 vars in 856 bytes} [Thu May 21 06:21:15 2026] GET /resource_providers/e40eee62-5f64-4a82-96d4-6a09843497f6/allocations => generated 340 bytes in 17 msecs (HTTP/1.1 200) 6 headers in 224 bytes (1 switches on core 0)
2026-05-21 06:21:15.836 7 INFO placement.requestlog [req-4969292b-faf8-4783-b934-5d8cd24630b7 req-17fd8540-0859-4ca9-ba7d-6554777f353f 92c64250ff3c40379559857c10e2ece8 f1d8b591a5fc43e783fe261d7e27ba0e - - 6846f9a5bf764d7ca471e3b05053d4e4 6846f9a5bf764d7ca471e3b05053d4e4] 199.19.213.128 "GET /resource_providers/e40eee62-5f64-4a82-96d4-6a09843497f6/allocations" status: 200 len: 340 microversion: 1.0 [pid: 7|app: 0|req: 582/1172] 199.19.213.128 () {32 vars in 856 bytes} [Thu May 21 06:21:15 2026] GET /resource_providers/e40eee62-5f64-4a82-96d4-6a09843497f6/allocations => generated 340 bytes in 19 msecs (HTTP/1.1 200) 6 headers in 224 bytes (1 switches on core 0)
2026-05-21 06:21:15.861 8 INFO placement.requestlog [req-4969292b-faf8-4783-b934-5d8cd24630b7 req-dfd97f2f-f520-4741-9f2d-cb41fe9d17ec 92c64250ff3c40379559857c10e2ece8 f1d8b591a5fc43e783fe261d7e27ba0e - - 6846f9a5bf764d7ca471e3b05053d4e4 6846f9a5bf764d7ca471e3b05053d4e4] 199.19.213.128 "GET /allocations/6d2523c8-85f7-4b3f-9d0a-1f88bfd3cc36" status: 200 len: 245 microversion: 1.28 [pid: 8|app: 0|req: 591/1173] 199.19.213.128 () {34 vars in 862 bytes} [Thu May 21 06:21:15 2026] GET /allocations/6d2523c8-85f7-4b3f-9d0a-1f88bfd3cc36 => generated 245 bytes in 16 msecs (HTTP/1.1 200) 8 headers in 296 bytes (1 switches on core 0)
2026-05-21 06:21:15.879 7 INFO placement.requestlog [req-4969292b-faf8-4783-b934-5d8cd24630b7 req-b6e842b1-7732-4d91-b25d-ec80ddb60080 92c64250ff3c40379559857c10e2ece8 f1d8b591a5fc43e783fe261d7e27ba0e - - 6846f9a5bf764d7ca471e3b05053d4e4 6846f9a5bf764d7ca471e3b05053d4e4] 199.19.213.128 "GET /allocations/b7ef42e8-05e3-4380-8920-b97aef83676b" status: 200 len: 258 microversion: 1.28 [pid: 7|app: 0|req: 583/1174] 199.19.213.128 () {34 vars in 862 bytes} [Thu May 21 06:21:15 2026] GET /allocations/b7ef42e8-05e3-4380-8920-b97aef83676b => generated 258 bytes in 13 msecs (HTTP/1.1 200) 8 headers in 296 bytes (1 switches on core 0)
2026-05-21 06:21:15.899 8 INFO placement.requestlog [req-4969292b-faf8-4783-b934-5d8cd24630b7 req-81dc1d5c-3d02-40f3-955f-bbbbd4ff1e14 92c64250ff3c40379559857c10e2ece8 f1d8b591a5fc43e783fe261d7e27ba0e - - 6846f9a5bf764d7ca471e3b05053d4e4 6846f9a5bf764d7ca471e3b05053d4e4] 199.19.213.128 "GET /allocations/63d1b40c-7f27-430e-9e27-766ca0f6cc4d" status: 200 len: 258 microversion: 1.28 [pid: 8|app: 0|req: 592/1175] 199.19.213.128 () {34 vars in 862 bytes} [Thu May 21 06:21:15 2026] GET /allocations/63d1b40c-7f27-430e-9e27-766ca0f6cc4d => generated 258 bytes in 12 msecs (HTTP/1.1 200) 8 headers in 296 bytes (1 switches on core 0)
2026-05-21 06:21:16.297 8 INFO placement.requestlog [None req-37368d9f-fb72-4aaa-8ec2-587058e9902f - - - - - -] 10.0.0.48 "GET /" status: 200 len: 136 microversion: 1.0
2026-05-21 06:21:16.297 7 INFO placement.requestlog [None req-0b81a7d6-c0ee-4861-aaa0-17cd13c6fc73 - - - - - -] 10.0.0.48 "GET /" status: 200 len: 136 microversion: 1.0
2026-05-21 06:21:26.299 7 INFO placement.requestlog [None req-dfe64cb2-ca17-405a-8a48-4acb36ba4879 - - - - - -] 10.0.0.48 "GET /" status: 200 len: 136 microversion: 1.0
2026-05-21 06:21:26.304 8 INFO placement.requestlog [None req-49dfde14-6123-4856-83c6-0885f136244b - - - - - -] 10.0.0.48 "GET /" status: 200 len: 136 microversion: 1.0
2026-05-21 06:21:36.297 7 INFO placement.requestlog [None req-5c5eed6b-cda6-4439-879b-84d4338ab845 - - - - - -] 10.0.0.48 "GET /" status: 200 len: 136 microversion: 1.0
2026-05-21 06:21:36.298 8 INFO placement.requestlog [None req-2d5a7115-0b56-4d2c-a839-562abec036a9 - - - - - -] 10.0.0.48 "GET /" status: 200 len: 136 microversion: 1.0
2026-05-21 06:21:46.298 7 INFO placement.requestlog [None req-74d5637d-918d-4d08-8170-4ce25e3ead9f - - - - - -] 10.0.0.48 "GET /" status: 200 len: 136 microversion: 1.0
2026-05-21 06:21:46.298 8 INFO placement.requestlog [None req-45ac0e5d-965b-4368-bdcd-bfbff99f7924 - - - - - -] 10.0.0.48 "GET /" status: 200 len: 136 microversion: 1.0
2026-05-21 06:21:56.298 7 INFO placement.requestlog [None req-eb530c22-c386-4696-8ea3-f4b349e7b6d7 - - - - - -] 10.0.0.48 "GET /" status: 200 len: 136 microversion: 1.0
2026-05-21 06:21:56.298 8 INFO placement.requestlog [None req-b54014c8-0acf-40b1-bacf-dfb9b2f77386 - - - - - -] 10.0.0.48 "GET /" status: 200 len: 136 microversion: 1.0
2026-05-21 06:22:01.193 8 INFO placement.requestlog [req-2d3ad024-35dd-4dd9-914b-ba57415f56df req-e19877d5-5b00-407a-8a43-a1c7bad27c11 92c64250ff3c40379559857c10e2ece8 f1d8b591a5fc43e783fe261d7e27ba0e - - 6846f9a5bf764d7ca471e3b05053d4e4 6846f9a5bf764d7ca471e3b05053d4e4] 199.19.213.128 "GET /resource_providers/e40eee62-5f64-4a82-96d4-6a09843497f6/allocations" status: 200 len: 340 microversion: 1.0 [pid: 8|app: 0|req: 598/1186] 199.19.213.128 () {32 vars in 856 bytes} [Thu May 21 06:22:01 2026] GET /resource_providers/e40eee62-5f64-4a82-96d4-6a09843497f6/allocations => generated 340 bytes in 20 msecs (HTTP/1.1 200) 6 headers in 224 bytes (1 switches on core 0)
2026-05-21 06:22:01.218 7 INFO placement.requestlog [req-2d3ad024-35dd-4dd9-914b-ba57415f56df req-0f7a75b8-dc19-446d-8576-de3586d0fc22 92c64250ff3c40379559857c10e2ece8 f1d8b591a5fc43e783fe261d7e27ba0e - - 6846f9a5bf764d7ca471e3b05053d4e4 6846f9a5bf764d7ca471e3b05053d4e4] 199.19.213.128 "GET /allocations/6d2523c8-85f7-4b3f-9d0a-1f88bfd3cc36" status: 200 len: 245 microversion: 1.28 [pid: 7|app: 0|req: 589/1187] 199.19.213.128 () {34 vars in 862 bytes} [Thu May 21 06:22:01 2026] GET /allocations/6d2523c8-85f7-4b3f-9d0a-1f88bfd3cc36 => generated 245 bytes in 17 msecs (HTTP/1.1 200) 8 headers in 296 bytes (1 switches on core 0)
2026-05-21 06:22:01.244 8 INFO placement.requestlog [req-2d3ad024-35dd-4dd9-914b-ba57415f56df req-29db963c-24b9-4173-a639-85d212e8edce 92c64250ff3c40379559857c10e2ece8 f1d8b591a5fc43e783fe261d7e27ba0e - - 6846f9a5bf764d7ca471e3b05053d4e4 6846f9a5bf764d7ca471e3b05053d4e4] 199.19.213.128 "GET /allocations/b7ef42e8-05e3-4380-8920-b97aef83676b" status: 200 len: 258 microversion: 1.28 [pid: 8|app: 0|req: 599/1188] 199.19.213.128 () {34 vars in 862 bytes} [Thu May 21 06:22:01 2026] GET /allocations/b7ef42e8-05e3-4380-8920-b97aef83676b => generated 258 bytes in 17 msecs (HTTP/1.1 200) 8 headers in 296 bytes (1 switches on core 0)
2026-05-21 06:22:01.276 7 INFO placement.requestlog [req-2d3ad024-35dd-4dd9-914b-ba57415f56df req-62c108de-5f76-48f8-a4f3-f6b46e10ed83 92c64250ff3c40379559857c10e2ece8 f1d8b591a5fc43e783fe261d7e27ba0e - - 6846f9a5bf764d7ca471e3b05053d4e4 6846f9a5bf764d7ca471e3b05053d4e4] 199.19.213.128 "GET /allocations/63d1b40c-7f27-430e-9e27-766ca0f6cc4d" status: 200 len: 258 microversion: 1.28 [pid: 7|app: 0|req: 590/1189] 199.19.213.128 () {34 vars in 862 bytes} [Thu May 21 06:22:01 2026] GET /allocations/63d1b40c-7f27-430e-9e27-766ca0f6cc4d => generated 258 bytes in 23 msecs (HTTP/1.1 200) 8 headers in 296 bytes (1 switches on core 0)
2026-05-21 06:22:01.363 8 INFO placement.requestlog [req-2d3ad024-35dd-4dd9-914b-ba57415f56df req-a7f901c9-14de-47ef-a159-c88ee36bac56 92c64250ff3c40379559857c10e2ece8 f1d8b591a5fc43e783fe261d7e27ba0e - - 6846f9a5bf764d7ca471e3b05053d4e4 6846f9a5bf764d7ca471e3b05053d4e4] 199.19.213.128 "DELETE /allocations/6d2523c8-85f7-4b3f-9d0a-1f88bfd3cc36" status: 204 len: 0 microversion: 1.0 [pid: 8|app: 0|req: 600/1190] 199.19.213.128 () {34 vars in 840 bytes} [Thu May 21 06:22:01 2026] DELETE /allocations/6d2523c8-85f7-4b3f-9d0a-1f88bfd3cc36 => generated 0 bytes in 32 msecs (HTTP/1.1 204) 5 headers in 198 bytes (1 switches on core 0)
2026-05-21 06:22:03.589 7 INFO placement.requestlog [req-ba0b7f5c-6d6b-486d-8e54-8ed3422f10b1 req-c096ce0e-a5ea-4b7a-8a16-0bd6807bbd5c 92c64250ff3c40379559857c10e2ece8 f1d8b591a5fc43e783fe261d7e27ba0e - - 6846f9a5bf764d7ca471e3b05053d4e4 6846f9a5bf764d7ca471e3b05053d4e4] 199.19.213.128 "GET /resource_providers/e40eee62-5f64-4a82-96d4-6a09843497f6/allocations" status: 200 len: 253 microversion: 1.0 [pid: 7|app: 0|req: 591/1191] 199.19.213.128 () {32 vars in 856 bytes} [Thu May 21 06:22:03 2026] GET /resource_providers/e40eee62-5f64-4a82-96d4-6a09843497f6/allocations => generated 253 bytes in 15 msecs (HTTP/1.1 200) 6 headers in 224 bytes (1 switches on core 0)
2026-05-21 06:22:03.617 8 INFO placement.requestlog [req-ba0b7f5c-6d6b-486d-8e54-8ed3422f10b1 req-94053fd5-6a16-4b0b-bcab-d6aaacd1851f 92c64250ff3c40379559857c10e2ece8 f1d8b591a5fc43e783fe261d7e27ba0e - - 6846f9a5bf764d7ca471e3b05053d4e4 6846f9a5bf764d7ca471e3b05053d4e4] 199.19.213.128 "GET /allocations/b7ef42e8-05e3-4380-8920-b97aef83676b" status: 200 len: 258 microversion: 1.28 [pid: 8|app: 0|req: 601/1192] 199.19.213.128 () {34 vars in 862 bytes} [Thu May 21 06:22:03 2026] GET /allocations/b7ef42e8-05e3-4380-8920-b97aef83676b => generated 258 bytes in 21 msecs (HTTP/1.1 200) 8 headers in 296 bytes (1 switches on core 0)
2026-05-21 06:22:03.641 7 INFO placement.requestlog [req-ba0b7f5c-6d6b-486d-8e54-8ed3422f10b1 req-ef7fe12c-b2b7-4210-ad64-3a17460a17e1 92c64250ff3c40379559857c10e2ece8 f1d8b591a5fc43e783fe261d7e27ba0e - - 6846f9a5bf764d7ca471e3b05053d4e4 6846f9a5bf764d7ca471e3b05053d4e4] 199.19.213.128 "GET /allocations/63d1b40c-7f27-430e-9e27-766ca0f6cc4d" status: 200 len: 258 microversion: 1.28 [pid: 7|app: 0|req: 592/1193] 199.19.213.128 () {34 vars in 862 bytes} [Thu May 21 06:22:03 2026] GET /allocations/63d1b40c-7f27-430e-9e27-766ca0f6cc4d => generated 258 bytes in 15 msecs (HTTP/1.1 200) 8 headers in 296 bytes (1 switches on core 0)
2026-05-21 06:22:03.715 8 INFO placement.requestlog [req-ba0b7f5c-6d6b-486d-8e54-8ed3422f10b1 req-d7f6e564-0e1b-41d2-9a32-3b0e4c91222e 92c64250ff3c40379559857c10e2ece8 f1d8b591a5fc43e783fe261d7e27ba0e - - 6846f9a5bf764d7ca471e3b05053d4e4 6846f9a5bf764d7ca471e3b05053d4e4] 199.19.213.128 "DELETE /allocations/b7ef42e8-05e3-4380-8920-b97aef83676b" status: 204 len: 0 microversion: 1.0 [pid: 8|app: 0|req: 602/1194] 199.19.213.128 () {34 vars in 840 bytes} [Thu May 21 06:22:03 2026] DELETE /allocations/b7ef42e8-05e3-4380-8920-b97aef83676b => generated 0 bytes in 21 msecs (HTTP/1.1 204) 5 headers in 198 bytes (1 switches on core 0)
2026-05-21 06:22:06.298 7 INFO placement.requestlog [None req-83b4d182-1575-419f-a47e-538506231221 - - - - - -] 10.0.0.48 "GET /" status: 200 len: 136 microversion: 1.0
2026-05-21 06:22:06.298 8 INFO placement.requestlog [None req-91f52e65-8720-4112-9918-9f649e55ab3c - - - - - -] 10.0.0.48 "GET /" status: 200 len: 136 microversion: 1.0
2026-05-21 06:22:09.251 8 INFO placement.requestlog [req-fcf3aa83-d1c6-4535-8ce0-039222cb3400 req-4ab7cf47-15a1-4069-97ca-6cecc14a3009 92c64250ff3c40379559857c10e2ece8 f1d8b591a5fc43e783fe261d7e27ba0e - - 6846f9a5bf764d7ca471e3b05053d4e4 6846f9a5bf764d7ca471e3b05053d4e4] 199.19.213.128 "GET /resource_providers/e40eee62-5f64-4a82-96d4-6a09843497f6/allocations" status: 200 len: 153 microversion: 1.0 [pid: 8|app: 0|req: 604/1197] 199.19.213.128 () {32 vars in 856 bytes} [Thu May 21 06:22:09 2026] GET /resource_providers/e40eee62-5f64-4a82-96d4-6a09843497f6/allocations => generated 153 bytes in 16 msecs (HTTP/1.1 200) 6 headers in 224 bytes (1 switches on core 0)
2026-05-21 06:22:09.267 7 INFO placement.requestlog [req-fcf3aa83-d1c6-4535-8ce0-039222cb3400 req-f383f4b0-f1da-4864-b770-34d630b08424 92c64250ff3c40379559857c10e2ece8 f1d8b591a5fc43e783fe261d7e27ba0e - - 6846f9a5bf764d7ca471e3b05053d4e4 6846f9a5bf764d7ca471e3b05053d4e4] 199.19.213.128 "GET /allocations/63d1b40c-7f27-430e-9e27-766ca0f6cc4d" status: 200 len: 258 microversion: 1.28 [pid: 7|app: 0|req: 594/1198] 199.19.213.128 () {34 vars in 862 bytes} [Thu May 21 06:22:09 2026] GET /allocations/63d1b40c-7f27-430e-9e27-766ca0f6cc4d => generated 258 bytes in 10 msecs (HTTP/1.1 200) 8 headers in 296 bytes (1 switches on core 0)
2026-05-21 06:22:09.345 8 INFO placement.requestlog [req-fcf3aa83-d1c6-4535-8ce0-039222cb3400 req-79e992f6-3087-4e24-996a-31e60ecc9ed0 92c64250ff3c40379559857c10e2ece8 f1d8b591a5fc43e783fe261d7e27ba0e - - 6846f9a5bf764d7ca471e3b05053d4e4 6846f9a5bf764d7ca471e3b05053d4e4] 199.19.213.128 "DELETE /allocations/63d1b40c-7f27-430e-9e27-766ca0f6cc4d" status: 204 len: 0 microversion: 1.0 [pid: 8|app: 0|req: 605/1199] 199.19.213.128 () {34 vars in 840 bytes} [Thu May 21 06:22:09 2026] DELETE /allocations/63d1b40c-7f27-430e-9e27-766ca0f6cc4d => generated 0 bytes in 22 msecs (HTTP/1.1 204) 5 headers in 198 bytes (1 switches on core 0)
2026-05-21 06:22:15.219 7 INFO placement.requestlog [req-3bf4e3e6-076e-4e5a-80a9-7687634d2031 req-57432aef-bb43-422f-9964-049eb5acd7d4 92c64250ff3c40379559857c10e2ece8 f1d8b591a5fc43e783fe261d7e27ba0e - - 6846f9a5bf764d7ca471e3b05053d4e4 6846f9a5bf764d7ca471e3b05053d4e4] 199.19.213.128 "GET /resource_providers/e40eee62-5f64-4a82-96d4-6a09843497f6/allocations" status: 200 len: 55 microversion: 1.0 [pid: 7|app: 0|req: 595/1200] 199.19.213.128 () {32 vars in 856 bytes} [Thu May 21 06:22:15 2026] GET /resource_providers/e40eee62-5f64-4a82-96d4-6a09843497f6/allocations => generated 55 bytes in 16 msecs (HTTP/1.1 200) 6 headers in 223 bytes (1 switches on core 0)
2026-05-21 06:22:15.239 8 INFO placement.requestlog [req-3bf4e3e6-076e-4e5a-80a9-7687634d2031 req-cffe708a-28b5-4b86-9551-8e4921942507 92c64250ff3c40379559857c10e2ece8 f1d8b591a5fc43e783fe261d7e27ba0e - - 6846f9a5bf764d7ca471e3b05053d4e4 6846f9a5bf764d7ca471e3b05053d4e4] 199.19.213.128 "GET /resource_providers/e40eee62-5f64-4a82-96d4-6a09843497f6/allocations" status: 200 len: 55 microversion: 1.0 [pid: 8|app: 0|req: 606/1201] 199.19.213.128 () {32 vars in 856 bytes} [Thu May 21 06:22:15 2026] GET /resource_providers/e40eee62-5f64-4a82-96d4-6a09843497f6/allocations => generated 55 bytes in 12 msecs (HTTP/1.1 200) 6 headers in 223 bytes (1 switches on core 0)
2026-05-21 06:22:16.298 7 INFO placement.requestlog [None req-553c1e02-9fe0-4cb5-bffa-b77bde57173b - - - - - -] 10.0.0.48 "GET /" status: 200 len: 136 microversion: 1.0
2026-05-21 06:22:16.298 8 INFO placement.requestlog [None req-3ecab1d8-989b-4d9d-94e0-5e40950b782c - - - - - -] 10.0.0.48 "GET /" status: 200 len: 136 microversion: 1.0
2026-05-21 06:22:20.481 7 INFO placement.requestlog [None req-8eec8031-074a-4b93-bbc2-9979de870779 0fe036fbb32b44a7aa1fc29592d4ea51 f1d8b591a5fc43e783fe261d7e27ba0e - - 6846f9a5bf764d7ca471e3b05053d4e4 6846f9a5bf764d7ca471e3b05053d4e4] 10.0.0.108 "GET /resource_providers/53349f9d-1aea-4deb-b6a6-22e25b0dcb49/aggregates" status: 404 len: 235 microversion: 1.1 [pid: 7|app: 0|req: 597/1204] 10.0.0.108 () {32 vars in 824 bytes} [Thu May 21 06:22:20 2026] GET /resource_providers/53349f9d-1aea-4deb-b6a6-22e25b0dcb49/aggregates => generated 235 bytes in 61 msecs (HTTP/1.1 404) 5 headers in 202 bytes (1 switches on core 0)
2026-05-21 06:22:20.483 8 INFO placement.requestlog [None req-d829a773-033f-4022-acad-215523e70253 0fe036fbb32b44a7aa1fc29592d4ea51 f1d8b591a5fc43e783fe261d7e27ba0e - - 6846f9a5bf764d7ca471e3b05053d4e4 6846f9a5bf764d7ca471e3b05053d4e4] 10.0.0.108 "GET /resource_providers/53349f9d-1aea-4deb-b6a6-22e25b0dcb49/aggregates" status: 404 len: 235 microversion: 1.1 [pid: 8|app: 0|req: 608/1205] 10.0.0.108 () {32 vars in 824 bytes} [Thu May 21 06:22:20 2026] GET /resource_providers/53349f9d-1aea-4deb-b6a6-22e25b0dcb49/aggregates => generated 235 bytes in 63 msecs (HTTP/1.1 404) 5 headers in 202 bytes (1 switches on core 0)
2026-05-21 06:22:20.494 7 INFO placement.requestlog [None req-7bfd8c80-5199-4045-8f6a-90eb2d8ac0b5 0fe036fbb32b44a7aa1fc29592d4ea51 f1d8b591a5fc43e783fe261d7e27ba0e - - 6846f9a5bf764d7ca471e3b05053d4e4 6846f9a5bf764d7ca471e3b05053d4e4] 10.0.0.108 "DELETE /resource_providers/53349f9d-1aea-4deb-b6a6-22e25b0dcb49" status: 404 len: 246 microversion: 1.1 [pid: 7|app: 0|req: 598/1206] 10.0.0.108 () {34 vars in 824 bytes} [Thu May 21 06:22:20 2026] DELETE /resource_providers/53349f9d-1aea-4deb-b6a6-22e25b0dcb49 => generated 246 bytes in 7 msecs (HTTP/1.1 404) 6 headers in 231 bytes (1 switches on core 0)
2026-05-21 06:22:20.502 8 INFO placement.requestlog [None req-4c0e0e88-1371-4053-afd5-cefa1a4c801c 0fe036fbb32b44a7aa1fc29592d4ea51 f1d8b591a5fc43e783fe261d7e27ba0e - - 6846f9a5bf764d7ca471e3b05053d4e4 6846f9a5bf764d7ca471e3b05053d4e4] 10.0.0.108 "DELETE /resource_providers/53349f9d-1aea-4deb-b6a6-22e25b0dcb49" status: 404 len: 246 microversion: 1.1 [pid: 8|app: 0|req: 609/1207] 10.0.0.108 () {34 vars in 824 bytes} [Thu May 21 06:22:20 2026] DELETE /resource_providers/53349f9d-1aea-4deb-b6a6-22e25b0dcb49 => generated 246 bytes in 10 msecs (HTTP/1.1 404) 6 headers in 231 bytes (1 switches on core 0)
2026-05-21 06:22:22.125 8 INFO placement.requestlog [None req-3afa8b19-0fa6-4e23-abf4-8d7911983ecf 0fe036fbb32b44a7aa1fc29592d4ea51 f1d8b591a5fc43e783fe261d7e27ba0e - - 6846f9a5bf764d7ca471e3b05053d4e4 6846f9a5bf764d7ca471e3b05053d4e4] 10.0.0.108 "GET /resource_providers/1c6b6b45-c98d-40f4-9326-dd0e9428377f/aggregates" status: 404 len: 235 microversion: 1.1 [pid: 8|app: 0|req: 610/1208] 10.0.0.108 () {32 vars in 824 bytes} [Thu May 21 06:22:22 2026] GET /resource_providers/1c6b6b45-c98d-40f4-9326-dd0e9428377f/aggregates => generated 235 bytes in 54 msecs (HTTP/1.1 404) 5 headers in 202 bytes (1 switches on core 0)
2026-05-21 06:22:22.139 7 INFO placement.requestlog [None req-7a8387b0-c329-4184-9a71-3968b641fb44 0fe036fbb32b44a7aa1fc29592d4ea51 f1d8b591a5fc43e783fe261d7e27ba0e - - 6846f9a5bf764d7ca471e3b05053d4e4 6846f9a5bf764d7ca471e3b05053d4e4] 10.0.0.108 "GET /resource_providers/1c6b6b45-c98d-40f4-9326-dd0e9428377f/aggregates" status: 404 len: 235 microversion: 1.1 [pid: 7|app: 0|req: 599/1209] 10.0.0.108 () {32 vars in 824 bytes} [Thu May 21 06:22:22 2026] GET /resource_providers/1c6b6b45-c98d-40f4-9326-dd0e9428377f/aggregates => generated 235 bytes in 69 msecs (HTTP/1.1 404) 5 headers in 202 bytes (1 switches on core 0)
2026-05-21 06:22:22.144 8 INFO placement.requestlog [None req-645f0480-42ef-4d9d-97b7-4b1a8d926433 0fe036fbb32b44a7aa1fc29592d4ea51 f1d8b591a5fc43e783fe261d7e27ba0e - - 6846f9a5bf764d7ca471e3b05053d4e4 6846f9a5bf764d7ca471e3b05053d4e4] 10.0.0.108 "DELETE /resource_providers/1c6b6b45-c98d-40f4-9326-dd0e9428377f" status: 404 len: 246 microversion: 1.1 [pid: 8|app: 0|req: 611/1210] 10.0.0.108 () {34 vars in 824 bytes} [Thu May 21 06:22:22 2026] DELETE /resource_providers/1c6b6b45-c98d-40f4-9326-dd0e9428377f => generated 246 bytes in 10 msecs (HTTP/1.1 404) 6 headers in 231 bytes (1 switches on core 0)
2026-05-21 06:22:22.152 7 INFO placement.requestlog [None req-9effc1ac-87c1-4191-8556-1126265ec2a5 0fe036fbb32b44a7aa1fc29592d4ea51 f1d8b591a5fc43e783fe261d7e27ba0e - - 6846f9a5bf764d7ca471e3b05053d4e4 6846f9a5bf764d7ca471e3b05053d4e4] 10.0.0.108 "DELETE /resource_providers/1c6b6b45-c98d-40f4-9326-dd0e9428377f" status: 404 len: 246 microversion: 1.1 [pid: 7|app: 0|req: 600/1211] 10.0.0.108 () {34 vars in 824 bytes} [Thu May 21 06:22:22 2026] DELETE /resource_providers/1c6b6b45-c98d-40f4-9326-dd0e9428377f => generated 246 bytes in 8 msecs (HTTP/1.1 404) 6 headers in 231 bytes (1 switches on core 0)
2026-05-21 06:22:22.515 8 INFO placement.requestlog [None req-67000216-c005-4439-951b-4060a5fe3224 0fe036fbb32b44a7aa1fc29592d4ea51 f1d8b591a5fc43e783fe261d7e27ba0e - - 6846f9a5bf764d7ca471e3b05053d4e4 6846f9a5bf764d7ca471e3b05053d4e4] 10.0.0.108 "GET /resource_providers/f203c1a7-a1f0-4cfd-b541-6b2c7349647f/aggregates" status: 404 len: 235 microversion: 1.1 [pid: 8|app: 0|req: 612/1212] 10.0.0.108 () {32 vars in 824 bytes} [Thu May 21 06:22:22 2026] GET /resource_providers/f203c1a7-a1f0-4cfd-b541-6b2c7349647f/aggregates => generated 235 bytes in 13 msecs (HTTP/1.1 404) 5 headers in 202 bytes (1 switches on core 0)
2026-05-21 06:22:22.518 7 INFO placement.requestlog [None req-4e2cbfdd-5154-445a-a027-65f1de9f5551 0fe036fbb32b44a7aa1fc29592d4ea51 f1d8b591a5fc43e783fe261d7e27ba0e - - 6846f9a5bf764d7ca471e3b05053d4e4 6846f9a5bf764d7ca471e3b05053d4e4] 10.0.0.108 "GET /resource_providers/f203c1a7-a1f0-4cfd-b541-6b2c7349647f/aggregates" status: 404 len: 235 microversion: 1.1 [pid: 7|app: 0|req: 601/1213] 10.0.0.108 () {32 vars in 824 bytes} [Thu May 21 06:22:22 2026] GET /resource_providers/f203c1a7-a1f0-4cfd-b541-6b2c7349647f/aggregates => generated 235 bytes in 10 msecs (HTTP/1.1 404) 5 headers in 202 bytes (1 switches on core 0)
2026-05-21 06:22:22.539 7 INFO placement.requestlog [None req-f7aa720d-21e0-4f47-9f65-14d33ebb7231 0fe036fbb32b44a7aa1fc29592d4ea51 f1d8b591a5fc43e783fe261d7e27ba0e - - 6846f9a5bf764d7ca471e3b05053d4e4 6846f9a5bf764d7ca471e3b05053d4e4] 10.0.0.108 "DELETE /resource_providers/f203c1a7-a1f0-4cfd-b541-6b2c7349647f" status: 404 len: 246 microversion: 1.1 [pid: 7|app: 0|req: 602/1214] 10.0.0.108 () {34 vars in 824 bytes} [Thu May 21 06:22:22 2026] DELETE /resource_providers/f203c1a7-a1f0-4cfd-b541-6b2c7349647f => generated 246 bytes in 10 msecs (HTTP/1.1 404) 6 headers in 231 bytes (1 switches on core 0)
2026-05-21 06:22:22.539 8 INFO placement.requestlog [None req-977d1b6b-6b09-46fd-b3c8-f69b00876704 0fe036fbb32b44a7aa1fc29592d4ea51 f1d8b591a5fc43e783fe261d7e27ba0e - - 6846f9a5bf764d7ca471e3b05053d4e4 6846f9a5bf764d7ca471e3b05053d4e4] 10.0.0.108 "DELETE /resource_providers/f203c1a7-a1f0-4cfd-b541-6b2c7349647f" status: 404 len: 246 microversion: 1.1 [pid: 8|app: 0|req: 613/1215] 10.0.0.108 () {34 vars in 824 bytes} [Thu May 21 06:22:22 2026] DELETE /resource_providers/f203c1a7-a1f0-4cfd-b541-6b2c7349647f => generated 246 bytes in 11 msecs (HTTP/1.1 404) 6 headers in 231 bytes (1 switches on core 0)
2026-05-21 06:22:26.299 8 INFO placement.requestlog [None req-2eba7dcb-5031-4e85-995f-86737e3d02fd - - - - - -] 10.0.0.48 "GET /" status: 200 len: 136 microversion: 1.0
2026-05-21 06:22:26.299 7 INFO placement.requestlog [None req-8da3e3fe-ed60-49c8-a001-a047dd49ccc9 - - - - - -] 10.0.0.48 "GET /" status: 200 len: 136 microversion: 1.0
2026-05-21 06:22:36.298 7 INFO placement.requestlog [None req-c990abf9-30bb-472b-98ca-f5909889ed07 - - - - - -] 10.0.0.48 "GET /" status: 200 len: 136 microversion: 1.0
2026-05-21 06:22:36.298 8 INFO placement.requestlog [None req-49443c8e-6e57-4a7d-b323-498a354d4e90 - - - - - -] 10.0.0.48 "GET /" status: 200 len: 136 microversion: 1.0
2026-05-21 06:22:46.299 7 INFO placement.requestlog [None req-d6624700-5359-4cc5-85ec-fa80500c64c2 - - - - - -] 10.0.0.48 "GET /" status: 200 len: 136 microversion: 1.0
2026-05-21 06:22:46.299 8 INFO placement.requestlog [None req-3d43d343-5073-4baa-b109-2cf19fe6f16d - - - - - -] 10.0.0.48 "GET /" status: 200 len: 136 microversion: 1.0
2026-05-21 06:22:56.298 7 INFO placement.requestlog [None req-5696b991-640e-492d-b1b2-e74e0cd22257 - - - - - -] 10.0.0.48 "GET /" status: 200 len: 136 microversion: 1.0
2026-05-21 06:22:56.299 8 INFO placement.requestlog [None req-69af9604-4afb-40f2-961a-2d9ed4590d91 - - - - - -] 10.0.0.48 "GET /" status: 200 len: 136 microversion: 1.0
2026-05-21 06:23:06.297 7 INFO placement.requestlog [None req-9918c65c-cceb-4fdd-9507-8179998a79a5 - - - - - -] 10.0.0.48 "GET /" status: 200 len: 136 microversion: 1.0
2026-05-21 06:23:06.299 8 INFO placement.requestlog [None req-3d0c680d-74ab-49c0-ae88-e37f5cbdfe38 - - - - - -] 10.0.0.48 "GET /" status: 200 len: 136 microversion: 1.0
2026-05-21 06:23:15.165 7 INFO placement.requestlog [req-3b0f848c-dc0d-4eda-9b3c-0a7faacd9a42 req-748cc1a6-8db4-48c9-b255-08422f5e0278 92c64250ff3c40379559857c10e2ece8 f1d8b591a5fc43e783fe261d7e27ba0e - - 6846f9a5bf764d7ca471e3b05053d4e4 6846f9a5bf764d7ca471e3b05053d4e4] 199.19.213.128 "GET /resource_providers/e40eee62-5f64-4a82-96d4-6a09843497f6/allocations" status: 200 len: 55 microversion: 1.0 [pid: 7|app: 0|req: 608/1226] 199.19.213.128 () {32 vars in 856 bytes} [Thu May 21 06:23:15 2026] GET /resource_providers/e40eee62-5f64-4a82-96d4-6a09843497f6/allocations => generated 55 bytes in 15 msecs (HTTP/1.1 200) 6 headers in 223 bytes (1 switches on core 0)
2026-05-21 06:23:15.188 8 INFO placement.requestlog [req-3b0f848c-dc0d-4eda-9b3c-0a7faacd9a42 req-1962f7f6-cc3c-4a59-803b-d67b7c5512c9 92c64250ff3c40379559857c10e2ece8 f1d8b591a5fc43e783fe261d7e27ba0e - - 6846f9a5bf764d7ca471e3b05053d4e4 6846f9a5bf764d7ca471e3b05053d4e4] 199.19.213.128 "GET /resource_providers/e40eee62-5f64-4a82-96d4-6a09843497f6/allocations" status: 200 len: 55 microversion: 1.0 [pid: 8|app: 0|req: 619/1227] 199.19.213.128 () {32 vars in 856 bytes} [Thu May 21 06:23:15 2026] GET /resource_providers/e40eee62-5f64-4a82-96d4-6a09843497f6/allocations => generated 55 bytes in 14 msecs (HTTP/1.1 200) 6 headers in 223 bytes (1 switches on core 0)
2026-05-21 06:23:16.298 8 INFO placement.requestlog [None req-7ca73e86-980e-43c4-bfe4-300833d64430 - - - - - -] 10.0.0.48 "GET /" status: 200 len: 136 microversion: 1.0
2026-05-21 06:23:16.298 7 INFO placement.requestlog [None req-c1532640-a272-4b95-801b-d0ee65000a99 - - - - - -] 10.0.0.48 "GET /" status: 200 len: 136 microversion: 1.0
2026-05-21 06:23:26.298 8 INFO placement.requestlog [None req-c5842a6f-14e2-4edb-991d-6557f04a99a4 - - - - - -] 10.0.0.48 "GET /" status: 200 len: 136 microversion: 1.0
2026-05-21 06:23:26.298 7 INFO placement.requestlog [None req-8c4b5ee1-c800-4f03-8ae3-ec73452add64 - - - - - -] 10.0.0.48 "GET /" status: 200 len: 136 microversion: 1.0
2026-05-21 06:23:36.300 8 INFO placement.requestlog [None req-06c8971b-dca7-42f9-9427-0bfd308b8081 - - - - - -] 10.0.0.48 "GET /" status: 200 len: 136 microversion: 1.0
2026-05-21 06:23:36.301 7 INFO placement.requestlog [None req-839ae77f-c933-4f92-b547-411bf2911b23 - - - - - -] 10.0.0.48 "GET /" status: 200 len: 136 microversion: 1.0
2026-05-21 06:23:46.298 8 INFO placement.requestlog [None req-4be84686-ea3c-4e6b-964f-4ea716b0d93b - - - - - -] 10.0.0.48 "GET /" status: 200 len: 136 microversion: 1.0
2026-05-21 06:23:46.298 7 INFO placement.requestlog [None req-0bd46481-e45b-4eca-8b1a-d417c0aefbcf - - - - - -] 10.0.0.48 "GET /" status: 200 len: 136 microversion: 1.0
2026-05-21 06:23:56.298 7 INFO placement.requestlog [None req-4641bb10-5f03-4c8b-a9dc-58a8ed2bb6bd - - - - - -] 10.0.0.48 "GET /" status: 200 len: 136 microversion: 1.0
2026-05-21 06:23:56.298 8 INFO placement.requestlog [None req-60294619-9688-4dd5-b73b-fa9f8f1f9914 - - - - - -] 10.0.0.48 "GET /" status: 200 len: 136 microversion: 1.0
2026-05-21 06:24:06.298 7 INFO placement.requestlog [None req-4b1e2faf-f8b9-43b5-b2bc-2afea1cefc75 - - - - - -] 10.0.0.48 "GET /" status: 200 len: 136 microversion: 1.0
2026-05-21 06:24:06.299 8 INFO placement.requestlog [None req-af138be2-ecbb-4405-938a-a48fd6562789 - - - - - -] 10.0.0.48 "GET /" status: 200 len: 136 microversion: 1.0
2026-05-21 06:24:16.297 7 INFO placement.requestlog [None req-bb85f778-9783-4eb7-a94e-9c8a43f45a57 - - - - - -] 10.0.0.48 "GET /" status: 200 len: 136 microversion: 1.0
2026-05-21 06:24:16.298 8 INFO placement.requestlog [None req-23e84ebc-7304-4c84-91d8-b313d5c11a6f - - - - - -] 10.0.0.48 "GET /" status: 200 len: 136 microversion: 1.0
2026-05-21 06:24:17.570 7 INFO placement.requestlog [req-d208d060-d1c8-4fa2-9c07-08f2de56da94 req-a79c93bc-46af-4461-b4d3-9cc4f36d3801 92c64250ff3c40379559857c10e2ece8 f1d8b591a5fc43e783fe261d7e27ba0e - - 6846f9a5bf764d7ca471e3b05053d4e4 6846f9a5bf764d7ca471e3b05053d4e4] 199.19.213.128 "GET /resource_providers/e40eee62-5f64-4a82-96d4-6a09843497f6/allocations" status: 200 len: 55 microversion: 1.0 [pid: 7|app: 0|req: 616/1242] 199.19.213.128 () {32 vars in 856 bytes} [Thu May 21 06:24:17 2026] GET /resource_providers/e40eee62-5f64-4a82-96d4-6a09843497f6/allocations => generated 55 bytes in 159 msecs (HTTP/1.1 200) 6 headers in 223 bytes (1 switches on core 0)
2026-05-21 06:24:17.598 8 INFO placement.requestlog [req-d208d060-d1c8-4fa2-9c07-08f2de56da94 req-0bee07e8-8d04-417d-a1ca-f2424a375ef3 92c64250ff3c40379559857c10e2ece8 f1d8b591a5fc43e783fe261d7e27ba0e - - 6846f9a5bf764d7ca471e3b05053d4e4 6846f9a5bf764d7ca471e3b05053d4e4] 199.19.213.128 "GET /resource_providers?in_tree=e40eee62-5f64-4a82-96d4-6a09843497f6" status: 200 len: 798 microversion: 1.14 [pid: 8|app: 0|req: 627/1243] 199.19.213.128 () {34 vars in 891 bytes} [Thu May 21 06:24:17 2026] GET /resource_providers?in_tree=e40eee62-5f64-4a82-96d4-6a09843497f6 => generated 798 bytes in 21 msecs (HTTP/1.1 200) 6 headers in 225 bytes (1 switches on core 0)
2026-05-21 06:24:17.625 7 INFO placement.requestlog [req-d208d060-d1c8-4fa2-9c07-08f2de56da94 req-3d049d40-3ab7-449d-9578-f03c82b042bb 92c64250ff3c40379559857c10e2ece8 f1d8b591a5fc43e783fe261d7e27ba0e - - 6846f9a5bf764d7ca471e3b05053d4e4 6846f9a5bf764d7ca471e3b05053d4e4] 199.19.213.128 "GET /resource_providers/e40eee62-5f64-4a82-96d4-6a09843497f6/inventories" status: 200 len: 401 microversion: 1.0 [pid: 7|app: 0|req: 617/1244] 199.19.213.128 () {32 vars in 856 bytes} [Thu May 21 06:24:17 2026] GET /resource_providers/e40eee62-5f64-4a82-96d4-6a09843497f6/inventories => generated 401 bytes in 19 msecs (HTTP/1.1 200) 6 headers in 224 bytes (1 switches on core 0)
2026-05-21 06:24:17.647 8 INFO placement.requestlog [req-d208d060-d1c8-4fa2-9c07-08f2de56da94 req-51aad8bf-14ac-4c10-8654-add5067cb4f2 92c64250ff3c40379559857c10e2ece8 f1d8b591a5fc43e783fe261d7e27ba0e - - 6846f9a5bf764d7ca471e3b05053d4e4 6846f9a5bf764d7ca471e3b05053d4e4] 199.19.213.128 "GET /resource_providers/e40eee62-5f64-4a82-96d4-6a09843497f6/aggregates" status: 200 len: 54 microversion: 1.19 [pid: 8|app: 0|req: 628/1245] 199.19.213.128 () {34 vars in 898 bytes} [Thu May 21 06:24:17 2026] GET /resource_providers/e40eee62-5f64-4a82-96d4-6a09843497f6/aggregates => generated 54 bytes in 12 msecs (HTTP/1.1 200) 8 headers in 295 bytes (1 switches on core 0)
2026-05-21 06:24:17.675 7 INFO placement.requestlog [req-d208d060-d1c8-4fa2-9c07-08f2de56da94 req-a224125e-60e2-4a10-a3f2-5cb8a527257c 92c64250ff3c40379559857c10e2ece8 f1d8b591a5fc43e783fe261d7e27ba0e - - 6846f9a5bf764d7ca471e3b05053d4e4 6846f9a5bf764d7ca471e3b05053d4e4] 199.19.213.128 "GET /resource_providers/e40eee62-5f64-4a82-96d4-6a09843497f6/traits" status: 200 len: 1683 microversion: 1.6 [pid: 7|app: 0|req: 618/1246] 199.19.213.128 () {34 vars in 889 bytes} [Thu May 21 06:24:17 2026] GET /resource_providers/e40eee62-5f64-4a82-96d4-6a09843497f6/traits => generated 1683 bytes in 21 msecs (HTTP/1.1 200) 6 headers in 225 bytes (1 switches on core 0)
2026-05-21 06:24:17.698 8 INFO placement.requestlog [req-d208d060-d1c8-4fa2-9c07-08f2de56da94 req-82109dfe-9d0f-4acd-bd47-a59baa784412 92c64250ff3c40379559857c10e2ece8 f1d8b591a5fc43e783fe261d7e27ba0e - - 6846f9a5bf764d7ca471e3b05053d4e4 6846f9a5bf764d7ca471e3b05053d4e4] 199.19.213.128 "GET /resource_providers/e40eee62-5f64-4a82-96d4-6a09843497f6/allocations" status: 200 len: 55 microversion: 1.0 [pid: 8|app: 0|req: 629/1247] 199.19.213.128 () {32 vars in 856 bytes} [Thu May 21 06:24:17 2026] GET /resource_providers/e40eee62-5f64-4a82-96d4-6a09843497f6/allocations => generated 55 bytes in 14 msecs (HTTP/1.1 200) 6 headers in 223 bytes (1 switches on core 0)
2026-05-21 06:24:26.298 7 INFO placement.requestlog [None req-54a36ab1-2588-4507-9286-dba57f6e0afd - - - - - -] 10.0.0.48 "GET /" status: 200 len: 136 microversion: 1.0
2026-05-21 06:24:26.303 8 INFO placement.requestlog [None req-f268782a-08f8-492b-b306-625e6f5244d2 - - - - - -] 10.0.0.48 "GET /" status: 200 len: 136 microversion: 1.0
2026-05-21 06:24:36.297 8 INFO placement.requestlog [None req-f24d0273-cb0c-44d8-9b4b-966068e5caeb - - - - - -] 10.0.0.48 "GET /" status: 200 len: 136 microversion: 1.0
2026-05-21 06:24:36.298 7 INFO placement.requestlog [None req-347e26c6-c829-4385-a96f-cb5aa3219820 - - - - - -] 10.0.0.48 "GET /" status: 200 len: 136 microversion: 1.0
2026-05-21 06:24:46.298 7 INFO placement.requestlog [None req-9938f5e7-5856-41e1-8990-f367f4ee3fff - - - - - -] 10.0.0.48 "GET /" status: 200 len: 136 microversion: 1.0
2026-05-21 06:24:46.298 8 INFO placement.requestlog [None req-feba5d5f-6541-4aea-9658-989caf1227f8 - - - - - -] 10.0.0.48 "GET /" status: 200 len: 136 microversion: 1.0
2026-05-21 06:24:56.298 7 INFO placement.requestlog [None req-8c288af9-3ab1-4c30-a0b8-defc48bfbfaf - - - - - -] 10.0.0.48 "GET /" status: 200 len: 136 microversion: 1.0
2026-05-21 06:24:56.299 8 INFO placement.requestlog [None req-1079521f-9fde-4a82-beb8-2314118769a6 - - - - - -] 10.0.0.48 "GET /" status: 200 len: 136 microversion: 1.0
2026-05-21 06:25:06.297 7 INFO placement.requestlog [None req-23e087dc-e4f9-4d5c-93a9-6998109f7af2 - - - - - -] 10.0.0.48 "GET /" status: 200 len: 136 microversion: 1.0
2026-05-21 06:25:06.297 8 INFO placement.requestlog [None req-13b3768a-1c3e-4c95-8785-248e070be518 - - - - - -] 10.0.0.48 "GET /" status: 200 len: 136 microversion: 1.0
2026-05-21 06:25:16.297 7 INFO placement.requestlog [None req-9ce87d73-28f7-495a-ae24-a778053b3d32 - - - - - -] 10.0.0.48 "GET /" status: 200 len: 136 microversion: 1.0
2026-05-21 06:25:16.298 8 INFO placement.requestlog [None req-57862184-d5bd-497c-95c9-6359944b9422 - - - - - -] 10.0.0.48 "GET /" status: 200 len: 136 microversion: 1.0
2026-05-21 06:25:19.332 7 INFO placement.requestlog [req-e8019bf4-795a-4019-ae71-f351c97be73e req-9aa65515-c29c-477b-b110-87e4b51ba00b 92c64250ff3c40379559857c10e2ece8 f1d8b591a5fc43e783fe261d7e27ba0e - - 6846f9a5bf764d7ca471e3b05053d4e4 6846f9a5bf764d7ca471e3b05053d4e4] 199.19.213.128 "GET /resource_providers/e40eee62-5f64-4a82-96d4-6a09843497f6/allocations" status: 200 len: 55 microversion: 1.0 [pid: 7|app: 0|req: 625/1260] 199.19.213.128 () {32 vars in 856 bytes} [Thu May 21 06:25:19 2026] GET /resource_providers/e40eee62-5f64-4a82-96d4-6a09843497f6/allocations => generated 55 bytes in 23 msecs (HTTP/1.1 200) 6 headers in 223 bytes (1 switches on core 0)
2026-05-21 06:25:19.362 8 INFO placement.requestlog [req-e8019bf4-795a-4019-ae71-f351c97be73e req-29fdc514-fa34-48c3-a72e-0934945a4a2e 92c64250ff3c40379559857c10e2ece8 f1d8b591a5fc43e783fe261d7e27ba0e - - 6846f9a5bf764d7ca471e3b05053d4e4 6846f9a5bf764d7ca471e3b05053d4e4] 199.19.213.128 "GET /resource_providers/e40eee62-5f64-4a82-96d4-6a09843497f6/allocations" status: 200 len: 55 microversion: 1.0 [pid: 8|app: 0|req: 636/1261] 199.19.213.128 () {32 vars in 856 bytes} [Thu May 21 06:25:19 2026] GET /resource_providers/e40eee62-5f64-4a82-96d4-6a09843497f6/allocations => generated 55 bytes in 19 msecs (HTTP/1.1 200) 6 headers in 223 bytes (1 switches on core 0)
2026-05-21 06:25:26.298 8 INFO placement.requestlog [None req-77b939e6-2999-4b12-8082-ac42f30aa86a - - - - - -] 10.0.0.48 "GET /" status: 200 len: 136 microversion: 1.0
2026-05-21 06:25:26.298 7 INFO placement.requestlog [None req-c1b4c58e-3fb7-45de-a949-8aa856c5aec3 - - - - - -] 10.0.0.48 "GET /" status: 200 len: 136 microversion: 1.0
2026-05-21 06:25:36.298 7 INFO placement.requestlog [None req-d80171a9-f40b-4aed-875f-e5533ad3a3b7 - - - - - -] 10.0.0.48 "GET /" status: 200 len: 136 microversion: 1.0
2026-05-21 06:25:36.298 8 INFO placement.requestlog [None req-80764911-3588-40e3-8cd2-e019a81b4e75 - - - - - -] 10.0.0.48 "GET /" status: 200 len: 136 microversion: 1.0
2026-05-21 06:25:46.297 8 INFO placement.requestlog [None req-f3d97925-6200-451b-8c95-3f226c22712c - - - - - -] 10.0.0.48 "GET /" status: 200 len: 136 microversion: 1.0
2026-05-21 06:25:46.297 7 INFO placement.requestlog [None req-940a6040-c9e0-4680-87a5-acc520518edf - - - - - -] 10.0.0.48 "GET /" status: 200 len: 136 microversion: 1.0
2026-05-21 06:25:56.297 8 INFO placement.requestlog [None req-d4f89ec1-0ed5-4be6-afd4-7685c3568c13 - - - - - -] 10.0.0.48 "GET /" status: 200 len: 136 microversion: 1.0
2026-05-21 06:25:56.298 7 INFO placement.requestlog [None req-c0d1eb1b-6f9f-4ff1-bf5a-17acde8d3a8a - - - - - -] 10.0.0.48 "GET /" status: 200 len: 136 microversion: 1.0
2026-05-21 06:26:06.297 8 INFO placement.requestlog [None req-45a3469a-e172-4eb4-add4-22660d889b68 - - - - - -] 10.0.0.48 "GET /" status: 200 len: 136 microversion: 1.0
2026-05-21 06:26:06.297 7 INFO placement.requestlog [None req-9bacc222-f59b-4321-9b48-dc47c1176e1f - - - - - -] 10.0.0.48 "GET /" status: 200 len: 136 microversion: 1.0
2026-05-21 06:26:16.298 8 INFO placement.requestlog [None req-6bc95550-57c1-45e0-87ec-a9e02dcb30c7 - - - - - -] 10.0.0.48 "GET /" status: 200 len: 136 microversion: 1.0
2026-05-21 06:26:16.298 7 INFO placement.requestlog [None req-43408dad-dd27-409a-a8fe-4284c229a8de - - - - - -] 10.0.0.48 "GET /" status: 200 len: 136 microversion: 1.0
2026-05-21 06:26:21.416 8 INFO placement.requestlog [req-cb5a5635-007b-4f94-aa17-3dd9abf052bf req-4dee10cd-23fe-4023-99ee-12f7368f7ea3 92c64250ff3c40379559857c10e2ece8 f1d8b591a5fc43e783fe261d7e27ba0e - - 6846f9a5bf764d7ca471e3b05053d4e4 6846f9a5bf764d7ca471e3b05053d4e4] 199.19.213.128 "GET /resource_providers/e40eee62-5f64-4a82-96d4-6a09843497f6/allocations" status: 200 len: 55 microversion: 1.0 [pid: 8|app: 0|req: 643/1274] 199.19.213.128 () {32 vars in 856 bytes} [Thu May 21 06:26:21 2026] GET /resource_providers/e40eee62-5f64-4a82-96d4-6a09843497f6/allocations => generated 55 bytes in 19 msecs (HTTP/1.1 200) 6 headers in 223 bytes (1 switches on core 0)
2026-05-21 06:26:21.439 7 INFO placement.requestlog [req-cb5a5635-007b-4f94-aa17-3dd9abf052bf req-1edad004-3278-4424-8dc1-8fd89814b709 92c64250ff3c40379559857c10e2ece8 f1d8b591a5fc43e783fe261d7e27ba0e - - 6846f9a5bf764d7ca471e3b05053d4e4 6846f9a5bf764d7ca471e3b05053d4e4] 199.19.213.128 "GET /resource_providers/e40eee62-5f64-4a82-96d4-6a09843497f6/allocations" status: 200 len: 55 microversion: 1.0 [pid: 7|app: 0|req: 632/1275] 199.19.213.128 () {32 vars in 856 bytes} [Thu May 21 06:26:21 2026] GET /resource_providers/e40eee62-5f64-4a82-96d4-6a09843497f6/allocations => generated 55 bytes in 17 msecs (HTTP/1.1 200) 6 headers in 223 bytes (1 switches on core 0)
2026-05-21 06:26:26.297 8 INFO placement.requestlog [None req-f060414c-f785-450a-a10c-96fae41ff298 - - - - - -] 10.0.0.48 "GET /" status: 200 len: 136 microversion: 1.0
2026-05-21 06:26:26.297 7 INFO placement.requestlog [None req-5f3e8c54-1583-4a1a-91ed-869e631cacbf - - - - - -] 10.0.0.48 "GET /" status: 200 len: 136 microversion: 1.0
2026-05-21 06:26:36.298 7 INFO placement.requestlog [None req-f06fdfed-83c7-4324-b83f-6d2bd6d4ccd1 - - - - - -] 10.0.0.48 "GET /" status: 200 len: 136 microversion: 1.0
2026-05-21 06:26:36.298 8 INFO placement.requestlog [None req-33e2f4e9-a907-4e47-89b4-947e0b6181b7 - - - - - -] 10.0.0.48 "GET /" status: 200 len: 136 microversion: 1.0
2026-05-21 06:26:46.298 8 INFO placement.requestlog [None req-65846502-3636-47ac-be48-308af326fee1 - - - - - -] 10.0.0.48 "GET /" status: 200 len: 136 microversion: 1.0
2026-05-21 06:26:46.298 7 INFO placement.requestlog [None req-2812ea85-c895-4ca4-8379-29d50b3168e5 - - - - - -] 10.0.0.48 "GET /" status: 200 len: 136 microversion: 1.0
2026-05-21 06:26:56.299 7 INFO placement.requestlog [None req-7f4bd912-988d-4c25-bbb6-d0398f136f5b - - - - - -] 10.0.0.48 "GET /" status: 200 len: 136 microversion: 1.0
2026-05-21 06:26:56.299 8 INFO placement.requestlog [None req-54f2bc16-9f6f-4bf7-982e-9fc77b5684d8 - - - - - -] 10.0.0.48 "GET /" status: 200 len: 136 microversion: 1.0
2026-05-21 06:27:06.299 7 INFO placement.requestlog [None req-1974685d-643a-46d0-b4a6-5d3c48c771a0 - - - - - -] 10.0.0.48 "GET /" status: 200 len: 136 microversion: 1.0
2026-05-21 06:27:06.300 8 INFO placement.requestlog [None req-a3edcac5-ed9e-4f5e-9b32-9d4c41535186 - - - - - -] 10.0.0.48 "GET /" status: 200 len: 136 microversion: 1.0
2026-05-21 06:27:16.298 7 INFO placement.requestlog [None req-d6e809dd-e469-4631-88f1-34cf8d761bf7 - - - - - -] 10.0.0.48 "GET /" status: 200 len: 136 microversion: 1.0
2026-05-21 06:27:16.298 8 INFO placement.requestlog [None req-3cc1e160-7285-441c-80e7-1a139b4bd095 - - - - - -] 10.0.0.48 "GET /" status: 200 len: 136 microversion: 1.0
2026-05-21 06:27:22.403 7 INFO placement.requestlog [req-677886ba-5372-4b71-a6a9-7df5d3808491 req-a914def0-d173-4381-a8dd-760f20927266 92c64250ff3c40379559857c10e2ece8 f1d8b591a5fc43e783fe261d7e27ba0e - - 6846f9a5bf764d7ca471e3b05053d4e4 6846f9a5bf764d7ca471e3b05053d4e4] 199.19.213.128 "GET /resource_providers/e40eee62-5f64-4a82-96d4-6a09843497f6/allocations" status: 200 len: 55 microversion: 1.0 [pid: 7|app: 0|req: 639/1288] 199.19.213.128 () {32 vars in 856 bytes} [Thu May 21 06:27:22 2026] GET /resource_providers/e40eee62-5f64-4a82-96d4-6a09843497f6/allocations => generated 55 bytes in 13 msecs (HTTP/1.1 200) 6 headers in 223 bytes (1 switches on core 0)
2026-05-21 06:27:22.430 8 INFO placement.requestlog [req-677886ba-5372-4b71-a6a9-7df5d3808491 req-fbd75b65-a740-4209-b9fa-550de172adc9 92c64250ff3c40379559857c10e2ece8 f1d8b591a5fc43e783fe261d7e27ba0e - - 6846f9a5bf764d7ca471e3b05053d4e4 6846f9a5bf764d7ca471e3b05053d4e4] 199.19.213.128 "GET /resource_providers/e40eee62-5f64-4a82-96d4-6a09843497f6/allocations" status: 200 len: 55 microversion: 1.0 [pid: 8|app: 0|req: 650/1289] 199.19.213.128 () {32 vars in 856 bytes} [Thu May 21 06:27:22 2026] GET /resource_providers/e40eee62-5f64-4a82-96d4-6a09843497f6/allocations => generated 55 bytes in 17 msecs (HTTP/1.1 200) 6 headers in 223 bytes (1 switches on core 0)
