May 28 16:30:21.881711 np0000177216 systemd[1]: Starting devstack@n-api-meta.service - Devstack devstack@n-api-meta.service...
May 28 16:30:21.887883 np0000177216 devstack@n-api-meta.service[108191]: [uWSGI] getting INI configuration from /etc/nova/nova-metadata-uwsgi.ini
May 28 16:30:21.890713 np0000177216 devstack@n-api-meta.service[108191]: *** Starting uWSGI 2.0.24-debian (64bit) on [Thu May 28 16:30:21 2026] ***
May 28 16:30:21.890713 np0000177216 devstack@n-api-meta.service[108191]: compiled with version: 13.2.0 on 17 April 2024 16:23:48
May 28 16:30:21.890713 np0000177216 devstack@n-api-meta.service[108191]: os: Linux-6.8.0-117-generic #117-Ubuntu SMP PREEMPT_DYNAMIC Tue May 5 19:26:24 UTC 2026
May 28 16:30:21.890713 np0000177216 devstack@n-api-meta.service[108191]: nodename: np0000177216
May 28 16:30:21.890713 np0000177216 devstack@n-api-meta.service[108191]: machine: x86_64
May 28 16:30:21.890713 np0000177216 devstack@n-api-meta.service[108191]: clock source: unix
May 28 16:30:21.890713 np0000177216 devstack@n-api-meta.service[108191]: pcre jit disabled
May 28 16:30:21.890713 np0000177216 devstack@n-api-meta.service[108191]: detected number of CPU cores: 16
May 28 16:30:21.890713 np0000177216 devstack@n-api-meta.service[108191]: current working directory: /
May 28 16:30:21.890713 np0000177216 devstack@n-api-meta.service[108191]: detected binary path: /usr/bin/uwsgi-core
May 28 16:30:21.890713 np0000177216 devstack@n-api-meta.service[108191]: your processes number limit is 256917
May 28 16:30:21.890713 np0000177216 devstack@n-api-meta.service[108191]: your memory page size is 4096 bytes
May 28 16:30:21.890713 np0000177216 devstack@n-api-meta.service[108191]: detected max file descriptor number: 2048
May 28 16:30:21.890713 np0000177216 devstack@n-api-meta.service[108191]: lock engine: pthread robust mutexes
May 28 16:30:21.891491 np0000177216 devstack@n-api-meta.service[108191]: thunder lock: enabled
May 28 16:30:21.891491 np0000177216 devstack@n-api-meta.service[108191]: uWSGI http bound on 0.0.0.0:8775 fd 5
May 28 16:30:21.891491 np0000177216 devstack@n-api-meta.service[108191]: uwsgi socket 0 bound to TCP address 127.0.0.1:37449 (port auto-assigned) fd 4
May 28 16:30:21.891491 np0000177216 devstack@n-api-meta.service[108191]: Python version: 3.12.3 (main, Mar 23 2026, 19:04:32) [GCC 13.3.0]
May 28 16:30:21.891491 np0000177216 devstack@n-api-meta.service[108191]: PEP 405 virtualenv detected: /opt/stack/data/venv
May 28 16:30:21.891491 np0000177216 devstack@n-api-meta.service[108191]: Set PythonHome to /opt/stack/data/venv
May 28 16:30:21.926153 np0000177216 devstack@n-api-meta.service[108191]: Python main interpreter initialized at 0x7241c88a3668
May 28 16:30:21.926153 np0000177216 devstack@n-api-meta.service[108191]: python threads support enabled
May 28 16:30:21.926153 np0000177216 devstack@n-api-meta.service[108191]: your server socket listen backlog is limited to 100 connections
May 28 16:30:21.926153 np0000177216 devstack@n-api-meta.service[108191]: your mercy for graceful operations on workers is 80 seconds
May 28 16:30:21.926710 np0000177216 devstack@n-api-meta.service[108191]: mapped 671795 bytes (656 KB) for 4 cores
May 28 16:30:21.926856 np0000177216 devstack@n-api-meta.service[108191]: *** Operational MODE: preforking ***
May 28 16:30:21.927008 np0000177216 devstack@n-api-meta.service[108191]: *** uWSGI is running in multiple interpreter mode ***
May 28 16:30:21.927008 np0000177216 devstack@n-api-meta.service[108191]: spawned uWSGI master process (pid: 108191)
May 28 16:30:21.927277 np0000177216 systemd[1]: Started devstack@n-api-meta.service - Devstack devstack@n-api-meta.service.
May 28 16:30:21.927832 np0000177216 devstack@n-api-meta.service[108191]: spawned uWSGI worker 1 (pid: 108192, cores: 1)
May 28 16:30:21.928722 np0000177216 devstack@n-api-meta.service[108191]: spawned uWSGI worker 2 (pid: 108193, cores: 1)
May 28 16:30:21.929314 np0000177216 devstack@n-api-meta.service[108191]: spawned uWSGI worker 3 (pid: 108194, cores: 1)
May 28 16:30:21.929833 np0000177216 devstack@n-api-meta.service[108191]: spawned uWSGI worker 4 (pid: 108195, cores: 1)
May 28 16:30:21.930365 np0000177216 devstack@n-api-meta.service[108191]: spawned uWSGI http 1 (pid: 108196)
May 28 16:30:21.930365 np0000177216 devstack@n-api-meta.service[108191]: running "unix_signal:15 gracefully_kill_them_all" (master-start)...
May 28 16:30:23.713145 np0000177216 devstack@n-api-meta.service[108192]: INFO dbcounter [None req-15e5ff81-691f-4cb0-8852-11e6b56ff925 None None] Registered counter for database nova_api
May 28 16:30:23.743424 np0000177216 devstack@n-api-meta.service[108193]: INFO dbcounter [None req-950671d0-6f61-4b20-84c5-0658b543e8f1 None None] Registered counter for database nova_api
May 28 16:30:23.764903 np0000177216 devstack@n-api-meta.service[108192]: DEBUG oslo_db.sqlalchemy.engines [None req-15e5ff81-691f-4cb0-8852-11e6b56ff925 None None] MySQL server mode set to STRICT_TRANS_TABLES,STRICT_ALL_TABLES,NO_ZERO_IN_DATE,NO_ZERO_DATE,ERROR_FOR_DIVISION_BY_ZERO,TRADITIONAL,NO_ENGINE_SUBSTITUTION {{(pid=108192) _check_effective_sql_mode /opt/stack/data/venv/lib/python3.12/site-packages/oslo_db/sqlalchemy/engines.py:325}}
May 28 16:30:23.772165 np0000177216 devstack@n-api-meta.service[108195]: INFO dbcounter [None req-8e8fd947-e1e3-4246-b87e-22bcd7cf1fe9 None None] Registered counter for database nova_api
May 28 16:30:23.797140 np0000177216 devstack@n-api-meta.service[108192]: DEBUG dbcounter [-] [108192] Writer thread running {{(pid=108192) stat_writer /opt/stack/data/venv/lib/python3.12/site-packages/dbcounter.py:102}}
May 28 16:30:23.800117 np0000177216 devstack@n-api-meta.service[108192]: DEBUG nova.context [None req-15e5ff81-691f-4cb0-8852-11e6b56ff925 None None] Found 2 cells: 00000000-0000-0000-0000-000000000000(cell0),a08d71ad-4285-4aeb-bc17-d687e22c9442(cell1) {{(pid=108192) load_cells /opt/stack/nova/nova/context.py:509}}
May 28 16:30:23.800434 np0000177216 devstack@n-api-meta.service[108192]: INFO nova.utils [None req-15e5ff81-691f-4cb0-8852-11e6b56ff925 None None] The cell worker thread pool MainProcess.cell_worker is initialized
May 28 16:30:23.800853 np0000177216 devstack@n-api-meta.service[108193]: DEBUG oslo_db.sqlalchemy.engines [None req-950671d0-6f61-4b20-84c5-0658b543e8f1 None None] MySQL server mode set to STRICT_TRANS_TABLES,STRICT_ALL_TABLES,NO_ZERO_IN_DATE,NO_ZERO_DATE,ERROR_FOR_DIVISION_BY_ZERO,TRADITIONAL,NO_ENGINE_SUBSTITUTION {{(pid=108193) _check_effective_sql_mode /opt/stack/data/venv/lib/python3.12/site-packages/oslo_db/sqlalchemy/engines.py:325}}
May 28 16:30:23.802884 np0000177216 devstack@n-api-meta.service[108192]: DEBUG oslo_concurrency.lockutils [None req-15e5ff81-691f-4cb0-8852-11e6b56ff925 None None] Acquiring lock "00000000-0000-0000-0000-000000000000" by "nova.context.set_target_cell..get_or_set_cached_cell_and_set_connections" {{(pid=108192) inner /opt/stack/data/venv/lib/python3.12/site-packages/oslo_concurrency/lockutils.py:511}}
May 28 16:30:23.803130 np0000177216 devstack@n-api-meta.service[108192]: DEBUG oslo_concurrency.lockutils [None req-15e5ff81-691f-4cb0-8852-11e6b56ff925 None None] Lock "00000000-0000-0000-0000-000000000000" acquired by "nova.context.set_target_cell..get_or_set_cached_cell_and_set_connections" :: waited 0.000s {{(pid=108192) inner /opt/stack/data/venv/lib/python3.12/site-packages/oslo_concurrency/lockutils.py:524}}
May 28 16:30:23.803622 np0000177216 devstack@n-api-meta.service[108192]: DEBUG oslo_concurrency.lockutils [None req-15e5ff81-691f-4cb0-8852-11e6b56ff925 None None] Lock "00000000-0000-0000-0000-000000000000" "released" by "nova.context.set_target_cell..get_or_set_cached_cell_and_set_connections" :: held 0.001s {{(pid=108192) inner /opt/stack/data/venv/lib/python3.12/site-packages/oslo_concurrency/lockutils.py:543}}
May 28 16:30:23.804703 np0000177216 devstack@n-api-meta.service[108192]: DEBUG oslo_concurrency.lockutils [None req-15e5ff81-691f-4cb0-8852-11e6b56ff925 None None] Acquiring lock "a08d71ad-4285-4aeb-bc17-d687e22c9442" by "nova.context.set_target_cell..get_or_set_cached_cell_and_set_connections" {{(pid=108192) inner /opt/stack/data/venv/lib/python3.12/site-packages/oslo_concurrency/lockutils.py:511}}
May 28 16:30:23.804897 np0000177216 devstack@n-api-meta.service[108192]: DEBUG oslo_concurrency.lockutils [None req-15e5ff81-691f-4cb0-8852-11e6b56ff925 None None] Lock "a08d71ad-4285-4aeb-bc17-d687e22c9442" acquired by "nova.context.set_target_cell..get_or_set_cached_cell_and_set_connections" :: waited 0.000s {{(pid=108192) inner /opt/stack/data/venv/lib/python3.12/site-packages/oslo_concurrency/lockutils.py:524}}
May 28 16:30:23.806087 np0000177216 devstack@n-api-meta.service[108192]: DEBUG oslo_concurrency.lockutils [None req-15e5ff81-691f-4cb0-8852-11e6b56ff925 None None] Lock "a08d71ad-4285-4aeb-bc17-d687e22c9442" "released" by "nova.context.set_target_cell..get_or_set_cached_cell_and_set_connections" :: held 0.001s {{(pid=108192) inner /opt/stack/data/venv/lib/python3.12/site-packages/oslo_concurrency/lockutils.py:543}}
May 28 16:30:23.810165 np0000177216 devstack@n-api-meta.service[108192]: INFO dbcounter [None req-15e5ff81-691f-4cb0-8852-11e6b56ff925 None None] Registered counter for database nova_cell0
May 28 16:30:23.819759 np0000177216 devstack@n-api-meta.service[108192]: INFO dbcounter [None req-15e5ff81-691f-4cb0-8852-11e6b56ff925 None None] Registered counter for database nova_cell1
May 28 16:30:23.822786 np0000177216 devstack@n-api-meta.service[108195]: DEBUG oslo_db.sqlalchemy.engines [None req-8e8fd947-e1e3-4246-b87e-22bcd7cf1fe9 None None] MySQL server mode set to STRICT_TRANS_TABLES,STRICT_ALL_TABLES,NO_ZERO_IN_DATE,NO_ZERO_DATE,ERROR_FOR_DIVISION_BY_ZERO,TRADITIONAL,NO_ENGINE_SUBSTITUTION {{(pid=108195) _check_effective_sql_mode /opt/stack/data/venv/lib/python3.12/site-packages/oslo_db/sqlalchemy/engines.py:325}}
May 28 16:30:23.833467 np0000177216 devstack@n-api-meta.service[108193]: DEBUG dbcounter [-] [108193] Writer thread running {{(pid=108193) stat_writer /opt/stack/data/venv/lib/python3.12/site-packages/dbcounter.py:102}}
May 28 16:30:23.836013 np0000177216 devstack@n-api-meta.service[108193]: DEBUG nova.context [None req-950671d0-6f61-4b20-84c5-0658b543e8f1 None None] Found 2 cells: 00000000-0000-0000-0000-000000000000(cell0),a08d71ad-4285-4aeb-bc17-d687e22c9442(cell1) {{(pid=108193) load_cells /opt/stack/nova/nova/context.py:509}}
May 28 16:30:23.836264 np0000177216 devstack@n-api-meta.service[108193]: INFO nova.utils [None req-950671d0-6f61-4b20-84c5-0658b543e8f1 None None] The cell worker thread pool MainProcess.cell_worker is initialized
May 28 16:30:23.838082 np0000177216 devstack@n-api-meta.service[108193]: DEBUG oslo_concurrency.lockutils [None req-950671d0-6f61-4b20-84c5-0658b543e8f1 None None] Acquiring lock "00000000-0000-0000-0000-000000000000" by "nova.context.set_target_cell..get_or_set_cached_cell_and_set_connections" {{(pid=108193) inner /opt/stack/data/venv/lib/python3.12/site-packages/oslo_concurrency/lockutils.py:511}}
May 28 16:30:23.838286 np0000177216 devstack@n-api-meta.service[108193]: DEBUG oslo_concurrency.lockutils [None req-950671d0-6f61-4b20-84c5-0658b543e8f1 None None] Lock "00000000-0000-0000-0000-000000000000" acquired by "nova.context.set_target_cell..get_or_set_cached_cell_and_set_connections" :: waited 0.000s {{(pid=108193) inner /opt/stack/data/venv/lib/python3.12/site-packages/oslo_concurrency/lockutils.py:524}}
May 28 16:30:23.838651 np0000177216 devstack@n-api-meta.service[108193]: DEBUG oslo_concurrency.lockutils [None req-950671d0-6f61-4b20-84c5-0658b543e8f1 None None] Lock "00000000-0000-0000-0000-000000000000" "released" by "nova.context.set_target_cell..get_or_set_cached_cell_and_set_connections" :: held 0.000s {{(pid=108193) inner /opt/stack/data/venv/lib/python3.12/site-packages/oslo_concurrency/lockutils.py:543}}
May 28 16:30:23.839716 np0000177216 devstack@n-api-meta.service[108193]: DEBUG oslo_concurrency.lockutils [None req-950671d0-6f61-4b20-84c5-0658b543e8f1 None None] Acquiring lock "a08d71ad-4285-4aeb-bc17-d687e22c9442" by "nova.context.set_target_cell..get_or_set_cached_cell_and_set_connections" {{(pid=108193) inner /opt/stack/data/venv/lib/python3.12/site-packages/oslo_concurrency/lockutils.py:511}}
May 28 16:30:23.839862 np0000177216 devstack@n-api-meta.service[108193]: DEBUG oslo_concurrency.lockutils [None req-950671d0-6f61-4b20-84c5-0658b543e8f1 None None] Lock "a08d71ad-4285-4aeb-bc17-d687e22c9442" acquired by "nova.context.set_target_cell..get_or_set_cached_cell_and_set_connections" :: waited 0.000s {{(pid=108193) inner /opt/stack/data/venv/lib/python3.12/site-packages/oslo_concurrency/lockutils.py:524}}
May 28 16:30:23.840699 np0000177216 devstack@n-api-meta.service[108193]: DEBUG oslo_concurrency.lockutils [None req-950671d0-6f61-4b20-84c5-0658b543e8f1 None None] Lock "a08d71ad-4285-4aeb-bc17-d687e22c9442" "released" by "nova.context.set_target_cell..get_or_set_cached_cell_and_set_connections" :: held 0.001s {{(pid=108193) inner /opt/stack/data/venv/lib/python3.12/site-packages/oslo_concurrency/lockutils.py:543}}
May 28 16:30:23.847706 np0000177216 devstack@n-api-meta.service[108193]: INFO dbcounter [None req-950671d0-6f61-4b20-84c5-0658b543e8f1 None None] Registered counter for database nova_cell0
May 28 16:30:23.855239 np0000177216 devstack@n-api-meta.service[108193]: INFO dbcounter [None req-950671d0-6f61-4b20-84c5-0658b543e8f1 None None] Registered counter for database nova_cell1
May 28 16:30:23.855767 np0000177216 devstack@n-api-meta.service[108194]: INFO dbcounter [None req-8a503dee-07c2-4113-94f0-92c11fe373a4 None None] Registered counter for database nova_api
May 28 16:30:23.856486 np0000177216 devstack@n-api-meta.service[108195]: DEBUG dbcounter [-] [108195] Writer thread running {{(pid=108195) stat_writer /opt/stack/data/venv/lib/python3.12/site-packages/dbcounter.py:102}}
May 28 16:30:23.858164 np0000177216 devstack@n-api-meta.service[108195]: DEBUG nova.context [None req-8e8fd947-e1e3-4246-b87e-22bcd7cf1fe9 None None] Found 2 cells: 00000000-0000-0000-0000-000000000000(cell0),a08d71ad-4285-4aeb-bc17-d687e22c9442(cell1) {{(pid=108195) load_cells /opt/stack/nova/nova/context.py:509}}
May 28 16:30:23.858382 np0000177216 devstack@n-api-meta.service[108195]: INFO nova.utils [None req-8e8fd947-e1e3-4246-b87e-22bcd7cf1fe9 None None] The cell worker thread pool MainProcess.cell_worker is initialized
May 28 16:30:23.860440 np0000177216 devstack@n-api-meta.service[108195]: DEBUG oslo_concurrency.lockutils [None req-8e8fd947-e1e3-4246-b87e-22bcd7cf1fe9 None None] Acquiring lock "00000000-0000-0000-0000-000000000000" by "nova.context.set_target_cell..get_or_set_cached_cell_and_set_connections" {{(pid=108195) inner /opt/stack/data/venv/lib/python3.12/site-packages/oslo_concurrency/lockutils.py:511}}
May 28 16:30:23.860675 np0000177216 devstack@n-api-meta.service[108195]: DEBUG oslo_concurrency.lockutils [None req-8e8fd947-e1e3-4246-b87e-22bcd7cf1fe9 None None] Lock "00000000-0000-0000-0000-000000000000" acquired by "nova.context.set_target_cell..get_or_set_cached_cell_and_set_connections" :: waited 0.000s {{(pid=108195) inner /opt/stack/data/venv/lib/python3.12/site-packages/oslo_concurrency/lockutils.py:524}}
May 28 16:30:23.862178 np0000177216 devstack@n-api-meta.service[108195]: DEBUG oslo_concurrency.lockutils [None req-8e8fd947-e1e3-4246-b87e-22bcd7cf1fe9 None None] Lock "00000000-0000-0000-0000-000000000000" "released" by "nova.context.set_target_cell..get_or_set_cached_cell_and_set_connections" :: held 0.001s {{(pid=108195) inner /opt/stack/data/venv/lib/python3.12/site-packages/oslo_concurrency/lockutils.py:543}}
May 28 16:30:23.862178 np0000177216 devstack@n-api-meta.service[108195]: DEBUG oslo_concurrency.lockutils [None req-8e8fd947-e1e3-4246-b87e-22bcd7cf1fe9 None None] Acquiring lock "a08d71ad-4285-4aeb-bc17-d687e22c9442" by "nova.context.set_target_cell..get_or_set_cached_cell_and_set_connections" {{(pid=108195) inner /opt/stack/data/venv/lib/python3.12/site-packages/oslo_concurrency/lockutils.py:511}}
May 28 16:30:23.862989 np0000177216 devstack@n-api-meta.service[108195]: DEBUG oslo_concurrency.lockutils [None req-8e8fd947-e1e3-4246-b87e-22bcd7cf1fe9 None None] Lock "a08d71ad-4285-4aeb-bc17-d687e22c9442" acquired by "nova.context.set_target_cell..get_or_set_cached_cell_and_set_connections" :: waited 0.000s {{(pid=108195) inner /opt/stack/data/venv/lib/python3.12/site-packages/oslo_concurrency/lockutils.py:524}}
May 28 16:30:23.864134 np0000177216 devstack@n-api-meta.service[108195]: DEBUG oslo_concurrency.lockutils [None req-8e8fd947-e1e3-4246-b87e-22bcd7cf1fe9 None None] Lock "a08d71ad-4285-4aeb-bc17-d687e22c9442" "released" by "nova.context.set_target_cell..get_or_set_cached_cell_and_set_connections" :: held 0.001s {{(pid=108195) inner /opt/stack/data/venv/lib/python3.12/site-packages/oslo_concurrency/lockutils.py:543}}
May 28 16:30:23.866827 np0000177216 devstack@n-api-meta.service[108195]: INFO dbcounter [None req-8e8fd947-e1e3-4246-b87e-22bcd7cf1fe9 None None] Registered counter for database nova_cell0
May 28 16:30:23.873738 np0000177216 devstack@n-api-meta.service[108195]: INFO dbcounter [None req-8e8fd947-e1e3-4246-b87e-22bcd7cf1fe9 None None] Registered counter for database nova_cell1
May 28 16:30:23.900044 np0000177216 devstack@n-api-meta.service[108192]: DEBUG oslo_db.sqlalchemy.engines [None req-15e5ff81-691f-4cb0-8852-11e6b56ff925 None None] MySQL server mode set to STRICT_TRANS_TABLES,STRICT_ALL_TABLES,NO_ZERO_IN_DATE,NO_ZERO_DATE,ERROR_FOR_DIVISION_BY_ZERO,TRADITIONAL,NO_ENGINE_SUBSTITUTION {{(pid=108192) _check_effective_sql_mode /opt/stack/data/venv/lib/python3.12/site-packages/oslo_db/sqlalchemy/engines.py:325}}
May 28 16:30:23.911140 np0000177216 devstack@n-api-meta.service[108192]: DEBUG oslo_db.sqlalchemy.engines [None req-15e5ff81-691f-4cb0-8852-11e6b56ff925 None None] MySQL server mode set to STRICT_TRANS_TABLES,STRICT_ALL_TABLES,NO_ZERO_IN_DATE,NO_ZERO_DATE,ERROR_FOR_DIVISION_BY_ZERO,TRADITIONAL,NO_ENGINE_SUBSTITUTION {{(pid=108192) _check_effective_sql_mode /opt/stack/data/venv/lib/python3.12/site-packages/oslo_db/sqlalchemy/engines.py:325}}
May 28 16:30:23.912275 np0000177216 devstack@n-api-meta.service[108194]: DEBUG oslo_db.sqlalchemy.engines [None req-8a503dee-07c2-4113-94f0-92c11fe373a4 None None] MySQL server mode set to STRICT_TRANS_TABLES,STRICT_ALL_TABLES,NO_ZERO_IN_DATE,NO_ZERO_DATE,ERROR_FOR_DIVISION_BY_ZERO,TRADITIONAL,NO_ENGINE_SUBSTITUTION {{(pid=108194) _check_effective_sql_mode /opt/stack/data/venv/lib/python3.12/site-packages/oslo_db/sqlalchemy/engines.py:325}}
May 28 16:30:23.924653 np0000177216 devstack@n-api-meta.service[108193]: DEBUG oslo_db.sqlalchemy.engines [None req-950671d0-6f61-4b20-84c5-0658b543e8f1 None None] MySQL server mode set to STRICT_TRANS_TABLES,STRICT_ALL_TABLES,NO_ZERO_IN_DATE,NO_ZERO_DATE,ERROR_FOR_DIVISION_BY_ZERO,TRADITIONAL,NO_ENGINE_SUBSTITUTION {{(pid=108193) _check_effective_sql_mode /opt/stack/data/venv/lib/python3.12/site-packages/oslo_db/sqlalchemy/engines.py:325}}
May 28 16:30:23.929278 np0000177216 devstack@n-api-meta.service[108195]: DEBUG oslo_db.sqlalchemy.engines [None req-8e8fd947-e1e3-4246-b87e-22bcd7cf1fe9 None None] MySQL server mode set to STRICT_TRANS_TABLES,STRICT_ALL_TABLES,NO_ZERO_IN_DATE,NO_ZERO_DATE,ERROR_FOR_DIVISION_BY_ZERO,TRADITIONAL,NO_ENGINE_SUBSTITUTION {{(pid=108195) _check_effective_sql_mode /opt/stack/data/venv/lib/python3.12/site-packages/oslo_db/sqlalchemy/engines.py:325}}
May 28 16:30:23.941904 np0000177216 devstack@n-api-meta.service[108195]: DEBUG oslo_db.sqlalchemy.engines [None req-8e8fd947-e1e3-4246-b87e-22bcd7cf1fe9 None None] MySQL server mode set to STRICT_TRANS_TABLES,STRICT_ALL_TABLES,NO_ZERO_IN_DATE,NO_ZERO_DATE,ERROR_FOR_DIVISION_BY_ZERO,TRADITIONAL,NO_ENGINE_SUBSTITUTION {{(pid=108195) _check_effective_sql_mode /opt/stack/data/venv/lib/python3.12/site-packages/oslo_db/sqlalchemy/engines.py:325}}
May 28 16:30:23.946339 np0000177216 devstack@n-api-meta.service[108194]: DEBUG dbcounter [-] [108194] Writer thread running {{(pid=108194) stat_writer /opt/stack/data/venv/lib/python3.12/site-packages/dbcounter.py:102}}
May 28 16:30:23.949398 np0000177216 devstack@n-api-meta.service[108194]: DEBUG nova.context [None req-8a503dee-07c2-4113-94f0-92c11fe373a4 None None] Found 2 cells: 00000000-0000-0000-0000-000000000000(cell0),a08d71ad-4285-4aeb-bc17-d687e22c9442(cell1) {{(pid=108194) load_cells /opt/stack/nova/nova/context.py:509}}
May 28 16:30:23.949651 np0000177216 devstack@n-api-meta.service[108194]: INFO nova.utils [None req-8a503dee-07c2-4113-94f0-92c11fe373a4 None None] The cell worker thread pool MainProcess.cell_worker is initialized
May 28 16:30:23.951491 np0000177216 devstack@n-api-meta.service[108194]: DEBUG oslo_concurrency.lockutils [None req-8a503dee-07c2-4113-94f0-92c11fe373a4 None None] Acquiring lock "00000000-0000-0000-0000-000000000000" by "nova.context.set_target_cell..get_or_set_cached_cell_and_set_connections" {{(pid=108194) inner /opt/stack/data/venv/lib/python3.12/site-packages/oslo_concurrency/lockutils.py:511}}
May 28 16:30:23.951668 np0000177216 devstack@n-api-meta.service[108194]: DEBUG oslo_concurrency.lockutils [None req-8a503dee-07c2-4113-94f0-92c11fe373a4 None None] Lock "00000000-0000-0000-0000-000000000000" acquired by "nova.context.set_target_cell..get_or_set_cached_cell_and_set_connections" :: waited 0.000s {{(pid=108194) inner /opt/stack/data/venv/lib/python3.12/site-packages/oslo_concurrency/lockutils.py:524}}
May 28 16:30:23.952030 np0000177216 devstack@n-api-meta.service[108194]: DEBUG oslo_concurrency.lockutils [None req-8a503dee-07c2-4113-94f0-92c11fe373a4 None None] Lock "00000000-0000-0000-0000-000000000000" "released" by "nova.context.set_target_cell..get_or_set_cached_cell_and_set_connections" :: held 0.000s {{(pid=108194) inner /opt/stack/data/venv/lib/python3.12/site-packages/oslo_concurrency/lockutils.py:543}}
May 28 16:30:23.952823 np0000177216 devstack@n-api-meta.service[108194]: DEBUG oslo_concurrency.lockutils [None req-8a503dee-07c2-4113-94f0-92c11fe373a4 None None] Acquiring lock "a08d71ad-4285-4aeb-bc17-d687e22c9442" by "nova.context.set_target_cell..get_or_set_cached_cell_and_set_connections" {{(pid=108194) inner /opt/stack/data/venv/lib/python3.12/site-packages/oslo_concurrency/lockutils.py:511}}
May 28 16:30:23.952975 np0000177216 devstack@n-api-meta.service[108194]: DEBUG oslo_concurrency.lockutils [None req-8a503dee-07c2-4113-94f0-92c11fe373a4 None None] Lock "a08d71ad-4285-4aeb-bc17-d687e22c9442" acquired by "nova.context.set_target_cell..get_or_set_cached_cell_and_set_connections" :: waited 0.000s {{(pid=108194) inner /opt/stack/data/venv/lib/python3.12/site-packages/oslo_concurrency/lockutils.py:524}}
May 28 16:30:23.953849 np0000177216 devstack@n-api-meta.service[108194]: DEBUG oslo_concurrency.lockutils [None req-8a503dee-07c2-4113-94f0-92c11fe373a4 None None] Lock "a08d71ad-4285-4aeb-bc17-d687e22c9442" "released" by "nova.context.set_target_cell..get_or_set_cached_cell_and_set_connections" :: held 0.001s {{(pid=108194) inner /opt/stack/data/venv/lib/python3.12/site-packages/oslo_concurrency/lockutils.py:543}}
May 28 16:30:23.957608 np0000177216 devstack@n-api-meta.service[108194]: INFO dbcounter [None req-8a503dee-07c2-4113-94f0-92c11fe373a4 None None] Registered counter for database nova_cell0
May 28 16:30:23.969023 np0000177216 devstack@n-api-meta.service[108194]: INFO dbcounter [None req-8a503dee-07c2-4113-94f0-92c11fe373a4 None None] Registered counter for database nova_cell1
May 28 16:30:23.995455 np0000177216 devstack@n-api-meta.service[108192]: DEBUG dbcounter [-] [108192] Writer thread running {{(pid=108192) stat_writer /opt/stack/data/venv/lib/python3.12/site-packages/dbcounter.py:102}}
May 28 16:30:24.002657 np0000177216 devstack@n-api-meta.service[108192]: DEBUG dbcounter [-] [108192] Writer thread running {{(pid=108192) stat_writer /opt/stack/data/venv/lib/python3.12/site-packages/dbcounter.py:102}}
May 28 16:30:24.008288 np0000177216 devstack@n-api-meta.service[108193]: DEBUG dbcounter [-] [108193] Writer thread running {{(pid=108193) stat_writer /opt/stack/data/venv/lib/python3.12/site-packages/dbcounter.py:102}}
May 28 16:30:24.010141 np0000177216 devstack@n-api-meta.service[108192]: INFO dbcounter [None req-15e5ff81-691f-4cb0-8852-11e6b56ff925 None None] Registered counter for database nova_cell0
May 28 16:30:24.016976 np0000177216 devstack@n-api-meta.service[108193]: DEBUG oslo_db.sqlalchemy.engines [None req-950671d0-6f61-4b20-84c5-0658b543e8f1 None None] MySQL server mode set to STRICT_TRANS_TABLES,STRICT_ALL_TABLES,NO_ZERO_IN_DATE,NO_ZERO_DATE,ERROR_FOR_DIVISION_BY_ZERO,TRADITIONAL,NO_ENGINE_SUBSTITUTION {{(pid=108193) _check_effective_sql_mode /opt/stack/data/venv/lib/python3.12/site-packages/oslo_db/sqlalchemy/engines.py:325}}
May 28 16:30:24.026271 np0000177216 devstack@n-api-meta.service[108193]: DEBUG dbcounter [-] [108193] Writer thread running {{(pid=108193) stat_writer /opt/stack/data/venv/lib/python3.12/site-packages/dbcounter.py:102}}
May 28 16:30:24.028495 np0000177216 devstack@n-api-meta.service[108194]: DEBUG oslo_db.sqlalchemy.engines [None req-8a503dee-07c2-4113-94f0-92c11fe373a4 None None] MySQL server mode set to STRICT_TRANS_TABLES,STRICT_ALL_TABLES,NO_ZERO_IN_DATE,NO_ZERO_DATE,ERROR_FOR_DIVISION_BY_ZERO,TRADITIONAL,NO_ENGINE_SUBSTITUTION {{(pid=108194) _check_effective_sql_mode /opt/stack/data/venv/lib/python3.12/site-packages/oslo_db/sqlalchemy/engines.py:325}}
May 28 16:30:24.031202 np0000177216 devstack@n-api-meta.service[108193]: INFO dbcounter [None req-950671d0-6f61-4b20-84c5-0658b543e8f1 None None] Registered counter for database nova_cell0
May 28 16:30:24.034332 np0000177216 devstack@n-api-meta.service[108194]: DEBUG oslo_db.sqlalchemy.engines [None req-8a503dee-07c2-4113-94f0-92c11fe373a4 None None] MySQL server mode set to STRICT_TRANS_TABLES,STRICT_ALL_TABLES,NO_ZERO_IN_DATE,NO_ZERO_DATE,ERROR_FOR_DIVISION_BY_ZERO,TRADITIONAL,NO_ENGINE_SUBSTITUTION {{(pid=108194) _check_effective_sql_mode /opt/stack/data/venv/lib/python3.12/site-packages/oslo_db/sqlalchemy/engines.py:325}}
May 28 16:30:24.051333 np0000177216 devstack@n-api-meta.service[108192]: DEBUG oslo_db.sqlalchemy.engines [None req-15e5ff81-691f-4cb0-8852-11e6b56ff925 None None] MySQL server mode set to STRICT_TRANS_TABLES,STRICT_ALL_TABLES,NO_ZERO_IN_DATE,NO_ZERO_DATE,ERROR_FOR_DIVISION_BY_ZERO,TRADITIONAL,NO_ENGINE_SUBSTITUTION {{(pid=108192) _check_effective_sql_mode /opt/stack/data/venv/lib/python3.12/site-packages/oslo_db/sqlalchemy/engines.py:325}}
May 28 16:30:24.054828 np0000177216 devstack@n-api-meta.service[108195]: DEBUG dbcounter [-] [108195] Writer thread running {{(pid=108195) stat_writer /opt/stack/data/venv/lib/python3.12/site-packages/dbcounter.py:102}}
May 28 16:30:24.055809 np0000177216 devstack@n-api-meta.service[108195]: DEBUG dbcounter [-] [108195] Writer thread running {{(pid=108195) stat_writer /opt/stack/data/venv/lib/python3.12/site-packages/dbcounter.py:102}}
May 28 16:30:24.059712 np0000177216 devstack@n-api-meta.service[108192]: DEBUG dbcounter [-] [108192] Writer thread running {{(pid=108192) stat_writer /opt/stack/data/venv/lib/python3.12/site-packages/dbcounter.py:102}}
May 28 16:30:24.060937 np0000177216 devstack@n-api-meta.service[108195]: INFO dbcounter [None req-8e8fd947-e1e3-4246-b87e-22bcd7cf1fe9 None None] Registered counter for database nova_cell0
May 28 16:30:24.075171 np0000177216 devstack@n-api-meta.service[108193]: DEBUG oslo_db.sqlalchemy.engines [None req-950671d0-6f61-4b20-84c5-0658b543e8f1 None None] MySQL server mode set to STRICT_TRANS_TABLES,STRICT_ALL_TABLES,NO_ZERO_IN_DATE,NO_ZERO_DATE,ERROR_FOR_DIVISION_BY_ZERO,TRADITIONAL,NO_ENGINE_SUBSTITUTION {{(pid=108193) _check_effective_sql_mode /opt/stack/data/venv/lib/python3.12/site-packages/oslo_db/sqlalchemy/engines.py:325}}
May 28 16:30:24.084207 np0000177216 devstack@n-api-meta.service[108193]: DEBUG dbcounter [-] [108193] Writer thread running {{(pid=108193) stat_writer /opt/stack/data/venv/lib/python3.12/site-packages/dbcounter.py:102}}
May 28 16:30:24.103867 np0000177216 devstack@n-api-meta.service[108192]: WARNING nova.api.metadata.handler [None req-15e5ff81-691f-4cb0-8852-11e6b56ff925 None None] metadata_proxy_shared_secret is not configured, the metadata information returned by the proxy cannot be trusted
May 28 16:30:24.106263 np0000177216 devstack@n-api-meta.service[108192]: DEBUG nova.api.openstack.wsgi_app [None req-15e5ff81-691f-4cb0-8852-11e6b56ff925 None None] ******************************************************************************** {{(pid=108192) log_opt_values /opt/stack/data/venv/lib/python3.12/site-packages/oslo_config/cfg.py:3229}}
May 28 16:30:24.106378 np0000177216 devstack@n-api-meta.service[108192]: DEBUG nova.api.openstack.wsgi_app [None req-15e5ff81-691f-4cb0-8852-11e6b56ff925 None None] Configuration options gathered from: {{(pid=108192) log_opt_values /opt/stack/data/venv/lib/python3.12/site-packages/oslo_config/cfg.py:3230}}
May 28 16:30:24.106508 np0000177216 devstack@n-api-meta.service[108192]: DEBUG nova.api.openstack.wsgi_app [None req-15e5ff81-691f-4cb0-8852-11e6b56ff925 None None] command line args: [] {{(pid=108192) log_opt_values /opt/stack/data/venv/lib/python3.12/site-packages/oslo_config/cfg.py:3231}}
May 28 16:30:24.106655 np0000177216 devstack@n-api-meta.service[108192]: DEBUG nova.api.openstack.wsgi_app [None req-15e5ff81-691f-4cb0-8852-11e6b56ff925 None None] config files: ['/etc/nova/api-paste.ini', '/etc/nova/nova.conf'] {{(pid=108192) log_opt_values /opt/stack/data/venv/lib/python3.12/site-packages/oslo_config/cfg.py:3232}}
May 28 16:30:24.106739 np0000177216 devstack@n-api-meta.service[108192]: DEBUG nova.api.openstack.wsgi_app [None req-15e5ff81-691f-4cb0-8852-11e6b56ff925 None None] ================================================================================ {{(pid=108192) log_opt_values /opt/stack/data/venv/lib/python3.12/site-packages/oslo_config/cfg.py:3237}}
May 28 16:30:24.106935 np0000177216 devstack@n-api-meta.service[108192]: DEBUG nova.api.openstack.wsgi_app [None req-15e5ff81-691f-4cb0-8852-11e6b56ff925 None None] allow_resize_to_same_host = True {{(pid=108192) log_opt_values /opt/stack/data/venv/lib/python3.12/site-packages/oslo_config/cfg.py:3245}}
May 28 16:30:24.107072 np0000177216 devstack@n-api-meta.service[108192]: DEBUG nova.api.openstack.wsgi_app [None req-15e5ff81-691f-4cb0-8852-11e6b56ff925 None None] arq_binding_timeout = 300 {{(pid=108192) log_opt_values /opt/stack/data/venv/lib/python3.12/site-packages/oslo_config/cfg.py:3245}}
May 28 16:30:24.107227 np0000177216 devstack@n-api-meta.service[108192]: DEBUG nova.api.openstack.wsgi_app [None req-15e5ff81-691f-4cb0-8852-11e6b56ff925 None None] block_device_allocate_retries = 60 {{(pid=108192) log_opt_values /opt/stack/data/venv/lib/python3.12/site-packages/oslo_config/cfg.py:3245}}
May 28 16:30:24.107358 np0000177216 devstack@n-api-meta.service[108192]: DEBUG nova.api.openstack.wsgi_app [None req-15e5ff81-691f-4cb0-8852-11e6b56ff925 None None] block_device_allocate_retries_interval = 3 {{(pid=108192) log_opt_values /opt/stack/data/venv/lib/python3.12/site-packages/oslo_config/cfg.py:3245}}
May 28 16:30:24.107525 np0000177216 devstack@n-api-meta.service[108192]: DEBUG nova.api.openstack.wsgi_app [None req-15e5ff81-691f-4cb0-8852-11e6b56ff925 None None] cell_worker_thread_pool_size = 5 {{(pid=108192) log_opt_values /opt/stack/data/venv/lib/python3.12/site-packages/oslo_config/cfg.py:3245}}
May 28 16:30:24.107667 np0000177216 devstack@n-api-meta.service[108192]: DEBUG nova.api.openstack.wsgi_app [None req-15e5ff81-691f-4cb0-8852-11e6b56ff925 None None] cert = self.pem {{(pid=108192) log_opt_values /opt/stack/data/venv/lib/python3.12/site-packages/oslo_config/cfg.py:3245}}
May 28 16:30:24.107804 np0000177216 devstack@n-api-meta.service[108192]: DEBUG nova.api.openstack.wsgi_app [None req-15e5ff81-691f-4cb0-8852-11e6b56ff925 None None] compute_driver = libvirt.LibvirtDriver {{(pid=108192) log_opt_values /opt/stack/data/venv/lib/python3.12/site-packages/oslo_config/cfg.py:3245}}
May 28 16:30:24.107939 np0000177216 devstack@n-api-meta.service[108192]: DEBUG nova.api.openstack.wsgi_app [None req-15e5ff81-691f-4cb0-8852-11e6b56ff925 None None] compute_monitors = [] {{(pid=108192) log_opt_values /opt/stack/data/venv/lib/python3.12/site-packages/oslo_config/cfg.py:3245}}
May 28 16:30:24.108073 np0000177216 devstack@n-api-meta.service[108192]: DEBUG nova.api.openstack.wsgi_app [None req-15e5ff81-691f-4cb0-8852-11e6b56ff925 None None] config_dir = [] {{(pid=108192) log_opt_values /opt/stack/data/venv/lib/python3.12/site-packages/oslo_config/cfg.py:3245}}
May 28 16:30:24.108235 np0000177216 devstack@n-api-meta.service[108192]: DEBUG nova.api.openstack.wsgi_app [None req-15e5ff81-691f-4cb0-8852-11e6b56ff925 None None] config_drive_format = iso9660 {{(pid=108192) log_opt_values /opt/stack/data/venv/lib/python3.12/site-packages/oslo_config/cfg.py:3245}}
May 28 16:30:24.108339 np0000177216 devstack@n-api-meta.service[108192]: DEBUG nova.api.openstack.wsgi_app [None req-15e5ff81-691f-4cb0-8852-11e6b56ff925 None None] config_file = ['/etc/nova/api-paste.ini', '/etc/nova/nova.conf'] {{(pid=108192) log_opt_values /opt/stack/data/venv/lib/python3.12/site-packages/oslo_config/cfg.py:3245}}
May 28 16:30:24.108471 np0000177216 devstack@n-api-meta.service[108192]: DEBUG nova.api.openstack.wsgi_app [None req-15e5ff81-691f-4cb0-8852-11e6b56ff925 None None] config_source = [] {{(pid=108192) log_opt_values /opt/stack/data/venv/lib/python3.12/site-packages/oslo_config/cfg.py:3245}}
May 28 16:30:24.108610 np0000177216 devstack@n-api-meta.service[108192]: DEBUG nova.api.openstack.wsgi_app [None req-15e5ff81-691f-4cb0-8852-11e6b56ff925 None None] console_host = np0000177216 {{(pid=108192) log_opt_values /opt/stack/data/venv/lib/python3.12/site-packages/oslo_config/cfg.py:3245}}
May 28 16:30:24.108745 np0000177216 devstack@n-api-meta.service[108192]: DEBUG nova.api.openstack.wsgi_app [None req-15e5ff81-691f-4cb0-8852-11e6b56ff925 None None] control_exchange = nova {{(pid=108192) log_opt_values /opt/stack/data/venv/lib/python3.12/site-packages/oslo_config/cfg.py:3245}}
May 28 16:30:24.108871 np0000177216 devstack@n-api-meta.service[108192]: DEBUG nova.api.openstack.wsgi_app [None req-15e5ff81-691f-4cb0-8852-11e6b56ff925 None None] cpu_allocation_ratio = None {{(pid=108192) log_opt_values /opt/stack/data/venv/lib/python3.12/site-packages/oslo_config/cfg.py:3245}}
May 28 16:30:24.109003 np0000177216 devstack@n-api-meta.service[108192]: DEBUG nova.api.openstack.wsgi_app [None req-15e5ff81-691f-4cb0-8852-11e6b56ff925 None None] daemon = False {{(pid=108192) log_opt_values /opt/stack/data/venv/lib/python3.12/site-packages/oslo_config/cfg.py:3245}}
May 28 16:30:24.109163 np0000177216 devstack@n-api-meta.service[108192]: DEBUG nova.api.openstack.wsgi_app [None req-15e5ff81-691f-4cb0-8852-11e6b56ff925 None None] debug = True {{(pid=108192) log_opt_values /opt/stack/data/venv/lib/python3.12/site-packages/oslo_config/cfg.py:3245}}
May 28 16:30:24.109299 np0000177216 devstack@n-api-meta.service[108192]: DEBUG nova.api.openstack.wsgi_app [None req-15e5ff81-691f-4cb0-8852-11e6b56ff925 None None] default_access_ip_network_name = None {{(pid=108192) log_opt_values /opt/stack/data/venv/lib/python3.12/site-packages/oslo_config/cfg.py:3245}}
May 28 16:30:24.109414 np0000177216 devstack@n-api-meta.service[108195]: DEBUG oslo_db.sqlalchemy.engines [None req-8e8fd947-e1e3-4246-b87e-22bcd7cf1fe9 None None] MySQL server mode set to STRICT_TRANS_TABLES,STRICT_ALL_TABLES,NO_ZERO_IN_DATE,NO_ZERO_DATE,ERROR_FOR_DIVISION_BY_ZERO,TRADITIONAL,NO_ENGINE_SUBSTITUTION {{(pid=108195) _check_effective_sql_mode /opt/stack/data/venv/lib/python3.12/site-packages/oslo_db/sqlalchemy/engines.py:325}}
May 28 16:30:24.109507 np0000177216 devstack@n-api-meta.service[108192]: DEBUG nova.api.openstack.wsgi_app [None req-15e5ff81-691f-4cb0-8852-11e6b56ff925 None None] default_availability_zone = nova {{(pid=108192) log_opt_values /opt/stack/data/venv/lib/python3.12/site-packages/oslo_config/cfg.py:3245}}
May 28 16:30:24.109590 np0000177216 devstack@n-api-meta.service[108192]: DEBUG nova.api.openstack.wsgi_app [None req-15e5ff81-691f-4cb0-8852-11e6b56ff925 None None] default_ephemeral_format = ext4 {{(pid=108192) log_opt_values /opt/stack/data/venv/lib/python3.12/site-packages/oslo_config/cfg.py:3245}}
May 28 16:30:24.109687 np0000177216 devstack@n-api-meta.service[108192]: DEBUG nova.api.openstack.wsgi_app [None req-15e5ff81-691f-4cb0-8852-11e6b56ff925 None None] default_green_pool_size = 1000 {{(pid=108192) log_opt_values /opt/stack/data/venv/lib/python3.12/site-packages/oslo_config/cfg.py:3245}}
May 28 16:30:24.109940 np0000177216 devstack@n-api-meta.service[108192]: DEBUG nova.api.openstack.wsgi_app [None req-15e5ff81-691f-4cb0-8852-11e6b56ff925 None None] default_log_levels = ['amqp=WARN', 'boto=WARN', 'sqlalchemy=WARN', 'suds=INFO', 'oslo.messaging=INFO', 'oslo_messaging=INFO', 'iso8601=WARN', 'requests.packages.urllib3.connectionpool=WARN', 'urllib3.connectionpool=WARN', 'websocket=WARN', 'requests.packages.urllib3.util.retry=WARN', 'urllib3.util.retry=WARN', 'keystonemiddleware=WARN', 'routes.middleware=WARN', 'stevedore=WARN', 'taskflow=WARN', 'keystoneauth=WARN', 'oslo.cache=INFO', 'oslo_policy=INFO', 'dogpile.core.dogpile=INFO', 'glanceclient=WARN', 'oslo.privsep.daemon=INFO'] {{(pid=108192) log_opt_values /opt/stack/data/venv/lib/python3.12/site-packages/oslo_config/cfg.py:3245}}
May 28 16:30:24.110155 np0000177216 devstack@n-api-meta.service[108192]: DEBUG nova.api.openstack.wsgi_app [None req-15e5ff81-691f-4cb0-8852-11e6b56ff925 None None] default_schedule_zone = None {{(pid=108192) log_opt_values /opt/stack/data/venv/lib/python3.12/site-packages/oslo_config/cfg.py:3245}}
May 28 16:30:24.110155 np0000177216 devstack@n-api-meta.service[108192]: DEBUG nova.api.openstack.wsgi_app [None req-15e5ff81-691f-4cb0-8852-11e6b56ff925 None None] default_thread_pool_size = 10 {{(pid=108192) log_opt_values /opt/stack/data/venv/lib/python3.12/site-packages/oslo_config/cfg.py:3245}}
May 28 16:30:24.110360 np0000177216 devstack@n-api-meta.service[108192]: DEBUG nova.api.openstack.wsgi_app [None req-15e5ff81-691f-4cb0-8852-11e6b56ff925 None None] disk_allocation_ratio = None {{(pid=108192) log_opt_values /opt/stack/data/venv/lib/python3.12/site-packages/oslo_config/cfg.py:3245}}
May 28 16:30:24.110496 np0000177216 devstack@n-api-meta.service[108192]: DEBUG nova.api.openstack.wsgi_app [None req-15e5ff81-691f-4cb0-8852-11e6b56ff925 None None] enable_new_services = True {{(pid=108192) log_opt_values /opt/stack/data/venv/lib/python3.12/site-packages/oslo_config/cfg.py:3245}}
May 28 16:30:24.110614 np0000177216 devstack@n-api-meta.service[108192]: DEBUG nova.api.openstack.wsgi_app [None req-15e5ff81-691f-4cb0-8852-11e6b56ff925 None None] flat_injected = False {{(pid=108192) log_opt_values /opt/stack/data/venv/lib/python3.12/site-packages/oslo_config/cfg.py:3245}}
May 28 16:30:24.110717 np0000177216 devstack@n-api-meta.service[108192]: DEBUG nova.api.openstack.wsgi_app [None req-15e5ff81-691f-4cb0-8852-11e6b56ff925 None None] force_config_drive = False {{(pid=108192) log_opt_values /opt/stack/data/venv/lib/python3.12/site-packages/oslo_config/cfg.py:3245}}
May 28 16:30:24.110819 np0000177216 devstack@n-api-meta.service[108192]: DEBUG nova.api.openstack.wsgi_app [None req-15e5ff81-691f-4cb0-8852-11e6b56ff925 None None] force_raw_images = True {{(pid=108192) log_opt_values /opt/stack/data/venv/lib/python3.12/site-packages/oslo_config/cfg.py:3245}}
May 28 16:30:24.110954 np0000177216 devstack@n-api-meta.service[108192]: DEBUG nova.api.openstack.wsgi_app [None req-15e5ff81-691f-4cb0-8852-11e6b56ff925 None None] graceful_shutdown_timeout = 5 {{(pid=108192) log_opt_values /opt/stack/data/venv/lib/python3.12/site-packages/oslo_config/cfg.py:3245}}
May 28 16:30:24.111061 np0000177216 devstack@n-api-meta.service[108192]: DEBUG nova.api.openstack.wsgi_app [None req-15e5ff81-691f-4cb0-8852-11e6b56ff925 None None] heal_instance_info_cache_interval = -1 {{(pid=108192) log_opt_values /opt/stack/data/venv/lib/python3.12/site-packages/oslo_config/cfg.py:3245}}
May 28 16:30:24.111295 np0000177216 devstack@n-api-meta.service[108192]: DEBUG nova.api.openstack.wsgi_app [None req-15e5ff81-691f-4cb0-8852-11e6b56ff925 None None] host = np0000177216 {{(pid=108192) log_opt_values /opt/stack/data/venv/lib/python3.12/site-packages/oslo_config/cfg.py:3245}}
May 28 16:30:24.111441 np0000177216 devstack@n-api-meta.service[108192]: DEBUG nova.api.openstack.wsgi_app [None req-15e5ff81-691f-4cb0-8852-11e6b56ff925 None None] initial_cpu_allocation_ratio = 4.0 {{(pid=108192) log_opt_values /opt/stack/data/venv/lib/python3.12/site-packages/oslo_config/cfg.py:3245}}
May 28 16:30:24.111587 np0000177216 devstack@n-api-meta.service[108192]: DEBUG nova.api.openstack.wsgi_app [None req-15e5ff81-691f-4cb0-8852-11e6b56ff925 None None] initial_disk_allocation_ratio = 1.0 {{(pid=108192) log_opt_values /opt/stack/data/venv/lib/python3.12/site-packages/oslo_config/cfg.py:3245}}
May 28 16:30:24.111694 np0000177216 devstack@n-api-meta.service[108192]: DEBUG nova.api.openstack.wsgi_app [None req-15e5ff81-691f-4cb0-8852-11e6b56ff925 None None] initial_ram_allocation_ratio = 1.0 {{(pid=108192) log_opt_values /opt/stack/data/venv/lib/python3.12/site-packages/oslo_config/cfg.py:3245}}
May 28 16:30:24.111888 np0000177216 devstack@n-api-meta.service[108192]: DEBUG nova.api.openstack.wsgi_app [None req-15e5ff81-691f-4cb0-8852-11e6b56ff925 None None] injected_network_template = /opt/stack/nova/nova/virt/interfaces.template {{(pid=108192) log_opt_values /opt/stack/data/venv/lib/python3.12/site-packages/oslo_config/cfg.py:3245}}
May 28 16:30:24.112014 np0000177216 devstack@n-api-meta.service[108192]: DEBUG nova.api.openstack.wsgi_app [None req-15e5ff81-691f-4cb0-8852-11e6b56ff925 None None] instance_build_timeout = 0 {{(pid=108192) log_opt_values /opt/stack/data/venv/lib/python3.12/site-packages/oslo_config/cfg.py:3245}}
May 28 16:30:24.112173 np0000177216 devstack@n-api-meta.service[108192]: DEBUG nova.api.openstack.wsgi_app [None req-15e5ff81-691f-4cb0-8852-11e6b56ff925 None None] instance_delete_interval = 300 {{(pid=108192) log_opt_values /opt/stack/data/venv/lib/python3.12/site-packages/oslo_config/cfg.py:3245}}
May 28 16:30:24.112281 np0000177216 devstack@n-api-meta.service[108192]: DEBUG nova.api.openstack.wsgi_app [None req-15e5ff81-691f-4cb0-8852-11e6b56ff925 None None] instance_format = [instance: %(uuid)s] {{(pid=108192) log_opt_values /opt/stack/data/venv/lib/python3.12/site-packages/oslo_config/cfg.py:3245}}
May 28 16:30:24.112430 np0000177216 devstack@n-api-meta.service[108192]: DEBUG nova.api.openstack.wsgi_app [None req-15e5ff81-691f-4cb0-8852-11e6b56ff925 None None] instance_name_template = instance-%08x {{(pid=108192) log_opt_values /opt/stack/data/venv/lib/python3.12/site-packages/oslo_config/cfg.py:3245}}
May 28 16:30:24.112554 np0000177216 devstack@n-api-meta.service[108192]: DEBUG nova.api.openstack.wsgi_app [None req-15e5ff81-691f-4cb0-8852-11e6b56ff925 None None] instance_usage_audit = False {{(pid=108192) log_opt_values /opt/stack/data/venv/lib/python3.12/site-packages/oslo_config/cfg.py:3245}}
May 28 16:30:24.112646 np0000177216 devstack@n-api-meta.service[108193]: WARNING nova.api.metadata.handler [None req-950671d0-6f61-4b20-84c5-0658b543e8f1 None None] metadata_proxy_shared_secret is not configured, the metadata information returned by the proxy cannot be trusted
May 28 16:30:24.112708 np0000177216 devstack@n-api-meta.service[108192]: DEBUG nova.api.openstack.wsgi_app [None req-15e5ff81-691f-4cb0-8852-11e6b56ff925 None None] instance_usage_audit_period = month {{(pid=108192) log_opt_values /opt/stack/data/venv/lib/python3.12/site-packages/oslo_config/cfg.py:3245}}
May 28 16:30:24.112885 np0000177216 devstack@n-api-meta.service[108192]: DEBUG nova.api.openstack.wsgi_app [None req-15e5ff81-691f-4cb0-8852-11e6b56ff925 None None] instance_uuid_format = [instance: %(uuid)s] {{(pid=108192) log_opt_values /opt/stack/data/venv/lib/python3.12/site-packages/oslo_config/cfg.py:3245}}
May 28 16:30:24.112995 np0000177216 devstack@n-api-meta.service[108192]: DEBUG nova.api.openstack.wsgi_app [None req-15e5ff81-691f-4cb0-8852-11e6b56ff925 None None] instances_path = /opt/stack/data/nova/instances {{(pid=108192) log_opt_values /opt/stack/data/venv/lib/python3.12/site-packages/oslo_config/cfg.py:3245}}
May 28 16:30:24.113120 np0000177216 devstack@n-api-meta.service[108192]: DEBUG nova.api.openstack.wsgi_app [None req-15e5ff81-691f-4cb0-8852-11e6b56ff925 None None] internal_service_availability_zone = internal {{(pid=108192) log_opt_values /opt/stack/data/venv/lib/python3.12/site-packages/oslo_config/cfg.py:3245}}
May 28 16:30:24.113226 np0000177216 devstack@n-api-meta.service[108192]: DEBUG nova.api.openstack.wsgi_app [None req-15e5ff81-691f-4cb0-8852-11e6b56ff925 None None] key = None {{(pid=108192) log_opt_values /opt/stack/data/venv/lib/python3.12/site-packages/oslo_config/cfg.py:3245}}
May 28 16:30:24.113359 np0000177216 devstack@n-api-meta.service[108192]: DEBUG nova.api.openstack.wsgi_app [None req-15e5ff81-691f-4cb0-8852-11e6b56ff925 None None] live_migration_retry_count = 30 {{(pid=108192) log_opt_values /opt/stack/data/venv/lib/python3.12/site-packages/oslo_config/cfg.py:3245}}
May 28 16:30:24.113495 np0000177216 devstack@n-api-meta.service[108192]: DEBUG nova.api.openstack.wsgi_app [None req-15e5ff81-691f-4cb0-8852-11e6b56ff925 None None] log_color = False {{(pid=108192) log_opt_values /opt/stack/data/venv/lib/python3.12/site-packages/oslo_config/cfg.py:3245}}
May 28 16:30:24.113643 np0000177216 devstack@n-api-meta.service[108192]: DEBUG nova.api.openstack.wsgi_app [None req-15e5ff81-691f-4cb0-8852-11e6b56ff925 None None] log_config_append = None {{(pid=108192) log_opt_values /opt/stack/data/venv/lib/python3.12/site-packages/oslo_config/cfg.py:3245}}
May 28 16:30:24.113752 np0000177216 devstack@n-api-meta.service[108192]: DEBUG nova.api.openstack.wsgi_app [None req-15e5ff81-691f-4cb0-8852-11e6b56ff925 None None] log_date_format = %Y-%m-%d %H:%M:%S {{(pid=108192) log_opt_values /opt/stack/data/venv/lib/python3.12/site-packages/oslo_config/cfg.py:3245}}
May 28 16:30:24.113866 np0000177216 devstack@n-api-meta.service[108192]: DEBUG nova.api.openstack.wsgi_app [None req-15e5ff81-691f-4cb0-8852-11e6b56ff925 None None] log_dir = None {{(pid=108192) log_opt_values /opt/stack/data/venv/lib/python3.12/site-packages/oslo_config/cfg.py:3245}}
May 28 16:30:24.114017 np0000177216 devstack@n-api-meta.service[108192]: DEBUG nova.api.openstack.wsgi_app [None req-15e5ff81-691f-4cb0-8852-11e6b56ff925 None None] log_file = None {{(pid=108192) log_opt_values /opt/stack/data/venv/lib/python3.12/site-packages/oslo_config/cfg.py:3245}}
May 28 16:30:24.114156 np0000177216 devstack@n-api-meta.service[108192]: DEBUG nova.api.openstack.wsgi_app [None req-15e5ff81-691f-4cb0-8852-11e6b56ff925 None None] log_options = True {{(pid=108192) log_opt_values /opt/stack/data/venv/lib/python3.12/site-packages/oslo_config/cfg.py:3245}}
May 28 16:30:24.114264 np0000177216 devstack@n-api-meta.service[108192]: DEBUG nova.api.openstack.wsgi_app [None req-15e5ff81-691f-4cb0-8852-11e6b56ff925 None None] log_rotate_interval = 1 {{(pid=108192) log_opt_values /opt/stack/data/venv/lib/python3.12/site-packages/oslo_config/cfg.py:3245}}
May 28 16:30:24.114406 np0000177216 devstack@n-api-meta.service[108192]: DEBUG nova.api.openstack.wsgi_app [None req-15e5ff81-691f-4cb0-8852-11e6b56ff925 None None] log_rotate_interval_type = days {{(pid=108192) log_opt_values /opt/stack/data/venv/lib/python3.12/site-packages/oslo_config/cfg.py:3245}}
May 28 16:30:24.114546 np0000177216 devstack@n-api-meta.service[108192]: DEBUG nova.api.openstack.wsgi_app [None req-15e5ff81-691f-4cb0-8852-11e6b56ff925 None None] log_rotation_type = none {{(pid=108192) log_opt_values /opt/stack/data/venv/lib/python3.12/site-packages/oslo_config/cfg.py:3245}}
May 28 16:30:24.114632 np0000177216 devstack@n-api-meta.service[108192]: DEBUG nova.api.openstack.wsgi_app [None req-15e5ff81-691f-4cb0-8852-11e6b56ff925 None None] logging_context_format_string = %(color)s%(levelname)s %(name)s [%(global_request_id)s %(request_id)s %(project_name)s %(user_name)s%(color)s] %(instance)s%(color)s%(message)s {{(pid=108192) log_opt_values /opt/stack/data/venv/lib/python3.12/site-packages/oslo_config/cfg.py:3245}}
May 28 16:30:24.114762 np0000177216 devstack@n-api-meta.service[108192]: DEBUG nova.api.openstack.wsgi_app [None req-15e5ff81-691f-4cb0-8852-11e6b56ff925 None None] logging_debug_format_suffix = {{(pid=%(process)d) %(funcName)s %(pathname)s:%(lineno)d}} {{(pid=108192) log_opt_values /opt/stack/data/venv/lib/python3.12/site-packages/oslo_config/cfg.py:3245}}
May 28 16:30:24.114873 np0000177216 devstack@n-api-meta.service[108192]: DEBUG nova.api.openstack.wsgi_app [None req-15e5ff81-691f-4cb0-8852-11e6b56ff925 None None] logging_default_format_string = %(color)s%(levelname)s %(name)s [-%(color)s] %(instance)s%(color)s%(message)s {{(pid=108192) log_opt_values /opt/stack/data/venv/lib/python3.12/site-packages/oslo_config/cfg.py:3245}}
May 28 16:30:24.114988 np0000177216 devstack@n-api-meta.service[108192]: DEBUG nova.api.openstack.wsgi_app [None req-15e5ff81-691f-4cb0-8852-11e6b56ff925 None None] logging_exception_prefix = ERROR %(name)s %(instance)s {{(pid=108192) log_opt_values /opt/stack/data/venv/lib/python3.12/site-packages/oslo_config/cfg.py:3245}}
