2026-08-05 22:50:24.594 9 INFO neutron.wsgi [None req-f2062d5b-eecb-41c5-b221-02df37616cc8 2b555fb9e9ce46b4baa62398f785ddf3 9d497c664c2d4e4d91e0b8e3cd5d56a2 - - default default] 10.0.0.126 "GET /v2.0/security-groups?tenant_id=9e17a7b6281e4ee7a7f81d796611d4fe&name=default HTTP/1.1" status: 200 len: 3000 time: 0.5835357 /var/lib/openstack/lib/python3.10/site-packages/pycadf/identifier.py:71: UserWarning: Invalid uuid: neutron. To ensure interoperability, identifiers should be a valid uuid. warnings.warn(('Invalid uuid: %s. To ensure interoperability, '
2026-08-05 22:50:24.618 10 INFO neutron.wsgi [None req-08a969e8-fc94-4396-8cfa-02d5a6159eaa 12302c8585c84e6291b03ef373e1c175 d94d489982fc4387bd8b320bfcf6896a - - default default] 10.0.0.126 "GET /v2.0/floatingips/ec80d5ab-ee5e-4244-95c7-797e787079a0/tags HTTP/1.1" status: 200 len: 205 time: 0.0235693
2026-08-05 22:50:24.687 9 INFO neutron.wsgi [req-9de7eb5a-0d53-41d3-9315-508b1151a135 req-946a252e-35b8-4290-9e33-9ff0f2f7f316 d69ee42d79004d778d233af7db02b662 a3290f32efac40c7a27f5ccea12186c6 - - default default] 199.19.213.156 "DELETE /v2.0/ports/0ef40150-dc18-4d94-af7f-b9cc5651a197 HTTP/1.1" status: 204 len: 173 time: 0.4119074
2026-08-05 22:50:24.819 9 INFO neutron.wsgi [None req-a5df395f-4a6a-4e7a-9228-8b4ea6fe0171 2b555fb9e9ce46b4baa62398f785ddf3 9d497c664c2d4e4d91e0b8e3cd5d56a2 - - default default] 10.0.0.126 "DELETE /v2.0/security-groups/b94b31b4-e74c-4840-8e5f-44e326692446 HTTP/1.1" status: 204 len: 168 time: 0.2202997
2026-08-05 22:50:24.863 9 INFO neutron.notifiers.nova [-] Nova event matching ['req-b35aab79-2f81-4f36-8e3d-906849db94f6'] response: {'server_uuid': 'c9fe2e0d-171a-4362-8dc5-015ac5f81154', 'name': 'network-vif-unplugged', 'status': 'completed', 'tag': '0ef40150-dc18-4d94-af7f-b9cc5651a197', 'code': 200}
2026-08-05 22:50:24.863 9 INFO neutron.notifiers.nova [-] Nova event matching ['req-b35aab79-2f81-4f36-8e3d-906849db94f6'] response: {'server_uuid': 'c9fe2e0d-171a-4362-8dc5-015ac5f81154', 'name': 'network-vif-plugged', 'status': 'completed', 'tag': '0ef40150-dc18-4d94-af7f-b9cc5651a197', 'code': 200}
2026-08-05 22:50:24.863 9 INFO neutron.notifiers.nova [-] Nova event matching ['req-b35aab79-2f81-4f36-8e3d-906849db94f6'] response: {'server_uuid': 'c9fe2e0d-171a-4362-8dc5-015ac5f81154', 'name': 'network-vif-deleted', 'tag': '0ef40150-dc18-4d94-af7f-b9cc5651a197', 'status': 'completed', 'code': 200}
2026-08-05 22:50:24.954 9 INFO neutron.wsgi [None req-1057c35a-1e19-4bfe-8bf8-2905d9e0c465 2b555fb9e9ce46b4baa62398f785ddf3 9d497c664c2d4e4d91e0b8e3cd5d56a2 - - default default] 10.0.0.126 "GET /v2.0/security-groups?tenant_id=0a7087a7de9e4b46975cf406611fcd41&name=default HTTP/1.1" status: 200 len: 3000 time: 0.0322902
2026-08-05 22:50:24.969 10 INFO neutron.wsgi [None req-433d6815-a51b-476d-b6ce-919bb70764f8 12302c8585c84e6291b03ef373e1c175 d94d489982fc4387bd8b320bfcf6896a - - default default] 10.0.0.126 "DELETE /v2.0/floatingips/ec80d5ab-ee5e-4244-95c7-797e787079a0 HTTP/1.1" status: 204 len: 168 time: 0.3424575
2026-08-05 22:50:25.170 9 INFO neutron.wsgi [None req-10b43a88-ef87-45ff-9de8-4b1d66e91f5f 2b555fb9e9ce46b4baa62398f785ddf3 9d497c664c2d4e4d91e0b8e3cd5d56a2 - - default default] 10.0.0.126 "DELETE /v2.0/security-groups/6f2cd84f-1fa7-43ae-8253-862d141c77ac HTTP/1.1" status: 204 len: 168 time: 0.2120249
2026-08-05 22:50:25.190 10 INFO neutron.wsgi [None req-0077e239-edea-4ca0-942e-4f21e4aaf90c d69ee42d79004d778d233af7db02b662 a3290f32efac40c7a27f5ccea12186c6 - - default default] 10.0.0.126 "DELETE /v2.0/security-groups/78900cd4-ef93-4035-ae0b-5ce39bf06f4e HTTP/1.1" status: 204 len: 168 time: 0.1442432
2026-08-05 22:50:25.869 9 INFO neutron.db.ovn_revision_numbers_db [None req-5d43f02e-53fa-4f0a-9635-ba30e2f5db6a 2b555fb9e9ce46b4baa62398f785ddf3 9d497c664c2d4e4d91e0b8e3cd5d56a2 - - default default] Successfully bumped revision number for resource 44f765c0-3361-416b-a5f1-7c3e4061c712 (type: security_groups) to 1
2026-08-05 22:50:25.882 9 INFO neutron.db.ovn_revision_numbers_db [None req-5d43f02e-53fa-4f0a-9635-ba30e2f5db6a 2b555fb9e9ce46b4baa62398f785ddf3 9d497c664c2d4e4d91e0b8e3cd5d56a2 - - default default] Successfully bumped revision number for resource 65cf458a-f300-4a7d-b227-8f8c5ef78afb (type: security_group_rules) to 0
2026-08-05 22:50:25.894 9 INFO neutron.db.ovn_revision_numbers_db [None req-5d43f02e-53fa-4f0a-9635-ba30e2f5db6a 2b555fb9e9ce46b4baa62398f785ddf3 9d497c664c2d4e4d91e0b8e3cd5d56a2 - - default default] Successfully bumped revision number for resource 6b3e8812-01e5-4326-93d5-590da41019ab (type: security_group_rules) to 0
2026-08-05 22:50:25.909 9 INFO neutron.db.ovn_revision_numbers_db [None req-5d43f02e-53fa-4f0a-9635-ba30e2f5db6a 2b555fb9e9ce46b4baa62398f785ddf3 9d497c664c2d4e4d91e0b8e3cd5d56a2 - - default default] Successfully bumped revision number for resource b3ea692d-b6c2-4dd5-abd3-cc8644c2fb97 (type: security_group_rules) to 0
2026-08-05 22:50:25.922 9 INFO neutron.db.ovn_revision_numbers_db [None req-5d43f02e-53fa-4f0a-9635-ba30e2f5db6a 2b555fb9e9ce46b4baa62398f785ddf3 9d497c664c2d4e4d91e0b8e3cd5d56a2 - - default default] Successfully bumped revision number for resource fe7c1b76-8376-404d-8412-8482a4e5cf18 (type: security_group_rules) to 0
2026-08-05 22:50:25.943 9 INFO neutron.wsgi [None req-5d43f02e-53fa-4f0a-9635-ba30e2f5db6a 2b555fb9e9ce46b4baa62398f785ddf3 9d497c664c2d4e4d91e0b8e3cd5d56a2 - - default default] 10.0.0.126 "GET /v2.0/security-groups?tenant_id=52f3f6aa880a4dd9bf0364341da8a88b&name=default HTTP/1.1" status: 200 len: 3000 time: 0.2594860
2026-08-05 22:50:26.130 9 INFO neutron.wsgi [None req-83e91278-6247-428f-b535-c6b53e0d2728 2b555fb9e9ce46b4baa62398f785ddf3 9d497c664c2d4e4d91e0b8e3cd5d56a2 - - default default] 10.0.0.126 "DELETE /v2.0/security-groups/44f765c0-3361-416b-a5f1-7c3e4061c712 HTTP/1.1" status: 204 len: 168 time: 0.1813867
2026-08-05 22:50:26.491 10 INFO neutron.wsgi [None req-cb8d3e77-3efa-4fff-975b-ebe6155aba75 d69ee42d79004d778d233af7db02b662 a3290f32efac40c7a27f5ccea12186c6 - - default default] 10.0.0.126 "PUT /v2.0/routers/29834d4b-f139-44bd-9dcf-5708c8f17f3e/remove_router_interface HTTP/1.1" status: 200 len: 503 time: 1.2689199
2026-08-05 22:50:26.516 10 INFO neutron.db.ovn_revision_numbers_db [None req-ad481df7-6ad2-4b4a-ba17-d9c2c984f310 2b555fb9e9ce46b4baa62398f785ddf3 9d497c664c2d4e4d91e0b8e3cd5d56a2 - - default default] Successfully bumped revision number for resource 6ca2c902-9a50-4120-99e7-b2d05817f4b5 (type: security_groups) to 1
2026-08-05 22:50:26.530 10 INFO neutron.db.ovn_revision_numbers_db [None req-ad481df7-6ad2-4b4a-ba17-d9c2c984f310 2b555fb9e9ce46b4baa62398f785ddf3 9d497c664c2d4e4d91e0b8e3cd5d56a2 - - default default] Successfully bumped revision number for resource 3d48f436-1938-4f08-b720-8b0188f9ed6e (type: security_group_rules) to 0
2026-08-05 22:50:26.544 10 INFO neutron.db.ovn_revision_numbers_db [None req-ad481df7-6ad2-4b4a-ba17-d9c2c984f310 2b555fb9e9ce46b4baa62398f785ddf3 9d497c664c2d4e4d91e0b8e3cd5d56a2 - - default default] Successfully bumped revision number for resource 88196aa9-ffe3-4285-98be-6a88e121e75d (type: security_group_rules) to 0
2026-08-05 22:50:26.559 10 INFO neutron.db.ovn_revision_numbers_db [None req-ad481df7-6ad2-4b4a-ba17-d9c2c984f310 2b555fb9e9ce46b4baa62398f785ddf3 9d497c664c2d4e4d91e0b8e3cd5d56a2 - - default default] Successfully bumped revision number for resource d1cba639-211c-4f8f-a789-ceb19b3ec151 (type: security_group_rules) to 0
2026-08-05 22:50:26.576 10 INFO neutron.db.ovn_revision_numbers_db [None req-ad481df7-6ad2-4b4a-ba17-d9c2c984f310 2b555fb9e9ce46b4baa62398f785ddf3 9d497c664c2d4e4d91e0b8e3cd5d56a2 - - default default] Successfully bumped revision number for resource e40e28af-410a-428d-aba6-06a2cda4f09c (type: security_group_rules) to 0
2026-08-05 22:50:26.601 10 INFO neutron.wsgi [None req-ad481df7-6ad2-4b4a-ba17-d9c2c984f310 2b555fb9e9ce46b4baa62398f785ddf3 9d497c664c2d4e4d91e0b8e3cd5d56a2 - - default default] 10.0.0.126 "GET /v2.0/security-groups?tenant_id=d94d489982fc4387bd8b320bfcf6896a&name=default HTTP/1.1" status: 200 len: 3000 time: 0.2782657 /var/lib/openstack/lib/python3.10/site-packages/pycadf/identifier.py:71: UserWarning: Invalid uuid: neutron. To ensure interoperability, identifiers should be a valid uuid. warnings.warn(('Invalid uuid: %s. To ensure interoperability, '
2026-08-05 22:50:26.724 9 INFO neutron.wsgi [None req-66870bc4-ab16-425a-a03c-9775bb6fb734 d69ee42d79004d778d233af7db02b662 a3290f32efac40c7a27f5ccea12186c6 - - default default] 10.0.0.126 "DELETE /v2.0/subnets/13ca2d8d-b0cf-4f43-8fa9-ee618028b796 HTTP/1.1" status: 204 len: 168 time: 0.2268963
2026-08-05 22:50:26.809 10 INFO neutron.wsgi [None req-e0d3026f-dd5d-493b-9c5f-e7cfcdcb4fd0 2b555fb9e9ce46b4baa62398f785ddf3 9d497c664c2d4e4d91e0b8e3cd5d56a2 - - default default] 10.0.0.126 "DELETE /v2.0/security-groups/6ca2c902-9a50-4120-99e7-b2d05817f4b5 HTTP/1.1" status: 204 len: 168 time: 0.2018669
2026-08-05 22:50:27.440 9 INFO neutron.wsgi [None req-035c7e24-d52e-4091-b2d9-10b8b99b2b74 d69ee42d79004d778d233af7db02b662 a3290f32efac40c7a27f5ccea12186c6 - - default default] 10.0.0.126 "DELETE /v2.0/routers/29834d4b-f139-44bd-9dcf-5708c8f17f3e HTTP/1.1" status: 204 len: 168 time: 0.7108748
2026-08-05 22:50:27.795 10 INFO neutron.services.segments.plugin [-] Segment 0a3483ef-5029-41bb-acda-882100252575 resource provider aggregate not found
2026-08-05 22:50:27.803 10 INFO neutron.services.segments.plugin [-] Segment 0a3483ef-5029-41bb-acda-882100252575 resource provider aggregate not found
2026-08-05 22:50:27.818 10 INFO neutron.services.segments.plugin [-] Segment 0a3483ef-5029-41bb-acda-882100252575 resource provider not found; error: Placement Client Error (4xx): {"errors": [{"status": 404, "title": "Not Found", "detail": "The resource could not be found.\n\n No resource provider with uuid 0a3483ef-5029-41bb-acda-882100252575 found for delete ", "request_id": "req-979d9137-76e8-46d5-bd4d-83e548988f2b"}]}
2026-08-05 22:50:27.827 10 INFO neutron.services.segments.plugin [-] Segment 0a3483ef-5029-41bb-acda-882100252575 resource provider not found; error: Placement Client Error (4xx): {"errors": [{"status": 404, "title": "Not Found", "detail": "The resource could not be found.\n\n No resource provider with uuid 0a3483ef-5029-41bb-acda-882100252575 found for delete ", "request_id": "req-bdbe57e8-d843-4000-b96b-a17f68d587c8"}]}
2026-08-05 22:50:27.842 10 INFO neutron.wsgi [None req-b0532df9-23b4-4d45-9409-9f08f72897fe d69ee42d79004d778d233af7db02b662 a3290f32efac40c7a27f5ccea12186c6 - - default default] 10.0.0.126 "DELETE /v2.0/networks/8e3800ce-395b-4246-94c1-e58d19911e93 HTTP/1.1" status: 204 len: 168 time: 0.3976583
2026-08-05 22:50:28.683 10 INFO neutron.wsgi [None req-9322ca83-394e-43a6-9b97-e3ad2c08a364 2b555fb9e9ce46b4baa62398f785ddf3 9d497c664c2d4e4d91e0b8e3cd5d56a2 - - default default] 10.0.0.126 "GET /v2.0/security-groups?tenant_id=a3290f32efac40c7a27f5ccea12186c6&name=default HTTP/1.1" status: 200 len: 2996 time: 0.1783853
2026-08-05 22:50:28.901 10 INFO neutron.wsgi [None req-489a5b9e-01c4-48dd-9e1b-26db71cc9696 2b555fb9e9ce46b4baa62398f785ddf3 9d497c664c2d4e4d91e0b8e3cd5d56a2 - - default default] 10.0.0.126 "DELETE /v2.0/security-groups/b0f7bff1-9900-440f-9014-d0ceee9811ee HTTP/1.1" status: 204 len: 168 time: 0.2127142
2026-08-05 22:50:28.985 9 INFO neutron.db.ovn_revision_numbers_db [None req-ae59dd4c-3c10-4fde-8d68-d8283a8f2f47 2b555fb9e9ce46b4baa62398f785ddf3 9d497c664c2d4e4d91e0b8e3cd5d56a2 - - default default] Successfully bumped revision number for resource 40913e08-a320-4e9c-8e8b-0d2b88abe17b (type: security_groups) to 1
2026-08-05 22:50:29.000 9 INFO neutron.db.ovn_revision_numbers_db [None req-ae59dd4c-3c10-4fde-8d68-d8283a8f2f47 2b555fb9e9ce46b4baa62398f785ddf3 9d497c664c2d4e4d91e0b8e3cd5d56a2 - - default default] Successfully bumped revision number for resource 2992849f-8af8-4b5e-8ff3-ce28de6254ca (type: security_group_rules) to 0
2026-08-05 22:50:29.015 9 INFO neutron.db.ovn_revision_numbers_db [None req-ae59dd4c-3c10-4fde-8d68-d8283a8f2f47 2b555fb9e9ce46b4baa62398f785ddf3 9d497c664c2d4e4d91e0b8e3cd5d56a2 - - default default] Successfully bumped revision number for resource 3b6484e2-614b-416d-9392-aa9833b48988 (type: security_group_rules) to 0
2026-08-05 22:50:29.030 9 INFO neutron.db.ovn_revision_numbers_db [None req-ae59dd4c-3c10-4fde-8d68-d8283a8f2f47 2b555fb9e9ce46b4baa62398f785ddf3 9d497c664c2d4e4d91e0b8e3cd5d56a2 - - default default] Successfully bumped revision number for resource 54fbde00-9298-4c6e-bc9c-50534fc9eff5 (type: security_group_rules) to 0
2026-08-05 22:50:29.046 9 INFO neutron.db.ovn_revision_numbers_db [None req-ae59dd4c-3c10-4fde-8d68-d8283a8f2f47 2b555fb9e9ce46b4baa62398f785ddf3 9d497c664c2d4e4d91e0b8e3cd5d56a2 - - default default] Successfully bumped revision number for resource de6cbaa4-3e1a-49d5-a316-1e2371bbc985 (type: security_group_rules) to 0
2026-08-05 22:50:29.073 9 INFO neutron.wsgi [None req-ae59dd4c-3c10-4fde-8d68-d8283a8f2f47 2b555fb9e9ce46b4baa62398f785ddf3 9d497c664c2d4e4d91e0b8e3cd5d56a2 - - default default] 10.0.0.126 "GET /v2.0/security-groups?tenant_id=d2691227a76944d5bea4a65a2ac7109a&name=default HTTP/1.1" status: 200 len: 3000 time: 0.3157983
2026-08-05 22:50:29.103 10 INFO neutron.db.ovn_revision_numbers_db [None req-92c327b9-91ff-4d67-8d6b-52ccfa720e72 2b555fb9e9ce46b4baa62398f785ddf3 9d497c664c2d4e4d91e0b8e3cd5d56a2 - - default default] Successfully bumped revision number for resource ba9f8369-3b2a-4792-8efd-f363b3fb4b4c (type: security_groups) to 1
2026-08-05 22:50:29.118 10 INFO neutron.db.ovn_revision_numbers_db [None req-92c327b9-91ff-4d67-8d6b-52ccfa720e72 2b555fb9e9ce46b4baa62398f785ddf3 9d497c664c2d4e4d91e0b8e3cd5d56a2 - - default default] Successfully bumped revision number for resource 0c83d88f-6e34-418d-9f10-abf3afb8d4db (type: security_group_rules) to 0
2026-08-05 22:50:29.133 10 INFO neutron.db.ovn_revision_numbers_db [None req-92c327b9-91ff-4d67-8d6b-52ccfa720e72 2b555fb9e9ce46b4baa62398f785ddf3 9d497c664c2d4e4d91e0b8e3cd5d56a2 - - default default] Successfully bumped revision number for resource 16befaba-ec31-4ae0-a3f6-d61c9f17772f (type: security_group_rules) to 0
2026-08-05 22:50:29.150 10 INFO neutron.db.ovn_revision_numbers_db [None req-92c327b9-91ff-4d67-8d6b-52ccfa720e72 2b555fb9e9ce46b4baa62398f785ddf3 9d497c664c2d4e4d91e0b8e3cd5d56a2 - - default default] Successfully bumped revision number for resource 51cc4241-88d2-482d-be40-d6b93bf3f394 (type: security_group_rules) to 0
2026-08-05 22:50:29.165 10 INFO neutron.db.ovn_revision_numbers_db [None req-92c327b9-91ff-4d67-8d6b-52ccfa720e72 2b555fb9e9ce46b4baa62398f785ddf3 9d497c664c2d4e4d91e0b8e3cd5d56a2 - - default default] Successfully bumped revision number for resource 7530e8b8-5a34-4cf1-b27d-18bf406914a6 (type: security_group_rules) to 0
2026-08-05 22:50:29.196 10 INFO neutron.wsgi [None req-92c327b9-91ff-4d67-8d6b-52ccfa720e72 2b555fb9e9ce46b4baa62398f785ddf3 9d497c664c2d4e4d91e0b8e3cd5d56a2 - - default default] 10.0.0.126 "GET /v2.0/security-groups?tenant_id=6d1a89612a2947deb2198cb7617f65ce&name=default HTTP/1.1" status: 200 len: 3000 time: 0.2010281
2026-08-05 22:50:29.283 9 INFO neutron.wsgi [None req-44aad0f6-e399-46eb-8d72-c2d2843e858d 2b555fb9e9ce46b4baa62398f785ddf3 9d497c664c2d4e4d91e0b8e3cd5d56a2 - - default default] 10.0.0.126 "DELETE /v2.0/security-groups/40913e08-a320-4e9c-8e8b-0d2b88abe17b HTTP/1.1" status: 204 len: 168 time: 0.1994007
2026-08-05 22:50:29.434 10 INFO neutron.wsgi [None req-9293cda1-4b55-46b2-b8b6-7f09ebb23bb3 2b555fb9e9ce46b4baa62398f785ddf3 9d497c664c2d4e4d91e0b8e3cd5d56a2 - - default default] 10.0.0.126 "DELETE /v2.0/security-groups/ba9f8369-3b2a-4792-8efd-f363b3fb4b4c HTTP/1.1" status: 204 len: 168 time: 0.2341366
2026-08-05 22:50:29.554 10 INFO neutron.db.ovn_revision_numbers_db [None req-af02dcc0-539f-4360-b357-085b67a19945 2b555fb9e9ce46b4baa62398f785ddf3 9d497c664c2d4e4d91e0b8e3cd5d56a2 - - default default] Successfully bumped revision number for resource 9b2189d2-88f6-4ce2-9ff5-d19cd98250ef (type: security_groups) to 1
2026-08-05 22:50:29.576 10 INFO neutron.db.ovn_revision_numbers_db [None req-af02dcc0-539f-4360-b357-085b67a19945 2b555fb9e9ce46b4baa62398f785ddf3 9d497c664c2d4e4d91e0b8e3cd5d56a2 - - default default] Successfully bumped revision number for resource 5adb63c0-c54f-4a03-b1df-99b594053e4f (type: security_group_rules) to 0
2026-08-05 22:50:29.589 10 INFO neutron.db.ovn_revision_numbers_db [None req-af02dcc0-539f-4360-b357-085b67a19945 2b555fb9e9ce46b4baa62398f785ddf3 9d497c664c2d4e4d91e0b8e3cd5d56a2 - - default default] Successfully bumped revision number for resource 98da0d00-7de4-4096-9f12-69b499f1392d (type: security_group_rules) to 0
2026-08-05 22:50:29.604 10 INFO neutron.db.ovn_revision_numbers_db [None req-af02dcc0-539f-4360-b357-085b67a19945 2b555fb9e9ce46b4baa62398f785ddf3 9d497c664c2d4e4d91e0b8e3cd5d56a2 - - default default] Successfully bumped revision number for resource ccc65e73-ac50-40b0-8f2f-719908fe0266 (type: security_group_rules) to 0
2026-08-05 22:50:29.618 10 INFO neutron.db.ovn_revision_numbers_db [None req-af02dcc0-539f-4360-b357-085b67a19945 2b555fb9e9ce46b4baa62398f785ddf3 9d497c664c2d4e4d91e0b8e3cd5d56a2 - - default default] Successfully bumped revision number for resource deaf4ae0-6944-47e1-b7f8-8cbaaff7f923 (type: security_group_rules) to 0
2026-08-05 22:50:29.641 10 INFO neutron.wsgi [None req-af02dcc0-539f-4360-b357-085b67a19945 2b555fb9e9ce46b4baa62398f785ddf3 9d497c664c2d4e4d91e0b8e3cd5d56a2 - - default default] 10.0.0.126 "GET /v2.0/security-groups?tenant_id=c2d466d1f43d452c9f4996c3b57ec011&name=default HTTP/1.1" status: 200 len: 3000 time: 0.1999228
2026-08-05 22:50:29.843 10 INFO neutron.wsgi [None req-d1dcbf01-90a4-4b31-bdc5-0280e866d686 2b555fb9e9ce46b4baa62398f785ddf3 9d497c664c2d4e4d91e0b8e3cd5d56a2 - - default default] 10.0.0.126 "DELETE /v2.0/security-groups/9b2189d2-88f6-4ce2-9ff5-d19cd98250ef HTTP/1.1" status: 204 len: 168 time: 0.1967559
2026-08-05 22:50:30.275 9 INFO neutron.wsgi [None req-a1024e3c-5c2e-4553-a21f-6078805e6e61 fbfda8277a3649b2a72893ec4f776e21 3167ca255c6b4d6683c65ca961559c01 - - default default] 10.0.0.126 "POST /v2.0/subnetpools HTTP/1.1" status: 201 len: 715 time: 0.1545014
2026-08-05 22:50:30.317 9 INFO neutron.wsgi [None req-1855f87f-6f5b-40aa-be72-56bd98df0c16 fbfda8277a3649b2a72893ec4f776e21 3167ca255c6b4d6683c65ca961559c01 - - default default] 10.0.0.126 "PUT /v2.0/subnetpools/4af7a3d2-cfcd-4012-b739-7b8491d4a897/tags HTTP/1.1" status: 200 len: 218 time: 0.0349565
2026-08-05 22:50:30.347 9 INFO neutron.wsgi [None req-2ce33293-482f-4b93-9368-8e390dee664e fbfda8277a3649b2a72893ec4f776e21 3167ca255c6b4d6683c65ca961559c01 - - default default] 10.0.0.126 "GET /v2.0/subnetpools/4af7a3d2-cfcd-4012-b739-7b8491d4a897/tags HTTP/1.1" status: 200 len: 218 time: 0.0240099
2026-08-05 22:50:30.396 9 INFO neutron.wsgi [None req-11e9edc1-a43e-454b-b65b-9fa51e0dee73 fbfda8277a3649b2a72893ec4f776e21 3167ca255c6b4d6683c65ca961559c01 - - default default] 10.0.0.126 "PUT /v2.0/subnetpools/4af7a3d2-cfcd-4012-b739-7b8491d4a897/tags/green HTTP/1.1" status: 201 len: 201 time: 0.0422077
2026-08-05 22:50:30.426 9 INFO neutron.wsgi [None req-03449ec0-2f0d-494a-bf5a-15caaeca697d fbfda8277a3649b2a72893ec4f776e21 3167ca255c6b4d6683c65ca961559c01 - - default default] 10.0.0.126 "GET /v2.0/subnetpools/4af7a3d2-cfcd-4012-b739-7b8491d4a897/tags HTTP/1.1" status: 200 len: 227 time: 0.0255795
2026-08-05 22:50:30.453 9 INFO neutron.wsgi [None req-7c2dd405-2087-485c-b396-4b1d249c1cb1 fbfda8277a3649b2a72893ec4f776e21 3167ca255c6b4d6683c65ca961559c01 - - default default] 10.0.0.126 "PUT /v2.0/subnetpools/4af7a3d2-cfcd-4012-b739-7b8491d4a897/tags/red HTTP/1.1" status: 201 len: 201 time: 0.0203037
2026-08-05 22:50:30.476 9 INFO neutron.wsgi [None req-04e375fd-a9d3-40c5-8c93-abdf6853fb73 fbfda8277a3649b2a72893ec4f776e21 3167ca255c6b4d6683c65ca961559c01 - - default default] 10.0.0.126 "GET /v2.0/subnetpools/4af7a3d2-cfcd-4012-b739-7b8491d4a897/tags HTTP/1.1" status: 200 len: 227 time: 0.0178578
2026-08-05 22:50:30.523 9 INFO neutron.wsgi [None req-5caa6ccd-0f4f-4c3b-9931-f2d8c3282f0f fbfda8277a3649b2a72893ec4f776e21 3167ca255c6b4d6683c65ca961559c01 - - default default] 10.0.0.126 "PUT /v2.0/subnetpools/4af7a3d2-cfcd-4012-b739-7b8491d4a897/tags/black.or.white HTTP/1.1" status: 201 len: 201 time: 0.0414345
2026-08-05 22:50:30.547 9 INFO neutron.wsgi [None req-427e6ed8-215e-44f7-92b0-8ea552245cc1 fbfda8277a3649b2a72893ec4f776e21 3167ca255c6b4d6683c65ca961559c01 - - default default] 10.0.0.126 "GET /v2.0/subnetpools/4af7a3d2-cfcd-4012-b739-7b8491d4a897/tags HTTP/1.1" status: 200 len: 245 time: 0.0179403
2026-08-05 22:50:30.583 9 INFO neutron.wsgi [None req-ba2f2846-fba2-4c13-a20a-1785bc123aea fbfda8277a3649b2a72893ec4f776e21 3167ca255c6b4d6683c65ca961559c01 - - default default] 10.0.0.126 "PUT /v2.0/subnetpools/4af7a3d2-cfcd-4012-b739-7b8491d4a897/tags HTTP/1.1" status: 200 len: 230 time: 0.0313725
2026-08-05 22:50:30.606 9 INFO neutron.wsgi [None req-2d39fb38-d311-465a-a05a-d24124b8cc16 fbfda8277a3649b2a72893ec4f776e21 3167ca255c6b4d6683c65ca961559c01 - - default default] 10.0.0.126 "GET /v2.0/subnetpools/4af7a3d2-cfcd-4012-b739-7b8491d4a897/tags HTTP/1.1" status: 200 len: 230 time: 0.0184758
2026-08-05 22:50:30.638 9 INFO neutron.wsgi [None req-c648cbd6-be00-490b-b692-8462962d32bb fbfda8277a3649b2a72893ec4f776e21 3167ca255c6b4d6683c65ca961559c01 - - default default] 10.0.0.126 "GET /v2.0/subnetpools/4af7a3d2-cfcd-4012-b739-7b8491d4a897/tags/red HTTP/1.1" status: 204 len: 168 time: 0.0272186
2026-08-05 22:50:30.659 9 INFO neutron.api.v2.resource [None req-fc38d1b1-9938-4282-beb1-942d0e405a0e fbfda8277a3649b2a72893ec4f776e21 3167ca255c6b4d6683c65ca961559c01 - - default default] show failed (client error): The resource could not be found.
2026-08-05 22:50:30.660 9 INFO neutron.wsgi [None req-fc38d1b1-9938-4282-beb1-942d0e405a0e fbfda8277a3649b2a72893ec4f776e21 3167ca255c6b4d6683c65ca961559c01 - - default default] 10.0.0.126 "GET /v2.0/subnetpools/4af7a3d2-cfcd-4012-b739-7b8491d4a897/tags/green HTTP/1.1" status: 404 len: 299 time: 0.0168386
2026-08-05 22:50:30.706 9 INFO neutron.wsgi [None req-222d0281-daee-461a-b10f-7a7d7ff187c2 fbfda8277a3649b2a72893ec4f776e21 3167ca255c6b4d6683c65ca961559c01 - - default default] 10.0.0.126 "DELETE /v2.0/subnetpools/4af7a3d2-cfcd-4012-b739-7b8491d4a897/tags/red HTTP/1.1" status: 204 len: 168 time: 0.0377371
2026-08-05 22:50:30.727 9 INFO neutron.wsgi [None req-bc5d5ddb-015d-48f2-bb78-ddaee373034f fbfda8277a3649b2a72893ec4f776e21 3167ca255c6b4d6683c65ca961559c01 - - default default] 10.0.0.126 "GET /v2.0/subnetpools/4af7a3d2-cfcd-4012-b739-7b8491d4a897/tags HTTP/1.1" status: 200 len: 223 time: 0.0178239
2026-08-05 22:50:30.751 9 INFO neutron.api.v2.resource [None req-84b1cdcb-5bd7-4111-8783-91ba55cd27c8 fbfda8277a3649b2a72893ec4f776e21 3167ca255c6b4d6683c65ca961559c01 - - default default] delete failed (client error): The resource could not be found.
2026-08-05 22:50:30.753 9 INFO neutron.wsgi [None req-84b1cdcb-5bd7-4111-8783-91ba55cd27c8 fbfda8277a3649b2a72893ec4f776e21 3167ca255c6b4d6683c65ca961559c01 - - default default] 10.0.0.126 "DELETE /v2.0/subnetpools/4af7a3d2-cfcd-4012-b739-7b8491d4a897/tags/green HTTP/1.1" status: 404 len: 299 time: 0.0199683
2026-08-05 22:50:30.790 9 INFO neutron.wsgi [None req-89c93762-8174-4ad4-9667-722fd2317267 fbfda8277a3649b2a72893ec4f776e21 3167ca255c6b4d6683c65ca961559c01 - - default default] 10.0.0.126 "DELETE /v2.0/subnetpools/4af7a3d2-cfcd-4012-b739-7b8491d4a897/tags HTTP/1.1" status: 204 len: 168 time: 0.0333080
2026-08-05 22:50:30.817 9 INFO neutron.wsgi [None req-2fce87ee-28f8-4e43-9703-6a72a6da64f4 fbfda8277a3649b2a72893ec4f776e21 3167ca255c6b4d6683c65ca961559c01 - - default default] 10.0.0.126 "GET /v2.0/subnetpools/4af7a3d2-cfcd-4012-b739-7b8491d4a897/tags HTTP/1.1" status: 200 len: 205 time: 0.0221977
2026-08-05 22:50:30.907 9 INFO neutron.wsgi [None req-18bb1572-d943-4927-a931-7dc7949f410e fbfda8277a3649b2a72893ec4f776e21 3167ca255c6b4d6683c65ca961559c01 - - default default] 10.0.0.126 "DELETE /v2.0/subnetpools/4af7a3d2-cfcd-4012-b739-7b8491d4a897 HTTP/1.1" status: 204 len: 168 time: 0.0740952
2026-08-05 22:50:31.906 10 INFO neutron.db.ovn_revision_numbers_db [None req-4de986e0-dc6d-4783-8e48-fe2da2de142a 2b555fb9e9ce46b4baa62398f785ddf3 9d497c664c2d4e4d91e0b8e3cd5d56a2 - - default default] Successfully bumped revision number for resource 01af2a95-5f96-4f71-b31f-3fa7383ec310 (type: security_groups) to 1
2026-08-05 22:50:31.921 10 INFO neutron.db.ovn_revision_numbers_db [None req-4de986e0-dc6d-4783-8e48-fe2da2de142a 2b555fb9e9ce46b4baa62398f785ddf3 9d497c664c2d4e4d91e0b8e3cd5d56a2 - - default default] Successfully bumped revision number for resource 22cea758-9b7a-4417-8413-c9da36611c47 (type: security_group_rules) to 0
2026-08-05 22:50:31.938 10 INFO neutron.db.ovn_revision_numbers_db [None req-4de986e0-dc6d-4783-8e48-fe2da2de142a 2b555fb9e9ce46b4baa62398f785ddf3 9d497c664c2d4e4d91e0b8e3cd5d56a2 - - default default] Successfully bumped revision number for resource 8fb94d47-8a64-4a90-b19b-45da082fcdd8 (type: security_group_rules) to 0
2026-08-05 22:50:31.953 10 INFO neutron.db.ovn_revision_numbers_db [None req-4de986e0-dc6d-4783-8e48-fe2da2de142a 2b555fb9e9ce46b4baa62398f785ddf3 9d497c664c2d4e4d91e0b8e3cd5d56a2 - - default default] Successfully bumped revision number for resource 9c03d9d8-c96e-4bc3-8e6c-33e274a92f5b (type: security_group_rules) to 0
2026-08-05 22:50:31.966 10 INFO neutron.db.ovn_revision_numbers_db [None req-4de986e0-dc6d-4783-8e48-fe2da2de142a 2b555fb9e9ce46b4baa62398f785ddf3 9d497c664c2d4e4d91e0b8e3cd5d56a2 - - default default] Successfully bumped revision number for resource 9d262cd1-5109-4374-b55e-695c9e01cfb1 (type: security_group_rules) to 0
2026-08-05 22:50:31.988 10 INFO neutron.wsgi [None req-4de986e0-dc6d-4783-8e48-fe2da2de142a 2b555fb9e9ce46b4baa62398f785ddf3 9d497c664c2d4e4d91e0b8e3cd5d56a2 - - default default] 10.0.0.126 "GET /v2.0/security-groups?tenant_id=3167ca255c6b4d6683c65ca961559c01&name=default HTTP/1.1" status: 200 len: 3000 time: 0.4212830
2026-08-05 22:50:32.222 9 INFO neutron.wsgi [None req-35af0df5-3448-469b-bb91-20105fe21916 2b555fb9e9ce46b4baa62398f785ddf3 9d497c664c2d4e4d91e0b8e3cd5d56a2 - - default default] 10.0.0.126 "DELETE /v2.0/security-groups/01af2a95-5f96-4f71-b31f-3fa7383ec310 HTTP/1.1" status: 204 len: 168 time: 0.2266817
2026-08-05 22:50:32.597 9 INFO neutron.db.ovn_revision_numbers_db [None req-28f62045-f7ef-4c87-a515-78ef35eaad1c 2b555fb9e9ce46b4baa62398f785ddf3 9d497c664c2d4e4d91e0b8e3cd5d56a2 - - default default] Successfully bumped revision number for resource 6f28bf0b-d86c-4227-a973-2af22ca241e7 (type: security_groups) to 1
2026-08-05 22:50:32.611 9 INFO neutron.db.ovn_revision_numbers_db [None req-28f62045-f7ef-4c87-a515-78ef35eaad1c 2b555fb9e9ce46b4baa62398f785ddf3 9d497c664c2d4e4d91e0b8e3cd5d56a2 - - default default] Successfully bumped revision number for resource 54ae74a7-fdcd-4892-9268-f90684e6e427 (type: security_group_rules) to 0
2026-08-05 22:50:32.630 9 INFO neutron.db.ovn_revision_numbers_db [None req-28f62045-f7ef-4c87-a515-78ef35eaad1c 2b555fb9e9ce46b4baa62398f785ddf3 9d497c664c2d4e4d91e0b8e3cd5d56a2 - - default default] Successfully bumped revision number for resource 94697a92-092f-4eed-9d27-892ef12b7395 (type: security_group_rules) to 0
2026-08-05 22:50:32.644 9 INFO neutron.db.ovn_revision_numbers_db [None req-28f62045-f7ef-4c87-a515-78ef35eaad1c 2b555fb9e9ce46b4baa62398f785ddf3 9d497c664c2d4e4d91e0b8e3cd5d56a2 - - default default] Successfully bumped revision number for resource b567b620-c3c1-4c32-a6a6-b90847113532 (type: security_group_rules) to 0
2026-08-05 22:50:32.659 9 INFO neutron.db.ovn_revision_numbers_db [None req-28f62045-f7ef-4c87-a515-78ef35eaad1c 2b555fb9e9ce46b4baa62398f785ddf3 9d497c664c2d4e4d91e0b8e3cd5d56a2 - - default default] Successfully bumped revision number for resource b84893ea-f396-4dca-a91d-d66cafa68079 (type: security_group_rules) to 0
2026-08-05 22:50:32.684 9 INFO neutron.wsgi [None req-28f62045-f7ef-4c87-a515-78ef35eaad1c 2b555fb9e9ce46b4baa62398f785ddf3 9d497c664c2d4e4d91e0b8e3cd5d56a2 - - default default] 10.0.0.126 "GET /v2.0/security-groups?tenant_id=61306db854374405b19ff243a2439664&name=default HTTP/1.1" status: 200 len: 3000 time: 0.2118099
2026-08-05 22:50:32.875 9 INFO neutron.wsgi [None req-678aa1e4-17a3-4531-8b1d-a98cc0ece4f6 2b555fb9e9ce46b4baa62398f785ddf3 9d497c664c2d4e4d91e0b8e3cd5d56a2 - - default default] 10.0.0.126 "DELETE /v2.0/security-groups/6f28bf0b-d86c-4227-a973-2af22ca241e7 HTTP/1.1" status: 204 len: 168 time: 0.1840484
2026-08-05 22:50:34.102 9 INFO neutron.db.ovn_revision_numbers_db [None req-6ed4a22c-f826-4578-84b9-d99009fde5a5 fd5bdb910ee6491fa556f3ea37e04a06 68425f7d220541afa09b187349f00bcc - - default default] Successfully bumped revision number for resource 908edf5e-2fb5-4484-97ac-1c44a968dde7 (type: security_groups) to 1
2026-08-05 22:50:34.119 9 INFO neutron.db.ovn_revision_numbers_db [None req-6ed4a22c-f826-4578-84b9-d99009fde5a5 fd5bdb910ee6491fa556f3ea37e04a06 68425f7d220541afa09b187349f00bcc - - default default] Successfully bumped revision number for resource 6faf7c65-30a2-473a-ad39-491092e2b244 (type: security_group_rules) to 0
2026-08-05 22:50:34.132 10 INFO neutron.wsgi [-] 10.0.0.145 "GET / HTTP/1.1" status: 200 len: 247 time: 0.0026648
2026-08-05 22:50:34.134 10 INFO neutron.wsgi [-] 10.0.0.145 "GET / HTTP/1.1" status: 200 len: 247 time: 0.0012650
2026-08-05 22:50:34.136 9 INFO neutron.db.ovn_revision_numbers_db [None req-6ed4a22c-f826-4578-84b9-d99009fde5a5 fd5bdb910ee6491fa556f3ea37e04a06 68425f7d220541afa09b187349f00bcc - - default default] Successfully bumped revision number for resource 72a8dfee-c703-43a0-84f5-006cc50b6c73 (type: security_group_rules) to 0
2026-08-05 22:50:34.150 9 INFO neutron.db.ovn_revision_numbers_db [None req-6ed4a22c-f826-4578-84b9-d99009fde5a5 fd5bdb910ee6491fa556f3ea37e04a06 68425f7d220541afa09b187349f00bcc - - default default] Successfully bumped revision number for resource acd92c0e-3bcc-4c96-93f9-ded7e99b19cc (type: security_group_rules) to 0
2026-08-05 22:50:34.163 9 INFO neutron.db.ovn_revision_numbers_db [None req-6ed4a22c-f826-4578-84b9-d99009fde5a5 fd5bdb910ee6491fa556f3ea37e04a06 68425f7d220541afa09b187349f00bcc - - default default] Successfully bumped revision number for resource c7fa0673-7c62-427b-86df-5c17c85177c7 (type: security_group_rules) to 0
2026-08-05 22:50:34.213 9 INFO neutron.db.segments_db [None req-6ed4a22c-f826-4578-84b9-d99009fde5a5 fd5bdb910ee6491fa556f3ea37e04a06 68425f7d220541afa09b187349f00bcc - - default default] Added segment 6c8aa326-f9de-4079-8763-f31c36ea83ae of type geneve for network 978b63c7-e82d-4258-9c07-ba2286335ecb
2026-08-05 22:50:34.384 9 INFO neutron.db.ovn_revision_numbers_db [None req-6ed4a22c-f826-4578-84b9-d99009fde5a5 fd5bdb910ee6491fa556f3ea37e04a06 68425f7d220541afa09b187349f00bcc - - default default] Successfully bumped revision number for resource 978b63c7-e82d-4258-9c07-ba2286335ecb (type: networks) to 1
2026-08-05 22:50:34.578 9 WARNING neutron.scheduler.dhcp_agent_scheduler [None req-6ed4a22c-f826-4578-84b9-d99009fde5a5 fd5bdb910ee6491fa556f3ea37e04a06 68425f7d220541afa09b187349f00bcc - - default default] No more DHCP agents
2026-08-05 22:50:34.582 9 WARNING neutron.api.rpc.agentnotifiers.dhcp_rpc_agent_api [None req-6ed4a22c-f826-4578-84b9-d99009fde5a5 fd5bdb910ee6491fa556f3ea37e04a06 68425f7d220541afa09b187349f00bcc - - default default] Unable to schedule network 978b63c7-e82d-4258-9c07-ba2286335ecb: no agents available; will retry on subsequent port and subnet creation events.
2026-08-05 22:50:34.679 9 INFO neutron.db.ovn_revision_numbers_db [None req-6ed4a22c-f826-4578-84b9-d99009fde5a5 fd5bdb910ee6491fa556f3ea37e04a06 68425f7d220541afa09b187349f00bcc - - default default] Successfully bumped revision number for resource aa3132a3-4332-407d-a643-5f7acc64942d (type: ports) to 1
2026-08-05 22:50:34.702 9 INFO neutron.wsgi [None req-6ed4a22c-f826-4578-84b9-d99009fde5a5 fd5bdb910ee6491fa556f3ea37e04a06 68425f7d220541afa09b187349f00bcc - - default default] 10.0.0.126 "POST /v2.0/networks HTTP/1.1" status: 201 len: 830 time: 0.9289780
2026-08-05 22:50:34.795 9 INFO neutron.db.segments_db [None req-e47441d5-c9c3-428a-bfdf-bd7dee900710 fd5bdb910ee6491fa556f3ea37e04a06 68425f7d220541afa09b187349f00bcc - - default default] Added segment 6ad941a7-ca64-4e26-bc29-1c78e2f5e562 of type geneve for network 2956e07c-7b5e-4133-8eeb-afbe12d83e69
2026-08-05 22:50:34.948 9 INFO neutron.db.ovn_revision_numbers_db [None req-e47441d5-c9c3-428a-bfdf-bd7dee900710 fd5bdb910ee6491fa556f3ea37e04a06 68425f7d220541afa09b187349f00bcc - - default default] Successfully bumped revision number for resource 2956e07c-7b5e-4133-8eeb-afbe12d83e69 (type: networks) to 1
2026-08-05 22:50:35.125 9 WARNING neutron.scheduler.dhcp_agent_scheduler [None req-e47441d5-c9c3-428a-bfdf-bd7dee900710 fd5bdb910ee6491fa556f3ea37e04a06 68425f7d220541afa09b187349f00bcc - - default default] No more DHCP agents
2026-08-05 22:50:35.129 9 WARNING neutron.api.rpc.agentnotifiers.dhcp_rpc_agent_api [None req-e47441d5-c9c3-428a-bfdf-bd7dee900710 fd5bdb910ee6491fa556f3ea37e04a06 68425f7d220541afa09b187349f00bcc - - default default] Unable to schedule network 2956e07c-7b5e-4133-8eeb-afbe12d83e69: no agents available; will retry on subsequent port and subnet creation events.
2026-08-05 22:50:35.204 9 INFO neutron.db.ovn_revision_numbers_db [None req-e47441d5-c9c3-428a-bfdf-bd7dee900710 fd5bdb910ee6491fa556f3ea37e04a06 68425f7d220541afa09b187349f00bcc - - default default] Successfully bumped revision number for resource a0d94df9-6cc0-4849-8d8a-943e91f2f017 (type: ports) to 1
2026-08-05 22:50:35.227 9 INFO neutron.wsgi [None req-e47441d5-c9c3-428a-bfdf-bd7dee900710 fd5bdb910ee6491fa556f3ea37e04a06 68425f7d220541afa09b187349f00bcc - - default default] 10.0.0.126 "POST /v2.0/networks HTTP/1.1" status: 201 len: 829 time: 0.5194538
2026-08-05 22:50:35.338 9 INFO neutron.db.segments_db [None req-406c73f4-4d66-4601-901b-74a099fa5961 fd5bdb910ee6491fa556f3ea37e04a06 68425f7d220541afa09b187349f00bcc - - default default] Added segment 6db8c70f-e291-4eb9-8727-9400d3ca586f of type geneve for network c40ad8a0-17ac-45b4-8478-86709191ba63
2026-08-05 22:50:35.700 9 INFO neutron.db.ovn_revision_numbers_db [None req-406c73f4-4d66-4601-901b-74a099fa5961 fd5bdb910ee6491fa556f3ea37e04a06 68425f7d220541afa09b187349f00bcc - - default default] Successfully bumped revision number for resource c40ad8a0-17ac-45b4-8478-86709191ba63 (type: networks) to 1
2026-08-05 22:50:35.898 9 WARNING neutron.scheduler.dhcp_agent_scheduler [None req-406c73f4-4d66-4601-901b-74a099fa5961 fd5bdb910ee6491fa556f3ea37e04a06 68425f7d220541afa09b187349f00bcc - - default default] No more DHCP agents
2026-08-05 22:50:35.900 9 WARNING neutron.api.rpc.agentnotifiers.dhcp_rpc_agent_api [None req-406c73f4-4d66-4601-901b-74a099fa5961 fd5bdb910ee6491fa556f3ea37e04a06 68425f7d220541afa09b187349f00bcc - - default default] Unable to schedule network c40ad8a0-17ac-45b4-8478-86709191ba63: no agents available; will retry on subsequent port and subnet creation events.
2026-08-05 22:50:35.989 9 INFO neutron.db.ovn_revision_numbers_db [None req-406c73f4-4d66-4601-901b-74a099fa5961 fd5bdb910ee6491fa556f3ea37e04a06 68425f7d220541afa09b187349f00bcc - - default default] Successfully bumped revision number for resource 5aa415c3-43a8-434b-b41b-352d308baaf9 (type: ports) to 1
2026-08-05 22:50:36.010 9 INFO neutron.wsgi [None req-406c73f4-4d66-4601-901b-74a099fa5961 fd5bdb910ee6491fa556f3ea37e04a06 68425f7d220541afa09b187349f00bcc - - default default] 10.0.0.126 "POST /v2.0/networks HTTP/1.1" status: 201 len: 830 time: 0.7771616
2026-08-05 22:50:36.102 9 INFO neutron.db.segments_db [None req-3d1b39bf-76a3-42a7-93ec-299a89183977 fd5bdb910ee6491fa556f3ea37e04a06 68425f7d220541afa09b187349f00bcc - - default default] Added segment 1f63cb3e-e856-4ef9-bad3-f69ba59f0e7c of type geneve for network 39c36b7b-0880-48e7-87f7-20f7408e3b66
2026-08-05 22:50:36.279 9 INFO neutron.db.ovn_revision_numbers_db [None req-3d1b39bf-76a3-42a7-93ec-299a89183977 fd5bdb910ee6491fa556f3ea37e04a06 68425f7d220541afa09b187349f00bcc - - default default] Successfully bumped revision number for resource 39c36b7b-0880-48e7-87f7-20f7408e3b66 (type: networks) to 1
2026-08-05 22:50:36.484 9 WARNING neutron.scheduler.dhcp_agent_scheduler [None req-3d1b39bf-76a3-42a7-93ec-299a89183977 fd5bdb910ee6491fa556f3ea37e04a06 68425f7d220541afa09b187349f00bcc - - default default] No more DHCP agents
2026-08-05 22:50:36.487 9 WARNING neutron.api.rpc.agentnotifiers.dhcp_rpc_agent_api [None req-3d1b39bf-76a3-42a7-93ec-299a89183977 fd5bdb910ee6491fa556f3ea37e04a06 68425f7d220541afa09b187349f00bcc - - default default] Unable to schedule network 39c36b7b-0880-48e7-87f7-20f7408e3b66: no agents available; will retry on subsequent port and subnet creation events.
2026-08-05 22:50:36.568 9 INFO neutron.db.ovn_revision_numbers_db [None req-3d1b39bf-76a3-42a7-93ec-299a89183977 fd5bdb910ee6491fa556f3ea37e04a06 68425f7d220541afa09b187349f00bcc - - default default] Successfully bumped revision number for resource ef039b28-fdc2-4644-8448-5b77bac00e04 (type: ports) to 1
2026-08-05 22:50:36.592 9 INFO neutron.wsgi [None req-3d1b39bf-76a3-42a7-93ec-299a89183977 fd5bdb910ee6491fa556f3ea37e04a06 68425f7d220541afa09b187349f00bcc - - default default] 10.0.0.126 "POST /v2.0/networks HTTP/1.1" status: 201 len: 831 time: 0.5737760
2026-08-05 22:50:36.698 9 INFO neutron.db.segments_db [None req-eb1cd918-9248-4a41-ba0f-8efc22268491 fd5bdb910ee6491fa556f3ea37e04a06 68425f7d220541afa09b187349f00bcc - - default default] Added segment 141bd852-6ccb-4d70-ac13-7bded7b386b1 of type geneve for network a9fcd2f7-800a-41a6-9867-753b6ee8b9b0
2026-08-05 22:50:36.871 9 INFO neutron.db.ovn_revision_numbers_db [None req-eb1cd918-9248-4a41-ba0f-8efc22268491 fd5bdb910ee6491fa556f3ea37e04a06 68425f7d220541afa09b187349f00bcc - - default default] Successfully bumped revision number for resource a9fcd2f7-800a-41a6-9867-753b6ee8b9b0 (type: networks) to 1
2026-08-05 22:50:37.063 9 WARNING neutron.scheduler.dhcp_agent_scheduler [None req-eb1cd918-9248-4a41-ba0f-8efc22268491 fd5bdb910ee6491fa556f3ea37e04a06 68425f7d220541afa09b187349f00bcc - - default default] No more DHCP agents
2026-08-05 22:50:37.066 9 WARNING neutron.api.rpc.agentnotifiers.dhcp_rpc_agent_api [None req-eb1cd918-9248-4a41-ba0f-8efc22268491 fd5bdb910ee6491fa556f3ea37e04a06 68425f7d220541afa09b187349f00bcc - - default default] Unable to schedule network a9fcd2f7-800a-41a6-9867-753b6ee8b9b0: no agents available; will retry on subsequent port and subnet creation events.
2026-08-05 22:50:37.167 9 INFO neutron.db.ovn_revision_numbers_db [None req-eb1cd918-9248-4a41-ba0f-8efc22268491 fd5bdb910ee6491fa556f3ea37e04a06 68425f7d220541afa09b187349f00bcc - - default default] Successfully bumped revision number for resource c1c7eea2-b8fe-4d61-8c1b-17d81644abd8 (type: ports) to 1
2026-08-05 22:50:37.190 9 INFO neutron.wsgi [None req-eb1cd918-9248-4a41-ba0f-8efc22268491 fd5bdb910ee6491fa556f3ea37e04a06 68425f7d220541afa09b187349f00bcc - - default default] 10.0.0.126 "POST /v2.0/networks HTTP/1.1" status: 201 len: 831 time: 0.5915213
2026-08-05 22:50:37.264 10 INFO neutron.wsgi [None req-e11fa9fd-165f-4320-8dd7-ed3c35b4d091 fd5bdb910ee6491fa556f3ea37e04a06 68425f7d220541afa09b187349f00bcc - - default default] 10.0.0.126 "PUT /v2.0/networks/978b63c7-e82d-4258-9c07-ba2286335ecb/tags HTTP/1.1" status: 200 len: 210 time: 0.0648823
2026-08-05 22:50:37.338 10 INFO neutron.wsgi [None req-42094977-c10c-45ed-8e80-03cccc425eba fd5bdb910ee6491fa556f3ea37e04a06 68425f7d220541afa09b187349f00bcc - - default default] 10.0.0.126 "PUT /v2.0/networks/2956e07c-7b5e-4133-8eeb-afbe12d83e69/tags HTTP/1.1" status: 200 len: 218 time: 0.0693624
2026-08-05 22:50:37.405 10 INFO neutron.wsgi [None req-4b0c78b5-6f9f-4e20-9e27-e810a9992fe3 fd5bdb910ee6491fa556f3ea37e04a06 68425f7d220541afa09b187349f00bcc - - default default] 10.0.0.126 "PUT /v2.0/networks/c40ad8a0-17ac-45b4-8478-86709191ba63/tags HTTP/1.1" status: 200 len: 227 time: 0.0595953
2026-08-05 22:50:37.456 10 INFO neutron.wsgi [None req-f2710798-309f-497b-aad0-7fe767ea9cf2 fd5bdb910ee6491fa556f3ea37e04a06 68425f7d220541afa09b187349f00bcc - - default default] 10.0.0.126 "PUT /v2.0/networks/39c36b7b-0880-48e7-87f7-20f7408e3b66/tags HTTP/1.1" status: 200 len: 212 time: 0.0460126
2026-08-05 22:50:37.539 10 INFO neutron.wsgi [None req-15931981-5879-4c70-a085-381e4a476e0d fd5bdb910ee6491fa556f3ea37e04a06 68425f7d220541afa09b187349f00bcc - - default default] 10.0.0.126 "GET /v2.0/networks?tags=red HTTP/1.1" status: 200 len: 2066 time: 0.0762846
2026-08-05 22:50:37.638 10 INFO neutron.wsgi [None req-6f02631a-a59f-470e-a6d8-859b34de9d57 fd5bdb910ee6491fa556f3ea37e04a06 68425f7d220541afa09b187349f00bcc - - default default] 10.0.0.126 "GET /v2.0/networks?tags=red%2Cblue HTTP/1.1" status: 200 len: 1454 time: 0.0934093
2026-08-05 22:50:37.716 10 INFO neutron.wsgi [None req-6fef0ecf-0d63-4470-89a0-5928fa7d89e9 fd5bdb910ee6491fa556f3ea37e04a06 68425f7d220541afa09b187349f00bcc - - default default] 10.0.0.126 "GET /v2.0/networks?tags-any=blue HTTP/1.1" status: 200 len: 1454 time: 0.0720139
2026-08-05 22:50:37.779 10 INFO neutron.wsgi [None req-c61419a2-85f5-44dc-a5de-c481af47a3a2 fd5bdb910ee6491fa556f3ea37e04a06 68425f7d220541afa09b187349f00bcc - - default default] 10.0.0.126 "GET /v2.0/networks?tags-any=red%2Cblue HTTP/1.1" status: 200 len: 2066 time: 0.0585487
2026-08-05 22:50:37.899 10 INFO neutron.wsgi [None req-a347b500-2b68-4261-ba68-398089184886 fd5bdb910ee6491fa556f3ea37e04a06 68425f7d220541afa09b187349f00bcc - - default default] 10.0.0.126 "GET /v2.0/networks?not-tags=red HTTP/1.1" status: 200 len: 2069 time: 0.1147532
2026-08-05 22:50:38.024 10 INFO neutron.wsgi [None req-229c7e49-7bd6-4a53-b660-64b38c274688 fd5bdb910ee6491fa556f3ea37e04a06 68425f7d220541afa09b187349f00bcc - - default default] 10.0.0.126 "GET /v2.0/networks?not-tags=red%2Cblue HTTP/1.1" status: 200 len: 2681 time: 0.1198103
2026-08-05 22:50:38.160 10 INFO neutron.wsgi [None req-be2c4c69-3b5b-45fc-99d8-6ed84616a0d9 fd5bdb910ee6491fa556f3ea37e04a06 68425f7d220541afa09b187349f00bcc - - default default] 10.0.0.126 "GET /v2.0/networks?not-tags-any=blue HTTP/1.1" status: 200 len: 2681 time: 0.1315718
2026-08-05 22:50:38.227 10 INFO neutron.wsgi [None req-7769b0c8-90bd-4035-9372-73f6ed25c452 fd5bdb910ee6491fa556f3ea37e04a06 68425f7d220541afa09b187349f00bcc - - default default] 10.0.0.126 "GET /v2.0/networks?not-tags-any=red%2Cblue HTTP/1.1" status: 200 len: 2069 time: 0.0608304
2026-08-05 22:50:38.663 10 INFO neutron.services.segments.plugin [-] Segment 6c8aa326-f9de-4079-8763-f31c36ea83ae resource provider aggregate not found
2026-08-05 22:50:38.679 10 INFO neutron.services.segments.plugin [-] Segment 6c8aa326-f9de-4079-8763-f31c36ea83ae resource provider aggregate not found
2026-08-05 22:50:38.700 10 INFO neutron.services.segments.plugin [-] Segment 6c8aa326-f9de-4079-8763-f31c36ea83ae resource provider not found; error: Placement Client Error (4xx): {"errors": [{"status": 404, "title": "Not Found", "detail": "The resource could not be found.\n\n No resource provider with uuid 6c8aa326-f9de-4079-8763-f31c36ea83ae found for delete ", "request_id": "req-f86df5c6-47ff-44c8-9e6e-971ff032ceea"}]}
2026-08-05 22:50:38.701 10 INFO neutron.services.segments.plugin [-] Segment 6c8aa326-f9de-4079-8763-f31c36ea83ae resource provider not found; error: Placement Client Error (4xx): {"errors": [{"status": 404, "title": "Not Found", "detail": "The resource could not be found.\n\n No resource provider with uuid 6c8aa326-f9de-4079-8763-f31c36ea83ae found for delete ", "request_id": "req-c62b5797-28c9-4dc8-ad34-19e21b70fd27"}]}
2026-08-05 22:50:38.733 10 INFO neutron.wsgi [None req-2d52841f-db7e-4659-84d0-5a792d7cc527 fd5bdb910ee6491fa556f3ea37e04a06 68425f7d220541afa09b187349f00bcc - - default default] 10.0.0.126 "DELETE /v2.0/networks/978b63c7-e82d-4258-9c07-ba2286335ecb HTTP/1.1" status: 204 len: 168 time: 0.4997921
2026-08-05 22:50:39.123 9 INFO neutron.services.segments.plugin [-] Segment 6ad941a7-ca64-4e26-bc29-1c78e2f5e562 resource provider aggregate not found
2026-08-05 22:50:39.129 9 INFO neutron.services.segments.plugin [-] Segment 6ad941a7-ca64-4e26-bc29-1c78e2f5e562 resource provider aggregate not found
2026-08-05 22:50:39.144 9 INFO neutron.services.segments.plugin [-] Segment 6ad941a7-ca64-4e26-bc29-1c78e2f5e562 resource provider not found; error: Placement Client Error (4xx): {"errors": [{"status": 404, "title": "Not Found", "detail": "The resource could not be found.\n\n No resource provider with uuid 6ad941a7-ca64-4e26-bc29-1c78e2f5e562 found for delete ", "request_id": "req-54ad75fc-451e-40dc-a38e-28ea7ed1e583"}]}
2026-08-05 22:50:39.148 9 INFO neutron.services.segments.plugin [-] Segment 6ad941a7-ca64-4e26-bc29-1c78e2f5e562 resource provider not found; error: Placement Client Error (4xx): {"errors": [{"status": 404, "title": "Not Found", "detail": "The resource could not be found.\n\n No resource provider with uuid 6ad941a7-ca64-4e26-bc29-1c78e2f5e562 found for delete ", "request_id": "req-d3b74db4-00a0-4b29-9117-5fd2fb15035a"}]}
2026-08-05 22:50:39.173 9 INFO neutron.wsgi [None req-034f77e8-2f27-4e56-b316-0fc4bb82d193 fd5bdb910ee6491fa556f3ea37e04a06 68425f7d220541afa09b187349f00bcc - - default default] 10.0.0.126 "DELETE /v2.0/networks/2956e07c-7b5e-4133-8eeb-afbe12d83e69 HTTP/1.1" status: 204 len: 168 time: 0.4324088
2026-08-05 22:50:39.551 10 INFO neutron.wsgi [None req-12a22ee0-f08d-4cd4-8280-6f07c79bcb6b fd5bdb910ee6491fa556f3ea37e04a06 68425f7d220541afa09b187349f00bcc - - default default] 10.0.0.126 "DELETE /v2.0/networks/c40ad8a0-17ac-45b4-8478-86709191ba63 HTTP/1.1" status: 204 len: 168 time: 0.3732331
2026-08-05 22:50:39.961 9 INFO neutron.wsgi [None req-01f49ab7-cb47-4378-a138-ec4e89bd4ecf fd5bdb910ee6491fa556f3ea37e04a06 68425f7d220541afa09b187349f00bcc - - default default] 10.0.0.126 "DELETE /v2.0/networks/39c36b7b-0880-48e7-87f7-20f7408e3b66 HTTP/1.1" status: 204 len: 168 time: 0.4033706
2026-08-05 22:50:40.592 10 INFO neutron.wsgi [None req-c3532df5-ca5d-44e1-84a2-71b70c4da890 fd5bdb910ee6491fa556f3ea37e04a06 68425f7d220541afa09b187349f00bcc - - default default] 10.0.0.126 "DELETE /v2.0/networks/a9fcd2f7-800a-41a6-9867-753b6ee8b9b0 HTTP/1.1" status: 204 len: 168 time: 0.6246622
2026-08-05 22:50:40.721 10 INFO neutron.services.segments.plugin [-] Segment 6db8c70f-e291-4eb9-8727-9400d3ca586f resource provider aggregate not found
2026-08-05 22:50:40.726 10 INFO neutron.services.segments.plugin [-] Segment 6db8c70f-e291-4eb9-8727-9400d3ca586f resource provider aggregate not found
2026-08-05 22:50:40.741 10 INFO neutron.services.segments.plugin [-] Segment 6db8c70f-e291-4eb9-8727-9400d3ca586f resource provider not found; error: Placement Client Error (4xx): {"errors": [{"status": 404, "title": "Not Found", "detail": "The resource could not be found.\n\n No resource provider with uuid 6db8c70f-e291-4eb9-8727-9400d3ca586f found for delete ", "request_id": "req-90a27132-6f64-411c-85e9-e247405a8c1c"}]}
2026-08-05 22:50:40.746 10 INFO neutron.services.segments.plugin [-] Segment 6db8c70f-e291-4eb9-8727-9400d3ca586f resource provider not found; error: Placement Client Error (4xx): {"errors": [{"status": 404, "title": "Not Found", "detail": "The resource could not be found.\n\n No resource provider with uuid 6db8c70f-e291-4eb9-8727-9400d3ca586f found for delete ", "request_id": "req-c8001e79-787d-4dd8-94b5-70ce260a3ff6"}]}
2026-08-05 22:50:40.763 10 INFO neutron.services.segments.plugin [-] Segment 141bd852-6ccb-4d70-ac13-7bded7b386b1 resource provider aggregate not found
2026-08-05 22:50:40.768 10 INFO neutron.services.segments.plugin [-] Segment 141bd852-6ccb-4d70-ac13-7bded7b386b1 resource provider aggregate not found
2026-08-05 22:50:40.784 10 INFO neutron.services.segments.plugin [-] Segment 141bd852-6ccb-4d70-ac13-7bded7b386b1 resource provider not found; error: Placement Client Error (4xx): {"errors": [{"status": 404, "title": "Not Found", "detail": "The resource could not be found.\n\n No resource provider with uuid 141bd852-6ccb-4d70-ac13-7bded7b386b1 found for delete ", "request_id": "req-249671de-32f0-4286-b06b-96e6cbb8dbfe"}]}
2026-08-05 22:50:40.787 10 INFO neutron.services.segments.plugin [-] Segment 141bd852-6ccb-4d70-ac13-7bded7b386b1 resource provider not found; error: Placement Client Error (4xx): {"errors": [{"status": 404, "title": "Not Found", "detail": "The resource could not be found.\n\n No resource provider with uuid 141bd852-6ccb-4d70-ac13-7bded7b386b1 found for delete ", "request_id": "req-00dbc9e1-325b-460b-afd8-ddebd5a67c41"}]}
2026-08-05 22:50:41.169 9 INFO neutron.services.segments.plugin [-] Segment 1f63cb3e-e856-4ef9-bad3-f69ba59f0e7c resource provider aggregate not found
2026-08-05 22:50:41.174 9 INFO neutron.services.segments.plugin [-] Segment 1f63cb3e-e856-4ef9-bad3-f69ba59f0e7c resource provider aggregate not found
2026-08-05 22:50:41.185 9 INFO neutron.services.segments.plugin [-] Segment 1f63cb3e-e856-4ef9-bad3-f69ba59f0e7c resource provider not found; error: Placement Client Error (4xx): {"errors": [{"status": 404, "title": "Not Found", "detail": "The resource could not be found.\n\n No resource provider with uuid 1f63cb3e-e856-4ef9-bad3-f69ba59f0e7c found for delete ", "request_id": "req-10698551-3b3c-4abb-b3cc-9edd1d07fe5f"}]}
2026-08-05 22:50:41.190 9 INFO neutron.services.segments.plugin [-] Segment 1f63cb3e-e856-4ef9-bad3-f69ba59f0e7c resource provider not found; error: Placement Client Error (4xx): {"errors": [{"status": 404, "title": "Not Found", "detail": "The resource could not be found.\n\n No resource provider with uuid 1f63cb3e-e856-4ef9-bad3-f69ba59f0e7c found for delete ", "request_id": "req-2be2e324-8b09-4ef6-bafe-9f254ad33665"}]}
