2026-08-05 22:47:15.796 9 INFO neutron.wsgi [req-eecea565-8891-4a60-9dc5-e6ab7670a260 req-01d585de-4bb1-4ed0-a27c-67e4ad5c84d3 4731050d35844e08aee3c308017e67ac 6a46fecbb3cb43dd8c62af5195c1bbe1 - - 5fab57c627834e10ab1a69078959df56 5fab57c627834e10ab1a69078959df56] 199.19.213.156 "GET /v2.0/ports?tenant_id=5b526bec86ce405da8014d584bd01295&device_id=70ed32a9-7470-4d0e-be67-52515da64417 HTTP/1.1" status: 200 len: 1590 time: 0.0418804
2026-08-05 22:47:15.850 10 INFO neutron.db.ovn_revision_numbers_db [None req-55b6f91f-3680-4de4-bca4-289bf84f8b15 1192f7bdb6cf4452b075d5bd8e669f1d cf92ec56363b426faffb09bcf8989038 - - default default] Successfully bumped revision number for resource de4bf4b0-a4a3-46dd-9434-36ab1acf1dac (type: ports) to 1
2026-08-05 22:47:15.871 10 INFO neutron.wsgi [None req-55b6f91f-3680-4de4-bca4-289bf84f8b15 1192f7bdb6cf4452b075d5bd8e669f1d cf92ec56363b426faffb09bcf8989038 - - default default] 10.0.0.126 "POST /v2.0/networks HTTP/1.1" status: 201 len: 843 time: 0.5634089
2026-08-05 22:47:15.873 9 INFO neutron.wsgi [req-eecea565-8891-4a60-9dc5-e6ab7670a260 req-72023582-38c8-46f3-ae3f-48dadd73992f 4731050d35844e08aee3c308017e67ac 6a46fecbb3cb43dd8c62af5195c1bbe1 - - 5fab57c627834e10ab1a69078959df56 5fab57c627834e10ab1a69078959df56] 199.19.213.156 "GET /v2.0/networks?id=45b2ea71-0478-44a0-8b58-1f9b6873e372 HTTP/1.1" status: 200 len: 980 time: 0.0686622
2026-08-05 22:47:15.906 9 INFO neutron.wsgi [req-eecea565-8891-4a60-9dc5-e6ab7670a260 req-c2e3e647-dec8-4359-8cc1-21b92e144d66 4731050d35844e08aee3c308017e67ac 6a46fecbb3cb43dd8c62af5195c1bbe1 - - 5fab57c627834e10ab1a69078959df56 5fab57c627834e10ab1a69078959df56] 199.19.213.156 "GET /v2.0/floatingips?fixed_ip_address=10.100.0.14&port_id=6e4302e6-1566-4298-a552-6346a357b752 HTTP/1.1" status: 200 len: 217 time: 0.0254054
2026-08-05 22:47:15.958 9 INFO neutron.wsgi [req-eecea565-8891-4a60-9dc5-e6ab7670a260 req-b2d26f61-8670-4dd9-86c7-4342f4ad442b 4731050d35844e08aee3c308017e67ac 6a46fecbb3cb43dd8c62af5195c1bbe1 - - 5fab57c627834e10ab1a69078959df56 5fab57c627834e10ab1a69078959df56] 199.19.213.156 "GET /v2.0/floatingips?fixed_ip_address=10.100.0.8&port_id=6e4302e6-1566-4298-a552-6346a357b752 HTTP/1.1" status: 200 len: 1059 time: 0.0432539
2026-08-05 22:47:15.997 9 INFO neutron.wsgi [req-eecea565-8891-4a60-9dc5-e6ab7670a260 req-0b9503b9-9972-41ab-aced-40a23807fe4b 4731050d35844e08aee3c308017e67ac 6a46fecbb3cb43dd8c62af5195c1bbe1 - - 5fab57c627834e10ab1a69078959df56 5fab57c627834e10ab1a69078959df56] 199.19.213.156 "GET /v2.0/subnets?id=0a0cd6a8-ab68-4a84-ad87-ef403b59a24d HTTP/1.1" status: 200 len: 876 time: 0.0308402
2026-08-05 22:47:16.024 9 INFO neutron.wsgi [req-eecea565-8891-4a60-9dc5-e6ab7670a260 req-b4ed33f8-4e64-4226-8564-49caaa220d50 4731050d35844e08aee3c308017e67ac 6a46fecbb3cb43dd8c62af5195c1bbe1 - - 5fab57c627834e10ab1a69078959df56 5fab57c627834e10ab1a69078959df56] 199.19.213.156 "GET /v2.0/ports?network_id=45b2ea71-0478-44a0-8b58-1f9b6873e372&device_owner=network%3Adhcp HTTP/1.1" status: 200 len: 210 time: 0.0190859
2026-08-05 22:47:16.087 10 INFO neutron.db.ovn_revision_numbers_db [None req-5af0ccfb-c16b-43a5-aeb0-e38840b20b27 1192f7bdb6cf4452b075d5bd8e669f1d cf92ec56363b426faffb09bcf8989038 - - default default] Successfully bumped revision number for resource 672a0189-47a1-4786-9031-9194c2d9aa31 (type: networks) to 2
2026-08-05 22:47:16.091 10 INFO neutron.wsgi [None req-5af0ccfb-c16b-43a5-aeb0-e38840b20b27 1192f7bdb6cf4452b075d5bd8e669f1d cf92ec56363b426faffb09bcf8989038 - - default default] 10.0.0.126 "PUT /v2.0/networks/672a0189-47a1-4786-9031-9194c2d9aa31 HTTP/1.1" status: 200 len: 792 time: 0.2112932
2026-08-05 22:47:16.126 9 INFO neutron.wsgi [req-eecea565-8891-4a60-9dc5-e6ab7670a260 req-d8b0ddfb-833c-4bc9-a1d2-7f70be9ee110 4731050d35844e08aee3c308017e67ac 6a46fecbb3cb43dd8c62af5195c1bbe1 - - 5fab57c627834e10ab1a69078959df56 5fab57c627834e10ab1a69078959df56] 199.19.213.156 "GET /v2.0/networks/45b2ea71-0478-44a0-8b58-1f9b6873e372?fields=segments HTTP/1.1" status: 200 len: 212 time: 0.0935092
2026-08-05 22:47:16.201 9 INFO neutron.wsgi [req-eecea565-8891-4a60-9dc5-e6ab7670a260 req-de9519cb-3ef4-41a9-a664-d84aa028fd95 4731050d35844e08aee3c308017e67ac 6a46fecbb3cb43dd8c62af5195c1bbe1 - - 5fab57c627834e10ab1a69078959df56 5fab57c627834e10ab1a69078959df56] 199.19.213.156 "GET /v2.0/networks/45b2ea71-0478-44a0-8b58-1f9b6873e372?fields=provider%3Aphysical_network&fields=provider%3Anetwork_type HTTP/1.1" status: 200 len: 277 time: 0.0676148
2026-08-05 22:47:16.293 9 INFO neutron.wsgi [req-9912f603-1ecb-4f08-a3f8-6a92d19f676c req-1a0a89a8-859d-4a9e-9ba0-6bd72e716802 4731050d35844e08aee3c308017e67ac 6a46fecbb3cb43dd8c62af5195c1bbe1 - - 5fab57c627834e10ab1a69078959df56 5fab57c627834e10ab1a69078959df56] 199.19.213.156 "GET /v2.0/ports?tenant_id=5b526bec86ce405da8014d584bd01295&device_id=70ed32a9-7470-4d0e-be67-52515da64417 HTTP/1.1" status: 200 len: 1590 time: 0.0340006
2026-08-05 22:47:16.378 9 INFO neutron.wsgi [req-9912f603-1ecb-4f08-a3f8-6a92d19f676c req-7a8cdb72-73d2-47aa-b99f-cb9bf8caaeb8 4731050d35844e08aee3c308017e67ac 6a46fecbb3cb43dd8c62af5195c1bbe1 - - 5fab57c627834e10ab1a69078959df56 5fab57c627834e10ab1a69078959df56] 199.19.213.156 "GET /v2.0/networks?id=45b2ea71-0478-44a0-8b58-1f9b6873e372 HTTP/1.1" status: 200 len: 980 time: 0.0752859
2026-08-05 22:47:16.409 9 INFO neutron.wsgi [req-9912f603-1ecb-4f08-a3f8-6a92d19f676c req-b6e0798f-1a66-411e-97ce-249b5431bcf4 4731050d35844e08aee3c308017e67ac 6a46fecbb3cb43dd8c62af5195c1bbe1 - - 5fab57c627834e10ab1a69078959df56 5fab57c627834e10ab1a69078959df56] 199.19.213.156 "GET /v2.0/floatingips?fixed_ip_address=10.100.0.14&port_id=6e4302e6-1566-4298-a552-6346a357b752 HTTP/1.1" status: 200 len: 217 time: 0.0253875
2026-08-05 22:47:16.421 10 WARNING neutron.scheduler.dhcp_agent_scheduler [None req-d6ec18ff-5013-40e9-9b80-292944dc7cc6 1192f7bdb6cf4452b075d5bd8e669f1d cf92ec56363b426faffb09bcf8989038 - - default default] No more DHCP agents
2026-08-05 22:47:16.423 10 WARNING neutron.api.rpc.agentnotifiers.dhcp_rpc_agent_api [None req-d6ec18ff-5013-40e9-9b80-292944dc7cc6 1192f7bdb6cf4452b075d5bd8e669f1d cf92ec56363b426faffb09bcf8989038 - - default default] Unable to schedule network 672a0189-47a1-4786-9031-9194c2d9aa31: no agents available; will retry on subsequent port and subnet creation events.
2026-08-05 22:47:16.462 9 INFO neutron.wsgi [req-9912f603-1ecb-4f08-a3f8-6a92d19f676c req-014924a5-bd3b-43f7-8520-faa3664fb335 4731050d35844e08aee3c308017e67ac 6a46fecbb3cb43dd8c62af5195c1bbe1 - - 5fab57c627834e10ab1a69078959df56 5fab57c627834e10ab1a69078959df56] 199.19.213.156 "GET /v2.0/floatingips?fixed_ip_address=10.100.0.8&port_id=6e4302e6-1566-4298-a552-6346a357b752 HTTP/1.1" status: 200 len: 1059 time: 0.0483892
2026-08-05 22:47:16.504 9 INFO neutron.wsgi [req-9912f603-1ecb-4f08-a3f8-6a92d19f676c req-9dbc0cda-d68e-4069-9265-1c5f540ed47f 4731050d35844e08aee3c308017e67ac 6a46fecbb3cb43dd8c62af5195c1bbe1 - - 5fab57c627834e10ab1a69078959df56 5fab57c627834e10ab1a69078959df56] 199.19.213.156 "GET /v2.0/subnets?id=0a0cd6a8-ab68-4a84-ad87-ef403b59a24d HTTP/1.1" status: 200 len: 876 time: 0.0347407
2026-08-05 22:47:16.532 9 INFO neutron.wsgi [req-9912f603-1ecb-4f08-a3f8-6a92d19f676c req-cfa699c6-9c9f-495e-af62-5759058d0f99 4731050d35844e08aee3c308017e67ac 6a46fecbb3cb43dd8c62af5195c1bbe1 - - 5fab57c627834e10ab1a69078959df56 5fab57c627834e10ab1a69078959df56] 199.19.213.156 "GET /v2.0/ports?network_id=45b2ea71-0478-44a0-8b58-1f9b6873e372&device_owner=network%3Adhcp HTTP/1.1" status: 200 len: 210 time: 0.0207114
2026-08-05 22:47:16.590 9 INFO neutron.wsgi [req-9912f603-1ecb-4f08-a3f8-6a92d19f676c req-92de16a7-b45b-40b3-a585-91c46a6e4ec4 4731050d35844e08aee3c308017e67ac 6a46fecbb3cb43dd8c62af5195c1bbe1 - - 5fab57c627834e10ab1a69078959df56 5fab57c627834e10ab1a69078959df56] 199.19.213.156 "GET /v2.0/networks/45b2ea71-0478-44a0-8b58-1f9b6873e372?fields=segments HTTP/1.1" status: 200 len: 212 time: 0.0525560
2026-08-05 22:47:16.662 9 INFO neutron.wsgi [req-9912f603-1ecb-4f08-a3f8-6a92d19f676c req-a5b2a25b-9fbd-43ac-a0ef-701636ce23fb 4731050d35844e08aee3c308017e67ac 6a46fecbb3cb43dd8c62af5195c1bbe1 - - 5fab57c627834e10ab1a69078959df56 5fab57c627834e10ab1a69078959df56] 199.19.213.156 "GET /v2.0/networks/45b2ea71-0478-44a0-8b58-1f9b6873e372?fields=provider%3Aphysical_network&fields=provider%3Anetwork_type HTTP/1.1" status: 200 len: 277 time: 0.0651536
2026-08-05 22:47:16.925 10 INFO neutron.db.ovn_revision_numbers_db [None req-d6ec18ff-5013-40e9-9b80-292944dc7cc6 1192f7bdb6cf4452b075d5bd8e669f1d cf92ec56363b426faffb09bcf8989038 - - default default] Successfully bumped revision number for resource de4bf4b0-a4a3-46dd-9434-36ab1acf1dac (type: ports) to 2
2026-08-05 22:47:16.968 10 INFO neutron.db.ovn_revision_numbers_db [None req-d6ec18ff-5013-40e9-9b80-292944dc7cc6 1192f7bdb6cf4452b075d5bd8e669f1d cf92ec56363b426faffb09bcf8989038 - - default default] Successfully bumped revision number for resource 9f59b504-181b-45d6-9d7d-ef38a4830fa5 (type: subnets) to 0
2026-08-05 22:47:16.984 10 INFO neutron.wsgi [None req-d6ec18ff-5013-40e9-9b80-292944dc7cc6 1192f7bdb6cf4452b075d5bd8e669f1d cf92ec56363b426faffb09bcf8989038 - - default default] 10.0.0.126 "POST /v2.0/subnets HTTP/1.1" status: 201 len: 801 time: 0.8866000
2026-08-05 22:47:17.130 10 INFO neutron.wsgi [req-35ac3da9-c935-4669-93e7-f8c3901042ab req-07887618-8b8a-4fad-91a8-34cc76953ad3 00363c0c853942b4b193b7d89ddcd702 5b526bec86ce405da8014d584bd01295 - - default default] 10.0.0.28 "GET /v2.0/ports?device_id=70ed32a9-7470-4d0e-be67-52515da64417 HTTP/1.1" status: 200 len: 1352 time: 0.0523474
2026-08-05 22:47:17.202 10 INFO neutron.wsgi [req-35ac3da9-c935-4669-93e7-f8c3901042ab req-616d6156-273c-4d52-87db-d9ea82471318 00363c0c853942b4b193b7d89ddcd702 5b526bec86ce405da8014d584bd01295 - - default default] 10.0.0.28 "GET /v2.0/security-groups?id=84c7e174-930b-4eef-90bf-bdffc1841a0b&fields=id&fields=name HTTP/1.1" status: 200 len: 313 time: 0.0612059
2026-08-05 22:47:17.390 10 INFO neutron.db.ovn_revision_numbers_db [None req-bd0264db-d76b-42b7-b76f-823b3d9e3def 1192f7bdb6cf4452b075d5bd8e669f1d cf92ec56363b426faffb09bcf8989038 - - default default] Successfully bumped revision number for resource 9f59b504-181b-45d6-9d7d-ef38a4830fa5 (type: subnets) to 1
2026-08-05 22:47:17.394 10 INFO neutron.wsgi [None req-bd0264db-d76b-42b7-b76f-823b3d9e3def 1192f7bdb6cf4452b075d5bd8e669f1d cf92ec56363b426faffb09bcf8989038 - - default default] 10.0.0.126 "PUT /v2.0/subnets/9f59b504-181b-45d6-9d7d-ef38a4830fa5 HTTP/1.1" status: 200 len: 806 time: 0.4041445
2026-08-05 22:47:17.397 9 INFO neutron.wsgi [req-341d5cb5-2c22-439c-8017-227ab77b1a57 req-de0fcc99-cccc-431a-888b-f66a646c119b 00363c0c853942b4b193b7d89ddcd702 5b526bec86ce405da8014d584bd01295 - - default default] 199.19.213.156 "GET /v2.0/ports?device_id=70ed32a9-7470-4d0e-be67-52515da64417&device_owner=compute%3Anova&fixed_ips=ip_address%3D10.100.0.14 HTTP/1.1" status: 200 len: 1352 time: 0.0829582
2026-08-05 22:47:18.172 9 INFO neutron.db.ovn_revision_numbers_db [req-341d5cb5-2c22-439c-8017-227ab77b1a57 req-be4e0495-4d97-4ecb-b3aa-7e25c1969b43 00363c0c853942b4b193b7d89ddcd702 5b526bec86ce405da8014d584bd01295 - - default default] Successfully bumped revision number for resource 6e4302e6-1566-4298-a552-6346a357b752 (type: ports) to 6
2026-08-05 22:47:18.186 9 INFO neutron.wsgi [req-341d5cb5-2c22-439c-8017-227ab77b1a57 req-be4e0495-4d97-4ecb-b3aa-7e25c1969b43 00363c0c853942b4b193b7d89ddcd702 5b526bec86ce405da8014d584bd01295 - - default default] 199.19.213.156 "PUT /v2.0/ports/6e4302e6-1566-4298-a552-6346a357b752 HTTP/1.1" status: 200 len: 1167 time: 0.7821510
2026-08-05 22:47:18.217 9 INFO neutron.services.segments.plugin [-] Segment dfd7bb13-f694-4a90-ae5d-2c716bfe796e resource provider aggregate not found /var/lib/openstack/lib/python3.10/site-packages/pycadf/identifier.py:71: UserWarning: Invalid uuid: neutron. To ensure interoperability, identifiers should be a valid uuid. warnings.warn(('Invalid uuid: %s. To ensure interoperability, '
2026-08-05 22:47:18.231 9 INFO neutron.services.segments.plugin [-] Segment dfd7bb13-f694-4a90-ae5d-2c716bfe796e resource provider aggregate not found
2026-08-05 22:47:18.250 9 INFO neutron.notifiers.nova [-] Nova event matching ['req-9824dccd-5f1d-4678-ad19-0a4034cfd279'] response: {'name': 'network-changed', 'server_uuid': '70ed32a9-7470-4d0e-be67-52515da64417', 'tag': '6e4302e6-1566-4298-a552-6346a357b752', 'status': 'completed', 'code': 200}
2026-08-05 22:47:18.251 9 INFO neutron.services.segments.plugin [-] Segment dfd7bb13-f694-4a90-ae5d-2c716bfe796e resource provider not found; error: Placement Client Error (4xx): {"errors": [{"status": 404, "title": "Not Found", "detail": "The resource could not be found.\n\n No resource provider with uuid dfd7bb13-f694-4a90-ae5d-2c716bfe796e found for delete ", "request_id": "req-c4ab724a-486c-4d9c-9dec-7b1920dd3b24"}]}
2026-08-05 22:47:18.251 9 INFO neutron.services.segments.plugin [-] Segment dfd7bb13-f694-4a90-ae5d-2c716bfe796e resource provider not found; error: Placement Client Error (4xx): {"errors": [{"status": 404, "title": "Not Found", "detail": "The resource could not be found.\n\n No resource provider with uuid dfd7bb13-f694-4a90-ae5d-2c716bfe796e found for delete ", "request_id": "req-4011580b-9289-4f50-8067-59769dc6b56c"}]}
2026-08-05 22:47:18.282 9 INFO neutron.wsgi [req-341d5cb5-2c22-439c-8017-227ab77b1a57 req-ea22679c-5f0e-4b7a-baab-73b212ea8b48 4731050d35844e08aee3c308017e67ac 6a46fecbb3cb43dd8c62af5195c1bbe1 - - 5fab57c627834e10ab1a69078959df56 5fab57c627834e10ab1a69078959df56] 199.19.213.156 "GET /v2.0/ports?tenant_id=5b526bec86ce405da8014d584bd01295&device_id=70ed32a9-7470-4d0e-be67-52515da64417 HTTP/1.1" status: 200 len: 1409 time: 0.0672436
2026-08-05 22:47:18.316 9 INFO neutron.wsgi [None req-fabdca72-50ae-4ce4-af08-32df1d0aedfa 1192f7bdb6cf4452b075d5bd8e669f1d cf92ec56363b426faffb09bcf8989038 - - default default] 10.0.0.126 "DELETE /v2.0/networks/672a0189-47a1-4786-9031-9194c2d9aa31 HTTP/1.1" status: 204 len: 168 time: 0.9166794
2026-08-05 22:47:18.336 10 INFO neutron.pecan_wsgi.hooks.translation [None req-090d4c44-aeaf-4863-b07a-3bf224423ab2 1192f7bdb6cf4452b075d5bd8e669f1d cf92ec56363b426faffb09bcf8989038 - - default default] DELETE failed (client error): The resource could not be found.
2026-08-05 22:47:18.339 10 INFO neutron.wsgi [None req-090d4c44-aeaf-4863-b07a-3bf224423ab2 1192f7bdb6cf4452b075d5bd8e669f1d cf92ec56363b426faffb09bcf8989038 - - default default] 10.0.0.126 "DELETE /v2.0/networks/672a0189-47a1-4786-9031-9194c2d9aa31 HTTP/1.1" status: 404 len: 339 time: 0.0180972
2026-08-05 22:47:18.426 9 INFO neutron.wsgi [req-341d5cb5-2c22-439c-8017-227ab77b1a57 req-f6c898e6-9865-4272-95a4-663c69d8ea07 4731050d35844e08aee3c308017e67ac 6a46fecbb3cb43dd8c62af5195c1bbe1 - - 5fab57c627834e10ab1a69078959df56 5fab57c627834e10ab1a69078959df56] 199.19.213.156 "GET /v2.0/networks?id=45b2ea71-0478-44a0-8b58-1f9b6873e372 HTTP/1.1" status: 200 len: 980 time: 0.1344788
2026-08-05 22:47:18.493 9 INFO neutron.wsgi [None req-c2ef6367-d1b2-4d9b-9d9b-f1db1b2726bb 1192f7bdb6cf4452b075d5bd8e669f1d cf92ec56363b426faffb09bcf8989038 - - default default] 10.0.0.126 "GET /v2.0/networks?router%3Aexternal=True HTTP/1.1" status: 200 len: 845 time: 0.1409228
2026-08-05 22:47:18.497 9 INFO neutron.wsgi [req-341d5cb5-2c22-439c-8017-227ab77b1a57 req-89a51b55-84ca-4a18-a8c6-aa5a139ed057 4731050d35844e08aee3c308017e67ac 6a46fecbb3cb43dd8c62af5195c1bbe1 - - 5fab57c627834e10ab1a69078959df56 5fab57c627834e10ab1a69078959df56] 199.19.213.156 "GET /v2.0/floatingips?fixed_ip_address=10.100.0.8&port_id=6e4302e6-1566-4298-a552-6346a357b752 HTTP/1.1" status: 200 len: 1059 time: 0.0657442
2026-08-05 22:47:18.549 9 INFO neutron.wsgi [None req-cca5159e-5120-4b6d-bb81-0015b6532657 1192f7bdb6cf4452b075d5bd8e669f1d cf92ec56363b426faffb09bcf8989038 - - default default] 10.0.0.126 "GET /v2.0/subnets?network_id=ade734e4-3124-4f73-9260-649585f3df2a HTTP/1.1" status: 200 len: 820 time: 0.0486274
2026-08-05 22:47:18.553 9 INFO neutron.wsgi [req-341d5cb5-2c22-439c-8017-227ab77b1a57 req-738961ab-fa47-4402-9e39-ab24a6bb3f6e 4731050d35844e08aee3c308017e67ac 6a46fecbb3cb43dd8c62af5195c1bbe1 - - 5fab57c627834e10ab1a69078959df56 5fab57c627834e10ab1a69078959df56] 199.19.213.156 "GET /v2.0/subnets?id=0a0cd6a8-ab68-4a84-ad87-ef403b59a24d HTTP/1.1" status: 200 len: 876 time: 0.0465276
2026-08-05 22:47:18.563 10 INFO neutron.wsgi [None req-80ee41c7-beaa-4e85-adac-8f3cf493f794 1192f7bdb6cf4452b075d5bd8e669f1d cf92ec56363b426faffb09bcf8989038 - - default default] 10.0.0.126 "GET /v2.0/extensions HTTP/1.1" status: 200 len: 16520 time: 0.0079935
2026-08-05 22:47:18.597 9 INFO neutron.wsgi [req-341d5cb5-2c22-439c-8017-227ab77b1a57 req-22580568-db8b-4fd1-acb4-01c04d91fb2d 4731050d35844e08aee3c308017e67ac 6a46fecbb3cb43dd8c62af5195c1bbe1 - - 5fab57c627834e10ab1a69078959df56 5fab57c627834e10ab1a69078959df56] 199.19.213.156 "GET /v2.0/ports?network_id=45b2ea71-0478-44a0-8b58-1f9b6873e372&device_owner=network%3Adhcp HTTP/1.1" status: 200 len: 210 time: 0.0361559
2026-08-05 22:47:18.696 9 INFO neutron.wsgi [None req-70f5daad-972e-45da-9d12-8f985fac73a7 1192f7bdb6cf4452b075d5bd8e669f1d cf92ec56363b426faffb09bcf8989038 - - default default] 10.0.0.126 "GET /v2.0/networks HTTP/1.1" status: 200 len: 1504 time: 0.1207383
2026-08-05 22:47:18.703 9 INFO neutron.wsgi [req-341d5cb5-2c22-439c-8017-227ab77b1a57 req-814477fe-b880-4ae4-9379-c5bbc20abc5b 4731050d35844e08aee3c308017e67ac 6a46fecbb3cb43dd8c62af5195c1bbe1 - - 5fab57c627834e10ab1a69078959df56 5fab57c627834e10ab1a69078959df56] 199.19.213.156 "GET /v2.0/networks/45b2ea71-0478-44a0-8b58-1f9b6873e372?fields=segments HTTP/1.1" status: 200 len: 212 time: 0.0972621
2026-08-05 22:47:18.748 10 INFO neutron.wsgi [None req-b8accc3b-6f99-4c86-8cb2-dfa6638aad4d 1192f7bdb6cf4452b075d5bd8e669f1d cf92ec56363b426faffb09bcf8989038 - - default default] 10.0.0.126 "GET /v2.0/subnets HTTP/1.1" status: 200 len: 1428 time: 0.0436215
2026-08-05 22:47:18.768 9 INFO neutron.wsgi [req-341d5cb5-2c22-439c-8017-227ab77b1a57 req-c77d5a12-22dc-4989-9f7e-45cd7daf1993 4731050d35844e08aee3c308017e67ac 6a46fecbb3cb43dd8c62af5195c1bbe1 - - 5fab57c627834e10ab1a69078959df56 5fab57c627834e10ab1a69078959df56] 199.19.213.156 "GET /v2.0/networks/45b2ea71-0478-44a0-8b58-1f9b6873e372?fields=provider%3Aphysical_network&fields=provider%3Anetwork_type HTTP/1.1" status: 200 len: 277 time: 0.0571837
2026-08-05 22:47:18.833 10 INFO neutron.wsgi [None req-3141cdbf-db05-43b9-9042-d1dca2de53d8 1192f7bdb6cf4452b075d5bd8e669f1d cf92ec56363b426faffb09bcf8989038 - - default default] 10.0.0.126 "GET /v2.0/networks/d51e80ef-866d-464e-b879-a8eb9a0aa0d6 HTTP/1.1" status: 200 len: 863 time: 0.0767839
2026-08-05 22:47:18.865 9 INFO neutron.wsgi [req-17a606ea-c717-4d01-a6a3-e2dc1288be6f req-0cf95b26-cd45-435e-a45d-78f99a8d7f49 4731050d35844e08aee3c308017e67ac 6a46fecbb3cb43dd8c62af5195c1bbe1 - - 5fab57c627834e10ab1a69078959df56 5fab57c627834e10ab1a69078959df56] 199.19.213.156 "GET /v2.0/ports?tenant_id=5b526bec86ce405da8014d584bd01295&device_id=70ed32a9-7470-4d0e-be67-52515da64417 HTTP/1.1" status: 200 len: 1409 time: 0.0563645
2026-08-05 22:47:18.882 9 INFO neutron.wsgi [None req-fa72bee7-dd05-486e-b6a4-aa9f16c992b6 1192f7bdb6cf4452b075d5bd8e669f1d cf92ec56363b426faffb09bcf8989038 - - default default] 10.0.0.126 "GET /v2.0/subnets/e246b4d2-cdaa-4c7b-91e6-49b87edb0e11 HTTP/1.1" status: 200 len: 811 time: 0.0408971
2026-08-05 22:47:18.913 9 INFO neutron.pecan_wsgi.hooks.translation [None req-70aac8e6-a084-4ff4-9c67-dd0e452d2ab3 1192f7bdb6cf4452b075d5bd8e669f1d cf92ec56363b426faffb09bcf8989038 - - default default] DELETE failed (client error): The resource could not be found.
2026-08-05 22:47:18.915 9 INFO neutron.wsgi [None req-70aac8e6-a084-4ff4-9c67-dd0e452d2ab3 1192f7bdb6cf4452b075d5bd8e669f1d cf92ec56363b426faffb09bcf8989038 - - default default] 10.0.0.126 "DELETE /v2.0/subnets/9f59b504-181b-45d6-9d7d-ef38a4830fa5 HTTP/1.1" status: 404 len: 337 time: 0.0241513
2026-08-05 22:47:18.934 9 INFO neutron.pecan_wsgi.hooks.translation [None req-0e453cf2-66b0-4f88-920a-3ddc74e82b09 1192f7bdb6cf4452b075d5bd8e669f1d cf92ec56363b426faffb09bcf8989038 - - default default] DELETE failed (client error): The resource could not be found.
2026-08-05 22:47:18.937 9 INFO neutron.wsgi [None req-0e453cf2-66b0-4f88-920a-3ddc74e82b09 1192f7bdb6cf4452b075d5bd8e669f1d cf92ec56363b426faffb09bcf8989038 - - default default] 10.0.0.126 "DELETE /v2.0/networks/672a0189-47a1-4786-9031-9194c2d9aa31 HTTP/1.1" status: 404 len: 339 time: 0.0156267
2026-08-05 22:47:18.952 9 INFO neutron.wsgi [req-17a606ea-c717-4d01-a6a3-e2dc1288be6f req-b49d7798-6b7d-4316-9110-c491c2bbb974 4731050d35844e08aee3c308017e67ac 6a46fecbb3cb43dd8c62af5195c1bbe1 - - 5fab57c627834e10ab1a69078959df56 5fab57c627834e10ab1a69078959df56] 199.19.213.156 "GET /v2.0/networks?id=45b2ea71-0478-44a0-8b58-1f9b6873e372 HTTP/1.1" status: 200 len: 980 time: 0.0793440
2026-08-05 22:47:19.003 9 INFO neutron.wsgi [req-17a606ea-c717-4d01-a6a3-e2dc1288be6f req-3a40ec95-88ea-4a8d-8fd9-537a7475458a 4731050d35844e08aee3c308017e67ac 6a46fecbb3cb43dd8c62af5195c1bbe1 - - 5fab57c627834e10ab1a69078959df56 5fab57c627834e10ab1a69078959df56] 199.19.213.156 "GET /v2.0/floatingips?fixed_ip_address=10.100.0.8&port_id=6e4302e6-1566-4298-a552-6346a357b752 HTTP/1.1" status: 200 len: 1059 time: 0.0452042
2026-08-05 22:47:19.041 9 INFO neutron.wsgi [req-17a606ea-c717-4d01-a6a3-e2dc1288be6f req-6b17d777-9c37-4003-b113-204e36af8ec0 4731050d35844e08aee3c308017e67ac 6a46fecbb3cb43dd8c62af5195c1bbe1 - - 5fab57c627834e10ab1a69078959df56 5fab57c627834e10ab1a69078959df56] 199.19.213.156 "GET /v2.0/subnets?id=0a0cd6a8-ab68-4a84-ad87-ef403b59a24d HTTP/1.1" status: 200 len: 876 time: 0.0331416
2026-08-05 22:47:19.066 9 INFO neutron.wsgi [req-17a606ea-c717-4d01-a6a3-e2dc1288be6f req-e54d07c9-c3f4-467c-b365-d69a6751cf39 4731050d35844e08aee3c308017e67ac 6a46fecbb3cb43dd8c62af5195c1bbe1 - - 5fab57c627834e10ab1a69078959df56 5fab57c627834e10ab1a69078959df56] 199.19.213.156 "GET /v2.0/ports?network_id=45b2ea71-0478-44a0-8b58-1f9b6873e372&device_owner=network%3Adhcp HTTP/1.1" status: 200 len: 210 time: 0.0176663
2026-08-05 22:47:19.131 9 INFO neutron.wsgi [-] 10.0.0.145 "GET / HTTP/1.1" status: 200 len: 247 time: 0.0018442
2026-08-05 22:47:19.134 9 INFO neutron.wsgi [-] 10.0.0.145 "GET / HTTP/1.1" status: 200 len: 247 time: 0.0018997
2026-08-05 22:47:19.144 9 INFO neutron.wsgi [req-17a606ea-c717-4d01-a6a3-e2dc1288be6f req-75844aeb-3e06-4517-b7ed-7f0a2dab3eec 4731050d35844e08aee3c308017e67ac 6a46fecbb3cb43dd8c62af5195c1bbe1 - - 5fab57c627834e10ab1a69078959df56 5fab57c627834e10ab1a69078959df56] 199.19.213.156 "GET /v2.0/networks/45b2ea71-0478-44a0-8b58-1f9b6873e372?fields=segments HTTP/1.1" status: 200 len: 212 time: 0.0688472
2026-08-05 22:47:19.164 10 INFO neutron.wsgi [None req-b93d1272-be1d-4ed4-a90b-a0a56026835c 1192f7bdb6cf4452b075d5bd8e669f1d cf92ec56363b426faffb09bcf8989038 - - default default] 10.0.0.126 "DELETE /v2.0/subnets/e246b4d2-cdaa-4c7b-91e6-49b87edb0e11 HTTP/1.1" status: 204 len: 168 time: 0.2209537
2026-08-05 22:47:19.233 9 INFO neutron.wsgi [req-17a606ea-c717-4d01-a6a3-e2dc1288be6f req-c532e499-0d29-4037-87b5-5de008cfdf05 4731050d35844e08aee3c308017e67ac 6a46fecbb3cb43dd8c62af5195c1bbe1 - - 5fab57c627834e10ab1a69078959df56 5fab57c627834e10ab1a69078959df56] 199.19.213.156 "GET /v2.0/networks/45b2ea71-0478-44a0-8b58-1f9b6873e372?fields=provider%3Aphysical_network&fields=provider%3Anetwork_type HTTP/1.1" status: 200 len: 277 time: 0.0808117
2026-08-05 22:47:19.620 9 INFO neutron.wsgi [req-fbf025e4-6515-4dba-9e61-ed09b04fe53e req-16c4e12d-46e8-4403-a702-3832ad979a1d 00363c0c853942b4b193b7d89ddcd702 5b526bec86ce405da8014d584bd01295 - - default default] 10.0.0.28 "GET /v2.0/ports?device_id=70ed32a9-7470-4d0e-be67-52515da64417 HTTP/1.1" status: 200 len: 1170 time: 0.0545647
2026-08-05 22:47:19.624 9 INFO neutron.plugins.ml2.drivers.ovn.mech_driver.mech_driver [None req-1e1984d3-38a8-420e-a40a-ce93f14db32e - - - - - -] OVN reports status down for port: 6e4302e6-1566-4298-a552-6346a357b752
2026-08-05 22:47:19.665 9 INFO neutron.wsgi [None req-3fe653ad-7c11-4b90-b30f-541f82ceab4c 1192f7bdb6cf4452b075d5bd8e669f1d cf92ec56363b426faffb09bcf8989038 - - default default] 10.0.0.126 "DELETE /v2.0/networks/d51e80ef-866d-464e-b879-a8eb9a0aa0d6 HTTP/1.1" status: 204 len: 168 time: 0.4958580
2026-08-05 22:47:19.697 9 INFO neutron.wsgi [req-fbf025e4-6515-4dba-9e61-ed09b04fe53e req-32d97309-5560-42d1-b325-c012ef52f29f 00363c0c853942b4b193b7d89ddcd702 5b526bec86ce405da8014d584bd01295 - - default default] 10.0.0.28 "GET /v2.0/security-groups?id=84c7e174-930b-4eef-90bf-bdffc1841a0b&fields=id&fields=name HTTP/1.1" status: 200 len: 313 time: 0.0697739
2026-08-05 22:47:19.979 9 INFO neutron.db.ovn_revision_numbers_db [None req-1e1984d3-38a8-420e-a40a-ce93f14db32e - - - - - -] Successfully bumped revision number for resource 6e4302e6-1566-4298-a552-6346a357b752 (type: ports) to 7
2026-08-05 22:47:19.990 9 INFO neutron.wsgi [req-afa5ee60-04b5-448b-aea6-d9772ef7b4c1 req-209e3231-4c63-4da4-a208-552fdd46d2cb 00363c0c853942b4b193b7d89ddcd702 5b526bec86ce405da8014d584bd01295 - - default default] 199.19.213.156 "GET /v2.0/ports?device_id=70ed32a9-7470-4d0e-be67-52515da64417 HTTP/1.1" status: 200 len: 1168 time: 0.1090012
2026-08-05 22:47:20.309 9 INFO neutron.services.segments.plugin [-] Segment 6f52d1c0-f54d-4099-92fe-6bdf597c8862 resource provider aggregate not found
2026-08-05 22:47:20.315 9 INFO neutron.notifiers.nova [-] Nova event matching ['req-967912f1-9ca3-48ea-bbdf-87e85fe935bc'] response: {'server_uuid': '70ed32a9-7470-4d0e-be67-52515da64417', 'name': 'network-vif-unplugged', 'status': 'completed', 'tag': '6e4302e6-1566-4298-a552-6346a357b752', 'code': 200}
2026-08-05 22:47:20.315 9 INFO neutron.notifiers.nova [-] Nova event matching ['req-967912f1-9ca3-48ea-bbdf-87e85fe935bc'] response: {'server_uuid': '70ed32a9-7470-4d0e-be67-52515da64417', 'name': 'network-vif-plugged', 'status': 'completed', 'tag': '6e4302e6-1566-4298-a552-6346a357b752', 'code': 200}
2026-08-05 22:47:20.316 9 INFO neutron.services.segments.plugin [-] Segment 6f52d1c0-f54d-4099-92fe-6bdf597c8862 resource provider aggregate not found
2026-08-05 22:47:20.333 9 INFO neutron.services.segments.plugin [-] Segment 6f52d1c0-f54d-4099-92fe-6bdf597c8862 resource provider not found; error: Placement Client Error (4xx): {"errors": [{"status": 404, "title": "Not Found", "detail": "The resource could not be found.\n\n No resource provider with uuid 6f52d1c0-f54d-4099-92fe-6bdf597c8862 found for delete ", "request_id": "req-25dc906a-033b-4de0-87e2-aa553b4ca981"}]}
2026-08-05 22:47:20.336 9 INFO neutron.services.segments.plugin [-] Segment 6f52d1c0-f54d-4099-92fe-6bdf597c8862 resource provider not found; error: Placement Client Error (4xx): {"errors": [{"status": 404, "title": "Not Found", "detail": "The resource could not be found.\n\n No resource provider with uuid 6f52d1c0-f54d-4099-92fe-6bdf597c8862 found for delete ", "request_id": "req-8d0e39f8-c0d2-444c-8d55-802d403410d2"}]}
2026-08-05 22:47:20.383 9 INFO neutron.db.l3_db [req-afa5ee60-04b5-448b-aea6-d9772ef7b4c1 req-94080f09-3ec4-43df-8524-2680e0a856dd 00363c0c853942b4b193b7d89ddcd702 5b526bec86ce405da8014d584bd01295 - - default default] Floating IP 697495f1-0f7d-4b1e-952c-fc6c7e601b43 disassociated. External IP: 10.96.250.216, port: 6e4302e6-1566-4298-a552-6346a357b752.
2026-08-05 22:47:20.494 10 INFO neutron.wsgi [None req-3d8b0db2-3141-4506-b88e-9795bf2e8f46 2b555fb9e9ce46b4baa62398f785ddf3 9d497c664c2d4e4d91e0b8e3cd5d56a2 - - default default] 10.0.0.126 "GET /v2.0/security-groups?tenant_id=cf92ec56363b426faffb09bcf8989038&name=default HTTP/1.1" status: 200 len: 2996 time: 0.2315731
2026-08-05 22:47:20.588 9 INFO neutron.wsgi [req-afa5ee60-04b5-448b-aea6-d9772ef7b4c1 req-94080f09-3ec4-43df-8524-2680e0a856dd 00363c0c853942b4b193b7d89ddcd702 5b526bec86ce405da8014d584bd01295 - - default default] 199.19.213.156 "DELETE /v2.0/ports/6e4302e6-1566-4298-a552-6346a357b752 HTTP/1.1" status: 204 len: 173 time: 0.5918357
2026-08-05 22:47:20.718 10 INFO neutron.wsgi [None req-dec1d78f-209f-44d6-928f-beb6b569748f 2b555fb9e9ce46b4baa62398f785ddf3 9d497c664c2d4e4d91e0b8e3cd5d56a2 - - default default] 10.0.0.126 "DELETE /v2.0/security-groups/28a821d5-0397-4c0a-b87c-427618b5703b HTTP/1.1" status: 204 len: 168 time: 0.2192149 /var/lib/openstack/lib/python3.10/site-packages/pycadf/identifier.py:71: UserWarning: Invalid uuid: neutron. To ensure interoperability, identifiers should be a valid uuid. warnings.warn(('Invalid uuid: %s. To ensure interoperability, '
2026-08-05 22:47:20.794 9 INFO neutron.wsgi [req-c117b334-43b4-4a8d-b3cd-f9d0b619e9fc req-42f44c32-e0ba-49cb-b8aa-c80e779d388a 00363c0c853942b4b193b7d89ddcd702 5b526bec86ce405da8014d584bd01295 - - default default] 10.0.0.28 "GET /v2.0/ports?device_id=70ed32a9-7470-4d0e-be67-52515da64417 HTTP/1.1" status: 200 len: 210 time: 0.0245273
2026-08-05 22:47:21.213 9 INFO neutron.db.ovn_revision_numbers_db [None req-ba765430-c6dd-4aff-9fea-ba3abe42ae6d 2b555fb9e9ce46b4baa62398f785ddf3 9d497c664c2d4e4d91e0b8e3cd5d56a2 - - default default] Successfully bumped revision number for resource d50943ac-3ed3-4a27-8f37-712de1c4d28d (type: security_groups) to 1
2026-08-05 22:47:21.235 9 INFO neutron.db.ovn_revision_numbers_db [None req-ba765430-c6dd-4aff-9fea-ba3abe42ae6d 2b555fb9e9ce46b4baa62398f785ddf3 9d497c664c2d4e4d91e0b8e3cd5d56a2 - - default default] Successfully bumped revision number for resource 5a856fe0-897b-4ca3-8a5a-853635d18dad (type: security_group_rules) to 0
2026-08-05 22:47:21.254 9 INFO neutron.db.ovn_revision_numbers_db [None req-ba765430-c6dd-4aff-9fea-ba3abe42ae6d 2b555fb9e9ce46b4baa62398f785ddf3 9d497c664c2d4e4d91e0b8e3cd5d56a2 - - default default] Successfully bumped revision number for resource b1fa26f6-53fb-4ab8-8930-edd62688c44c (type: security_group_rules) to 0
2026-08-05 22:47:21.273 9 INFO neutron.db.ovn_revision_numbers_db [None req-ba765430-c6dd-4aff-9fea-ba3abe42ae6d 2b555fb9e9ce46b4baa62398f785ddf3 9d497c664c2d4e4d91e0b8e3cd5d56a2 - - default default] Successfully bumped revision number for resource c199c0af-424f-4ee8-8efd-119d404907a7 (type: security_group_rules) to 0
2026-08-05 22:47:21.291 9 INFO neutron.db.ovn_revision_numbers_db [None req-ba765430-c6dd-4aff-9fea-ba3abe42ae6d 2b555fb9e9ce46b4baa62398f785ddf3 9d497c664c2d4e4d91e0b8e3cd5d56a2 - - default default] Successfully bumped revision number for resource f92c65f8-6ba2-4abb-88e4-488da68d1100 (type: security_group_rules) to 0
2026-08-05 22:47:21.317 9 INFO neutron.wsgi [None req-ba765430-c6dd-4aff-9fea-ba3abe42ae6d 2b555fb9e9ce46b4baa62398f785ddf3 9d497c664c2d4e4d91e0b8e3cd5d56a2 - - default default] 10.0.0.126 "GET /v2.0/security-groups?tenant_id=26c87b1449b8414887e2d22a2b276133&name=default HTTP/1.1" status: 200 len: 2996 time: 0.5159862
2026-08-05 22:47:21.518 9 INFO neutron.wsgi [None req-bd52a175-c665-4998-aa19-fef91449c01f 2b555fb9e9ce46b4baa62398f785ddf3 9d497c664c2d4e4d91e0b8e3cd5d56a2 - - default default] 10.0.0.126 "DELETE /v2.0/security-groups/d50943ac-3ed3-4a27-8f37-712de1c4d28d HTTP/1.1" status: 204 len: 168 time: 0.1843176
2026-08-05 22:47:21.725 9 INFO neutron.db.ovn_revision_numbers_db [None req-544fd3cd-0fc5-4a19-85d4-355fd2563d06 2b555fb9e9ce46b4baa62398f785ddf3 9d497c664c2d4e4d91e0b8e3cd5d56a2 - - default default] Successfully bumped revision number for resource 366530e2-c6ab-47c8-9d9c-46e6a7c06f98 (type: security_groups) to 1
2026-08-05 22:47:21.739 9 INFO neutron.db.ovn_revision_numbers_db [None req-544fd3cd-0fc5-4a19-85d4-355fd2563d06 2b555fb9e9ce46b4baa62398f785ddf3 9d497c664c2d4e4d91e0b8e3cd5d56a2 - - default default] Successfully bumped revision number for resource 1fb96ded-de0c-4335-812e-e8bd8bc9dbf5 (type: security_group_rules) to 0
2026-08-05 22:47:21.753 9 INFO neutron.db.ovn_revision_numbers_db [None req-544fd3cd-0fc5-4a19-85d4-355fd2563d06 2b555fb9e9ce46b4baa62398f785ddf3 9d497c664c2d4e4d91e0b8e3cd5d56a2 - - default default] Successfully bumped revision number for resource 2961c414-8723-4ae5-b626-f37f26897733 (type: security_group_rules) to 0
2026-08-05 22:47:21.767 9 INFO neutron.db.ovn_revision_numbers_db [None req-544fd3cd-0fc5-4a19-85d4-355fd2563d06 2b555fb9e9ce46b4baa62398f785ddf3 9d497c664c2d4e4d91e0b8e3cd5d56a2 - - default default] Successfully bumped revision number for resource 2d1cfc6d-ea10-4191-a8bf-1af4cb63d33f (type: security_group_rules) to 0
2026-08-05 22:47:21.779 9 INFO neutron.db.ovn_revision_numbers_db [None req-544fd3cd-0fc5-4a19-85d4-355fd2563d06 2b555fb9e9ce46b4baa62398f785ddf3 9d497c664c2d4e4d91e0b8e3cd5d56a2 - - default default] Successfully bumped revision number for resource e5613f8e-3ba0-4e3f-8eae-a4d305e1cf4a (type: security_group_rules) to 0
2026-08-05 22:47:21.799 9 INFO neutron.wsgi [None req-544fd3cd-0fc5-4a19-85d4-355fd2563d06 2b555fb9e9ce46b4baa62398f785ddf3 9d497c664c2d4e4d91e0b8e3cd5d56a2 - - default default] 10.0.0.126 "GET /v2.0/security-groups?tenant_id=9ae15aeedd6c43979ba8456d12a30e54&name=default HTTP/1.1" status: 200 len: 2996 time: 0.1792836
2026-08-05 22:47:21.985 10 INFO neutron.wsgi [None req-bffd3dc9-83f9-4450-8a7e-db56841b1704 00363c0c853942b4b193b7d89ddcd702 5b526bec86ce405da8014d584bd01295 - - default default] 10.0.0.126 "DELETE /v2.0/security-groups/84c7e174-930b-4eef-90bf-bdffc1841a0b HTTP/1.1" status: 204 len: 168 time: 0.1144257
2026-08-05 22:47:22.011 9 INFO neutron.wsgi [None req-de3fb1a2-934d-4fd8-9b5d-3f870b3a4304 2b555fb9e9ce46b4baa62398f785ddf3 9d497c664c2d4e4d91e0b8e3cd5d56a2 - - default default] 10.0.0.126 "DELETE /v2.0/security-groups/366530e2-c6ab-47c8-9d9c-46e6a7c06f98 HTTP/1.1" status: 204 len: 168 time: 0.2065511
2026-08-05 22:47:22.011 9 INFO neutron.api.v2.resource [None req-23e5e834-eba6-42d7-8ee5-40cd8dd63b37 00363c0c853942b4b193b7d89ddcd702 5b526bec86ce405da8014d584bd01295 - - default default] show failed (client error): The resource could not be found.
2026-08-05 22:47:22.012 9 INFO neutron.wsgi [None req-23e5e834-eba6-42d7-8ee5-40cd8dd63b37 00363c0c853942b4b193b7d89ddcd702 5b526bec86ce405da8014d584bd01295 - - default default] 10.0.0.126 "GET /v2.0/security-groups/84c7e174-930b-4eef-90bf-bdffc1841a0b HTTP/1.1" status: 404 len: 347 time: 0.0213580
2026-08-05 22:47:22.371 9 INFO neutron.notifiers.nova [-] Nova event matching ['req-db288709-ea57-4d41-8fb7-d5ec1c943872'] response: {'server_uuid': '70ed32a9-7470-4d0e-be67-52515da64417', 'name': 'network-vif-deleted', 'tag': '6e4302e6-1566-4298-a552-6346a357b752', 'status': 'completed', 'code': 200}
2026-08-05 22:47:22.576 9 INFO neutron.wsgi [None req-6b00b784-bab1-4ce4-9393-01033509e1b5 00363c0c853942b4b193b7d89ddcd702 5b526bec86ce405da8014d584bd01295 - - default default] 10.0.0.126 "DELETE /v2.0/floatingips/697495f1-0f7d-4b1e-952c-fc6c7e601b43 HTTP/1.1" status: 204 len: 168 time: 0.5584826
2026-08-05 22:47:22.894 9 INFO neutron.db.ovn_revision_numbers_db [None req-ccfa78a7-36be-4eb1-8458-84756941d1a7 3d74fd6a39e44bfa814407b4ec1032a2 5394b9e8a1484b018795d3fb1a03b95b - - default default] Successfully bumped revision number for resource 47a757de-c058-4e9f-8fb2-5b707d98004f (type: security_groups) to 1
2026-08-05 22:47:22.916 9 INFO neutron.db.ovn_revision_numbers_db [None req-ccfa78a7-36be-4eb1-8458-84756941d1a7 3d74fd6a39e44bfa814407b4ec1032a2 5394b9e8a1484b018795d3fb1a03b95b - - default default] Successfully bumped revision number for resource 2dc5bb71-583d-4fcb-a164-f439538370da (type: security_group_rules) to 0
2026-08-05 22:47:22.943 9 INFO neutron.db.ovn_revision_numbers_db [None req-ccfa78a7-36be-4eb1-8458-84756941d1a7 3d74fd6a39e44bfa814407b4ec1032a2 5394b9e8a1484b018795d3fb1a03b95b - - default default] Successfully bumped revision number for resource 3015a665-7126-448c-95f9-371340da4e6a (type: security_group_rules) to 0
2026-08-05 22:47:22.961 9 INFO neutron.db.ovn_revision_numbers_db [None req-ccfa78a7-36be-4eb1-8458-84756941d1a7 3d74fd6a39e44bfa814407b4ec1032a2 5394b9e8a1484b018795d3fb1a03b95b - - default default] Successfully bumped revision number for resource 7d2f3029-650a-4ed4-acbe-642a0c74d30b (type: security_group_rules) to 0
2026-08-05 22:47:22.989 9 INFO neutron.db.ovn_revision_numbers_db [None req-ccfa78a7-36be-4eb1-8458-84756941d1a7 3d74fd6a39e44bfa814407b4ec1032a2 5394b9e8a1484b018795d3fb1a03b95b - - default default] Successfully bumped revision number for resource 84dc156e-8f25-4237-a545-79799144eddf (type: security_group_rules) to 0
2026-08-05 22:47:23.055 9 INFO neutron.db.segments_db [None req-ccfa78a7-36be-4eb1-8458-84756941d1a7 3d74fd6a39e44bfa814407b4ec1032a2 5394b9e8a1484b018795d3fb1a03b95b - - default default] Added segment 83c24275-b308-42ea-ba59-3abb688379cc of type geneve for network e1098a05-fef0-4826-957a-c7d2be4773df
2026-08-05 22:47:23.231 9 INFO neutron.db.ovn_revision_numbers_db [None req-ccfa78a7-36be-4eb1-8458-84756941d1a7 3d74fd6a39e44bfa814407b4ec1032a2 5394b9e8a1484b018795d3fb1a03b95b - - default default] Successfully bumped revision number for resource e1098a05-fef0-4826-957a-c7d2be4773df (type: networks) to 1
2026-08-05 22:47:23.456 9 WARNING neutron.scheduler.dhcp_agent_scheduler [None req-ccfa78a7-36be-4eb1-8458-84756941d1a7 3d74fd6a39e44bfa814407b4ec1032a2 5394b9e8a1484b018795d3fb1a03b95b - - default default] No more DHCP agents
2026-08-05 22:47:23.460 9 WARNING neutron.api.rpc.agentnotifiers.dhcp_rpc_agent_api [None req-ccfa78a7-36be-4eb1-8458-84756941d1a7 3d74fd6a39e44bfa814407b4ec1032a2 5394b9e8a1484b018795d3fb1a03b95b - - default default] Unable to schedule network e1098a05-fef0-4826-957a-c7d2be4773df: no agents available; will retry on subsequent port and subnet creation events.
2026-08-05 22:47:23.570 9 INFO neutron.db.ovn_revision_numbers_db [None req-ccfa78a7-36be-4eb1-8458-84756941d1a7 3d74fd6a39e44bfa814407b4ec1032a2 5394b9e8a1484b018795d3fb1a03b95b - - default default] Successfully bumped revision number for resource e06e1c55-44f4-4e90-b76b-75e6882c9297 (type: ports) to 1
2026-08-05 22:47:23.607 9 INFO neutron.wsgi [None req-ccfa78a7-36be-4eb1-8458-84756941d1a7 3d74fd6a39e44bfa814407b4ec1032a2 5394b9e8a1484b018795d3fb1a03b95b - - default default] 10.0.0.126 "POST /v2.0/networks HTTP/1.1" status: 201 len: 848 time: 1.0405462
2026-08-05 22:47:23.908 9 INFO neutron.wsgi [None req-b5040d22-1d30-4645-8fe9-e95b7c94dbe3 2b555fb9e9ce46b4baa62398f785ddf3 9d497c664c2d4e4d91e0b8e3cd5d56a2 - - default default] 10.0.0.126 "PUT /v2.0/routers/48093fc8-31eb-44de-aad8-4e73cae7a19b/remove_router_interface HTTP/1.1" status: 200 len: 503 time: 1.2452998
2026-08-05 22:47:23.969 9 WARNING neutron.scheduler.dhcp_agent_scheduler [None req-d4933955-4168-48b6-8f21-7d8702062cae 3d74fd6a39e44bfa814407b4ec1032a2 5394b9e8a1484b018795d3fb1a03b95b - - default default] No more DHCP agents
2026-08-05 22:47:23.976 9 WARNING neutron.api.rpc.agentnotifiers.dhcp_rpc_agent_api [None req-d4933955-4168-48b6-8f21-7d8702062cae 3d74fd6a39e44bfa814407b4ec1032a2 5394b9e8a1484b018795d3fb1a03b95b - - default default] Unable to schedule network e1098a05-fef0-4826-957a-c7d2be4773df: no agents available; will retry on subsequent port and subnet creation events.
2026-08-05 22:47:24.072 9 INFO neutron.db.ovn_revision_numbers_db [None req-d4933955-4168-48b6-8f21-7d8702062cae 3d74fd6a39e44bfa814407b4ec1032a2 5394b9e8a1484b018795d3fb1a03b95b - - default default] Successfully bumped revision number for resource 86034c94-9249-4121-9937-4a550fb79adb (type: ports) to 1
2026-08-05 22:47:24.093 9 INFO neutron.wsgi [None req-d4933955-4168-48b6-8f21-7d8702062cae 3d74fd6a39e44bfa814407b4ec1032a2 5394b9e8a1484b018795d3fb1a03b95b - - default default] 10.0.0.126 "POST /v2.0/ports HTTP/1.1" status: 201 len: 978 time: 0.4805932 /var/lib/openstack/lib/python3.10/site-packages/pycadf/identifier.py:71: UserWarning: Invalid uuid: neutron. To ensure interoperability, identifiers should be a valid uuid. warnings.warn(('Invalid uuid: %s. To ensure interoperability, '
2026-08-05 22:47:24.191 9 INFO neutron.db.segments_db [None req-7950326c-6b70-4c59-b574-a97581d2392d 3d74fd6a39e44bfa814407b4ec1032a2 5394b9e8a1484b018795d3fb1a03b95b - - default default] Added segment 7118f0e0-9a50-45ee-b34a-e6df8589e8f9 of type geneve for network bd63c4ac-044e-4d08-aadc-7a7bdd0d758d
2026-08-05 22:47:24.345 9 INFO neutron.db.ovn_revision_numbers_db [None req-7950326c-6b70-4c59-b574-a97581d2392d 3d74fd6a39e44bfa814407b4ec1032a2 5394b9e8a1484b018795d3fb1a03b95b - - default default] Successfully bumped revision number for resource bd63c4ac-044e-4d08-aadc-7a7bdd0d758d (type: networks) to 1
2026-08-05 22:47:24.524 9 WARNING neutron.scheduler.dhcp_agent_scheduler [None req-7950326c-6b70-4c59-b574-a97581d2392d 3d74fd6a39e44bfa814407b4ec1032a2 5394b9e8a1484b018795d3fb1a03b95b - - default default] No more DHCP agents
2026-08-05 22:47:24.527 9 WARNING neutron.api.rpc.agentnotifiers.dhcp_rpc_agent_api [None req-7950326c-6b70-4c59-b574-a97581d2392d 3d74fd6a39e44bfa814407b4ec1032a2 5394b9e8a1484b018795d3fb1a03b95b - - default default] Unable to schedule network bd63c4ac-044e-4d08-aadc-7a7bdd0d758d: no agents available; will retry on subsequent port and subnet creation events.
2026-08-05 22:47:24.607 10 INFO neutron.wsgi [None req-642b30c2-05ca-4852-adcc-0e69e2a04f08 2b555fb9e9ce46b4baa62398f785ddf3 9d497c664c2d4e4d91e0b8e3cd5d56a2 - - default default] 10.0.0.126 "DELETE /v2.0/routers/48093fc8-31eb-44de-aad8-4e73cae7a19b HTTP/1.1" status: 204 len: 168 time: 0.6936560
2026-08-05 22:47:24.617 9 INFO neutron.db.ovn_revision_numbers_db [None req-7950326c-6b70-4c59-b574-a97581d2392d 3d74fd6a39e44bfa814407b4ec1032a2 5394b9e8a1484b018795d3fb1a03b95b - - default default] Successfully bumped revision number for resource 4d31b582-c5bc-48f9-a695-ee9ff48c3331 (type: ports) to 1
2026-08-05 22:47:24.655 9 INFO neutron.wsgi [None req-7950326c-6b70-4c59-b574-a97581d2392d 3d74fd6a39e44bfa814407b4ec1032a2 5394b9e8a1484b018795d3fb1a03b95b - - default default] 10.0.0.126 "POST /v2.0/networks HTTP/1.1" status: 201 len: 835 time: 0.5518680
2026-08-05 22:47:24.801 9 INFO neutron.wsgi [None req-bdc4d64d-8106-4ec9-b05b-79bda45ef874 2b555fb9e9ce46b4baa62398f785ddf3 9d497c664c2d4e4d91e0b8e3cd5d56a2 - - default default] 10.0.0.126 "DELETE /v2.0/subnets/0a0cd6a8-ab68-4a84-ad87-ef403b59a24d HTTP/1.1" status: 204 len: 168 time: 0.1902421
2026-08-05 22:47:24.935 10 WARNING neutron.scheduler.dhcp_agent_scheduler [None req-e3b52752-50bf-42ca-8729-39a60308fac6 3d74fd6a39e44bfa814407b4ec1032a2 5394b9e8a1484b018795d3fb1a03b95b - - default default] No more DHCP agents
2026-08-05 22:47:24.937 10 WARNING neutron.api.rpc.agentnotifiers.dhcp_rpc_agent_api [None req-e3b52752-50bf-42ca-8729-39a60308fac6 3d74fd6a39e44bfa814407b4ec1032a2 5394b9e8a1484b018795d3fb1a03b95b - - default default] Unable to schedule network bd63c4ac-044e-4d08-aadc-7a7bdd0d758d: no agents available; will retry on subsequent port and subnet creation events.
2026-08-05 22:47:24.978 10 INFO neutron.db.ovn_revision_numbers_db [None req-e3b52752-50bf-42ca-8729-39a60308fac6 3d74fd6a39e44bfa814407b4ec1032a2 5394b9e8a1484b018795d3fb1a03b95b - - default default] Successfully bumped revision number for resource 63a6cf0f-21a0-48ed-9f82-76e5795c8cda (type: subnets) to 0
2026-08-05 22:47:24.996 10 INFO neutron.wsgi [None req-e3b52752-50bf-42ca-8729-39a60308fac6 3d74fd6a39e44bfa814407b4ec1032a2 5394b9e8a1484b018795d3fb1a03b95b - - default default] 10.0.0.126 "POST /v2.0/subnets HTTP/1.1" status: 201 len: 821 time: 0.3342912
2026-08-05 22:47:25.166 9 INFO neutron.services.segments.plugin [-] Segment 4e5e0b28-fe03-4c4d-bd35-e8184d779d98 resource provider aggregate not found
2026-08-05 22:47:25.172 9 INFO neutron.services.segments.plugin [-] Segment 4e5e0b28-fe03-4c4d-bd35-e8184d779d98 resource provider aggregate not found
2026-08-05 22:47:25.186 9 INFO neutron.services.segments.plugin [-] Segment 4e5e0b28-fe03-4c4d-bd35-e8184d779d98 resource provider not found; error: Placement Client Error (4xx): {"errors": [{"status": 404, "title": "Not Found", "detail": "The resource could not be found.\n\n No resource provider with uuid 4e5e0b28-fe03-4c4d-bd35-e8184d779d98 found for delete ", "request_id": "req-72920809-d7b7-4f08-9e5c-d6197f8e7bc2"}]}
2026-08-05 22:47:25.188 9 INFO neutron.services.segments.plugin [-] Segment 4e5e0b28-fe03-4c4d-bd35-e8184d779d98 resource provider not found; error: Placement Client Error (4xx): {"errors": [{"status": 404, "title": "Not Found", "detail": "The resource could not be found.\n\n No resource provider with uuid 4e5e0b28-fe03-4c4d-bd35-e8184d779d98 found for delete ", "request_id": "req-9aa7f651-8910-49c8-9399-31bc5a5bfbce"}]}
2026-08-05 22:47:25.211 9 INFO neutron.wsgi [None req-d469dbfa-fd98-4683-a620-5f59571e535e 2b555fb9e9ce46b4baa62398f785ddf3 9d497c664c2d4e4d91e0b8e3cd5d56a2 - - default default] 10.0.0.126 "DELETE /v2.0/networks/45b2ea71-0478-44a0-8b58-1f9b6873e372 HTTP/1.1" status: 204 len: 168 time: 0.4043062
2026-08-05 22:47:25.409 9 INFO neutron.wsgi [None req-68333502-65a1-481c-ac63-c2da1bb664d1 2b555fb9e9ce46b4baa62398f785ddf3 9d497c664c2d4e4d91e0b8e3cd5d56a2 - - default default] 10.0.0.126 "GET /v2.0/security-groups?tenant_id=5b526bec86ce405da8014d584bd01295&name=default HTTP/1.1" status: 200 len: 2996 time: 0.0463572
2026-08-05 22:47:25.604 10 WARNING neutron.scheduler.dhcp_agent_scheduler [None req-f29ba387-d9f6-4811-92b1-491b89e7aac0 3d74fd6a39e44bfa814407b4ec1032a2 5394b9e8a1484b018795d3fb1a03b95b - - default default] No more DHCP agents
2026-08-05 22:47:25.607 10 WARNING neutron.api.rpc.agentnotifiers.dhcp_rpc_agent_api [None req-f29ba387-d9f6-4811-92b1-491b89e7aac0 3d74fd6a39e44bfa814407b4ec1032a2 5394b9e8a1484b018795d3fb1a03b95b - - default default] Unable to schedule network bd63c4ac-044e-4d08-aadc-7a7bdd0d758d: no agents available; will retry on subsequent port and subnet creation events.
2026-08-05 22:47:25.627 9 INFO neutron.wsgi [None req-426132b0-203a-49ef-b19d-15e77ac6212f 2b555fb9e9ce46b4baa62398f785ddf3 9d497c664c2d4e4d91e0b8e3cd5d56a2 - - default default] 10.0.0.126 "DELETE /v2.0/security-groups/b8b2cadc-6b56-408b-8bb3-9e1627a9d95f HTTP/1.1" status: 204 len: 168 time: 0.1977565
2026-08-05 22:47:25.734 10 INFO neutron.db.ovn_revision_numbers_db [None req-f29ba387-d9f6-4811-92b1-491b89e7aac0 3d74fd6a39e44bfa814407b4ec1032a2 5394b9e8a1484b018795d3fb1a03b95b - - default default] Successfully bumped revision number for resource 0ebec127-d7eb-49f7-8a42-4d4afe900838 (type: ports) to 1
2026-08-05 22:47:25.758 10 INFO neutron.wsgi [None req-f29ba387-d9f6-4811-92b1-491b89e7aac0 3d74fd6a39e44bfa814407b4ec1032a2 5394b9e8a1484b018795d3fb1a03b95b - - default default] 10.0.0.126 "POST /v2.0/ports HTTP/1.1" status: 201 len: 1164 time: 0.7546177 /var/lib/openstack/lib/python3.10/site-packages/pycadf/identifier.py:71: UserWarning: Invalid uuid: neutron. To ensure interoperability, identifiers should be a valid uuid. warnings.warn(('Invalid uuid: %s. To ensure interoperability, '
2026-08-05 22:47:26.033 9 INFO neutron.wsgi [None req-57ee6d64-7f02-42ba-966a-9d9a4f790814 3d74fd6a39e44bfa814407b4ec1032a2 5394b9e8a1484b018795d3fb1a03b95b - - default default] 10.0.0.126 "DELETE /v2.0/ports/0ebec127-d7eb-49f7-8a42-4d4afe900838 HTTP/1.1" status: 204 len: 168 time: 0.2700586
2026-08-05 22:47:26.055 9 INFO neutron.pecan_wsgi.hooks.translation [None req-699b4adf-bc2d-42d7-8b91-3df63cf4a0a0 3d74fd6a39e44bfa814407b4ec1032a2 5394b9e8a1484b018795d3fb1a03b95b - - default default] DELETE failed (client error): The resource could not be found.
2026-08-05 22:47:26.057 9 INFO neutron.wsgi [None req-699b4adf-bc2d-42d7-8b91-3df63cf4a0a0 3d74fd6a39e44bfa814407b4ec1032a2 5394b9e8a1484b018795d3fb1a03b95b - - default default] 10.0.0.126 "DELETE /v2.0/ports/0ebec127-d7eb-49f7-8a42-4d4afe900838 HTTP/1.1" status: 404 len: 333 time: 0.0185287
2026-08-05 22:47:26.077 9 INFO neutron.pecan_wsgi.hooks.translation [None req-b1d080f3-ef19-43a2-966c-2c296f99aabc 3d74fd6a39e44bfa814407b4ec1032a2 5394b9e8a1484b018795d3fb1a03b95b - - default default] GET failed (client error): The resource could not be found.
2026-08-05 22:47:26.079 9 INFO neutron.wsgi [None req-b1d080f3-ef19-43a2-966c-2c296f99aabc 3d74fd6a39e44bfa814407b4ec1032a2 5394b9e8a1484b018795d3fb1a03b95b - - default default] 10.0.0.126 "GET /v2.0/ports/0ebec127-d7eb-49f7-8a42-4d4afe900838 HTTP/1.1" status: 404 len: 333 time: 0.0160599
2026-08-05 22:47:26.111 10 INFO neutron.db.ovn_revision_numbers_db [None req-de7815e4-616e-403f-909a-ef4738d22d9a 2b555fb9e9ce46b4baa62398f785ddf3 9d497c664c2d4e4d91e0b8e3cd5d56a2 - - default default] Successfully bumped revision number for resource 82775d97-5d0a-4d37-9471-1e228954d8e9 (type: security_groups) to 1
2026-08-05 22:47:26.124 10 INFO neutron.db.ovn_revision_numbers_db [None req-de7815e4-616e-403f-909a-ef4738d22d9a 2b555fb9e9ce46b4baa62398f785ddf3 9d497c664c2d4e4d91e0b8e3cd5d56a2 - - default default] Successfully bumped revision number for resource 06563663-9f21-4269-9954-06535c01633c (type: security_group_rules) to 0
2026-08-05 22:47:26.137 10 INFO neutron.db.ovn_revision_numbers_db [None req-de7815e4-616e-403f-909a-ef4738d22d9a 2b555fb9e9ce46b4baa62398f785ddf3 9d497c664c2d4e4d91e0b8e3cd5d56a2 - - default default] Successfully bumped revision number for resource 14bfce77-4437-4c36-a565-16036dbc59f8 (type: security_group_rules) to 0
2026-08-05 22:47:26.152 10 INFO neutron.db.ovn_revision_numbers_db [None req-de7815e4-616e-403f-909a-ef4738d22d9a 2b555fb9e9ce46b4baa62398f785ddf3 9d497c664c2d4e4d91e0b8e3cd5d56a2 - - default default] Successfully bumped revision number for resource 291a9d24-dc1a-4707-9d16-d05a83a5d30b (type: security_group_rules) to 0
2026-08-05 22:47:26.164 10 INFO neutron.db.ovn_revision_numbers_db [None req-de7815e4-616e-403f-909a-ef4738d22d9a 2b555fb9e9ce46b4baa62398f785ddf3 9d497c664c2d4e4d91e0b8e3cd5d56a2 - - default default] Successfully bumped revision number for resource 64bee48f-1baf-4f1b-82c1-450c3bb61c94 (type: security_group_rules) to 0
