2026-08-05 22:46:46.376 10 WARNING neutron.scheduler.dhcp_agent_scheduler [None req-218d9bf2-eb36-4ae5-87ab-dadb90f77ac1 2b555fb9e9ce46b4baa62398f785ddf3 9d497c664c2d4e4d91e0b8e3cd5d56a2 - - default default] No more DHCP agents
2026-08-05 22:46:46.387 10 WARNING neutron.api.rpc.agentnotifiers.dhcp_rpc_agent_api [None req-218d9bf2-eb36-4ae5-87ab-dadb90f77ac1 2b555fb9e9ce46b4baa62398f785ddf3 9d497c664c2d4e4d91e0b8e3cd5d56a2 - - default default] Unable to schedule network 45b2ea71-0478-44a0-8b58-1f9b6873e372: no agents available; will retry on subsequent port and subnet creation events. /var/lib/openstack/lib/python3.10/site-packages/pycadf/identifier.py:71: UserWarning: Invalid uuid: neutron. To ensure interoperability, identifiers should be a valid uuid. warnings.warn(('Invalid uuid: %s. To ensure interoperability, '
2026-08-05 22:46:46.543 9 INFO neutron.db.ovn_revision_numbers_db [None req-1e1984d3-38a8-420e-a40a-ce93f14db32e - - - - - -] Successfully bumped revision number for resource 15dfe5c9-a3a2-4b1d-8e5c-6361f81f8252 (type: router_ports) to 2
2026-08-05 22:46:46.601 9 INFO neutron.db.ovn_revision_numbers_db [None req-de9e8d18-c5a9-4f0c-9880-62f3b24540ff 2b555fb9e9ce46b4baa62398f785ddf3 9d497c664c2d4e4d91e0b8e3cd5d56a2 - - default default] Successfully bumped revision number for resource ed7fa137-9049-4291-902b-da1b770a415b (type: security_groups) to 1
2026-08-05 22:46:46.606 10 INFO neutron.plugins.ml2.drivers.ovn.mech_driver.mech_driver [None req-e99fcf17-9e22-485e-ab5f-08d15ed9cbf3 - - - - - -] OVN reports status down for port: ff8b93c3-5865-4c5d-85cd-54582673da74
2026-08-05 22:46:46.641 9 INFO neutron.db.ovn_revision_numbers_db [None req-de9e8d18-c5a9-4f0c-9880-62f3b24540ff 2b555fb9e9ce46b4baa62398f785ddf3 9d497c664c2d4e4d91e0b8e3cd5d56a2 - - default default] Successfully bumped revision number for resource 1eba74f2-c6b2-4d85-85ce-19e25cc0319e (type: security_group_rules) to 0
2026-08-05 22:46:46.667 10 INFO neutron.db.ovn_revision_numbers_db [None req-af1bf093-6dfe-4cd8-aaf5-b338eab1f47e - - - - - -] Successfully bumped revision number for resource 6fd9752b-6e42-4a00-94c4-f9a7cee8f7ac (type: router_ports) to 4
2026-08-05 22:46:46.679 9 INFO neutron.wsgi [req-52fdab3d-83e8-4984-9366-616f6e405127 req-3da7a960-59cb-49c2-a1a1-c8e2af48a318 92f316005e2b4a4c91dbc91fc8bacc0a d532d61a665d4ca0ab81b5af17f0f123 - - default default] 10.0.0.28 "GET /v2.0/ports?device_id=3aa2e7d7-594e-4218-9d5a-75542a66990e HTTP/1.1" status: 200 len: 210 time: 0.0397196
2026-08-05 22:46:46.686 9 INFO neutron.db.ovn_revision_numbers_db [None req-de9e8d18-c5a9-4f0c-9880-62f3b24540ff 2b555fb9e9ce46b4baa62398f785ddf3 9d497c664c2d4e4d91e0b8e3cd5d56a2 - - default default] Successfully bumped revision number for resource 712f91f8-12ca-4fd2-8b4d-042cbed64d34 (type: security_group_rules) to 0
2026-08-05 22:46:46.706 9 INFO neutron.db.ovn_revision_numbers_db [None req-de9e8d18-c5a9-4f0c-9880-62f3b24540ff 2b555fb9e9ce46b4baa62398f785ddf3 9d497c664c2d4e4d91e0b8e3cd5d56a2 - - default default] Successfully bumped revision number for resource b424c58d-526e-406e-83b2-f9206ecba011 (type: security_group_rules) to 0
2026-08-05 22:46:46.718 9 INFO neutron.notifiers.nova [-] Nova event matching ['req-029f0e67-92b5-4844-a8ad-7b71e60d666b'] response: {'server_uuid': '3aa2e7d7-594e-4218-9d5a-75542a66990e', 'name': 'network-vif-deleted', 'tag': 'ff8b93c3-5865-4c5d-85cd-54582673da74', 'status': 'completed', 'code': 200}
2026-08-05 22:46:46.724 9 INFO neutron.db.ovn_revision_numbers_db [None req-de9e8d18-c5a9-4f0c-9880-62f3b24540ff 2b555fb9e9ce46b4baa62398f785ddf3 9d497c664c2d4e4d91e0b8e3cd5d56a2 - - default default] Successfully bumped revision number for resource c2aaceb0-25b3-4260-8591-7ff659c533d5 (type: security_group_rules) to 0
2026-08-05 22:46:46.753 9 INFO neutron.wsgi [None req-de9e8d18-c5a9-4f0c-9880-62f3b24540ff 2b555fb9e9ce46b4baa62398f785ddf3 9d497c664c2d4e4d91e0b8e3cd5d56a2 - - default default] 10.0.0.126 "GET /v2.0/security-groups?tenant_id=14661ac8477e4ecfbb789d3483f2179a&name=default HTTP/1.1" status: 200 len: 2996 time: 0.3004990
2026-08-05 22:46:46.776 9 INFO neutron.db.ovn_revision_numbers_db [None req-a18c7892-57d2-4723-9aa3-3f24f60401cc 2b555fb9e9ce46b4baa62398f785ddf3 9d497c664c2d4e4d91e0b8e3cd5d56a2 - - default default] Successfully bumped revision number for resource 92c80a74-a741-48b4-a217-712d157f1658 (type: security_groups) to 1
2026-08-05 22:46:46.792 9 INFO neutron.db.ovn_revision_numbers_db [None req-a18c7892-57d2-4723-9aa3-3f24f60401cc 2b555fb9e9ce46b4baa62398f785ddf3 9d497c664c2d4e4d91e0b8e3cd5d56a2 - - default default] Successfully bumped revision number for resource 0211183e-e8e7-48a1-923e-b99d6441c996 (type: security_group_rules) to 0
2026-08-05 22:46:46.808 9 INFO neutron.db.ovn_revision_numbers_db [None req-a18c7892-57d2-4723-9aa3-3f24f60401cc 2b555fb9e9ce46b4baa62398f785ddf3 9d497c664c2d4e4d91e0b8e3cd5d56a2 - - default default] Successfully bumped revision number for resource ae2fccb9-06fb-43e9-bc07-7d0d3e7a467d (type: security_group_rules) to 0
2026-08-05 22:46:46.826 9 INFO neutron.db.ovn_revision_numbers_db [None req-a18c7892-57d2-4723-9aa3-3f24f60401cc 2b555fb9e9ce46b4baa62398f785ddf3 9d497c664c2d4e4d91e0b8e3cd5d56a2 - - default default] Successfully bumped revision number for resource b1e916e7-984b-46cf-a36d-3a89da33c386 (type: security_group_rules) to 0
2026-08-05 22:46:46.847 9 INFO neutron.db.ovn_revision_numbers_db [None req-a18c7892-57d2-4723-9aa3-3f24f60401cc 2b555fb9e9ce46b4baa62398f785ddf3 9d497c664c2d4e4d91e0b8e3cd5d56a2 - - default default] Successfully bumped revision number for resource d17bd5ba-a5a8-42e1-a4f0-5c0b2e3aafe0 (type: security_group_rules) to 0
2026-08-05 22:46:46.871 9 INFO neutron.wsgi [None req-a18c7892-57d2-4723-9aa3-3f24f60401cc 2b555fb9e9ce46b4baa62398f785ddf3 9d497c664c2d4e4d91e0b8e3cd5d56a2 - - default default] 10.0.0.126 "GET /v2.0/security-groups?tenant_id=dd14019364b345bda10e09a86f1568f7&name=default HTTP/1.1" status: 200 len: 2996 time: 0.5457761
2026-08-05 22:46:46.980 9 INFO neutron.wsgi [None req-5786ea61-8990-48bd-b479-a224c4823235 2b555fb9e9ce46b4baa62398f785ddf3 9d497c664c2d4e4d91e0b8e3cd5d56a2 - - default default] 10.0.0.126 "DELETE /v2.0/security-groups/ed7fa137-9049-4291-902b-da1b770a415b HTTP/1.1" status: 204 len: 168 time: 0.2220364
2026-08-05 22:46:47.100 9 INFO neutron.wsgi [None req-e0ed4071-71dd-4cff-90a0-61b9cdd693f5 2b555fb9e9ce46b4baa62398f785ddf3 9d497c664c2d4e4d91e0b8e3cd5d56a2 - - default default] 10.0.0.126 "DELETE /v2.0/security-groups/92c80a74-a741-48b4-a217-712d157f1658 HTTP/1.1" status: 204 len: 168 time: 0.2228141
2026-08-05 22:46:47.202 10 INFO neutron.db.ovn_revision_numbers_db [None req-218d9bf2-eb36-4ae5-87ab-dadb90f77ac1 2b555fb9e9ce46b4baa62398f785ddf3 9d497c664c2d4e4d91e0b8e3cd5d56a2 - - default default] Successfully bumped revision number for resource 15dfe5c9-a3a2-4b1d-8e5c-6361f81f8252 (type: router_ports) to 2
2026-08-05 22:46:47.206 10 INFO neutron.wsgi [None req-218d9bf2-eb36-4ae5-87ab-dadb90f77ac1 2b555fb9e9ce46b4baa62398f785ddf3 9d497c664c2d4e4d91e0b8e3cd5d56a2 - - default default] 10.0.0.126 "PUT /v2.0/routers/48093fc8-31eb-44de-aad8-4e73cae7a19b/add_router_interface HTTP/1.1" status: 200 len: 503 time: 2.8436756
2026-08-05 22:46:47.448 9 INFO neutron.db.ovn_revision_numbers_db [None req-e8e128e7-287d-4b90-9f71-a49245dde245 2b555fb9e9ce46b4baa62398f785ddf3 9d497c664c2d4e4d91e0b8e3cd5d56a2 - - default default] Successfully bumped revision number for resource 91c7d710-d9b5-46a5-b45d-b050da4558ad (type: security_groups) to 1
2026-08-05 22:46:47.460 9 INFO neutron.db.ovn_revision_numbers_db [None req-e8e128e7-287d-4b90-9f71-a49245dde245 2b555fb9e9ce46b4baa62398f785ddf3 9d497c664c2d4e4d91e0b8e3cd5d56a2 - - default default] Successfully bumped revision number for resource 0cae7602-1bfe-47c2-90ad-1409df5ab352 (type: security_group_rules) to 0
2026-08-05 22:46:47.477 9 INFO neutron.db.ovn_revision_numbers_db [None req-e8e128e7-287d-4b90-9f71-a49245dde245 2b555fb9e9ce46b4baa62398f785ddf3 9d497c664c2d4e4d91e0b8e3cd5d56a2 - - default default] Successfully bumped revision number for resource 1c807ccf-f9f9-41b7-ba40-93ee51b46ccc (type: security_group_rules) to 0
2026-08-05 22:46:47.527 9 INFO neutron.db.ovn_revision_numbers_db [None req-e8e128e7-287d-4b90-9f71-a49245dde245 2b555fb9e9ce46b4baa62398f785ddf3 9d497c664c2d4e4d91e0b8e3cd5d56a2 - - default default] Successfully bumped revision number for resource 46e08731-726a-43dd-8100-a15e930700eb (type: security_group_rules) to 0
2026-08-05 22:46:47.547 9 INFO neutron.db.ovn_revision_numbers_db [None req-e8e128e7-287d-4b90-9f71-a49245dde245 2b555fb9e9ce46b4baa62398f785ddf3 9d497c664c2d4e4d91e0b8e3cd5d56a2 - - default default] Successfully bumped revision number for resource 4a1a09ca-663d-4fbb-bcf4-c8832847d0ed (type: security_group_rules) to 0
2026-08-05 22:46:47.564 9 INFO neutron.wsgi [None req-e8e128e7-287d-4b90-9f71-a49245dde245 2b555fb9e9ce46b4baa62398f785ddf3 9d497c664c2d4e4d91e0b8e3cd5d56a2 - - default default] 10.0.0.126 "GET /v2.0/security-groups?tenant_id=386d569139284491a08e3ee3a75039fe&name=default HTTP/1.1" status: 200 len: 2996 time: 0.2452855
2026-08-05 22:46:47.763 9 INFO neutron.wsgi [None req-a8ab36ea-6013-49a9-8ce3-57757b7ea05e 2b555fb9e9ce46b4baa62398f785ddf3 9d497c664c2d4e4d91e0b8e3cd5d56a2 - - default default] 10.0.0.126 "DELETE /v2.0/security-groups/91c7d710-d9b5-46a5-b45d-b050da4558ad HTTP/1.1" status: 204 len: 168 time: 0.1933270
2026-08-05 22:46:47.901 9 INFO neutron.wsgi [None req-503f9001-e170-432b-974b-5ffe9bc6017e 92f316005e2b4a4c91dbc91fc8bacc0a d532d61a665d4ca0ab81b5af17f0f123 - - default default] 10.0.0.126 "DELETE /v2.0/security-groups/959f53aa-aa41-44ab-b0d7-371533231fd4 HTTP/1.1" status: 204 len: 168 time: 0.1173441
2026-08-05 22:46:47.925 9 INFO neutron.api.v2.resource [None req-fc5b8daf-2581-407e-a840-b84c03df089e 92f316005e2b4a4c91dbc91fc8bacc0a d532d61a665d4ca0ab81b5af17f0f123 - - default default] show failed (client error): The resource could not be found.
2026-08-05 22:46:47.926 9 INFO neutron.wsgi [None req-fc5b8daf-2581-407e-a840-b84c03df089e 92f316005e2b4a4c91dbc91fc8bacc0a d532d61a665d4ca0ab81b5af17f0f123 - - default default] 10.0.0.126 "GET /v2.0/security-groups/959f53aa-aa41-44ab-b0d7-371533231fd4 HTTP/1.1" status: 404 len: 347 time: 0.0176113
2026-08-05 22:46:47.952 10 INFO neutron.db.ovn_revision_numbers_db [None req-b94f3d04-c035-47c7-9d92-b6df90629f9f 00363c0c853942b4b193b7d89ddcd702 5b526bec86ce405da8014d584bd01295 - - default default] Successfully bumped revision number for resource 84c7e174-930b-4eef-90bf-bdffc1841a0b (type: security_groups) to 1
2026-08-05 22:46:47.968 10 INFO neutron.db.ovn_revision_numbers_db [None req-b94f3d04-c035-47c7-9d92-b6df90629f9f 00363c0c853942b4b193b7d89ddcd702 5b526bec86ce405da8014d584bd01295 - - default default] Successfully bumped revision number for resource 843dd333-555c-4b91-ba58-cf83f29ad55b (type: security_group_rules) to 0
2026-08-05 22:46:47.986 10 INFO neutron.db.ovn_revision_numbers_db [None req-b94f3d04-c035-47c7-9d92-b6df90629f9f 00363c0c853942b4b193b7d89ddcd702 5b526bec86ce405da8014d584bd01295 - - default default] Successfully bumped revision number for resource f5a512e9-a9f6-4195-9dd5-e068cb8f5a50 (type: security_group_rules) to 0
2026-08-05 22:46:48.006 10 INFO neutron.wsgi [None req-b94f3d04-c035-47c7-9d92-b6df90629f9f 00363c0c853942b4b193b7d89ddcd702 5b526bec86ce405da8014d584bd01295 - - default default] 10.0.0.126 "POST /v2.0/security-groups HTTP/1.1" status: 201 len: 1797 time: 0.1819224
2026-08-05 22:46:48.179 9 INFO neutron.db.ovn_revision_numbers_db [None req-e0abc7e5-e67f-4ffc-a545-a286cd9e4b85 00363c0c853942b4b193b7d89ddcd702 5b526bec86ce405da8014d584bd01295 - - default default] Successfully bumped revision number for resource 15402080-246d-41cb-9189-545b118818ef (type: security_group_rules) to 0
2026-08-05 22:46:48.215 9 INFO neutron.wsgi [None req-e0abc7e5-e67f-4ffc-a545-a286cd9e4b85 00363c0c853942b4b193b7d89ddcd702 5b526bec86ce405da8014d584bd01295 - - default default] 10.0.0.126 "POST /v2.0/security-group-rules HTTP/1.1" status: 201 len: 764 time: 0.2029271
2026-08-05 22:46:48.339 9 INFO neutron.wsgi [None req-979c6b16-fff5-4777-be2b-2e013965d44d 92f316005e2b4a4c91dbc91fc8bacc0a d532d61a665d4ca0ab81b5af17f0f123 - - default default] 10.0.0.126 "DELETE /v2.0/floatingips/5221b4ca-dfe7-4b8f-b2a2-0f8e2d25cb10 HTTP/1.1" status: 204 len: 168 time: 0.3998430
2026-08-05 22:46:48.420 9 INFO neutron.db.ovn_revision_numbers_db [None req-be7c5e14-3453-476c-bf1e-a06f76bcbaa0 00363c0c853942b4b193b7d89ddcd702 5b526bec86ce405da8014d584bd01295 - - default default] Successfully bumped revision number for resource b1cc30fb-509e-4988-8829-eb58274ca1c8 (type: security_group_rules) to 0
2026-08-05 22:46:48.447 9 INFO neutron.wsgi [None req-be7c5e14-3453-476c-bf1e-a06f76bcbaa0 00363c0c853942b4b193b7d89ddcd702 5b526bec86ce405da8014d584bd01295 - - default default] 10.0.0.126 "POST /v2.0/security-group-rules HTTP/1.1" status: 201 len: 769 time: 0.2264457
2026-08-05 22:46:48.800 9 WARNING neutron.scheduler.dhcp_agent_scheduler [None req-a64cffef-18db-4234-853d-b6d7a7e01a99 00363c0c853942b4b193b7d89ddcd702 5b526bec86ce405da8014d584bd01295 - - default default] No more DHCP agents
2026-08-05 22:46:48.804 9 WARNING neutron.api.rpc.agentnotifiers.dhcp_rpc_agent_api [None req-a64cffef-18db-4234-853d-b6d7a7e01a99 00363c0c853942b4b193b7d89ddcd702 5b526bec86ce405da8014d584bd01295 - - default default] Unable to schedule network ade734e4-3124-4f73-9260-649585f3df2a: no agents available; will retry on subsequent port and subnet creation events.
2026-08-05 22:46:49.133 10 INFO neutron.wsgi [-] 10.0.0.145 "GET / HTTP/1.1" status: 200 len: 247 time: 0.0022037
2026-08-05 22:46:49.136 10 INFO neutron.wsgi [-] 10.0.0.145 "GET / HTTP/1.1" status: 200 len: 247 time: 0.0013049
2026-08-05 22:46:49.317 9 INFO neutron.db.ovn_revision_numbers_db [None req-a64cffef-18db-4234-853d-b6d7a7e01a99 00363c0c853942b4b193b7d89ddcd702 5b526bec86ce405da8014d584bd01295 - - default default] Successfully bumped revision number for resource 697495f1-0f7d-4b1e-952c-fc6c7e601b43 (type: floatingips) to 0
2026-08-05 22:46:49.337 9 INFO neutron.wsgi [None req-a64cffef-18db-4234-853d-b6d7a7e01a99 00363c0c853942b4b193b7d89ddcd702 5b526bec86ce405da8014d584bd01295 - - default default] 10.0.0.126 "POST /v2.0/floatingips HTTP/1.1" status: 201 len: 751 time: 0.8847961 /var/lib/openstack/lib/python3.10/site-packages/pycadf/identifier.py:71: UserWarning: Invalid uuid: neutron. To ensure interoperability, identifiers should be a valid uuid. warnings.warn(('Invalid uuid: %s. To ensure interoperability, '
2026-08-05 22:46:49.464 10 INFO neutron.wsgi [None req-b0cae5e2-139e-4753-a368-4d0568f7396b 2b555fb9e9ce46b4baa62398f785ddf3 9d497c664c2d4e4d91e0b8e3cd5d56a2 - - default default] 10.0.0.126 "PUT /v2.0/routers/81db4d4e-85ba-48e4-b34a-5b1e47db28fe/remove_router_interface HTTP/1.1" status: 200 len: 503 time: 1.1197078
2026-08-05 22:46:49.599 10 INFO neutron.db.ovn_revision_numbers_db [None req-43f4731f-8a6b-4f3f-bb86-ef37dc4c7ebd 2b555fb9e9ce46b4baa62398f785ddf3 9d497c664c2d4e4d91e0b8e3cd5d56a2 - - default default] Successfully bumped revision number for resource 6011589d-dddc-4567-a9c2-3a27cd71bd07 (type: security_groups) to 1
2026-08-05 22:46:49.615 10 INFO neutron.db.ovn_revision_numbers_db [None req-43f4731f-8a6b-4f3f-bb86-ef37dc4c7ebd 2b555fb9e9ce46b4baa62398f785ddf3 9d497c664c2d4e4d91e0b8e3cd5d56a2 - - default default] Successfully bumped revision number for resource 0b0390d1-3df6-41b2-a417-6ddd29d3d63d (type: security_group_rules) to 0
2026-08-05 22:46:49.638 10 INFO neutron.db.ovn_revision_numbers_db [None req-43f4731f-8a6b-4f3f-bb86-ef37dc4c7ebd 2b555fb9e9ce46b4baa62398f785ddf3 9d497c664c2d4e4d91e0b8e3cd5d56a2 - - default default] Successfully bumped revision number for resource 725b079b-ce04-4e9a-b111-46f210d6bae4 (type: security_group_rules) to 0
2026-08-05 22:46:49.655 10 INFO neutron.db.ovn_revision_numbers_db [None req-43f4731f-8a6b-4f3f-bb86-ef37dc4c7ebd 2b555fb9e9ce46b4baa62398f785ddf3 9d497c664c2d4e4d91e0b8e3cd5d56a2 - - default default] Successfully bumped revision number for resource 92bb0e7e-7c48-49cf-b87b-b01507e90b7c (type: security_group_rules) to 0
2026-08-05 22:46:49.671 10 INFO neutron.db.ovn_revision_numbers_db [None req-43f4731f-8a6b-4f3f-bb86-ef37dc4c7ebd 2b555fb9e9ce46b4baa62398f785ddf3 9d497c664c2d4e4d91e0b8e3cd5d56a2 - - default default] Successfully bumped revision number for resource e486a7bb-d7b5-40e6-b632-774c71d01359 (type: security_group_rules) to 0
2026-08-05 22:46:49.695 10 INFO neutron.wsgi [None req-43f4731f-8a6b-4f3f-bb86-ef37dc4c7ebd 2b555fb9e9ce46b4baa62398f785ddf3 9d497c664c2d4e4d91e0b8e3cd5d56a2 - - default default] 10.0.0.126 "GET /v2.0/security-groups?tenant_id=f44dd0d084a04af6a54e81e81e8f44ab&name=default HTTP/1.1" status: 200 len: 2996 time: 0.3573692
2026-08-05 22:46:49.774 10 INFO neutron.db.ovn_revision_numbers_db [None req-aa93903b-7572-40a0-884b-e03123100be3 43e3686b281047239544026cbd59a198 677a805e7c644dea8e949c42e5aca08b - - default default] Successfully bumped revision number for resource d5e503c7-8725-4a2d-afb9-73ae01731cad (type: security_groups) to 1
2026-08-05 22:46:49.790 10 INFO neutron.db.ovn_revision_numbers_db [None req-aa93903b-7572-40a0-884b-e03123100be3 43e3686b281047239544026cbd59a198 677a805e7c644dea8e949c42e5aca08b - - default default] Successfully bumped revision number for resource 340239ef-c2fc-4cf8-beca-c5b3a2d7836a (type: security_group_rules) to 0
2026-08-05 22:46:49.806 10 INFO neutron.db.ovn_revision_numbers_db [None req-aa93903b-7572-40a0-884b-e03123100be3 43e3686b281047239544026cbd59a198 677a805e7c644dea8e949c42e5aca08b - - default default] Successfully bumped revision number for resource 3a1d9eba-99a6-4bba-ba24-9a67001f0b11 (type: security_group_rules) to 0
2026-08-05 22:46:49.819 10 INFO neutron.db.ovn_revision_numbers_db [None req-aa93903b-7572-40a0-884b-e03123100be3 43e3686b281047239544026cbd59a198 677a805e7c644dea8e949c42e5aca08b - - default default] Successfully bumped revision number for resource decb0f74-16fd-4f5e-ae18-e6714e8eb154 (type: security_group_rules) to 0
2026-08-05 22:46:49.835 10 INFO neutron.db.ovn_revision_numbers_db [None req-aa93903b-7572-40a0-884b-e03123100be3 43e3686b281047239544026cbd59a198 677a805e7c644dea8e949c42e5aca08b - - default default] Successfully bumped revision number for resource fd6dfaee-39fd-4747-950f-42211654702e (type: security_group_rules) to 0
2026-08-05 22:46:49.907 10 INFO neutron.db.segments_db [None req-aa93903b-7572-40a0-884b-e03123100be3 43e3686b281047239544026cbd59a198 677a805e7c644dea8e949c42e5aca08b - - default default] Added segment 61a78b7c-392e-4ba1-aa01-6609b01de336 of type geneve for network 46ad0aff-067d-4e06-9f73-49fed76c9323
2026-08-05 22:46:49.928 10 INFO neutron.wsgi [req-461e6b9a-81a4-494d-a6fd-3c9712422736 req-e5e80277-93cd-4b41-bb78-13d4de08a1e2 00363c0c853942b4b193b7d89ddcd702 5b526bec86ce405da8014d584bd01295 - - default default] 10.0.0.28 "GET /v2.0/security-groups?name=tempest-securitygroup--1893691568&fields=id&tenant_id=5b526bec86ce405da8014d584bd01295 HTTP/1.1" status: 200 len: 267 time: 0.0477996
2026-08-05 22:46:49.987 10 INFO neutron.wsgi [None req-8304bd4c-4b78-4741-bead-a81f6427926f 2b555fb9e9ce46b4baa62398f785ddf3 9d497c664c2d4e4d91e0b8e3cd5d56a2 - - default default] 10.0.0.126 "DELETE /v2.0/security-groups/6011589d-dddc-4567-a9c2-3a27cd71bd07 HTTP/1.1" status: 204 len: 168 time: 0.2874067
2026-08-05 22:46:50.063 10 INFO neutron.wsgi [req-461e6b9a-81a4-494d-a6fd-3c9712422736 req-684b0f56-4e56-487b-acdc-979d18c4c9ee 00363c0c853942b4b193b7d89ddcd702 5b526bec86ce405da8014d584bd01295 - - default default] 10.0.0.28 "GET /v2.0/networks?id=45b2ea71-0478-44a0-8b58-1f9b6873e372 HTTP/1.1" status: 200 len: 882 time: 0.1258185
2026-08-05 22:46:50.084 10 INFO neutron.wsgi [req-461e6b9a-81a4-494d-a6fd-3c9712422736 req-1bc3c07e-0537-48f7-a750-e41531dba064 00363c0c853942b4b193b7d89ddcd702 5b526bec86ce405da8014d584bd01295 - - default default] 10.0.0.28 "GET /v2.0/quotas/5b526bec86ce405da8014d584bd01295 HTTP/1.1" status: 200 len: 386 time: 0.0122950
2026-08-05 22:46:50.104 10 INFO neutron.db.segments_db [None req-aa93903b-7572-40a0-884b-e03123100be3 43e3686b281047239544026cbd59a198 677a805e7c644dea8e949c42e5aca08b - - default default] Added segment 4b0b8573-d611-4d09-93d1-15139b3f5f85 of type geneve for network 92919d6d-6361-4ad3-a1bc-ed527180c7b6
2026-08-05 22:46:50.141 9 INFO neutron.wsgi [None req-1edd325b-263d-4d7d-ad62-84a67db7ffba 2b555fb9e9ce46b4baa62398f785ddf3 9d497c664c2d4e4d91e0b8e3cd5d56a2 - - default default] 10.0.0.126 "DELETE /v2.0/routers/81db4d4e-85ba-48e4-b34a-5b1e47db28fe HTTP/1.1" status: 204 len: 168 time: 0.6707799
2026-08-05 22:46:50.364 9 INFO neutron.wsgi [None req-8b873d8f-063b-4480-8b7a-c9184bc8a07b 2b555fb9e9ce46b4baa62398f785ddf3 9d497c664c2d4e4d91e0b8e3cd5d56a2 - - default default] 10.0.0.126 "DELETE /v2.0/subnets/efd5387d-da06-4e3c-8e1e-1e88a0bff781 HTTP/1.1" status: 204 len: 168 time: 0.2153947
2026-08-05 22:46:50.422 10 INFO neutron.wsgi [req-461e6b9a-81a4-494d-a6fd-3c9712422736 req-c385997c-f224-4cec-8442-22fe658a1d88 00363c0c853942b4b193b7d89ddcd702 5b526bec86ce405da8014d584bd01295 - - default default] 10.0.0.28 "GET /v2.0/ports?tenant_id=5b526bec86ce405da8014d584bd01295&fields=id HTTP/1.1" status: 200 len: 302 time: 0.3297126
2026-08-05 22:46:50.481 10 INFO neutron.db.ovn_revision_numbers_db [None req-aa93903b-7572-40a0-884b-e03123100be3 43e3686b281047239544026cbd59a198 677a805e7c644dea8e949c42e5aca08b - - default default] Successfully bumped revision number for resource 46ad0aff-067d-4e06-9f73-49fed76c9323 (type: networks) to 1
2026-08-05 22:46:50.731 9 INFO neutron.services.segments.plugin [-] Segment acd74599-0a70-4fb8-94c6-8b21e6f91065 resource provider aggregate not found
2026-08-05 22:46:50.731 10 WARNING neutron.scheduler.dhcp_agent_scheduler [None req-aa93903b-7572-40a0-884b-e03123100be3 43e3686b281047239544026cbd59a198 677a805e7c644dea8e949c42e5aca08b - - default default] No more DHCP agents
2026-08-05 22:46:50.738 9 INFO neutron.services.segments.plugin [-] Segment acd74599-0a70-4fb8-94c6-8b21e6f91065 resource provider aggregate not found
2026-08-05 22:46:50.744 10 WARNING neutron.api.rpc.agentnotifiers.dhcp_rpc_agent_api [None req-aa93903b-7572-40a0-884b-e03123100be3 43e3686b281047239544026cbd59a198 677a805e7c644dea8e949c42e5aca08b - - default default] Unable to schedule network 46ad0aff-067d-4e06-9f73-49fed76c9323: no agents available; will retry on subsequent port and subnet creation events.
2026-08-05 22:46:50.746 9 INFO neutron.services.segments.plugin [-] Segment acd74599-0a70-4fb8-94c6-8b21e6f91065 resource provider not found; error: Placement Client Error (4xx): {"errors": [{"status": 404, "title": "Not Found", "detail": "The resource could not be found.\n\n No resource provider with uuid acd74599-0a70-4fb8-94c6-8b21e6f91065 found for delete ", "request_id": "req-5385d75d-eb57-435d-811c-585cfd7a7d78"}]}
2026-08-05 22:46:50.759 9 INFO neutron.services.segments.plugin [-] Segment acd74599-0a70-4fb8-94c6-8b21e6f91065 resource provider not found; error: Placement Client Error (4xx): {"errors": [{"status": 404, "title": "Not Found", "detail": "The resource could not be found.\n\n No resource provider with uuid acd74599-0a70-4fb8-94c6-8b21e6f91065 found for delete ", "request_id": "req-26c4c480-ed75-4e2c-92c1-048adea26782"}]}
2026-08-05 22:46:50.769 9 INFO neutron.wsgi [None req-a1f1c198-5d67-4696-9622-741b90767206 2b555fb9e9ce46b4baa62398f785ddf3 9d497c664c2d4e4d91e0b8e3cd5d56a2 - - default default] 10.0.0.126 "DELETE /v2.0/networks/7124450b-c2b3-491b-9009-399c345463e1 HTTP/1.1" status: 204 len: 168 time: 0.3987927
2026-08-05 22:46:50.860 10 INFO neutron.db.ovn_revision_numbers_db [None req-aa93903b-7572-40a0-884b-e03123100be3 43e3686b281047239544026cbd59a198 677a805e7c644dea8e949c42e5aca08b - - default default] Successfully bumped revision number for resource 007b7d96-6348-46ee-9aaa-ed1879bd8288 (type: ports) to 1
2026-08-05 22:46:50.911 9 WARNING neutron.plugins.ml2.drivers.ovn.mech_driver.ovsdb.ovn_client [None req-1e1984d3-38a8-420e-a40a-ce93f14db32e - - - - - -] No hosting information found for port 15dfe5c9-a3a2-4b1d-8e5c-6361f81f8252: RuntimeError: No hosting information found for port 15dfe5c9-a3a2-4b1d-8e5c-6361f81f8252
2026-08-05 22:46:50.956 10 INFO neutron.wsgi [None req-13f2bc6f-1565-4ab1-a0ba-930f41305107 2b555fb9e9ce46b4baa62398f785ddf3 9d497c664c2d4e4d91e0b8e3cd5d56a2 - - default default] 10.0.0.126 "GET /v2.0/security-groups?tenant_id=d532d61a665d4ca0ab81b5af17f0f123&name=default HTTP/1.1" status: 200 len: 2992 time: 0.0632207
2026-08-05 22:46:50.958 10 INFO neutron.db.ovn_revision_numbers_db [None req-aa93903b-7572-40a0-884b-e03123100be3 43e3686b281047239544026cbd59a198 677a805e7c644dea8e949c42e5aca08b - - default default] Successfully bumped revision number for resource 92919d6d-6361-4ad3-a1bc-ed527180c7b6 (type: networks) to 1
2026-08-05 22:46:50.977 10 INFO neutron.wsgi [req-461e6b9a-81a4-494d-a6fd-3c9712422736 req-bbbf62d9-14fa-4d67-bc50-6b5c910cb61e 4731050d35844e08aee3c308017e67ac 6a46fecbb3cb43dd8c62af5195c1bbe1 - - 5fab57c627834e10ab1a69078959df56 5fab57c627834e10ab1a69078959df56] 10.0.0.28 "GET /v2.0/extensions HTTP/1.1" status: 200 len: 16525 time: 0.1390152
2026-08-05 22:46:51.090 10 INFO neutron.wsgi [req-461e6b9a-81a4-494d-a6fd-3c9712422736 req-fcf1bc1d-d874-43b8-b32d-9d5e317b9f58 4731050d35844e08aee3c308017e67ac 6a46fecbb3cb43dd8c62af5195c1bbe1 - - 5fab57c627834e10ab1a69078959df56 5fab57c627834e10ab1a69078959df56] 10.0.0.28 "GET /v2.0/networks/45b2ea71-0478-44a0-8b58-1f9b6873e372?fields=segments HTTP/1.1" status: 200 len: 212 time: 0.1018891
2026-08-05 22:46:51.199 10 INFO neutron.wsgi [req-461e6b9a-81a4-494d-a6fd-3c9712422736 req-36546ca2-c182-4fc6-a02a-1d2ced1d209f 4731050d35844e08aee3c308017e67ac 6a46fecbb3cb43dd8c62af5195c1bbe1 - - 5fab57c627834e10ab1a69078959df56 5fab57c627834e10ab1a69078959df56] 10.0.0.28 "GET /v2.0/networks/45b2ea71-0478-44a0-8b58-1f9b6873e372?fields=provider%3Aphysical_network&fields=provider%3Anetwork_type HTTP/1.1" status: 200 len: 277 time: 0.1024315
2026-08-05 22:46:51.229 10 WARNING neutron.scheduler.dhcp_agent_scheduler [None req-aa93903b-7572-40a0-884b-e03123100be3 43e3686b281047239544026cbd59a198 677a805e7c644dea8e949c42e5aca08b - - default default] No more DHCP agents
2026-08-05 22:46:51.232 10 WARNING neutron.api.rpc.agentnotifiers.dhcp_rpc_agent_api [None req-aa93903b-7572-40a0-884b-e03123100be3 43e3686b281047239544026cbd59a198 677a805e7c644dea8e949c42e5aca08b - - default default] Unable to schedule network 92919d6d-6361-4ad3-a1bc-ed527180c7b6: no agents available; will retry on subsequent port and subnet creation events.
2026-08-05 22:46:51.335 10 INFO neutron.db.ovn_revision_numbers_db [None req-aa93903b-7572-40a0-884b-e03123100be3 43e3686b281047239544026cbd59a198 677a805e7c644dea8e949c42e5aca08b - - default default] Successfully bumped revision number for resource b37564e6-09c3-4610-95dd-3ac4b8ae7468 (type: ports) to 1
2026-08-05 22:46:51.364 10 INFO neutron.wsgi [None req-f21c17dd-8c48-4026-9210-e458f0d1def2 2b555fb9e9ce46b4baa62398f785ddf3 9d497c664c2d4e4d91e0b8e3cd5d56a2 - - default default] 10.0.0.126 "DELETE /v2.0/security-groups/70dc59ea-8de1-406f-99c8-e60df48e6fb6 HTTP/1.1" status: 204 len: 168 time: 0.4029441
2026-08-05 22:46:51.376 10 INFO neutron.wsgi [None req-aa93903b-7572-40a0-884b-e03123100be3 43e3686b281047239544026cbd59a198 677a805e7c644dea8e949c42e5aca08b - - default default] 10.0.0.126 "POST /v2.0/networks HTTP/1.1" status: 201 len: 1444 time: 1.8002961
2026-08-05 22:46:51.401 9 INFO neutron.wsgi [req-8e398e43-2885-41c1-b88a-89c526d68f6a req-e53cade1-479b-42b9-92e6-4b87ffbd7ded 00363c0c853942b4b193b7d89ddcd702 5b526bec86ce405da8014d584bd01295 - - default default] 10.0.0.28 "GET /v2.0/ports?device_id=70ed32a9-7470-4d0e-be67-52515da64417 HTTP/1.1" status: 200 len: 210 time: 0.0341499
2026-08-05 22:46:51.489 10 INFO neutron.wsgi [None req-825f48b3-85a5-472a-9b9e-88f7a6ae7d07 43e3686b281047239544026cbd59a198 677a805e7c644dea8e949c42e5aca08b - - default default] 10.0.0.126 "GET /v2.0/networks HTTP/1.1" status: 200 len: 2050 time: 0.1073294
2026-08-05 22:46:51.854 10 INFO neutron.services.segments.plugin [-] Segment 61a78b7c-392e-4ba1-aa01-6609b01de336 resource provider aggregate not found
2026-08-05 22:46:51.865 10 INFO neutron.services.segments.plugin [-] Segment 61a78b7c-392e-4ba1-aa01-6609b01de336 resource provider aggregate not found
2026-08-05 22:46:51.883 10 INFO neutron.services.segments.plugin [-] Segment 61a78b7c-392e-4ba1-aa01-6609b01de336 resource provider not found; error: Placement Client Error (4xx): {"errors": [{"status": 404, "title": "Not Found", "detail": "The resource could not be found.\n\n No resource provider with uuid 61a78b7c-392e-4ba1-aa01-6609b01de336 found for delete ", "request_id": "req-fbb07063-0ca3-4aa8-96e4-2204b6fc809a"}]}
2026-08-05 22:46:51.888 10 INFO neutron.services.segments.plugin [-] Segment 61a78b7c-392e-4ba1-aa01-6609b01de336 resource provider not found; error: Placement Client Error (4xx): {"errors": [{"status": 404, "title": "Not Found", "detail": "The resource could not be found.\n\n No resource provider with uuid 61a78b7c-392e-4ba1-aa01-6609b01de336 found for delete ", "request_id": "req-95d9c5ce-0a1c-4738-ad08-1045835a90d2"}]}
2026-08-05 22:46:51.919 10 INFO neutron.wsgi [None req-fa4b7202-ffdf-4cff-a2c7-b9af611af86b 43e3686b281047239544026cbd59a198 677a805e7c644dea8e949c42e5aca08b - - default default] 10.0.0.126 "DELETE /v2.0/networks/46ad0aff-067d-4e06-9f73-49fed76c9323 HTTP/1.1" status: 204 len: 168 time: 0.4246275
2026-08-05 22:46:52.177 9 INFO neutron.wsgi [req-461e6b9a-81a4-494d-a6fd-3c9712422736 req-a0ac9b9c-b1d6-4d4b-964b-2ea5e33501fa 00363c0c853942b4b193b7d89ddcd702 5b526bec86ce405da8014d584bd01295 - - default default] 199.19.213.156 "GET /v2.0/networks?id=45b2ea71-0478-44a0-8b58-1f9b6873e372 HTTP/1.1" status: 200 len: 882 time: 0.1145728
2026-08-05 22:46:52.182 9 INFO neutron.db.ovn_revision_numbers_db [None req-28a595d3-733c-4e65-a05e-ca6e3063d44b 5b450c54cd86457785add71bb03d6211 604b130c8fdf4608a1cfbe60a0031783 - - default default] Successfully bumped revision number for resource 581d165f-2c03-4c6a-a8e3-34546e9f2020 (type: security_groups) to 1
2026-08-05 22:46:52.213 9 INFO neutron.db.ovn_revision_numbers_db [None req-28a595d3-733c-4e65-a05e-ca6e3063d44b 5b450c54cd86457785add71bb03d6211 604b130c8fdf4608a1cfbe60a0031783 - - default default] Successfully bumped revision number for resource 2fce58c3-69b8-4c4c-b3f6-88597cda7ab8 (type: security_group_rules) to 0
2026-08-05 22:46:52.233 9 INFO neutron.db.ovn_revision_numbers_db [None req-28a595d3-733c-4e65-a05e-ca6e3063d44b 5b450c54cd86457785add71bb03d6211 604b130c8fdf4608a1cfbe60a0031783 - - default default] Successfully bumped revision number for resource 7abb0b0f-dc1c-40a0-a4b1-99bc9a98ea4d (type: security_group_rules) to 0
2026-08-05 22:46:52.240 9 INFO neutron.wsgi [req-461e6b9a-81a4-494d-a6fd-3c9712422736 req-15bafaf6-3d63-467c-9f22-6bdf37209125 00363c0c853942b4b193b7d89ddcd702 5b526bec86ce405da8014d584bd01295 - - default default] 199.19.213.156 "GET /v2.0/security-groups?fields=id&fields=name&tenant_id=5b526bec86ce405da8014d584bd01295 HTTP/1.1" status: 200 len: 380 time: 0.0556664
2026-08-05 22:46:52.276 9 INFO neutron.db.ovn_revision_numbers_db [None req-28a595d3-733c-4e65-a05e-ca6e3063d44b 5b450c54cd86457785add71bb03d6211 604b130c8fdf4608a1cfbe60a0031783 - - default default] Successfully bumped revision number for resource 878ec6f4-bb53-4e1a-bb34-82e299f30f99 (type: security_group_rules) to 0
2026-08-05 22:46:52.317 9 INFO neutron.db.ovn_revision_numbers_db [None req-28a595d3-733c-4e65-a05e-ca6e3063d44b 5b450c54cd86457785add71bb03d6211 604b130c8fdf4608a1cfbe60a0031783 - - default default] Successfully bumped revision number for resource d4cbd563-0c9e-403d-8230-f02ee97a03c1 (type: security_group_rules) to 0
2026-08-05 22:46:52.352 10 INFO neutron.wsgi [None req-72953990-45c3-43cc-973f-f78ccc754a40 43e3686b281047239544026cbd59a198 677a805e7c644dea8e949c42e5aca08b - - default default] 10.0.0.126 "DELETE /v2.0/networks/92919d6d-6361-4ad3-a1bc-ed527180c7b6 HTTP/1.1" status: 204 len: 168 time: 0.4286942
2026-08-05 22:46:52.397 9 INFO neutron.db.segments_db [None req-28a595d3-733c-4e65-a05e-ca6e3063d44b 5b450c54cd86457785add71bb03d6211 604b130c8fdf4608a1cfbe60a0031783 - - default default] Added segment e3dab513-cf15-41c5-840c-a78ee99160e6 of type geneve for network 0f99d5e7-9f26-430f-8fb7-aa6302172347
2026-08-05 22:46:52.422 10 INFO neutron.wsgi [None req-7b8c7d6a-b066-4142-97ad-14b51c3f0c5c 43e3686b281047239544026cbd59a198 677a805e7c644dea8e949c42e5aca08b - - default default] 10.0.0.126 "GET /v2.0/networks HTTP/1.1" status: 200 len: 845 time: 0.0624845
2026-08-05 22:46:52.492 10 INFO neutron.wsgi [req-9e0286c1-72d7-4a3a-a518-fb88fa325770 req-845fd19f-9f73-4a31-bab8-ce627a566ff7 00363c0c853942b4b193b7d89ddcd702 5b526bec86ce405da8014d584bd01295 - - default default] 10.0.0.28 "GET /v2.0/ports?device_id=70ed32a9-7470-4d0e-be67-52515da64417 HTTP/1.1" status: 200 len: 210 time: 0.0223117
2026-08-05 22:46:52.530 10 INFO neutron.db.segments_db [None req-9fbc0bba-e32f-4660-83e2-bff92df9a572 43e3686b281047239544026cbd59a198 677a805e7c644dea8e949c42e5aca08b - - default default] Added segment 030f6356-36f8-4e69-8f5b-a7e5cc7e9d78 of type geneve for network 33a510f9-f382-481d-9162-5a25fb079954
2026-08-05 22:46:52.629 9 INFO neutron.db.ovn_revision_numbers_db [None req-28a595d3-733c-4e65-a05e-ca6e3063d44b 5b450c54cd86457785add71bb03d6211 604b130c8fdf4608a1cfbe60a0031783 - - default default] Successfully bumped revision number for resource 0f99d5e7-9f26-430f-8fb7-aa6302172347 (type: networks) to 1
2026-08-05 22:46:52.704 10 INFO neutron.db.ovn_revision_numbers_db [None req-9fbc0bba-e32f-4660-83e2-bff92df9a572 43e3686b281047239544026cbd59a198 677a805e7c644dea8e949c42e5aca08b - - default default] Successfully bumped revision number for resource 33a510f9-f382-481d-9162-5a25fb079954 (type: networks) to 1
2026-08-05 22:46:52.792 9 WARNING neutron.scheduler.dhcp_agent_scheduler [req-461e6b9a-81a4-494d-a6fd-3c9712422736 req-8d3b911c-d53c-49d9-bc9f-7cba05c7d4d3 00363c0c853942b4b193b7d89ddcd702 5b526bec86ce405da8014d584bd01295 - - default default] No more DHCP agents
2026-08-05 22:46:52.799 9 WARNING neutron.api.rpc.agentnotifiers.dhcp_rpc_agent_api [req-461e6b9a-81a4-494d-a6fd-3c9712422736 req-8d3b911c-d53c-49d9-bc9f-7cba05c7d4d3 00363c0c853942b4b193b7d89ddcd702 5b526bec86ce405da8014d584bd01295 - - default default] Unable to schedule network 45b2ea71-0478-44a0-8b58-1f9b6873e372: no agents available; will retry on subsequent port and subnet creation events.
2026-08-05 22:46:52.896 10 WARNING neutron.scheduler.dhcp_agent_scheduler [None req-9fbc0bba-e32f-4660-83e2-bff92df9a572 43e3686b281047239544026cbd59a198 677a805e7c644dea8e949c42e5aca08b - - default default] No more DHCP agents
2026-08-05 22:46:52.898 10 WARNING neutron.api.rpc.agentnotifiers.dhcp_rpc_agent_api [None req-9fbc0bba-e32f-4660-83e2-bff92df9a572 43e3686b281047239544026cbd59a198 677a805e7c644dea8e949c42e5aca08b - - default default] Unable to schedule network 33a510f9-f382-481d-9162-5a25fb079954: no agents available; will retry on subsequent port and subnet creation events.
2026-08-05 22:46:52.923 9 WARNING neutron.scheduler.dhcp_agent_scheduler [None req-28a595d3-733c-4e65-a05e-ca6e3063d44b 5b450c54cd86457785add71bb03d6211 604b130c8fdf4608a1cfbe60a0031783 - - default default] No more DHCP agents
2026-08-05 22:46:52.925 9 WARNING neutron.api.rpc.agentnotifiers.dhcp_rpc_agent_api [None req-28a595d3-733c-4e65-a05e-ca6e3063d44b 5b450c54cd86457785add71bb03d6211 604b130c8fdf4608a1cfbe60a0031783 - - default default] Unable to schedule network 0f99d5e7-9f26-430f-8fb7-aa6302172347: no agents available; will retry on subsequent port and subnet creation events.
2026-08-05 22:46:52.996 10 INFO neutron.db.ovn_revision_numbers_db [None req-9fbc0bba-e32f-4660-83e2-bff92df9a572 43e3686b281047239544026cbd59a198 677a805e7c644dea8e949c42e5aca08b - - default default] Successfully bumped revision number for resource d8bf59a5-2747-4c89-ac53-9498c9eed536 (type: ports) to 1
2026-08-05 22:46:53.022 10 INFO neutron.wsgi [None req-9fbc0bba-e32f-4660-83e2-bff92df9a572 43e3686b281047239544026cbd59a198 677a805e7c644dea8e949c42e5aca08b - - default default] 10.0.0.126 "POST /v2.0/networks HTTP/1.1" status: 201 len: 853 time: 0.5913763
2026-08-05 22:46:53.194 9 INFO neutron.db.ovn_revision_numbers_db [req-461e6b9a-81a4-494d-a6fd-3c9712422736 req-8d3b911c-d53c-49d9-bc9f-7cba05c7d4d3 00363c0c853942b4b193b7d89ddcd702 5b526bec86ce405da8014d584bd01295 - - default default] Successfully bumped revision number for resource 6e4302e6-1566-4298-a552-6346a357b752 (type: ports) to 1
2026-08-05 22:46:53.203 9 INFO neutron.db.ovn_revision_numbers_db [None req-28a595d3-733c-4e65-a05e-ca6e3063d44b 5b450c54cd86457785add71bb03d6211 604b130c8fdf4608a1cfbe60a0031783 - - default default] Successfully bumped revision number for resource 3edbfdee-b493-4142-abe2-e70dfe669352 (type: ports) to 1
2026-08-05 22:46:53.217 9 INFO neutron.wsgi [req-461e6b9a-81a4-494d-a6fd-3c9712422736 req-8d3b911c-d53c-49d9-bc9f-7cba05c7d4d3 00363c0c853942b4b193b7d89ddcd702 5b526bec86ce405da8014d584bd01295 - - default default] 199.19.213.156 "POST /v2.0/ports HTTP/1.1" status: 201 len: 1158 time: 0.9595516
2026-08-05 22:46:53.224 9 INFO neutron.wsgi [None req-28a595d3-733c-4e65-a05e-ca6e3063d44b 5b450c54cd86457785add71bb03d6211 604b130c8fdf4608a1cfbe60a0031783 - - default default] 10.0.0.126 "POST /v2.0/networks HTTP/1.1" status: 201 len: 848 time: 1.4476523 /var/lib/openstack/lib/python3.10/site-packages/pycadf/identifier.py:71: UserWarning: Invalid uuid: neutron. To ensure interoperability, identifiers should be a valid uuid. warnings.warn(('Invalid uuid: %s. To ensure interoperability, '
2026-08-05 22:46:53.264 10 INFO neutron.db.segments_db [None req-35d53b9b-d2c1-4aa2-8264-8dc868e82cce 43e3686b281047239544026cbd59a198 677a805e7c644dea8e949c42e5aca08b - - default default] Added segment b179b45f-0c42-415f-8356-626ac7abb169 of type geneve for network 64815f1f-c548-41de-9372-7aa04fb5556b
2026-08-05 22:46:53.526 10 INFO neutron.db.ovn_revision_numbers_db [None req-35d53b9b-d2c1-4aa2-8264-8dc868e82cce 43e3686b281047239544026cbd59a198 677a805e7c644dea8e949c42e5aca08b - - default default] Successfully bumped revision number for resource 64815f1f-c548-41de-9372-7aa04fb5556b (type: networks) to 1 /var/lib/openstack/lib/python3.10/site-packages/pycadf/identifier.py:71: UserWarning: Invalid uuid: neutron. To ensure interoperability, identifiers should be a valid uuid. warnings.warn(('Invalid uuid: %s. To ensure interoperability, '
2026-08-05 22:46:53.689 9 INFO neutron.wsgi [req-50713d05-a5e2-4af7-83df-a997e3b5a216 req-ee500448-0ae4-4cd5-9ad1-021cdb7d9874 00363c0c853942b4b193b7d89ddcd702 5b526bec86ce405da8014d584bd01295 - - default default] 10.0.0.28 "GET /v2.0/ports?device_id=70ed32a9-7470-4d0e-be67-52515da64417 HTTP/1.1" status: 200 len: 1168 time: 0.1054273
2026-08-05 22:46:53.706 10 WARNING neutron.scheduler.dhcp_agent_scheduler [None req-aa1a0a43-c33a-43a4-972d-3c9009fa2dc7 5b450c54cd86457785add71bb03d6211 604b130c8fdf4608a1cfbe60a0031783 - - default default] No more DHCP agents
2026-08-05 22:46:53.709 10 WARNING neutron.api.rpc.agentnotifiers.dhcp_rpc_agent_api [None req-aa1a0a43-c33a-43a4-972d-3c9009fa2dc7 5b450c54cd86457785add71bb03d6211 604b130c8fdf4608a1cfbe60a0031783 - - default default] Unable to schedule network 0f99d5e7-9f26-430f-8fb7-aa6302172347: no agents available; will retry on subsequent port and subnet creation events.
2026-08-05 22:46:53.741 9 INFO neutron.db.ovn_revision_numbers_db [req-461e6b9a-81a4-494d-a6fd-3c9712422736 req-72622cb0-66fa-43df-b6f7-4aeb361de218 4731050d35844e08aee3c308017e67ac 6a46fecbb3cb43dd8c62af5195c1bbe1 - - 5fab57c627834e10ab1a69078959df56 5fab57c627834e10ab1a69078959df56] Successfully bumped revision number for resource 6e4302e6-1566-4298-a552-6346a357b752 (type: ports) to 2
2026-08-05 22:46:53.749 10 INFO neutron.db.ovn_revision_numbers_db [None req-15788c21-55cd-4439-88f6-6959d8edee31 2b555fb9e9ce46b4baa62398f785ddf3 9d497c664c2d4e4d91e0b8e3cd5d56a2 - - default default] Successfully bumped revision number for resource 7e79b580-eced-45e7-80cf-0163ee16cb15 (type: security_groups) to 1
2026-08-05 22:46:53.752 9 INFO neutron.wsgi [req-50713d05-a5e2-4af7-83df-a997e3b5a216 req-3a085c37-3cf0-4893-9a87-e34fc2b190a4 00363c0c853942b4b193b7d89ddcd702 5b526bec86ce405da8014d584bd01295 - - default default] 10.0.0.28 "GET /v2.0/security-groups?id=84c7e174-930b-4eef-90bf-bdffc1841a0b&fields=id&fields=name HTTP/1.1" status: 200 len: 313 time: 0.0533724
2026-08-05 22:46:53.759 10 INFO neutron.db.ovn_revision_numbers_db [None req-aa1a0a43-c33a-43a4-972d-3c9009fa2dc7 5b450c54cd86457785add71bb03d6211 604b130c8fdf4608a1cfbe60a0031783 - - default default] Successfully bumped revision number for resource d38abc0a-8f4a-4a3a-9db0-ac821ef6dc49 (type: subnets) to 0
2026-08-05 22:46:53.779 10 INFO neutron.wsgi [None req-aa1a0a43-c33a-43a4-972d-3c9009fa2dc7 5b450c54cd86457785add71bb03d6211 604b130c8fdf4608a1cfbe60a0031783 - - default default] 10.0.0.126 "POST /v2.0/subnets HTTP/1.1" status: 201 len: 802 time: 0.5452182
2026-08-05 22:46:53.781 10 INFO neutron.db.ovn_revision_numbers_db [None req-15788c21-55cd-4439-88f6-6959d8edee31 2b555fb9e9ce46b4baa62398f785ddf3 9d497c664c2d4e4d91e0b8e3cd5d56a2 - - default default] Successfully bumped revision number for resource 1fb2f525-352c-4a98-bd78-44ffab696bbf (type: security_group_rules) to 0
2026-08-05 22:46:53.815 10 INFO neutron.db.ovn_revision_numbers_db [None req-15788c21-55cd-4439-88f6-6959d8edee31 2b555fb9e9ce46b4baa62398f785ddf3 9d497c664c2d4e4d91e0b8e3cd5d56a2 - - default default] Successfully bumped revision number for resource 3afa1826-a609-408c-969a-5f989cd3c2db (type: security_group_rules) to 0
2026-08-05 22:46:53.837 10 WARNING neutron.scheduler.dhcp_agent_scheduler [None req-35d53b9b-d2c1-4aa2-8264-8dc868e82cce 43e3686b281047239544026cbd59a198 677a805e7c644dea8e949c42e5aca08b - - default default] No more DHCP agents
2026-08-05 22:46:53.842 10 WARNING neutron.api.rpc.agentnotifiers.dhcp_rpc_agent_api [None req-35d53b9b-d2c1-4aa2-8264-8dc868e82cce 43e3686b281047239544026cbd59a198 677a805e7c644dea8e949c42e5aca08b - - default default] Unable to schedule network 64815f1f-c548-41de-9372-7aa04fb5556b: no agents available; will retry on subsequent port and subnet creation events.
2026-08-05 22:46:53.845 10 INFO neutron.db.ovn_revision_numbers_db [None req-15788c21-55cd-4439-88f6-6959d8edee31 2b555fb9e9ce46b4baa62398f785ddf3 9d497c664c2d4e4d91e0b8e3cd5d56a2 - - default default] Successfully bumped revision number for resource 59cf9fba-c441-4da6-8528-8ebdfb3f2e91 (type: security_group_rules) to 0
2026-08-05 22:46:53.923 10 INFO neutron.services.segments.plugin [-] Segment 4b0b8573-d611-4d09-93d1-15139b3f5f85 resource provider aggregate not found
2026-08-05 22:46:53.928 10 INFO neutron.services.segments.plugin [-] Segment 4b0b8573-d611-4d09-93d1-15139b3f5f85 resource provider aggregate not found
2026-08-05 22:46:53.933 10 INFO neutron.db.ovn_revision_numbers_db [None req-15788c21-55cd-4439-88f6-6959d8edee31 2b555fb9e9ce46b4baa62398f785ddf3 9d497c664c2d4e4d91e0b8e3cd5d56a2 - - default default] Successfully bumped revision number for resource 5d7c2d14-9c7b-413e-b260-8d6af9ebf174 (type: security_group_rules) to 0
2026-08-05 22:46:53.947 9 INFO neutron.db.ovn_revision_numbers_db [req-461e6b9a-81a4-494d-a6fd-3c9712422736 req-72622cb0-66fa-43df-b6f7-4aeb361de218 4731050d35844e08aee3c308017e67ac 6a46fecbb3cb43dd8c62af5195c1bbe1 - - 5fab57c627834e10ab1a69078959df56 5fab57c627834e10ab1a69078959df56] Successfully bumped revision number for resource 6e4302e6-1566-4298-a552-6346a357b752 (type: ports) to 2
2026-08-05 22:46:53.951 10 INFO neutron.services.segments.plugin [-] Segment 4b0b8573-d611-4d09-93d1-15139b3f5f85 resource provider not found; error: Placement Client Error (4xx): {"errors": [{"status": 404, "title": "Not Found", "detail": "The resource could not be found.\n\n No resource provider with uuid 4b0b8573-d611-4d09-93d1-15139b3f5f85 found for delete ", "request_id": "req-fec10a3d-1673-4cd5-9f48-a105b44b808d"}]}
2026-08-05 22:46:53.953 10 INFO neutron.services.segments.plugin [-] Segment 4b0b8573-d611-4d09-93d1-15139b3f5f85 resource provider not found; error: Placement Client Error (4xx): {"errors": [{"status": 404, "title": "Not Found", "detail": "The resource could not be found.\n\n No resource provider with uuid 4b0b8573-d611-4d09-93d1-15139b3f5f85 found for delete ", "request_id": "req-be0880e5-d36b-489c-a34f-3ba2881d1d1e"}]}
2026-08-05 22:46:53.963 9 INFO neutron.wsgi [req-461e6b9a-81a4-494d-a6fd-3c9712422736 req-72622cb0-66fa-43df-b6f7-4aeb361de218 4731050d35844e08aee3c308017e67ac 6a46fecbb3cb43dd8c62af5195c1bbe1 - - 5fab57c627834e10ab1a69078959df56 5fab57c627834e10ab1a69078959df56] 199.19.213.156 "PUT /v2.0/ports/6e4302e6-1566-4298-a552-6346a357b752 HTTP/1.1" status: 200 len: 1376 time: 0.7357793
2026-08-05 22:46:54.000 9 INFO neutron.notifiers.nova [-] Nova event matching ['req-37f38980-1111-43c9-9594-2e8817d60cf4'] response: {'name': 'network-changed', 'server_uuid': '70ed32a9-7470-4d0e-be67-52515da64417', 'tag': '6e4302e6-1566-4298-a552-6346a357b752', 'status': 'completed', 'code': 200} /var/lib/openstack/lib/python3.10/site-packages/pycadf/identifier.py:71: UserWarning: Invalid uuid: neutron. To ensure interoperability, identifiers should be a valid uuid. warnings.warn(('Invalid uuid: %s. To ensure interoperability, '
2026-08-05 22:46:54.030 10 INFO neutron.db.segments_db [None req-15788c21-55cd-4439-88f6-6959d8edee31 2b555fb9e9ce46b4baa62398f785ddf3 9d497c664c2d4e4d91e0b8e3cd5d56a2 - - default default] Added segment f2c89173-d055-41d1-bd02-3b9a5b5da7c8 of type geneve for network c51651f5-3a38-4237-887c-c47a8d6e91e3
2026-08-05 22:46:54.041 9 INFO neutron.wsgi [req-461e6b9a-81a4-494d-a6fd-3c9712422736 req-05bca960-b679-40fd-873a-550c325a675d 4731050d35844e08aee3c308017e67ac 6a46fecbb3cb43dd8c62af5195c1bbe1 - - 5fab57c627834e10ab1a69078959df56 5fab57c627834e10ab1a69078959df56] 199.19.213.156 "GET /v2.0/ports?tenant_id=5b526bec86ce405da8014d584bd01295&device_id=70ed32a9-7470-4d0e-be67-52515da64417 HTTP/1.1" status: 200 len: 1407 time: 0.0375080
2026-08-05 22:46:54.072 9 INFO neutron.wsgi [req-461e6b9a-81a4-494d-a6fd-3c9712422736 req-3cd53b66-ce8e-4142-a6bc-de88c838e00b 4731050d35844e08aee3c308017e67ac 6a46fecbb3cb43dd8c62af5195c1bbe1 - - 5fab57c627834e10ab1a69078959df56 5fab57c627834e10ab1a69078959df56] 199.19.213.156 "GET /v2.0/floatingips?fixed_ip_address=10.100.0.8&port_id=6e4302e6-1566-4298-a552-6346a357b752 HTTP/1.1" status: 200 len: 217 time: 0.0254617
2026-08-05 22:46:54.083 10 INFO neutron.db.ovn_revision_numbers_db [None req-35d53b9b-d2c1-4aa2-8264-8dc868e82cce 43e3686b281047239544026cbd59a198 677a805e7c644dea8e949c42e5aca08b - - default default] Successfully bumped revision number for resource 075fba35-dd6d-416d-b9f5-f9b5799c2e52 (type: ports) to 1
2026-08-05 22:46:54.107 9 INFO neutron.wsgi [req-461e6b9a-81a4-494d-a6fd-3c9712422736 req-5e50e6a4-a34f-4aa4-85a9-222540b65773 4731050d35844e08aee3c308017e67ac 6a46fecbb3cb43dd8c62af5195c1bbe1 - - 5fab57c627834e10ab1a69078959df56 5fab57c627834e10ab1a69078959df56] 199.19.213.156 "GET /v2.0/subnets?id=0a0cd6a8-ab68-4a84-ad87-ef403b59a24d HTTP/1.1" status: 200 len: 876 time: 0.0291989
2026-08-05 22:46:54.140 10 INFO neutron.wsgi [None req-35d53b9b-d2c1-4aa2-8264-8dc868e82cce 43e3686b281047239544026cbd59a198 677a805e7c644dea8e949c42e5aca08b - - default default] 10.0.0.126 "POST /v2.0/networks HTTP/1.1" status: 201 len: 852 time: 1.1130886
2026-08-05 22:46:54.141 9 INFO neutron.wsgi [req-461e6b9a-81a4-494d-a6fd-3c9712422736 req-35ba2d3b-349e-4cd7-9d25-03cf894b3ca4 4731050d35844e08aee3c308017e67ac 6a46fecbb3cb43dd8c62af5195c1bbe1 - - 5fab57c627834e10ab1a69078959df56 5fab57c627834e10ab1a69078959df56] 199.19.213.156 "GET /v2.0/ports?network_id=45b2ea71-0478-44a0-8b58-1f9b6873e372&device_owner=network%3Adhcp HTTP/1.1" status: 200 len: 210 time: 0.0253441
2026-08-05 22:46:54.212 9 INFO neutron.wsgi [req-461e6b9a-81a4-494d-a6fd-3c9712422736 req-aa70a0e4-9e00-4d71-b890-51d408150228 4731050d35844e08aee3c308017e67ac 6a46fecbb3cb43dd8c62af5195c1bbe1 - - 5fab57c627834e10ab1a69078959df56 5fab57c627834e10ab1a69078959df56] 199.19.213.156 "GET /v2.0/networks/45b2ea71-0478-44a0-8b58-1f9b6873e372?fields=segments HTTP/1.1" status: 200 len: 212 time: 0.0615447
2026-08-05 22:46:54.297 9 INFO neutron.wsgi [req-461e6b9a-81a4-494d-a6fd-3c9712422736 req-cfbb67e9-a50b-4626-8e82-d0221cf4d7ce 4731050d35844e08aee3c308017e67ac 6a46fecbb3cb43dd8c62af5195c1bbe1 - - 5fab57c627834e10ab1a69078959df56 5fab57c627834e10ab1a69078959df56] 199.19.213.156 "GET /v2.0/networks/45b2ea71-0478-44a0-8b58-1f9b6873e372?fields=provider%3Aphysical_network&fields=provider%3Anetwork_type HTTP/1.1" status: 200 len: 277 time: 0.0759594
2026-08-05 22:46:54.314 10 INFO neutron.db.ovn_revision_numbers_db [None req-15788c21-55cd-4439-88f6-6959d8edee31 2b555fb9e9ce46b4baa62398f785ddf3 9d497c664c2d4e4d91e0b8e3cd5d56a2 - - default default] Successfully bumped revision number for resource c51651f5-3a38-4237-887c-c47a8d6e91e3 (type: networks) to 1
2026-08-05 22:46:54.427 9 INFO neutron.wsgi [req-247e1a18-c31c-4a87-a81c-e94c43d47a6f req-b125385e-885f-4e84-8359-3bc5752f6dd6 4731050d35844e08aee3c308017e67ac 6a46fecbb3cb43dd8c62af5195c1bbe1 - - 5fab57c627834e10ab1a69078959df56 5fab57c627834e10ab1a69078959df56] 199.19.213.156 "GET /v2.0/ports?tenant_id=5b526bec86ce405da8014d584bd01295&device_id=70ed32a9-7470-4d0e-be67-52515da64417 HTTP/1.1" status: 200 len: 1407 time: 0.0892835
