2026-08-05 22:46:35.402 10 INFO neutron.wsgi [req-3cb40dc1-b98e-4920-86e6-ffafc96ba0c8 req-65008982-a257-4a51-81a9-efd1533d9b0a e35967686c444e2e8d95960358621f18 956da92f44fb4f1ca04524f1163c020f - - default default] 10.0.0.28 "GET /v2.0/security-groups/2634e607-6171-4e8e-88b5-2f75ab3bf5b9 HTTP/1.1" status: 200 len: 3012 time: 0.0362113
2026-08-05 22:46:35.496 9 INFO neutron.wsgi [None req-6f3cce7f-6b3c-460c-bdfe-af4fd64c62d4 2b555fb9e9ce46b4baa62398f785ddf3 9d497c664c2d4e4d91e0b8e3cd5d56a2 - - default default] 10.0.0.126 "DELETE /v2.0/networks/8f6ffce7-0a1d-47a3-843e-f99a116bde3d HTTP/1.1" status: 204 len: 168 time: 0.5678198
2026-08-05 22:46:35.561 10 INFO neutron.wsgi [req-3cb40dc1-b98e-4920-86e6-ffafc96ba0c8 req-b8580db0-292f-42fa-bcb5-3c29aed6393b e35967686c444e2e8d95960358621f18 956da92f44fb4f1ca04524f1163c020f - - default default] 10.0.0.28 "DELETE /v2.0/security-group-rules/969da192-fdca-4127-9ae2-c198fde086ec HTTP/1.1" status: 204 len: 173 time: 0.1488917
2026-08-05 22:46:35.624 9 INFO neutron.wsgi [req-c5fdb603-2dfd-4090-bc4f-fe32b04c3f02 req-e312e3b0-d3aa-4a51-86ad-12c0af1ed4c7 e35967686c444e2e8d95960358621f18 956da92f44fb4f1ca04524f1163c020f - - default default] 10.0.0.28 "GET /v2.0/security-groups/2634e607-6171-4e8e-88b5-2f75ab3bf5b9 HTTP/1.1" status: 200 len: 2414 time: 0.0405650
2026-08-05 22:46:35.748 9 INFO neutron.wsgi [req-c5fdb603-2dfd-4090-bc4f-fe32b04c3f02 req-e82fd0aa-9d7a-4691-9d44-8c2a67bfc71c e35967686c444e2e8d95960358621f18 956da92f44fb4f1ca04524f1163c020f - - default default] 10.0.0.28 "DELETE /v2.0/security-groups/2634e607-6171-4e8e-88b5-2f75ab3bf5b9 HTTP/1.1" status: 204 len: 173 time: 0.1152766
2026-08-05 22:46:35.800 10 INFO neutron.wsgi [req-c16734ce-0d04-43f2-be1c-90a991c53853 req-147f807b-e62f-4422-94c7-e6e6f8a57a4d e35967686c444e2e8d95960358621f18 956da92f44fb4f1ca04524f1163c020f - - default default] 10.0.0.28 "GET /v2.0/security-groups/208492be-e065-498f-832b-ae36dcff317a HTTP/1.1" status: 200 len: 2415 time: 0.0333171
2026-08-05 22:46:35.814 9 INFO neutron.wsgi [None req-3777bc5c-9308-49b3-8bee-78482822e103 2b555fb9e9ce46b4baa62398f785ddf3 9d497c664c2d4e4d91e0b8e3cd5d56a2 - - default default] 10.0.0.126 "GET /v2.0/security-groups?tenant_id=6946863336c3441ca7804100bc40f3ae&name=default HTTP/1.1" status: 200 len: 2992 time: 0.0399206
2026-08-05 22:46:35.973 10 INFO neutron.wsgi [req-c16734ce-0d04-43f2-be1c-90a991c53853 req-b92a8a59-8c06-4123-a378-d062c5f5b006 e35967686c444e2e8d95960358621f18 956da92f44fb4f1ca04524f1163c020f - - default default] 10.0.0.28 "DELETE /v2.0/security-groups/208492be-e065-498f-832b-ae36dcff317a HTTP/1.1" status: 204 len: 173 time: 0.1634648
2026-08-05 22:46:36.075 9 INFO neutron.wsgi [req-4defe779-87d0-46d8-ab81-b5ddd62af5ac req-4caf5729-b0b0-43b4-958e-a65838ba75eb 92f316005e2b4a4c91dbc91fc8bacc0a d532d61a665d4ca0ab81b5af17f0f123 - - default default] 10.0.0.28 "GET /v2.0/ports?device_id=3aa2e7d7-594e-4218-9d5a-75542a66990e HTTP/1.1" status: 200 len: 1156 time: 0.0604193
2026-08-05 22:46:36.083 9 INFO neutron.services.segments.plugin [-] Segment 1f8acc12-706b-4a3a-ab57-a847d0e7d27a resource provider aggregate not found
2026-08-05 22:46:36.085 10 INFO neutron.wsgi [None req-6bee2336-6b42-46c3-b814-6e44260a51fc 2b555fb9e9ce46b4baa62398f785ddf3 9d497c664c2d4e4d91e0b8e3cd5d56a2 - - default default] 10.0.0.126 "DELETE /v2.0/security-groups/b376b214-499c-4e29-bea5-c3fcf5290c94 HTTP/1.1" status: 204 len: 168 time: 0.2672067
2026-08-05 22:46:36.107 9 INFO neutron.services.segments.plugin [-] Segment 1f8acc12-706b-4a3a-ab57-a847d0e7d27a resource provider not found; error: Placement Client Error (4xx): {"errors": [{"status": 404, "title": "Not Found", "detail": "The resource could not be found.\n\n No resource provider with uuid 1f8acc12-706b-4a3a-ab57-a847d0e7d27a found for delete ", "request_id": "req-49bdc0e7-0514-4dac-bcab-d9e110fc3c30"}]}
2026-08-05 22:46:36.118 9 INFO neutron.services.segments.plugin [-] Segment 1f8acc12-706b-4a3a-ab57-a847d0e7d27a resource provider aggregate not found
2026-08-05 22:46:36.139 9 INFO neutron.services.segments.plugin [-] Segment 1f8acc12-706b-4a3a-ab57-a847d0e7d27a resource provider not found; error: Placement Client Error (4xx): {"errors": [{"status": 404, "title": "Not Found", "detail": "The resource could not be found.\n\n No resource provider with uuid 1f8acc12-706b-4a3a-ab57-a847d0e7d27a found for delete ", "request_id": "req-15d403ff-fc9e-43ad-997e-4afc8a797b3d"}]}
2026-08-05 22:46:36.152 9 INFO neutron.wsgi [req-4defe779-87d0-46d8-ab81-b5ddd62af5ac req-3a903ff6-4d64-4163-bcd4-17f0970b82dc 92f316005e2b4a4c91dbc91fc8bacc0a d532d61a665d4ca0ab81b5af17f0f123 - - default default] 10.0.0.28 "GET /v2.0/security-groups?id=959f53aa-aa41-44ab-b0d7-371533231fd4&fields=id&fields=name HTTP/1.1" status: 200 len: 312 time: 0.0620575
2026-08-05 22:46:36.341 9 INFO neutron.db.ovn_revision_numbers_db [req-60461248-8f4c-48ae-b690-1b711d6a2ebf req-b982877a-5add-47cf-9dca-a7dc1427afab 4731050d35844e08aee3c308017e67ac 6a46fecbb3cb43dd8c62af5195c1bbe1 - - 5fab57c627834e10ab1a69078959df56 5fab57c627834e10ab1a69078959df56] Successfully bumped revision number for resource ff8b93c3-5865-4c5d-85cd-54582673da74 (type: ports) to 2
2026-08-05 22:46:36.561 9 INFO neutron.db.ovn_revision_numbers_db [req-60461248-8f4c-48ae-b690-1b711d6a2ebf req-b982877a-5add-47cf-9dca-a7dc1427afab 4731050d35844e08aee3c308017e67ac 6a46fecbb3cb43dd8c62af5195c1bbe1 - - 5fab57c627834e10ab1a69078959df56 5fab57c627834e10ab1a69078959df56] Successfully bumped revision number for resource ff8b93c3-5865-4c5d-85cd-54582673da74 (type: ports) to 2
2026-08-05 22:46:36.584 9 INFO neutron.wsgi [req-60461248-8f4c-48ae-b690-1b711d6a2ebf req-b982877a-5add-47cf-9dca-a7dc1427afab 4731050d35844e08aee3c308017e67ac 6a46fecbb3cb43dd8c62af5195c1bbe1 - - 5fab57c627834e10ab1a69078959df56 5fab57c627834e10ab1a69078959df56] 199.19.213.156 "PUT /v2.0/ports/ff8b93c3-5865-4c5d-85cd-54582673da74 HTTP/1.1" status: 200 len: 1376 time: 0.9554150 /var/lib/openstack/lib/python3.10/site-packages/pycadf/identifier.py:71: UserWarning: Invalid uuid: neutron. To ensure interoperability, identifiers should be a valid uuid. warnings.warn(('Invalid uuid: %s. To ensure interoperability, '
2026-08-05 22:46:36.677 9 INFO neutron.wsgi [req-60461248-8f4c-48ae-b690-1b711d6a2ebf req-fb288e91-f2b1-4ebb-b277-fefd08162684 4731050d35844e08aee3c308017e67ac 6a46fecbb3cb43dd8c62af5195c1bbe1 - - 5fab57c627834e10ab1a69078959df56 5fab57c627834e10ab1a69078959df56] 199.19.213.156 "GET /v2.0/ports?tenant_id=d532d61a665d4ca0ab81b5af17f0f123&device_id=3aa2e7d7-594e-4218-9d5a-75542a66990e HTTP/1.1" status: 200 len: 1407 time: 0.0486822
2026-08-05 22:46:36.713 9 INFO neutron.wsgi [req-60461248-8f4c-48ae-b690-1b711d6a2ebf req-4227369e-9814-429f-a509-3ea27a552081 4731050d35844e08aee3c308017e67ac 6a46fecbb3cb43dd8c62af5195c1bbe1 - - 5fab57c627834e10ab1a69078959df56 5fab57c627834e10ab1a69078959df56] 199.19.213.156 "GET /v2.0/floatingips?fixed_ip_address=10.100.0.3&port_id=ff8b93c3-5865-4c5d-85cd-54582673da74 HTTP/1.1" status: 200 len: 217 time: 0.0277510
2026-08-05 22:46:36.756 9 INFO neutron.wsgi [req-60461248-8f4c-48ae-b690-1b711d6a2ebf req-d37560bd-c081-4a9f-9cab-79cf76c24505 4731050d35844e08aee3c308017e67ac 6a46fecbb3cb43dd8c62af5195c1bbe1 - - 5fab57c627834e10ab1a69078959df56 5fab57c627834e10ab1a69078959df56] 199.19.213.156 "GET /v2.0/subnets?id=efd5387d-da06-4e3c-8e1e-1e88a0bff781 HTTP/1.1" status: 200 len: 868 time: 0.0370390
2026-08-05 22:46:36.791 9 INFO neutron.wsgi [req-60461248-8f4c-48ae-b690-1b711d6a2ebf req-0206ee46-7100-4449-bdce-6876a91960be 4731050d35844e08aee3c308017e67ac 6a46fecbb3cb43dd8c62af5195c1bbe1 - - 5fab57c627834e10ab1a69078959df56 5fab57c627834e10ab1a69078959df56] 199.19.213.156 "GET /v2.0/ports?network_id=7124450b-c2b3-491b-9009-399c345463e1&device_owner=network%3Adhcp HTTP/1.1" status: 200 len: 210 time: 0.0280967
2026-08-05 22:46:36.855 9 INFO neutron.wsgi [req-60461248-8f4c-48ae-b690-1b711d6a2ebf req-a7150a8a-b98b-4a97-8cc1-b6ac9e97db0e 4731050d35844e08aee3c308017e67ac 6a46fecbb3cb43dd8c62af5195c1bbe1 - - 5fab57c627834e10ab1a69078959df56 5fab57c627834e10ab1a69078959df56] 199.19.213.156 "GET /v2.0/networks/7124450b-c2b3-491b-9009-399c345463e1?fields=segments HTTP/1.1" status: 200 len: 212 time: 0.0583019
2026-08-05 22:46:36.926 9 INFO neutron.wsgi [req-60461248-8f4c-48ae-b690-1b711d6a2ebf req-65be6cf3-5c0d-4858-b126-56e6be918c42 4731050d35844e08aee3c308017e67ac 6a46fecbb3cb43dd8c62af5195c1bbe1 - - 5fab57c627834e10ab1a69078959df56 5fab57c627834e10ab1a69078959df56] 199.19.213.156 "GET /v2.0/networks/7124450b-c2b3-491b-9009-399c345463e1?fields=provider%3Aphysical_network&fields=provider%3Anetwork_type HTTP/1.1" status: 200 len: 277 time: 0.0647783
2026-08-05 22:46:37.072 10 INFO neutron.wsgi [None req-99a562a3-080c-460e-a915-ac83a0f9d910 2b555fb9e9ce46b4baa62398f785ddf3 9d497c664c2d4e4d91e0b8e3cd5d56a2 - - default default] 10.0.0.126 "PUT /v2.0/routers/17f66ad1-18e2-4fe2-8940-88110770ae0d/remove_router_interface HTTP/1.1" status: 200 len: 503 time: 1.0877721
2026-08-05 22:46:37.077 9 INFO neutron.db.ovn_revision_numbers_db [None req-1722a2f7-2c02-4ae3-b8af-23b99ba9f4de 2b555fb9e9ce46b4baa62398f785ddf3 9d497c664c2d4e4d91e0b8e3cd5d56a2 - - default default] Successfully bumped revision number for resource c1c88a37-fb6f-4bb6-8d59-bd62712fd7bb (type: security_groups) to 1 /var/lib/openstack/lib/python3.10/site-packages/pycadf/identifier.py:71: UserWarning: Invalid uuid: neutron. To ensure interoperability, identifiers should be a valid uuid. warnings.warn(('Invalid uuid: %s. To ensure interoperability, '
2026-08-05 22:46:37.100 9 INFO neutron.db.ovn_revision_numbers_db [None req-1722a2f7-2c02-4ae3-b8af-23b99ba9f4de 2b555fb9e9ce46b4baa62398f785ddf3 9d497c664c2d4e4d91e0b8e3cd5d56a2 - - default default] Successfully bumped revision number for resource 64f196f4-003d-42eb-8d0c-0a425b891783 (type: security_group_rules) to 0
2026-08-05 22:46:37.104 9 INFO neutron.notifiers.nova [-] Nova event matching ['req-5c9c9943-bb44-4c20-966d-c28b6861848a'] response: {'name': 'network-changed', 'server_uuid': '3aa2e7d7-594e-4218-9d5a-75542a66990e', 'tag': 'ff8b93c3-5865-4c5d-85cd-54582673da74', 'status': 'completed', 'code': 200}
2026-08-05 22:46:37.129 9 INFO neutron.db.ovn_revision_numbers_db [None req-1722a2f7-2c02-4ae3-b8af-23b99ba9f4de 2b555fb9e9ce46b4baa62398f785ddf3 9d497c664c2d4e4d91e0b8e3cd5d56a2 - - default default] Successfully bumped revision number for resource a174061b-ddab-4255-8ac7-cfe06bd91c2e (type: security_group_rules) to 0
2026-08-05 22:46:37.160 9 INFO neutron.wsgi [req-463a3979-9e61-4e09-ac7e-2c8a373ddd65 req-8aff3781-74a9-4cde-8e44-7c6f7d002c45 4731050d35844e08aee3c308017e67ac 6a46fecbb3cb43dd8c62af5195c1bbe1 - - 5fab57c627834e10ab1a69078959df56 5fab57c627834e10ab1a69078959df56] 199.19.213.156 "GET /v2.0/ports?tenant_id=d532d61a665d4ca0ab81b5af17f0f123&device_id=3aa2e7d7-594e-4218-9d5a-75542a66990e HTTP/1.1" status: 200 len: 1407 time: 0.0408232
2026-08-05 22:46:37.161 9 INFO neutron.db.ovn_revision_numbers_db [None req-1722a2f7-2c02-4ae3-b8af-23b99ba9f4de 2b555fb9e9ce46b4baa62398f785ddf3 9d497c664c2d4e4d91e0b8e3cd5d56a2 - - default default] Successfully bumped revision number for resource a287d3d7-06c4-49ba-a72a-42dbc5d5a57c (type: security_group_rules) to 0
2026-08-05 22:46:37.181 9 INFO neutron.db.ovn_revision_numbers_db [None req-1722a2f7-2c02-4ae3-b8af-23b99ba9f4de 2b555fb9e9ce46b4baa62398f785ddf3 9d497c664c2d4e4d91e0b8e3cd5d56a2 - - default default] Successfully bumped revision number for resource b456a781-40a7-495c-809f-c253e9866260 (type: security_group_rules) to 0
2026-08-05 22:46:37.233 9 INFO neutron.wsgi [None req-1722a2f7-2c02-4ae3-b8af-23b99ba9f4de 2b555fb9e9ce46b4baa62398f785ddf3 9d497c664c2d4e4d91e0b8e3cd5d56a2 - - default default] 10.0.0.126 "GET /v2.0/security-groups?tenant_id=ab98cb0f3a3d4a748cf59b4f316eedd5&name=default HTTP/1.1" status: 200 len: 2996 time: 0.3975554
2026-08-05 22:46:37.306 9 INFO neutron.wsgi [req-463a3979-9e61-4e09-ac7e-2c8a373ddd65 req-dc250b07-261f-4518-a1a4-cee022577410 4731050d35844e08aee3c308017e67ac 6a46fecbb3cb43dd8c62af5195c1bbe1 - - 5fab57c627834e10ab1a69078959df56 5fab57c627834e10ab1a69078959df56] 199.19.213.156 "GET /v2.0/networks?id=7124450b-c2b3-491b-9009-399c345463e1 HTTP/1.1" status: 200 len: 973 time: 0.1401482
2026-08-05 22:46:37.352 9 INFO neutron.wsgi [req-463a3979-9e61-4e09-ac7e-2c8a373ddd65 req-2195970a-026e-489c-9d36-ac2dbc002009 4731050d35844e08aee3c308017e67ac 6a46fecbb3cb43dd8c62af5195c1bbe1 - - 5fab57c627834e10ab1a69078959df56 5fab57c627834e10ab1a69078959df56] 199.19.213.156 "GET /v2.0/floatingips?fixed_ip_address=10.100.0.3&port_id=ff8b93c3-5865-4c5d-85cd-54582673da74 HTTP/1.1" status: 200 len: 217 time: 0.0382199
2026-08-05 22:46:37.403 9 INFO neutron.wsgi [req-e295a225-6ef5-4f2a-8409-1ac33fea7539 req-203f39f9-1f64-4652-a1fb-6f37379321ef 92f316005e2b4a4c91dbc91fc8bacc0a d532d61a665d4ca0ab81b5af17f0f123 - - default default] 10.0.0.28 "GET /v2.0/ports?device_id=3aa2e7d7-594e-4218-9d5a-75542a66990e HTTP/1.1" status: 200 len: 1168 time: 0.1568899
2026-08-05 22:46:37.412 9 INFO neutron.wsgi [req-463a3979-9e61-4e09-ac7e-2c8a373ddd65 req-d802318f-47e4-4502-8770-b0536a13b559 4731050d35844e08aee3c308017e67ac 6a46fecbb3cb43dd8c62af5195c1bbe1 - - 5fab57c627834e10ab1a69078959df56 5fab57c627834e10ab1a69078959df56] 199.19.213.156 "GET /v2.0/subnets?id=efd5387d-da06-4e3c-8e1e-1e88a0bff781 HTTP/1.1" status: 200 len: 868 time: 0.0446780
2026-08-05 22:46:37.452 9 INFO neutron.wsgi [req-463a3979-9e61-4e09-ac7e-2c8a373ddd65 req-58ec1c7a-0b06-45ec-9189-8e2aa034e813 4731050d35844e08aee3c308017e67ac 6a46fecbb3cb43dd8c62af5195c1bbe1 - - 5fab57c627834e10ab1a69078959df56 5fab57c627834e10ab1a69078959df56] 199.19.213.156 "GET /v2.0/ports?network_id=7124450b-c2b3-491b-9009-399c345463e1&device_owner=network%3Adhcp HTTP/1.1" status: 200 len: 210 time: 0.0309482
2026-08-05 22:46:37.485 9 INFO neutron.wsgi [req-e295a225-6ef5-4f2a-8409-1ac33fea7539 req-b417cecc-66c9-4f6c-a155-809bd11a2809 92f316005e2b4a4c91dbc91fc8bacc0a d532d61a665d4ca0ab81b5af17f0f123 - - default default] 10.0.0.28 "GET /v2.0/security-groups?id=959f53aa-aa41-44ab-b0d7-371533231fd4&fields=id&fields=name HTTP/1.1" status: 200 len: 312 time: 0.0723181
2026-08-05 22:46:37.539 9 INFO neutron.wsgi [req-463a3979-9e61-4e09-ac7e-2c8a373ddd65 req-078d632b-cf3b-4906-80f5-831d2b4dad73 4731050d35844e08aee3c308017e67ac 6a46fecbb3cb43dd8c62af5195c1bbe1 - - 5fab57c627834e10ab1a69078959df56 5fab57c627834e10ab1a69078959df56] 199.19.213.156 "GET /v2.0/networks/7124450b-c2b3-491b-9009-399c345463e1?fields=segments HTTP/1.1" status: 200 len: 212 time: 0.0779998
2026-08-05 22:46:37.653 10 INFO neutron.wsgi [None req-12313970-292c-4c29-8c79-e655fb72d76d 2b555fb9e9ce46b4baa62398f785ddf3 9d497c664c2d4e4d91e0b8e3cd5d56a2 - - default default] 10.0.0.126 "DELETE /v2.0/routers/17f66ad1-18e2-4fe2-8940-88110770ae0d HTTP/1.1" status: 204 len: 168 time: 0.5735524
2026-08-05 22:46:37.778 9 INFO neutron.wsgi [None req-e4ff509a-f655-4e22-bf95-c1341e8cbbba 2b555fb9e9ce46b4baa62398f785ddf3 9d497c664c2d4e4d91e0b8e3cd5d56a2 - - default default] 10.0.0.126 "DELETE /v2.0/security-groups/c1c88a37-fb6f-4bb6-8d59-bd62712fd7bb HTTP/1.1" status: 204 len: 168 time: 0.5398297
2026-08-05 22:46:37.781 9 INFO neutron.wsgi [req-463a3979-9e61-4e09-ac7e-2c8a373ddd65 req-9f0323aa-930e-4b6d-8644-abec55c99f9b 4731050d35844e08aee3c308017e67ac 6a46fecbb3cb43dd8c62af5195c1bbe1 - - 5fab57c627834e10ab1a69078959df56 5fab57c627834e10ab1a69078959df56] 199.19.213.156 "GET /v2.0/networks/7124450b-c2b3-491b-9009-399c345463e1?fields=provider%3Aphysical_network&fields=provider%3Anetwork_type HTTP/1.1" status: 200 len: 277 time: 0.2125218
2026-08-05 22:46:37.794 10 INFO neutron.wsgi [None req-8d6d9a89-acec-4d65-ba19-b27e28d3f55c 2b555fb9e9ce46b4baa62398f785ddf3 9d497c664c2d4e4d91e0b8e3cd5d56a2 - - default default] 10.0.0.126 "DELETE /v2.0/subnets/4d196067-5931-443f-9f48-1615fb8cb8f5 HTTP/1.1" status: 204 len: 168 time: 0.1352799
2026-08-05 22:46:38.054 9 INFO neutron.db.ovn_revision_numbers_db [None req-e7bbbb2e-1dab-4476-acdf-091e201fbca5 2b555fb9e9ce46b4baa62398f785ddf3 9d497c664c2d4e4d91e0b8e3cd5d56a2 - - default default] Successfully bumped revision number for resource 20da54ae-d9fc-4d23-8053-eb3a0132aa94 (type: security_groups) to 1
2026-08-05 22:46:38.084 9 INFO neutron.db.ovn_revision_numbers_db [None req-e7bbbb2e-1dab-4476-acdf-091e201fbca5 2b555fb9e9ce46b4baa62398f785ddf3 9d497c664c2d4e4d91e0b8e3cd5d56a2 - - default default] Successfully bumped revision number for resource 65f2a655-844f-4345-a216-a5dce505cac3 (type: security_group_rules) to 0
2026-08-05 22:46:38.100 9 INFO neutron.db.ovn_revision_numbers_db [None req-e7bbbb2e-1dab-4476-acdf-091e201fbca5 2b555fb9e9ce46b4baa62398f785ddf3 9d497c664c2d4e4d91e0b8e3cd5d56a2 - - default default] Successfully bumped revision number for resource 7f01003e-c1eb-46e3-85a0-506b44681b39 (type: security_group_rules) to 0
2026-08-05 22:46:38.118 9 INFO neutron.db.ovn_revision_numbers_db [None req-e7bbbb2e-1dab-4476-acdf-091e201fbca5 2b555fb9e9ce46b4baa62398f785ddf3 9d497c664c2d4e4d91e0b8e3cd5d56a2 - - default default] Successfully bumped revision number for resource 82746dba-21c6-4486-b751-b30a365c4c07 (type: security_group_rules) to 0
2026-08-05 22:46:38.138 9 INFO neutron.db.ovn_revision_numbers_db [None req-e7bbbb2e-1dab-4476-acdf-091e201fbca5 2b555fb9e9ce46b4baa62398f785ddf3 9d497c664c2d4e4d91e0b8e3cd5d56a2 - - default default] Successfully bumped revision number for resource 9483427e-df87-499e-8355-ae0d420fd98f (type: security_group_rules) to 0
2026-08-05 22:46:38.171 9 INFO neutron.wsgi [None req-e7bbbb2e-1dab-4476-acdf-091e201fbca5 2b555fb9e9ce46b4baa62398f785ddf3 9d497c664c2d4e4d91e0b8e3cd5d56a2 - - default default] 10.0.0.126 "GET /v2.0/security-groups?tenant_id=dadc2f20e70e4239a7926471572e7db1&name=default HTTP/1.1" status: 200 len: 2996 time: 0.2333052
2026-08-05 22:46:38.210 10 INFO neutron.wsgi [None req-0c33ca5e-b5d7-4aba-912e-0264ad299ffc 2b555fb9e9ce46b4baa62398f785ddf3 9d497c664c2d4e4d91e0b8e3cd5d56a2 - - default default] 10.0.0.126 "DELETE /v2.0/networks/ff656a65-4630-4935-9971-288b7d7dc827 HTTP/1.1" status: 204 len: 168 time: 0.4115031
2026-08-05 22:46:38.410 10 INFO neutron.wsgi [None req-682c3f49-c291-4778-951e-f778326f0531 2b555fb9e9ce46b4baa62398f785ddf3 9d497c664c2d4e4d91e0b8e3cd5d56a2 - - default default] 10.0.0.126 "GET /v2.0/security-groups?tenant_id=956da92f44fb4f1ca04524f1163c020f&name=default HTTP/1.1" status: 200 len: 2992 time: 0.0569944
2026-08-05 22:46:38.419 9 INFO neutron.wsgi [None req-534ab6d3-22cf-4e14-ae95-b58e30b5f085 2b555fb9e9ce46b4baa62398f785ddf3 9d497c664c2d4e4d91e0b8e3cd5d56a2 - - default default] 10.0.0.126 "DELETE /v2.0/security-groups/20da54ae-d9fc-4d23-8053-eb3a0132aa94 HTTP/1.1" status: 204 len: 168 time: 0.2426846
2026-08-05 22:46:38.658 10 INFO neutron.wsgi [None req-073efb18-7c32-48e3-a597-f16b45e4946a 2b555fb9e9ce46b4baa62398f785ddf3 9d497c664c2d4e4d91e0b8e3cd5d56a2 - - default default] 10.0.0.126 "DELETE /v2.0/security-groups/65e1ae84-6537-4231-976c-bc5b3afeffcd HTTP/1.1" status: 204 len: 168 time: 0.2441556
2026-08-05 22:46:38.675 10 INFO neutron.wsgi [req-0b6784c5-f399-44d6-a13d-fd6158fc085d req-54757692-78a3-4536-9534-8a73c922f521 92f316005e2b4a4c91dbc91fc8bacc0a d532d61a665d4ca0ab81b5af17f0f123 - - default default] 10.0.0.28 "GET /v2.0/ports?device_id=3aa2e7d7-594e-4218-9d5a-75542a66990e HTTP/1.1" status: 200 len: 1168 time: 0.1151288
2026-08-05 22:46:38.719 10 INFO neutron.wsgi [req-0b6784c5-f399-44d6-a13d-fd6158fc085d req-d776122f-6d0e-4bfc-bc5a-2ab7fb5d9600 92f316005e2b4a4c91dbc91fc8bacc0a d532d61a665d4ca0ab81b5af17f0f123 - - default default] 10.0.0.28 "GET /v2.0/security-groups?id=959f53aa-aa41-44ab-b0d7-371533231fd4&fields=id&fields=name HTTP/1.1" status: 200 len: 312 time: 0.0393023
2026-08-05 22:46:38.792 10 INFO neutron.services.segments.plugin [-] Segment 25ebb365-c03e-4eee-87af-212eb68d9728 resource provider aggregate not found
2026-08-05 22:46:38.815 10 INFO neutron.services.segments.plugin [-] Segment 25ebb365-c03e-4eee-87af-212eb68d9728 resource provider not found; error: Placement Client Error (4xx): {"errors": [{"status": 404, "title": "Not Found", "detail": "The resource could not be found.\n\n No resource provider with uuid 25ebb365-c03e-4eee-87af-212eb68d9728 found for delete ", "request_id": "req-f864cab7-a574-4645-82a1-c8a6d561249a"}]}
2026-08-05 22:46:38.816 10 INFO neutron.services.segments.plugin [-] Segment 25ebb365-c03e-4eee-87af-212eb68d9728 resource provider aggregate not found
2026-08-05 22:46:38.831 10 INFO neutron.services.segments.plugin [-] Segment 25ebb365-c03e-4eee-87af-212eb68d9728 resource provider not found; error: Placement Client Error (4xx): {"errors": [{"status": 404, "title": "Not Found", "detail": "The resource could not be found.\n\n No resource provider with uuid 25ebb365-c03e-4eee-87af-212eb68d9728 found for delete ", "request_id": "req-b9e0c612-7f32-46d1-bdfb-08ec2e79b08a"}]}
2026-08-05 22:46:39.825 9 INFO neutron.wsgi [req-f6ebd869-5b41-4ac1-90ac-2d0222f6112d req-4362915f-f6a3-4d1f-898f-2034c1b5c803 92f316005e2b4a4c91dbc91fc8bacc0a d532d61a665d4ca0ab81b5af17f0f123 - - default default] 10.0.0.28 "GET /v2.0/ports?device_id=3aa2e7d7-594e-4218-9d5a-75542a66990e HTTP/1.1" status: 200 len: 1168 time: 0.0409024
2026-08-05 22:46:39.870 9 INFO neutron.wsgi [req-f6ebd869-5b41-4ac1-90ac-2d0222f6112d req-aca12e9d-5a4b-4352-9075-c8df3330dfbc 92f316005e2b4a4c91dbc91fc8bacc0a d532d61a665d4ca0ab81b5af17f0f123 - - default default] 10.0.0.28 "GET /v2.0/security-groups?id=959f53aa-aa41-44ab-b0d7-371533231fd4&fields=id&fields=name HTTP/1.1" status: 200 len: 312 time: 0.0360463
2026-08-05 22:46:40.104 10 INFO neutron.plugins.ml2.drivers.ovn.mech_driver.mech_driver [None req-e99fcf17-9e22-485e-ab5f-08d15ed9cbf3 - - - - - -] OVN reports status up for port: ff8b93c3-5865-4c5d-85cd-54582673da74
2026-08-05 22:46:40.119 10 INFO neutron.plugins.ml2.plugin [None req-e99fcf17-9e22-485e-ab5f-08d15ed9cbf3 - - - - - -] Attempt 1 to provision port ff8b93c3-5865-4c5d-85cd-54582673da74
2026-08-05 22:46:40.152 9 WARNING neutron.plugins.ml2.drivers.ovn.mech_driver.ovsdb.ovn_client [None req-1e1984d3-38a8-420e-a40a-ce93f14db32e - - - - - -] No port found with ID b4d7ab6b-4753-40fa-9d20-350d4dde05b5: RuntimeError: No port found with ID b4d7ab6b-4753-40fa-9d20-350d4dde05b5
2026-08-05 22:46:40.454 10 INFO neutron.db.ovn_revision_numbers_db [None req-e99fcf17-9e22-485e-ab5f-08d15ed9cbf3 - - - - - -] Successfully bumped revision number for resource ff8b93c3-5865-4c5d-85cd-54582673da74 (type: ports) to 4
2026-08-05 22:46:40.715 10 INFO neutron.notifiers.nova [-] Nova event matching ['req-bc539565-077e-429a-978f-8e3f77110549'] response: {'server_uuid': '3aa2e7d7-594e-4218-9d5a-75542a66990e', 'name': 'network-vif-plugged', 'status': 'completed', 'tag': 'ff8b93c3-5865-4c5d-85cd-54582673da74', 'code': 200} /var/lib/openstack/lib/python3.10/site-packages/pycadf/identifier.py:71: UserWarning: Invalid uuid: neutron. To ensure interoperability, identifiers should be a valid uuid. warnings.warn(('Invalid uuid: %s. To ensure interoperability, '
2026-08-05 22:46:40.870 10 INFO neutron.db.ovn_revision_numbers_db [None req-bdef0b1b-bb03-472b-9b04-84e65dc55a4e 2b555fb9e9ce46b4baa62398f785ddf3 9d497c664c2d4e4d91e0b8e3cd5d56a2 - - default default] Successfully bumped revision number for resource 1b7603bb-b867-42fb-8bfe-20f6708d1c04 (type: security_groups) to 1
2026-08-05 22:46:40.879 9 INFO neutron.db.ovn_revision_numbers_db [None req-c1556872-df44-4259-8f6b-a26169258b31 2b555fb9e9ce46b4baa62398f785ddf3 9d497c664c2d4e4d91e0b8e3cd5d56a2 - - default default] Successfully bumped revision number for resource b8b2cadc-6b56-408b-8bb3-9e1627a9d95f (type: security_groups) to 1
2026-08-05 22:46:40.887 10 INFO neutron.db.ovn_revision_numbers_db [None req-bdef0b1b-bb03-472b-9b04-84e65dc55a4e 2b555fb9e9ce46b4baa62398f785ddf3 9d497c664c2d4e4d91e0b8e3cd5d56a2 - - default default] Successfully bumped revision number for resource 1fc15035-7f26-4261-94b7-e0dc361e22ec (type: security_group_rules) to 0
2026-08-05 22:46:40.899 9 INFO neutron.db.ovn_revision_numbers_db [None req-c1556872-df44-4259-8f6b-a26169258b31 2b555fb9e9ce46b4baa62398f785ddf3 9d497c664c2d4e4d91e0b8e3cd5d56a2 - - default default] Successfully bumped revision number for resource 2fb42a7c-5d5d-4809-a784-abfb1b35c918 (type: security_group_rules) to 0
2026-08-05 22:46:40.902 10 INFO neutron.db.ovn_revision_numbers_db [None req-bdef0b1b-bb03-472b-9b04-84e65dc55a4e 2b555fb9e9ce46b4baa62398f785ddf3 9d497c664c2d4e4d91e0b8e3cd5d56a2 - - default default] Successfully bumped revision number for resource 2d615b8d-0a8e-4abe-997a-3f76376dcffc (type: security_group_rules) to 0
2026-08-05 22:46:40.923 10 INFO neutron.db.ovn_revision_numbers_db [None req-bdef0b1b-bb03-472b-9b04-84e65dc55a4e 2b555fb9e9ce46b4baa62398f785ddf3 9d497c664c2d4e4d91e0b8e3cd5d56a2 - - default default] Successfully bumped revision number for resource cdd4418a-1680-4aea-9a10-3a6222522226 (type: security_group_rules) to 0
2026-08-05 22:46:40.928 9 INFO neutron.db.ovn_revision_numbers_db [None req-c1556872-df44-4259-8f6b-a26169258b31 2b555fb9e9ce46b4baa62398f785ddf3 9d497c664c2d4e4d91e0b8e3cd5d56a2 - - default default] Successfully bumped revision number for resource 764dd0e2-f619-47bd-9878-1e2ae576fa27 (type: security_group_rules) to 0
2026-08-05 22:46:40.946 10 INFO neutron.db.ovn_revision_numbers_db [None req-bdef0b1b-bb03-472b-9b04-84e65dc55a4e 2b555fb9e9ce46b4baa62398f785ddf3 9d497c664c2d4e4d91e0b8e3cd5d56a2 - - default default] Successfully bumped revision number for resource f2924899-2719-471f-8711-4b01e4ea30f3 (type: security_group_rules) to 0
2026-08-05 22:46:40.948 9 INFO neutron.db.ovn_revision_numbers_db [None req-c1556872-df44-4259-8f6b-a26169258b31 2b555fb9e9ce46b4baa62398f785ddf3 9d497c664c2d4e4d91e0b8e3cd5d56a2 - - default default] Successfully bumped revision number for resource 77c79cbc-d112-4544-8062-198243551a65 (type: security_group_rules) to 0
2026-08-05 22:46:40.974 10 INFO neutron.wsgi [None req-bdef0b1b-bb03-472b-9b04-84e65dc55a4e 2b555fb9e9ce46b4baa62398f785ddf3 9d497c664c2d4e4d91e0b8e3cd5d56a2 - - default default] 10.0.0.126 "GET /v2.0/security-groups?tenant_id=80f9a05a6c4244089725a21f2b53b0cb&name=default HTTP/1.1" status: 200 len: 2996 time: 0.2575879
2026-08-05 22:46:40.976 9 INFO neutron.wsgi [req-eca7c7e7-8712-4158-a083-c90e1456b9d4 req-552c1aec-adc6-4f9e-b1ca-2b50aa3f950f 92f316005e2b4a4c91dbc91fc8bacc0a d532d61a665d4ca0ab81b5af17f0f123 - - default default] 10.0.0.28 "GET /v2.0/ports?device_id=3aa2e7d7-594e-4218-9d5a-75542a66990e HTTP/1.1" status: 200 len: 1170 time: 0.0348103
2026-08-05 22:46:40.976 9 INFO neutron.db.ovn_revision_numbers_db [None req-c1556872-df44-4259-8f6b-a26169258b31 2b555fb9e9ce46b4baa62398f785ddf3 9d497c664c2d4e4d91e0b8e3cd5d56a2 - - default default] Successfully bumped revision number for resource b4f949d3-e932-416a-8eb4-edbc3b58afb1 (type: security_group_rules) to 0
2026-08-05 22:46:41.025 9 INFO neutron.wsgi [req-eca7c7e7-8712-4158-a083-c90e1456b9d4 req-c073cdef-67e3-4712-9116-6394ae1eb025 92f316005e2b4a4c91dbc91fc8bacc0a d532d61a665d4ca0ab81b5af17f0f123 - - default default] 10.0.0.28 "GET /v2.0/security-groups?id=959f53aa-aa41-44ab-b0d7-371533231fd4&fields=id&fields=name HTTP/1.1" status: 200 len: 312 time: 0.0392771
2026-08-05 22:46:41.037 9 INFO neutron.db.segments_db [None req-c1556872-df44-4259-8f6b-a26169258b31 2b555fb9e9ce46b4baa62398f785ddf3 9d497c664c2d4e4d91e0b8e3cd5d56a2 - - default default] Added segment 4e5e0b28-fe03-4c4d-bd35-e8184d779d98 of type geneve for network 45b2ea71-0478-44a0-8b58-1f9b6873e372
2026-08-05 22:46:41.172 10 INFO neutron.wsgi [None req-721ac8b3-9842-49a9-bc2e-6752ffb9b40c 2b555fb9e9ce46b4baa62398f785ddf3 9d497c664c2d4e4d91e0b8e3cd5d56a2 - - default default] 10.0.0.126 "DELETE /v2.0/security-groups/1b7603bb-b867-42fb-8bfe-20f6708d1c04 HTTP/1.1" status: 204 len: 168 time: 0.1915326
2026-08-05 22:46:41.185 9 INFO neutron.db.ovn_revision_numbers_db [None req-c1556872-df44-4259-8f6b-a26169258b31 2b555fb9e9ce46b4baa62398f785ddf3 9d497c664c2d4e4d91e0b8e3cd5d56a2 - - default default] Successfully bumped revision number for resource 45b2ea71-0478-44a0-8b58-1f9b6873e372 (type: networks) to 1
2026-08-05 22:46:41.410 9 WARNING neutron.scheduler.dhcp_agent_scheduler [None req-c1556872-df44-4259-8f6b-a26169258b31 2b555fb9e9ce46b4baa62398f785ddf3 9d497c664c2d4e4d91e0b8e3cd5d56a2 - - default default] No more DHCP agents
2026-08-05 22:46:41.413 9 WARNING neutron.api.rpc.agentnotifiers.dhcp_rpc_agent_api [None req-c1556872-df44-4259-8f6b-a26169258b31 2b555fb9e9ce46b4baa62398f785ddf3 9d497c664c2d4e4d91e0b8e3cd5d56a2 - - default default] Unable to schedule network 45b2ea71-0478-44a0-8b58-1f9b6873e372: no agents available; will retry on subsequent port and subnet creation events.
2026-08-05 22:46:41.497 9 INFO neutron.db.ovn_revision_numbers_db [None req-c1556872-df44-4259-8f6b-a26169258b31 2b555fb9e9ce46b4baa62398f785ddf3 9d497c664c2d4e4d91e0b8e3cd5d56a2 - - default default] Successfully bumped revision number for resource ee6325c8-9d60-4d78-a03c-4183d457538d (type: ports) to 1
2026-08-05 22:46:41.525 9 INFO neutron.wsgi [None req-c1556872-df44-4259-8f6b-a26169258b31 2b555fb9e9ce46b4baa62398f785ddf3 9d497c664c2d4e4d91e0b8e3cd5d56a2 - - default default] 10.0.0.126 "POST /v2.0/networks HTTP/1.1" status: 201 len: 952 time: 0.9044747
2026-08-05 22:46:41.542 9 INFO neutron.db.ovn_revision_numbers_db [None req-6ca0040c-60a0-499d-b40b-0eefa3fb156e 2b555fb9e9ce46b4baa62398f785ddf3 9d497c664c2d4e4d91e0b8e3cd5d56a2 - - default default] Successfully bumped revision number for resource a16049be-ed00-4da5-bf11-5333150e2cf7 (type: security_groups) to 1
2026-08-05 22:46:41.555 9 INFO neutron.db.ovn_revision_numbers_db [None req-6ca0040c-60a0-499d-b40b-0eefa3fb156e 2b555fb9e9ce46b4baa62398f785ddf3 9d497c664c2d4e4d91e0b8e3cd5d56a2 - - default default] Successfully bumped revision number for resource 0be7d85a-01d8-4876-a1a2-8a83a0fad557 (type: security_group_rules) to 0
2026-08-05 22:46:41.576 9 INFO neutron.db.ovn_revision_numbers_db [None req-6ca0040c-60a0-499d-b40b-0eefa3fb156e 2b555fb9e9ce46b4baa62398f785ddf3 9d497c664c2d4e4d91e0b8e3cd5d56a2 - - default default] Successfully bumped revision number for resource 51b262f6-0aff-45b5-a3ab-1870fa9946ca (type: security_group_rules) to 0
2026-08-05 22:46:41.591 9 INFO neutron.db.ovn_revision_numbers_db [None req-6ca0040c-60a0-499d-b40b-0eefa3fb156e 2b555fb9e9ce46b4baa62398f785ddf3 9d497c664c2d4e4d91e0b8e3cd5d56a2 - - default default] Successfully bumped revision number for resource a09e4168-3770-4599-83d3-7517e77dbf6a (type: security_group_rules) to 0
2026-08-05 22:46:41.604 9 INFO neutron.db.ovn_revision_numbers_db [None req-6ca0040c-60a0-499d-b40b-0eefa3fb156e 2b555fb9e9ce46b4baa62398f785ddf3 9d497c664c2d4e4d91e0b8e3cd5d56a2 - - default default] Successfully bumped revision number for resource e09b1867-4a78-429a-960c-65690efc4fec (type: security_group_rules) to 0
2026-08-05 22:46:41.627 9 INFO neutron.wsgi [None req-6ca0040c-60a0-499d-b40b-0eefa3fb156e 2b555fb9e9ce46b4baa62398f785ddf3 9d497c664c2d4e4d91e0b8e3cd5d56a2 - - default default] 10.0.0.126 "GET /v2.0/security-groups?tenant_id=ba6e3f1cfcbe4a1d89b1a98b716c0b92&name=default HTTP/1.1" status: 200 len: 2996 time: 0.2130818
2026-08-05 22:46:41.695 10 WARNING neutron.scheduler.dhcp_agent_scheduler [None req-9ca08087-377e-44f7-aa58-fe90fc63d798 2b555fb9e9ce46b4baa62398f785ddf3 9d497c664c2d4e4d91e0b8e3cd5d56a2 - - default default] No more DHCP agents
2026-08-05 22:46:41.696 10 WARNING neutron.api.rpc.agentnotifiers.dhcp_rpc_agent_api [None req-9ca08087-377e-44f7-aa58-fe90fc63d798 2b555fb9e9ce46b4baa62398f785ddf3 9d497c664c2d4e4d91e0b8e3cd5d56a2 - - default default] Unable to schedule network 45b2ea71-0478-44a0-8b58-1f9b6873e372: no agents available; will retry on subsequent port and subnet creation events.
2026-08-05 22:46:41.871 9 INFO neutron.wsgi [None req-f76f9ec1-cf85-4472-ab62-9ef051b06dfa 2b555fb9e9ce46b4baa62398f785ddf3 9d497c664c2d4e4d91e0b8e3cd5d56a2 - - default default] 10.0.0.126 "DELETE /v2.0/security-groups/a16049be-ed00-4da5-bf11-5333150e2cf7 HTTP/1.1" status: 204 len: 168 time: 0.2311108
2026-08-05 22:46:42.158 10 INFO neutron.wsgi [req-d177ee2a-3aa4-40db-9fe9-ca4c63ee2316 req-950c2b73-7435-48c5-926a-c4b80f5aab63 92f316005e2b4a4c91dbc91fc8bacc0a d532d61a665d4ca0ab81b5af17f0f123 - - default default] 10.0.0.28 "GET /v2.0/ports?device_id=3aa2e7d7-594e-4218-9d5a-75542a66990e HTTP/1.1" status: 200 len: 1170 time: 0.0536950
2026-08-05 22:46:42.263 10 INFO neutron.wsgi [req-d177ee2a-3aa4-40db-9fe9-ca4c63ee2316 req-4960a496-10e1-4e5f-999b-bc3ea066bda4 92f316005e2b4a4c91dbc91fc8bacc0a d532d61a665d4ca0ab81b5af17f0f123 - - default default] 10.0.0.28 "GET /v2.0/security-groups?id=959f53aa-aa41-44ab-b0d7-371533231fd4&fields=id&fields=name HTTP/1.1" status: 200 len: 312 time: 0.0970860
2026-08-05 22:46:42.465 10 INFO neutron.db.ovn_revision_numbers_db [None req-9ca08087-377e-44f7-aa58-fe90fc63d798 2b555fb9e9ce46b4baa62398f785ddf3 9d497c664c2d4e4d91e0b8e3cd5d56a2 - - default default] Successfully bumped revision number for resource ee6325c8-9d60-4d78-a03c-4183d457538d (type: ports) to 2
2026-08-05 22:46:42.511 10 INFO neutron.db.ovn_revision_numbers_db [None req-9ca08087-377e-44f7-aa58-fe90fc63d798 2b555fb9e9ce46b4baa62398f785ddf3 9d497c664c2d4e4d91e0b8e3cd5d56a2 - - default default] Successfully bumped revision number for resource 0a0cd6a8-ab68-4a84-ad87-ef403b59a24d (type: subnets) to 0
2026-08-05 22:46:42.534 10 INFO neutron.wsgi [None req-9ca08087-377e-44f7-aa58-fe90fc63d798 2b555fb9e9ce46b4baa62398f785ddf3 9d497c664c2d4e4d91e0b8e3cd5d56a2 - - default default] 10.0.0.126 "POST /v2.0/subnets HTTP/1.1" status: 201 len: 873 time: 1.0048063
2026-08-05 22:46:42.797 10 INFO neutron.notifiers.nova [-] Nova event matching ['req-4cd3b059-e9d9-4318-8fd9-30d8edf025a9'] response: {'server_uuid': '3aa2e7d7-594e-4218-9d5a-75542a66990e', 'name': 'network-vif-plugged', 'status': 'completed', 'tag': 'ff8b93c3-5865-4c5d-85cd-54582673da74', 'code': 200}
2026-08-05 22:46:43.066 10 WARNING neutron.scheduler.dhcp_agent_scheduler [None req-ff40dbd2-65e0-4122-b844-70f3095f98df 2b555fb9e9ce46b4baa62398f785ddf3 9d497c664c2d4e4d91e0b8e3cd5d56a2 - - default default] No more DHCP agents
2026-08-05 22:46:43.069 10 WARNING neutron.api.rpc.agentnotifiers.dhcp_rpc_agent_api [None req-ff40dbd2-65e0-4122-b844-70f3095f98df 2b555fb9e9ce46b4baa62398f785ddf3 9d497c664c2d4e4d91e0b8e3cd5d56a2 - - default default] Unable to schedule network ade734e4-3124-4f73-9260-649585f3df2a: no agents available; will retry on subsequent port and subnet creation events.
2026-08-05 22:46:43.259 10 INFO neutron.db.ovn_revision_numbers_db [None req-ff40dbd2-65e0-4122-b844-70f3095f98df 2b555fb9e9ce46b4baa62398f785ddf3 9d497c664c2d4e4d91e0b8e3cd5d56a2 - - default default] Successfully bumped revision number for resource 6fd9752b-6e42-4a00-94c4-f9a7cee8f7ac (type: ports) to 1
2026-08-05 22:46:43.411 10 INFO neutron.wsgi [req-759976d3-73bb-47ae-ab6d-93f34bceaa08 req-69055cdd-d498-4261-bbb8-4001a835bcb1 92f316005e2b4a4c91dbc91fc8bacc0a d532d61a665d4ca0ab81b5af17f0f123 - - default default] 10.0.0.28 "GET /v2.0/ports?device_id=3aa2e7d7-594e-4218-9d5a-75542a66990e HTTP/1.1" status: 200 len: 1170 time: 0.0566604
2026-08-05 22:46:43.467 10 INFO neutron.wsgi [req-759976d3-73bb-47ae-ab6d-93f34bceaa08 req-df6ef526-6af3-49aa-87eb-ff8872ae7210 92f316005e2b4a4c91dbc91fc8bacc0a d532d61a665d4ca0ab81b5af17f0f123 - - default default] 10.0.0.28 "GET /v2.0/security-groups?id=959f53aa-aa41-44ab-b0d7-371533231fd4&fields=id&fields=name HTTP/1.1" status: 200 len: 312 time: 0.0491719
2026-08-05 22:46:43.657 9 INFO neutron.wsgi [req-a5bb985c-646c-4abb-a11b-7e3916484c6b req-b8a72e3d-91e6-462c-81d6-414b57e2a9a3 92f316005e2b4a4c91dbc91fc8bacc0a d532d61a665d4ca0ab81b5af17f0f123 - - default default] 10.0.0.28 "GET /v2.0/ports?device_id=3aa2e7d7-594e-4218-9d5a-75542a66990e HTTP/1.1" status: 200 len: 1170 time: 0.0882263
2026-08-05 22:46:43.894 10 INFO neutron.plugins.ml2.drivers.ovn.mech_driver.mech_driver [None req-e99fcf17-9e22-485e-ab5f-08d15ed9cbf3 - - - - - -] OVN reports status up for port: 6fd9752b-6e42-4a00-94c4-f9a7cee8f7ac
2026-08-05 22:46:43.914 10 INFO neutron.plugins.ml2.drivers.ovn.mech_driver.ovsdb.ovsdb_monitor [-] Router 48093fc8-31eb-44de-aad8-4e73cae7a19b is bound to host instance
2026-08-05 22:46:44.043 9 INFO neutron.db.l3_db [None req-9cf0a2ed-ba05-4d7d-ad07-a444f4668b01 92f316005e2b4a4c91dbc91fc8bacc0a d532d61a665d4ca0ab81b5af17f0f123 - - default default] Floating IP 5221b4ca-dfe7-4b8f-b2a2-0f8e2d25cb10 associated. External IP: 10.96.250.209, port: ff8b93c3-5865-4c5d-85cd-54582673da74.
2026-08-05 22:46:44.139 10 INFO neutron.plugins.ml2.plugin [None req-e99fcf17-9e22-485e-ab5f-08d15ed9cbf3 - - - - - -] Attempt 1 to provision port 6fd9752b-6e42-4a00-94c4-f9a7cee8f7ac
2026-08-05 22:46:44.183 10 INFO neutron.db.ovn_revision_numbers_db [None req-ff40dbd2-65e0-4122-b844-70f3095f98df 2b555fb9e9ce46b4baa62398f785ddf3 9d497c664c2d4e4d91e0b8e3cd5d56a2 - - default default] Successfully bumped revision number for resource 6fd9752b-6e42-4a00-94c4-f9a7cee8f7ac (type: router_ports) to 1
2026-08-05 22:46:44.318 9 INFO neutron.db.ovn_revision_numbers_db [None req-9cf0a2ed-ba05-4d7d-ad07-a444f4668b01 92f316005e2b4a4c91dbc91fc8bacc0a d532d61a665d4ca0ab81b5af17f0f123 - - default default] Successfully bumped revision number for resource 5221b4ca-dfe7-4b8f-b2a2-0f8e2d25cb10 (type: floatingips) to 1
2026-08-05 22:46:44.329 10 INFO neutron.db.ovn_revision_numbers_db [None req-ff40dbd2-65e0-4122-b844-70f3095f98df 2b555fb9e9ce46b4baa62398f785ddf3 9d497c664c2d4e4d91e0b8e3cd5d56a2 - - default default] Successfully bumped revision number for resource 48093fc8-31eb-44de-aad8-4e73cae7a19b (type: routers) to 2
2026-08-05 22:46:44.357 10 INFO neutron.wsgi [None req-ff40dbd2-65e0-4122-b844-70f3095f98df 2b555fb9e9ce46b4baa62398f785ddf3 9d497c664c2d4e4d91e0b8e3cd5d56a2 - - default default] 10.0.0.126 "POST /v2.0/routers HTTP/1.1" status: 201 len: 884 time: 1.8138921
2026-08-05 22:46:44.591 9 INFO neutron.db.ovn_revision_numbers_db [None req-9cf0a2ed-ba05-4d7d-ad07-a444f4668b01 92f316005e2b4a4c91dbc91fc8bacc0a d532d61a665d4ca0ab81b5af17f0f123 - - default default] Successfully bumped revision number for resource 5221b4ca-dfe7-4b8f-b2a2-0f8e2d25cb10 (type: floatingips) to 2
2026-08-05 22:46:44.617 9 INFO neutron.wsgi [None req-9cf0a2ed-ba05-4d7d-ad07-a444f4668b01 92f316005e2b4a4c91dbc91fc8bacc0a d532d61a665d4ca0ab81b5af17f0f123 - - default default] 10.0.0.126 "PUT /v2.0/floatingips/5221b4ca-dfe7-4b8f-b2a2-0f8e2d25cb10 HTTP/1.1" status: 200 len: 1049 time: 0.9474907
2026-08-05 22:46:44.662 9 INFO neutron.notifiers.nova [-] Nova event matching ['req-33c79dd5-03d3-40b2-bf80-9305cca307c0'] response: {'name': 'network-changed', 'server_uuid': '3aa2e7d7-594e-4218-9d5a-75542a66990e', 'tag': 'ff8b93c3-5865-4c5d-85cd-54582673da74', 'status': 'completed', 'code': 200} /var/lib/openstack/lib/python3.10/site-packages/pycadf/identifier.py:71: UserWarning: Invalid uuid: neutron. To ensure interoperability, identifiers should be a valid uuid. warnings.warn(('Invalid uuid: %s. To ensure interoperability, '
2026-08-05 22:46:44.715 9 INFO neutron.wsgi [req-c180880e-3e91-4e7b-95af-6df47ad5b366 req-cf0c9ba6-ba91-486f-936b-fe5163fadb11 92f316005e2b4a4c91dbc91fc8bacc0a d532d61a665d4ca0ab81b5af17f0f123 - - default default] 10.0.0.28 "GET /v2.0/ports?device_id=3aa2e7d7-594e-4218-9d5a-75542a66990e HTTP/1.1" status: 200 len: 1170 time: 0.0523174
2026-08-05 22:46:44.742 9 INFO neutron.wsgi [req-b923d971-398e-4324-a4ec-53196999a3d5 req-fffcf61b-48c9-4fbd-b557-36f690dcc986 4731050d35844e08aee3c308017e67ac 6a46fecbb3cb43dd8c62af5195c1bbe1 - - 5fab57c627834e10ab1a69078959df56 5fab57c627834e10ab1a69078959df56] 199.19.213.156 "GET /v2.0/ports?tenant_id=d532d61a665d4ca0ab81b5af17f0f123&device_id=3aa2e7d7-594e-4218-9d5a-75542a66990e HTTP/1.1" status: 200 len: 1409 time: 0.0473347
2026-08-05 22:46:44.763 9 INFO neutron.wsgi [req-c180880e-3e91-4e7b-95af-6df47ad5b366 req-1b51ede6-2404-4af8-b1e1-fa3403d9e4de 92f316005e2b4a4c91dbc91fc8bacc0a d532d61a665d4ca0ab81b5af17f0f123 - - default default] 10.0.0.28 "GET /v2.0/security-groups?id=959f53aa-aa41-44ab-b0d7-371533231fd4&fields=id&fields=name HTTP/1.1" status: 200 len: 312 time: 0.0407338
2026-08-05 22:46:44.814 9 INFO neutron.wsgi [req-b923d971-398e-4324-a4ec-53196999a3d5 req-61deadc2-987a-4051-bf80-b546363bf5b3 4731050d35844e08aee3c308017e67ac 6a46fecbb3cb43dd8c62af5195c1bbe1 - - 5fab57c627834e10ab1a69078959df56 5fab57c627834e10ab1a69078959df56] 199.19.213.156 "GET /v2.0/networks?id=7124450b-c2b3-491b-9009-399c345463e1 HTTP/1.1" status: 200 len: 973 time: 0.0639296
2026-08-05 22:46:44.864 9 INFO neutron.wsgi [req-b923d971-398e-4324-a4ec-53196999a3d5 req-f432a679-a832-4870-8679-e3a458d15c04 4731050d35844e08aee3c308017e67ac 6a46fecbb3cb43dd8c62af5195c1bbe1 - - 5fab57c627834e10ab1a69078959df56 5fab57c627834e10ab1a69078959df56] 199.19.213.156 "GET /v2.0/floatingips?fixed_ip_address=10.100.0.3&port_id=ff8b93c3-5865-4c5d-85cd-54582673da74 HTTP/1.1" status: 200 len: 1059 time: 0.0449553
2026-08-05 22:46:44.918 9 INFO neutron.wsgi [req-b923d971-398e-4324-a4ec-53196999a3d5 req-620f4e7f-8888-4d0b-ae35-8d2842d4f21d 4731050d35844e08aee3c308017e67ac 6a46fecbb3cb43dd8c62af5195c1bbe1 - - 5fab57c627834e10ab1a69078959df56 5fab57c627834e10ab1a69078959df56] 199.19.213.156 "GET /v2.0/subnets?id=efd5387d-da06-4e3c-8e1e-1e88a0bff781 HTTP/1.1" status: 200 len: 868 time: 0.0451615
2026-08-05 22:46:44.927 10 INFO neutron.db.ovn_revision_numbers_db [None req-af1bf093-6dfe-4cd8-aaf5-b338eab1f47e - - - - - -] Successfully bumped revision number for resource 6fd9752b-6e42-4a00-94c4-f9a7cee8f7ac (type: ports) to 1
2026-08-05 22:46:44.941 10 WARNING neutron.scheduler.dhcp_agent_scheduler [None req-218d9bf2-eb36-4ae5-87ab-dadb90f77ac1 2b555fb9e9ce46b4baa62398f785ddf3 9d497c664c2d4e4d91e0b8e3cd5d56a2 - - default default] No more DHCP agents
2026-08-05 22:46:44.944 9 INFO neutron.wsgi [req-b923d971-398e-4324-a4ec-53196999a3d5 req-7f063093-053f-4748-83f0-ce4e4e8a9374 4731050d35844e08aee3c308017e67ac 6a46fecbb3cb43dd8c62af5195c1bbe1 - - 5fab57c627834e10ab1a69078959df56 5fab57c627834e10ab1a69078959df56] 199.19.213.156 "GET /v2.0/ports?network_id=7124450b-c2b3-491b-9009-399c345463e1&device_owner=network%3Adhcp HTTP/1.1" status: 200 len: 210 time: 0.0206089
2026-08-05 22:46:44.945 10 WARNING neutron.api.rpc.agentnotifiers.dhcp_rpc_agent_api [None req-218d9bf2-eb36-4ae5-87ab-dadb90f77ac1 2b555fb9e9ce46b4baa62398f785ddf3 9d497c664c2d4e4d91e0b8e3cd5d56a2 - - default default] Unable to schedule network 45b2ea71-0478-44a0-8b58-1f9b6873e372: no agents available; will retry on subsequent port and subnet creation events.
2026-08-05 22:46:45.014 9 INFO neutron.wsgi [req-b923d971-398e-4324-a4ec-53196999a3d5 req-ebb5fbe1-d54c-420d-ad4c-f339d72047d1 4731050d35844e08aee3c308017e67ac 6a46fecbb3cb43dd8c62af5195c1bbe1 - - 5fab57c627834e10ab1a69078959df56 5fab57c627834e10ab1a69078959df56] 199.19.213.156 "GET /v2.0/networks/7124450b-c2b3-491b-9009-399c345463e1?fields=segments HTTP/1.1" status: 200 len: 212 time: 0.0644426
2026-08-05 22:46:45.077 9 INFO neutron.wsgi [req-b923d971-398e-4324-a4ec-53196999a3d5 req-dc912873-c4b3-4468-841e-d9b6ef27e245 4731050d35844e08aee3c308017e67ac 6a46fecbb3cb43dd8c62af5195c1bbe1 - - 5fab57c627834e10ab1a69078959df56 5fab57c627834e10ab1a69078959df56] 199.19.213.156 "GET /v2.0/networks/7124450b-c2b3-491b-9009-399c345463e1?fields=provider%3Aphysical_network&fields=provider%3Anetwork_type HTTP/1.1" status: 200 len: 277 time: 0.0580666
2026-08-05 22:46:45.477 10 INFO neutron.wsgi [req-9067c4d9-78a4-4a82-b3a4-a0138d06968c req-82b64964-5d3e-4fb9-b81f-5ddb8dfb9004 92f316005e2b4a4c91dbc91fc8bacc0a d532d61a665d4ca0ab81b5af17f0f123 - - default default] 10.0.0.28 "GET /v2.0/ports?device_id=3aa2e7d7-594e-4218-9d5a-75542a66990e HTTP/1.1" status: 200 len: 1170 time: 0.1642795
2026-08-05 22:46:45.478 10 INFO neutron.db.ovn_revision_numbers_db [None req-218d9bf2-eb36-4ae5-87ab-dadb90f77ac1 2b555fb9e9ce46b4baa62398f785ddf3 9d497c664c2d4e4d91e0b8e3cd5d56a2 - - default default] Successfully bumped revision number for resource 15dfe5c9-a3a2-4b1d-8e5c-6361f81f8252 (type: ports) to 1
2026-08-05 22:46:45.539 9 INFO neutron.wsgi [req-ed8e66a0-914c-42f8-81df-830c7e410cd0 req-7724810c-a8dc-4c13-a198-87303fa9eea2 92f316005e2b4a4c91dbc91fc8bacc0a d532d61a665d4ca0ab81b5af17f0f123 - - default default] 199.19.213.156 "GET /v2.0/ports?device_id=3aa2e7d7-594e-4218-9d5a-75542a66990e HTTP/1.1" status: 200 len: 1170 time: 0.0501397
2026-08-05 22:46:45.548 10 INFO neutron.wsgi [req-9067c4d9-78a4-4a82-b3a4-a0138d06968c req-73e18de8-d338-47fc-b987-ae9b7b8aa6b8 92f316005e2b4a4c91dbc91fc8bacc0a d532d61a665d4ca0ab81b5af17f0f123 - - default default] 10.0.0.28 "GET /v2.0/security-groups?id=959f53aa-aa41-44ab-b0d7-371533231fd4&fields=id&fields=name HTTP/1.1" status: 200 len: 312 time: 0.0583348
2026-08-05 22:46:45.597 10 INFO neutron.db.ovn_revision_numbers_db [None req-af1bf093-6dfe-4cd8-aaf5-b338eab1f47e - - - - - -] Successfully bumped revision number for resource 6fd9752b-6e42-4a00-94c4-f9a7cee8f7ac (type: router_ports) to 3
2026-08-05 22:46:45.763 9 INFO neutron.db.ovn_revision_numbers_db [None req-bd0ff034-e3b3-4bf5-91f7-bccf01e7b8fd 2b555fb9e9ce46b4baa62398f785ddf3 9d497c664c2d4e4d91e0b8e3cd5d56a2 - - default default] Successfully bumped revision number for resource 15e188b8-151f-4f74-ac99-68dfacdaf8a1 (type: security_groups) to 1
2026-08-05 22:46:45.810 9 INFO neutron.db.ovn_revision_numbers_db [None req-bd0ff034-e3b3-4bf5-91f7-bccf01e7b8fd 2b555fb9e9ce46b4baa62398f785ddf3 9d497c664c2d4e4d91e0b8e3cd5d56a2 - - default default] Successfully bumped revision number for resource 0ecd170c-c42b-4276-9158-8430b23facca (type: security_group_rules) to 0
2026-08-05 22:46:45.817 10 INFO neutron.db.ovn_revision_numbers_db [None req-af1bf093-6dfe-4cd8-aaf5-b338eab1f47e - - - - - -] Successfully bumped revision number for resource 6fd9752b-6e42-4a00-94c4-f9a7cee8f7ac (type: ports) to 2
2026-08-05 22:46:45.836 9 INFO neutron.db.ovn_revision_numbers_db [None req-bd0ff034-e3b3-4bf5-91f7-bccf01e7b8fd 2b555fb9e9ce46b4baa62398f785ddf3 9d497c664c2d4e4d91e0b8e3cd5d56a2 - - default default] Successfully bumped revision number for resource 3847cf60-9fe6-4f96-9210-dc43b7f80d79 (type: security_group_rules) to 0
2026-08-05 22:46:45.863 9 INFO neutron.db.ovn_revision_numbers_db [None req-bd0ff034-e3b3-4bf5-91f7-bccf01e7b8fd 2b555fb9e9ce46b4baa62398f785ddf3 9d497c664c2d4e4d91e0b8e3cd5d56a2 - - default default] Successfully bumped revision number for resource 630ca2d9-39a2-414d-b342-acf43d7e5170 (type: security_group_rules) to 0
2026-08-05 22:46:45.879 9 INFO neutron.db.ovn_revision_numbers_db [None req-bd0ff034-e3b3-4bf5-91f7-bccf01e7b8fd 2b555fb9e9ce46b4baa62398f785ddf3 9d497c664c2d4e4d91e0b8e3cd5d56a2 - - default default] Successfully bumped revision number for resource b4d8fc09-b1aa-4477-88b5-32e452109616 (type: security_group_rules) to 0
2026-08-05 22:46:45.915 9 INFO neutron.wsgi [None req-bd0ff034-e3b3-4bf5-91f7-bccf01e7b8fd 2b555fb9e9ce46b4baa62398f785ddf3 9d497c664c2d4e4d91e0b8e3cd5d56a2 - - default default] 10.0.0.126 "GET /v2.0/security-groups?tenant_id=64912831005846ad99a9f667972cdcc2&name=default HTTP/1.1" status: 200 len: 2996 time: 0.5826576
2026-08-05 22:46:45.929 9 INFO neutron.db.l3_db [req-ed8e66a0-914c-42f8-81df-830c7e410cd0 req-fcbd5641-981c-40ee-8a70-663591778f72 92f316005e2b4a4c91dbc91fc8bacc0a d532d61a665d4ca0ab81b5af17f0f123 - - default default] Floating IP 5221b4ca-dfe7-4b8f-b2a2-0f8e2d25cb10 disassociated. External IP: 10.96.250.209, port: ff8b93c3-5865-4c5d-85cd-54582673da74.
2026-08-05 22:46:46.011 9 INFO neutron.plugins.ml2.drivers.ovn.mech_driver.mech_driver [None req-1e1984d3-38a8-420e-a40a-ce93f14db32e - - - - - -] OVN reports status up for port: 15dfe5c9-a3a2-4b1d-8e5c-6361f81f8252
2026-08-05 22:46:46.024 9 INFO neutron.plugins.ml2.plugin [None req-1e1984d3-38a8-420e-a40a-ce93f14db32e - - - - - -] Attempt 1 to provision port 15dfe5c9-a3a2-4b1d-8e5c-6361f81f8252
2026-08-05 22:46:46.042 10 INFO neutron.db.ovn_revision_numbers_db [None req-218d9bf2-eb36-4ae5-87ab-dadb90f77ac1 2b555fb9e9ce46b4baa62398f785ddf3 9d497c664c2d4e4d91e0b8e3cd5d56a2 - - default default] Successfully bumped revision number for resource 15dfe5c9-a3a2-4b1d-8e5c-6361f81f8252 (type: router_ports) to 1
2026-08-05 22:46:46.137 10 INFO neutron.db.ovn_revision_numbers_db [None req-af1bf093-6dfe-4cd8-aaf5-b338eab1f47e - - - - - -] Successfully bumped revision number for resource 6fd9752b-6e42-4a00-94c4-f9a7cee8f7ac (type: ports) to 4
2026-08-05 22:46:46.250 9 INFO neutron.wsgi [req-ed8e66a0-914c-42f8-81df-830c7e410cd0 req-fcbd5641-981c-40ee-8a70-663591778f72 92f316005e2b4a4c91dbc91fc8bacc0a d532d61a665d4ca0ab81b5af17f0f123 - - default default] 199.19.213.156 "DELETE /v2.0/ports/ff8b93c3-5865-4c5d-85cd-54582673da74 HTTP/1.1" status: 204 len: 173 time: 0.7072730
2026-08-05 22:46:46.261 10 INFO neutron.db.ovn_revision_numbers_db [None req-218d9bf2-eb36-4ae5-87ab-dadb90f77ac1 2b555fb9e9ce46b4baa62398f785ddf3 9d497c664c2d4e4d91e0b8e3cd5d56a2 - - default default] Successfully bumped revision number for resource 15dfe5c9-a3a2-4b1d-8e5c-6361f81f8252 (type: ports) to 1
2026-08-05 22:46:46.314 9 INFO neutron.wsgi [None req-bb5e4df0-7485-47c0-99af-93f74f5888b2 2b555fb9e9ce46b4baa62398f785ddf3 9d497c664c2d4e4d91e0b8e3cd5d56a2 - - default default] 10.0.0.126 "DELETE /v2.0/security-groups/15e188b8-151f-4f74-ac99-68dfacdaf8a1 HTTP/1.1" status: 204 len: 168 time: 0.3936231
2026-08-05 22:46:46.362 9 INFO neutron.db.ovn_revision_numbers_db [None req-1e1984d3-38a8-420e-a40a-ce93f14db32e - - - - - -] Successfully bumped revision number for resource 15dfe5c9-a3a2-4b1d-8e5c-6361f81f8252 (type: ports) to 2
