2026-08-05 22:49:05.283 10 INFO neutron.db.ovn_revision_numbers_db [None req-d41271ac-1d58-4d45-819b-78327187b9cf 2b555fb9e9ce46b4baa62398f785ddf3 9d497c664c2d4e4d91e0b8e3cd5d56a2 - - default default] Successfully bumped revision number for resource a08284d3-8a05-4726-8a62-5952fd01b24c (type: security_group_rules) to 0
2026-08-05 22:49:05.308 10 INFO neutron.wsgi [None req-d41271ac-1d58-4d45-819b-78327187b9cf 2b555fb9e9ce46b4baa62398f785ddf3 9d497c664c2d4e4d91e0b8e3cd5d56a2 - - default default] 10.0.0.126 "GET /v2.0/security-groups?tenant_id=ed88d7d38d0540c4a75b7d639a33d8a2&name=default HTTP/1.1" status: 200 len: 2996 time: 0.2971954
2026-08-05 22:49:05.447 9 INFO neutron.wsgi [req-3c5c631f-9b02-4a58-91d2-bfc57daba4e1 req-35aae940-ac41-4a31-b171-3de99ff19d34 22cea063bce94d8c8a4a798de06b5c55 810e9f79d86047a1b7eb98f365f27191 - - default default] 10.0.0.28 "GET /v2.0/ports?device_id=a96b4bb8-ad45-4a97-8533-8b3985a3fa9a HTTP/1.1" status: 200 len: 210 time: 0.0193465
2026-08-05 22:49:05.579 10 INFO neutron.wsgi [None req-da130322-5efa-430f-93cf-14004cc9bcb8 2b555fb9e9ce46b4baa62398f785ddf3 9d497c664c2d4e4d91e0b8e3cd5d56a2 - - default default] 10.0.0.126 "DELETE /v2.0/security-groups/268a0558-aa89-4ce1-abc7-a759858ab718 HTTP/1.1" status: 204 len: 168 time: 0.2652564
2026-08-05 22:49:06.199 9 INFO neutron.wsgi [req-0fa5d7dc-54bb-4038-8d60-3d35f005815e req-a0b8d344-80ab-4a07-a291-390f8f5be287 22cea063bce94d8c8a4a798de06b5c55 810e9f79d86047a1b7eb98f365f27191 - - default default] 199.19.213.156 "GET /v2.0/networks?id=029845aa-ad3b-48ad-b2f0-ab4777c6daf8 HTTP/1.1" status: 200 len: 871 time: 0.0715289
2026-08-05 22:49:06.530 10 INFO neutron.wsgi [req-3b10cd87-d7d4-4d35-bd72-72b303494994 req-fc6ce069-6614-43af-9a8c-95d74c9bc146 22cea063bce94d8c8a4a798de06b5c55 810e9f79d86047a1b7eb98f365f27191 - - default default] 10.0.0.28 "GET /v2.0/ports?device_id=a96b4bb8-ad45-4a97-8533-8b3985a3fa9a HTTP/1.1" status: 200 len: 210 time: 0.0184472
2026-08-05 22:49:06.564 9 WARNING neutron.scheduler.dhcp_agent_scheduler [req-0fa5d7dc-54bb-4038-8d60-3d35f005815e req-796f4362-624b-416b-b4bf-7f501cca33cc 22cea063bce94d8c8a4a798de06b5c55 810e9f79d86047a1b7eb98f365f27191 - - default default] No more DHCP agents
2026-08-05 22:49:06.566 9 WARNING neutron.api.rpc.agentnotifiers.dhcp_rpc_agent_api [req-0fa5d7dc-54bb-4038-8d60-3d35f005815e req-796f4362-624b-416b-b4bf-7f501cca33cc 22cea063bce94d8c8a4a798de06b5c55 810e9f79d86047a1b7eb98f365f27191 - - default default] Unable to schedule network 029845aa-ad3b-48ad-b2f0-ab4777c6daf8: no agents available; will retry on subsequent port and subnet creation events.
2026-08-05 22:49:06.955 9 INFO neutron.db.ovn_revision_numbers_db [req-0fa5d7dc-54bb-4038-8d60-3d35f005815e req-796f4362-624b-416b-b4bf-7f501cca33cc 22cea063bce94d8c8a4a798de06b5c55 810e9f79d86047a1b7eb98f365f27191 - - default default] Successfully bumped revision number for resource 7500b630-1522-424a-b455-eb2b864ec73b (type: ports) to 1
2026-08-05 22:49:06.979 9 INFO neutron.wsgi [req-0fa5d7dc-54bb-4038-8d60-3d35f005815e req-796f4362-624b-416b-b4bf-7f501cca33cc 22cea063bce94d8c8a4a798de06b5c55 810e9f79d86047a1b7eb98f365f27191 - - default default] 199.19.213.156 "POST /v2.0/ports HTTP/1.1" status: 201 len: 1158 time: 0.7736721 /var/lib/openstack/lib/python3.10/site-packages/pycadf/identifier.py:71: UserWarning: Invalid uuid: neutron. To ensure interoperability, identifiers should be a valid uuid. warnings.warn(('Invalid uuid: %s. To ensure interoperability, '
2026-08-05 22:49:07.246 9 WARNING neutron.plugins.ml2.drivers.ovn.mech_driver.ovsdb.ovn_client [None req-1e1984d3-38a8-420e-a40a-ce93f14db32e - - - - - -] No hosting information found for port 951325eb-a6c7-4ae2-8f56-e2221ddddf25: RuntimeError: No hosting information found for port 951325eb-a6c7-4ae2-8f56-e2221ddddf25
2026-08-05 22:49:07.247 9 INFO neutron.plugins.ml2.drivers.ovn.mech_driver.mech_driver [None req-1e1984d3-38a8-420e-a40a-ce93f14db32e - - - - - -] OVN reports status down for port: 48845dc7-5a00-43d2-98bb-4682bf968df3
2026-08-05 22:49:07.414 9 INFO neutron.notifiers.nova [-] Nova event matching ['req-245f5910-64a0-4699-8ae8-0c67f3dc49c3'] response: {'server_uuid': 'd8c0d7d6-2d90-4372-9f5d-6b35432e08b6', 'name': 'network-vif-unplugged', 'status': 'completed', 'tag': '48845dc7-5a00-43d2-98bb-4682bf968df3', 'code': 200}
2026-08-05 22:49:07.497 9 INFO neutron.db.ovn_revision_numbers_db [req-0fa5d7dc-54bb-4038-8d60-3d35f005815e req-68328dd0-7265-4466-879d-429d536655d6 4731050d35844e08aee3c308017e67ac 6a46fecbb3cb43dd8c62af5195c1bbe1 - - 5fab57c627834e10ab1a69078959df56 5fab57c627834e10ab1a69078959df56] Successfully bumped revision number for resource 7500b630-1522-424a-b455-eb2b864ec73b (type: ports) to 2
2026-08-05 22:49:07.630 9 INFO neutron.db.ovn_revision_numbers_db [None req-1e1984d3-38a8-420e-a40a-ce93f14db32e - - - - - -] Successfully bumped revision number for resource 48845dc7-5a00-43d2-98bb-4682bf968df3 (type: ports) to 5
2026-08-05 22:49:07.633 10 INFO neutron.wsgi [req-ab46a6ad-0436-4bce-9bf4-0c09785433f4 req-4c2dc1f7-508b-4949-9c52-94692b3fa0f0 22cea063bce94d8c8a4a798de06b5c55 810e9f79d86047a1b7eb98f365f27191 - - default default] 10.0.0.28 "GET /v2.0/ports?device_id=a96b4bb8-ad45-4a97-8533-8b3985a3fa9a HTTP/1.1" status: 200 len: 1168 time: 0.0331147
2026-08-05 22:49:07.665 9 WARNING neutron.plugins.ml2.drivers.ovn.mech_driver.ovsdb.ovn_client [None req-1e1984d3-38a8-420e-a40a-ce93f14db32e - - - - - -] Logical_Switch_Port %s host information not removed, the port state is up
2026-08-05 22:49:07.666 9 INFO neutron.plugins.ml2.drivers.ovn.mech_driver.mech_driver [None req-1e1984d3-38a8-420e-a40a-ce93f14db32e - - - - - -] OVN reports status up for port: 48845dc7-5a00-43d2-98bb-4682bf968df3
2026-08-05 22:49:07.678 10 INFO neutron.wsgi [req-ab46a6ad-0436-4bce-9bf4-0c09785433f4 req-1c1c7a64-2b6c-498f-90c3-c229d111c80c 22cea063bce94d8c8a4a798de06b5c55 810e9f79d86047a1b7eb98f365f27191 - - default default] 10.0.0.28 "GET /v2.0/security-groups?id=7c2176ea-4f9d-454f-b941-4ea534e40ec4&fields=id&fields=name HTTP/1.1" status: 200 len: 286 time: 0.0361412
2026-08-05 22:49:07.697 9 INFO neutron.plugins.ml2.plugin [None req-1e1984d3-38a8-420e-a40a-ce93f14db32e - - - - - -] Attempt 1 to provision port 48845dc7-5a00-43d2-98bb-4682bf968df3
2026-08-05 22:49:07.793 9 INFO neutron.db.ovn_revision_numbers_db [req-0fa5d7dc-54bb-4038-8d60-3d35f005815e req-68328dd0-7265-4466-879d-429d536655d6 4731050d35844e08aee3c308017e67ac 6a46fecbb3cb43dd8c62af5195c1bbe1 - - 5fab57c627834e10ab1a69078959df56 5fab57c627834e10ab1a69078959df56] Successfully bumped revision number for resource 7500b630-1522-424a-b455-eb2b864ec73b (type: ports) to 2
2026-08-05 22:49:07.812 9 INFO neutron.wsgi [req-0fa5d7dc-54bb-4038-8d60-3d35f005815e req-68328dd0-7265-4466-879d-429d536655d6 4731050d35844e08aee3c308017e67ac 6a46fecbb3cb43dd8c62af5195c1bbe1 - - 5fab57c627834e10ab1a69078959df56 5fab57c627834e10ab1a69078959df56] 199.19.213.156 "PUT /v2.0/ports/7500b630-1522-424a-b455-eb2b864ec73b HTTP/1.1" status: 200 len: 1376 time: 0.8232703 /var/lib/openstack/lib/python3.10/site-packages/pycadf/identifier.py:71: UserWarning: Invalid uuid: neutron. To ensure interoperability, identifiers should be a valid uuid. warnings.warn(('Invalid uuid: %s. To ensure interoperability, '
2026-08-05 22:49:07.903 9 INFO neutron.wsgi [req-0fa5d7dc-54bb-4038-8d60-3d35f005815e req-095b7154-7d5f-491e-a0ee-df9901113b99 4731050d35844e08aee3c308017e67ac 6a46fecbb3cb43dd8c62af5195c1bbe1 - - 5fab57c627834e10ab1a69078959df56 5fab57c627834e10ab1a69078959df56] 199.19.213.156 "GET /v2.0/ports?tenant_id=810e9f79d86047a1b7eb98f365f27191&device_id=a96b4bb8-ad45-4a97-8533-8b3985a3fa9a HTTP/1.1" status: 200 len: 1407 time: 0.0383773
2026-08-05 22:49:07.933 9 INFO neutron.wsgi [req-0fa5d7dc-54bb-4038-8d60-3d35f005815e req-b1d5426e-5bdd-4f84-ad76-6f4db0b3b4f5 4731050d35844e08aee3c308017e67ac 6a46fecbb3cb43dd8c62af5195c1bbe1 - - 5fab57c627834e10ab1a69078959df56 5fab57c627834e10ab1a69078959df56] 199.19.213.156 "GET /v2.0/floatingips?fixed_ip_address=10.100.0.8&port_id=7500b630-1522-424a-b455-eb2b864ec73b HTTP/1.1" status: 200 len: 217 time: 0.0226574
2026-08-05 22:49:07.983 9 INFO neutron.wsgi [req-0fa5d7dc-54bb-4038-8d60-3d35f005815e req-da72ecc0-6d4e-49e0-b354-885758e8531b 4731050d35844e08aee3c308017e67ac 6a46fecbb3cb43dd8c62af5195c1bbe1 - - 5fab57c627834e10ab1a69078959df56 5fab57c627834e10ab1a69078959df56] 199.19.213.156 "GET /v2.0/subnets?id=646aa0c5-e800-42ff-a0fe-f434d9b29405 HTTP/1.1" status: 200 len: 865 time: 0.0439012
2026-08-05 22:49:08.007 9 INFO neutron.wsgi [req-0fa5d7dc-54bb-4038-8d60-3d35f005815e req-70710196-026e-417a-8800-173610844f81 4731050d35844e08aee3c308017e67ac 6a46fecbb3cb43dd8c62af5195c1bbe1 - - 5fab57c627834e10ab1a69078959df56 5fab57c627834e10ab1a69078959df56] 199.19.213.156 "GET /v2.0/ports?network_id=029845aa-ad3b-48ad-b2f0-ab4777c6daf8&device_owner=network%3Adhcp HTTP/1.1" status: 200 len: 210 time: 0.0181265
2026-08-05 22:49:08.080 9 INFO neutron.db.ovn_revision_numbers_db [None req-1e1984d3-38a8-420e-a40a-ce93f14db32e - - - - - -] Successfully bumped revision number for resource 48845dc7-5a00-43d2-98bb-4682bf968df3 (type: ports) to 6
2026-08-05 22:49:08.117 9 INFO neutron.wsgi [req-0fa5d7dc-54bb-4038-8d60-3d35f005815e req-09a3cfed-048d-43e7-8358-1ef3d7f049e4 4731050d35844e08aee3c308017e67ac 6a46fecbb3cb43dd8c62af5195c1bbe1 - - 5fab57c627834e10ab1a69078959df56 5fab57c627834e10ab1a69078959df56] 199.19.213.156 "GET /v2.0/networks/029845aa-ad3b-48ad-b2f0-ab4777c6daf8?fields=segments HTTP/1.1" status: 200 len: 212 time: 0.1007850
2026-08-05 22:49:08.188 9 INFO neutron.wsgi [req-0fa5d7dc-54bb-4038-8d60-3d35f005815e req-61881033-3910-49b1-bd9d-5de3a341e6ae 4731050d35844e08aee3c308017e67ac 6a46fecbb3cb43dd8c62af5195c1bbe1 - - 5fab57c627834e10ab1a69078959df56 5fab57c627834e10ab1a69078959df56] 199.19.213.156 "GET /v2.0/networks/029845aa-ad3b-48ad-b2f0-ab4777c6daf8?fields=provider%3Aphysical_network&fields=provider%3Anetwork_type HTTP/1.1" status: 200 len: 277 time: 0.0644782
2026-08-05 22:49:08.379 9 INFO neutron.plugins.ml2.drivers.ovn.mech_driver.mech_driver [None req-1e1984d3-38a8-420e-a40a-ce93f14db32e - - - - - -] OVN reports status up for port: 7500b630-1522-424a-b455-eb2b864ec73b
2026-08-05 22:49:08.402 9 INFO neutron.plugins.ml2.plugin [None req-1e1984d3-38a8-420e-a40a-ce93f14db32e - - - - - -] Attempt 1 to provision port 7500b630-1522-424a-b455-eb2b864ec73b
2026-08-05 22:49:08.724 9 INFO neutron.db.ovn_revision_numbers_db [None req-1e1984d3-38a8-420e-a40a-ce93f14db32e - - - - - -] Successfully bumped revision number for resource 7500b630-1522-424a-b455-eb2b864ec73b (type: ports) to 4 /var/lib/openstack/lib/python3.10/site-packages/pycadf/identifier.py:71: UserWarning: Invalid uuid: neutron. To ensure interoperability, identifiers should be a valid uuid. warnings.warn(('Invalid uuid: %s. To ensure interoperability, '
2026-08-05 22:49:08.803 10 INFO neutron.db.ovn_revision_numbers_db [None req-06d00167-b3f1-481f-b4af-d8206eae5536 ae0821e45f15438297ff944d482de91f 9e352ec064cd482aa1501428526e8c12 - - default default] Successfully bumped revision number for resource 1f4d872e-b82a-4c25-8b2b-fd2969d6c83a (type: security_groups) to 1
2026-08-05 22:49:08.818 10 INFO neutron.db.ovn_revision_numbers_db [None req-06d00167-b3f1-481f-b4af-d8206eae5536 ae0821e45f15438297ff944d482de91f 9e352ec064cd482aa1501428526e8c12 - - default default] Successfully bumped revision number for resource 0e9defde-5bc6-4617-afac-67a29e10d205 (type: security_group_rules) to 0
2026-08-05 22:49:08.833 10 INFO neutron.db.ovn_revision_numbers_db [None req-06d00167-b3f1-481f-b4af-d8206eae5536 ae0821e45f15438297ff944d482de91f 9e352ec064cd482aa1501428526e8c12 - - default default] Successfully bumped revision number for resource 137113b9-fc87-49c9-a8b6-b959f89ae640 (type: security_group_rules) to 0
2026-08-05 22:49:08.848 10 INFO neutron.db.ovn_revision_numbers_db [None req-06d00167-b3f1-481f-b4af-d8206eae5536 ae0821e45f15438297ff944d482de91f 9e352ec064cd482aa1501428526e8c12 - - default default] Successfully bumped revision number for resource 99ed80bb-b0c3-4cbd-9364-46c9ce36f1c2 (type: security_group_rules) to 0
2026-08-05 22:49:08.861 10 INFO neutron.db.ovn_revision_numbers_db [None req-06d00167-b3f1-481f-b4af-d8206eae5536 ae0821e45f15438297ff944d482de91f 9e352ec064cd482aa1501428526e8c12 - - default default] Successfully bumped revision number for resource cd2cf7ea-b04a-4db1-ac69-a79dd73014c2 (type: security_group_rules) to 0
2026-08-05 22:49:08.876 9 INFO neutron.wsgi [req-f92d4e13-77cc-4e0f-8edb-ed02c58023a8 req-db1411bd-b0b5-485b-bb09-4e3f2376b790 22cea063bce94d8c8a4a798de06b5c55 810e9f79d86047a1b7eb98f365f27191 - - default default] 10.0.0.28 "GET /v2.0/ports?device_id=a96b4bb8-ad45-4a97-8533-8b3985a3fa9a HTTP/1.1" status: 200 len: 1170 time: 0.1187437 /var/lib/openstack/lib/python3.10/site-packages/pycadf/identifier.py:71: UserWarning: Invalid uuid: neutron. To ensure interoperability, identifiers should be a valid uuid. warnings.warn(('Invalid uuid: %s. To ensure interoperability, '
2026-08-05 22:49:08.918 10 INFO neutron.db.segments_db [None req-06d00167-b3f1-481f-b4af-d8206eae5536 ae0821e45f15438297ff944d482de91f 9e352ec064cd482aa1501428526e8c12 - - default default] Added segment 408730e0-6a53-474c-9154-7fb9a8f00b6a of type geneve for network 18449b69-67ea-4554-aa67-46600cff2bdc
2026-08-05 22:49:08.925 9 INFO neutron.wsgi [req-f92d4e13-77cc-4e0f-8edb-ed02c58023a8 req-71f623f2-10b5-45ff-b1e0-1fc1017397d3 22cea063bce94d8c8a4a798de06b5c55 810e9f79d86047a1b7eb98f365f27191 - - default default] 10.0.0.28 "GET /v2.0/security-groups?id=7c2176ea-4f9d-454f-b941-4ea534e40ec4&fields=id&fields=name HTTP/1.1" status: 200 len: 286 time: 0.0421600
2026-08-05 22:49:09.067 10 INFO neutron.db.ovn_revision_numbers_db [None req-06d00167-b3f1-481f-b4af-d8206eae5536 ae0821e45f15438297ff944d482de91f 9e352ec064cd482aa1501428526e8c12 - - default default] Successfully bumped revision number for resource 18449b69-67ea-4554-aa67-46600cff2bdc (type: networks) to 1
2026-08-05 22:49:09.462 9 INFO neutron.notifiers.nova [-] Nova event matching ['req-4b8ac97d-a352-4d11-9d34-50725048b345'] response: {'server_uuid': 'd8c0d7d6-2d90-4372-9f5d-6b35432e08b6', 'name': 'network-vif-plugged', 'status': 'completed', 'tag': '48845dc7-5a00-43d2-98bb-4682bf968df3', 'code': 200}
2026-08-05 22:49:09.463 9 INFO neutron.notifiers.nova [-] Nova event matching ['req-4b8ac97d-a352-4d11-9d34-50725048b345'] response: {'name': 'network-changed', 'server_uuid': 'a96b4bb8-ad45-4a97-8533-8b3985a3fa9a', 'tag': '7500b630-1522-424a-b455-eb2b864ec73b', 'status': 'completed', 'code': 200}
2026-08-05 22:49:09.463 9 INFO neutron.notifiers.nova [-] Nova event matching ['req-4b8ac97d-a352-4d11-9d34-50725048b345'] response: {'server_uuid': 'd8c0d7d6-2d90-4372-9f5d-6b35432e08b6', 'name': 'network-vif-plugged', 'status': 'completed', 'tag': '48845dc7-5a00-43d2-98bb-4682bf968df3', 'code': 200}
2026-08-05 22:49:09.464 9 INFO neutron.notifiers.nova [-] Nova event matching ['req-4b8ac97d-a352-4d11-9d34-50725048b345'] response: {'server_uuid': 'd8c0d7d6-2d90-4372-9f5d-6b35432e08b6', 'name': 'network-vif-plugged', 'status': 'completed', 'tag': '48845dc7-5a00-43d2-98bb-4682bf968df3', 'code': 200}
2026-08-05 22:49:09.464 9 INFO neutron.notifiers.nova [-] Nova event matching ['req-4b8ac97d-a352-4d11-9d34-50725048b345'] response: {'server_uuid': 'a96b4bb8-ad45-4a97-8533-8b3985a3fa9a', 'name': 'network-vif-plugged', 'status': 'completed', 'tag': '7500b630-1522-424a-b455-eb2b864ec73b', 'code': 200}
2026-08-05 22:49:09.464 9 INFO neutron.notifiers.nova [-] Nova event matching ['req-4b8ac97d-a352-4d11-9d34-50725048b345'] response: {'server_uuid': 'a96b4bb8-ad45-4a97-8533-8b3985a3fa9a', 'name': 'network-vif-plugged', 'status': 'completed', 'tag': '7500b630-1522-424a-b455-eb2b864ec73b', 'code': 200}
2026-08-05 22:49:09.515 10 WARNING neutron.scheduler.dhcp_agent_scheduler [None req-06d00167-b3f1-481f-b4af-d8206eae5536 ae0821e45f15438297ff944d482de91f 9e352ec064cd482aa1501428526e8c12 - - default default] No more DHCP agents
2026-08-05 22:49:09.517 9 INFO neutron.wsgi [req-1861d2b3-d00b-4a24-867d-0dc887d79d16 req-eb85ad3a-6ac1-4732-ac5b-11580d5e2b96 4731050d35844e08aee3c308017e67ac 6a46fecbb3cb43dd8c62af5195c1bbe1 - - 5fab57c627834e10ab1a69078959df56 5fab57c627834e10ab1a69078959df56] 199.19.213.156 "GET /v2.0/ports?tenant_id=810e9f79d86047a1b7eb98f365f27191&device_id=a96b4bb8-ad45-4a97-8533-8b3985a3fa9a HTTP/1.1" status: 200 len: 1409 time: 0.0328798
2026-08-05 22:49:09.519 10 WARNING neutron.api.rpc.agentnotifiers.dhcp_rpc_agent_api [None req-06d00167-b3f1-481f-b4af-d8206eae5536 ae0821e45f15438297ff944d482de91f 9e352ec064cd482aa1501428526e8c12 - - default default] Unable to schedule network 18449b69-67ea-4554-aa67-46600cff2bdc: no agents available; will retry on subsequent port and subnet creation events.
2026-08-05 22:49:09.591 9 INFO neutron.wsgi [req-1861d2b3-d00b-4a24-867d-0dc887d79d16 req-1cd34696-e094-49df-b585-f2b485cda9c4 4731050d35844e08aee3c308017e67ac 6a46fecbb3cb43dd8c62af5195c1bbe1 - - 5fab57c627834e10ab1a69078959df56 5fab57c627834e10ab1a69078959df56] 199.19.213.156 "GET /v2.0/networks?id=029845aa-ad3b-48ad-b2f0-ab4777c6daf8 HTTP/1.1" status: 200 len: 970 time: 0.0668848
2026-08-05 22:49:09.599 10 INFO neutron.db.ovn_revision_numbers_db [None req-06d00167-b3f1-481f-b4af-d8206eae5536 ae0821e45f15438297ff944d482de91f 9e352ec064cd482aa1501428526e8c12 - - default default] Successfully bumped revision number for resource 9f4eafec-5e2e-427f-a41d-5a69339f372f (type: ports) to 1
2026-08-05 22:49:09.621 10 INFO neutron.wsgi [None req-06d00167-b3f1-481f-b4af-d8206eae5536 ae0821e45f15438297ff944d482de91f 9e352ec064cd482aa1501428526e8c12 - - default default] 10.0.0.126 "POST /v2.0/networks HTTP/1.1" status: 201 len: 829 time: 1.1263325
2026-08-05 22:49:09.628 9 INFO neutron.wsgi [req-1861d2b3-d00b-4a24-867d-0dc887d79d16 req-48799682-3666-4ad9-b39c-dd25941c1f18 4731050d35844e08aee3c308017e67ac 6a46fecbb3cb43dd8c62af5195c1bbe1 - - 5fab57c627834e10ab1a69078959df56 5fab57c627834e10ab1a69078959df56] 199.19.213.156 "GET /v2.0/floatingips?fixed_ip_address=10.100.0.8&port_id=7500b630-1522-424a-b455-eb2b864ec73b HTTP/1.1" status: 200 len: 217 time: 0.0296235
2026-08-05 22:49:09.688 9 INFO neutron.wsgi [req-1861d2b3-d00b-4a24-867d-0dc887d79d16 req-933f154c-f370-467f-b1d2-1aceda42ec0a 4731050d35844e08aee3c308017e67ac 6a46fecbb3cb43dd8c62af5195c1bbe1 - - 5fab57c627834e10ab1a69078959df56 5fab57c627834e10ab1a69078959df56] 199.19.213.156 "GET /v2.0/subnets?id=646aa0c5-e800-42ff-a0fe-f434d9b29405 HTTP/1.1" status: 200 len: 865 time: 0.0500474
2026-08-05 22:49:09.712 9 INFO neutron.wsgi [req-1861d2b3-d00b-4a24-867d-0dc887d79d16 req-3847d4a7-a217-4a5f-999b-03a06196cbd5 4731050d35844e08aee3c308017e67ac 6a46fecbb3cb43dd8c62af5195c1bbe1 - - 5fab57c627834e10ab1a69078959df56 5fab57c627834e10ab1a69078959df56] 199.19.213.156 "GET /v2.0/ports?network_id=029845aa-ad3b-48ad-b2f0-ab4777c6daf8&device_owner=network%3Adhcp HTTP/1.1" status: 200 len: 210 time: 0.0188904
2026-08-05 22:49:09.814 9 INFO neutron.wsgi [req-1861d2b3-d00b-4a24-867d-0dc887d79d16 req-8a60898c-3b50-4ead-a55f-41b1fd16cb0d 4731050d35844e08aee3c308017e67ac 6a46fecbb3cb43dd8c62af5195c1bbe1 - - 5fab57c627834e10ab1a69078959df56 5fab57c627834e10ab1a69078959df56] 199.19.213.156 "GET /v2.0/networks/029845aa-ad3b-48ad-b2f0-ab4777c6daf8?fields=segments HTTP/1.1" status: 200 len: 212 time: 0.0932627
2026-08-05 22:49:09.885 9 INFO neutron.wsgi [req-1861d2b3-d00b-4a24-867d-0dc887d79d16 req-89d2b640-f453-427d-8ea7-87745f96f030 4731050d35844e08aee3c308017e67ac 6a46fecbb3cb43dd8c62af5195c1bbe1 - - 5fab57c627834e10ab1a69078959df56 5fab57c627834e10ab1a69078959df56] 199.19.213.156 "GET /v2.0/networks/029845aa-ad3b-48ad-b2f0-ab4777c6daf8?fields=provider%3Aphysical_network&fields=provider%3Anetwork_type HTTP/1.1" status: 200 len: 277 time: 0.0646820
2026-08-05 22:49:09.940 9 WARNING neutron.scheduler.dhcp_agent_scheduler [None req-f2963fb8-9270-4484-8a95-9a1582526b58 ae0821e45f15438297ff944d482de91f 9e352ec064cd482aa1501428526e8c12 - - default default] No more DHCP agents
2026-08-05 22:49:09.942 9 WARNING neutron.api.rpc.agentnotifiers.dhcp_rpc_agent_api [None req-f2963fb8-9270-4484-8a95-9a1582526b58 ae0821e45f15438297ff944d482de91f 9e352ec064cd482aa1501428526e8c12 - - default default] Unable to schedule network 18449b69-67ea-4554-aa67-46600cff2bdc: no agents available; will retry on subsequent port and subnet creation events.
2026-08-05 22:49:10.076 9 INFO neutron.wsgi [req-d07faf9a-1738-4d08-b3cb-e7e48c8c9ba0 req-7281b866-5e7d-46f1-908e-48df9da31b37 22cea063bce94d8c8a4a798de06b5c55 810e9f79d86047a1b7eb98f365f27191 - - default default] 10.0.0.28 "GET /v2.0/ports?device_id=a96b4bb8-ad45-4a97-8533-8b3985a3fa9a HTTP/1.1" status: 200 len: 1170 time: 0.0737529
2026-08-05 22:49:10.156 9 INFO neutron.wsgi [req-d07faf9a-1738-4d08-b3cb-e7e48c8c9ba0 req-2fd0bedf-26ea-492e-8c16-414323502c4d 22cea063bce94d8c8a4a798de06b5c55 810e9f79d86047a1b7eb98f365f27191 - - default default] 10.0.0.28 "GET /v2.0/security-groups?id=7c2176ea-4f9d-454f-b941-4ea534e40ec4&fields=id&fields=name HTTP/1.1" status: 200 len: 286 time: 0.0684958
2026-08-05 22:49:10.473 10 INFO neutron.db.ovn_revision_numbers_db [None req-ff36c6d2-79f3-44ea-a0e3-0873f7be0d10 4743db96281e42859de3b68d9d113c95 0425d277011e4fa182594e438a8b53b8 - - default default] Successfully bumped revision number for resource 37517c4a-c8a2-441d-a937-3a116770e369 (type: routers) to 1
2026-08-05 22:49:10.488 10 INFO neutron.wsgi [None req-ff36c6d2-79f3-44ea-a0e3-0873f7be0d10 4743db96281e42859de3b68d9d113c95 0425d277011e4fa182594e438a8b53b8 - - default default] 10.0.0.126 "POST /v2.0/routers HTTP/1.1" status: 201 len: 654 time: 0.3634987
2026-08-05 22:49:10.530 9 INFO neutron.db.ovn_revision_numbers_db [None req-f2963fb8-9270-4484-8a95-9a1582526b58 ae0821e45f15438297ff944d482de91f 9e352ec064cd482aa1501428526e8c12 - - default default] Successfully bumped revision number for resource 9f4eafec-5e2e-427f-a41d-5a69339f372f (type: ports) to 2
2026-08-05 22:49:10.565 9 INFO neutron.db.ovn_revision_numbers_db [None req-f2963fb8-9270-4484-8a95-9a1582526b58 ae0821e45f15438297ff944d482de91f 9e352ec064cd482aa1501428526e8c12 - - default default] Successfully bumped revision number for resource 6747c4ee-ce37-44ca-8e0c-c0d7f91423be (type: subnets) to 0
2026-08-05 22:49:10.589 9 INFO neutron.wsgi [None req-f2963fb8-9270-4484-8a95-9a1582526b58 ae0821e45f15438297ff944d482de91f 9e352ec064cd482aa1501428526e8c12 - - default default] 10.0.0.126 "POST /v2.0/subnets HTTP/1.1" status: 201 len: 801 time: 0.9599140
2026-08-05 22:49:10.653 10 INFO neutron.db.ovn_revision_numbers_db [None req-f9ffe2c1-dfc6-4e0a-916b-7ad696a7a212 4743db96281e42859de3b68d9d113c95 0425d277011e4fa182594e438a8b53b8 - - default default] Successfully bumped revision number for resource 26e0720e-eb19-4b21-88fb-c721c527dc74 (type: routers) to 1
2026-08-05 22:49:10.670 10 INFO neutron.wsgi [None req-f9ffe2c1-dfc6-4e0a-916b-7ad696a7a212 4743db96281e42859de3b68d9d113c95 0425d277011e4fa182594e438a8b53b8 - - default default] 10.0.0.126 "POST /v2.0/routers HTTP/1.1" status: 201 len: 654 time: 0.1771796
2026-08-05 22:49:10.684 9 INFO neutron.db.segments_db [None req-f9f1dec0-319a-493b-abf6-35bf4109d1d0 ae0821e45f15438297ff944d482de91f 9e352ec064cd482aa1501428526e8c12 - - default default] Added segment 0a17086e-a5f5-407d-a9bb-ad92772de651 of type geneve for network 742e57fc-79de-40f3-b209-26808927d602
2026-08-05 22:49:10.838 9 INFO neutron.db.ovn_revision_numbers_db [None req-f9f1dec0-319a-493b-abf6-35bf4109d1d0 ae0821e45f15438297ff944d482de91f 9e352ec064cd482aa1501428526e8c12 - - default default] Successfully bumped revision number for resource 742e57fc-79de-40f3-b209-26808927d602 (type: networks) to 1
2026-08-05 22:49:10.858 10 INFO neutron.db.ovn_revision_numbers_db [None req-6e015076-1894-453c-937d-71e938d8f8f6 4743db96281e42859de3b68d9d113c95 0425d277011e4fa182594e438a8b53b8 - - default default] Successfully bumped revision number for resource 343bcf44-d0c3-4ff0-9780-435f28e5003e (type: routers) to 1
2026-08-05 22:49:10.873 10 INFO neutron.wsgi [None req-6e015076-1894-453c-937d-71e938d8f8f6 4743db96281e42859de3b68d9d113c95 0425d277011e4fa182594e438a8b53b8 - - default default] 10.0.0.126 "POST /v2.0/routers HTTP/1.1" status: 201 len: 654 time: 0.1980352
2026-08-05 22:49:11.055 10 INFO neutron.db.ovn_revision_numbers_db [None req-4f51f728-56e2-4099-bda0-c12c19158615 4743db96281e42859de3b68d9d113c95 0425d277011e4fa182594e438a8b53b8 - - default default] Successfully bumped revision number for resource 463d4395-073b-4511-9969-0cd7a6eb4977 (type: routers) to 1
2026-08-05 22:49:11.069 10 INFO neutron.wsgi [None req-4f51f728-56e2-4099-bda0-c12c19158615 4743db96281e42859de3b68d9d113c95 0425d277011e4fa182594e438a8b53b8 - - default default] 10.0.0.126 "POST /v2.0/routers HTTP/1.1" status: 201 len: 654 time: 0.1898308
2026-08-05 22:49:11.225 9 WARNING neutron.scheduler.dhcp_agent_scheduler [None req-f9f1dec0-319a-493b-abf6-35bf4109d1d0 ae0821e45f15438297ff944d482de91f 9e352ec064cd482aa1501428526e8c12 - - default default] No more DHCP agents
2026-08-05 22:49:11.228 9 WARNING neutron.api.rpc.agentnotifiers.dhcp_rpc_agent_api [None req-f9f1dec0-319a-493b-abf6-35bf4109d1d0 ae0821e45f15438297ff944d482de91f 9e352ec064cd482aa1501428526e8c12 - - default default] Unable to schedule network 742e57fc-79de-40f3-b209-26808927d602: no agents available; will retry on subsequent port and subnet creation events.
2026-08-05 22:49:11.258 10 INFO neutron.db.ovn_revision_numbers_db [None req-409641f2-0ae2-4aae-83aa-3de3bb777b63 4743db96281e42859de3b68d9d113c95 0425d277011e4fa182594e438a8b53b8 - - default default] Successfully bumped revision number for resource 9fd67a8b-08aa-4bc0-a669-27e88e33c003 (type: routers) to 1
2026-08-05 22:49:11.276 10 INFO neutron.wsgi [None req-409641f2-0ae2-4aae-83aa-3de3bb777b63 4743db96281e42859de3b68d9d113c95 0425d277011e4fa182594e438a8b53b8 - - default default] 10.0.0.126 "POST /v2.0/routers HTTP/1.1" status: 201 len: 654 time: 0.2001979
2026-08-05 22:49:11.324 9 INFO neutron.db.ovn_revision_numbers_db [None req-f9f1dec0-319a-493b-abf6-35bf4109d1d0 ae0821e45f15438297ff944d482de91f 9e352ec064cd482aa1501428526e8c12 - - default default] Successfully bumped revision number for resource 6db013a7-2422-499f-aa7c-9c7eefbdafb0 (type: ports) to 1
2026-08-05 22:49:11.347 10 INFO neutron.wsgi [None req-bd82667e-d33f-4930-9ee1-7bfe9c698b38 4743db96281e42859de3b68d9d113c95 0425d277011e4fa182594e438a8b53b8 - - default default] 10.0.0.126 "PUT /v2.0/routers/37517c4a-c8a2-441d-a937-3a116770e369/tags HTTP/1.1" status: 200 len: 210 time: 0.0641539
2026-08-05 22:49:11.347 9 INFO neutron.wsgi [None req-f9f1dec0-319a-493b-abf6-35bf4109d1d0 ae0821e45f15438297ff944d482de91f 9e352ec064cd482aa1501428526e8c12 - - default default] 10.0.0.126 "POST /v2.0/networks HTTP/1.1" status: 201 len: 830 time: 0.7539506
2026-08-05 22:49:11.365 10 INFO neutron.wsgi [req-bb266b60-8b52-4fcb-ae1a-292b2315d498 req-0ddc7a85-c22c-448a-907a-03679e2778a8 22cea063bce94d8c8a4a798de06b5c55 810e9f79d86047a1b7eb98f365f27191 - - default default] 10.0.0.28 "GET /v2.0/ports?device_id=a96b4bb8-ad45-4a97-8533-8b3985a3fa9a HTTP/1.1" status: 200 len: 1170 time: 0.1309478
2026-08-05 22:49:11.404 10 INFO neutron.wsgi [req-bb266b60-8b52-4fcb-ae1a-292b2315d498 req-27b1ed0c-475a-4e9f-856f-68520a00a7ab 22cea063bce94d8c8a4a798de06b5c55 810e9f79d86047a1b7eb98f365f27191 - - default default] 10.0.0.28 "GET /v2.0/security-groups?id=7c2176ea-4f9d-454f-b941-4ea534e40ec4&fields=id&fields=name HTTP/1.1" status: 200 len: 286 time: 0.0327485
2026-08-05 22:49:11.443 9 INFO neutron.wsgi [None req-e03a869c-d1a1-4dd1-9150-3dfec3e93dbf 4743db96281e42859de3b68d9d113c95 0425d277011e4fa182594e438a8b53b8 - - default default] 10.0.0.126 "PUT /v2.0/routers/26e0720e-eb19-4b21-88fb-c721c527dc74/tags HTTP/1.1" status: 200 len: 218 time: 0.0896258
2026-08-05 22:49:11.541 9 INFO neutron.wsgi [None req-400a4860-368d-4f76-b15d-b9c4f653ea6a 4743db96281e42859de3b68d9d113c95 0425d277011e4fa182594e438a8b53b8 - - default default] 10.0.0.126 "PUT /v2.0/routers/343bcf44-d0c3-4ff0-9780-435f28e5003e/tags HTTP/1.1" status: 200 len: 227 time: 0.0919399
2026-08-05 22:49:11.618 9 INFO neutron.wsgi [None req-a9ede7ba-fffc-41b6-824b-cff489cc4b98 4743db96281e42859de3b68d9d113c95 0425d277011e4fa182594e438a8b53b8 - - default default] 10.0.0.126 "PUT /v2.0/routers/463d4395-073b-4511-9969-0cd7a6eb4977/tags HTTP/1.1" status: 200 len: 212 time: 0.0723977
2026-08-05 22:49:11.703 10 INFO neutron.wsgi [None req-07f0537c-9e17-4328-9740-2455b847fe74 4743db96281e42859de3b68d9d113c95 0425d277011e4fa182594e438a8b53b8 - - default default] 10.0.0.126 "GET /v2.0/routers?tags=red HTTP/1.1" status: 200 len: 1601 time: 0.0787320
2026-08-05 22:49:11.704 9 WARNING neutron.scheduler.dhcp_agent_scheduler [None req-5c40b905-01a8-4bd6-8b33-006b572eb3d2 ae0821e45f15438297ff944d482de91f 9e352ec064cd482aa1501428526e8c12 - - default default] No more DHCP agents
2026-08-05 22:49:11.706 9 WARNING neutron.api.rpc.agentnotifiers.dhcp_rpc_agent_api [None req-5c40b905-01a8-4bd6-8b33-006b572eb3d2 ae0821e45f15438297ff944d482de91f 9e352ec064cd482aa1501428526e8c12 - - default default] Unable to schedule network 742e57fc-79de-40f3-b209-26808927d602: no agents available; will retry on subsequent port and subnet creation events.
2026-08-05 22:49:11.791 10 INFO neutron.wsgi [None req-9838e7a8-eaa4-4922-af93-365d8e35fe25 4743db96281e42859de3b68d9d113c95 0425d277011e4fa182594e438a8b53b8 - - default default] 10.0.0.126 "GET /v2.0/routers?tags=red%2Cblue HTTP/1.1" status: 200 len: 1144 time: 0.0801258
2026-08-05 22:49:11.877 10 INFO neutron.wsgi [None req-958e55ea-09b3-4103-a148-187d7288e51a 4743db96281e42859de3b68d9d113c95 0425d277011e4fa182594e438a8b53b8 - - default default] 10.0.0.126 "GET /v2.0/routers?tags-any=blue HTTP/1.1" status: 200 len: 1144 time: 0.0809798
2026-08-05 22:49:11.906 10 INFO neutron.wsgi [req-303b8f9c-51c9-4977-946a-a647059b3c25 req-7a185757-d1fe-4896-8d3c-5f0ae453e987 22cea063bce94d8c8a4a798de06b5c55 810e9f79d86047a1b7eb98f365f27191 - - default default] 10.0.0.28 "GET /v2.0/ports?device_id=a96b4bb8-ad45-4a97-8533-8b3985a3fa9a HTTP/1.1" status: 200 len: 1170 time: 0.0521600
2026-08-05 22:49:11.912 9 INFO neutron.plugins.ml2.drivers.ovn.mech_driver.mech_driver [None req-1e1984d3-38a8-420e-a40a-ce93f14db32e - - - - - -] OVN reports status down for port: 7500b630-1522-424a-b455-eb2b864ec73b
2026-08-05 22:49:11.966 10 INFO neutron.wsgi [req-303b8f9c-51c9-4977-946a-a647059b3c25 req-b0e19d07-386f-43cc-907c-80827004c34c 22cea063bce94d8c8a4a798de06b5c55 810e9f79d86047a1b7eb98f365f27191 - - default default] 10.0.0.28 "GET /v2.0/security-groups?id=7c2176ea-4f9d-454f-b941-4ea534e40ec4&fields=id&fields=name HTTP/1.1" status: 200 len: 286 time: 0.0525019
2026-08-05 22:49:11.988 9 INFO neutron.wsgi [None req-5dfff4f1-4f2f-4af7-8e2c-faa3e2c1eebb 4743db96281e42859de3b68d9d113c95 0425d277011e4fa182594e438a8b53b8 - - default default] 10.0.0.126 "GET /v2.0/routers?tags-any=red%2Cblue HTTP/1.1" status: 200 len: 1601 time: 0.1036570
2026-08-05 22:49:12.080 10 INFO neutron.wsgi [None req-0e589269-e97f-4741-af23-8f76d00d1aed 4743db96281e42859de3b68d9d113c95 0425d277011e4fa182594e438a8b53b8 - - default default] 10.0.0.126 "GET /v2.0/routers?not-tags=red HTTP/1.1" status: 200 len: 1116 time: 0.0828636
2026-08-05 22:49:12.125 9 INFO neutron.notifiers.nova [-] Nova event matching ['req-8e89b0f1-1157-461a-b4e7-b71796ef3f2f'] response: {'server_uuid': 'a96b4bb8-ad45-4a97-8533-8b3985a3fa9a', 'name': 'network-vif-unplugged', 'status': 'completed', 'tag': '7500b630-1522-424a-b455-eb2b864ec73b', 'code': 200}
2026-08-05 22:49:12.186 10 INFO neutron.wsgi [None req-43321814-0508-4331-a5ff-bcce33a9c92d 4743db96281e42859de3b68d9d113c95 0425d277011e4fa182594e438a8b53b8 - - default default] 10.0.0.126 "GET /v2.0/routers?not-tags=red%2Cblue HTTP/1.1" status: 200 len: 1573 time: 0.0937443
2026-08-05 22:49:12.224 9 INFO neutron.wsgi [req-7d281831-5d49-4952-9873-7aaea8213e03 req-c84598b2-7cb6-4d7b-ad5d-0af2f503c6e3 22cea063bce94d8c8a4a798de06b5c55 810e9f79d86047a1b7eb98f365f27191 - - default default] 199.19.213.156 "GET /v2.0/ports?device_id=a96b4bb8-ad45-4a97-8533-8b3985a3fa9a HTTP/1.1" status: 200 len: 1168 time: 0.0475345
2026-08-05 22:49:12.258 10 INFO neutron.wsgi [None req-422beef9-e925-4743-b505-891f0932eefb 4743db96281e42859de3b68d9d113c95 0425d277011e4fa182594e438a8b53b8 - - default default] 10.0.0.126 "GET /v2.0/routers?not-tags-any=blue HTTP/1.1" status: 200 len: 1573 time: 0.0683143
2026-08-05 22:49:12.453 9 INFO neutron.db.ovn_revision_numbers_db [None req-1e1984d3-38a8-420e-a40a-ce93f14db32e - - - - - -] Successfully bumped revision number for resource 7500b630-1522-424a-b455-eb2b864ec73b (type: ports) to 5
2026-08-05 22:49:12.509 9 INFO neutron.db.ovn_revision_numbers_db [None req-5c40b905-01a8-4bd6-8b33-006b572eb3d2 ae0821e45f15438297ff944d482de91f 9e352ec064cd482aa1501428526e8c12 - - default default] Successfully bumped revision number for resource 6db013a7-2422-499f-aa7c-9c7eefbdafb0 (type: ports) to 2
2026-08-05 22:49:12.560 9 INFO neutron.db.ovn_revision_numbers_db [None req-5c40b905-01a8-4bd6-8b33-006b572eb3d2 ae0821e45f15438297ff944d482de91f 9e352ec064cd482aa1501428526e8c12 - - default default] Successfully bumped revision number for resource 7b42839b-2eae-4334-bca7-93decf2ede34 (type: subnets) to 0
2026-08-05 22:49:12.566 10 INFO neutron.wsgi [None req-e254d38a-bae9-41ae-8095-caf6b16d0b73 4743db96281e42859de3b68d9d113c95 0425d277011e4fa182594e438a8b53b8 - - default default] 10.0.0.126 "GET /v2.0/routers?not-tags-any=red%2Cblue HTTP/1.1" status: 200 len: 1116 time: 0.3024805
2026-08-05 22:49:12.583 9 INFO neutron.wsgi [None req-5c40b905-01a8-4bd6-8b33-006b572eb3d2 ae0821e45f15438297ff944d482de91f 9e352ec064cd482aa1501428526e8c12 - - default default] 10.0.0.126 "POST /v2.0/subnets HTTP/1.1" status: 201 len: 804 time: 1.2299867 /var/lib/openstack/lib/python3.10/site-packages/pycadf/identifier.py:71: UserWarning: Invalid uuid: neutron. To ensure interoperability, identifiers should be a valid uuid. warnings.warn(('Invalid uuid: %s. To ensure interoperability, '
2026-08-05 22:49:12.622 10 INFO neutron.wsgi [None req-004da2f1-152a-4fc5-9cf6-34915892a37b 4743db96281e42859de3b68d9d113c95 0425d277011e4fa182594e438a8b53b8 - - default default] 10.0.0.126 "GET /v2.0/routers/37517c4a-c8a2-441d-a937-3a116770e369 HTTP/1.1" status: 200 len: 660 time: 0.0484226
2026-08-05 22:49:12.668 9 INFO neutron.wsgi [req-7d281831-5d49-4952-9873-7aaea8213e03 req-5a488964-0f5b-48c2-a4ce-d9f538b001c0 22cea063bce94d8c8a4a798de06b5c55 810e9f79d86047a1b7eb98f365f27191 - - default default] 199.19.213.156 "DELETE /v2.0/ports/7500b630-1522-424a-b455-eb2b864ec73b HTTP/1.1" status: 204 len: 173 time: 0.4346778
2026-08-05 22:49:12.696 9 INFO neutron.db.segments_db [None req-f73064c6-0c92-4f89-8705-6c198735d3a1 ae0821e45f15438297ff944d482de91f 9e352ec064cd482aa1501428526e8c12 - - default default] Added segment 21d12858-314a-41d5-a269-4aa1058a9277 of type geneve for network 0ec107ef-e127-48a1-a776-1585e4506332
2026-08-05 22:49:12.885 9 INFO neutron.db.ovn_revision_numbers_db [None req-f73064c6-0c92-4f89-8705-6c198735d3a1 ae0821e45f15438297ff944d482de91f 9e352ec064cd482aa1501428526e8c12 - - default default] Successfully bumped revision number for resource 0ec107ef-e127-48a1-a776-1585e4506332 (type: networks) to 1
2026-08-05 22:49:13.067 10 INFO neutron.wsgi [req-12c1c4bb-10e0-433f-b547-7afa0867a9f7 req-8e7eca78-2cde-46ed-8f32-cc32057b678c 22cea063bce94d8c8a4a798de06b5c55 810e9f79d86047a1b7eb98f365f27191 - - default default] 10.0.0.28 "GET /v2.0/ports?device_id=a96b4bb8-ad45-4a97-8533-8b3985a3fa9a HTTP/1.1" status: 200 len: 210 time: 0.0192850
2026-08-05 22:49:13.080 9 WARNING neutron.scheduler.dhcp_agent_scheduler [None req-f73064c6-0c92-4f89-8705-6c198735d3a1 ae0821e45f15438297ff944d482de91f 9e352ec064cd482aa1501428526e8c12 - - default default] No more DHCP agents
2026-08-05 22:49:13.086 9 WARNING neutron.api.rpc.agentnotifiers.dhcp_rpc_agent_api [None req-f73064c6-0c92-4f89-8705-6c198735d3a1 ae0821e45f15438297ff944d482de91f 9e352ec064cd482aa1501428526e8c12 - - default default] Unable to schedule network 0ec107ef-e127-48a1-a776-1585e4506332: no agents available; will retry on subsequent port and subnet creation events.
2026-08-05 22:49:13.115 10 INFO neutron.db.ovn_revision_numbers_db [None req-c94f1163-78c9-46c2-8a3a-6154afc0c3e7 4743db96281e42859de3b68d9d113c95 0425d277011e4fa182594e438a8b53b8 - - default default] Successfully bumped revision number for resource 37517c4a-c8a2-441d-a937-3a116770e369 (type: routers) to 2
2026-08-05 22:49:13.119 10 INFO neutron.wsgi [None req-c94f1163-78c9-46c2-8a3a-6154afc0c3e7 4743db96281e42859de3b68d9d113c95 0425d277011e4fa182594e438a8b53b8 - - default default] 10.0.0.126 "PUT /v2.0/routers/37517c4a-c8a2-441d-a937-3a116770e369 HTTP/1.1" status: 200 len: 660 time: 0.4911146
2026-08-05 22:49:13.150 10 INFO neutron.wsgi [None req-b8fc8719-5ebd-47da-82d5-14edfe857b24 4743db96281e42859de3b68d9d113c95 0425d277011e4fa182594e438a8b53b8 - - default default] 10.0.0.126 "GET /v2.0/ports?device_id=37517c4a-c8a2-441d-a937-3a116770e369 HTTP/1.1" status: 200 len: 205 time: 0.0255721
2026-08-05 22:49:13.253 9 INFO neutron.db.ovn_revision_numbers_db [None req-f73064c6-0c92-4f89-8705-6c198735d3a1 ae0821e45f15438297ff944d482de91f 9e352ec064cd482aa1501428526e8c12 - - default default] Successfully bumped revision number for resource c5531a63-f381-4fa2-9ff3-d7639c28869f (type: ports) to 1
2026-08-05 22:49:13.279 9 INFO neutron.wsgi [None req-f73064c6-0c92-4f89-8705-6c198735d3a1 ae0821e45f15438297ff944d482de91f 9e352ec064cd482aa1501428526e8c12 - - default default] 10.0.0.126 "POST /v2.0/networks HTTP/1.1" status: 201 len: 830 time: 0.6907551
2026-08-05 22:49:13.484 10 INFO neutron.wsgi [None req-94e7e890-e55d-44e2-aedb-e9e5d159da9f 4743db96281e42859de3b68d9d113c95 0425d277011e4fa182594e438a8b53b8 - - default default] 10.0.0.126 "DELETE /v2.0/routers/37517c4a-c8a2-441d-a937-3a116770e369 HTTP/1.1" status: 204 len: 168 time: 0.3086274
2026-08-05 22:49:13.533 10 INFO neutron.wsgi [None req-c1e8aee1-b5ba-47e9-83de-6b408f66bc22 4743db96281e42859de3b68d9d113c95 0425d277011e4fa182594e438a8b53b8 - - default default] 10.0.0.126 "GET /v2.0/routers/26e0720e-eb19-4b21-88fb-c721c527dc74 HTTP/1.1" status: 200 len: 668 time: 0.0451758
2026-08-05 22:49:13.560 9 WARNING neutron.scheduler.dhcp_agent_scheduler [None req-353f27ac-188d-463d-9110-7ffb59083ce5 ae0821e45f15438297ff944d482de91f 9e352ec064cd482aa1501428526e8c12 - - default default] No more DHCP agents
2026-08-05 22:49:13.562 9 WARNING neutron.api.rpc.agentnotifiers.dhcp_rpc_agent_api [None req-353f27ac-188d-463d-9110-7ffb59083ce5 ae0821e45f15438297ff944d482de91f 9e352ec064cd482aa1501428526e8c12 - - default default] Unable to schedule network 0ec107ef-e127-48a1-a776-1585e4506332: no agents available; will retry on subsequent port and subnet creation events.
2026-08-05 22:49:13.943 10 INFO neutron.db.ovn_revision_numbers_db [None req-638d08a0-dcc9-4f0d-b312-9db601a95110 4743db96281e42859de3b68d9d113c95 0425d277011e4fa182594e438a8b53b8 - - default default] Successfully bumped revision number for resource 26e0720e-eb19-4b21-88fb-c721c527dc74 (type: routers) to 2
2026-08-05 22:49:13.949 10 INFO neutron.wsgi [None req-638d08a0-dcc9-4f0d-b312-9db601a95110 4743db96281e42859de3b68d9d113c95 0425d277011e4fa182594e438a8b53b8 - - default default] 10.0.0.126 "PUT /v2.0/routers/26e0720e-eb19-4b21-88fb-c721c527dc74 HTTP/1.1" status: 200 len: 668 time: 0.4093955
2026-08-05 22:49:13.982 10 INFO neutron.wsgi [None req-dffc7390-a7fa-42fb-bcb0-d1d69110efb9 4743db96281e42859de3b68d9d113c95 0425d277011e4fa182594e438a8b53b8 - - default default] 10.0.0.126 "GET /v2.0/ports?device_id=26e0720e-eb19-4b21-88fb-c721c527dc74 HTTP/1.1" status: 200 len: 205 time: 0.0285490
2026-08-05 22:49:14.166 9 INFO neutron.notifiers.nova [-] Nova event matching ['req-f5adc151-9636-489d-8148-c0061cfbee88'] response: {'server_uuid': 'a96b4bb8-ad45-4a97-8533-8b3985a3fa9a', 'name': 'network-vif-plugged', 'status': 'completed', 'tag': '7500b630-1522-424a-b455-eb2b864ec73b', 'code': 200}
2026-08-05 22:49:14.166 9 INFO neutron.notifiers.nova [-] Nova event matching ['req-f5adc151-9636-489d-8148-c0061cfbee88'] response: {'server_uuid': 'a96b4bb8-ad45-4a97-8533-8b3985a3fa9a', 'name': 'network-vif-deleted', 'tag': '7500b630-1522-424a-b455-eb2b864ec73b', 'status': 'completed', 'code': 200}
2026-08-05 22:49:14.200 10 INFO neutron.wsgi [None req-b695c3e2-fbcb-4b87-9891-236018881cdf 4743db96281e42859de3b68d9d113c95 0425d277011e4fa182594e438a8b53b8 - - default default] 10.0.0.126 "DELETE /v2.0/routers/26e0720e-eb19-4b21-88fb-c721c527dc74 HTTP/1.1" status: 204 len: 168 time: 0.2096093
2026-08-05 22:49:14.256 9 INFO neutron.wsgi [None req-fc2935f0-915b-46c5-9593-e22393317c19 4743db96281e42859de3b68d9d113c95 0425d277011e4fa182594e438a8b53b8 - - default default] 10.0.0.126 "GET /v2.0/routers/343bcf44-d0c3-4ff0-9780-435f28e5003e HTTP/1.1" status: 200 len: 677 time: 0.0508618
2026-08-05 22:49:14.281 9 INFO neutron.db.ovn_revision_numbers_db [None req-353f27ac-188d-463d-9110-7ffb59083ce5 ae0821e45f15438297ff944d482de91f 9e352ec064cd482aa1501428526e8c12 - - default default] Successfully bumped revision number for resource c5531a63-f381-4fa2-9ff3-d7639c28869f (type: ports) to 2
2026-08-05 22:49:14.311 9 INFO neutron.db.ovn_revision_numbers_db [None req-353f27ac-188d-463d-9110-7ffb59083ce5 ae0821e45f15438297ff944d482de91f 9e352ec064cd482aa1501428526e8c12 - - default default] Successfully bumped revision number for resource 371a86fa-3749-4bb7-bb67-58bc0c623d54 (type: subnets) to 0
2026-08-05 22:49:14.324 9 INFO neutron.wsgi [None req-353f27ac-188d-463d-9110-7ffb59083ce5 ae0821e45f15438297ff944d482de91f 9e352ec064cd482aa1501428526e8c12 - - default default] 10.0.0.126 "POST /v2.0/subnets HTTP/1.1" status: 201 len: 804 time: 1.0412347
2026-08-05 22:49:14.433 9 INFO neutron.db.segments_db [None req-c13c21fb-db6f-4c56-ab0d-8a71676327f9 ae0821e45f15438297ff944d482de91f 9e352ec064cd482aa1501428526e8c12 - - default default] Added segment 9afcebfd-4dbf-4770-899f-332fa73d3819 of type geneve for network efccf601-ed77-4b6e-aaf8-1e05f37c1189
2026-08-05 22:49:14.576 9 INFO neutron.db.ovn_revision_numbers_db [None req-c13c21fb-db6f-4c56-ab0d-8a71676327f9 ae0821e45f15438297ff944d482de91f 9e352ec064cd482aa1501428526e8c12 - - default default] Successfully bumped revision number for resource efccf601-ed77-4b6e-aaf8-1e05f37c1189 (type: networks) to 1
2026-08-05 22:49:14.751 9 WARNING neutron.scheduler.dhcp_agent_scheduler [None req-c13c21fb-db6f-4c56-ab0d-8a71676327f9 ae0821e45f15438297ff944d482de91f 9e352ec064cd482aa1501428526e8c12 - - default default] No more DHCP agents
2026-08-05 22:49:14.752 9 WARNING neutron.api.rpc.agentnotifiers.dhcp_rpc_agent_api [None req-c13c21fb-db6f-4c56-ab0d-8a71676327f9 ae0821e45f15438297ff944d482de91f 9e352ec064cd482aa1501428526e8c12 - - default default] Unable to schedule network efccf601-ed77-4b6e-aaf8-1e05f37c1189: no agents available; will retry on subsequent port and subnet creation events.
2026-08-05 22:49:14.826 9 INFO neutron.db.ovn_revision_numbers_db [None req-c13c21fb-db6f-4c56-ab0d-8a71676327f9 ae0821e45f15438297ff944d482de91f 9e352ec064cd482aa1501428526e8c12 - - default default] Successfully bumped revision number for resource c3d23438-ace7-4e58-9714-2c0b113ff4df (type: ports) to 1
2026-08-05 22:49:14.846 9 INFO neutron.wsgi [None req-c13c21fb-db6f-4c56-ab0d-8a71676327f9 ae0821e45f15438297ff944d482de91f 9e352ec064cd482aa1501428526e8c12 - - default default] 10.0.0.126 "POST /v2.0/networks HTTP/1.1" status: 201 len: 831 time: 0.5170381
2026-08-05 22:49:14.880 10 INFO neutron.db.ovn_revision_numbers_db [None req-0d6ac396-3c7e-406e-9adb-119a46e5e106 4743db96281e42859de3b68d9d113c95 0425d277011e4fa182594e438a8b53b8 - - default default] Successfully bumped revision number for resource 343bcf44-d0c3-4ff0-9780-435f28e5003e (type: routers) to 2
2026-08-05 22:49:14.884 10 INFO neutron.wsgi [None req-0d6ac396-3c7e-406e-9adb-119a46e5e106 4743db96281e42859de3b68d9d113c95 0425d277011e4fa182594e438a8b53b8 - - default default] 10.0.0.126 "PUT /v2.0/routers/343bcf44-d0c3-4ff0-9780-435f28e5003e HTTP/1.1" status: 200 len: 677 time: 0.6203489
2026-08-05 22:49:14.906 9 INFO neutron.wsgi [None req-59335493-c5e2-4680-ac83-8094ef199606 4743db96281e42859de3b68d9d113c95 0425d277011e4fa182594e438a8b53b8 - - default default] 10.0.0.126 "GET /v2.0/ports?device_id=343bcf44-d0c3-4ff0-9780-435f28e5003e HTTP/1.1" status: 200 len: 205 time: 0.0172937
2026-08-05 22:49:15.084 9 WARNING neutron.scheduler.dhcp_agent_scheduler [None req-34e3a36b-3471-4749-aef5-3ef3e38aaa14 ae0821e45f15438297ff944d482de91f 9e352ec064cd482aa1501428526e8c12 - - default default] No more DHCP agents
2026-08-05 22:49:15.087 9 WARNING neutron.api.rpc.agentnotifiers.dhcp_rpc_agent_api [None req-34e3a36b-3471-4749-aef5-3ef3e38aaa14 ae0821e45f15438297ff944d482de91f 9e352ec064cd482aa1501428526e8c12 - - default default] Unable to schedule network efccf601-ed77-4b6e-aaf8-1e05f37c1189: no agents available; will retry on subsequent port and subnet creation events.
2026-08-05 22:49:15.113 10 INFO neutron.wsgi [None req-be0085b4-5429-4fd2-bbca-bc77a8ae0474 4743db96281e42859de3b68d9d113c95 0425d277011e4fa182594e438a8b53b8 - - default default] 10.0.0.126 "DELETE /v2.0/routers/343bcf44-d0c3-4ff0-9780-435f28e5003e HTTP/1.1" status: 204 len: 168 time: 0.2011237
2026-08-05 22:49:15.156 10 INFO neutron.wsgi [None req-059976c3-4822-412a-aaa4-60f5cb022cbd 4743db96281e42859de3b68d9d113c95 0425d277011e4fa182594e438a8b53b8 - - default default] 10.0.0.126 "GET /v2.0/routers/463d4395-073b-4511-9969-0cd7a6eb4977 HTTP/1.1" status: 200 len: 662 time: 0.0384593
2026-08-05 22:49:15.622 10 INFO neutron.db.ovn_revision_numbers_db [None req-1aebfe11-2fd5-4bf2-b120-9d24e3f729f5 4743db96281e42859de3b68d9d113c95 0425d277011e4fa182594e438a8b53b8 - - default default] Successfully bumped revision number for resource 463d4395-073b-4511-9969-0cd7a6eb4977 (type: routers) to 2
2026-08-05 22:49:15.626 10 INFO neutron.wsgi [None req-1aebfe11-2fd5-4bf2-b120-9d24e3f729f5 4743db96281e42859de3b68d9d113c95 0425d277011e4fa182594e438a8b53b8 - - default default] 10.0.0.126 "PUT /v2.0/routers/463d4395-073b-4511-9969-0cd7a6eb4977 HTTP/1.1" status: 200 len: 662 time: 0.4643638
2026-08-05 22:49:15.652 10 INFO neutron.wsgi [None req-eb2b59a7-1eb8-48e2-a946-5f56b39c39c3 4743db96281e42859de3b68d9d113c95 0425d277011e4fa182594e438a8b53b8 - - default default] 10.0.0.126 "GET /v2.0/ports?device_id=463d4395-073b-4511-9969-0cd7a6eb4977 HTTP/1.1" status: 200 len: 205 time: 0.0213866
2026-08-05 22:49:15.699 9 INFO neutron.db.ovn_revision_numbers_db [None req-34e3a36b-3471-4749-aef5-3ef3e38aaa14 ae0821e45f15438297ff944d482de91f 9e352ec064cd482aa1501428526e8c12 - - default default] Successfully bumped revision number for resource c3d23438-ace7-4e58-9714-2c0b113ff4df (type: ports) to 2
2026-08-05 22:49:15.751 9 INFO neutron.db.ovn_revision_numbers_db [None req-34e3a36b-3471-4749-aef5-3ef3e38aaa14 ae0821e45f15438297ff944d482de91f 9e352ec064cd482aa1501428526e8c12 - - default default] Successfully bumped revision number for resource 0db23114-0acd-42cb-aa7b-9000df8a0c26 (type: subnets) to 0
2026-08-05 22:49:15.765 9 INFO neutron.wsgi [None req-34e3a36b-3471-4749-aef5-3ef3e38aaa14 ae0821e45f15438297ff944d482de91f 9e352ec064cd482aa1501428526e8c12 - - default default] 10.0.0.126 "POST /v2.0/subnets HTTP/1.1" status: 201 len: 804 time: 0.9141188
2026-08-05 22:49:15.879 10 INFO neutron.wsgi [None req-4377e26a-551c-4749-9b12-ab404d16d8ac 4743db96281e42859de3b68d9d113c95 0425d277011e4fa182594e438a8b53b8 - - default default] 10.0.0.126 "DELETE /v2.0/routers/463d4395-073b-4511-9969-0cd7a6eb4977 HTTP/1.1" status: 204 len: 168 time: 0.2198296
2026-08-05 22:49:15.887 9 INFO neutron.db.segments_db [None req-8d869072-9e7c-4972-b8dd-1ea091841c8a ae0821e45f15438297ff944d482de91f 9e352ec064cd482aa1501428526e8c12 - - default default] Added segment 8541ebfb-3e09-4835-a558-d5d03b5fca08 of type geneve for network 4bad23ad-fcda-4fc8-8639-fa9c40b73bc6
2026-08-05 22:49:15.934 10 INFO neutron.wsgi [None req-e261ee43-d07b-4273-b5f8-0644961a15f6 4743db96281e42859de3b68d9d113c95 0425d277011e4fa182594e438a8b53b8 - - default default] 10.0.0.126 "GET /v2.0/routers/9fd67a8b-08aa-4bc0-a669-27e88e33c003 HTTP/1.1" status: 200 len: 655 time: 0.0511713
2026-08-05 22:49:15.978 9 INFO neutron.wsgi [req-5af795e7-05a6-41eb-81d8-d83a0387741b req-6e7d504c-de55-458f-8409-8b2ac8f3d017 4731050d35844e08aee3c308017e67ac 6a46fecbb3cb43dd8c62af5195c1bbe1 - - 5fab57c627834e10ab1a69078959df56 5fab57c627834e10ab1a69078959df56] 10.0.0.52 "GET /v2.0/ports?device_id=d8c0d7d6-2d90-4372-9f5d-6b35432e08b6 HTTP/1.1" status: 200 len: 1409 time: 0.1339419
2026-08-05 22:49:16.074 9 INFO neutron.wsgi [req-5af795e7-05a6-41eb-81d8-d83a0387741b req-276eac57-b17d-4a1b-8154-06c46d3eaf79 4731050d35844e08aee3c308017e67ac 6a46fecbb3cb43dd8c62af5195c1bbe1 - - 5fab57c627834e10ab1a69078959df56 5fab57c627834e10ab1a69078959df56] 10.0.0.52 "GET /v2.0/security-groups?id=bb91908c-f2b6-4a5e-85ae-c70b63683c46&fields=id&fields=name HTTP/1.1" status: 200 len: 313 time: 0.0880473
2026-08-05 22:49:16.102 9 INFO neutron.db.ovn_revision_numbers_db [None req-8d869072-9e7c-4972-b8dd-1ea091841c8a ae0821e45f15438297ff944d482de91f 9e352ec064cd482aa1501428526e8c12 - - default default] Successfully bumped revision number for resource 4bad23ad-fcda-4fc8-8639-fa9c40b73bc6 (type: networks) to 1
2026-08-05 22:49:16.311 9 WARNING neutron.scheduler.dhcp_agent_scheduler [None req-8d869072-9e7c-4972-b8dd-1ea091841c8a ae0821e45f15438297ff944d482de91f 9e352ec064cd482aa1501428526e8c12 - - default default] No more DHCP agents
