2026-08-05 22:46:54.495 9 INFO neutron.wsgi [req-247e1a18-c31c-4a87-a81c-e94c43d47a6f req-9a983f22-9a0e-496c-bf16-fc0f1bea3c1b 4731050d35844e08aee3c308017e67ac 6a46fecbb3cb43dd8c62af5195c1bbe1 - - 5fab57c627834e10ab1a69078959df56 5fab57c627834e10ab1a69078959df56] 199.19.213.156 "GET /v2.0/networks?id=45b2ea71-0478-44a0-8b58-1f9b6873e372 HTTP/1.1" status: 200 len: 980 time: 0.0617995
2026-08-05 22:46:54.537 9 INFO neutron.wsgi [req-247e1a18-c31c-4a87-a81c-e94c43d47a6f req-04359484-fe87-46fe-b9d6-215cb4edc803 4731050d35844e08aee3c308017e67ac 6a46fecbb3cb43dd8c62af5195c1bbe1 - - 5fab57c627834e10ab1a69078959df56 5fab57c627834e10ab1a69078959df56] 199.19.213.156 "GET /v2.0/floatingips?fixed_ip_address=10.100.0.8&port_id=6e4302e6-1566-4298-a552-6346a357b752 HTTP/1.1" status: 200 len: 217 time: 0.0362604
2026-08-05 22:46:54.581 9 INFO neutron.plugins.ml2.drivers.ovn.mech_driver.mech_driver [None req-1e1984d3-38a8-420e-a40a-ce93f14db32e - - - - - -] OVN reports status up for port: 6e4302e6-1566-4298-a552-6346a357b752
2026-08-05 22:46:54.596 9 INFO neutron.plugins.ml2.plugin [None req-1e1984d3-38a8-420e-a40a-ce93f14db32e - - - - - -] Attempt 1 to provision port 6e4302e6-1566-4298-a552-6346a357b752
2026-08-05 22:46:54.603 9 INFO neutron.wsgi [req-247e1a18-c31c-4a87-a81c-e94c43d47a6f req-1f7dfaa6-6b57-4378-8800-db2b50b61fdb 4731050d35844e08aee3c308017e67ac 6a46fecbb3cb43dd8c62af5195c1bbe1 - - 5fab57c627834e10ab1a69078959df56 5fab57c627834e10ab1a69078959df56] 199.19.213.156 "GET /v2.0/subnets?id=0a0cd6a8-ab68-4a84-ad87-ef403b59a24d HTTP/1.1" status: 200 len: 876 time: 0.0597572
2026-08-05 22:46:54.641 9 INFO neutron.wsgi [req-247e1a18-c31c-4a87-a81c-e94c43d47a6f req-b542cf03-c54f-4585-94e2-5ad6c5efa370 4731050d35844e08aee3c308017e67ac 6a46fecbb3cb43dd8c62af5195c1bbe1 - - 5fab57c627834e10ab1a69078959df56 5fab57c627834e10ab1a69078959df56] 199.19.213.156 "GET /v2.0/ports?network_id=45b2ea71-0478-44a0-8b58-1f9b6873e372&device_owner=network%3Adhcp HTTP/1.1" status: 200 len: 210 time: 0.0282564
2026-08-05 22:46:54.760 9 INFO neutron.wsgi [req-247e1a18-c31c-4a87-a81c-e94c43d47a6f req-fb2937a8-0214-47aa-adf7-a70a952b0835 4731050d35844e08aee3c308017e67ac 6a46fecbb3cb43dd8c62af5195c1bbe1 - - 5fab57c627834e10ab1a69078959df56 5fab57c627834e10ab1a69078959df56] 199.19.213.156 "GET /v2.0/networks/45b2ea71-0478-44a0-8b58-1f9b6873e372?fields=segments HTTP/1.1" status: 200 len: 212 time: 0.1090200
2026-08-05 22:46:54.919 10 WARNING neutron.scheduler.dhcp_agent_scheduler [None req-15788c21-55cd-4439-88f6-6959d8edee31 2b555fb9e9ce46b4baa62398f785ddf3 9d497c664c2d4e4d91e0b8e3cd5d56a2 - - default default] No more DHCP agents
2026-08-05 22:46:54.924 9 INFO neutron.wsgi [req-afb2d414-856e-4a09-a964-732bb8e41987 req-6ff3f15e-a08a-479c-84a2-25aaef012837 00363c0c853942b4b193b7d89ddcd702 5b526bec86ce405da8014d584bd01295 - - default default] 10.0.0.28 "GET /v2.0/ports?device_id=70ed32a9-7470-4d0e-be67-52515da64417 HTTP/1.1" status: 200 len: 1168 time: 0.0909829
2026-08-05 22:46:54.933 10 WARNING neutron.api.rpc.agentnotifiers.dhcp_rpc_agent_api [None req-15788c21-55cd-4439-88f6-6959d8edee31 2b555fb9e9ce46b4baa62398f785ddf3 9d497c664c2d4e4d91e0b8e3cd5d56a2 - - default default] Unable to schedule network c51651f5-3a38-4237-887c-c47a8d6e91e3: no agents available; will retry on subsequent port and subnet creation events.
2026-08-05 22:46:54.935 10 WARNING neutron.scheduler.dhcp_agent_scheduler [None req-57121c51-c267-4254-af6e-d24dd789f597 5b450c54cd86457785add71bb03d6211 604b130c8fdf4608a1cfbe60a0031783 - - default default] No more DHCP agents
2026-08-05 22:46:54.945 10 WARNING neutron.api.rpc.agentnotifiers.dhcp_rpc_agent_api [None req-57121c51-c267-4254-af6e-d24dd789f597 5b450c54cd86457785add71bb03d6211 604b130c8fdf4608a1cfbe60a0031783 - - default default] Unable to schedule network ade734e4-3124-4f73-9260-649585f3df2a: no agents available; will retry on subsequent port and subnet creation events.
2026-08-05 22:46:54.949 9 INFO neutron.wsgi [req-247e1a18-c31c-4a87-a81c-e94c43d47a6f req-591c572f-768f-4390-abfb-2fb6653e5555 4731050d35844e08aee3c308017e67ac 6a46fecbb3cb43dd8c62af5195c1bbe1 - - 5fab57c627834e10ab1a69078959df56 5fab57c627834e10ab1a69078959df56] 199.19.213.156 "GET /v2.0/networks/45b2ea71-0478-44a0-8b58-1f9b6873e372?fields=provider%3Aphysical_network&fields=provider%3Anetwork_type HTTP/1.1" status: 200 len: 277 time: 0.1694531
2026-08-05 22:46:55.022 9 INFO neutron.wsgi [req-afb2d414-856e-4a09-a964-732bb8e41987 req-391c430a-d034-446c-9d5d-0ed8b9f44788 00363c0c853942b4b193b7d89ddcd702 5b526bec86ce405da8014d584bd01295 - - default default] 10.0.0.28 "GET /v2.0/security-groups?id=84c7e174-930b-4eef-90bf-bdffc1841a0b&fields=id&fields=name HTTP/1.1" status: 200 len: 313 time: 0.0847569
2026-08-05 22:46:55.098 10 INFO neutron.db.ovn_revision_numbers_db [None req-15788c21-55cd-4439-88f6-6959d8edee31 2b555fb9e9ce46b4baa62398f785ddf3 9d497c664c2d4e4d91e0b8e3cd5d56a2 - - default default] Successfully bumped revision number for resource f9139441-7b0d-4824-971f-6a0572cb6d35 (type: ports) to 1
2026-08-05 22:46:55.141 9 INFO neutron.db.ovn_revision_numbers_db [None req-1e1984d3-38a8-420e-a40a-ce93f14db32e - - - - - -] Successfully bumped revision number for resource 6e4302e6-1566-4298-a552-6346a357b752 (type: ports) to 4
2026-08-05 22:46:55.156 10 INFO neutron.wsgi [None req-15788c21-55cd-4439-88f6-6959d8edee31 2b555fb9e9ce46b4baa62398f785ddf3 9d497c664c2d4e4d91e0b8e3cd5d56a2 - - default default] 10.0.0.126 "POST /v2.0/networks HTTP/1.1" status: 201 len: 946 time: 1.9548497
2026-08-05 22:46:55.286 10 INFO neutron.db.ovn_revision_numbers_db [None req-57121c51-c267-4254-af6e-d24dd789f597 5b450c54cd86457785add71bb03d6211 604b130c8fdf4608a1cfbe60a0031783 - - default default] Successfully bumped revision number for resource 578b54cc-1f5a-46e6-bb5c-237de7ba6764 (type: ports) to 1
2026-08-05 22:46:55.441 10 WARNING neutron.scheduler.dhcp_agent_scheduler [None req-d9531acb-b718-4dda-b5dd-fda22165c27b 43e3686b281047239544026cbd59a198 677a805e7c644dea8e949c42e5aca08b - - default default] No more DHCP agents
2026-08-05 22:46:55.448 10 WARNING neutron.api.rpc.agentnotifiers.dhcp_rpc_agent_api [None req-d9531acb-b718-4dda-b5dd-fda22165c27b 43e3686b281047239544026cbd59a198 677a805e7c644dea8e949c42e5aca08b - - default default] Unable to schedule network 33a510f9-f382-481d-9162-5a25fb079954: no agents available; will retry on subsequent port and subnet creation events.
2026-08-05 22:46:55.481 10 WARNING neutron.scheduler.dhcp_agent_scheduler [None req-b36a3a09-7bfc-47e6-976c-a90077fed592 2b555fb9e9ce46b4baa62398f785ddf3 9d497c664c2d4e4d91e0b8e3cd5d56a2 - - default default] No more DHCP agents
2026-08-05 22:46:55.490 10 WARNING neutron.api.rpc.agentnotifiers.dhcp_rpc_agent_api [None req-b36a3a09-7bfc-47e6-976c-a90077fed592 2b555fb9e9ce46b4baa62398f785ddf3 9d497c664c2d4e4d91e0b8e3cd5d56a2 - - default default] Unable to schedule network c51651f5-3a38-4237-887c-c47a8d6e91e3: no agents available; will retry on subsequent port and subnet creation events.
2026-08-05 22:46:55.626 10 INFO neutron.db.ovn_revision_numbers_db [None req-d9531acb-b718-4dda-b5dd-fda22165c27b 43e3686b281047239544026cbd59a198 677a805e7c644dea8e949c42e5aca08b - - default default] Successfully bumped revision number for resource da396842-fb80-403a-9614-96fdccff9009 (type: ports) to 1
2026-08-05 22:46:55.704 10 WARNING neutron.scheduler.dhcp_agent_scheduler [None req-d9531acb-b718-4dda-b5dd-fda22165c27b 43e3686b281047239544026cbd59a198 677a805e7c644dea8e949c42e5aca08b - - default default] No more DHCP agents
2026-08-05 22:46:55.709 10 WARNING neutron.api.rpc.agentnotifiers.dhcp_rpc_agent_api [None req-d9531acb-b718-4dda-b5dd-fda22165c27b 43e3686b281047239544026cbd59a198 677a805e7c644dea8e949c42e5aca08b - - default default] Unable to schedule network 64815f1f-c548-41de-9372-7aa04fb5556b: no agents available; will retry on subsequent port and subnet creation events.
2026-08-05 22:46:56.003 10 INFO neutron.db.ovn_revision_numbers_db [None req-d9531acb-b718-4dda-b5dd-fda22165c27b 43e3686b281047239544026cbd59a198 677a805e7c644dea8e949c42e5aca08b - - default default] Successfully bumped revision number for resource 4185a7a2-e31a-4077-9635-bea7768bd9ef (type: ports) to 1
2026-08-05 22:46:56.042 9 INFO neutron.notifiers.nova [-] Nova event matching ['req-830d1a38-0227-427f-9c7b-12b1ffe15825'] response: {'server_uuid': '70ed32a9-7470-4d0e-be67-52515da64417', 'name': 'network-vif-plugged', 'status': 'completed', 'tag': '6e4302e6-1566-4298-a552-6346a357b752', 'code': 200}
2026-08-05 22:46:56.043 9 INFO neutron.notifiers.nova [-] Nova event matching ['req-830d1a38-0227-427f-9c7b-12b1ffe15825'] response: {'server_uuid': '70ed32a9-7470-4d0e-be67-52515da64417', 'name': 'network-vif-plugged', 'status': 'completed', 'tag': '6e4302e6-1566-4298-a552-6346a357b752', 'code': 200}
2026-08-05 22:46:56.052 10 INFO neutron.wsgi [None req-d9531acb-b718-4dda-b5dd-fda22165c27b 43e3686b281047239544026cbd59a198 677a805e7c644dea8e949c42e5aca08b - - default default] 10.0.0.126 "POST /v2.0/ports HTTP/1.1" status: 201 len: 1706 time: 1.9072804 /var/lib/openstack/lib/python3.10/site-packages/pycadf/identifier.py:71: UserWarning: Invalid uuid: neutron. To ensure interoperability, identifiers should be a valid uuid. warnings.warn(('Invalid uuid: %s. To ensure interoperability, '
2026-08-05 22:46:56.169 9 INFO neutron.wsgi [req-b8d56b27-0747-4d59-9cc6-10bf7b76c673 req-3e622c28-4dfc-433b-9986-52ded94a54ea 00363c0c853942b4b193b7d89ddcd702 5b526bec86ce405da8014d584bd01295 - - default default] 10.0.0.28 "GET /v2.0/ports?device_id=70ed32a9-7470-4d0e-be67-52515da64417 HTTP/1.1" status: 200 len: 1170 time: 0.0603659
2026-08-05 22:46:56.248 9 INFO neutron.wsgi [None req-e3c41797-350a-4da6-8164-090809a470ed 43e3686b281047239544026cbd59a198 677a805e7c644dea8e949c42e5aca08b - - default default] 10.0.0.126 "GET /v2.0/ports HTTP/1.1" status: 200 len: 3213 time: 0.1915944
2026-08-05 22:46:56.252 9 INFO neutron.wsgi [req-b8d56b27-0747-4d59-9cc6-10bf7b76c673 req-9dcf8656-5042-4638-b9c1-5bb210a323ec 00363c0c853942b4b193b7d89ddcd702 5b526bec86ce405da8014d584bd01295 - - default default] 10.0.0.28 "GET /v2.0/security-groups?id=84c7e174-930b-4eef-90bf-bdffc1841a0b&fields=id&fields=name HTTP/1.1" status: 200 len: 313 time: 0.0739779
2026-08-05 22:46:56.362 10 INFO neutron.plugins.ml2.drivers.ovn.mech_driver.mech_driver [None req-e99fcf17-9e22-485e-ab5f-08d15ed9cbf3 - - - - - -] OVN reports status up for port: 578b54cc-1f5a-46e6-bb5c-237de7ba6764
2026-08-05 22:46:56.385 10 INFO neutron.plugins.ml2.plugin [None req-e99fcf17-9e22-485e-ab5f-08d15ed9cbf3 - - - - - -] Attempt 1 to provision port 578b54cc-1f5a-46e6-bb5c-237de7ba6764
2026-08-05 22:46:56.399 10 INFO neutron.db.ovn_revision_numbers_db [None req-57121c51-c267-4254-af6e-d24dd789f597 5b450c54cd86457785add71bb03d6211 604b130c8fdf4608a1cfbe60a0031783 - - default default] Successfully bumped revision number for resource 578b54cc-1f5a-46e6-bb5c-237de7ba6764 (type: router_ports) to 1
2026-08-05 22:46:56.415 10 INFO neutron.db.ovn_revision_numbers_db [None req-b36a3a09-7bfc-47e6-976c-a90077fed592 2b555fb9e9ce46b4baa62398f785ddf3 9d497c664c2d4e4d91e0b8e3cd5d56a2 - - default default] Successfully bumped revision number for resource f9139441-7b0d-4824-971f-6a0572cb6d35 (type: ports) to 2
2026-08-05 22:46:56.477 10 INFO neutron.db.ovn_revision_numbers_db [None req-b36a3a09-7bfc-47e6-976c-a90077fed592 2b555fb9e9ce46b4baa62398f785ddf3 9d497c664c2d4e4d91e0b8e3cd5d56a2 - - default default] Successfully bumped revision number for resource 23bb8b14-da30-4366-a0ee-8e7f045706a8 (type: subnets) to 0
2026-08-05 22:46:56.490 10 INFO neutron.db.ovn_revision_numbers_db [None req-57121c51-c267-4254-af6e-d24dd789f597 5b450c54cd86457785add71bb03d6211 604b130c8fdf4608a1cfbe60a0031783 - - default default] Successfully bumped revision number for resource 5b2b33b2-b8b1-4aa2-b72c-87dca426cb2f (type: routers) to 2
2026-08-05 22:46:56.498 10 INFO neutron.wsgi [None req-b36a3a09-7bfc-47e6-976c-a90077fed592 2b555fb9e9ce46b4baa62398f785ddf3 9d497c664c2d4e4d91e0b8e3cd5d56a2 - - default default] 10.0.0.126 "POST /v2.0/subnets HTTP/1.1" status: 201 len: 866 time: 1.3338897
2026-08-05 22:46:56.503 10 INFO neutron.wsgi [None req-57121c51-c267-4254-af6e-d24dd789f597 5b450c54cd86457785add71bb03d6211 604b130c8fdf4608a1cfbe60a0031783 - - default default] 10.0.0.126 "POST /v2.0/routers HTTP/1.1" status: 201 len: 873 time: 2.7169592 /var/lib/openstack/lib/python3.10/site-packages/pycadf/identifier.py:71: UserWarning: Invalid uuid: neutron. To ensure interoperability, identifiers should be a valid uuid. warnings.warn(('Invalid uuid: %s. To ensure interoperability, '
2026-08-05 22:46:56.530 9 INFO neutron.wsgi [None req-4cfd36b4-0bd8-469b-bcf9-d955cf4d417f 43e3686b281047239544026cbd59a198 677a805e7c644dea8e949c42e5aca08b - - default default] 10.0.0.126 "DELETE /v2.0/ports/da396842-fb80-403a-9614-96fdccff9009 HTTP/1.1" status: 204 len: 168 time: 0.2755554
2026-08-05 22:46:56.910 9 INFO neutron.wsgi [None req-d71ada29-176b-4bf6-8677-c1f39ad14958 43e3686b281047239544026cbd59a198 677a805e7c644dea8e949c42e5aca08b - - default default] 10.0.0.126 "DELETE /v2.0/ports/4185a7a2-e31a-4077-9635-bea7768bd9ef HTTP/1.1" status: 204 len: 168 time: 0.3753030
2026-08-05 22:46:56.959 9 INFO neutron.wsgi [None req-1b9b335e-d7ff-42ee-a8ca-eb4ed4a5250a 43e3686b281047239544026cbd59a198 677a805e7c644dea8e949c42e5aca08b - - default default] 10.0.0.126 "GET /v2.0/ports HTTP/1.1" status: 200 len: 1718 time: 0.0446377
2026-08-05 22:46:57.065 9 INFO neutron.db.segments_db [None req-9cc4d4ba-79a4-443d-9ef0-a44ce73b6129 43e3686b281047239544026cbd59a198 677a805e7c644dea8e949c42e5aca08b - - default default] Added segment 179960b1-07b7-46fa-82d0-9c9d960dbb7e of type geneve for network bf3169de-91e9-459d-aa9b-369454bca938
2026-08-05 22:46:57.077 10 WARNING neutron.scheduler.dhcp_agent_scheduler [None req-cb1c1e3a-be2a-4b48-ab39-a04d6f50e24f 5b450c54cd86457785add71bb03d6211 604b130c8fdf4608a1cfbe60a0031783 - - default default] No more DHCP agents
2026-08-05 22:46:57.092 10 WARNING neutron.api.rpc.agentnotifiers.dhcp_rpc_agent_api [None req-cb1c1e3a-be2a-4b48-ab39-a04d6f50e24f 5b450c54cd86457785add71bb03d6211 604b130c8fdf4608a1cfbe60a0031783 - - default default] Unable to schedule network 0f99d5e7-9f26-430f-8fb7-aa6302172347: no agents available; will retry on subsequent port and subnet creation events.
2026-08-05 22:46:57.293 10 INFO neutron.db.ovn_revision_numbers_db [None req-cb1c1e3a-be2a-4b48-ab39-a04d6f50e24f 5b450c54cd86457785add71bb03d6211 604b130c8fdf4608a1cfbe60a0031783 - - default default] Successfully bumped revision number for resource 2944ae1f-fa17-4959-af35-f43fd6f34588 (type: ports) to 1
2026-08-05 22:46:57.342 9 WARNING neutron.scheduler.dhcp_agent_scheduler [None req-5908eb99-7399-4ddc-a448-5c2999f4d7bf 2b555fb9e9ce46b4baa62398f785ddf3 9d497c664c2d4e4d91e0b8e3cd5d56a2 - - default default] No more DHCP agents
2026-08-05 22:46:57.348 9 WARNING neutron.api.rpc.agentnotifiers.dhcp_rpc_agent_api [None req-5908eb99-7399-4ddc-a448-5c2999f4d7bf 2b555fb9e9ce46b4baa62398f785ddf3 9d497c664c2d4e4d91e0b8e3cd5d56a2 - - default default] Unable to schedule network ade734e4-3124-4f73-9260-649585f3df2a: no agents available; will retry on subsequent port and subnet creation events.
2026-08-05 22:46:57.460 9 INFO neutron.db.ovn_revision_numbers_db [None req-9cc4d4ba-79a4-443d-9ef0-a44ce73b6129 43e3686b281047239544026cbd59a198 677a805e7c644dea8e949c42e5aca08b - - default default] Successfully bumped revision number for resource bf3169de-91e9-459d-aa9b-369454bca938 (type: networks) to 1
2026-08-05 22:46:57.596 9 INFO neutron.db.ovn_revision_numbers_db [None req-5908eb99-7399-4ddc-a448-5c2999f4d7bf 2b555fb9e9ce46b4baa62398f785ddf3 9d497c664c2d4e4d91e0b8e3cd5d56a2 - - default default] Successfully bumped revision number for resource c643233f-6d00-4b0b-8b11-c59da50187fb (type: ports) to 1
2026-08-05 22:46:57.639 10 INFO neutron.wsgi [req-360f55a9-b72a-4dbd-aaa4-ee66692cc562 req-c23907a4-3709-4445-8267-c76c9f64cac3 00363c0c853942b4b193b7d89ddcd702 5b526bec86ce405da8014d584bd01295 - - default default] 10.0.0.28 "GET /v2.0/ports?device_id=70ed32a9-7470-4d0e-be67-52515da64417 HTTP/1.1" status: 200 len: 1170 time: 0.3046238
2026-08-05 22:46:57.688 9 WARNING neutron.scheduler.dhcp_agent_scheduler [None req-9cc4d4ba-79a4-443d-9ef0-a44ce73b6129 43e3686b281047239544026cbd59a198 677a805e7c644dea8e949c42e5aca08b - - default default] No more DHCP agents
2026-08-05 22:46:57.692 10 INFO neutron.wsgi [req-360f55a9-b72a-4dbd-aaa4-ee66692cc562 req-03d17ef5-0c0b-4dd4-aa1b-3ae5e165f39d 00363c0c853942b4b193b7d89ddcd702 5b526bec86ce405da8014d584bd01295 - - default default] 10.0.0.28 "GET /v2.0/security-groups?id=84c7e174-930b-4eef-90bf-bdffc1841a0b&fields=id&fields=name HTTP/1.1" status: 200 len: 313 time: 0.0416613
2026-08-05 22:46:57.692 9 WARNING neutron.api.rpc.agentnotifiers.dhcp_rpc_agent_api [None req-9cc4d4ba-79a4-443d-9ef0-a44ce73b6129 43e3686b281047239544026cbd59a198 677a805e7c644dea8e949c42e5aca08b - - default default] Unable to schedule network bf3169de-91e9-459d-aa9b-369454bca938: no agents available; will retry on subsequent port and subnet creation events.
2026-08-05 22:46:57.788 9 INFO neutron.wsgi [req-34f801cc-4b89-49d0-806f-8e72085c6711 req-b1ac3c77-caf4-4815-b46a-432673db0053 00363c0c853942b4b193b7d89ddcd702 5b526bec86ce405da8014d584bd01295 - - default default] 10.0.0.28 "GET /v2.0/ports?device_id=70ed32a9-7470-4d0e-be67-52515da64417 HTTP/1.1" status: 200 len: 1170 time: 0.0387828
2026-08-05 22:46:57.882 9 INFO neutron.db.ovn_revision_numbers_db [None req-9cc4d4ba-79a4-443d-9ef0-a44ce73b6129 43e3686b281047239544026cbd59a198 677a805e7c644dea8e949c42e5aca08b - - default default] Successfully bumped revision number for resource 5824d390-52f6-446b-8846-ebd76228573d (type: ports) to 1
2026-08-05 22:46:57.928 9 INFO neutron.wsgi [None req-9cc4d4ba-79a4-443d-9ef0-a44ce73b6129 43e3686b281047239544026cbd59a198 677a805e7c644dea8e949c42e5aca08b - - default default] 10.0.0.126 "POST /v2.0/networks HTTP/1.1" status: 201 len: 852 time: 0.9619446
2026-08-05 22:46:58.042 10 INFO neutron.db.segments_db [None req-f583363b-a6d2-4962-93e9-83dbdbe534e6 43e3686b281047239544026cbd59a198 677a805e7c644dea8e949c42e5aca08b - - default default] Added segment 9486266e-5166-4362-856a-c5246f35c71d of type geneve for network 033245dd-a388-47ab-b5e7-7048274dff09
2026-08-05 22:46:58.086 10 INFO neutron.db.ovn_revision_numbers_db [None req-cb1c1e3a-be2a-4b48-ab39-a04d6f50e24f 5b450c54cd86457785add71bb03d6211 604b130c8fdf4608a1cfbe60a0031783 - - default default] Successfully bumped revision number for resource 2944ae1f-fa17-4959-af35-f43fd6f34588 (type: router_ports) to 1
2026-08-05 22:46:58.104 9 INFO neutron.db.l3_db [None req-83cabc5e-f339-48f1-b121-0ab225dbc8ef 00363c0c853942b4b193b7d89ddcd702 5b526bec86ce405da8014d584bd01295 - - default default] Floating IP 697495f1-0f7d-4b1e-952c-fc6c7e601b43 associated. External IP: 10.96.250.216, port: 6e4302e6-1566-4298-a552-6346a357b752.
2026-08-05 22:46:58.233 10 INFO neutron.db.ovn_revision_numbers_db [None req-f583363b-a6d2-4962-93e9-83dbdbe534e6 43e3686b281047239544026cbd59a198 677a805e7c644dea8e949c42e5aca08b - - default default] Successfully bumped revision number for resource 033245dd-a388-47ab-b5e7-7048274dff09 (type: networks) to 1
2026-08-05 22:46:58.330 10 INFO neutron.db.ovn_revision_numbers_db [None req-cb1c1e3a-be2a-4b48-ab39-a04d6f50e24f 5b450c54cd86457785add71bb03d6211 604b130c8fdf4608a1cfbe60a0031783 - - default default] Successfully bumped revision number for resource 2944ae1f-fa17-4959-af35-f43fd6f34588 (type: ports) to 1
2026-08-05 22:46:58.393 9 INFO neutron.db.ovn_revision_numbers_db [None req-83cabc5e-f339-48f1-b121-0ab225dbc8ef 00363c0c853942b4b193b7d89ddcd702 5b526bec86ce405da8014d584bd01295 - - default default] Successfully bumped revision number for resource 697495f1-0f7d-4b1e-952c-fc6c7e601b43 (type: floatingips) to 1
2026-08-05 22:46:58.432 10 WARNING neutron.scheduler.dhcp_agent_scheduler [None req-cb1c1e3a-be2a-4b48-ab39-a04d6f50e24f 5b450c54cd86457785add71bb03d6211 604b130c8fdf4608a1cfbe60a0031783 - - default default] No more DHCP agents
2026-08-05 22:46:58.434 10 WARNING neutron.api.rpc.agentnotifiers.dhcp_rpc_agent_api [None req-cb1c1e3a-be2a-4b48-ab39-a04d6f50e24f 5b450c54cd86457785add71bb03d6211 604b130c8fdf4608a1cfbe60a0031783 - - default default] Unable to schedule network 0f99d5e7-9f26-430f-8fb7-aa6302172347: no agents available; will retry on subsequent port and subnet creation events.
2026-08-05 22:46:58.462 10 WARNING neutron.scheduler.dhcp_agent_scheduler [None req-f583363b-a6d2-4962-93e9-83dbdbe534e6 43e3686b281047239544026cbd59a198 677a805e7c644dea8e949c42e5aca08b - - default default] No more DHCP agents
2026-08-05 22:46:58.469 10 WARNING neutron.api.rpc.agentnotifiers.dhcp_rpc_agent_api [None req-f583363b-a6d2-4962-93e9-83dbdbe534e6 43e3686b281047239544026cbd59a198 677a805e7c644dea8e949c42e5aca08b - - default default] Unable to schedule network 033245dd-a388-47ab-b5e7-7048274dff09: no agents available; will retry on subsequent port and subnet creation events.
2026-08-05 22:46:58.477 9 INFO neutron.plugins.ml2.drivers.ovn.mech_driver.mech_driver [None req-1e1984d3-38a8-420e-a40a-ce93f14db32e - - - - - -] OVN reports status up for port: c643233f-6d00-4b0b-8b11-c59da50187fb
2026-08-05 22:46:58.494 9 INFO neutron.plugins.ml2.drivers.ovn.mech_driver.ovsdb.ovsdb_monitor [None req-e4a4a28e-e922-4aca-b9d7-f3f6f656cb06 - - - - - -] Router 3226fb4d-9d74-46d0-a7b2-065723849bff is bound to host instance
2026-08-05 22:46:58.512 9 INFO neutron.plugins.ml2.plugin [None req-1e1984d3-38a8-420e-a40a-ce93f14db32e - - - - - -] Attempt 1 to provision port c643233f-6d00-4b0b-8b11-c59da50187fb
2026-08-05 22:46:58.543 9 INFO neutron.db.ovn_revision_numbers_db [None req-5908eb99-7399-4ddc-a448-5c2999f4d7bf 2b555fb9e9ce46b4baa62398f785ddf3 9d497c664c2d4e4d91e0b8e3cd5d56a2 - - default default] Successfully bumped revision number for resource c643233f-6d00-4b0b-8b11-c59da50187fb (type: router_ports) to 1
2026-08-05 22:46:58.597 10 INFO neutron.db.ovn_revision_numbers_db [None req-f583363b-a6d2-4962-93e9-83dbdbe534e6 43e3686b281047239544026cbd59a198 677a805e7c644dea8e949c42e5aca08b - - default default] Successfully bumped revision number for resource cd774d1e-3459-40db-bf96-edc5e9c40a52 (type: ports) to 1
2026-08-05 22:46:58.627 10 INFO neutron.wsgi [None req-f583363b-a6d2-4962-93e9-83dbdbe534e6 43e3686b281047239544026cbd59a198 677a805e7c644dea8e949c42e5aca08b - - default default] 10.0.0.126 "POST /v2.0/networks HTTP/1.1" status: 201 len: 852 time: 0.6924794
2026-08-05 22:46:58.793 9 INFO neutron.db.ovn_revision_numbers_db [None req-83cabc5e-f339-48f1-b121-0ab225dbc8ef 00363c0c853942b4b193b7d89ddcd702 5b526bec86ce405da8014d584bd01295 - - default default] Successfully bumped revision number for resource 697495f1-0f7d-4b1e-952c-fc6c7e601b43 (type: floatingips) to 2
2026-08-05 22:46:58.811 10 INFO neutron.db.ovn_revision_numbers_db [None req-cb1c1e3a-be2a-4b48-ab39-a04d6f50e24f 5b450c54cd86457785add71bb03d6211 604b130c8fdf4608a1cfbe60a0031783 - - default default] Successfully bumped revision number for resource 2944ae1f-fa17-4959-af35-f43fd6f34588 (type: router_ports) to 1
2026-08-05 22:46:58.815 10 INFO neutron.wsgi [None req-cb1c1e3a-be2a-4b48-ab39-a04d6f50e24f 5b450c54cd86457785add71bb03d6211 604b130c8fdf4608a1cfbe60a0031783 - - default default] 10.0.0.126 "PUT /v2.0/routers/5b2b33b2-b8b1-4aa2-b72c-87dca426cb2f/add_router_interface HTTP/1.1" status: 200 len: 503 time: 2.3078341
2026-08-05 22:46:58.864 9 INFO neutron.wsgi [None req-83cabc5e-f339-48f1-b121-0ab225dbc8ef 00363c0c853942b4b193b7d89ddcd702 5b526bec86ce405da8014d584bd01295 - - default default] 10.0.0.126 "PUT /v2.0/floatingips/697495f1-0f7d-4b1e-952c-fc6c7e601b43 HTTP/1.1" status: 200 len: 1049 time: 1.0643966
2026-08-05 22:46:58.886 9 INFO neutron.db.ovn_revision_numbers_db [None req-5908eb99-7399-4ddc-a448-5c2999f4d7bf 2b555fb9e9ce46b4baa62398f785ddf3 9d497c664c2d4e4d91e0b8e3cd5d56a2 - - default default] Successfully bumped revision number for resource 3226fb4d-9d74-46d0-a7b2-065723849bff (type: routers) to 2
2026-08-05 22:46:58.907 9 INFO neutron.wsgi [None req-5908eb99-7399-4ddc-a448-5c2999f4d7bf 2b555fb9e9ce46b4baa62398f785ddf3 9d497c664c2d4e4d91e0b8e3cd5d56a2 - - default default] 10.0.0.126 "POST /v2.0/routers HTTP/1.1" status: 201 len: 877 time: 2.4025278
2026-08-05 22:46:58.921 9 INFO neutron.notifiers.nova [-] Nova event matching ['req-b90b254d-7651-427e-b53a-508f4c165fa1'] response: {'name': 'network-changed', 'server_uuid': '70ed32a9-7470-4d0e-be67-52515da64417', 'tag': '6e4302e6-1566-4298-a552-6346a357b752', 'status': 'completed', 'code': 200} /var/lib/openstack/lib/python3.10/site-packages/pycadf/identifier.py:71: UserWarning: Invalid uuid: neutron. To ensure interoperability, identifiers should be a valid uuid. warnings.warn(('Invalid uuid: %s. To ensure interoperability, '
2026-08-05 22:46:58.977 10 INFO neutron.wsgi [req-59076ca5-2da5-48fe-a0a6-200009ffe404 req-3557fc4f-734e-434d-bea8-39efb9a8acd1 00363c0c853942b4b193b7d89ddcd702 5b526bec86ce405da8014d584bd01295 - - default default] 10.0.0.28 "GET /v2.0/ports?device_id=70ed32a9-7470-4d0e-be67-52515da64417 HTTP/1.1" status: 200 len: 1170 time: 0.0700192
2026-08-05 22:46:58.981 9 INFO neutron.wsgi [req-b3187426-e2a4-4c14-b28c-762e3fff1083 req-0f0e09e1-cced-4c66-b100-72aca1a6b295 4731050d35844e08aee3c308017e67ac 6a46fecbb3cb43dd8c62af5195c1bbe1 - - 5fab57c627834e10ab1a69078959df56 5fab57c627834e10ab1a69078959df56] 199.19.213.156 "GET /v2.0/ports?tenant_id=5b526bec86ce405da8014d584bd01295&device_id=70ed32a9-7470-4d0e-be67-52515da64417 HTTP/1.1" status: 200 len: 1409 time: 0.0349808
2026-08-05 22:46:59.075 10 INFO neutron.wsgi [req-59076ca5-2da5-48fe-a0a6-200009ffe404 req-36bbb1a5-665b-4723-b177-1bddbafd3a72 00363c0c853942b4b193b7d89ddcd702 5b526bec86ce405da8014d584bd01295 - - default default] 10.0.0.28 "GET /v2.0/security-groups?id=84c7e174-930b-4eef-90bf-bdffc1841a0b&fields=id&fields=name HTTP/1.1" status: 200 len: 313 time: 0.0893567
2026-08-05 22:46:59.096 9 INFO neutron.wsgi [req-b3187426-e2a4-4c14-b28c-762e3fff1083 req-5f3444b1-a77f-4d56-a430-94017d4104da 4731050d35844e08aee3c308017e67ac 6a46fecbb3cb43dd8c62af5195c1bbe1 - - 5fab57c627834e10ab1a69078959df56 5fab57c627834e10ab1a69078959df56] 199.19.213.156 "GET /v2.0/networks?id=45b2ea71-0478-44a0-8b58-1f9b6873e372 HTTP/1.1" status: 200 len: 980 time: 0.1102436
2026-08-05 22:46:59.180 9 INFO neutron.wsgi [req-b3187426-e2a4-4c14-b28c-762e3fff1083 req-ee53fb69-cbca-40e4-88ec-3f101f290c7e 4731050d35844e08aee3c308017e67ac 6a46fecbb3cb43dd8c62af5195c1bbe1 - - 5fab57c627834e10ab1a69078959df56 5fab57c627834e10ab1a69078959df56] 199.19.213.156 "GET /v2.0/floatingips?fixed_ip_address=10.100.0.8&port_id=6e4302e6-1566-4298-a552-6346a357b752 HTTP/1.1" status: 200 len: 1059 time: 0.0753202
2026-08-05 22:46:59.256 9 INFO neutron.wsgi [req-b3187426-e2a4-4c14-b28c-762e3fff1083 req-bf6ca397-b4b4-414a-be40-cce324cd410d 4731050d35844e08aee3c308017e67ac 6a46fecbb3cb43dd8c62af5195c1bbe1 - - 5fab57c627834e10ab1a69078959df56 5fab57c627834e10ab1a69078959df56] 199.19.213.156 "GET /v2.0/subnets?id=0a0cd6a8-ab68-4a84-ad87-ef403b59a24d HTTP/1.1" status: 200 len: 876 time: 0.0681863
2026-08-05 22:46:59.290 9 INFO neutron.wsgi [req-b3187426-e2a4-4c14-b28c-762e3fff1083 req-ada52322-1096-43d0-a81d-3d4cc9372b5c 4731050d35844e08aee3c308017e67ac 6a46fecbb3cb43dd8c62af5195c1bbe1 - - 5fab57c627834e10ab1a69078959df56 5fab57c627834e10ab1a69078959df56] 199.19.213.156 "GET /v2.0/ports?network_id=45b2ea71-0478-44a0-8b58-1f9b6873e372&device_owner=network%3Adhcp HTTP/1.1" status: 200 len: 210 time: 0.0285330
2026-08-05 22:46:59.296 10 WARNING neutron.scheduler.dhcp_agent_scheduler [None req-ae40715c-d067-4c42-b5cb-2eb76973ed8f 5b450c54cd86457785add71bb03d6211 604b130c8fdf4608a1cfbe60a0031783 - - default default] No more DHCP agents
2026-08-05 22:46:59.300 10 WARNING neutron.api.rpc.agentnotifiers.dhcp_rpc_agent_api [None req-ae40715c-d067-4c42-b5cb-2eb76973ed8f 5b450c54cd86457785add71bb03d6211 604b130c8fdf4608a1cfbe60a0031783 - - default default] Unable to schedule network 0f99d5e7-9f26-430f-8fb7-aa6302172347: no agents available; will retry on subsequent port and subnet creation events.
2026-08-05 22:46:59.412 9 INFO neutron.wsgi [req-b3187426-e2a4-4c14-b28c-762e3fff1083 req-a434680f-da71-4366-8614-63c37e6582b8 4731050d35844e08aee3c308017e67ac 6a46fecbb3cb43dd8c62af5195c1bbe1 - - 5fab57c627834e10ab1a69078959df56 5fab57c627834e10ab1a69078959df56] 199.19.213.156 "GET /v2.0/networks/45b2ea71-0478-44a0-8b58-1f9b6873e372?fields=segments HTTP/1.1" status: 200 len: 212 time: 0.1159694
2026-08-05 22:46:59.553 9 INFO neutron.wsgi [req-b3187426-e2a4-4c14-b28c-762e3fff1083 req-6135abf8-c03b-4e9b-9a02-23b43dd05266 4731050d35844e08aee3c308017e67ac 6a46fecbb3cb43dd8c62af5195c1bbe1 - - 5fab57c627834e10ab1a69078959df56 5fab57c627834e10ab1a69078959df56] 199.19.213.156 "GET /v2.0/networks/45b2ea71-0478-44a0-8b58-1f9b6873e372?fields=provider%3Aphysical_network&fields=provider%3Anetwork_type HTTP/1.1" status: 200 len: 277 time: 0.1291995
2026-08-05 22:46:59.555 10 INFO neutron.db.ovn_revision_numbers_db [None req-ae40715c-d067-4c42-b5cb-2eb76973ed8f 5b450c54cd86457785add71bb03d6211 604b130c8fdf4608a1cfbe60a0031783 - - default default] Successfully bumped revision number for resource 9fb88626-72c3-4854-a4c2-d75bdb69edd3 (type: ports) to 1
2026-08-05 22:46:59.589 10 WARNING neutron.scheduler.dhcp_agent_scheduler [None req-8e8a3f7a-5221-4d00-9883-b949b4a74e9d 2b555fb9e9ce46b4baa62398f785ddf3 9d497c664c2d4e4d91e0b8e3cd5d56a2 - - default default] No more DHCP agents
2026-08-05 22:46:59.591 10 WARNING neutron.api.rpc.agentnotifiers.dhcp_rpc_agent_api [None req-8e8a3f7a-5221-4d00-9883-b949b4a74e9d 2b555fb9e9ce46b4baa62398f785ddf3 9d497c664c2d4e4d91e0b8e3cd5d56a2 - - default default] Unable to schedule network c51651f5-3a38-4237-887c-c47a8d6e91e3: no agents available; will retry on subsequent port and subnet creation events.
2026-08-05 22:46:59.602 10 INFO neutron.wsgi [None req-ae40715c-d067-4c42-b5cb-2eb76973ed8f 5b450c54cd86457785add71bb03d6211 604b130c8fdf4608a1cfbe60a0031783 - - default default] 10.0.0.126 "POST /v2.0/ports HTTP/1.1" status: 201 len: 1154 time: 0.7820773
2026-08-05 22:46:59.704 9 INFO neutron.db.ovn_revision_numbers_db [None req-e4a4a28e-e922-4aca-b9d7-f3f6f656cb06 - - - - - -] Successfully bumped revision number for resource c643233f-6d00-4b0b-8b11-c59da50187fb (type: ports) to 1
2026-08-05 22:46:59.768 10 INFO neutron.db.ovn_revision_numbers_db [None req-8e8a3f7a-5221-4d00-9883-b949b4a74e9d 2b555fb9e9ce46b4baa62398f785ddf3 9d497c664c2d4e4d91e0b8e3cd5d56a2 - - default default] Successfully bumped revision number for resource cfc9d2c1-ad3a-49d0-8bcd-fd43564f26d9 (type: ports) to 1
2026-08-05 22:46:59.900 9 WARNING neutron.scheduler.dhcp_agent_scheduler [None req-d1d03af0-26d8-441d-81bc-53788f037161 43e3686b281047239544026cbd59a198 677a805e7c644dea8e949c42e5aca08b - - default default] No more DHCP agents
2026-08-05 22:46:59.910 9 WARNING neutron.api.rpc.agentnotifiers.dhcp_rpc_agent_api [None req-d1d03af0-26d8-441d-81bc-53788f037161 43e3686b281047239544026cbd59a198 677a805e7c644dea8e949c42e5aca08b - - default default] Unable to schedule network bf3169de-91e9-459d-aa9b-369454bca938: no agents available; will retry on subsequent port and subnet creation events.
2026-08-05 22:46:59.982 9 INFO neutron.db.ovn_revision_numbers_db [None req-d1d03af0-26d8-441d-81bc-53788f037161 43e3686b281047239544026cbd59a198 677a805e7c644dea8e949c42e5aca08b - - default default] Successfully bumped revision number for resource 88f9c794-5cc2-4f87-b092-6a70012d4572 (type: subnets) to 0
2026-08-05 22:47:00.046 9 WARNING neutron.scheduler.dhcp_agent_scheduler [None req-d1d03af0-26d8-441d-81bc-53788f037161 43e3686b281047239544026cbd59a198 677a805e7c644dea8e949c42e5aca08b - - default default] No more DHCP agents
2026-08-05 22:47:00.058 9 WARNING neutron.api.rpc.agentnotifiers.dhcp_rpc_agent_api [None req-d1d03af0-26d8-441d-81bc-53788f037161 43e3686b281047239544026cbd59a198 677a805e7c644dea8e949c42e5aca08b - - default default] Unable to schedule network 033245dd-a388-47ab-b5e7-7048274dff09: no agents available; will retry on subsequent port and subnet creation events.
2026-08-05 22:47:00.125 9 INFO neutron.db.ovn_revision_numbers_db [None req-d1d03af0-26d8-441d-81bc-53788f037161 43e3686b281047239544026cbd59a198 677a805e7c644dea8e949c42e5aca08b - - default default] Successfully bumped revision number for resource d63fa04a-db07-4ef1-9925-26d3459e9a68 (type: subnets) to 0
2026-08-05 22:47:00.151 9 INFO neutron.wsgi [None req-d1d03af0-26d8-441d-81bc-53788f037161 43e3686b281047239544026cbd59a198 677a805e7c644dea8e949c42e5aca08b - - default default] 10.0.0.126 "POST /v2.0/subnets HTTP/1.1" status: 201 len: 1475 time: 1.0582683 /var/lib/openstack/lib/python3.10/site-packages/pycadf/identifier.py:71: UserWarning: Invalid uuid: neutron. To ensure interoperability, identifiers should be a valid uuid. warnings.warn(('Invalid uuid: %s. To ensure interoperability, '
2026-08-05 22:47:00.210 9 WARNING neutron.scheduler.dhcp_agent_scheduler [None req-3537a76f-64ca-43b8-a2d0-3b8763161b2e 5b450c54cd86457785add71bb03d6211 604b130c8fdf4608a1cfbe60a0031783 - - default default] No more DHCP agents
2026-08-05 22:47:00.219 9 WARNING neutron.api.rpc.agentnotifiers.dhcp_rpc_agent_api [None req-3537a76f-64ca-43b8-a2d0-3b8763161b2e 5b450c54cd86457785add71bb03d6211 604b130c8fdf4608a1cfbe60a0031783 - - default default] Unable to schedule network 0f99d5e7-9f26-430f-8fb7-aa6302172347: no agents available; will retry on subsequent port and subnet creation events.
2026-08-05 22:47:00.247 9 INFO neutron.db.ovn_revision_numbers_db [None req-e4a4a28e-e922-4aca-b9d7-f3f6f656cb06 - - - - - -] Successfully bumped revision number for resource c643233f-6d00-4b0b-8b11-c59da50187fb (type: router_ports) to 3
2026-08-05 22:47:00.408 10 INFO neutron.wsgi [None req-d7f57d97-a97c-41ea-9c65-2c67dc694a74 43e3686b281047239544026cbd59a198 677a805e7c644dea8e949c42e5aca08b - - default default] 10.0.0.126 "GET /v2.0/subnets HTTP/1.1" status: 200 len: 2083 time: 0.2505274
2026-08-05 22:47:00.463 9 INFO neutron.db.ovn_revision_numbers_db [None req-3537a76f-64ca-43b8-a2d0-3b8763161b2e 5b450c54cd86457785add71bb03d6211 604b130c8fdf4608a1cfbe60a0031783 - - default default] Successfully bumped revision number for resource c3f02654-81e4-404a-b20f-6612c437b522 (type: ports) to 1
2026-08-05 22:47:00.480 9 INFO neutron.db.ovn_revision_numbers_db [None req-e4a4a28e-e922-4aca-b9d7-f3f6f656cb06 - - - - - -] Successfully bumped revision number for resource c643233f-6d00-4b0b-8b11-c59da50187fb (type: ports) to 2
2026-08-05 22:47:00.485 9 INFO neutron.wsgi [None req-3537a76f-64ca-43b8-a2d0-3b8763161b2e 5b450c54cd86457785add71bb03d6211 604b130c8fdf4608a1cfbe60a0031783 - - default default] 10.0.0.126 "POST /v2.0/ports HTTP/1.1" status: 201 len: 1158 time: 0.8774679
2026-08-05 22:47:00.491 10 INFO neutron.db.ovn_revision_numbers_db [None req-8e8a3f7a-5221-4d00-9883-b949b4a74e9d 2b555fb9e9ce46b4baa62398f785ddf3 9d497c664c2d4e4d91e0b8e3cd5d56a2 - - default default] Successfully bumped revision number for resource cfc9d2c1-ad3a-49d0-8bcd-fd43564f26d9 (type: router_ports) to 1 /var/lib/openstack/lib/python3.10/site-packages/pycadf/identifier.py:71: UserWarning: Invalid uuid: neutron. To ensure interoperability, identifiers should be a valid uuid. warnings.warn(('Invalid uuid: %s. To ensure interoperability, '
2026-08-05 22:47:00.690 10 INFO neutron.wsgi [None req-6f149164-6e12-48ec-bbd1-ab20052d79ba 43e3686b281047239544026cbd59a198 677a805e7c644dea8e949c42e5aca08b - - default default] 10.0.0.126 "DELETE /v2.0/subnets/88f9c794-5cc2-4f87-b092-6a70012d4572 HTTP/1.1" status: 204 len: 168 time: 0.2726192
2026-08-05 22:47:00.722 10 INFO neutron.db.ovn_revision_numbers_db [None req-8e8a3f7a-5221-4d00-9883-b949b4a74e9d 2b555fb9e9ce46b4baa62398f785ddf3 9d497c664c2d4e4d91e0b8e3cd5d56a2 - - default default] Successfully bumped revision number for resource cfc9d2c1-ad3a-49d0-8bcd-fd43564f26d9 (type: ports) to 1
2026-08-05 22:47:00.848 10 WARNING neutron.scheduler.dhcp_agent_scheduler [None req-8e8a3f7a-5221-4d00-9883-b949b4a74e9d 2b555fb9e9ce46b4baa62398f785ddf3 9d497c664c2d4e4d91e0b8e3cd5d56a2 - - default default] No more DHCP agents
2026-08-05 22:47:00.851 10 WARNING neutron.api.rpc.agentnotifiers.dhcp_rpc_agent_api [None req-8e8a3f7a-5221-4d00-9883-b949b4a74e9d 2b555fb9e9ce46b4baa62398f785ddf3 9d497c664c2d4e4d91e0b8e3cd5d56a2 - - default default] Unable to schedule network c51651f5-3a38-4237-887c-c47a8d6e91e3: no agents available; will retry on subsequent port and subnet creation events.
2026-08-05 22:47:00.939 9 INFO neutron.plugins.ml2.drivers.ovn.mech_driver.mech_driver [None req-1e1984d3-38a8-420e-a40a-ce93f14db32e - - - - - -] OVN reports status up for port: cfc9d2c1-ad3a-49d0-8bcd-fd43564f26d9
2026-08-05 22:47:00.952 10 INFO neutron.wsgi [None req-0d752462-f74b-401c-8e0e-a90e4d566ca8 43e3686b281047239544026cbd59a198 677a805e7c644dea8e949c42e5aca08b - - default default] 10.0.0.126 "DELETE /v2.0/subnets/d63fa04a-db07-4ef1-9925-26d3459e9a68 HTTP/1.1" status: 204 len: 168 time: 0.2552140
2026-08-05 22:47:00.964 9 INFO neutron.plugins.ml2.plugin [None req-1e1984d3-38a8-420e-a40a-ce93f14db32e - - - - - -] Attempt 1 to provision port cfc9d2c1-ad3a-49d0-8bcd-fd43564f26d9
2026-08-05 22:47:01.006 10 INFO neutron.wsgi [None req-38c3c241-6576-4989-8b24-b6d1d16a90fb 43e3686b281047239544026cbd59a198 677a805e7c644dea8e949c42e5aca08b - - default default] 10.0.0.126 "GET /v2.0/subnets HTTP/1.1" status: 200 len: 820 time: 0.0490930
2026-08-05 22:47:01.065 9 WARNING neutron.scheduler.dhcp_agent_scheduler [None req-23b352a5-9cc8-4659-aedc-4a407921a4a9 5b450c54cd86457785add71bb03d6211 604b130c8fdf4608a1cfbe60a0031783 - - default default] No more DHCP agents
2026-08-05 22:47:01.075 9 WARNING neutron.api.rpc.agentnotifiers.dhcp_rpc_agent_api [None req-23b352a5-9cc8-4659-aedc-4a407921a4a9 5b450c54cd86457785add71bb03d6211 604b130c8fdf4608a1cfbe60a0031783 - - default default] Unable to schedule network ade734e4-3124-4f73-9260-649585f3df2a: no agents available; will retry on subsequent port and subnet creation events.
2026-08-05 22:47:01.102 9 INFO neutron.db.ovn_revision_numbers_db [None req-e4a4a28e-e922-4aca-b9d7-f3f6f656cb06 - - - - - -] Successfully bumped revision number for resource c643233f-6d00-4b0b-8b11-c59da50187fb (type: ports) to 4
2026-08-05 22:47:01.501 10 INFO neutron.services.segments.plugin [-] Segment 9486266e-5166-4362-856a-c5246f35c71d resource provider aggregate not found
2026-08-05 22:47:01.511 10 INFO neutron.services.segments.plugin [-] Segment 9486266e-5166-4362-856a-c5246f35c71d resource provider aggregate not found
2026-08-05 22:47:01.520 9 INFO neutron.db.ovn_revision_numbers_db [None req-1e1984d3-38a8-420e-a40a-ce93f14db32e - - - - - -] Successfully bumped revision number for resource cfc9d2c1-ad3a-49d0-8bcd-fd43564f26d9 (type: ports) to 2
2026-08-05 22:47:01.542 10 INFO neutron.services.segments.plugin [-] Segment 9486266e-5166-4362-856a-c5246f35c71d resource provider not found; error: Placement Client Error (4xx): {"errors": [{"status": 404, "title": "Not Found", "detail": "The resource could not be found.\n\n No resource provider with uuid 9486266e-5166-4362-856a-c5246f35c71d found for delete ", "request_id": "req-bfd636f9-3202-47f3-b53f-5596ab349e9e"}]}
2026-08-05 22:47:01.544 10 INFO neutron.services.segments.plugin [-] Segment 9486266e-5166-4362-856a-c5246f35c71d resource provider not found; error: Placement Client Error (4xx): {"errors": [{"status": 404, "title": "Not Found", "detail": "The resource could not be found.\n\n No resource provider with uuid 9486266e-5166-4362-856a-c5246f35c71d found for delete ", "request_id": "req-be3d5b36-d5fe-4aee-bd3b-3fc19e1b0ab7"}]}
2026-08-05 22:47:01.581 10 INFO neutron.wsgi [None req-850e3f23-68c4-444c-911d-6301a2cba7c7 43e3686b281047239544026cbd59a198 677a805e7c644dea8e949c42e5aca08b - - default default] 10.0.0.126 "DELETE /v2.0/networks/033245dd-a388-47ab-b5e7-7048274dff09 HTTP/1.1" status: 204 len: 168 time: 0.5674260
2026-08-05 22:47:01.583 9 INFO neutron.db.ovn_revision_numbers_db [None req-e4a4a28e-e922-4aca-b9d7-f3f6f656cb06 - - - - - -] Successfully bumped revision number for resource c643233f-6d00-4b0b-8b11-c59da50187fb (type: router_ports) to 4
2026-08-05 22:47:01.749 9 INFO neutron.db.ovn_revision_numbers_db [None req-1e1984d3-38a8-420e-a40a-ce93f14db32e - - - - - -] Successfully bumped revision number for resource cfc9d2c1-ad3a-49d0-8bcd-fd43564f26d9 (type: router_ports) to 2
2026-08-05 22:47:01.761 10 INFO neutron.db.ovn_revision_numbers_db [None req-8e8a3f7a-5221-4d00-9883-b949b4a74e9d 2b555fb9e9ce46b4baa62398f785ddf3 9d497c664c2d4e4d91e0b8e3cd5d56a2 - - default default] Successfully bumped revision number for resource cfc9d2c1-ad3a-49d0-8bcd-fd43564f26d9 (type: router_ports) to 1
2026-08-05 22:47:01.764 10 INFO neutron.wsgi [None req-8e8a3f7a-5221-4d00-9883-b949b4a74e9d 2b555fb9e9ce46b4baa62398f785ddf3 9d497c664c2d4e4d91e0b8e3cd5d56a2 - - default default] 10.0.0.126 "PUT /v2.0/routers/3226fb4d-9d74-46d0-a7b2-065723849bff/add_router_interface HTTP/1.1" status: 200 len: 503 time: 2.8451178
2026-08-05 22:47:01.864 9 INFO neutron.db.l3_db [None req-23b352a5-9cc8-4659-aedc-4a407921a4a9 5b450c54cd86457785add71bb03d6211 604b130c8fdf4608a1cfbe60a0031783 - - default default] Floating IP ccd12dab-fdce-4b59-b878-de15bac6a7c7 associated. External IP: 10.96.250.213, port: c3f02654-81e4-404a-b20f-6612c437b522.
2026-08-05 22:47:02.100 9 INFO neutron.db.ovn_revision_numbers_db [None req-23b352a5-9cc8-4659-aedc-4a407921a4a9 5b450c54cd86457785add71bb03d6211 604b130c8fdf4608a1cfbe60a0031783 - - default default] Successfully bumped revision number for resource ccd12dab-fdce-4b59-b878-de15bac6a7c7 (type: floatingips) to 0
2026-08-05 22:47:02.152 9 INFO neutron.services.segments.plugin [-] Segment 179960b1-07b7-46fa-82d0-9c9d960dbb7e resource provider aggregate not found
2026-08-05 22:47:02.159 9 INFO neutron.services.segments.plugin [-] Segment 179960b1-07b7-46fa-82d0-9c9d960dbb7e resource provider aggregate not found
2026-08-05 22:47:02.247 10 WARNING neutron.plugins.ml2.drivers.ovn.mech_driver.ovsdb.ovn_client [None req-e99fcf17-9e22-485e-ab5f-08d15ed9cbf3 - - - - - -] No hosting information found for port 578b54cc-1f5a-46e6-bb5c-237de7ba6764: RuntimeError: No hosting information found for port 578b54cc-1f5a-46e6-bb5c-237de7ba6764
2026-08-05 22:47:02.248 10 INFO neutron.plugins.ml2.drivers.ovn.mech_driver.mech_driver [None req-e99fcf17-9e22-485e-ab5f-08d15ed9cbf3 - - - - - -] OVN reports status up for port: 2944ae1f-fa17-4959-af35-f43fd6f34588
2026-08-05 22:47:02.289 10 INFO neutron.plugins.ml2.plugin [None req-e99fcf17-9e22-485e-ab5f-08d15ed9cbf3 - - - - - -] Attempt 1 to provision port 2944ae1f-fa17-4959-af35-f43fd6f34588
2026-08-05 22:47:02.443 9 INFO neutron.services.segments.plugin [-] Segment 179960b1-07b7-46fa-82d0-9c9d960dbb7e resource provider not found; error: Placement Client Error (4xx): {"errors": [{"status": 404, "title": "Not Found", "detail": "The resource could not be found.\n\n No resource provider with uuid 179960b1-07b7-46fa-82d0-9c9d960dbb7e found for delete ", "request_id": "req-7c942f9b-5e94-4b0e-a973-7f0e052889d2"}]}
2026-08-05 22:47:02.444 9 INFO neutron.services.segments.plugin [-] Segment 179960b1-07b7-46fa-82d0-9c9d960dbb7e resource provider not found; error: Placement Client Error (4xx): {"errors": [{"status": 404, "title": "Not Found", "detail": "The resource could not be found.\n\n No resource provider with uuid 179960b1-07b7-46fa-82d0-9c9d960dbb7e found for delete ", "request_id": "req-69454678-9933-4f10-881d-83d970cd3abc"}]}
2026-08-05 22:47:02.504 9 INFO neutron.wsgi [None req-8db7c4c7-9fce-482f-b9ce-45ce3dd6b8b7 43e3686b281047239544026cbd59a198 677a805e7c644dea8e949c42e5aca08b - - default default] 10.0.0.126 "DELETE /v2.0/networks/bf3169de-91e9-459d-aa9b-369454bca938 HTTP/1.1" status: 204 len: 168 time: 0.9077253
2026-08-05 22:47:02.507 15 INFO neutron.plugins.ml2.drivers.ovn.mech_driver.ovsdb.maintenance [None req-adb23f45-2e0d-4ee9-84bc-8275a0eb9042 - - - - - -] Maintenance task: Synchronization finished (took 0.57 seconds)
2026-08-05 22:47:02.552 9 INFO neutron.db.ovn_revision_numbers_db [None req-23b352a5-9cc8-4659-aedc-4a407921a4a9 5b450c54cd86457785add71bb03d6211 604b130c8fdf4608a1cfbe60a0031783 - - default default] Successfully bumped revision number for resource ccd12dab-fdce-4b59-b878-de15bac6a7c7 (type: floatingips) to 1
2026-08-05 22:47:02.609 9 INFO neutron.wsgi [None req-23b352a5-9cc8-4659-aedc-4a407921a4a9 5b450c54cd86457785add71bb03d6211 604b130c8fdf4608a1cfbe60a0031783 - - default default] 10.0.0.126 "POST /v2.0/floatingips HTTP/1.1" status: 201 len: 1042 time: 2.1193306
2026-08-05 22:47:02.632 10 INFO neutron.db.ovn_revision_numbers_db [None req-e99fcf17-9e22-485e-ab5f-08d15ed9cbf3 - - - - - -] Successfully bumped revision number for resource 2944ae1f-fa17-4959-af35-f43fd6f34588 (type: ports) to 2
2026-08-05 22:47:02.820 9 INFO neutron.wsgi [req-9a8e7d31-4eee-43e1-a639-b81d0c820bcd req-d3b23016-0107-4f39-9b77-70d403ba00d2 3cd1c1e9035d4170b350a76e54e48308 ddde71bfe8214428b629af2df62b5b70 - - default default] 10.0.0.28 "GET /v2.0/networks?id=c51651f5-3a38-4237-887c-c47a8d6e91e3 HTTP/1.1" status: 200 len: 875 time: 0.1014502
2026-08-05 22:47:02.838 9 INFO neutron.wsgi [req-9a8e7d31-4eee-43e1-a639-b81d0c820bcd req-d4006720-f589-4571-a475-80d05ccf98ab 3cd1c1e9035d4170b350a76e54e48308 ddde71bfe8214428b629af2df62b5b70 - - default default] 10.0.0.28 "GET /v2.0/quotas/ddde71bfe8214428b629af2df62b5b70 HTTP/1.1" status: 200 len: 386 time: 0.0117512
2026-08-05 22:47:02.946 9 INFO neutron.wsgi [req-9a8e7d31-4eee-43e1-a639-b81d0c820bcd req-108034a8-132a-46b7-8702-93a139732f43 3cd1c1e9035d4170b350a76e54e48308 ddde71bfe8214428b629af2df62b5b70 - - default default] 10.0.0.28 "GET /v2.0/ports?tenant_id=ddde71bfe8214428b629af2df62b5b70&fields=id HTTP/1.1" status: 200 len: 302 time: 0.1018538
2026-08-05 22:47:03.020 9 INFO neutron.wsgi [None req-12f506fb-cda7-4afb-b8a7-7a6d9fbcf946 43e3686b281047239544026cbd59a198 677a805e7c644dea8e949c42e5aca08b - - default default] 10.0.0.126 "DELETE /v2.0/networks/64815f1f-c548-41de-9372-7aa04fb5556b HTTP/1.1" status: 204 len: 168 time: 0.5102203
2026-08-05 22:47:03.048 9 INFO neutron.wsgi [req-9a8e7d31-4eee-43e1-a639-b81d0c820bcd req-456683cd-e987-46cd-9cba-1388eb0564d8 4731050d35844e08aee3c308017e67ac 6a46fecbb3cb43dd8c62af5195c1bbe1 - - 5fab57c627834e10ab1a69078959df56 5fab57c627834e10ab1a69078959df56] 10.0.0.28 "GET /v2.0/networks/c51651f5-3a38-4237-887c-c47a8d6e91e3?fields=segments HTTP/1.1" status: 200 len: 212 time: 0.0848777
2026-08-05 22:47:03.117 10 INFO neutron.db.l3_db [None req-ba97eb05-c5ac-4158-871c-2b07321952f5 5b450c54cd86457785add71bb03d6211 604b130c8fdf4608a1cfbe60a0031783 - - default default] Floating IP ccd12dab-fdce-4b59-b878-de15bac6a7c7 disassociated. External IP: 10.96.250.213, port: c3f02654-81e4-404a-b20f-6612c437b522.
2026-08-05 22:47:03.146 9 INFO neutron.wsgi [req-9a8e7d31-4eee-43e1-a639-b81d0c820bcd req-1e471a82-7f69-44de-9640-013533c87c19 4731050d35844e08aee3c308017e67ac 6a46fecbb3cb43dd8c62af5195c1bbe1 - - 5fab57c627834e10ab1a69078959df56 5fab57c627834e10ab1a69078959df56] 10.0.0.28 "GET /v2.0/networks/c51651f5-3a38-4237-887c-c47a8d6e91e3?fields=provider%3Aphysical_network&fields=provider%3Anetwork_type HTTP/1.1" status: 200 len: 277 time: 0.0834136
2026-08-05 22:47:03.157 10 INFO neutron.db.ovn_revision_numbers_db [None req-ba97eb05-c5ac-4158-871c-2b07321952f5 5b450c54cd86457785add71bb03d6211 604b130c8fdf4608a1cfbe60a0031783 - - default default] Successfully bumped revision number for resource ccd12dab-fdce-4b59-b878-de15bac6a7c7 (type: floatingips) to 2
2026-08-05 22:47:03.162 10 INFO neutron.db.ovn_revision_numbers_db [None req-e99fcf17-9e22-485e-ab5f-08d15ed9cbf3 - - - - - -] Successfully bumped revision number for resource 2944ae1f-fa17-4959-af35-f43fd6f34588 (type: router_ports) to 2
2026-08-05 22:47:03.277 10 INFO neutron.wsgi [None req-ba97eb05-c5ac-4158-871c-2b07321952f5 5b450c54cd86457785add71bb03d6211 604b130c8fdf4608a1cfbe60a0031783 - - default default] 10.0.0.126 "PUT /v2.0/floatingips/ccd12dab-fdce-4b59-b878-de15bac6a7c7 HTTP/1.1" status: 200 len: 748 time: 0.6507080
2026-08-05 22:47:03.318 10 INFO neutron.wsgi [req-53f2e287-a31c-4705-b112-19e1bb103830 req-4610c9d4-ebbf-47b7-9520-fd64183857e5 3cd1c1e9035d4170b350a76e54e48308 ddde71bfe8214428b629af2df62b5b70 - - default default] 10.0.0.28 "GET /v2.0/ports?device_id=9dceb57c-97a8-4151-ac63-5c3677dc2f86 HTTP/1.1" status: 200 len: 210 time: 0.0399814
2026-08-05 22:47:03.541 9 INFO neutron.wsgi [None req-40b168e5-7107-4f5b-834c-a85763af7b6b 43e3686b281047239544026cbd59a198 677a805e7c644dea8e949c42e5aca08b - - default default] 10.0.0.126 "DELETE /v2.0/networks/33a510f9-f382-481d-9162-5a25fb079954 HTTP/1.1" status: 204 len: 168 time: 0.5121794
2026-08-05 22:47:03.673 9 INFO neutron.wsgi [None req-b6dcc590-6c7a-4392-8970-71766c46d87f 5b450c54cd86457785add71bb03d6211 604b130c8fdf4608a1cfbe60a0031783 - - default default] 10.0.0.126 "DELETE /v2.0/floatingips/ccd12dab-fdce-4b59-b878-de15bac6a7c7 HTTP/1.1" status: 204 len: 168 time: 0.3857589
2026-08-05 22:47:03.964 9 WARNING neutron.scheduler.dhcp_agent_scheduler [None req-cf2cd58e-6c87-4438-9b7e-d624f98ed4b6 5b450c54cd86457785add71bb03d6211 604b130c8fdf4608a1cfbe60a0031783 - - default default] No more DHCP agents
2026-08-05 22:47:03.968 9 WARNING neutron.api.rpc.agentnotifiers.dhcp_rpc_agent_api [None req-cf2cd58e-6c87-4438-9b7e-d624f98ed4b6 5b450c54cd86457785add71bb03d6211 604b130c8fdf4608a1cfbe60a0031783 - - default default] Unable to schedule network ade734e4-3124-4f73-9260-649585f3df2a: no agents available; will retry on subsequent port and subnet creation events.
