2026-04-27 18:02:34.845 7 ERROR ovsdbapp.event
2026-04-27 18:02:34.862 8 WARNING neutron.scheduler.dhcp_agent_scheduler [None req-d34675d9-ed58-40ab-9ab6-76bf7d8596cd 1abd01acedbe46cb8aa2f1be0d679a0e fc5f76e829ad408e9c9022b1898e3a88 - - default default] No more DHCP agents
2026-04-27 18:02:34.863 8 WARNING neutron.api.rpc.agentnotifiers.dhcp_rpc_agent_api [None req-d34675d9-ed58-40ab-9ab6-76bf7d8596cd 1abd01acedbe46cb8aa2f1be0d679a0e fc5f76e829ad408e9c9022b1898e3a88 - - default default] Unable to schedule network 7ff77e2e-d1a7-4165-bca7-823a159c4cf3: no agents available; will retry on subsequent port and subnet creation events.
2026-04-27 18:02:34.970 8 INFO neutron.plugins.ml2.drivers.ovn.mech_driver.mech_driver [None req-c179fefb-3b09-4421-a52c-cce472e6e33d - - - - - -] OVN reports status down for port: 9b41d52b-f388-4bc2-816c-ec0f037206f3
2026-04-27 18:02:35.041 8 INFO neutron.db.ovn_revision_numbers_db [None req-d34675d9-ed58-40ab-9ab6-76bf7d8596cd 1abd01acedbe46cb8aa2f1be0d679a0e fc5f76e829ad408e9c9022b1898e3a88 - - default default] Successfully bumped revision number for resource 9b41d52b-f388-4bc2-816c-ec0f037206f3 (type: ports) to 1
2026-04-27 18:02:35.677 8 INFO neutron.plugins.ml2.drivers.ovn.mech_driver.mech_driver [None req-c179fefb-3b09-4421-a52c-cce472e6e33d - - - - - -] OVN reports status up for port: 9b41d52b-f388-4bc2-816c-ec0f037206f3
2026-04-27 18:02:35.710 8 INFO neutron.plugins.ml2.plugin [None req-c179fefb-3b09-4421-a52c-cce472e6e33d - - - - - -] Attempt 1 to provision port 9b41d52b-f388-4bc2-816c-ec0f037206f3
2026-04-27 18:02:35.724 8 INFO neutron.db.ovn_revision_numbers_db [None req-d34675d9-ed58-40ab-9ab6-76bf7d8596cd 1abd01acedbe46cb8aa2f1be0d679a0e fc5f76e829ad408e9c9022b1898e3a88 - - default default] Successfully bumped revision number for resource 9b41d52b-f388-4bc2-816c-ec0f037206f3 (type: router_ports) to 1
2026-04-27 18:02:35.836 8 INFO neutron.db.ovn_revision_numbers_db [None req-d34675d9-ed58-40ab-9ab6-76bf7d8596cd 1abd01acedbe46cb8aa2f1be0d679a0e fc5f76e829ad408e9c9022b1898e3a88 - - default default] Successfully bumped revision number for resource 3c62d96a-641f-4d72-8489-468c1090ce36 (type: routers) to 2 [pid: 8|app: 0|req: 1145/2497] 10.0.0.133 () {34 vars in 669 bytes} [Mon Apr 27 18:02:34 2026] POST /v2.0/routers => generated 958 bytes in 1493 msecs (HTTP/1.1 201) 4 headers in 162 bytes (1 switches on core 0) /var/lib/openstack/lib/python3.12/site-packages/pycadf/identifier.py:70: UserWarning: Invalid uuid: neutron. To ensure interoperability, identifiers should be a valid uuid. warnings.warn(('Invalid uuid: %s. To ensure interoperability, '
2026-04-27 18:02:35.966 7 INFO neutron.api.v2.resource [None req-ba3b1009-cd78-4176-8998-45347eb496a6 bb286df28cc040a4a6749aa5eb3fd7d0 d73367c875d946918ace702dceeea641 - - default default] create failed (client error): The server could not comply with the request since it is either malformed or otherwise incorrect. [pid: 7|app: 0|req: 1353/2498] 10.0.0.133 () {34 vars in 685 bytes} [Mon Apr 27 18:02:35 2026] POST /v2.0/vpn/vpnservices => generated 194 bytes in 110 msecs (HTTP/1.1 400) 4 headers in 166 bytes (1 switches on core 0)
2026-04-27 18:02:36.097 8 INFO neutron_taas.services.taas.taas_plugin [None req-3b882c8b-2990-4047-845e-8d1ee58c54c9 bb286df28cc040a4a6749aa5eb3fd7d0 d73367c875d946918ace702dceeea641 - - default default] TaaS: Handle Delete Port: 7665af55-1025-436b-98be-6deaccb6b0e2
2026-04-27 18:02:36.100 8 INFO neutron_taas.services.taas.tap_mirror_plugin [None req-3b882c8b-2990-4047-845e-8d1ee58c54c9 bb286df28cc040a4a6749aa5eb3fd7d0 d73367c875d946918ace702dceeea641 - - default default] Tap Mirror: Handle Delete Port: 7665af55-1025-436b-98be-6deaccb6b0e2
2026-04-27 18:02:36.301 7 INFO neutron.db.ovn_revision_numbers_db [None req-2fbb2333-5f79-4417-852c-0f30fedef0e4 576b334ab83e45b68306a3660949c26d 3eacde584f544189b67ecb5aea94f37b - - default default] Successfully bumped revision number for resource da577eb2-51e9-4619-b74c-2848ed30a4da (type: security_groups) to 1
2026-04-27 18:02:36.319 7 INFO neutron.db.ovn_revision_numbers_db [None req-2fbb2333-5f79-4417-852c-0f30fedef0e4 576b334ab83e45b68306a3660949c26d 3eacde584f544189b67ecb5aea94f37b - - default default] Successfully bumped revision number for resource 1f52ba5f-3632-4cf9-b412-4882f6a340d4 (type: security_group_rules) to 0
2026-04-27 18:02:36.337 7 INFO neutron.db.ovn_revision_numbers_db [None req-2fbb2333-5f79-4417-852c-0f30fedef0e4 576b334ab83e45b68306a3660949c26d 3eacde584f544189b67ecb5aea94f37b - - default default] Successfully bumped revision number for resource 767f9ae0-7ab4-4b87-b1ac-a3be5e1d176f (type: security_group_rules) to 0
2026-04-27 18:02:36.347 7 INFO neutron.db.ovn_revision_numbers_db [None req-2fbb2333-5f79-4417-852c-0f30fedef0e4 576b334ab83e45b68306a3660949c26d 3eacde584f544189b67ecb5aea94f37b - - default default] Successfully bumped revision number for resource a457663d-b97b-4932-8e44-9f2c2129f8dd (type: security_group_rules) to 0
2026-04-27 18:02:36.362 7 INFO neutron.db.ovn_revision_numbers_db [None req-2fbb2333-5f79-4417-852c-0f30fedef0e4 576b334ab83e45b68306a3660949c26d 3eacde584f544189b67ecb5aea94f37b - - default default] Successfully bumped revision number for resource d7082cd4-b805-4f12-ba23-3ca9dbee932d (type: security_group_rules) to 0
2026-04-27 18:02:36.448 8 INFO neutron.services.segments.plugin [-] Segment 247980bb-a6b7-4426-a28a-993350fe6e7a resource provider aggregate not found
2026-04-27 18:02:36.451 8 INFO neutron.services.segments.plugin [-] Segment 247980bb-a6b7-4426-a28a-993350fe6e7a resource provider aggregate not found
2026-04-27 18:02:36.470 8 INFO neutron.services.segments.plugin [-] Segment 247980bb-a6b7-4426-a28a-993350fe6e7a resource provider not found; error: Placement Client Error (4xx): {"errors": [{"status": 404, "title": "Not Found", "detail": "The resource could not be found.\n\n No resource provider with uuid 247980bb-a6b7-4426-a28a-993350fe6e7a found for delete ", "request_id": "req-ce2a4d13-a336-4ee3-991b-f866dc1ac872"}]}
2026-04-27 18:02:36.473 7 INFO neutron.db.ovn_revision_numbers_db [None req-2fbb2333-5f79-4417-852c-0f30fedef0e4 576b334ab83e45b68306a3660949c26d 3eacde584f544189b67ecb5aea94f37b - - default default] Successfully bumped revision number for resource 02bbff7b-bb13-4461-818c-a3d183741817 (type: security_groups) to 1
2026-04-27 18:02:36.480 8 INFO neutron.services.segments.plugin [-] Segment 247980bb-a6b7-4426-a28a-993350fe6e7a resource provider not found; error: Placement Client Error (4xx): {"errors": [{"status": 404, "title": "Not Found", "detail": "The resource could not be found.\n\n No resource provider with uuid 247980bb-a6b7-4426-a28a-993350fe6e7a found for delete ", "request_id": "req-09a7990c-558d-41d3-819b-30ad6f78e665"}]}
2026-04-27 18:02:36.489 7 INFO neutron.db.ovn_revision_numbers_db [None req-2fbb2333-5f79-4417-852c-0f30fedef0e4 576b334ab83e45b68306a3660949c26d 3eacde584f544189b67ecb5aea94f37b - - default default] Successfully bumped revision number for resource 5314a41d-41ca-4cb4-9aa9-a8e56d838504 (type: security_group_rules) to 0 [pid: 8|app: 0|req: 1146/2499] 10.0.0.133 () {32 vars in 726 bytes} [Mon Apr 27 18:02:35 2026] DELETE /v2.0/networks/fa2e7680-dc75-46c8-9b8d-37271e14dca8 => generated 0 bytes in 525 msecs (HTTP/1.1 204) 3 headers in 131 bytes (1 switches on core 0)
2026-04-27 18:02:36.499 7 INFO neutron.db.ovn_revision_numbers_db [None req-2fbb2333-5f79-4417-852c-0f30fedef0e4 576b334ab83e45b68306a3660949c26d 3eacde584f544189b67ecb5aea94f37b - - default default] Successfully bumped revision number for resource f2d224b4-247e-4404-a2aa-cb4b025828d6 (type: security_group_rules) to 0 [pid: 7|app: 0|req: 1354/2500] 10.0.0.133 () {34 vars in 684 bytes} [Mon Apr 27 18:02:36 2026] POST /v2.0/security-groups => generated 1601 bytes in 486 msecs (HTTP/1.1 201) 4 headers in 163 bytes (1 switches on core 0)
2026-04-27 18:02:36.736 8 WARNING neutron.scheduler.dhcp_agent_scheduler [None req-ff632284-9623-47d7-aca5-9a50f6396af4 ca07e68124a449dba20cfb2cb1aa0701 f87dd7bbe32f4a3f9273de08081dd9cc - - default default] No more DHCP agents
2026-04-27 18:02:36.738 8 WARNING neutron.api.rpc.agentnotifiers.dhcp_rpc_agent_api [None req-ff632284-9623-47d7-aca5-9a50f6396af4 ca07e68124a449dba20cfb2cb1aa0701 f87dd7bbe32f4a3f9273de08081dd9cc - - default default] Unable to schedule network 7ff77e2e-d1a7-4165-bca7-823a159c4cf3: no agents available; will retry on subsequent port and subnet creation events.
2026-04-27 18:02:36.816 7 INFO neutron_taas.services.taas.taas_plugin [None req-b573b02a-4a0e-4102-8ac0-b58cf3fc44c4 bb286df28cc040a4a6749aa5eb3fd7d0 d73367c875d946918ace702dceeea641 - - default default] TaaS: Handle Delete Port: 9b41d52b-f388-4bc2-816c-ec0f037206f3
2026-04-27 18:02:36.820 7 INFO neutron_taas.services.taas.tap_mirror_plugin [None req-b573b02a-4a0e-4102-8ac0-b58cf3fc44c4 bb286df28cc040a4a6749aa5eb3fd7d0 d73367c875d946918ace702dceeea641 - - default default] Tap Mirror: Handle Delete Port: 9b41d52b-f388-4bc2-816c-ec0f037206f3 [pid: 8|app: 0|req: 1147/2501] 10.0.0.133 () {34 vars in 676 bytes} [Mon Apr 27 18:02:36 2026] POST /v2.0/floatingips => generated 552 bytes in 546 msecs (HTTP/1.1 201) 4 headers in 162 bytes (1 switches on core 0)
2026-04-27 18:02:37.070 8 WARNING tagging [None req-292b8234-1f2c-41d5-82ba-a3c376be4a9f 576b334ab83e45b68306a3660949c26d 3eacde584f544189b67ecb5aea94f37b - - default default] project_id key not found in request, using tenant_id instead. This support has been deprecated and will be removed in a future release. [pid: 8|app: 0|req: 1148/2502] 10.0.0.133 () {34 vars in 767 bytes} [Mon Apr 27 18:02:37 2026] PUT /v2.0/security-groups/02bbff7b-bb13-4461-818c-a3d183741817/tags => generated 25 bytes in 50 msecs (HTTP/1.1 200) 4 headers in 156 bytes (1 switches on core 0)
2026-04-27 18:02:37.136 8 WARNING tagging [None req-468be3fd-0186-451e-96ed-592e2831f956 ca07e68124a449dba20cfb2cb1aa0701 f87dd7bbe32f4a3f9273de08081dd9cc - - default default] project_id key not found in request, using tenant_id instead. This support has been deprecated and will be removed in a future release. [pid: 8|app: 0|req: 1149/2503] 10.0.0.133 () {34 vars in 759 bytes} [Mon Apr 27 18:02:37 2026] PUT /v2.0/floatingips/1135894a-f8dc-4089-839a-ee48ff10ab05/tags => generated 25 bytes in 85 msecs (HTTP/1.1 200) 4 headers in 156 bytes (1 switches on core 0)
2026-04-27 18:02:37.207 8 WARNING tagging [None req-7c385142-5903-44cf-bde3-d3ba46caf622 576b334ab83e45b68306a3660949c26d 3eacde584f544189b67ecb5aea94f37b - - default default] project_id key not found in request, using tenant_id instead. This support has been deprecated and will be removed in a future release. [pid: 7|app: 0|req: 1355/2504] 10.0.0.133 () {32 vars in 724 bytes} [Mon Apr 27 18:02:36 2026] DELETE /v2.0/routers/3c62d96a-641f-4d72-8489-468c1090ce36 => generated 0 bytes in 683 msecs (HTTP/1.1 204) 2 headers in 112 bytes (1 switches on core 0) [pid: 8|app: 0|req: 1150/2505] 10.0.0.133 () {32 vars in 747 bytes} [Mon Apr 27 18:02:37 2026] GET /v2.0/security-groups/02bbff7b-bb13-4461-818c-a3d183741817/tags => generated 25 bytes in 42 msecs (HTTP/1.1 200) 4 headers in 156 bytes (1 switches on core 0)
2026-04-27 18:02:37.228 8 WARNING neutron.api.v2.base [None req-b9ca9ed0-7344-4a06-a448-390ffdcbf60c 1abd01acedbe46cb8aa2f1be0d679a0e fc5f76e829ad408e9c9022b1898e3a88 - - default default] An exception happened while processing the request body. The exception message is [Invalid input for description. Reason: 'yyyyyyyyyyyyyyyyyyyyyyyyyyyyyyyyyyyyyyyyyyyyyyyyyyyyyyyyyyyyyyyyyyyyyyyyyyyyyyyyyyyyyyyyyyyyyyyyyyyyyyyyyyyyyyyyyyyyyyyyyyyyyyyyyyyyyyyyyyyyyyyyyyyyyyyyyyyyyyyyyyyyyyyyyyyyyyyyyyyyyyyyyyyyyyyyyyyyyyyyyyyyyyyyyyyyyyyyyyyyyyyyyyyyyyyyyyyyyyyyyyyyyyyyyyyyyyyy' exceeds maximum length of 255.].: webob.exc.HTTPBadRequest: Invalid input for description. Reason: 'yyyyyyyyyyyyyyyyyyyyyyyyyyyyyyyyyyyyyyyyyyyyyyyyyyyyyyyyyyyyyyyyyyyyyyyyyyyyyyyyyyyyyyyyyyyyyyyyyyyyyyyyyyyyyyyyyyyyyyyyyyyyyyyyyyyyyyyyyyyyyyyyyyyyyyyyyyyyyyyyyyyyyyyyyyyyyyyyyyyyyyyyyyyyyyyyyyyyyyyyyyyyyyyyyyyyyyyyyyyyyyyyyyyyyyyyyyyyyyyyyyyyyyyyyyyyyyyy' exceeds maximum length of 255.
2026-04-27 18:02:37.229 8 INFO neutron.api.v2.resource [None req-b9ca9ed0-7344-4a06-a448-390ffdcbf60c 1abd01acedbe46cb8aa2f1be0d679a0e fc5f76e829ad408e9c9022b1898e3a88 - - default default] create failed (client error): Invalid input for description. Reason: 'yyyyyyyyyyyyyyyyyyyyyyyyyyyyyyyyyyyyyyyyyyyyyyyyyyyyyyyyyyyyyyyyyyyyyyyyyyyyyyyyyyyyyyyyyyyyyyyyyyyyyyyyyyyyyyyyyyyyyyyyyyyyyyyyyyyyyyyyyyyyyyyyyyyyyyyyyyyyyyyyyyyyyyyyyyyyyyyyyyyyyyyyyyyyyyyyyyyyyyyyyyyyyyyyyyyyyyyyyyyyyyyyyyyyyyyyyyyyyyyyyyyyyyyyyyyyyyyy' exceeds maximum length of 255. [pid: 8|app: 0|req: 1151/2506] 10.0.0.133 () {34 vars in 685 bytes} [Mon Apr 27 18:02:37 2026] POST /v2.0/vpn/vpnservices => generated 401 bytes in 8 msecs (HTTP/1.1 400) 4 headers in 166 bytes (1 switches on core 0)
2026-04-27 18:02:37.240 7 WARNING tagging [None req-dd0dd47c-3b7d-4052-9e0a-6e5edcf22226 ca07e68124a449dba20cfb2cb1aa0701 f87dd7bbe32f4a3f9273de08081dd9cc - - default default] project_id key not found in request, using tenant_id instead. This support has been deprecated and will be removed in a future release.
2026-04-27 18:02:37.250 8 WARNING tagging [None req-cbd72910-b42e-48c4-b8db-b87feb68f935 576b334ab83e45b68306a3660949c26d 3eacde584f544189b67ecb5aea94f37b - - default default] project_id key not found in request, using tenant_id instead. This support has been deprecated and will be removed in a future release. [pid: 7|app: 0|req: 1356/2507] 10.0.0.133 () {32 vars in 739 bytes} [Mon Apr 27 18:02:37 2026] GET /v2.0/floatingips/1135894a-f8dc-4089-839a-ee48ff10ab05/tags => generated 25 bytes in 62 msecs (HTTP/1.1 200) 4 headers in 156 bytes (1 switches on core 0) [pid: 8|app: 0|req: 1152/2508] 10.0.0.133 () {34 vars in 778 bytes} [Mon Apr 27 18:02:37 2026] PUT /v2.0/security-groups/02bbff7b-bb13-4461-818c-a3d183741817/tags/green => generated 4 bytes in 52 msecs (HTTP/1.1 201) 4 headers in 160 bytes (1 switches on core 0)
2026-04-27 18:02:37.283 7 WARNING neutron.api.v2.base [None req-eef4309b-4924-4b87-80aa-1cb3852ae0bb 1abd01acedbe46cb8aa2f1be0d679a0e fc5f76e829ad408e9c9022b1898e3a88 - - default default] An exception happened while processing the request body. The exception message is [Invalid input for name. Reason: 'xxxxxxxxxxxxxxxxxxxxxxxxxxxxxxxxxxxxxxxxxxxxxxxxxxxxxxxxxxxxxxxxxxxxxxxxxxxxxxxxxxxxxxxxxxxxxxxxxxxxxxxxxxxxxxxxxxxxxxxxxxxxxxxxxxxxxxxxxxxxxxxxxxxxxxxxxxxxxxxxxxxxxxxxxxxxxxxxxxxxxxxxxxxxxxxxxxxxxxxxxxxxxxxxxxxxxxxxxxxxxxxxxxxxxxxxxxxxxxxxxxxxxxxxxxxxxxxx' exceeds maximum length of 255.].: webob.exc.HTTPBadRequest: Invalid input for name. Reason: 'xxxxxxxxxxxxxxxxxxxxxxxxxxxxxxxxxxxxxxxxxxxxxxxxxxxxxxxxxxxxxxxxxxxxxxxxxxxxxxxxxxxxxxxxxxxxxxxxxxxxxxxxxxxxxxxxxxxxxxxxxxxxxxxxxxxxxxxxxxxxxxxxxxxxxxxxxxxxxxxxxxxxxxxxxxxxxxxxxxxxxxxxxxxxxxxxxxxxxxxxxxxxxxxxxxxxxxxxxxxxxxxxxxxxxxxxxxxxxxxxxxxxxxxxxxxxxxxx' exceeds maximum length of 255.
2026-04-27 18:02:37.283 7 INFO neutron.api.v2.resource [None req-eef4309b-4924-4b87-80aa-1cb3852ae0bb 1abd01acedbe46cb8aa2f1be0d679a0e fc5f76e829ad408e9c9022b1898e3a88 - - default default] create failed (client error): Invalid input for name. Reason: 'xxxxxxxxxxxxxxxxxxxxxxxxxxxxxxxxxxxxxxxxxxxxxxxxxxxxxxxxxxxxxxxxxxxxxxxxxxxxxxxxxxxxxxxxxxxxxxxxxxxxxxxxxxxxxxxxxxxxxxxxxxxxxxxxxxxxxxxxxxxxxxxxxxxxxxxxxxxxxxxxxxxxxxxxxxxxxxxxxxxxxxxxxxxxxxxxxxxxxxxxxxxxxxxxxxxxxxxxxxxxxxxxxxxxxxxxxxxxxxxxxxxxxxxxxxxxxxxx' exceeds maximum length of 255. [pid: 7|app: 0|req: 1357/2509] 10.0.0.133 () {34 vars in 685 bytes} [Mon Apr 27 18:02:37 2026] POST /v2.0/vpn/vpnservices => generated 394 bytes in 5 msecs (HTTP/1.1 400) 4 headers in 166 bytes (1 switches on core 0)
2026-04-27 18:02:37.303 8 WARNING tagging [None req-89699c49-c3c6-4572-9d38-377e03ad138f ca07e68124a449dba20cfb2cb1aa0701 f87dd7bbe32f4a3f9273de08081dd9cc - - default default] project_id key not found in request, using tenant_id instead. This support has been deprecated and will be removed in a future release.
2026-04-27 18:02:37.321 7 WARNING tagging [None req-7698d969-82a9-4c95-bfa2-b81b78745f61 576b334ab83e45b68306a3660949c26d 3eacde584f544189b67ecb5aea94f37b - - default default] project_id key not found in request, using tenant_id instead. This support has been deprecated and will be removed in a future release. [pid: 7|app: 0|req: 1358/2510] 10.0.0.133 () {32 vars in 747 bytes} [Mon Apr 27 18:02:37 2026] GET /v2.0/security-groups/02bbff7b-bb13-4461-818c-a3d183741817/tags => generated 34 bytes in 38 msecs (HTTP/1.1 200) 4 headers in 156 bytes (1 switches on core 0) [pid: 8|app: 0|req: 1153/2511] 10.0.0.133 () {34 vars in 770 bytes} [Mon Apr 27 18:02:37 2026] PUT /v2.0/floatingips/1135894a-f8dc-4089-839a-ee48ff10ab05/tags/green => generated 4 bytes in 60 msecs (HTTP/1.1 201) 4 headers in 160 bytes (1 switches on core 0)
2026-04-27 18:02:37.362 7 INFO neutron.api.v2.resource [None req-3f38d89c-3016-492a-97cb-eb1f68788d4f 1abd01acedbe46cb8aa2f1be0d679a0e fc5f76e829ad408e9c9022b1898e3a88 - - default default] create failed (client error): The server could not comply with the request since it is either malformed or otherwise incorrect. [pid: 7|app: 0|req: 1359/2512] 10.0.0.133 () {34 vars in 693 bytes} [Mon Apr 27 18:02:37 2026] POST /v2.0/vpn/endpoint-groups => generated 183 bytes in 32 msecs (HTTP/1.1 400) 4 headers in 166 bytes (1 switches on core 0)
2026-04-27 18:02:37.368 8 WARNING tagging [None req-f9494e9a-7838-4471-b267-22cfe021d80f 576b334ab83e45b68306a3660949c26d 3eacde584f544189b67ecb5aea94f37b - - default default] project_id key not found in request, using tenant_id instead. This support has been deprecated and will be removed in a future release. [pid: 8|app: 0|req: 1154/2513] 10.0.0.133 () {34 vars in 774 bytes} [Mon Apr 27 18:02:37 2026] PUT /v2.0/security-groups/02bbff7b-bb13-4461-818c-a3d183741817/tags/red => generated 4 bytes in 45 msecs (HTTP/1.1 201) 4 headers in 160 bytes (1 switches on core 0)
2026-04-27 18:02:37.421 8 INFO neutron.api.v2.resource [None req-a311f593-ceaf-44fd-8af3-91439c56baaf 1abd01acedbe46cb8aa2f1be0d679a0e fc5f76e829ad408e9c9022b1898e3a88 - - default default] create failed (client error): The server could not comply with the request since it is either malformed or otherwise incorrect. [pid: 8|app: 0|req: 1155/2514] 10.0.0.133 () {34 vars in 693 bytes} [Mon Apr 27 18:02:37 2026] POST /v2.0/vpn/endpoint-groups => generated 160 bytes in 34 msecs (HTTP/1.1 400) 4 headers in 166 bytes (1 switches on core 0)
2026-04-27 18:02:37.442 8 WARNING tagging [None req-de24b61f-6735-4c00-a6c6-979695a5dcaa 576b334ab83e45b68306a3660949c26d 3eacde584f544189b67ecb5aea94f37b - - default default] project_id key not found in request, using tenant_id instead. This support has been deprecated and will be removed in a future release. [pid: 8|app: 0|req: 1156/2515] 10.0.0.133 () {32 vars in 747 bytes} [Mon Apr 27 18:02:37 2026] GET /v2.0/security-groups/02bbff7b-bb13-4461-818c-a3d183741817/tags => generated 34 bytes in 27 msecs (HTTP/1.1 200) 4 headers in 156 bytes (1 switches on core 0)
2026-04-27 18:02:37.489 8 INFO neutron.api.v2.resource [None req-29bbd27e-db1f-4cc0-9eac-772dcfd90199 1abd01acedbe46cb8aa2f1be0d679a0e fc5f76e829ad408e9c9022b1898e3a88 - - default default] create failed (client error): The server could not comply with the request since it is either malformed or otherwise incorrect. [pid: 8|app: 0|req: 1157/2516] 10.0.0.133 () {34 vars in 693 bytes} [Mon Apr 27 18:02:37 2026] POST /v2.0/vpn/endpoint-groups => generated 154 bytes in 40 msecs (HTTP/1.1 400) 4 headers in 166 bytes (1 switches on core 0)
2026-04-27 18:02:37.513 8 WARNING tagging [None req-367381ee-7a80-47dc-9184-c9055c47f883 576b334ab83e45b68306a3660949c26d 3eacde584f544189b67ecb5aea94f37b - - default default] project_id key not found in request, using tenant_id instead. This support has been deprecated and will be removed in a future release. [pid: 8|app: 0|req: 1158/2517] 10.0.0.133 () {34 vars in 796 bytes} [Mon Apr 27 18:02:37 2026] PUT /v2.0/security-groups/02bbff7b-bb13-4461-818c-a3d183741817/tags/black.or.white => generated 4 bytes in 50 msecs (HTTP/1.1 201) 4 headers in 160 bytes (1 switches on core 0) [pid: 8|app: 0|req: 1159/2518] 10.0.0.133 () {32 vars in 663 bytes} [Mon Apr 27 18:02:37 2026] GET /v2.0/vpn/ikepolicies => generated 407 bytes in 9 msecs (HTTP/1.1 200) 4 headers in 157 bytes (1 switches on core 0)
2026-04-27 18:02:37.571 8 WARNING tagging [None req-fb9a581b-444c-44b9-b1a0-763f82c5aed0 576b334ab83e45b68306a3660949c26d 3eacde584f544189b67ecb5aea94f37b - - default default] project_id key not found in request, using tenant_id instead. This support has been deprecated and will be removed in a future release. [pid: 8|app: 0|req: 1160/2519] 10.0.0.133 () {32 vars in 747 bytes} [Mon Apr 27 18:02:37 2026] GET /v2.0/security-groups/02bbff7b-bb13-4461-818c-a3d183741817/tags => generated 52 bytes in 40 msecs (HTTP/1.1 200) 4 headers in 156 bytes (1 switches on core 0) [pid: 8|app: 0|req: 1161/2520] 10.0.0.133 () {32 vars in 667 bytes} [Mon Apr 27 18:02:37 2026] GET /v2.0/vpn/ipsecpolicies => generated 417 bytes in 13 msecs (HTTP/1.1 200) 4 headers in 157 bytes (1 switches on core 0)
2026-04-27 18:02:37.629 8 WARNING tagging [None req-d01829af-5aab-40bf-965e-17f43ef7ee65 576b334ab83e45b68306a3660949c26d 3eacde584f544189b67ecb5aea94f37b - - default default] project_id key not found in request, using tenant_id instead. This support has been deprecated and will be removed in a future release. [pid: 8|app: 0|req: 1162/2521] 10.0.0.133 () {34 vars in 767 bytes} [Mon Apr 27 18:02:37 2026] PUT /v2.0/security-groups/02bbff7b-bb13-4461-818c-a3d183741817/tags => generated 37 bytes in 57 msecs (HTTP/1.1 200) 4 headers in 156 bytes (1 switches on core 0) [pid: 8|app: 0|req: 1163/2522] 10.0.0.133 () {32 vars in 685 bytes} [Mon Apr 27 18:02:37 2026] GET /v2.0/vpn/ipsec-site-connections => generated 796 bytes in 13 msecs (HTTP/1.1 200) 4 headers in 157 bytes (1 switches on core 0)
2026-04-27 18:02:37.703 8 WARNING tagging [None req-beb15429-b76b-4d87-8f26-944c05f10a4c 576b334ab83e45b68306a3660949c26d 3eacde584f544189b67ecb5aea94f37b - - default default] project_id key not found in request, using tenant_id instead. This support has been deprecated and will be removed in a future release. [pid: 8|app: 0|req: 1164/2523] 10.0.0.133 () {32 vars in 747 bytes} [Mon Apr 27 18:02:37 2026] GET /v2.0/security-groups/02bbff7b-bb13-4461-818c-a3d183741817/tags => generated 37 bytes in 40 msecs (HTTP/1.1 200) 4 headers in 156 bytes (1 switches on core 0) [pid: 8|app: 0|req: 1165/2524] 10.0.0.133 () {32 vars in 663 bytes} [Mon Apr 27 18:02:37 2026] GET /v2.0/vpn/vpnservices => generated 863 bytes in 10 msecs (HTTP/1.1 200) 4 headers in 157 bytes (1 switches on core 0)
2026-04-27 18:02:37.747 8 WARNING tagging [None req-05d7befb-c1c4-4504-bbba-ae1510a8df92 576b334ab83e45b68306a3660949c26d 3eacde584f544189b67ecb5aea94f37b - - default default] project_id key not found in request, using tenant_id instead. This support has been deprecated and will be removed in a future release. [pid: 8|app: 0|req: 1166/2525] 10.0.0.133 () {32 vars in 755 bytes} [Mon Apr 27 18:02:37 2026] GET /v2.0/security-groups/02bbff7b-bb13-4461-818c-a3d183741817/tags/red => generated 0 bytes in 28 msecs (HTTP/1.1 204) 2 headers in 112 bytes (1 switches on core 0) [pid: 8|app: 0|req: 1167/2526] 10.0.0.133 () {32 vars in 745 bytes} [Mon Apr 27 18:02:37 2026] GET /v2.0/vpn/endpoint-groups/6ea9a296-b4aa-4d29-98fb-0e253ed38aa5 => generated 329 bytes in 10 msecs (HTTP/1.1 200) 4 headers in 157 bytes (1 switches on core 0)
2026-04-27 18:02:37.785 8 WARNING tagging [None req-d9062bb0-0282-403e-a507-97bc268e54d4 576b334ab83e45b68306a3660949c26d 3eacde584f544189b67ecb5aea94f37b - - default default] project_id key not found in request, using tenant_id instead. This support has been deprecated and will be removed in a future release.
2026-04-27 18:02:37.798 8 INFO neutron.api.v2.resource [None req-d9062bb0-0282-403e-a507-97bc268e54d4 576b334ab83e45b68306a3660949c26d 3eacde584f544189b67ecb5aea94f37b - - default default] show failed (client error): The resource could not be found. [pid: 8|app: 0|req: 1168/2527] 10.0.0.133 () {32 vars in 759 bytes} [Mon Apr 27 18:02:37 2026] GET /v2.0/security-groups/02bbff7b-bb13-4461-818c-a3d183741817/tags/green => generated 99 bytes in 32 msecs (HTTP/1.1 404) 4 headers in 163 bytes (1 switches on core 0) [pid: 8|app: 0|req: 1169/2528] 10.0.0.133 () {32 vars in 745 bytes} [Mon Apr 27 18:02:37 2026] GET /v2.0/vpn/endpoint-groups/6e1a81ab-c481-475f-84b3-e07ab663461f => generated 319 bytes in 11 msecs (HTTP/1.1 200) 4 headers in 157 bytes (1 switches on core 0)
2026-04-27 18:02:37.832 8 WARNING tagging [None req-a511b4e5-8721-4b6f-a8dd-7dc865c8a987 576b334ab83e45b68306a3660949c26d 3eacde584f544189b67ecb5aea94f37b - - default default] project_id key not found in request, using tenant_id instead. This support has been deprecated and will be removed in a future release. [pid: 8|app: 0|req: 1170/2529] 10.0.0.133 () {32 vars in 758 bytes} [Mon Apr 27 18:02:37 2026] DELETE /v2.0/security-groups/02bbff7b-bb13-4461-818c-a3d183741817/tags/red => generated 0 bytes in 46 msecs (HTTP/1.1 204) 2 headers in 112 bytes (1 switches on core 0) [pid: 8|app: 0|req: 1171/2530] 10.0.0.133 () {32 vars in 737 bytes} [Mon Apr 27 18:02:37 2026] GET /v2.0/vpn/ikepolicies/7337dc35-40bd-47ed-aa33-332de952f52e => generated 403 bytes in 12 msecs (HTTP/1.1 200) 4 headers in 157 bytes (1 switches on core 0)
2026-04-27 18:02:37.889 8 WARNING tagging [None req-cec99f8e-df1f-47a5-83ac-59f624305e59 576b334ab83e45b68306a3660949c26d 3eacde584f544189b67ecb5aea94f37b - - default default] project_id key not found in request, using tenant_id instead. This support has been deprecated and will be removed in a future release. [pid: 8|app: 0|req: 1172/2531] 10.0.0.133 () {32 vars in 747 bytes} [Mon Apr 27 18:02:37 2026] GET /v2.0/security-groups/02bbff7b-bb13-4461-818c-a3d183741817/tags => generated 30 bytes in 31 msecs (HTTP/1.1 200) 4 headers in 156 bytes (1 switches on core 0) [pid: 8|app: 0|req: 1173/2532] 10.0.0.133 () {32 vars in 741 bytes} [Mon Apr 27 18:02:37 2026] GET /v2.0/vpn/ipsecpolicies/774080d0-4b28-4bf9-bb11-b8fcf0f236f9 => generated 413 bytes in 11 msecs (HTTP/1.1 200) 4 headers in 157 bytes (1 switches on core 0)
2026-04-27 18:02:37.934 8 WARNING tagging [None req-d7178979-396a-47bd-b5de-bcbcc174d09b 576b334ab83e45b68306a3660949c26d 3eacde584f544189b67ecb5aea94f37b - - default default] project_id key not found in request, using tenant_id instead. This support has been deprecated and will be removed in a future release.
2026-04-27 18:02:37.948 7 WARNING tagging [None req-ae6aed86-9e85-49c5-a9e2-9974c5ea7d44 ca07e68124a449dba20cfb2cb1aa0701 f87dd7bbe32f4a3f9273de08081dd9cc - - default default] project_id key not found in request, using tenant_id instead. This support has been deprecated and will be removed in a future release.
2026-04-27 18:02:37.949 8 INFO neutron.api.v2.resource [None req-d7178979-396a-47bd-b5de-bcbcc174d09b 576b334ab83e45b68306a3660949c26d 3eacde584f544189b67ecb5aea94f37b - - default default] delete failed (client error): The resource could not be found. [pid: 8|app: 0|req: 1174/2533] 10.0.0.133 () {32 vars in 762 bytes} [Mon Apr 27 18:02:37 2026] DELETE /v2.0/security-groups/02bbff7b-bb13-4461-818c-a3d183741817/tags/green => generated 99 bytes in 38 msecs (HTTP/1.1 404) 4 headers in 163 bytes (1 switches on core 0) [pid: 8|app: 0|req: 1175/2534] 10.0.0.133 () {32 vars in 737 bytes} [Mon Apr 27 18:02:37 2026] GET /v2.0/vpn/vpnservices/a2725f18-268d-4b4e-8001-f7bbe8a26cdb => generated 450 bytes in 8 msecs (HTTP/1.1 200) 4 headers in 157 bytes (1 switches on core 0) [pid: 7|app: 0|req: 1360/2535] 10.0.0.133 () {32 vars in 739 bytes} [Mon Apr 27 18:02:37 2026] GET /v2.0/floatingips/1135894a-f8dc-4089-839a-ee48ff10ab05/tags => generated 34 bytes in 597 msecs (HTTP/1.1 200) 4 headers in 156 bytes (1 switches on core 0)
2026-04-27 18:02:37.987 8 WARNING tagging [None req-b430afe1-e171-46e8-84c5-c8ca4090ec4c 576b334ab83e45b68306a3660949c26d 3eacde584f544189b67ecb5aea94f37b - - default default] project_id key not found in request, using tenant_id instead. This support has been deprecated and will be removed in a future release.
2026-04-27 18:02:37.998 7 WARNING tagging [None req-b6bb9f22-545b-4e0d-8cae-df3ca0cb398c ca07e68124a449dba20cfb2cb1aa0701 f87dd7bbe32f4a3f9273de08081dd9cc - - default default] project_id key not found in request, using tenant_id instead. This support has been deprecated and will be removed in a future release. [pid: 8|app: 0|req: 1176/2536] 10.0.0.133 () {32 vars in 750 bytes} [Mon Apr 27 18:02:37 2026] DELETE /v2.0/security-groups/02bbff7b-bb13-4461-818c-a3d183741817/tags => generated 0 bytes in 57 msecs (HTTP/1.1 204) 2 headers in 112 bytes (1 switches on core 0) [pid: 7|app: 0|req: 1361/2537] 10.0.0.133 () {34 vars in 766 bytes} [Mon Apr 27 18:02:37 2026] PUT /v2.0/floatingips/1135894a-f8dc-4089-839a-ee48ff10ab05/tags/red => generated 4 bytes in 60 msecs (HTTP/1.1 201) 4 headers in 160 bytes (1 switches on core 0)
2026-04-27 18:02:38.052 7 WARNING tagging [None req-f8cc4e02-bebe-425b-b6eb-25c00cca2a6a 576b334ab83e45b68306a3660949c26d 3eacde584f544189b67ecb5aea94f37b - - default default] project_id key not found in request, using tenant_id instead. This support has been deprecated and will be removed in a future release. [pid: 7|app: 0|req: 1362/2538] 10.0.0.133 () {32 vars in 747 bytes} [Mon Apr 27 18:02:38 2026] GET /v2.0/security-groups/02bbff7b-bb13-4461-818c-a3d183741817/tags => generated 12 bytes in 44 msecs (HTTP/1.1 200) 4 headers in 156 bytes (1 switches on core 0)
2026-04-27 18:02:38.097 7 WARNING tagging [None req-0de4e393-f55a-4409-a9ff-cba022d14b1c ca07e68124a449dba20cfb2cb1aa0701 f87dd7bbe32f4a3f9273de08081dd9cc - - default default] project_id key not found in request, using tenant_id instead. This support has been deprecated and will be removed in a future release. [pid: 7|app: 0|req: 1363/2539] 10.0.0.133 () {32 vars in 739 bytes} [Mon Apr 27 18:02:38 2026] GET /v2.0/floatingips/1135894a-f8dc-4089-839a-ee48ff10ab05/tags => generated 34 bytes in 36 msecs (HTTP/1.1 200) 4 headers in 156 bytes (1 switches on core 0) [pid: 7|app: 0|req: 1364/2540] 10.0.0.133 () {32 vars in 740 bytes} [Mon Apr 27 18:02:38 2026] DELETE /v2.0/security-groups/02bbff7b-bb13-4461-818c-a3d183741817 => generated 0 bytes in 138 msecs (HTTP/1.1 204) 2 headers in 112 bytes (1 switches on core 0)
2026-04-27 18:02:38.285 7 WARNING tagging [None req-ac83bd18-3deb-4ddc-b371-a6d05de3c1dc ca07e68124a449dba20cfb2cb1aa0701 f87dd7bbe32f4a3f9273de08081dd9cc - - default default] project_id key not found in request, using tenant_id instead. This support has been deprecated and will be removed in a future release. [pid: 7|app: 0|req: 1365/2541] 10.0.0.133 () {34 vars in 788 bytes} [Mon Apr 27 18:02:38 2026] PUT /v2.0/floatingips/1135894a-f8dc-4089-839a-ee48ff10ab05/tags/black.or.white => generated 4 bytes in 80 msecs (HTTP/1.1 201) 4 headers in 160 bytes (1 switches on core 0)
2026-04-27 18:02:38.359 7 WARNING tagging [None req-479bf187-1953-456f-900c-1759d56b252b ca07e68124a449dba20cfb2cb1aa0701 f87dd7bbe32f4a3f9273de08081dd9cc - - default default] project_id key not found in request, using tenant_id instead. This support has been deprecated and will be removed in a future release. [pid: 7|app: 0|req: 1366/2542] 10.0.0.133 () {32 vars in 739 bytes} [Mon Apr 27 18:02:38 2026] GET /v2.0/floatingips/1135894a-f8dc-4089-839a-ee48ff10ab05/tags => generated 52 bytes in 36 msecs (HTTP/1.1 200) 4 headers in 156 bytes (1 switches on core 0)
2026-04-27 18:02:38.394 7 WARNING tagging [None req-f6d536b8-2c15-445c-87e1-456f69687532 ca07e68124a449dba20cfb2cb1aa0701 f87dd7bbe32f4a3f9273de08081dd9cc - - default default] project_id key not found in request, using tenant_id instead. This support has been deprecated and will be removed in a future release. [pid: 7|app: 0|req: 1367/2543] 10.0.0.133 () {34 vars in 759 bytes} [Mon Apr 27 18:02:38 2026] PUT /v2.0/floatingips/1135894a-f8dc-4089-839a-ee48ff10ab05/tags => generated 37 bytes in 55 msecs (HTTP/1.1 200) 4 headers in 156 bytes (1 switches on core 0)
2026-04-27 18:02:38.463 7 WARNING tagging [None req-afbddd33-9f8e-4461-8b5e-212bb04bc4e4 ca07e68124a449dba20cfb2cb1aa0701 f87dd7bbe32f4a3f9273de08081dd9cc - - default default] project_id key not found in request, using tenant_id instead. This support has been deprecated and will be removed in a future release. [pid: 7|app: 0|req: 1368/2544] 10.0.0.133 () {32 vars in 739 bytes} [Mon Apr 27 18:02:38 2026] GET /v2.0/floatingips/1135894a-f8dc-4089-839a-ee48ff10ab05/tags => generated 37 bytes in 40 msecs (HTTP/1.1 200) 4 headers in 156 bytes (1 switches on core 0)
2026-04-27 18:02:38.507 7 WARNING tagging [None req-873470fd-f8df-4d4b-9ecd-8bebf54f222b ca07e68124a449dba20cfb2cb1aa0701 f87dd7bbe32f4a3f9273de08081dd9cc - - default default] project_id key not found in request, using tenant_id instead. This support has been deprecated and will be removed in a future release. [pid: 7|app: 0|req: 1369/2545] 10.0.0.133 () {32 vars in 747 bytes} [Mon Apr 27 18:02:38 2026] GET /v2.0/floatingips/1135894a-f8dc-4089-839a-ee48ff10ab05/tags/red => generated 0 bytes in 48 msecs (HTTP/1.1 204) 2 headers in 112 bytes (1 switches on core 0)
2026-04-27 18:02:38.562 7 WARNING tagging [None req-28341caa-cb04-4f14-92b0-653aa583b312 ca07e68124a449dba20cfb2cb1aa0701 f87dd7bbe32f4a3f9273de08081dd9cc - - default default] project_id key not found in request, using tenant_id instead. This support has been deprecated and will be removed in a future release.
2026-04-27 18:02:38.581 8 INFO neutron.db.ovn_revision_numbers_db [None req-8f1eb45f-eba0-402a-a2dd-6a562df54492 1abd01acedbe46cb8aa2f1be0d679a0e fc5f76e829ad408e9c9022b1898e3a88 - - default default] Successfully bumped revision number for resource 6f32039d-3bc5-4563-baf8-85dbb66a7197 (type: routers) to 10
2026-04-27 18:02:38.592 7 INFO neutron.api.v2.resource [None req-28341caa-cb04-4f14-92b0-653aa583b312 ca07e68124a449dba20cfb2cb1aa0701 f87dd7bbe32f4a3f9273de08081dd9cc - - default default] show failed (client error): The resource could not be found. [pid: 7|app: 0|req: 1370/2546] 10.0.0.133 () {32 vars in 751 bytes} [Mon Apr 27 18:02:38 2026] GET /v2.0/floatingips/1135894a-f8dc-4089-839a-ee48ff10ab05/tags/green => generated 99 bytes in 55 msecs (HTTP/1.1 404) 4 headers in 163 bytes (1 switches on core 0)
2026-04-27 18:02:38.615 7 WARNING tagging [None req-309707dc-283b-4c1c-acb8-60985d6bfe7d ca07e68124a449dba20cfb2cb1aa0701 f87dd7bbe32f4a3f9273de08081dd9cc - - default default] project_id key not found in request, using tenant_id instead. This support has been deprecated and will be removed in a future release. [pid: 8|app: 0|req: 1177/2547] 10.0.0.133 () {32 vars in 762 bytes} [Mon Apr 27 18:02:38 2026] DELETE /v2.0/vpn/ipsec-site-connections/ada2e655-48a0-4141-b87d-44e4510f0302 => generated 0 bytes in 597 msecs (HTTP/1.1 204) 2 headers in 112 bytes (1 switches on core 0) [pid: 7|app: 0|req: 1371/2548] 10.0.0.133 () {32 vars in 750 bytes} [Mon Apr 27 18:02:38 2026] DELETE /v2.0/floatingips/1135894a-f8dc-4089-839a-ee48ff10ab05/tags/red => generated 0 bytes in 47 msecs (HTTP/1.1 204) 2 headers in 112 bytes (1 switches on core 0) [pid: 8|app: 0|req: 1178/2549] 10.0.0.133 () {32 vars in 748 bytes} [Mon Apr 27 18:02:38 2026] DELETE /v2.0/vpn/endpoint-groups/6ea9a296-b4aa-4d29-98fb-0e253ed38aa5 => generated 0 bytes in 23 msecs (HTTP/1.1 204) 2 headers in 112 bytes (1 switches on core 0)
2026-04-27 18:02:38.669 7 WARNING tagging [None req-9ec08995-1c75-4e5a-bd9c-671ab4aa4110 ca07e68124a449dba20cfb2cb1aa0701 f87dd7bbe32f4a3f9273de08081dd9cc - - default default] project_id key not found in request, using tenant_id instead. This support has been deprecated and will be removed in a future release. [pid: 8|app: 0|req: 1179/2550] 10.0.0.133 () {32 vars in 748 bytes} [Mon Apr 27 18:02:38 2026] DELETE /v2.0/vpn/endpoint-groups/6e1a81ab-c481-475f-84b3-e07ab663461f => generated 0 bytes in 25 msecs (HTTP/1.1 204) 2 headers in 112 bytes (1 switches on core 0) [pid: 7|app: 0|req: 1372/2553] 10.0.0.133 () {32 vars in 739 bytes} [Mon Apr 27 18:02:38 2026] GET /v2.0/floatingips/1135894a-f8dc-4089-839a-ee48ff10ab05/tags => generated 30 bytes in 33 msecs (HTTP/1.1 200) 4 headers in 156 bytes (1 switches on core 0) [pid: 8|app: 0|req: 1182/2554] 10.0.0.133 () {32 vars in 744 bytes} [Mon Apr 27 18:02:38 2026] DELETE /v2.0/vpn/ipsecpolicies/774080d0-4b28-4bf9-bb11-b8fcf0f236f9 => generated 0 bytes in 20 msecs (HTTP/1.1 204) 2 headers in 112 bytes (1 switches on core 0)
2026-04-27 18:02:38.706 7 WARNING tagging [None req-29b822e6-a50a-4d6b-926f-a2aa4bb001ad ca07e68124a449dba20cfb2cb1aa0701 f87dd7bbe32f4a3f9273de08081dd9cc - - default default] project_id key not found in request, using tenant_id instead. This support has been deprecated and will be removed in a future release.
2026-04-27 18:02:38.723 7 INFO neutron.api.v2.resource [None req-29b822e6-a50a-4d6b-926f-a2aa4bb001ad ca07e68124a449dba20cfb2cb1aa0701 f87dd7bbe32f4a3f9273de08081dd9cc - - default default] delete failed (client error): The resource could not be found. [pid: 7|app: 0|req: 1373/2555] 10.0.0.133 () {32 vars in 754 bytes} [Mon Apr 27 18:02:38 2026] DELETE /v2.0/floatingips/1135894a-f8dc-4089-839a-ee48ff10ab05/tags/green => generated 99 bytes in 37 msecs (HTTP/1.1 404) 4 headers in 163 bytes (1 switches on core 0) [pid: 8|app: 0|req: 1183/2556] 10.0.0.133 () {32 vars in 740 bytes} [Mon Apr 27 18:02:38 2026] DELETE /v2.0/vpn/ikepolicies/7337dc35-40bd-47ed-aa33-332de952f52e => generated 0 bytes in 25 msecs (HTTP/1.1 204) 2 headers in 112 bytes (1 switches on core 0)
2026-04-27 18:02:38.750 7 WARNING tagging [None req-cf0ab5dd-ffa4-45b4-b060-83aa2d403f0e ca07e68124a449dba20cfb2cb1aa0701 f87dd7bbe32f4a3f9273de08081dd9cc - - default default] project_id key not found in request, using tenant_id instead. This support has been deprecated and will be removed in a future release. [pid: 8|app: 0|req: 1184/2557] 10.0.0.133 () {32 vars in 740 bytes} [Mon Apr 27 18:02:38 2026] DELETE /v2.0/vpn/vpnservices/a2725f18-268d-4b4e-8001-f7bbe8a26cdb => generated 0 bytes in 46 msecs (HTTP/1.1 204) 2 headers in 112 bytes (1 switches on core 0) [pid: 7|app: 0|req: 1374/2558] 10.0.0.133 () {32 vars in 742 bytes} [Mon Apr 27 18:02:38 2026] DELETE /v2.0/floatingips/1135894a-f8dc-4089-839a-ee48ff10ab05/tags => generated 0 bytes in 56 msecs (HTTP/1.1 204) 2 headers in 112 bytes (1 switches on core 0)
2026-04-27 18:02:38.811 7 WARNING tagging [None req-b9439c6e-da35-4c37-9750-7871fa2d92eb ca07e68124a449dba20cfb2cb1aa0701 f87dd7bbe32f4a3f9273de08081dd9cc - - default default] project_id key not found in request, using tenant_id instead. This support has been deprecated and will be removed in a future release. [pid: 7|app: 0|req: 1375/2559] 10.0.0.133 () {32 vars in 739 bytes} [Mon Apr 27 18:02:38 2026] GET /v2.0/floatingips/1135894a-f8dc-4089-839a-ee48ff10ab05/tags => generated 12 bytes in 37 msecs (HTTP/1.1 200) 4 headers in 156 bytes (1 switches on core 0)
2026-04-27 18:02:38.952 7 INFO neutron_taas.services.taas.taas_plugin [None req-f905293d-6983-423e-a468-9fd604079c8c ca07e68124a449dba20cfb2cb1aa0701 f87dd7bbe32f4a3f9273de08081dd9cc - - default default] TaaS: Handle Delete Port: ed150bec-3843-4dd8-aa42-25396676dcf6
2026-04-27 18:02:38.955 7 INFO neutron_taas.services.taas.tap_mirror_plugin [None req-f905293d-6983-423e-a468-9fd604079c8c ca07e68124a449dba20cfb2cb1aa0701 f87dd7bbe32f4a3f9273de08081dd9cc - - default default] Tap Mirror: Handle Delete Port: ed150bec-3843-4dd8-aa42-25396676dcf6
2026-04-27 18:02:39.028 8 INFO neutron_taas.services.taas.taas_plugin [None req-6d33c5b5-6089-435d-b871-a97c1ae9f1a7 1abd01acedbe46cb8aa2f1be0d679a0e fc5f76e829ad408e9c9022b1898e3a88 - - default default] TaaS: Handle Delete Port: b4f1919a-eefd-45c9-816f-1b22e29e08cb
2026-04-27 18:02:39.032 8 INFO neutron_taas.services.taas.tap_mirror_plugin [None req-6d33c5b5-6089-435d-b871-a97c1ae9f1a7 1abd01acedbe46cb8aa2f1be0d679a0e fc5f76e829ad408e9c9022b1898e3a88 - - default default] Tap Mirror: Handle Delete Port: b4f1919a-eefd-45c9-816f-1b22e29e08cb [pid: 7|app: 0|req: 1376/2560] 10.0.0.133 () {32 vars in 732 bytes} [Mon Apr 27 18:02:38 2026] DELETE /v2.0/floatingips/1135894a-f8dc-4089-839a-ee48ff10ab05 => generated 0 bytes in 269 msecs (HTTP/1.1 204) 2 headers in 112 bytes (1 switches on core 0)
2026-04-27 18:02:39.279 7 WARNING neutron.db.securitygroups_db [None req-111ec5ed-e494-4509-879d-6521da1b90d3 12a815a5d3864124aea979b2f98b3411 c03b2cf9ab034c1ab369d509a0e91980 - - default default] project_id key not found in filters, using tenant_id instead. This support has been deprecated and will be removed in a future release. [pid: 7|app: 0|req: 1377/2561] 10.0.0.133 () {32 vars in 774 bytes} [Mon Apr 27 18:02:39 2026] GET /v2.0/security-groups?tenant_id=3eacde584f544189b67ecb5aea94f37b&name=default => generated 2925 bytes in 215 msecs (HTTP/1.1 200) 4 headers in 158 bytes (1 switches on core 0)
2026-04-27 18:02:39.325 8 INFO neutron_taas.services.taas.taas_plugin [None req-9775b888-023f-4f2c-81cd-78bf990ebd65 - - - - - -] TaaS: Handle Delete Port: ad120bcf-8672-4702-a263-7b2d4cb4564d
2026-04-27 18:02:39.329 8 INFO neutron_taas.services.taas.tap_mirror_plugin [None req-9775b888-023f-4f2c-81cd-78bf990ebd65 - - - - - -] Tap Mirror: Handle Delete Port: ad120bcf-8672-4702-a263-7b2d4cb4564d [pid: 7|app: 0|req: 1378/2562] 10.0.0.133 () {32 vars in 740 bytes} [Mon Apr 27 18:02:39 2026] DELETE /v2.0/security-groups/da577eb2-51e9-4619-b74c-2848ed30a4da => generated 0 bytes in 204 msecs (HTTP/1.1 204) 2 headers in 112 bytes (1 switches on core 0)
2026-04-27 18:02:39.685 7 WARNING neutron.db.securitygroups_db [None req-a31d2311-a09c-424f-b4ac-f53394ec985c 12a815a5d3864124aea979b2f98b3411 c03b2cf9ab034c1ab369d509a0e91980 - - default default] project_id key not found in filters, using tenant_id instead. This support has been deprecated and will be removed in a future release.
2026-04-27 18:02:39.810 8 INFO neutron_taas.services.taas.taas_plugin [None req-c3c3d6bc-eb23-4c25-88f2-e09aa2fc0c9d - - - - - -] TaaS: Handle Delete Port: 8f62cf2e-4906-475e-8cba-d84e6f7c4a28
2026-04-27 18:02:39.821 8 INFO neutron_taas.services.taas.tap_mirror_plugin [None req-c3c3d6bc-eb23-4c25-88f2-e09aa2fc0c9d - - - - - -] Tap Mirror: Handle Delete Port: 8f62cf2e-4906-475e-8cba-d84e6f7c4a28
2026-04-27 18:02:39.843 7 INFO neutron.db.ovn_revision_numbers_db [None req-a31d2311-a09c-424f-b4ac-f53394ec985c 12a815a5d3864124aea979b2f98b3411 c03b2cf9ab034c1ab369d509a0e91980 - - default default] Successfully bumped revision number for resource bd3d6375-cdf8-4622-9584-77ac00bcdb44 (type: security_groups) to 1
2026-04-27 18:02:39.858 7 INFO neutron.db.ovn_revision_numbers_db [None req-a31d2311-a09c-424f-b4ac-f53394ec985c 12a815a5d3864124aea979b2f98b3411 c03b2cf9ab034c1ab369d509a0e91980 - - default default] Successfully bumped revision number for resource 06e514da-b370-4dba-981b-cc33e0ddaf15 (type: security_group_rules) to 0
2026-04-27 18:02:39.869 7 INFO neutron.db.ovn_revision_numbers_db [None req-a31d2311-a09c-424f-b4ac-f53394ec985c 12a815a5d3864124aea979b2f98b3411 c03b2cf9ab034c1ab369d509a0e91980 - - default default] Successfully bumped revision number for resource 48d5f767-90df-448a-8842-be03e3f6a21d (type: security_group_rules) to 0
2026-04-27 18:02:39.883 7 INFO neutron.db.ovn_revision_numbers_db [None req-a31d2311-a09c-424f-b4ac-f53394ec985c 12a815a5d3864124aea979b2f98b3411 c03b2cf9ab034c1ab369d509a0e91980 - - default default] Successfully bumped revision number for resource 75f99e7b-7314-4a7f-ae2c-c2f967f05e56 (type: security_group_rules) to 0
2026-04-27 18:02:39.898 7 INFO neutron.db.ovn_revision_numbers_db [None req-a31d2311-a09c-424f-b4ac-f53394ec985c 12a815a5d3864124aea979b2f98b3411 c03b2cf9ab034c1ab369d509a0e91980 - - default default] Successfully bumped revision number for resource 8e0870a6-c910-466b-9758-9252a72942f4 (type: security_group_rules) to 0 [pid: 7|app: 0|req: 1379/2563] 10.0.0.133 () {32 vars in 774 bytes} [Mon Apr 27 18:02:39 2026] GET /v2.0/security-groups?tenant_id=7b45b3911e1d4f44b8bd6b890475b2a3&name=default => generated 2925 bytes in 259 msecs (HTTP/1.1 200) 4 headers in 158 bytes (1 switches on core 0)
2026-04-27 18:02:40.028 7 WARNING neutron.db.securitygroups_db [None req-cecbf98a-d3f2-451c-a10c-0c0b29afa0df 12a815a5d3864124aea979b2f98b3411 c03b2cf9ab034c1ab369d509a0e91980 - - default default] project_id key not found in filters, using tenant_id instead. This support has been deprecated and will be removed in a future release.
2026-04-27 18:02:40.211 7 INFO neutron.db.ovn_revision_numbers_db [None req-cecbf98a-d3f2-451c-a10c-0c0b29afa0df 12a815a5d3864124aea979b2f98b3411 c03b2cf9ab034c1ab369d509a0e91980 - - default default] Successfully bumped revision number for resource 72788624-410f-4dc8-80af-a3e1289abf67 (type: security_groups) to 1
2026-04-27 18:02:40.230 7 INFO neutron.db.ovn_revision_numbers_db [None req-cecbf98a-d3f2-451c-a10c-0c0b29afa0df 12a815a5d3864124aea979b2f98b3411 c03b2cf9ab034c1ab369d509a0e91980 - - default default] Successfully bumped revision number for resource 2e82f24f-bbed-4cd0-b6af-e5ff91348435 (type: security_group_rules) to 0
2026-04-27 18:02:40.240 7 INFO neutron.db.ovn_revision_numbers_db [None req-cecbf98a-d3f2-451c-a10c-0c0b29afa0df 12a815a5d3864124aea979b2f98b3411 c03b2cf9ab034c1ab369d509a0e91980 - - default default] Successfully bumped revision number for resource 7b52bb8c-550a-409b-9d9e-c7407ad22d4f (type: security_group_rules) to 0
2026-04-27 18:02:40.252 7 INFO neutron.db.ovn_revision_numbers_db [None req-cecbf98a-d3f2-451c-a10c-0c0b29afa0df 12a815a5d3864124aea979b2f98b3411 c03b2cf9ab034c1ab369d509a0e91980 - - default default] Successfully bumped revision number for resource 7d94d732-cfc3-4b2b-8919-6e420bc024dc (type: security_group_rules) to 0
2026-04-27 18:02:40.264 7 INFO neutron.db.ovn_revision_numbers_db [None req-cecbf98a-d3f2-451c-a10c-0c0b29afa0df 12a815a5d3864124aea979b2f98b3411 c03b2cf9ab034c1ab369d509a0e91980 - - default default] Successfully bumped revision number for resource d70995f5-5821-4a64-8d22-acbc4947bd90 (type: security_group_rules) to 0 [pid: 7|app: 0|req: 1380/2564] 10.0.0.133 () {32 vars in 774 bytes} [Mon Apr 27 18:02:39 2026] GET /v2.0/security-groups?tenant_id=f87dd7bbe32f4a3f9273de08081dd9cc&name=default => generated 2925 bytes in 374 msecs (HTTP/1.1 200) 4 headers in 158 bytes (1 switches on core 0) [pid: 7|app: 0|req: 1381/2565] 10.0.0.53 () {34 vars in 989 bytes} [Mon Apr 27 18:02:40 2026] GET /v2.0/ports?device_id=bd58e7ba-b71b-4942-9ccb-c552ec88b3a7 => generated 1232 bytes in 32 msecs (HTTP/1.1 200) 4 headers in 158 bytes (1 switches on core 0)
2026-04-27 18:02:40.396 8 WARNING neutron.plugins.ml2.drivers.ovn.mech_driver.ovsdb.ovn_client [None req-c179fefb-3b09-4421-a52c-cce472e6e33d - - - - - -] No port found with ID 9b41d52b-f388-4bc2-816c-ec0f037206f3: RuntimeError: No port found with ID 9b41d52b-f388-4bc2-816c-ec0f037206f3 [pid: 7|app: 0|req: 1382/2566] 10.0.0.133 () {32 vars in 740 bytes} [Mon Apr 27 18:02:40 2026] DELETE /v2.0/security-groups/bd3d6375-cdf8-4622-9584-77ac00bcdb44 => generated 0 bytes in 156 msecs (HTTP/1.1 204) 2 headers in 112 bytes (1 switches on core 0) [pid: 7|app: 0|req: 1383/2567] 10.0.0.133 () {32 vars in 740 bytes} [Mon Apr 27 18:02:40 2026] DELETE /v2.0/security-groups/72788624-410f-4dc8-80af-a3e1289abf67 => generated 0 bytes in 222 msecs (HTTP/1.1 204) 2 headers in 112 bytes (1 switches on core 0) [pid: 7|app: 0|req: 1384/2568] 10.0.0.53 () {34 vars in 1039 bytes} [Mon Apr 27 18:02:40 2026] GET /v2.0/security-groups?id=807256af-d93c-4abb-9410-7d5df55917de&fields=id&fields=name => generated 113 bytes in 33 msecs (HTTP/1.1 200) 4 headers in 157 bytes (1 switches on core 0)
2026-04-27 18:02:40.814 8 INFO neutron_taas.services.taas.taas_plugin [None req-c3c3d6bc-eb23-4c25-88f2-e09aa2fc0c9d - - - - - -] TaaS: Handle Delete Port: d17a5be4-2c48-483d-ae53-6d95004973e4
2026-04-27 18:02:40.818 8 INFO neutron_taas.services.taas.tap_mirror_plugin [None req-c3c3d6bc-eb23-4c25-88f2-e09aa2fc0c9d - - - - - -] Tap Mirror: Handle Delete Port: d17a5be4-2c48-483d-ae53-6d95004973e4
2026-04-27 18:02:40.900 7 WARNING neutron.db.securitygroups_db [None req-e9ba81ea-8a11-4f2c-bddf-f27bd1c95a8f 12a815a5d3864124aea979b2f98b3411 c03b2cf9ab034c1ab369d509a0e91980 - - default default] project_id key not found in filters, using tenant_id instead. This support has been deprecated and will be removed in a future release.
2026-04-27 18:02:41.027 7 INFO neutron.db.ovn_revision_numbers_db [None req-e9ba81ea-8a11-4f2c-bddf-f27bd1c95a8f 12a815a5d3864124aea979b2f98b3411 c03b2cf9ab034c1ab369d509a0e91980 - - default default] Successfully bumped revision number for resource 8f85099b-2b70-4156-9a86-220d8caaf3f7 (type: security_groups) to 1
2026-04-27 18:02:41.050 7 INFO neutron.db.ovn_revision_numbers_db [None req-e9ba81ea-8a11-4f2c-bddf-f27bd1c95a8f 12a815a5d3864124aea979b2f98b3411 c03b2cf9ab034c1ab369d509a0e91980 - - default default] Successfully bumped revision number for resource 235308a6-7fd3-4f95-8da0-576baf00273d (type: security_group_rules) to 0
2026-04-27 18:02:41.050 8 INFO neutron.services.segments.plugin [-] Segment 380dfbc7-cb8f-47d8-9421-6fbe175abd65 resource provider aggregate not found
2026-04-27 18:02:41.057 8 INFO neutron.services.segments.plugin [-] Segment 380dfbc7-cb8f-47d8-9421-6fbe175abd65 resource provider aggregate not found
