2026-04-27 17:59:59.824 7 INFO neutron.pecan_wsgi.hooks.translation [None req-2c84f975-c846-4510-935c-fd289e52ec81 8fde13db489e498391541f1d48aeb1e1 d7e448f190c843b497a089376588d2d4 - - default default] GET failed (client error): The resource could not be found. [pid: 7|app: 0|req: 652/1334] 10.0.0.133 () {32 vars in 717 bytes} [Mon Apr 27 17:59:59 2026] GET /v2.0/ports/931bb1db-37a8-406a-bc0c-daf862be7b3a => generated 132 bytes in 23 msecs (HTTP/1.1 404) 4 headers in 164 bytes (1 switches on core 0) [pid: 7|app: 0|req: 653/1335] 10.0.0.133 () {32 vars in 643 bytes} [Mon Apr 27 17:59:59 2026] GET /v2.0/ports => generated 1533 bytes in 41 msecs (HTTP/1.1 200) 4 headers in 158 bytes (1 switches on core 0)
2026-04-27 17:59:59.924 8 INFO neutron_taas.services.taas.taas_plugin [None req-d358b846-03ed-4672-a27a-8a97485742e7 97413f5497ca4047a8ea444735cccfde 07a36f8f261d46a4888f3db323e7b284 - - default default] TaaS: Handle Delete Port: 9aa1f2b0-98cc-49d6-b7c2-a433b1017f62 [pid: 7|app: 0|req: 654/1336] 10.0.0.133 () {32 vars in 717 bytes} [Mon Apr 27 17:59:59 2026] GET /v2.0/ports/0e65eb8a-0ea7-4aa3-8b07-1881ffc49bdf => generated 774 bytes in 49 msecs (HTTP/1.1 200) 4 headers in 157 bytes (1 switches on core 0)
2026-04-27 17:59:59.938 8 INFO neutron_taas.services.taas.tap_mirror_plugin [None req-d358b846-03ed-4672-a27a-8a97485742e7 97413f5497ca4047a8ea444735cccfde 07a36f8f261d46a4888f3db323e7b284 - - default default] Tap Mirror: Handle Delete Port: 9aa1f2b0-98cc-49d6-b7c2-a433b1017f62
2026-04-27 17:59:59.957 7 INFO neutron.pecan_wsgi.hooks.translation [None req-59a7ffce-3c0f-41cc-a466-40d7ee2d50c2 8fde13db489e498391541f1d48aeb1e1 d7e448f190c843b497a089376588d2d4 - - default default] DELETE failed (client error): The resource could not be found. [pid: 7|app: 0|req: 655/1337] 10.0.0.133 () {32 vars in 720 bytes} [Mon Apr 27 17:59:59 2026] DELETE /v2.0/ports/490afc09-17bf-4233-972e-dacf6db13cd0 => generated 132 bytes in 22 msecs (HTTP/1.1 404) 4 headers in 164 bytes (1 switches on core 0)
2026-04-27 17:59:59.978 7 INFO neutron.pecan_wsgi.hooks.translation [None req-29872738-57db-47c1-ae93-615af18d933d 8fde13db489e498391541f1d48aeb1e1 d7e448f190c843b497a089376588d2d4 - - default default] DELETE failed (client error): The resource could not be found. [pid: 7|app: 0|req: 656/1338] 10.0.0.133 () {32 vars in 724 bytes} [Mon Apr 27 17:59:59 2026] DELETE /v2.0/subnets/59afa0c0-8c54-4cdc-93ca-363ef8758394 => generated 136 bytes in 16 msecs (HTTP/1.1 404) 4 headers in 164 bytes (1 switches on core 0)
2026-04-27 18:00:00.002 7 INFO neutron.pecan_wsgi.hooks.translation [None req-a7c91913-efcf-40d7-8705-90d32c20e7ec 8fde13db489e498391541f1d48aeb1e1 d7e448f190c843b497a089376588d2d4 - - default default] DELETE failed (client error): The resource could not be found. [pid: 7|app: 0|req: 657/1339] 10.0.0.133 () {32 vars in 724 bytes} [Mon Apr 27 17:59:59 2026] DELETE /v2.0/subnets/5ff0bc75-4816-4b36-9fa6-ec917018f6ff => generated 136 bytes in 17 msecs (HTTP/1.1 404) 4 headers in 164 bytes (1 switches on core 0)
2026-04-27 18:00:00.118 7 INFO neutron_taas.services.taas.taas_plugin [None req-61b2b563-c459-4ec3-b164-0d7f65a2a774 8fde13db489e498391541f1d48aeb1e1 d7e448f190c843b497a089376588d2d4 - - default default] TaaS: Handle Delete Port: 0e65eb8a-0ea7-4aa3-8b07-1881ffc49bdf
2026-04-27 18:00:00.122 7 INFO neutron_taas.services.taas.tap_mirror_plugin [None req-61b2b563-c459-4ec3-b164-0d7f65a2a774 8fde13db489e498391541f1d48aeb1e1 d7e448f190c843b497a089376588d2d4 - - default default] Tap Mirror: Handle Delete Port: 0e65eb8a-0ea7-4aa3-8b07-1881ffc49bdf [pid: 8|app: 0|req: 683/1340] 10.0.0.133 () {32 vars in 726 bytes} [Mon Apr 27 17:59:59 2026] DELETE /v2.0/networks/0e30670e-c177-416d-ad61-94901655d05b => generated 0 bytes in 440 msecs (HTTP/1.1 204) 3 headers in 131 bytes (1 switches on core 0)
2026-04-27 18:00:00.250 8 INFO neutron.plugins.ml2.drivers.ovn.mech_driver.mech_driver [None req-2e4ac844-80f0-4dd4-a825-658cf5a871a2 - - - - - -] OVN reports status up for port: ed1c302c-00c1-4ebd-80d7-fa4ec25580d4
2026-04-27 18:00:00.284 8 INFO neutron.plugins.ml2.plugin [None req-2e4ac844-80f0-4dd4-a825-658cf5a871a2 - - - - - -] Attempt 1 to provision port ed1c302c-00c1-4ebd-80d7-fa4ec25580d4 [pid: 8|app: 0|req: 684/1341] 10.0.0.133 () {32 vars in 649 bytes} [Mon Apr 27 18:00:00 2026] GET /v2.0/networks => generated 689 bytes in 86 msecs (HTTP/1.1 200) 4 headers in 157 bytes (1 switches on core 0) [pid: 7|app: 0|req: 658/1342] 10.0.0.133 () {32 vars in 720 bytes} [Mon Apr 27 18:00:00 2026] DELETE /v2.0/ports/0e65eb8a-0ea7-4aa3-8b07-1881ffc49bdf => generated 0 bytes in 327 msecs (HTTP/1.1 204) 3 headers in 131 bytes (1 switches on core 0)
2026-04-27 18:00:00.517 8 INFO neutron.db.segments_db [None req-1c8eb38d-f6ae-49a3-a4fe-f3ef55b80cad 97413f5497ca4047a8ea444735cccfde 07a36f8f261d46a4888f3db323e7b284 - - default default] Added segment 1e35468c-b01d-4f43-85d0-c8c81e16423d of type geneve for network ee0c5ce6-d6e3-447d-9047-df42d9b5e171
2026-04-27 18:00:00.536 7 INFO neutron_taas.services.taas.taas_plugin [None req-b999df90-fdc8-4618-826d-a2626e174ee2 8fde13db489e498391541f1d48aeb1e1 d7e448f190c843b497a089376588d2d4 - - default default] TaaS: Handle Delete Port: 4469e728-7fb9-4329-bd73-de0e3e99d994
2026-04-27 18:00:00.543 7 INFO neutron_taas.services.taas.tap_mirror_plugin [None req-b999df90-fdc8-4618-826d-a2626e174ee2 8fde13db489e498391541f1d48aeb1e1 d7e448f190c843b497a089376588d2d4 - - default default] Tap Mirror: Handle Delete Port: 4469e728-7fb9-4329-bd73-de0e3e99d994
2026-04-27 18:00:00.554 8 INFO neutron.notifiers.nova [-] Nova event matching ['req-d50f7d61-5b0e-48fc-880c-a115181be7ba'] response: {'server_uuid': 'f10f8ef8-a9f2-4c5f-84ae-7cdbf0f21747', 'name': 'network-vif-plugged', 'status': 'completed', 'tag': 'ed1c302c-00c1-4ebd-80d7-fa4ec25580d4', 'code': 200}
2026-04-27 18:00:00.644 8 INFO neutron.services.segments.plugin [-] Segment fc5abb8d-c07e-4ac2-b39d-c6abd80a39a2 resource provider aggregate not found
2026-04-27 18:00:00.661 8 INFO neutron.services.segments.plugin [-] Segment fc5abb8d-c07e-4ac2-b39d-c6abd80a39a2 resource provider aggregate not found
2026-04-27 18:00:00.682 8 INFO neutron.services.segments.plugin [-] Segment fc5abb8d-c07e-4ac2-b39d-c6abd80a39a2 resource provider not found; error: Placement Client Error (4xx): {"errors": [{"status": 404, "title": "Not Found", "detail": "The resource could not be found.\n\n No resource provider with uuid fc5abb8d-c07e-4ac2-b39d-c6abd80a39a2 found for delete ", "request_id": "req-e4ee89c3-5794-44ee-9262-01052d24f3ab"}]}
2026-04-27 18:00:00.693 8 INFO neutron.services.segments.plugin [-] Segment fc5abb8d-c07e-4ac2-b39d-c6abd80a39a2 resource provider not found; error: Placement Client Error (4xx): {"errors": [{"status": 404, "title": "Not Found", "detail": "The resource could not be found.\n\n No resource provider with uuid fc5abb8d-c07e-4ac2-b39d-c6abd80a39a2 found for delete ", "request_id": "req-2b69850b-936a-492f-9aa5-832950b366dd"}]}
2026-04-27 18:00:00.714 8 INFO neutron.services.segments.plugin [-] Segment 177e5bc8-984a-4f0a-8d5d-5e421712ab82 resource provider aggregate not found
2026-04-27 18:00:00.733 8 INFO neutron.services.segments.plugin [-] Segment 177e5bc8-984a-4f0a-8d5d-5e421712ab82 resource provider aggregate not found
2026-04-27 18:00:00.748 8 INFO neutron.services.segments.plugin [-] Segment 177e5bc8-984a-4f0a-8d5d-5e421712ab82 resource provider not found; error: Placement Client Error (4xx): {"errors": [{"status": 404, "title": "Not Found", "detail": "The resource could not be found.\n\n No resource provider with uuid 177e5bc8-984a-4f0a-8d5d-5e421712ab82 found for delete ", "request_id": "req-dd86d3ce-404c-4cf5-b707-d228156a13cf"}]}
2026-04-27 18:00:00.807 8 INFO neutron.services.segments.plugin [-] Segment 177e5bc8-984a-4f0a-8d5d-5e421712ab82 resource provider not found; error: Placement Client Error (4xx): {"errors": [{"status": 404, "title": "Not Found", "detail": "The resource could not be found.\n\n No resource provider with uuid 177e5bc8-984a-4f0a-8d5d-5e421712ab82 found for delete ", "request_id": "req-4d1c452f-789b-45c0-bfc9-4853c9f39bfa"}]}
2026-04-27 18:00:00.875 8 INFO neutron.db.ovn_revision_numbers_db [None req-1c8eb38d-f6ae-49a3-a4fe-f3ef55b80cad 97413f5497ca4047a8ea444735cccfde 07a36f8f261d46a4888f3db323e7b284 - - default default] Successfully bumped revision number for resource ee0c5ce6-d6e3-447d-9047-df42d9b5e171 (type: networks) to 1
2026-04-27 18:00:00.906 7 INFO neutron.services.segments.plugin [-] Segment e3022afa-cc4c-4fad-9c51-7ae4d390ff05 resource provider aggregate not found
2026-04-27 18:00:00.912 7 INFO neutron.services.segments.plugin [-] Segment e3022afa-cc4c-4fad-9c51-7ae4d390ff05 resource provider aggregate not found
2026-04-27 18:00:00.930 7 INFO neutron.services.segments.plugin [-] Segment e3022afa-cc4c-4fad-9c51-7ae4d390ff05 resource provider not found; error: Placement Client Error (4xx): {"errors": [{"status": 404, "title": "Not Found", "detail": "The resource could not be found.\n\n No resource provider with uuid e3022afa-cc4c-4fad-9c51-7ae4d390ff05 found for delete ", "request_id": "req-5b27921e-47b3-4a3c-9b9e-59a3d9028235"}]}
2026-04-27 18:00:00.933 7 INFO neutron.services.segments.plugin [-] Segment e3022afa-cc4c-4fad-9c51-7ae4d390ff05 resource provider not found; error: Placement Client Error (4xx): {"errors": [{"status": 404, "title": "Not Found", "detail": "The resource could not be found.\n\n No resource provider with uuid e3022afa-cc4c-4fad-9c51-7ae4d390ff05 found for delete ", "request_id": "req-5e4d6fc8-bb70-4479-a96d-327ad5b05add"}]} [pid: 7|app: 0|req: 659/1343] 10.0.0.133 () {32 vars in 726 bytes} [Mon Apr 27 18:00:00 2026] DELETE /v2.0/networks/663b1a4b-1a6c-4baf-bca9-06c4cbc34118 => generated 0 bytes in 633 msecs (HTTP/1.1 204) 3 headers in 131 bytes (1 switches on core 0)
2026-04-27 18:00:01.059 8 INFO neutron.db.ovn_revision_numbers_db [None req-2e4ac844-80f0-4dd4-a825-658cf5a871a2 - - - - - -] Successfully bumped revision number for resource ed1c302c-00c1-4ebd-80d7-fa4ec25580d4 (type: ports) to 5 [pid: 7|app: 0|req: 660/1344] 10.0.0.16 () {34 vars in 989 bytes} [Mon Apr 27 18:00:00 2026] GET /v2.0/ports?device_id=f10f8ef8-a9f2-4c5f-84ae-7cdbf0f21747 => generated 975 bytes in 91 msecs (HTTP/1.1 200) 4 headers in 157 bytes (1 switches on core 0) [pid: 7|app: 0|req: 661/1345] 10.0.0.16 () {34 vars in 1039 bytes} [Mon Apr 27 18:00:01 2026] GET /v2.0/security-groups?id=f3ecdb9d-485c-4dad-8c5d-1dda24b578b2&fields=id&fields=name => generated 114 bytes in 23 msecs (HTTP/1.1 200) 4 headers in 157 bytes (1 switches on core 0)
2026-04-27 18:00:01.202 8 WARNING neutron.scheduler.dhcp_agent_scheduler [None req-1c8eb38d-f6ae-49a3-a4fe-f3ef55b80cad 97413f5497ca4047a8ea444735cccfde 07a36f8f261d46a4888f3db323e7b284 - - default default] No more DHCP agents
2026-04-27 18:00:01.206 8 WARNING neutron.api.rpc.agentnotifiers.dhcp_rpc_agent_api [None req-1c8eb38d-f6ae-49a3-a4fe-f3ef55b80cad 97413f5497ca4047a8ea444735cccfde 07a36f8f261d46a4888f3db323e7b284 - - default default] Unable to schedule network ee0c5ce6-d6e3-447d-9047-df42d9b5e171: no agents available; will retry on subsequent port and subnet creation events.
2026-04-27 18:00:01.263 8 INFO neutron.plugins.ml2.drivers.ovn.mech_driver.mech_driver [None req-1dc8d610-502a-48a7-b851-20e9a9e0fbe4 - - - - - -] OVN reports status down for port: 886eb1bb-9eb3-4f58-9c40-d039f408ba71
2026-04-27 18:00:01.337 8 INFO neutron.db.ovn_revision_numbers_db [None req-1c8eb38d-f6ae-49a3-a4fe-f3ef55b80cad 97413f5497ca4047a8ea444735cccfde 07a36f8f261d46a4888f3db323e7b284 - - default default] Successfully bumped revision number for resource 886eb1bb-9eb3-4f58-9c40-d039f408ba71 (type: ports) to 1 [pid: 8|app: 0|req: 685/1346] 10.0.0.133 () {34 vars in 670 bytes} [Mon Apr 27 18:00:00 2026] POST /v2.0/networks => generated 688 bytes in 1099 msecs (HTTP/1.1 201) 4 headers in 162 bytes (1 switches on core 0)
2026-04-27 18:00:01.531 7 INFO neutron.db.segments_db [None req-821d0f1c-cc33-4eab-8858-b26323172a08 97413f5497ca4047a8ea444735cccfde 07a36f8f261d46a4888f3db323e7b284 - - default default] Added segment e022da60-7e02-47c7-b29c-d2a512176cce of type geneve for network 44198ba6-520f-466f-94f0-51ac956a9fd7
2026-04-27 18:00:01.694 7 INFO neutron.db.ovn_revision_numbers_db [None req-821d0f1c-cc33-4eab-8858-b26323172a08 97413f5497ca4047a8ea444735cccfde 07a36f8f261d46a4888f3db323e7b284 - - default default] Successfully bumped revision number for resource 44198ba6-520f-466f-94f0-51ac956a9fd7 (type: networks) to 1 /var/lib/openstack/lib/python3.12/site-packages/pycadf/identifier.py:70: UserWarning: Invalid uuid: neutron. To ensure interoperability, identifiers should be a valid uuid. warnings.warn(('Invalid uuid: %s. To ensure interoperability, '
2026-04-27 18:00:01.833 8 WARNING neutron.db.securitygroups_db [None req-99774663-be96-42b3-a0df-c768d6930391 12a815a5d3864124aea979b2f98b3411 c03b2cf9ab034c1ab369d509a0e91980 - - default default] project_id key not found in filters, using tenant_id instead. This support has been deprecated and will be removed in a future release. [pid: 8|app: 0|req: 686/1347] 10.0.0.133 () {32 vars in 774 bytes} [Mon Apr 27 18:00:01 2026] GET /v2.0/security-groups?tenant_id=d7e448f190c843b497a089376588d2d4&name=default => generated 2925 bytes in 270 msecs (HTTP/1.1 200) 4 headers in 158 bytes (1 switches on core 0)
2026-04-27 18:00:01.938 7 WARNING neutron.scheduler.dhcp_agent_scheduler [None req-821d0f1c-cc33-4eab-8858-b26323172a08 97413f5497ca4047a8ea444735cccfde 07a36f8f261d46a4888f3db323e7b284 - - default default] No more DHCP agents
2026-04-27 18:00:01.939 7 WARNING neutron.api.rpc.agentnotifiers.dhcp_rpc_agent_api [None req-821d0f1c-cc33-4eab-8858-b26323172a08 97413f5497ca4047a8ea444735cccfde 07a36f8f261d46a4888f3db323e7b284 - - default default] Unable to schedule network 44198ba6-520f-466f-94f0-51ac956a9fd7: no agents available; will retry on subsequent port and subnet creation events.
2026-04-27 18:00:02.034 7 INFO neutron.plugins.ml2.drivers.ovn.mech_driver.mech_driver [None req-71e2fc23-204c-47b0-a6e2-b25043f88284 - - - - - -] OVN reports status down for port: 97d08810-fe87-40bf-93d6-0b41c6160a84
2026-04-27 18:00:02.099 7 INFO neutron.db.ovn_revision_numbers_db [None req-821d0f1c-cc33-4eab-8858-b26323172a08 97413f5497ca4047a8ea444735cccfde 07a36f8f261d46a4888f3db323e7b284 - - default default] Successfully bumped revision number for resource 97d08810-fe87-40bf-93d6-0b41c6160a84 (type: ports) to 1 [pid: 8|app: 0|req: 687/1348] 10.0.0.133 () {32 vars in 740 bytes} [Mon Apr 27 18:00:01 2026] DELETE /v2.0/security-groups/001fca09-a327-4e3b-ac80-32dcf2a3ab38 => generated 0 bytes in 241 msecs (HTTP/1.1 204) 2 headers in 112 bytes (1 switches on core 0) [pid: 7|app: 0|req: 662/1349] 10.0.0.133 () {34 vars in 670 bytes} [Mon Apr 27 18:00:01 2026] POST /v2.0/networks => generated 687 bytes in 743 msecs (HTTP/1.1 201) 4 headers in 162 bytes (1 switches on core 0) [pid: 7|app: 0|req: 663/1350] 10.0.0.16 () {34 vars in 989 bytes} [Mon Apr 27 18:00:02 2026] GET /v2.0/ports?device_id=f10f8ef8-a9f2-4c5f-84ae-7cdbf0f21747 => generated 975 bytes in 43 msecs (HTTP/1.1 200) 4 headers in 157 bytes (1 switches on core 0) [pid: 7|app: 0|req: 664/1351] 10.0.0.16 () {34 vars in 1039 bytes} [Mon Apr 27 18:00:02 2026] GET /v2.0/security-groups?id=f3ecdb9d-485c-4dad-8c5d-1dda24b578b2&fields=id&fields=name => generated 114 bytes in 42 msecs (HTTP/1.1 200) 4 headers in 157 bytes (1 switches on core 0) [pid: 7|app: 0|req: 665/1352] 10.0.0.16 () {34 vars in 989 bytes} [Mon Apr 27 18:00:02 2026] GET /v2.0/ports?device_id=f10f8ef8-a9f2-4c5f-84ae-7cdbf0f21747 => generated 975 bytes in 36 msecs (HTTP/1.1 200) 4 headers in 157 bytes (1 switches on core 0)
2026-04-27 18:00:02.592 8 INFO neutron.notifiers.nova [-] Nova event matching ['req-744673f9-3cfe-417a-9681-e4a01de33774'] response: {'server_uuid': 'f10f8ef8-a9f2-4c5f-84ae-7cdbf0f21747', 'name': 'network-vif-plugged', 'status': 'completed', 'tag': 'ed1c302c-00c1-4ebd-80d7-fa4ec25580d4', 'code': 200}
2026-04-27 18:00:02.628 8 WARNING neutron.scheduler.dhcp_agent_scheduler [None req-e3d2a0e2-23dc-4214-bc05-a394447054ce 97413f5497ca4047a8ea444735cccfde 07a36f8f261d46a4888f3db323e7b284 - - default default] No more DHCP agents
2026-04-27 18:00:02.638 8 WARNING neutron.api.rpc.agentnotifiers.dhcp_rpc_agent_api [None req-e3d2a0e2-23dc-4214-bc05-a394447054ce 97413f5497ca4047a8ea444735cccfde 07a36f8f261d46a4888f3db323e7b284 - - default default] Unable to schedule network ee0c5ce6-d6e3-447d-9047-df42d9b5e171: no agents available; will retry on subsequent port and subnet creation events.
2026-04-27 18:00:02.693 8 INFO neutron.plugins.ml2.drivers.ovn.mech_driver.mech_driver [None req-1dc8d610-502a-48a7-b851-20e9a9e0fbe4 - - - - - -] OVN reports status down for port: 77f780e1-5231-4042-ab2a-8a6f565e4490
2026-04-27 18:00:02.748 8 INFO neutron.db.ovn_revision_numbers_db [None req-e3d2a0e2-23dc-4214-bc05-a394447054ce 97413f5497ca4047a8ea444735cccfde 07a36f8f261d46a4888f3db323e7b284 - - default default] Successfully bumped revision number for resource 77f780e1-5231-4042-ab2a-8a6f565e4490 (type: ports) to 1
2026-04-27 18:00:02.820 8 WARNING neutron.scheduler.dhcp_agent_scheduler [None req-e3d2a0e2-23dc-4214-bc05-a394447054ce 97413f5497ca4047a8ea444735cccfde 07a36f8f261d46a4888f3db323e7b284 - - default default] No more DHCP agents
2026-04-27 18:00:02.830 8 WARNING neutron.api.rpc.agentnotifiers.dhcp_rpc_agent_api [None req-e3d2a0e2-23dc-4214-bc05-a394447054ce 97413f5497ca4047a8ea444735cccfde 07a36f8f261d46a4888f3db323e7b284 - - default default] Unable to schedule network 44198ba6-520f-466f-94f0-51ac956a9fd7: no agents available; will retry on subsequent port and subnet creation events.
2026-04-27 18:00:02.898 8 INFO neutron.db.ovn_revision_numbers_db [None req-e3d2a0e2-23dc-4214-bc05-a394447054ce 97413f5497ca4047a8ea444735cccfde 07a36f8f261d46a4888f3db323e7b284 - - default default] Successfully bumped revision number for resource ebd8b9c0-bf90-490e-9274-a3a876b845c3 (type: ports) to 1
2026-04-27 18:00:02.903 7 INFO neutron.plugins.ml2.drivers.ovn.mech_driver.mech_driver [None req-71e2fc23-204c-47b0-a6e2-b25043f88284 - - - - - -] OVN reports status down for port: ebd8b9c0-bf90-490e-9274-a3a876b845c3 [pid: 8|app: 0|req: 688/1353] 10.0.0.133 () {34 vars in 665 bytes} [Mon Apr 27 18:00:02 2026] POST /v2.0/ports => generated 1506 bytes in 849 msecs (HTTP/1.1 201) 4 headers in 163 bytes (1 switches on core 0) /var/lib/openstack/lib/python3.12/site-packages/pycadf/identifier.py:70: UserWarning: Invalid uuid: neutron. To ensure interoperability, identifiers should be a valid uuid. warnings.warn(('Invalid uuid: %s. To ensure interoperability, '
2026-04-27 18:00:03.058 7 INFO neutron.db.ovn_revision_numbers_db [None req-be23664f-780d-4f3a-ac4c-0036c1089cc4 1b84e4d59b54405b8acae138068bfd52 0e70b75971bf41a3bc3cfac8a1891cdf - - default default] Successfully bumped revision number for resource d9c294f2-32e1-4ca2-8a01-bcf3a85f98b1 (type: floatingips) to 1 [pid: 8|app: 0|req: 689/1354] 10.0.0.133 () {32 vars in 643 bytes} [Mon Apr 27 18:00:02 2026] GET /v2.0/ports => generated 3018 bytes in 102 msecs (HTTP/1.1 200) 4 headers in 158 bytes (1 switches on core 0)
2026-04-27 18:00:03.168 7 INFO neutron.db.ovn_revision_numbers_db [None req-be23664f-780d-4f3a-ac4c-0036c1089cc4 1b84e4d59b54405b8acae138068bfd52 0e70b75971bf41a3bc3cfac8a1891cdf - - default default] Successfully bumped revision number for resource d9c294f2-32e1-4ca2-8a01-bcf3a85f98b1 (type: floatingips) to 2
2026-04-27 18:00:03.169 7 INFO neutron.db.l3_db [None req-be23664f-780d-4f3a-ac4c-0036c1089cc4 1b84e4d59b54405b8acae138068bfd52 0e70b75971bf41a3bc3cfac8a1891cdf - - default default] Floating IP d9c294f2-32e1-4ca2-8a01-bcf3a85f98b1 associated. External IP: 10.96.250.204, port: ed1c302c-00c1-4ebd-80d7-fa4ec25580d4. [pid: 7|app: 0|req: 666/1355] 10.0.0.133 () {34 vars in 749 bytes} [Mon Apr 27 18:00:02 2026] PUT /v2.0/floatingips/d9c294f2-32e1-4ca2-8a01-bcf3a85f98b1 => generated 856 bytes in 783 msecs (HTTP/1.1 200) 4 headers in 157 bytes (1 switches on core 0)
2026-04-27 18:00:03.222 8 INFO neutron_taas.services.taas.taas_plugin [None req-d9076053-f5c3-45fb-a177-c1183c32916b 97413f5497ca4047a8ea444735cccfde 07a36f8f261d46a4888f3db323e7b284 - - default default] TaaS: Handle Delete Port: 77f780e1-5231-4042-ab2a-8a6f565e4490
2026-04-27 18:00:03.225 8 INFO neutron_taas.services.taas.tap_mirror_plugin [None req-d9076053-f5c3-45fb-a177-c1183c32916b 97413f5497ca4047a8ea444735cccfde 07a36f8f261d46a4888f3db323e7b284 - - default default] Tap Mirror: Handle Delete Port: 77f780e1-5231-4042-ab2a-8a6f565e4490
2026-04-27 18:00:03.234 7 INFO neutron.notifiers.nova [-] Nova event matching ['req-e2b69555-02d0-461c-af1e-6e5e2633a723'] response: {'name': 'network-changed', 'server_uuid': 'f10f8ef8-a9f2-4c5f-84ae-7cdbf0f21747', 'tag': 'ed1c302c-00c1-4ebd-80d7-fa4ec25580d4', 'status': 'completed', 'code': 200} [pid: 8|app: 0|req: 690/1356] 10.0.0.133 () {32 vars in 720 bytes} [Mon Apr 27 18:00:03 2026] DELETE /v2.0/ports/77f780e1-5231-4042-ab2a-8a6f565e4490 => generated 0 bytes in 231 msecs (HTTP/1.1 204) 3 headers in 131 bytes (1 switches on core 0)
2026-04-27 18:00:03.491 7 INFO neutron_taas.services.taas.taas_plugin [None req-e619876c-4678-4f68-8132-d71ee115550a 97413f5497ca4047a8ea444735cccfde 07a36f8f261d46a4888f3db323e7b284 - - default default] TaaS: Handle Delete Port: ebd8b9c0-bf90-490e-9274-a3a876b845c3
2026-04-27 18:00:03.493 7 INFO neutron_taas.services.taas.tap_mirror_plugin [None req-e619876c-4678-4f68-8132-d71ee115550a 97413f5497ca4047a8ea444735cccfde 07a36f8f261d46a4888f3db323e7b284 - - default default] Tap Mirror: Handle Delete Port: ebd8b9c0-bf90-490e-9274-a3a876b845c3 [pid: 7|app: 0|req: 667/1357] 10.0.0.133 () {32 vars in 720 bytes} [Mon Apr 27 18:00:03 2026] DELETE /v2.0/ports/ebd8b9c0-bf90-490e-9274-a3a876b845c3 => generated 0 bytes in 272 msecs (HTTP/1.1 204) 3 headers in 131 bytes (1 switches on core 0) [pid: 8|app: 0|req: 691/1358] 10.0.0.133 () {32 vars in 643 bytes} [Mon Apr 27 18:00:03 2026] GET /v2.0/ports => generated 1523 bytes in 39 msecs (HTTP/1.1 200) 4 headers in 158 bytes (1 switches on core 0)
2026-04-27 18:00:03.758 7 INFO neutron.db.segments_db [None req-2933d306-cc6d-4618-b25f-b341a2e3f0c4 97413f5497ca4047a8ea444735cccfde 07a36f8f261d46a4888f3db323e7b284 - - default default] Added segment 3b298359-16fb-4d25-bc01-f376cb7c9b31 of type geneve for network 1213cfbc-6304-426d-9b45-80b5609e2b05 [pid: 8|app: 0|req: 692/1359] 199.204.45.113 () {34 vars in 1080 bytes} [Mon Apr 27 18:00:03 2026] GET /v2.0/ports?tenant_id=0e70b75971bf41a3bc3cfac8a1891cdf&device_id=f10f8ef8-a9f2-4c5f-84ae-7cdbf0f21747 => generated 1236 bytes in 42 msecs (HTTP/1.1 200) 4 headers in 158 bytes (1 switches on core 0) [pid: 8|app: 0|req: 693/1360] 199.204.45.113 () {34 vars in 986 bytes} [Mon Apr 27 18:00:03 2026] GET /v2.0/networks?id=5267f376-35e0-4dda-a968-2a2e24d312a6 => generated 813 bytes in 57 msecs (HTTP/1.1 200) 4 headers in 157 bytes (1 switches on core 0)
2026-04-27 18:00:03.911 7 INFO neutron.db.ovn_revision_numbers_db [None req-2933d306-cc6d-4618-b25f-b341a2e3f0c4 97413f5497ca4047a8ea444735cccfde 07a36f8f261d46a4888f3db323e7b284 - - default default] Successfully bumped revision number for resource 1213cfbc-6304-426d-9b45-80b5609e2b05 (type: networks) to 1 [pid: 8|app: 0|req: 694/1361] 199.204.45.113 () {34 vars in 1060 bytes} [Mon Apr 27 18:00:03 2026] GET /v2.0/floatingips?fixed_ip_address=10.100.0.13&port_id=ed1c302c-00c1-4ebd-80d7-fa4ec25580d4 => generated 861 bytes in 49 msecs (HTTP/1.1 200) 4 headers in 157 bytes (1 switches on core 0) [pid: 8|app: 0|req: 695/1362] 199.204.45.113 () {34 vars in 984 bytes} [Mon Apr 27 18:00:03 2026] GET /v2.0/subnets?id=9eb2ac28-c20f-4db3-a9db-f70c402a6eac => generated 694 bytes in 27 msecs (HTTP/1.1 200) 4 headers in 157 bytes (1 switches on core 0)
2026-04-27 18:00:04.088 7 WARNING neutron.scheduler.dhcp_agent_scheduler [None req-2933d306-cc6d-4618-b25f-b341a2e3f0c4 97413f5497ca4047a8ea444735cccfde 07a36f8f261d46a4888f3db323e7b284 - - default default] No more DHCP agents
2026-04-27 18:00:04.090 7 WARNING neutron.api.rpc.agentnotifiers.dhcp_rpc_agent_api [None req-2933d306-cc6d-4618-b25f-b341a2e3f0c4 97413f5497ca4047a8ea444735cccfde 07a36f8f261d46a4888f3db323e7b284 - - default default] Unable to schedule network 1213cfbc-6304-426d-9b45-80b5609e2b05: no agents available; will retry on subsequent port and subnet creation events.
2026-04-27 18:00:04.143 7 INFO neutron.plugins.ml2.drivers.ovn.mech_driver.mech_driver [None req-71e2fc23-204c-47b0-a6e2-b25043f88284 - - - - - -] OVN reports status down for port: f67eb368-e54d-4f25-ba56-e10528c2c038
2026-04-27 18:00:04.220 7 INFO neutron.db.ovn_revision_numbers_db [None req-2933d306-cc6d-4618-b25f-b341a2e3f0c4 97413f5497ca4047a8ea444735cccfde 07a36f8f261d46a4888f3db323e7b284 - - default default] Successfully bumped revision number for resource f67eb368-e54d-4f25-ba56-e10528c2c038 (type: ports) to 1 [pid: 7|app: 0|req: 668/1363] 10.0.0.133 () {34 vars in 670 bytes} [Mon Apr 27 18:00:03 2026] POST /v2.0/networks => generated 687 bytes in 621 msecs (HTTP/1.1 201) 4 headers in 162 bytes (1 switches on core 0) [pid: 7|app: 0|req: 669/1364] 199.204.45.113 () {34 vars in 1052 bytes} [Mon Apr 27 18:00:04 2026] GET /v2.0/ports?network_id=5267f376-35e0-4dda-a968-2a2e24d312a6&device_owner=network%3Adhcp => generated 12 bytes in 37 msecs (HTTP/1.1 200) 4 headers in 156 bytes (1 switches on core 0)
2026-04-27 18:00:04.330 8 INFO neutron.db.ovn_revision_numbers_db [None req-7a4d16d6-a134-4405-9256-d3bccfd1c0f3 51c93406ce3044ba87b2c87aab736091 070a8b2ff9124838878ab9d66dfd8852 - - default default] Successfully bumped revision number for resource ec66f6ec-c659-46d3-9540-bcfded7ec52f (type: security_groups) to 1
2026-04-27 18:00:04.349 8 INFO neutron.db.ovn_revision_numbers_db [None req-7a4d16d6-a134-4405-9256-d3bccfd1c0f3 51c93406ce3044ba87b2c87aab736091 070a8b2ff9124838878ab9d66dfd8852 - - default default] Successfully bumped revision number for resource 5b7ee569-5336-4507-99ea-0664b6bb0b36 (type: security_group_rules) to 0
2026-04-27 18:00:04.363 8 INFO neutron.db.ovn_revision_numbers_db [None req-7a4d16d6-a134-4405-9256-d3bccfd1c0f3 51c93406ce3044ba87b2c87aab736091 070a8b2ff9124838878ab9d66dfd8852 - - default default] Successfully bumped revision number for resource 5e724fc2-ae95-457a-9f0a-fc656bd504a1 (type: security_group_rules) to 0
2026-04-27 18:00:04.383 8 INFO neutron.db.ovn_revision_numbers_db [None req-7a4d16d6-a134-4405-9256-d3bccfd1c0f3 51c93406ce3044ba87b2c87aab736091 070a8b2ff9124838878ab9d66dfd8852 - - default default] Successfully bumped revision number for resource 7a32ea08-fe55-4733-a328-d785a9a1b291 (type: security_group_rules) to 0
2026-04-27 18:00:04.399 8 INFO neutron.db.ovn_revision_numbers_db [None req-7a4d16d6-a134-4405-9256-d3bccfd1c0f3 51c93406ce3044ba87b2c87aab736091 070a8b2ff9124838878ab9d66dfd8852 - - default default] Successfully bumped revision number for resource fd18ea18-d07c-4825-94c4-e95d94bbfefe (type: security_group_rules) to 0
2026-04-27 18:00:04.440 7 INFO neutron.db.segments_db [None req-ac102e97-2013-4904-9d8c-3bf4e36b0aeb 97413f5497ca4047a8ea444735cccfde 07a36f8f261d46a4888f3db323e7b284 - - default default] Added segment 63196ccf-47d5-4901-94a4-63b2710cdd38 of type geneve for network 75c5ab73-610c-4b87-a3ef-cef401660ec2
2026-04-27 18:00:04.496 8 INFO neutron.db.segments_db [None req-7a4d16d6-a134-4405-9256-d3bccfd1c0f3 51c93406ce3044ba87b2c87aab736091 070a8b2ff9124838878ab9d66dfd8852 - - default default] Added segment f7bcd8fe-0296-4911-8bcf-b4461fc8f76b of type geneve for network 6c38b173-1a85-4a5f-aac0-aad6b555c9d2
2026-04-27 18:00:04.570 7 INFO neutron.db.ovn_revision_numbers_db [None req-ac102e97-2013-4904-9d8c-3bf4e36b0aeb 97413f5497ca4047a8ea444735cccfde 07a36f8f261d46a4888f3db323e7b284 - - default default] Successfully bumped revision number for resource 75c5ab73-610c-4b87-a3ef-cef401660ec2 (type: networks) to 1
2026-04-27 18:00:04.637 8 INFO neutron.db.ovn_revision_numbers_db [None req-7a4d16d6-a134-4405-9256-d3bccfd1c0f3 51c93406ce3044ba87b2c87aab736091 070a8b2ff9124838878ab9d66dfd8852 - - default default] Successfully bumped revision number for resource 6c38b173-1a85-4a5f-aac0-aad6b555c9d2 (type: networks) to 1
2026-04-27 18:00:04.831 7 WARNING neutron.scheduler.dhcp_agent_scheduler [None req-ac102e97-2013-4904-9d8c-3bf4e36b0aeb 97413f5497ca4047a8ea444735cccfde 07a36f8f261d46a4888f3db323e7b284 - - default default] No more DHCP agents
2026-04-27 18:00:04.832 7 WARNING neutron.api.rpc.agentnotifiers.dhcp_rpc_agent_api [None req-ac102e97-2013-4904-9d8c-3bf4e36b0aeb 97413f5497ca4047a8ea444735cccfde 07a36f8f261d46a4888f3db323e7b284 - - default default] Unable to schedule network 75c5ab73-610c-4b87-a3ef-cef401660ec2: no agents available; will retry on subsequent port and subnet creation events.
2026-04-27 18:00:04.931 8 INFO neutron.plugins.ml2.drivers.ovn.mech_driver.mech_driver [None req-1dc8d610-502a-48a7-b851-20e9a9e0fbe4 - - - - - -] OVN reports status down for port: 2d6189ed-242a-4910-88a8-8aa4326122b8
2026-04-27 18:00:04.947 8 WARNING neutron.scheduler.dhcp_agent_scheduler [None req-7a4d16d6-a134-4405-9256-d3bccfd1c0f3 51c93406ce3044ba87b2c87aab736091 070a8b2ff9124838878ab9d66dfd8852 - - default default] No more DHCP agents
2026-04-27 18:00:04.956 8 WARNING neutron.api.rpc.agentnotifiers.dhcp_rpc_agent_api [None req-7a4d16d6-a134-4405-9256-d3bccfd1c0f3 51c93406ce3044ba87b2c87aab736091 070a8b2ff9124838878ab9d66dfd8852 - - default default] Unable to schedule network 6c38b173-1a85-4a5f-aac0-aad6b555c9d2: no agents available; will retry on subsequent port and subnet creation events.
2026-04-27 18:00:04.958 7 INFO neutron.db.ovn_revision_numbers_db [None req-ac102e97-2013-4904-9d8c-3bf4e36b0aeb 97413f5497ca4047a8ea444735cccfde 07a36f8f261d46a4888f3db323e7b284 - - default default] Successfully bumped revision number for resource 2d6189ed-242a-4910-88a8-8aa4326122b8 (type: ports) to 1 [pid: 7|app: 0|req: 670/1365] 10.0.0.133 () {34 vars in 670 bytes} [Mon Apr 27 18:00:04 2026] POST /v2.0/networks => generated 687 bytes in 681 msecs (HTTP/1.1 201) 4 headers in 162 bytes (1 switches on core 0) [pid: 7|app: 0|req: 671/1366] 199.204.45.113 () {34 vars in 1012 bytes} [Mon Apr 27 18:00:05 2026] GET /v2.0/networks/5267f376-35e0-4dda-a968-2a2e24d312a6?fields=segments => generated 14 bytes in 81 msecs (HTTP/1.1 200) 4 headers in 156 bytes (1 switches on core 0)
2026-04-27 18:00:05.097 8 INFO neutron.plugins.ml2.drivers.ovn.mech_driver.mech_driver [None req-1dc8d610-502a-48a7-b851-20e9a9e0fbe4 - - - - - -] OVN reports status down for port: d5e4748a-2a5c-4772-ab8d-cc3a9deb23a3
2026-04-27 18:00:05.136 8 INFO neutron.db.ovn_revision_numbers_db [None req-7a4d16d6-a134-4405-9256-d3bccfd1c0f3 51c93406ce3044ba87b2c87aab736091 070a8b2ff9124838878ab9d66dfd8852 - - default default] Successfully bumped revision number for resource d5e4748a-2a5c-4772-ab8d-cc3a9deb23a3 (type: ports) to 1 [pid: 8|app: 0|req: 696/1367] 10.0.0.133 () {34 vars in 670 bytes} [Mon Apr 27 18:00:03 2026] POST /v2.0/networks => generated 667 bytes in 1230 msecs (HTTP/1.1 201) 4 headers in 162 bytes (1 switches on core 0) [pid: 8|app: 0|req: 697/1368] 199.204.45.113 () {34 vars in 1112 bytes} [Mon Apr 27 18:00:05 2026] GET /v2.0/networks/5267f376-35e0-4dda-a968-2a2e24d312a6?fields=provider%3Aphysical_network&fields=provider%3Anetwork_type => generated 79 bytes in 59 msecs (HTTP/1.1 200) 4 headers in 156 bytes (1 switches on core 0)
2026-04-27 18:00:05.335 8 INFO neutron.db.segments_db [None req-2c5fc00c-980b-4065-9719-ed3daa2fe225 51c93406ce3044ba87b2c87aab736091 070a8b2ff9124838878ab9d66dfd8852 - - default default] Added segment 657f27c2-f45c-408e-b045-8c672a777d4b of type geneve for network 659ddb4f-43f3-409d-b5f7-096ab6a1f479
2026-04-27 18:00:05.448 8 INFO neutron.db.ovn_revision_numbers_db [None req-2c5fc00c-980b-4065-9719-ed3daa2fe225 51c93406ce3044ba87b2c87aab736091 070a8b2ff9124838878ab9d66dfd8852 - - default default] Successfully bumped revision number for resource 659ddb4f-43f3-409d-b5f7-096ab6a1f479 (type: networks) to 1
2026-04-27 18:00:05.457 7 WARNING neutron.scheduler.dhcp_agent_scheduler [None req-3a6a63cc-ad77-4c87-8c14-6d8a9d316555 97413f5497ca4047a8ea444735cccfde 07a36f8f261d46a4888f3db323e7b284 - - default default] No more DHCP agents
2026-04-27 18:00:05.458 7 WARNING neutron.api.rpc.agentnotifiers.dhcp_rpc_agent_api [None req-3a6a63cc-ad77-4c87-8c14-6d8a9d316555 97413f5497ca4047a8ea444735cccfde 07a36f8f261d46a4888f3db323e7b284 - - default default] Unable to schedule network 1213cfbc-6304-426d-9b45-80b5609e2b05: no agents available; will retry on subsequent port and subnet creation events.
2026-04-27 18:00:05.645 8 WARNING neutron.scheduler.dhcp_agent_scheduler [None req-2c5fc00c-980b-4065-9719-ed3daa2fe225 51c93406ce3044ba87b2c87aab736091 070a8b2ff9124838878ab9d66dfd8852 - - default default] No more DHCP agents
2026-04-27 18:00:05.648 8 WARNING neutron.api.rpc.agentnotifiers.dhcp_rpc_agent_api [None req-2c5fc00c-980b-4065-9719-ed3daa2fe225 51c93406ce3044ba87b2c87aab736091 070a8b2ff9124838878ab9d66dfd8852 - - default default] Unable to schedule network 659ddb4f-43f3-409d-b5f7-096ab6a1f479: no agents available; will retry on subsequent port and subnet creation events.
2026-04-27 18:00:05.739 8 INFO neutron.plugins.ml2.drivers.ovn.mech_driver.mech_driver [None req-1dc8d610-502a-48a7-b851-20e9a9e0fbe4 - - - - - -] OVN reports status down for port: 79083664-01f5-405b-acfc-916066d3bf29
2026-04-27 18:00:05.793 8 INFO neutron.db.ovn_revision_numbers_db [None req-2c5fc00c-980b-4065-9719-ed3daa2fe225 51c93406ce3044ba87b2c87aab736091 070a8b2ff9124838878ab9d66dfd8852 - - default default] Successfully bumped revision number for resource 79083664-01f5-405b-acfc-916066d3bf29 (type: ports) to 1 [pid: 8|app: 0|req: 698/1369] 10.0.0.133 () {34 vars in 670 bytes} [Mon Apr 27 18:00:05 2026] POST /v2.0/networks => generated 668 bytes in 587 msecs (HTTP/1.1 201) 4 headers in 162 bytes (1 switches on core 0)
2026-04-27 18:00:05.955 7 INFO neutron.db.ovn_revision_numbers_db [None req-3a6a63cc-ad77-4c87-8c14-6d8a9d316555 97413f5497ca4047a8ea444735cccfde 07a36f8f261d46a4888f3db323e7b284 - - default default] Successfully bumped revision number for resource f67eb368-e54d-4f25-ba56-e10528c2c038 (type: ports) to 2
2026-04-27 18:00:05.990 7 INFO neutron.db.ovn_revision_numbers_db [None req-3a6a63cc-ad77-4c87-8c14-6d8a9d316555 97413f5497ca4047a8ea444735cccfde 07a36f8f261d46a4888f3db323e7b284 - - default default] Successfully bumped revision number for resource e6a7bdb9-3768-4a4d-b937-a8e4fa30258a (type: subnets) to 0
2026-04-27 18:00:06.019 7 WARNING neutron.scheduler.dhcp_agent_scheduler [None req-3a6a63cc-ad77-4c87-8c14-6d8a9d316555 97413f5497ca4047a8ea444735cccfde 07a36f8f261d46a4888f3db323e7b284 - - default default] No more DHCP agents
2026-04-27 18:00:06.021 7 WARNING neutron.api.rpc.agentnotifiers.dhcp_rpc_agent_api [None req-3a6a63cc-ad77-4c87-8c14-6d8a9d316555 97413f5497ca4047a8ea444735cccfde 07a36f8f261d46a4888f3db323e7b284 - - default default] Unable to schedule network 75c5ab73-610c-4b87-a3ef-cef401660ec2: no agents available; will retry on subsequent port and subnet creation events.
2026-04-27 18:00:06.076 8 WARNING neutron.scheduler.dhcp_agent_scheduler [None req-3ffb5dc0-f93b-4de0-a677-5dff4b76006d 51c93406ce3044ba87b2c87aab736091 070a8b2ff9124838878ab9d66dfd8852 - - default default] No more DHCP agents
2026-04-27 18:00:06.078 8 WARNING neutron.api.rpc.agentnotifiers.dhcp_rpc_agent_api [None req-3ffb5dc0-f93b-4de0-a677-5dff4b76006d 51c93406ce3044ba87b2c87aab736091 070a8b2ff9124838878ab9d66dfd8852 - - default default] Unable to schedule network 6c38b173-1a85-4a5f-aac0-aad6b555c9d2: no agents available; will retry on subsequent port and subnet creation events.
2026-04-27 18:00:06.444 7 INFO neutron.db.ovn_revision_numbers_db [None req-3a6a63cc-ad77-4c87-8c14-6d8a9d316555 97413f5497ca4047a8ea444735cccfde 07a36f8f261d46a4888f3db323e7b284 - - default default] Successfully bumped revision number for resource 2d6189ed-242a-4910-88a8-8aa4326122b8 (type: ports) to 2
2026-04-27 18:00:06.477 7 INFO neutron.db.ovn_revision_numbers_db [None req-3a6a63cc-ad77-4c87-8c14-6d8a9d316555 97413f5497ca4047a8ea444735cccfde 07a36f8f261d46a4888f3db323e7b284 - - default default] Successfully bumped revision number for resource 428a0ec6-fa87-4be2-8d0d-f07e06d7cf67 (type: subnets) to 0 [pid: 7|app: 0|req: 672/1370] 10.0.0.133 () {34 vars in 669 bytes} [Mon Apr 27 18:00:05 2026] POST /v2.0/subnets => generated 1274 bytes in 1410 msecs (HTTP/1.1 201) 4 headers in 163 bytes (1 switches on core 0) [pid: 7|app: 0|req: 673/1371] 10.0.0.133 () {32 vars in 647 bytes} [Mon Apr 27 18:00:06 2026] GET /v2.0/subnets => generated 1910 bytes in 49 msecs (HTTP/1.1 200) 4 headers in 158 bytes (1 switches on core 0)
2026-04-27 18:00:06.565 8 INFO neutron.db.ovn_revision_numbers_db [None req-3ffb5dc0-f93b-4de0-a677-5dff4b76006d 51c93406ce3044ba87b2c87aab736091 070a8b2ff9124838878ab9d66dfd8852 - - default default] Successfully bumped revision number for resource d5e4748a-2a5c-4772-ab8d-cc3a9deb23a3 (type: ports) to 2
2026-04-27 18:00:06.592 8 INFO neutron.db.ovn_revision_numbers_db [None req-3ffb5dc0-f93b-4de0-a677-5dff4b76006d 51c93406ce3044ba87b2c87aab736091 070a8b2ff9124838878ab9d66dfd8852 - - default default] Successfully bumped revision number for resource 8d30e2f3-0cf4-44f0-9fe3-464686269052 (type: subnets) to 0 [pid: 8|app: 0|req: 699/1372] 10.0.0.133 () {34 vars in 669 bytes} [Mon Apr 27 18:00:05 2026] POST /v2.0/subnets => generated 626 bytes in 777 msecs (HTTP/1.1 201) 4 headers in 162 bytes (1 switches on core 0) [pid: 7|app: 0|req: 674/1373] 10.0.0.133 () {32 vars in 724 bytes} [Mon Apr 27 18:00:06 2026] DELETE /v2.0/subnets/e6a7bdb9-3768-4a4d-b937-a8e4fa30258a => generated 0 bytes in 168 msecs (HTTP/1.1 204) 3 headers in 131 bytes (1 switches on core 0)
2026-04-27 18:00:06.805 8 WARNING neutron.scheduler.dhcp_agent_scheduler [None req-94f4599c-8823-434a-b613-ea73dad0407b 51c93406ce3044ba87b2c87aab736091 070a8b2ff9124838878ab9d66dfd8852 - - default default] No more DHCP agents
2026-04-27 18:00:06.807 8 WARNING neutron.api.rpc.agentnotifiers.dhcp_rpc_agent_api [None req-94f4599c-8823-434a-b613-ea73dad0407b 51c93406ce3044ba87b2c87aab736091 070a8b2ff9124838878ab9d66dfd8852 - - default default] Unable to schedule network 659ddb4f-43f3-409d-b5f7-096ab6a1f479: no agents available; will retry on subsequent port and subnet creation events. [pid: 7|app: 0|req: 675/1374] 10.0.0.133 () {32 vars in 724 bytes} [Mon Apr 27 18:00:06 2026] DELETE /v2.0/subnets/428a0ec6-fa87-4be2-8d0d-f07e06d7cf67 => generated 0 bytes in 155 msecs (HTTP/1.1 204) 3 headers in 131 bytes (1 switches on core 0) [pid: 7|app: 0|req: 676/1375] 10.0.0.133 () {32 vars in 647 bytes} [Mon Apr 27 18:00:06 2026] GET /v2.0/subnets => generated 649 bytes in 24 msecs (HTTP/1.1 200) 4 headers in 157 bytes (1 switches on core 0)
2026-04-27 18:00:07.045 7 INFO neutron_taas.services.taas.taas_plugin [None req-f7afaa05-e80d-415d-9052-33c8830c86cf 97413f5497ca4047a8ea444735cccfde 07a36f8f261d46a4888f3db323e7b284 - - default default] TaaS: Handle Delete Port: 2d6189ed-242a-4910-88a8-8aa4326122b8
2026-04-27 18:00:07.048 7 INFO neutron_taas.services.taas.tap_mirror_plugin [None req-f7afaa05-e80d-415d-9052-33c8830c86cf 97413f5497ca4047a8ea444735cccfde 07a36f8f261d46a4888f3db323e7b284 - - default default] Tap Mirror: Handle Delete Port: 2d6189ed-242a-4910-88a8-8aa4326122b8
2026-04-27 18:00:07.270 7 INFO neutron.services.segments.plugin [-] Segment 63196ccf-47d5-4901-94a4-63b2710cdd38 resource provider aggregate not found
2026-04-27 18:00:07.277 7 INFO neutron.services.segments.plugin [-] Segment 63196ccf-47d5-4901-94a4-63b2710cdd38 resource provider aggregate not found
2026-04-27 18:00:07.298 7 INFO neutron.services.segments.plugin [-] Segment 63196ccf-47d5-4901-94a4-63b2710cdd38 resource provider not found; error: Placement Client Error (4xx): {"errors": [{"status": 404, "title": "Not Found", "detail": "The resource could not be found.\n\n No resource provider with uuid 63196ccf-47d5-4901-94a4-63b2710cdd38 found for delete ", "request_id": "req-0f391faa-75d6-432e-bbda-a2589f5cd291"}]}
2026-04-27 18:00:07.304 7 INFO neutron.services.segments.plugin [-] Segment 63196ccf-47d5-4901-94a4-63b2710cdd38 resource provider not found; error: Placement Client Error (4xx): {"errors": [{"status": 404, "title": "Not Found", "detail": "The resource could not be found.\n\n No resource provider with uuid 63196ccf-47d5-4901-94a4-63b2710cdd38 found for delete ", "request_id": "req-7564e0a6-bca9-4737-8c24-ff03d959291f"}]} [pid: 7|app: 0|req: 677/1376] 10.0.0.133 () {32 vars in 726 bytes} [Mon Apr 27 18:00:06 2026] DELETE /v2.0/networks/75c5ab73-610c-4b87-a3ef-cef401660ec2 => generated 0 bytes in 394 msecs (HTTP/1.1 204) 3 headers in 131 bytes (1 switches on core 0)
2026-04-27 18:00:07.326 8 INFO neutron.db.ovn_revision_numbers_db [None req-94f4599c-8823-434a-b613-ea73dad0407b 51c93406ce3044ba87b2c87aab736091 070a8b2ff9124838878ab9d66dfd8852 - - default default] Successfully bumped revision number for resource 79083664-01f5-405b-acfc-916066d3bf29 (type: ports) to 2
2026-04-27 18:00:07.361 8 INFO neutron.db.ovn_revision_numbers_db [None req-94f4599c-8823-434a-b613-ea73dad0407b 51c93406ce3044ba87b2c87aab736091 070a8b2ff9124838878ab9d66dfd8852 - - default default] Successfully bumped revision number for resource 88f8f9de-0d2a-4340-8131-64562c766a2f (type: subnets) to 0 [pid: 8|app: 0|req: 700/1377] 10.0.0.133 () {34 vars in 669 bytes} [Mon Apr 27 18:00:06 2026] POST /v2.0/subnets => generated 626 bytes in 767 msecs (HTTP/1.1 201) 4 headers in 162 bytes (1 switches on core 0)
2026-04-27 18:00:07.497 7 INFO neutron_taas.services.taas.taas_plugin [None req-c493f589-7050-4813-9cdc-77e7a6776ea9 97413f5497ca4047a8ea444735cccfde 07a36f8f261d46a4888f3db323e7b284 - - default default] TaaS: Handle Delete Port: f67eb368-e54d-4f25-ba56-e10528c2c038
2026-04-27 18:00:07.501 7 INFO neutron_taas.services.taas.tap_mirror_plugin [None req-c493f589-7050-4813-9cdc-77e7a6776ea9 97413f5497ca4047a8ea444735cccfde 07a36f8f261d46a4888f3db323e7b284 - - default default] Tap Mirror: Handle Delete Port: f67eb368-e54d-4f25-ba56-e10528c2c038
2026-04-27 18:00:07.540 8 INFO neutron.db.ovn_revision_numbers_db [None req-e68d9c06-e595-4094-b5a6-7809c232db0c 51c93406ce3044ba87b2c87aab736091 070a8b2ff9124838878ab9d66dfd8852 - - default default] Successfully bumped revision number for resource c0bc4f16-76e0-422e-a032-2a11b8099f2d (type: routers) to 1 [pid: 8|app: 0|req: 701/1378] 10.0.0.133 () {34 vars in 669 bytes} [Mon Apr 27 18:00:07 2026] POST /v2.0/routers => generated 623 bytes in 184 msecs (HTTP/1.1 201) 4 headers in 162 bytes (1 switches on core 0) [pid: 7|app: 0|req: 678/1379] 10.0.0.133 () {32 vars in 726 bytes} [Mon Apr 27 18:00:07 2026] DELETE /v2.0/networks/1213cfbc-6304-426d-9b45-80b5609e2b05 => generated 0 bytes in 452 msecs (HTTP/1.1 204) 3 headers in 131 bytes (1 switches on core 0)
2026-04-27 18:00:07.900 7 INFO neutron_taas.services.taas.taas_plugin [None req-5f57bc35-fff3-4c1b-bdb9-4c9be0055ce3 97413f5497ca4047a8ea444735cccfde 07a36f8f261d46a4888f3db323e7b284 - - default default] TaaS: Handle Delete Port: 97d08810-fe87-40bf-93d6-0b41c6160a84
2026-04-27 18:00:07.903 7 INFO neutron_taas.services.taas.tap_mirror_plugin [None req-5f57bc35-fff3-4c1b-bdb9-4c9be0055ce3 97413f5497ca4047a8ea444735cccfde 07a36f8f261d46a4888f3db323e7b284 - - default default] Tap Mirror: Handle Delete Port: 97d08810-fe87-40bf-93d6-0b41c6160a84
2026-04-27 18:00:08.071 8 WARNING neutron.scheduler.dhcp_agent_scheduler [None req-f49cc6db-4f79-4474-9be8-9f4aed066c8b 51c93406ce3044ba87b2c87aab736091 070a8b2ff9124838878ab9d66dfd8852 - - default default] No more DHCP agents
2026-04-27 18:00:08.072 8 WARNING neutron.api.rpc.agentnotifiers.dhcp_rpc_agent_api [None req-f49cc6db-4f79-4474-9be8-9f4aed066c8b 51c93406ce3044ba87b2c87aab736091 070a8b2ff9124838878ab9d66dfd8852 - - default default] Unable to schedule network 6c38b173-1a85-4a5f-aac0-aad6b555c9d2: no agents available; will retry on subsequent port and subnet creation events. [pid: 7|app: 0|req: 679/1380] 10.0.0.133 () {32 vars in 726 bytes} [Mon Apr 27 18:00:07 2026] DELETE /v2.0/networks/44198ba6-520f-466f-94f0-51ac956a9fd7 => generated 0 bytes in 336 msecs (HTTP/1.1 204) 3 headers in 131 bytes (1 switches on core 0)
2026-04-27 18:00:08.227 8 INFO neutron.plugins.ml2.drivers.ovn.mech_driver.mech_driver [None req-1dc8d610-502a-48a7-b851-20e9a9e0fbe4 - - - - - -] OVN reports status down for port: b50ca9c4-5772-4e8c-8bd3-533b9871be07
2026-04-27 18:00:08.264 7 INFO neutron_taas.services.taas.taas_plugin [None req-ee74aeaa-d2b4-46cd-8f8f-cdcd09a0bb3d 97413f5497ca4047a8ea444735cccfde 07a36f8f261d46a4888f3db323e7b284 - - default default] TaaS: Handle Delete Port: 886eb1bb-9eb3-4f58-9c40-d039f408ba71
2026-04-27 18:00:08.267 7 INFO neutron_taas.services.taas.tap_mirror_plugin [None req-ee74aeaa-d2b4-46cd-8f8f-cdcd09a0bb3d 97413f5497ca4047a8ea444735cccfde 07a36f8f261d46a4888f3db323e7b284 - - default default] Tap Mirror: Handle Delete Port: 886eb1bb-9eb3-4f58-9c40-d039f408ba71
2026-04-27 18:00:08.299 8 INFO neutron.db.ovn_revision_numbers_db [None req-f49cc6db-4f79-4474-9be8-9f4aed066c8b 51c93406ce3044ba87b2c87aab736091 070a8b2ff9124838878ab9d66dfd8852 - - default default] Successfully bumped revision number for resource b50ca9c4-5772-4e8c-8bd3-533b9871be07 (type: ports) to 1 [pid: 7|app: 0|req: 680/1381] 10.0.0.133 () {32 vars in 726 bytes} [Mon Apr 27 18:00:08 2026] DELETE /v2.0/networks/ee0c5ce6-d6e3-447d-9047-df42d9b5e171 => generated 0 bytes in 409 msecs (HTTP/1.1 204) 3 headers in 131 bytes (1 switches on core 0)
2026-04-27 18:00:09.201 7 WARNING neutron.db.securitygroups_db [None req-4ec650e2-cdde-4487-acf9-62be70a9f210 12a815a5d3864124aea979b2f98b3411 c03b2cf9ab034c1ab369d509a0e91980 - - default default] project_id key not found in filters, using tenant_id instead. This support has been deprecated and will be removed in a future release. [pid: 7|app: 0|req: 683/1384] 10.0.0.133 () {32 vars in 774 bytes} [Mon Apr 27 18:00:09 2026] GET /v2.0/security-groups?tenant_id=07a36f8f261d46a4888f3db323e7b284&name=default => generated 2925 bytes in 136 msecs (HTTP/1.1 200) 4 headers in 158 bytes (1 switches on core 0)
2026-04-27 18:00:09.323 7 INFO neutron.services.segments.plugin [-] Segment 3b298359-16fb-4d25-bc01-f376cb7c9b31 resource provider aggregate not found
2026-04-27 18:00:09.331 7 INFO neutron.services.segments.plugin [-] Segment 3b298359-16fb-4d25-bc01-f376cb7c9b31 resource provider aggregate not found
2026-04-27 18:00:09.340 7 INFO neutron.services.segments.plugin [-] Segment 3b298359-16fb-4d25-bc01-f376cb7c9b31 resource provider not found; error: Placement Client Error (4xx): {"errors": [{"status": 404, "title": "Not Found", "detail": "The resource could not be found.\n\n No resource provider with uuid 3b298359-16fb-4d25-bc01-f376cb7c9b31 found for delete ", "request_id": "req-c1051a14-4eb2-4570-8a94-f735f81d06a6"}]}
2026-04-27 18:00:09.349 7 INFO neutron.services.segments.plugin [-] Segment 3b298359-16fb-4d25-bc01-f376cb7c9b31 resource provider not found; error: Placement Client Error (4xx): {"errors": [{"status": 404, "title": "Not Found", "detail": "The resource could not be found.\n\n No resource provider with uuid 3b298359-16fb-4d25-bc01-f376cb7c9b31 found for delete ", "request_id": "req-ade9bd83-4553-4cbb-a775-7b62fe500355"}]}
2026-04-27 18:00:09.363 7 INFO neutron.services.segments.plugin [-] Segment e022da60-7e02-47c7-b29c-d2a512176cce resource provider aggregate not found
2026-04-27 18:00:09.367 7 INFO neutron.services.segments.plugin [-] Segment e022da60-7e02-47c7-b29c-d2a512176cce resource provider aggregate not found
2026-04-27 18:00:09.384 7 INFO neutron.services.segments.plugin [-] Segment e022da60-7e02-47c7-b29c-d2a512176cce resource provider not found; error: Placement Client Error (4xx): {"errors": [{"status": 404, "title": "Not Found", "detail": "The resource could not be found.\n\n No resource provider with uuid e022da60-7e02-47c7-b29c-d2a512176cce found for delete ", "request_id": "req-ff991710-ab79-4c09-8e35-e4b9220fcffa"}]}
2026-04-27 18:00:09.397 7 INFO neutron.services.segments.plugin [-] Segment e022da60-7e02-47c7-b29c-d2a512176cce resource provider not found; error: Placement Client Error (4xx): {"errors": [{"status": 404, "title": "Not Found", "detail": "The resource could not be found.\n\n No resource provider with uuid e022da60-7e02-47c7-b29c-d2a512176cce found for delete ", "request_id": "req-11c66fd2-ee0f-4fc5-ac04-fd58576b4c63"}]}
2026-04-27 18:00:09.404 7 INFO neutron.services.segments.plugin [-] Segment 1e35468c-b01d-4f43-85d0-c8c81e16423d resource provider aggregate not found
2026-04-27 18:00:09.410 8 INFO neutron.plugins.ml2.drivers.ovn.mech_driver.mech_driver [None req-1dc8d610-502a-48a7-b851-20e9a9e0fbe4 - - - - - -] OVN reports status up for port: b50ca9c4-5772-4e8c-8bd3-533b9871be07
2026-04-27 18:00:09.421 7 INFO neutron.services.segments.plugin [-] Segment 1e35468c-b01d-4f43-85d0-c8c81e16423d resource provider aggregate not found
2026-04-27 18:00:09.426 7 INFO neutron.services.segments.plugin [-] Segment 1e35468c-b01d-4f43-85d0-c8c81e16423d resource provider not found; error: Placement Client Error (4xx): {"errors": [{"status": 404, "title": "Not Found", "detail": "The resource could not be found.\n\n No resource provider with uuid 1e35468c-b01d-4f43-85d0-c8c81e16423d found for delete ", "request_id": "req-193e5070-02bb-4e72-8a53-bf0001509b69"}]}
