2026-04-27 18:00:31.158 7 INFO neutron.db.ovn_revision_numbers_db [None req-0bdd029b-d9b0-416f-9986-cfad41e32740 51c93406ce3044ba87b2c87aab736091 070a8b2ff9124838878ab9d66dfd8852 - - default default] Successfully bumped revision number for resource 7e368069-e648-4722-a6cd-12ba8f80abd7 (type: routers) to 3 [pid: 7|app: 0|req: 741/1503] 10.0.0.133 () {34 vars in 741 bytes} [Mon Apr 27 18:00:30 2026] PUT /v2.0/routers/7e368069-e648-4722-a6cd-12ba8f80abd7 => generated 982 bytes in 426 msecs (HTTP/1.1 200) 4 headers in 157 bytes (1 switches on core 0) [pid: 8|app: 0|req: 763/1504] 10.0.0.133 () {32 vars in 721 bytes} [Mon Apr 27 18:00:31 2026] GET /v2.0/routers/7e368069-e648-4722-a6cd-12ba8f80abd7 => generated 982 bytes in 79 msecs (HTTP/1.1 200) 4 headers in 157 bytes (1 switches on core 0) [pid: 7|app: 0|req: 742/1505] 10.0.0.133 () {32 vars in 736 bytes} [Mon Apr 27 18:00:31 2026] GET /v2.0/ports?device_id=7e368069-e648-4722-a6cd-12ba8f80abd7 => generated 12 bytes in 31 msecs (HTTP/1.1 200) 4 headers in 156 bytes (1 switches on core 0)
2026-04-27 18:00:31.604 8 INFO neutron_taas.services.taas.taas_plugin [None req-83651e46-9cce-4f9c-aae5-7003e50a2c94 51c93406ce3044ba87b2c87aab736091 070a8b2ff9124838878ab9d66dfd8852 - - default default] TaaS: Handle Delete Port: e285d153-9d77-444d-9bbe-8e2f26083172
2026-04-27 18:00:31.609 8 INFO neutron_taas.services.taas.tap_mirror_plugin [None req-83651e46-9cce-4f9c-aae5-7003e50a2c94 51c93406ce3044ba87b2c87aab736091 070a8b2ff9124838878ab9d66dfd8852 - - default default] Tap Mirror: Handle Delete Port: e285d153-9d77-444d-9bbe-8e2f26083172 [pid: 7|app: 0|req: 743/1506] 10.0.0.16 () {34 vars in 989 bytes} [Mon Apr 27 18:00:31 2026] GET /v2.0/ports?device_id=f10f8ef8-a9f2-4c5f-84ae-7cdbf0f21747 => generated 975 bytes in 46 msecs (HTTP/1.1 200) 4 headers in 157 bytes (1 switches on core 0)
2026-04-27 18:00:31.925 7 INFO neutron.db.ovn_revision_numbers_db [None req-1883aa61-134b-4406-94f2-83fbab8c5142 12a815a5d3864124aea979b2f98b3411 c03b2cf9ab034c1ab369d509a0e91980 - - default default] Successfully bumped revision number for resource d2d173e5-60bc-463f-8fc1-607515d32020 (type: security_groups) to 1
2026-04-27 18:00:31.938 7 INFO neutron.db.ovn_revision_numbers_db [None req-1883aa61-134b-4406-94f2-83fbab8c5142 12a815a5d3864124aea979b2f98b3411 c03b2cf9ab034c1ab369d509a0e91980 - - default default] Successfully bumped revision number for resource 0033ac76-7236-48ad-bb81-ad5a7f6b2e3a (type: security_group_rules) to 0
2026-04-27 18:00:31.949 7 INFO neutron.db.ovn_revision_numbers_db [None req-1883aa61-134b-4406-94f2-83fbab8c5142 12a815a5d3864124aea979b2f98b3411 c03b2cf9ab034c1ab369d509a0e91980 - - default default] Successfully bumped revision number for resource 17a4f515-a79d-40cf-92c9-0192068a1158 (type: security_group_rules) to 0
2026-04-27 18:00:31.979 7 INFO neutron.db.ovn_revision_numbers_db [None req-1883aa61-134b-4406-94f2-83fbab8c5142 12a815a5d3864124aea979b2f98b3411 c03b2cf9ab034c1ab369d509a0e91980 - - default default] Successfully bumped revision number for resource 82eae488-30ae-4223-9925-075109ec8cc7 (type: security_group_rules) to 0
2026-04-27 18:00:31.991 7 INFO neutron.db.ovn_revision_numbers_db [None req-1883aa61-134b-4406-94f2-83fbab8c5142 12a815a5d3864124aea979b2f98b3411 c03b2cf9ab034c1ab369d509a0e91980 - - default default] Successfully bumped revision number for resource cf52e5cc-c2d6-4c65-8f6d-803b8e7cf011 (type: security_group_rules) to 0 [pid: 8|app: 0|req: 764/1507] 10.0.0.133 () {32 vars in 724 bytes} [Mon Apr 27 18:00:31 2026] DELETE /v2.0/routers/7e368069-e648-4722-a6cd-12ba8f80abd7 => generated 0 bytes in 779 msecs (HTTP/1.1 204) 2 headers in 112 bytes (1 switches on core 0)
2026-04-27 18:00:32.082 7 INFO neutron.db.segments_db [None req-1883aa61-134b-4406-94f2-83fbab8c5142 12a815a5d3864124aea979b2f98b3411 c03b2cf9ab034c1ab369d509a0e91980 - - default default] Added segment 41b9a62f-23cd-4fa0-861c-1f6537b96b37 of type geneve for network 534c0e96-73ac-4e88-9326-5cd725eccf25 [pid: 8|app: 0|req: 765/1508] 10.0.0.16 () {34 vars in 1039 bytes} [Mon Apr 27 18:00:32 2026] GET /v2.0/security-groups?id=f3ecdb9d-485c-4dad-8c5d-1dda24b578b2&fields=id&fields=name => generated 114 bytes in 30 msecs (HTTP/1.1 200) 4 headers in 157 bytes (1 switches on core 0) [pid: 8|app: 0|req: 766/1509] 10.0.0.133 () {32 vars in 736 bytes} [Mon Apr 27 18:00:32 2026] GET /v2.0/ports?device_id=7e368069-e648-4722-a6cd-12ba8f80abd7 => generated 12 bytes in 21 msecs (HTTP/1.1 200) 4 headers in 156 bytes (1 switches on core 0)
2026-04-27 18:00:32.146 8 INFO neutron.api.v2.resource [None req-4be2264d-3cfb-4941-b208-45f60451fb4d 51c93406ce3044ba87b2c87aab736091 070a8b2ff9124838878ab9d66dfd8852 - - default default] delete failed (client error): The resource could not be found. [pid: 8|app: 0|req: 767/1510] 10.0.0.133 () {32 vars in 724 bytes} [Mon Apr 27 18:00:32 2026] DELETE /v2.0/routers/7e368069-e648-4722-a6cd-12ba8f80abd7 => generated 135 bytes in 13 msecs (HTTP/1.1 404) 4 headers in 164 bytes (1 switches on core 0) [pid: 8|app: 0|req: 768/1511] 10.0.0.133 () {32 vars in 736 bytes} [Mon Apr 27 18:00:32 2026] GET /v2.0/ports?device_id=e04d33d7-66a2-4a76-81de-41a3c66afe30 => generated 12 bytes in 15 msecs (HTTP/1.1 200) 4 headers in 156 bytes (1 switches on core 0)
2026-04-27 18:00:32.187 8 INFO neutron.api.v2.resource [None req-99b4dbfb-f400-41e2-9cef-51abefc69dac 51c93406ce3044ba87b2c87aab736091 070a8b2ff9124838878ab9d66dfd8852 - - default default] delete failed (client error): The resource could not be found. [pid: 8|app: 0|req: 769/1512] 10.0.0.133 () {32 vars in 724 bytes} [Mon Apr 27 18:00:32 2026] DELETE /v2.0/routers/e04d33d7-66a2-4a76-81de-41a3c66afe30 => generated 135 bytes in 18 msecs (HTTP/1.1 404) 4 headers in 164 bytes (1 switches on core 0)
2026-04-27 18:00:32.207 7 INFO neutron.db.ovn_revision_numbers_db [None req-1883aa61-134b-4406-94f2-83fbab8c5142 12a815a5d3864124aea979b2f98b3411 c03b2cf9ab034c1ab369d509a0e91980 - - default default] Successfully bumped revision number for resource 534c0e96-73ac-4e88-9326-5cd725eccf25 (type: networks) to 1
2026-04-27 18:00:32.216 8 INFO neutron.pecan_wsgi.hooks.translation [None req-d245bbd2-5d22-4424-84e3-0c8543530959 51c93406ce3044ba87b2c87aab736091 070a8b2ff9124838878ab9d66dfd8852 - - default default] DELETE failed (client error): The resource could not be found. [pid: 8|app: 0|req: 770/1513] 10.0.0.133 () {32 vars in 724 bytes} [Mon Apr 27 18:00:32 2026] DELETE /v2.0/subnets/179935a9-28f9-4c73-981a-6f3d32d440b7 => generated 136 bytes in 26 msecs (HTTP/1.1 404) 4 headers in 164 bytes (1 switches on core 0) [pid: 8|app: 0|req: 771/1514] 10.0.0.133 () {32 vars in 736 bytes} [Mon Apr 27 18:00:32 2026] GET /v2.0/ports?device_id=4b43a361-f24c-4c43-aeac-b1bf95db78e7 => generated 12 bytes in 15 msecs (HTTP/1.1 200) 4 headers in 156 bytes (1 switches on core 0)
2026-04-27 18:00:32.269 8 INFO neutron.api.v2.resource [None req-29dea71c-4d74-4fb9-8aef-8fb51eac5fdd 51c93406ce3044ba87b2c87aab736091 070a8b2ff9124838878ab9d66dfd8852 - - default default] delete failed (client error): The resource could not be found. [pid: 8|app: 0|req: 772/1515] 10.0.0.133 () {32 vars in 724 bytes} [Mon Apr 27 18:00:32 2026] DELETE /v2.0/routers/4b43a361-f24c-4c43-aeac-b1bf95db78e7 => generated 135 bytes in 28 msecs (HTTP/1.1 404) 4 headers in 164 bytes (1 switches on core 0)
2026-04-27 18:00:32.285 8 INFO neutron.pecan_wsgi.hooks.translation [None req-582c396a-90af-4aff-81b2-d418da38601f 51c93406ce3044ba87b2c87aab736091 070a8b2ff9124838878ab9d66dfd8852 - - default default] DELETE failed (client error): The resource could not be found. [pid: 8|app: 0|req: 773/1516] 10.0.0.133 () {32 vars in 724 bytes} [Mon Apr 27 18:00:32 2026] DELETE /v2.0/subnets/546421fd-667a-4601-9418-91943206aaa8 => generated 136 bytes in 12 msecs (HTTP/1.1 404) 4 headers in 164 bytes (1 switches on core 0) [pid: 8|app: 0|req: 774/1517] 10.0.0.133 () {32 vars in 736 bytes} [Mon Apr 27 18:00:32 2026] GET /v2.0/ports?device_id=c0bc4f16-76e0-422e-a032-2a11b8099f2d => generated 12 bytes in 17 msecs (HTTP/1.1 200) 4 headers in 156 bytes (1 switches on core 0)
2026-04-27 18:00:32.336 8 INFO neutron.api.v2.resource [None req-dbc80fd6-4241-4226-a8cf-ccbe37f6b311 51c93406ce3044ba87b2c87aab736091 070a8b2ff9124838878ab9d66dfd8852 - - default default] delete failed (client error): The resource could not be found. [pid: 8|app: 0|req: 775/1518] 10.0.0.133 () {32 vars in 724 bytes} [Mon Apr 27 18:00:32 2026] DELETE /v2.0/routers/c0bc4f16-76e0-422e-a032-2a11b8099f2d => generated 135 bytes in 23 msecs (HTTP/1.1 404) 4 headers in 164 bytes (1 switches on core 0)
2026-04-27 18:00:32.352 8 INFO neutron.pecan_wsgi.hooks.translation [None req-1ba58e69-4f02-42df-b493-74c5c8f883ad 51c93406ce3044ba87b2c87aab736091 070a8b2ff9124838878ab9d66dfd8852 - - default default] DELETE failed (client error): The resource could not be found. [pid: 8|app: 0|req: 776/1519] 10.0.0.133 () {32 vars in 724 bytes} [Mon Apr 27 18:00:32 2026] DELETE /v2.0/subnets/88f8f9de-0d2a-4340-8131-64562c766a2f => generated 136 bytes in 14 msecs (HTTP/1.1 404) 4 headers in 164 bytes (1 switches on core 0)
2026-04-27 18:00:32.370 8 INFO neutron.pecan_wsgi.hooks.translation [None req-1c85628d-a6e3-4020-8d19-2e0bb3c1e15d 51c93406ce3044ba87b2c87aab736091 070a8b2ff9124838878ab9d66dfd8852 - - default default] DELETE failed (client error): The resource could not be found. [pid: 8|app: 0|req: 777/1520] 10.0.0.133 () {32 vars in 724 bytes} [Mon Apr 27 18:00:32 2026] DELETE /v2.0/subnets/8d30e2f3-0cf4-44f0-9fe3-464686269052 => generated 136 bytes in 13 msecs (HTTP/1.1 404) 4 headers in 164 bytes (1 switches on core 0)
2026-04-27 18:00:32.387 7 WARNING neutron.scheduler.dhcp_agent_scheduler [None req-1883aa61-134b-4406-94f2-83fbab8c5142 12a815a5d3864124aea979b2f98b3411 c03b2cf9ab034c1ab369d509a0e91980 - - default default] No more DHCP agents
2026-04-27 18:00:32.388 7 WARNING neutron.api.rpc.agentnotifiers.dhcp_rpc_agent_api [None req-1883aa61-134b-4406-94f2-83fbab8c5142 12a815a5d3864124aea979b2f98b3411 c03b2cf9ab034c1ab369d509a0e91980 - - default default] Unable to schedule network 534c0e96-73ac-4e88-9326-5cd725eccf25: no agents available; will retry on subsequent port and subnet creation events.
2026-04-27 18:00:32.453 8 INFO neutron.plugins.ml2.drivers.ovn.mech_driver.mech_driver [None req-64ea9921-71e9-482c-8748-a9541cbecd02 - - - - - -] OVN reports status down for port: 139fc027-10b8-4763-a365-3d6b262b2e84
2026-04-27 18:00:32.498 7 INFO neutron.db.ovn_revision_numbers_db [None req-1883aa61-134b-4406-94f2-83fbab8c5142 12a815a5d3864124aea979b2f98b3411 c03b2cf9ab034c1ab369d509a0e91980 - - default default] Successfully bumped revision number for resource 139fc027-10b8-4763-a365-3d6b262b2e84 (type: ports) to 1 [pid: 7|app: 0|req: 744/1521] 10.0.0.133 () {34 vars in 671 bytes} [Mon Apr 27 18:00:31 2026] POST /v2.0/networks => generated 781 bytes in 769 msecs (HTTP/1.1 201) 4 headers in 162 bytes (1 switches on core 0)
2026-04-27 18:00:32.692 8 WARNING neutron.scheduler.dhcp_agent_scheduler [None req-a0ffb1fe-9ddb-4070-9c8e-5311b7825fc6 12a815a5d3864124aea979b2f98b3411 c03b2cf9ab034c1ab369d509a0e91980 - - default default] No more DHCP agents
2026-04-27 18:00:32.694 8 WARNING neutron.api.rpc.agentnotifiers.dhcp_rpc_agent_api [None req-a0ffb1fe-9ddb-4070-9c8e-5311b7825fc6 12a815a5d3864124aea979b2f98b3411 c03b2cf9ab034c1ab369d509a0e91980 - - default default] Unable to schedule network 534c0e96-73ac-4e88-9326-5cd725eccf25: no agents available; will retry on subsequent port and subnet creation events.
2026-04-27 18:00:32.986 7 INFO neutron.db.ovn_revision_numbers_db [None req-ea417d84-73c9-4e48-89bb-c71ad2689313 0e42745857224a60900f2d409e16d072 4a57c69d2d9e41e2b893cb7ab240aa8a - - default default] Successfully bumped revision number for resource b9ea766b-b367-4e7c-a726-41ea781e5ea1 (type: security_groups) to 1
2026-04-27 18:00:32.999 7 INFO neutron.db.ovn_revision_numbers_db [None req-ea417d84-73c9-4e48-89bb-c71ad2689313 0e42745857224a60900f2d409e16d072 4a57c69d2d9e41e2b893cb7ab240aa8a - - default default] Successfully bumped revision number for resource 1ee950e1-3dcf-43eb-bc1c-08020c2814ca (type: security_group_rules) to 0
2026-04-27 18:00:33.009 7 INFO neutron.db.ovn_revision_numbers_db [None req-ea417d84-73c9-4e48-89bb-c71ad2689313 0e42745857224a60900f2d409e16d072 4a57c69d2d9e41e2b893cb7ab240aa8a - - default default] Successfully bumped revision number for resource 73f8d777-d8e2-4c86-a37f-df0fe3bca717 (type: security_group_rules) to 0
2026-04-27 18:00:33.022 7 INFO neutron.db.ovn_revision_numbers_db [None req-ea417d84-73c9-4e48-89bb-c71ad2689313 0e42745857224a60900f2d409e16d072 4a57c69d2d9e41e2b893cb7ab240aa8a - - default default] Successfully bumped revision number for resource be57d336-073c-467a-b8a2-ca1392bc3569 (type: security_group_rules) to 0
2026-04-27 18:00:33.033 7 INFO neutron.db.ovn_revision_numbers_db [None req-ea417d84-73c9-4e48-89bb-c71ad2689313 0e42745857224a60900f2d409e16d072 4a57c69d2d9e41e2b893cb7ab240aa8a - - default default] Successfully bumped revision number for resource cd92c255-53bd-401f-a5ab-d20d0f7667d5 (type: security_group_rules) to 0
2026-04-27 18:00:33.124 7 INFO neutron.db.segments_db [None req-ea417d84-73c9-4e48-89bb-c71ad2689313 0e42745857224a60900f2d409e16d072 4a57c69d2d9e41e2b893cb7ab240aa8a - - default default] Added segment 4779f185-d5b1-45fe-a776-74c9bcd0155b of type geneve for network 75eb6e2a-9d13-4059-b55a-7ae8ce5aaf90
2026-04-27 18:00:33.148 8 INFO neutron.db.ovn_revision_numbers_db [None req-a0ffb1fe-9ddb-4070-9c8e-5311b7825fc6 12a815a5d3864124aea979b2f98b3411 c03b2cf9ab034c1ab369d509a0e91980 - - default default] Successfully bumped revision number for resource 139fc027-10b8-4763-a365-3d6b262b2e84 (type: ports) to 2
2026-04-27 18:00:33.180 8 INFO neutron.db.ovn_revision_numbers_db [None req-a0ffb1fe-9ddb-4070-9c8e-5311b7825fc6 12a815a5d3864124aea979b2f98b3411 c03b2cf9ab034c1ab369d509a0e91980 - - default default] Successfully bumped revision number for resource 05bbb867-07d5-4740-b7ca-07dfdc9ef00e (type: subnets) to 0 [pid: 8|app: 0|req: 778/1522] 10.0.0.133 () {34 vars in 669 bytes} [Mon Apr 27 18:00:32 2026] POST /v2.0/subnets => generated 687 bytes in 669 msecs (HTTP/1.1 201) 4 headers in 162 bytes (1 switches on core 0)
2026-04-27 18:00:33.251 8 WARNING neutron.db.securitygroups_db [None req-2104595a-6510-43da-85b8-931291f942d1 12a815a5d3864124aea979b2f98b3411 c03b2cf9ab034c1ab369d509a0e91980 - - default default] project_id key not found in filters, using tenant_id instead. This support has been deprecated and will be removed in a future release.
2026-04-27 18:00:33.253 7 INFO neutron.db.ovn_revision_numbers_db [None req-ea417d84-73c9-4e48-89bb-c71ad2689313 0e42745857224a60900f2d409e16d072 4a57c69d2d9e41e2b893cb7ab240aa8a - - default default] Successfully bumped revision number for resource 75eb6e2a-9d13-4059-b55a-7ae8ce5aaf90 (type: networks) to 1 [pid: 8|app: 0|req: 779/1523] 10.0.0.133 () {32 vars in 774 bytes} [Mon Apr 27 18:00:33 2026] GET /v2.0/security-groups?tenant_id=070a8b2ff9124838878ab9d66dfd8852&name=default => generated 2925 bytes in 79 msecs (HTTP/1.1 200) 4 headers in 158 bytes (1 switches on core 0)
2026-04-27 18:00:33.439 7 WARNING neutron.scheduler.dhcp_agent_scheduler [None req-ea417d84-73c9-4e48-89bb-c71ad2689313 0e42745857224a60900f2d409e16d072 4a57c69d2d9e41e2b893cb7ab240aa8a - - default default] No more DHCP agents
2026-04-27 18:00:33.440 7 WARNING neutron.api.rpc.agentnotifiers.dhcp_rpc_agent_api [None req-ea417d84-73c9-4e48-89bb-c71ad2689313 0e42745857224a60900f2d409e16d072 4a57c69d2d9e41e2b893cb7ab240aa8a - - default default] Unable to schedule network 75eb6e2a-9d13-4059-b55a-7ae8ce5aaf90: no agents available; will retry on subsequent port and subnet creation events.
2026-04-27 18:00:33.528 7 INFO neutron.db.ovn_revision_numbers_db [None req-ea417d84-73c9-4e48-89bb-c71ad2689313 0e42745857224a60900f2d409e16d072 4a57c69d2d9e41e2b893cb7ab240aa8a - - default default] Successfully bumped revision number for resource 3bb31fd8-0f3e-4bfa-8451-6d6c725de449 (type: ports) to 1 [pid: 7|app: 0|req: 745/1524] 10.0.0.133 () {34 vars in 670 bytes} [Mon Apr 27 18:00:32 2026] POST /v2.0/networks => generated 672 bytes in 922 msecs (HTTP/1.1 201) 4 headers in 162 bytes (1 switches on core 0)
2026-04-27 18:00:33.684 8 WARNING neutron.scheduler.dhcp_agent_scheduler [None req-6cc09b03-9768-4022-9f31-840c13acaa55 12a815a5d3864124aea979b2f98b3411 c03b2cf9ab034c1ab369d509a0e91980 - - default default] No more DHCP agents
2026-04-27 18:00:33.686 8 WARNING neutron.api.rpc.agentnotifiers.dhcp_rpc_agent_api [None req-6cc09b03-9768-4022-9f31-840c13acaa55 12a815a5d3864124aea979b2f98b3411 c03b2cf9ab034c1ab369d509a0e91980 - - default default] Unable to schedule network 7ff77e2e-d1a7-4165-bca7-823a159c4cf3: no agents available; will retry on subsequent port and subnet creation events. [pid: 7|app: 0|req: 746/1525] 10.0.0.133 () {32 vars in 740 bytes} [Mon Apr 27 18:00:33 2026] DELETE /v2.0/security-groups/ec66f6ec-c659-46d3-9540-bcfded7ec52f => generated 0 bytes in 191 msecs (HTTP/1.1 204) 2 headers in 112 bytes (1 switches on core 0)
2026-04-27 18:00:33.821 8 INFO neutron.plugins.ml2.drivers.ovn.mech_driver.mech_driver [None req-64ea9921-71e9-482c-8748-a9541cbecd02 - - - - - -] OVN reports status down for port: 4cddc9bd-017f-42ea-9987-98d182ddea65
2026-04-27 18:00:33.822 7 INFO neutron.db.segments_db [None req-78aac5a7-0caf-4fa4-8124-b00bcab99509 0e42745857224a60900f2d409e16d072 4a57c69d2d9e41e2b893cb7ab240aa8a - - default default] Added segment de3502c6-43b3-43dc-a0f5-13d9222bc871 of type geneve for network 31ca29b8-7d21-49b9-9238-f565239238b0
2026-04-27 18:00:33.881 8 INFO neutron.db.ovn_revision_numbers_db [None req-6cc09b03-9768-4022-9f31-840c13acaa55 12a815a5d3864124aea979b2f98b3411 c03b2cf9ab034c1ab369d509a0e91980 - - default default] Successfully bumped revision number for resource 4cddc9bd-017f-42ea-9987-98d182ddea65 (type: ports) to 1
2026-04-27 18:00:33.963 7 INFO neutron.db.ovn_revision_numbers_db [None req-78aac5a7-0caf-4fa4-8124-b00bcab99509 0e42745857224a60900f2d409e16d072 4a57c69d2d9e41e2b893cb7ab240aa8a - - default default] Successfully bumped revision number for resource 31ca29b8-7d21-49b9-9238-f565239238b0 (type: networks) to 1
2026-04-27 18:00:34.126 7 WARNING neutron.scheduler.dhcp_agent_scheduler [None req-78aac5a7-0caf-4fa4-8124-b00bcab99509 0e42745857224a60900f2d409e16d072 4a57c69d2d9e41e2b893cb7ab240aa8a - - default default] No more DHCP agents
2026-04-27 18:00:34.127 7 WARNING neutron.api.rpc.agentnotifiers.dhcp_rpc_agent_api [None req-78aac5a7-0caf-4fa4-8124-b00bcab99509 0e42745857224a60900f2d409e16d072 4a57c69d2d9e41e2b893cb7ab240aa8a - - default default] Unable to schedule network 31ca29b8-7d21-49b9-9238-f565239238b0: no agents available; will retry on subsequent port and subnet creation events.
2026-04-27 18:00:34.223 7 INFO neutron.db.ovn_revision_numbers_db [None req-78aac5a7-0caf-4fa4-8124-b00bcab99509 0e42745857224a60900f2d409e16d072 4a57c69d2d9e41e2b893cb7ab240aa8a - - default default] Successfully bumped revision number for resource 91cdd54a-ea0a-4e4c-9ae3-9b77d401920e (type: ports) to 1 [pid: 7|app: 0|req: 747/1526] 10.0.0.133 () {34 vars in 670 bytes} [Mon Apr 27 18:00:33 2026] POST /v2.0/networks => generated 671 bytes in 504 msecs (HTTP/1.1 201) 4 headers in 162 bytes (1 switches on core 0)
2026-04-27 18:00:34.427 7 WARNING neutron.scheduler.dhcp_agent_scheduler [None req-9579eb52-88f7-4c0a-ae99-36af2496d5aa 0e42745857224a60900f2d409e16d072 4a57c69d2d9e41e2b893cb7ab240aa8a - - default default] No more DHCP agents
2026-04-27 18:00:34.428 7 WARNING neutron.api.rpc.agentnotifiers.dhcp_rpc_agent_api [None req-9579eb52-88f7-4c0a-ae99-36af2496d5aa 0e42745857224a60900f2d409e16d072 4a57c69d2d9e41e2b893cb7ab240aa8a - - default default] Unable to schedule network 75eb6e2a-9d13-4059-b55a-7ae8ce5aaf90: no agents available; will retry on subsequent port and subnet creation events.
2026-04-27 18:00:34.468 7 INFO neutron.db.ovn_revision_numbers_db [None req-9579eb52-88f7-4c0a-ae99-36af2496d5aa 0e42745857224a60900f2d409e16d072 4a57c69d2d9e41e2b893cb7ab240aa8a - - default default] Successfully bumped revision number for resource 6d1ada6e-0352-47e6-a8c2-225148d81220 (type: subnets) to 0 [pid: 7|app: 0|req: 748/1527] 10.0.0.133 () {34 vars in 669 bytes} [Mon Apr 27 18:00:34 2026] POST /v2.0/subnets => generated 646 bytes in 232 msecs (HTTP/1.1 201) 4 headers in 162 bytes (1 switches on core 0)
2026-04-27 18:00:34.607 8 INFO neutron.plugins.ml2.drivers.ovn.mech_driver.mech_driver [None req-64ea9921-71e9-482c-8748-a9541cbecd02 - - - - - -] OVN reports status up for port: 4cddc9bd-017f-42ea-9987-98d182ddea65
2026-04-27 18:00:34.709 8 INFO neutron.plugins.ml2.plugin [None req-64ea9921-71e9-482c-8748-a9541cbecd02 - - - - - -] Attempt 1 to provision port 4cddc9bd-017f-42ea-9987-98d182ddea65
2026-04-27 18:00:34.714 8 INFO neutron.plugins.ml2.drivers.ovn.mech_driver.ovsdb.ovsdb_monitor [None req-a1b69f0b-ed59-43c3-ae1d-ca291ed36ab1 - - - - - -] Router ed7b510c-6368-404e-af4b-46b487bf89c3 is bound to host instance
2026-04-27 18:00:34.832 8 INFO neutron.db.ovn_revision_numbers_db [None req-6cc09b03-9768-4022-9f31-840c13acaa55 12a815a5d3864124aea979b2f98b3411 c03b2cf9ab034c1ab369d509a0e91980 - - default default] Successfully bumped revision number for resource 4cddc9bd-017f-42ea-9987-98d182ddea65 (type: router_ports) to 1
2026-04-27 18:00:34.855 7 WARNING neutron.scheduler.dhcp_agent_scheduler [None req-f9fe16f2-40e8-4196-a923-3b6b29405949 0e42745857224a60900f2d409e16d072 4a57c69d2d9e41e2b893cb7ab240aa8a - - default default] No more DHCP agents
2026-04-27 18:00:34.856 7 WARNING neutron.api.rpc.agentnotifiers.dhcp_rpc_agent_api [None req-f9fe16f2-40e8-4196-a923-3b6b29405949 0e42745857224a60900f2d409e16d072 4a57c69d2d9e41e2b893cb7ab240aa8a - - default default] Unable to schedule network 31ca29b8-7d21-49b9-9238-f565239238b0: no agents available; will retry on subsequent port and subnet creation events.
2026-04-27 18:00:34.879 7 INFO neutron.db.ovn_revision_numbers_db [None req-f9fe16f2-40e8-4196-a923-3b6b29405949 0e42745857224a60900f2d409e16d072 4a57c69d2d9e41e2b893cb7ab240aa8a - - default default] Successfully bumped revision number for resource a992b951-29b0-486b-99e1-4e405da945e6 (type: subnets) to 0 [pid: 7|app: 0|req: 749/1528] 10.0.0.133 () {34 vars in 669 bytes} [Mon Apr 27 18:00:34 2026] POST /v2.0/subnets => generated 655 bytes in 405 msecs (HTTP/1.1 201) 4 headers in 162 bytes (1 switches on core 0)
2026-04-27 18:00:35.020 7 INFO neutron.db.ovn_revision_numbers_db [None req-a9402ace-9f57-474b-8f90-fff77f1eac66 0e42745857224a60900f2d409e16d072 4a57c69d2d9e41e2b893cb7ab240aa8a - - default default] Successfully bumped revision number for resource 791a798e-ff1a-4800-801f-025db93c0bad (type: routers) to 1 [pid: 7|app: 0|req: 750/1529] 10.0.0.133 () {34 vars in 669 bytes} [Mon Apr 27 18:00:34 2026] POST /v2.0/routers => generated 628 bytes in 140 msecs (HTTP/1.1 201) 4 headers in 162 bytes (1 switches on core 0)
2026-04-27 18:00:35.050 8 INFO neutron.db.ovn_revision_numbers_db [None req-6cc09b03-9768-4022-9f31-840c13acaa55 12a815a5d3864124aea979b2f98b3411 c03b2cf9ab034c1ab369d509a0e91980 - - default default] Successfully bumped revision number for resource ed7b510c-6368-404e-af4b-46b487bf89c3 (type: routers) to 2 [pid: 8|app: 0|req: 780/1530] 10.0.0.133 () {34 vars in 669 bytes} [Mon Apr 27 18:00:33 2026] POST /v2.0/routers => generated 986 bytes in 1808 msecs (HTTP/1.1 201) 4 headers in 162 bytes (1 switches on core 0)
2026-04-27 18:00:35.191 7 WARNING neutron.plugins.ml2.drivers.ovn.mech_driver.ovsdb.ovn_client [None req-5447f09e-b786-4fe7-b86d-5d18b4810735 - - - - - -] No port found with ID e285d153-9d77-444d-9bbe-8e2f26083172: RuntimeError: No port found with ID e285d153-9d77-444d-9bbe-8e2f26083172
2026-04-27 18:00:35.192 7 INFO neutron.plugins.ml2.drivers.ovn.mech_driver.mech_driver [None req-5447f09e-b786-4fe7-b86d-5d18b4810735 - - - - - -] OVN reports status up for port: 283b8a15-6feb-4fcc-9005-e693d3e50cd8
2026-04-27 18:00:35.215 7 INFO neutron.plugins.ml2.plugin [None req-5447f09e-b786-4fe7-b86d-5d18b4810735 - - - - - -] Attempt 1 to provision port 283b8a15-6feb-4fcc-9005-e693d3e50cd8
2026-04-27 18:00:35.582 7 WARNING neutron.scheduler.dhcp_agent_scheduler [None req-2a7ca1fb-d5b4-4741-8a9e-ac195a60db00 0e42745857224a60900f2d409e16d072 4a57c69d2d9e41e2b893cb7ab240aa8a - - default default] No more DHCP agents
2026-04-27 18:00:35.585 7 WARNING neutron.api.rpc.agentnotifiers.dhcp_rpc_agent_api [None req-2a7ca1fb-d5b4-4741-8a9e-ac195a60db00 0e42745857224a60900f2d409e16d072 4a57c69d2d9e41e2b893cb7ab240aa8a - - default default] Unable to schedule network 75eb6e2a-9d13-4059-b55a-7ae8ce5aaf90: no agents available; will retry on subsequent port and subnet creation events.
2026-04-27 18:00:35.792 7 INFO neutron.db.ovn_revision_numbers_db [None req-2a7ca1fb-d5b4-4741-8a9e-ac195a60db00 0e42745857224a60900f2d409e16d072 4a57c69d2d9e41e2b893cb7ab240aa8a - - default default] Successfully bumped revision number for resource 5ad787a1-c634-4aa3-84dd-3bca4a1d3b55 (type: ports) to 1
2026-04-27 18:00:36.021 7 INFO neutron.db.ovn_revision_numbers_db [None req-5447f09e-b786-4fe7-b86d-5d18b4810735 - - - - - -] Successfully bumped revision number for resource 283b8a15-6feb-4fcc-9005-e693d3e50cd8 (type: ports) to 2
2026-04-27 18:00:36.351 8 WARNING neutron.scheduler.dhcp_agent_scheduler [None req-a1072a82-df1d-49a6-a8ea-8db6a0e3be56 12a815a5d3864124aea979b2f98b3411 c03b2cf9ab034c1ab369d509a0e91980 - - default default] No more DHCP agents
2026-04-27 18:00:36.355 8 WARNING neutron.api.rpc.agentnotifiers.dhcp_rpc_agent_api [None req-a1072a82-df1d-49a6-a8ea-8db6a0e3be56 12a815a5d3864124aea979b2f98b3411 c03b2cf9ab034c1ab369d509a0e91980 - - default default] Unable to schedule network 534c0e96-73ac-4e88-9326-5cd725eccf25: no agents available; will retry on subsequent port and subnet creation events.
2026-04-27 18:00:36.497 7 WARNING neutron.scheduler.dhcp_agent_scheduler [None req-2a7ca1fb-d5b4-4741-8a9e-ac195a60db00 0e42745857224a60900f2d409e16d072 4a57c69d2d9e41e2b893cb7ab240aa8a - - default default] No more DHCP agents
2026-04-27 18:00:36.499 7 WARNING neutron.api.rpc.agentnotifiers.dhcp_rpc_agent_api [None req-2a7ca1fb-d5b4-4741-8a9e-ac195a60db00 0e42745857224a60900f2d409e16d072 4a57c69d2d9e41e2b893cb7ab240aa8a - - default default] Unable to schedule network 75eb6e2a-9d13-4059-b55a-7ae8ce5aaf90: no agents available; will retry on subsequent port and subnet creation events.
2026-04-27 18:00:36.699 8 INFO neutron.db.ovn_revision_numbers_db [None req-a1072a82-df1d-49a6-a8ea-8db6a0e3be56 12a815a5d3864124aea979b2f98b3411 c03b2cf9ab034c1ab369d509a0e91980 - - default default] Successfully bumped revision number for resource c8ecb61c-3db9-4833-be3d-146dbb730cbf (type: ports) to 1
2026-04-27 18:00:36.704 7 INFO neutron.db.ovn_revision_numbers_db [None req-2a7ca1fb-d5b4-4741-8a9e-ac195a60db00 0e42745857224a60900f2d409e16d072 4a57c69d2d9e41e2b893cb7ab240aa8a - - default default] Successfully bumped revision number for resource 5ad787a1-c634-4aa3-84dd-3bca4a1d3b55 (type: router_ports) to 1 [pid: 7|app: 0|req: 751/1531] 10.0.0.133 () {34 vars in 783 bytes} [Mon Apr 27 18:00:35 2026] PUT /v2.0/routers/791a798e-ff1a-4800-801f-025db93c0bad/add_router_interface => generated 310 bytes in 1663 msecs (HTTP/1.1 200) 4 headers in 157 bytes (1 switches on core 0)
2026-04-27 18:00:36.987 7 INFO neutron.db.ovn_revision_numbers_db [None req-8471a39a-05f7-409b-9bd2-ea213a69780a d95b4cccdf59418dadb024ef419aa164 2c21ac2640594ec9b90e1ee6e74fa91c - - default default] Successfully bumped revision number for resource 8d1120d8-1d67-4f86-b03e-ff7f75989e63 (type: security_groups) to 1
2026-04-27 18:00:37.000 7 INFO neutron.db.ovn_revision_numbers_db [None req-8471a39a-05f7-409b-9bd2-ea213a69780a d95b4cccdf59418dadb024ef419aa164 2c21ac2640594ec9b90e1ee6e74fa91c - - default default] Successfully bumped revision number for resource 7b8b22f2-8a37-47d6-b23f-0cbf4b70018f (type: security_group_rules) to 0
2026-04-27 18:00:37.013 7 INFO neutron.db.ovn_revision_numbers_db [None req-8471a39a-05f7-409b-9bd2-ea213a69780a d95b4cccdf59418dadb024ef419aa164 2c21ac2640594ec9b90e1ee6e74fa91c - - default default] Successfully bumped revision number for resource af9fbb75-33a4-4c44-97ca-d17194cc0ef3 (type: security_group_rules) to 0
2026-04-27 18:00:37.025 7 INFO neutron.db.ovn_revision_numbers_db [None req-8471a39a-05f7-409b-9bd2-ea213a69780a d95b4cccdf59418dadb024ef419aa164 2c21ac2640594ec9b90e1ee6e74fa91c - - default default] Successfully bumped revision number for resource b06047e6-b298-4915-96bc-6cb150c0401e (type: security_group_rules) to 0
2026-04-27 18:00:37.040 7 INFO neutron.db.ovn_revision_numbers_db [None req-8471a39a-05f7-409b-9bd2-ea213a69780a d95b4cccdf59418dadb024ef419aa164 2c21ac2640594ec9b90e1ee6e74fa91c - - default default] Successfully bumped revision number for resource f3f6d5ec-c9c4-41d0-b685-1f55f2f6e132 (type: security_group_rules) to 0
2026-04-27 18:00:37.048 8 INFO neutron.db.ovn_revision_numbers_db [None req-0ec685ce-5521-47bf-a1fb-0bffb2b258e1 - - - - - -] Successfully bumped revision number for resource 4cddc9bd-017f-42ea-9987-98d182ddea65 (type: ports) to 4
2026-04-27 18:00:37.154 7 INFO neutron.db.ovn_revision_numbers_db [None req-8471a39a-05f7-409b-9bd2-ea213a69780a d95b4cccdf59418dadb024ef419aa164 2c21ac2640594ec9b90e1ee6e74fa91c - - default default] Successfully bumped revision number for resource 2767ea18-caa4-49b4-8178-a7f5898bf1c0 (type: security_groups) to 1
2026-04-27 18:00:37.166 7 INFO neutron.db.ovn_revision_numbers_db [None req-8471a39a-05f7-409b-9bd2-ea213a69780a d95b4cccdf59418dadb024ef419aa164 2c21ac2640594ec9b90e1ee6e74fa91c - - default default] Successfully bumped revision number for resource be09bf10-3ee0-424b-bcba-a71accf94106 (type: security_group_rules) to 0
2026-04-27 18:00:37.181 7 INFO neutron.db.ovn_revision_numbers_db [None req-8471a39a-05f7-409b-9bd2-ea213a69780a d95b4cccdf59418dadb024ef419aa164 2c21ac2640594ec9b90e1ee6e74fa91c - - default default] Successfully bumped revision number for resource e28847d4-b5d0-44fb-a319-ab339bf2dce7 (type: security_group_rules) to 0 [pid: 7|app: 0|req: 752/1532] 10.0.0.133 () {34 vars in 684 bytes} [Mon Apr 27 18:00:36 2026] POST /v2.0/security-groups => generated 1624 bytes in 507 msecs (HTTP/1.1 201) 4 headers in 163 bytes (1 switches on core 0) [pid: 7|app: 0|req: 753/1533] 10.0.0.133 () {32 vars in 717 bytes} [Mon Apr 27 18:00:37 2026] GET /v2.0/ports/5ad787a1-c634-4aa3-84dd-3bca4a1d3b55 => generated 945 bytes in 35 msecs (HTTP/1.1 200) 4 headers in 157 bytes (1 switches on core 0) [pid: 7|app: 0|req: 754/1534] 10.0.0.133 () {32 vars in 663 bytes} [Mon Apr 27 18:00:37 2026] GET /v2.0/security-groups => generated 4529 bytes in 28 msecs (HTTP/1.1 200) 4 headers in 158 bytes (1 switches on core 0)
2026-04-27 18:00:37.723 8 INFO neutron.db.ovn_revision_numbers_db [None req-0ec685ce-5521-47bf-a1fb-0bffb2b258e1 - - - - - -] Successfully bumped revision number for resource 4cddc9bd-017f-42ea-9987-98d182ddea65 (type: ports) to 5
2026-04-27 18:00:37.728 7 WARNING neutron.scheduler.dhcp_agent_scheduler [None req-f054f16b-5b00-4787-b39d-0bc69bbe660a 0e42745857224a60900f2d409e16d072 4a57c69d2d9e41e2b893cb7ab240aa8a - - default default] No more DHCP agents
2026-04-27 18:00:37.729 7 WARNING neutron.api.rpc.agentnotifiers.dhcp_rpc_agent_api [None req-f054f16b-5b00-4787-b39d-0bc69bbe660a 0e42745857224a60900f2d409e16d072 4a57c69d2d9e41e2b893cb7ab240aa8a - - default default] Unable to schedule network 31ca29b8-7d21-49b9-9238-f565239238b0: no agents available; will retry on subsequent port and subnet creation events.
2026-04-27 18:00:37.838 7 INFO neutron.db.ovn_revision_numbers_db [None req-f054f16b-5b00-4787-b39d-0bc69bbe660a 0e42745857224a60900f2d409e16d072 4a57c69d2d9e41e2b893cb7ab240aa8a - - default default] Successfully bumped revision number for resource a5d3e9ac-8f37-4ca8-9ffa-cba9567fa157 (type: ports) to 1
2026-04-27 18:00:37.891 8 INFO neutron.plugins.ml2.drivers.ovn.mech_driver.mech_driver [None req-64ea9921-71e9-482c-8748-a9541cbecd02 - - - - - -] OVN reports status down for port: 5ad787a1-c634-4aa3-84dd-3bca4a1d3b55
2026-04-27 18:00:38.078 8 WARNING neutron.plugins.ml2.drivers.ovn.mech_driver.ovsdb.ovn_client [None req-64ea9921-71e9-482c-8748-a9541cbecd02 - - - - - -] Logical_Switch_Port 5ad787a1-c634-4aa3-84dd-3bca4a1d3b55 host information not removed, the port state is up
2026-04-27 18:00:38.079 8 INFO neutron.plugins.ml2.drivers.ovn.mech_driver.mech_driver [None req-64ea9921-71e9-482c-8748-a9541cbecd02 - - - - - -] OVN reports status up for port: 5ad787a1-c634-4aa3-84dd-3bca4a1d3b55
2026-04-27 18:00:38.100 8 INFO neutron.plugins.ml2.plugin [None req-64ea9921-71e9-482c-8748-a9541cbecd02 - - - - - -] Attempt 1 to provision port 5ad787a1-c634-4aa3-84dd-3bca4a1d3b55
2026-04-27 18:00:38.112 8 WARNING neutron.scheduler.dhcp_agent_scheduler [None req-a1072a82-df1d-49a6-a8ea-8db6a0e3be56 12a815a5d3864124aea979b2f98b3411 c03b2cf9ab034c1ab369d509a0e91980 - - default default] No more DHCP agents
2026-04-27 18:00:38.115 8 WARNING neutron.api.rpc.agentnotifiers.dhcp_rpc_agent_api [None req-a1072a82-df1d-49a6-a8ea-8db6a0e3be56 12a815a5d3864124aea979b2f98b3411 c03b2cf9ab034c1ab369d509a0e91980 - - default default] Unable to schedule network 534c0e96-73ac-4e88-9326-5cd725eccf25: no agents available; will retry on subsequent port and subnet creation events.
2026-04-27 18:00:38.510 7 WARNING neutron.scheduler.dhcp_agent_scheduler [None req-f054f16b-5b00-4787-b39d-0bc69bbe660a 0e42745857224a60900f2d409e16d072 4a57c69d2d9e41e2b893cb7ab240aa8a - - default default] No more DHCP agents
2026-04-27 18:00:38.511 7 WARNING neutron.api.rpc.agentnotifiers.dhcp_rpc_agent_api [None req-f054f16b-5b00-4787-b39d-0bc69bbe660a 0e42745857224a60900f2d409e16d072 4a57c69d2d9e41e2b893cb7ab240aa8a - - default default] Unable to schedule network 31ca29b8-7d21-49b9-9238-f565239238b0: no agents available; will retry on subsequent port and subnet creation events.
2026-04-27 18:00:38.708 7 INFO neutron.db.ovn_revision_numbers_db [None req-f054f16b-5b00-4787-b39d-0bc69bbe660a 0e42745857224a60900f2d409e16d072 4a57c69d2d9e41e2b893cb7ab240aa8a - - default default] Successfully bumped revision number for resource a5d3e9ac-8f37-4ca8-9ffa-cba9567fa157 (type: router_ports) to 1 [pid: 7|app: 0|req: 755/1535] 10.0.0.133 () {34 vars in 783 bytes} [Mon Apr 27 18:00:37 2026] PUT /v2.0/routers/791a798e-ff1a-4800-801f-025db93c0bad/add_router_interface => generated 310 bytes in 1429 msecs (HTTP/1.1 200) 4 headers in 157 bytes (1 switches on core 0)
2026-04-27 18:00:38.790 7 INFO neutron.db.ovn_revision_numbers_db [None req-54586e1a-9b18-4891-9f3b-29ad77eaba3a d95b4cccdf59418dadb024ef419aa164 2c21ac2640594ec9b90e1ee6e74fa91c - - default default] Successfully bumped revision number for resource 2767ea18-caa4-49b4-8178-a7f5898bf1c0 (type: security_groups) to 2 [pid: 7|app: 0|req: 756/1536] 10.0.0.133 () {34 vars in 758 bytes} [Mon Apr 27 18:00:38 2026] PUT /v2.0/security-groups/2767ea18-caa4-49b4-8178-a7f5898bf1c0 => generated 1663 bytes in 102 msecs (HTTP/1.1 200) 4 headers in 158 bytes (1 switches on core 0) [pid: 7|app: 0|req: 759/1539] 10.0.0.133 () {32 vars in 717 bytes} [Mon Apr 27 18:00:38 2026] GET /v2.0/ports/a5d3e9ac-8f37-4ca8-9ffa-cba9567fa157 => generated 953 bytes in 29 msecs (HTTP/1.1 200) 4 headers in 157 bytes (1 switches on core 0) [pid: 7|app: 0|req: 760/1540] 10.0.0.53 () {34 vars in 989 bytes} [Mon Apr 27 18:00:38 2026] GET /v2.0/ports?device_id=f10f8ef8-a9f2-4c5f-84ae-7cdbf0f21747 => generated 1236 bytes in 30 msecs (HTTP/1.1 200) 4 headers in 158 bytes (1 switches on core 0) [pid: 7|app: 0|req: 761/1541] 10.0.0.133 () {32 vars in 737 bytes} [Mon Apr 27 18:00:38 2026] GET /v2.0/security-groups/2767ea18-caa4-49b4-8178-a7f5898bf1c0 => generated 1663 bytes in 20 msecs (HTTP/1.1 200) 4 headers in 158 bytes (1 switches on core 0)
2026-04-27 18:00:38.914 8 INFO neutron.db.ovn_revision_numbers_db [None req-64ea9921-71e9-482c-8748-a9541cbecd02 - - - - - -] Successfully bumped revision number for resource 5ad787a1-c634-4aa3-84dd-3bca4a1d3b55 (type: ports) to 2 [pid: 7|app: 0|req: 762/1542] 10.0.0.133 () {32 vars in 717 bytes} [Mon Apr 27 18:00:38 2026] GET /v2.0/ports/a5d3e9ac-8f37-4ca8-9ffa-cba9567fa157 => generated 953 bytes in 38 msecs (HTTP/1.1 200) 4 headers in 157 bytes (1 switches on core 0) [pid: 7|app: 0|req: 763/1543] 10.0.0.53 () {34 vars in 1039 bytes} [Mon Apr 27 18:00:38 2026] GET /v2.0/security-groups?id=f3ecdb9d-485c-4dad-8c5d-1dda24b578b2&fields=id&fields=name => generated 114 bytes in 26 msecs (HTTP/1.1 200) 4 headers in 157 bytes (1 switches on core 0)
2026-04-27 18:00:39.050 8 INFO neutron.db.ovn_revision_numbers_db [None req-a1072a82-df1d-49a6-a8ea-8db6a0e3be56 12a815a5d3864124aea979b2f98b3411 c03b2cf9ab034c1ab369d509a0e91980 - - default default] Successfully bumped revision number for resource c8ecb61c-3db9-4833-be3d-146dbb730cbf (type: router_ports) to 1 [pid: 8|app: 0|req: 781/1544] 10.0.0.133 () {34 vars in 783 bytes} [Mon Apr 27 18:00:35 2026] PUT /v2.0/routers/ed7b510c-6368-404e-af4b-46b487bf89c3/add_router_interface => generated 310 bytes in 3964 msecs (HTTP/1.1 200) 4 headers in 157 bytes (1 switches on core 0) [pid: 7|app: 0|req: 764/1545] 10.0.0.133 () {32 vars in 740 bytes} [Mon Apr 27 18:00:38 2026] DELETE /v2.0/security-groups/2767ea18-caa4-49b4-8178-a7f5898bf1c0 => generated 0 bytes in 222 msecs (HTTP/1.1 204) 2 headers in 112 bytes (1 switches on core 0) [pid: 8|app: 0|req: 782/1546] 10.0.0.133 () {32 vars in 663 bytes} [Mon Apr 27 18:00:39 2026] GET /v2.0/security-groups => generated 2925 bytes in 30 msecs (HTTP/1.1 200) 4 headers in 158 bytes (1 switches on core 0)
2026-04-27 18:00:39.237 7 INFO neutron.api.v2.resource [None req-3d6fc058-cec6-4b4f-8309-2ccd57e59d1e d95b4cccdf59418dadb024ef419aa164 2c21ac2640594ec9b90e1ee6e74fa91c - - default default] delete failed (client error): The resource could not be found. [pid: 7|app: 0|req: 765/1547] 10.0.0.133 () {32 vars in 740 bytes} [Mon Apr 27 18:00:39 2026] DELETE /v2.0/security-groups/2767ea18-caa4-49b4-8178-a7f5898bf1c0 => generated 146 bytes in 13 msecs (HTTP/1.1 404) 4 headers in 164 bytes (1 switches on core 0)
2026-04-27 18:00:39.350 8 INFO neutron.db.ovn_revision_numbers_db [None req-bd32a58f-c663-4782-acd3-c4687f11b408 d95b4cccdf59418dadb024ef419aa164 2c21ac2640594ec9b90e1ee6e74fa91c - - default default] Successfully bumped revision number for resource 2342f0cf-e2f4-4a1e-aca5-2102afc17089 (type: security_groups) to 1
2026-04-27 18:00:39.362 8 INFO neutron.db.ovn_revision_numbers_db [None req-bd32a58f-c663-4782-acd3-c4687f11b408 d95b4cccdf59418dadb024ef419aa164 2c21ac2640594ec9b90e1ee6e74fa91c - - default default] Successfully bumped revision number for resource 2518d9d9-1420-48d6-9100-cc5ba8494819 (type: security_group_rules) to 0
2026-04-27 18:00:39.372 8 INFO neutron.db.ovn_revision_numbers_db [None req-bd32a58f-c663-4782-acd3-c4687f11b408 d95b4cccdf59418dadb024ef419aa164 2c21ac2640594ec9b90e1ee6e74fa91c - - default default] Successfully bumped revision number for resource f3e18ae7-879d-4888-9f03-d2eb29f98ad9 (type: security_group_rules) to 0 [pid: 8|app: 0|req: 783/1548] 10.0.0.133 () {34 vars in 684 bytes} [Mon Apr 27 18:00:39 2026] POST /v2.0/security-groups => generated 1624 bytes in 164 msecs (HTTP/1.1 201) 4 headers in 163 bytes (1 switches on core 0)
2026-04-27 18:00:39.538 7 INFO neutron.db.ovn_revision_numbers_db [None req-e4bff3eb-0dce-494b-b1d7-39e8eede39c1 d95b4cccdf59418dadb024ef419aa164 2c21ac2640594ec9b90e1ee6e74fa91c - - default default] Successfully bumped revision number for resource 5ecfe74a-6f11-4f0e-874a-ca3cb2f6cfce (type: security_group_rules) to 0 [pid: 7|app: 0|req: 766/1549] 10.0.0.133 () {34 vars in 695 bytes} [Mon Apr 27 18:00:39 2026] POST /v2.0/security-group-rules => generated 601 bytes in 173 msecs (HTTP/1.1 201) 4 headers in 162 bytes (1 switches on core 0) [pid: 8|app: 0|req: 784/1550] 10.0.0.133 () {32 vars in 747 bytes} [Mon Apr 27 18:00:39 2026] GET /v2.0/security-group-rules/5ecfe74a-6f11-4f0e-874a-ca3cb2f6cfce => generated 601 bytes in 28 msecs (HTTP/1.1 200) 4 headers in 157 bytes (1 switches on core 0) [pid: 7|app: 0|req: 767/1551] 10.0.0.133 () {32 vars in 673 bytes} [Mon Apr 27 18:00:39 2026] GET /v2.0/security-group-rules => generated 4138 bytes in 69 msecs (HTTP/1.1 200) 4 headers in 158 bytes (1 switches on core 0)
2026-04-27 18:00:39.803 8 INFO neutron.db.ovn_revision_numbers_db [None req-78a2aa13-676d-4b02-881d-a3260a7b028b b64bd5c91fc14a8eae354a323bca0a71 88ef6715ecbf4d53b89e9424d22864b9 - - default default] Successfully bumped revision number for resource b501901c-5c6b-49bd-be2b-62feaf2aa393 (type: security_groups) to 1
2026-04-27 18:00:39.813 8 INFO neutron.db.ovn_revision_numbers_db [None req-78a2aa13-676d-4b02-881d-a3260a7b028b b64bd5c91fc14a8eae354a323bca0a71 88ef6715ecbf4d53b89e9424d22864b9 - - default default] Successfully bumped revision number for resource 306b9956-a0e9-40e2-b7cf-b75c9bb72cd7 (type: security_group_rules) to 0
2026-04-27 18:00:39.829 8 INFO neutron.db.ovn_revision_numbers_db [None req-78a2aa13-676d-4b02-881d-a3260a7b028b b64bd5c91fc14a8eae354a323bca0a71 88ef6715ecbf4d53b89e9424d22864b9 - - default default] Successfully bumped revision number for resource c3fc0aed-8153-4847-bf36-d8d235dd7047 (type: security_group_rules) to 0 [pid: 7|app: 0|req: 768/1552] 10.0.0.133 () {32 vars in 750 bytes} [Mon Apr 27 18:00:39 2026] DELETE /v2.0/security-group-rules/5ecfe74a-6f11-4f0e-874a-ca3cb2f6cfce => generated 0 bytes in 165 msecs (HTTP/1.1 204) 2 headers in 112 bytes (1 switches on core 0) [pid: 8|app: 0|req: 785/1553] 10.0.0.133 () {34 vars in 685 bytes} [Mon Apr 27 18:00:39 2026] POST /v2.0/security-groups => generated 1675 bytes in 210 msecs (HTTP/1.1 201) 4 headers in 163 bytes (1 switches on core 0) [pid: 7|app: 0|req: 769/1554] 10.0.0.133 () {32 vars in 673 bytes} [Mon Apr 27 18:00:39 2026] GET /v2.0/security-group-rules => generated 3560 bytes in 59 msecs (HTTP/1.1 200) 4 headers in 158 bytes (1 switches on core 0)
2026-04-27 18:00:39.987 8 INFO neutron.db.ovn_revision_numbers_db [None req-8eb000f0-ba98-4357-a834-fa2bd73f8eb5 b64bd5c91fc14a8eae354a323bca0a71 88ef6715ecbf4d53b89e9424d22864b9 - - default default] Successfully bumped revision number for resource 3eeeb138-7dd0-4750-8812-b95b54acd1ee (type: security_group_rules) to 0 [pid: 8|app: 0|req: 786/1555] 10.0.0.133 () {34 vars in 695 bytes} [Mon Apr 27 18:00:39 2026] POST /v2.0/security-group-rules => generated 597 bytes in 148 msecs (HTTP/1.1 201) 4 headers in 162 bytes (1 switches on core 0)
2026-04-27 18:00:40.042 7 INFO neutron.db.ovn_revision_numbers_db [None req-895513e3-8936-4e2a-9e3b-b3c93d0be9de d95b4cccdf59418dadb024ef419aa164 2c21ac2640594ec9b90e1ee6e74fa91c - - default default] Successfully bumped revision number for resource 4c0feaa4-eff1-4a22-981a-5d61eee55267 (type: security_group_rules) to 0 [pid: 7|app: 0|req: 770/1556] 10.0.0.133 () {34 vars in 695 bytes} [Mon Apr 27 18:00:39 2026] POST /v2.0/security-group-rules => generated 601 bytes in 144 msecs (HTTP/1.1 201) 4 headers in 162 bytes (1 switches on core 0) [pid: 8|app: 0|req: 787/1557] 10.0.0.133 () {32 vars in 717 bytes} [Mon Apr 27 18:00:40 2026] GET /v2.0/ports/a5d3e9ac-8f37-4ca8-9ffa-cba9567fa157 => generated 953 bytes in 83 msecs (HTTP/1.1 200) 4 headers in 157 bytes (1 switches on core 0) [pid: 8|app: 0|req: 788/1558] 10.0.0.133 () {32 vars in 747 bytes} [Mon Apr 27 18:00:40 2026] GET /v2.0/security-group-rules/4c0feaa4-eff1-4a22-981a-5d61eee55267 => generated 601 bytes in 12 msecs (HTTP/1.1 200) 4 headers in 157 bytes (1 switches on core 0) [pid: 8|app: 0|req: 789/1559] 10.0.0.133 () {32 vars in 673 bytes} [Mon Apr 27 18:00:40 2026] GET /v2.0/security-group-rules => generated 4138 bytes in 70 msecs (HTTP/1.1 200) 4 headers in 158 bytes (1 switches on core 0)
2026-04-27 18:00:40.201 7 INFO neutron.db.ovn_revision_numbers_db [None req-bd9038b9-9fc8-4567-a740-d32f8a62695e b64bd5c91fc14a8eae354a323bca0a71 88ef6715ecbf4d53b89e9424d22864b9 - - default default] Successfully bumped revision number for resource a50818d3-ea26-47db-9c5d-2c33eb3072e0 (type: security_group_rules) to 0 [pid: 7|app: 0|req: 771/1560] 10.0.0.133 () {34 vars in 695 bytes} [Mon Apr 27 18:00:40 2026] POST /v2.0/security-group-rules => generated 596 bytes in 166 msecs (HTTP/1.1 201) 4 headers in 162 bytes (1 switches on core 0) [pid: 8|app: 0|req: 790/1561] 10.0.0.133 () {32 vars in 750 bytes} [Mon Apr 27 18:00:40 2026] DELETE /v2.0/security-group-rules/4c0feaa4-eff1-4a22-981a-5d61eee55267 => generated 0 bytes in 89 msecs (HTTP/1.1 204) 2 headers in 112 bytes (1 switches on core 0) [pid: 8|app: 0|req: 791/1562] 10.0.0.133 () {32 vars in 673 bytes} [Mon Apr 27 18:00:40 2026] GET /v2.0/security-group-rules => generated 3560 bytes in 54 msecs (HTTP/1.1 200) 4 headers in 158 bytes (1 switches on core 0)
2026-04-27 18:00:40.357 7 INFO neutron.db.ovn_revision_numbers_db [None req-11ddc791-fec6-4cd7-b6c6-6bc4ad6c5315 b64bd5c91fc14a8eae354a323bca0a71 88ef6715ecbf4d53b89e9424d22864b9 - - default default] Successfully bumped revision number for resource c012590b-665f-438c-9e1e-27f812e9e1b3 (type: security_group_rules) to 0
2026-04-27 18:00:40.383 8 INFO neutron.db.securitygroups_db [None req-58fd9a3a-2df8-4e23-b787-48bebdba392e d95b4cccdf59418dadb024ef419aa164 2c21ac2640594ec9b90e1ee6e74fa91c - - default default] Project 2c21ac2640594ec9b90e1ee6e74fa91c added a security group rule with legacy IPv6 ICMP protocol name icmp, ipv6-icmp should be used instead. It was automatically converted. [pid: 7|app: 0|req: 772/1563] 10.0.0.133 () {34 vars in 695 bytes} [Mon Apr 27 18:00:40 2026] POST /v2.0/security-group-rules => generated 602 bytes in 140 msecs (HTTP/1.1 201) 4 headers in 162 bytes (1 switches on core 0)
2026-04-27 18:00:40.447 8 INFO neutron.db.ovn_revision_numbers_db [None req-58fd9a3a-2df8-4e23-b787-48bebdba392e d95b4cccdf59418dadb024ef419aa164 2c21ac2640594ec9b90e1ee6e74fa91c - - default default] Successfully bumped revision number for resource 3bf8c23d-923d-43eb-af20-a11fc2179577 (type: security_group_rules) to 0 [pid: 8|app: 0|req: 792/1564] 10.0.0.133 () {34 vars in 695 bytes} [Mon Apr 27 18:00:40 2026] POST /v2.0/security-group-rules => generated 607 bytes in 129 msecs (HTTP/1.1 201) 4 headers in 162 bytes (1 switches on core 0)
2026-04-27 18:00:40.503 7 INFO neutron.db.ovn_revision_numbers_db [None req-db939d64-ce4f-44ef-9f98-fcdafbc98959 b64bd5c91fc14a8eae354a323bca0a71 88ef6715ecbf4d53b89e9424d22864b9 - - default default] Successfully bumped revision number for resource 9106126d-ac36-4e4c-a61d-0d55c1b14dd6 (type: security_group_rules) to 0 [pid: 8|app: 0|req: 793/1565] 10.0.0.133 () {32 vars in 747 bytes} [Mon Apr 27 18:00:40 2026] GET /v2.0/security-group-rules/3bf8c23d-923d-43eb-af20-a11fc2179577 => generated 607 bytes in 24 msecs (HTTP/1.1 200) 4 headers in 157 bytes (1 switches on core 0) [pid: 7|app: 0|req: 773/1566] 10.0.0.133 () {34 vars in 695 bytes} [Mon Apr 27 18:00:40 2026] POST /v2.0/security-group-rules => generated 601 bytes in 145 msecs (HTTP/1.1 201) 4 headers in 162 bytes (1 switches on core 0) [pid: 8|app: 0|req: 794/1567] 10.0.0.133 () {32 vars in 673 bytes} [Mon Apr 27 18:00:40 2026] GET /v2.0/security-group-rules => generated 4144 bytes in 65 msecs (HTTP/1.1 200) 4 headers in 158 bytes (1 switches on core 0)
2026-04-27 18:00:40.585 7 INFO neutron.db.securitygroups_db [None req-900ae68d-931a-4eea-ac79-b3b1fb07b477 b64bd5c91fc14a8eae354a323bca0a71 88ef6715ecbf4d53b89e9424d22864b9 - - default default] Project 88ef6715ecbf4d53b89e9424d22864b9 added a security group rule with legacy IPv6 ICMP protocol name icmp, ipv6-icmp should be used instead. It was automatically converted.
2026-04-27 18:00:40.683 7 INFO neutron.db.ovn_revision_numbers_db [None req-900ae68d-931a-4eea-ac79-b3b1fb07b477 b64bd5c91fc14a8eae354a323bca0a71 88ef6715ecbf4d53b89e9424d22864b9 - - default default] Successfully bumped revision number for resource 8dad4a77-fa9e-4749-9927-b01b6b1c128e (type: security_group_rules) to 0 [pid: 8|app: 0|req: 795/1568] 10.0.0.133 () {32 vars in 750 bytes} [Mon Apr 27 18:00:40 2026] DELETE /v2.0/security-group-rules/3bf8c23d-923d-43eb-af20-a11fc2179577 => generated 0 bytes in 121 msecs (HTTP/1.1 204) 2 headers in 112 bytes (1 switches on core 0)
2026-04-27 18:00:40.726 7 WARNING neutron.plugins.ml2.drivers.ovn.mech_driver.ovsdb.ovn_client [None req-e14dc4da-e4fd-485e-b358-fd9372f4169f - - - - - -] No hosting information found for port 283b8a15-6feb-4fcc-9005-e693d3e50cd8: RuntimeError: No hosting information found for port 283b8a15-6feb-4fcc-9005-e693d3e50cd8 [pid: 7|app: 0|req: 774/1569] 10.0.0.133 () {34 vars in 695 bytes} [Mon Apr 27 18:00:40 2026] POST /v2.0/security-group-rules => generated 607 bytes in 214 msecs (HTTP/1.1 201) 4 headers in 162 bytes (1 switches on core 0) [pid: 8|app: 0|req: 796/1570] 10.0.0.133 () {32 vars in 673 bytes} [Mon Apr 27 18:00:40 2026] GET /v2.0/security-group-rules => generated 3560 bytes in 57 msecs (HTTP/1.1 200) 4 headers in 158 bytes (1 switches on core 0)
2026-04-27 18:00:40.788 7 INFO neutron.common.ovn.utils [None req-e14dc4da-e4fd-485e-b358-fd9372f4169f - - - - - -] HA Chassis Group neutron-77b2267d-cb53-4b56-be68-365c6b2a7820 synchronized; highest priority chassis 309c06fc-f4d2-4df1-bc57-cbc8897a3063
