2026-04-27 17:20:31.487 7 INFO neutron.api.extensions [None req-a4affd09-beb0-4e16-b5d9-958020fea964 - - - - - -] Loaded extension: standard-attr-tag
2026-04-27 17:20:31.487 8 INFO neutron.api.extensions [None req-af8550bf-73df-4ba4-94e2-824ea13d31dc - - - - - -] Loaded extension: net-mtu-writable
2026-04-27 17:20:31.488 7 INFO neutron.api.extensions [None req-a4affd09-beb0-4e16-b5d9-958020fea964 - - - - - -] Loaded extension: standard-attr-timestamp
2026-04-27 17:20:31.488 8 INFO neutron.api.extensions [None req-af8550bf-73df-4ba4-94e2-824ea13d31dc - - - - - -] Loaded extension: network_availability_zone
2026-04-27 17:20:31.489 7 INFO neutron.api.extensions [None req-a4affd09-beb0-4e16-b5d9-958020fea964 - - - - - -] Loaded extension: trunk
2026-04-27 17:20:31.488 8 INFO neutron.api.extensions [None req-af8550bf-73df-4ba4-94e2-824ea13d31dc - - - - - -] Extension network_ha not supported by any of loaded plugins
2026-04-27 17:20:31.489 7 INFO neutron.api.extensions [None req-a4affd09-beb0-4e16-b5d9-958020fea964 - - - - - -] Loaded extension: trunk-details
2026-04-27 17:20:31.489 8 INFO neutron.api.extensions [None req-af8550bf-73df-4ba4-94e2-824ea13d31dc - - - - - -] Loaded extension: network-ip-availability
2026-04-27 17:20:31.490 7 INFO neutron.api.extensions [None req-a4affd09-beb0-4e16-b5d9-958020fea964 - - - - - -] Extension uplink-status-propagation not supported by any of loaded plugins
2026-04-27 17:20:31.490 7 INFO neutron.api.extensions [None req-a4affd09-beb0-4e16-b5d9-958020fea964 - - - - - -] Extension uplink-status-propagation-updatable not supported by any of loaded plugins
2026-04-27 17:20:31.490 8 INFO neutron.api.extensions [None req-af8550bf-73df-4ba4-94e2-824ea13d31dc - - - - - -] Loaded extension: network-ip-availability-details
2026-04-27 17:20:31.491 7 INFO neutron.api.extensions [None req-a4affd09-beb0-4e16-b5d9-958020fea964 - - - - - -] Loaded extension: vlan-transparent
2026-04-27 17:20:31.491 7 INFO neutron.api.extensions [None req-a4affd09-beb0-4e16-b5d9-958020fea964 - - - - - -] Loaded extension: vpn-aes-ctr
2026-04-27 17:20:31.492 8 INFO neutron.api.extensions [None req-af8550bf-73df-4ba4-94e2-824ea13d31dc - - - - - -] Extension network-segment-range not supported by any of loaded plugins
2026-04-27 17:20:31.492 8 INFO neutron.api.extensions [None req-af8550bf-73df-4ba4-94e2-824ea13d31dc - - - - - -] Loaded extension: pagination
2026-04-27 17:20:31.493 8 INFO neutron.api.extensions [None req-af8550bf-73df-4ba4-94e2-824ea13d31dc - - - - - -] Loaded extension: port-device-profile
2026-04-27 17:20:31.493 7 INFO neutron.api.extensions [None req-a4affd09-beb0-4e16-b5d9-958020fea964 - - - - - -] Loaded extension: vpn-agent-scheduler
2026-04-27 17:20:31.493 8 INFO neutron.api.extensions [None req-af8550bf-73df-4ba4-94e2-824ea13d31dc - - - - - -] Extension port-hardware-offload-type not supported by any of loaded plugins
2026-04-27 17:20:31.494 7 INFO neutron.api.extensions [None req-a4affd09-beb0-4e16-b5d9-958020fea964 - - - - - -] Loaded extension: vpn-endpoint-groups
2026-04-27 17:20:31.494 8 INFO neutron.api.extensions [None req-af8550bf-73df-4ba4-94e2-824ea13d31dc - - - - - -] Extension port-hint-ovs-tx-steering not supported by any of loaded plugins
2026-04-27 17:20:31.494 8 INFO neutron.api.extensions [None req-af8550bf-73df-4ba4-94e2-824ea13d31dc - - - - - -] Extension port-hints not supported by any of loaded plugins
2026-04-27 17:20:31.495 7 INFO neutron.api.extensions [None req-a4affd09-beb0-4e16-b5d9-958020fea964 - - - - - -] Loaded extension: vpn-flavors
2026-04-27 17:20:31.495 8 INFO neutron.api.extensions [None req-af8550bf-73df-4ba4-94e2-824ea13d31dc - - - - - -] Extension port-mac-override not supported by any of loaded plugins
2026-04-27 17:20:31.496 8 INFO neutron.api.extensions [None req-af8550bf-73df-4ba4-94e2-824ea13d31dc - - - - - -] Loaded extension: port-mac-address-regenerate
2026-04-27 17:20:31.496 8 INFO neutron.api.extensions [None req-af8550bf-73df-4ba4-94e2-824ea13d31dc - - - - - -] Loaded extension: port-numa-affinity-policy
2026-04-27 17:20:31.496 7 INFO neutron.api.extensions [None req-a4affd09-beb0-4e16-b5d9-958020fea964 - - - - - -] Loaded extension: vpnaas
2026-04-27 17:20:31.496 8 INFO neutron.api.extensions [None req-af8550bf-73df-4ba4-94e2-824ea13d31dc - - - - - -] Loaded extension: port-numa-affinity-policy-socket
2026-04-27 17:20:31.497 8 INFO neutron.api.extensions [None req-af8550bf-73df-4ba4-94e2-824ea13d31dc - - - - - -] Loaded extension: port-resource-request
2026-04-27 17:20:31.497 7 INFO neutron.api.extensions [None req-a4affd09-beb0-4e16-b5d9-958020fea964 - - - - - -] Loaded extension: taas
2026-04-27 17:20:31.498 8 INFO neutron.api.extensions [None req-af8550bf-73df-4ba4-94e2-824ea13d31dc - - - - - -] Loaded extension: port-resource-request-groups
2026-04-27 17:20:31.498 8 INFO neutron.api.extensions [None req-af8550bf-73df-4ba4-94e2-824ea13d31dc - - - - - -] Extension port-trusted-vif not supported by any of loaded plugins
2026-04-27 17:20:31.498 7 INFO neutron.api.extensions [None req-a4affd09-beb0-4e16-b5d9-958020fea964 - - - - - -] Loaded extension: tap-mirror
2026-04-27 17:20:31.499 8 INFO neutron.api.extensions [None req-af8550bf-73df-4ba4-94e2-824ea13d31dc - - - - - -] Loaded extension: binding
2026-04-27 17:20:31.499 7 INFO neutron.api.extensions [None req-a4affd09-beb0-4e16-b5d9-958020fea964 - - - - - -] Loaded extension: tap-mirror-both-direction
2026-04-27 17:20:31.499 8 INFO neutron.api.extensions [None req-af8550bf-73df-4ba4-94e2-824ea13d31dc - - - - - -] Loaded extension: binding-extended
2026-04-27 17:20:31.500 7 INFO neutron.api.extensions [None req-a4affd09-beb0-4e16-b5d9-958020fea964 - - - - - -] Loaded extension: taas-vlan-filter
2026-04-27 17:20:31.500 8 INFO neutron.api.extensions [None req-af8550bf-73df-4ba4-94e2-824ea13d31dc - - - - - -] Loaded extension: port-security
2026-04-27 17:20:31.500 8 INFO neutron.api.extensions [None req-af8550bf-73df-4ba4-94e2-824ea13d31dc - - - - - -] Loaded extension: project-id
2026-04-27 17:20:31.501 8 INFO neutron.api.extensions [None req-af8550bf-73df-4ba4-94e2-824ea13d31dc - - - - - -] Loaded extension: provider
2026-04-27 17:20:31.502 8 INFO neutron.api.extensions [None req-af8550bf-73df-4ba4-94e2-824ea13d31dc - - - - - -] Loaded extension: qinq
2026-04-27 17:20:31.502 7 INFO neutron.quota.resource_registry [None req-a4affd09-beb0-4e16-b5d9-958020fea964 - - - - - -] Creating instance of TrackedResource for resource:network
2026-04-27 17:20:31.502 7 INFO neutron.quota.resource_registry [None req-a4affd09-beb0-4e16-b5d9-958020fea964 - - - - - -] Creating instance of TrackedResource for resource:subnet
2026-04-27 17:20:31.502 7 INFO neutron.quota.resource_registry [None req-a4affd09-beb0-4e16-b5d9-958020fea964 - - - - - -] Creating instance of TrackedResource for resource:subnetpool
2026-04-27 17:20:31.502 7 INFO neutron.quota.resource_registry [None req-a4affd09-beb0-4e16-b5d9-958020fea964 - - - - - -] Creating instance of TrackedResource for resource:port
2026-04-27 17:20:31.504 8 INFO neutron.api.extensions [None req-af8550bf-73df-4ba4-94e2-824ea13d31dc - - - - - -] Loaded extension: qos
2026-04-27 17:20:31.504 8 INFO neutron.api.extensions [None req-af8550bf-73df-4ba4-94e2-824ea13d31dc - - - - - -] Loaded extension: qos-bw-limit-direction
2026-04-27 17:20:31.505 8 INFO neutron.api.extensions [None req-af8550bf-73df-4ba4-94e2-824ea13d31dc - - - - - -] Loaded extension: qos-bw-minimum-ingress
2026-04-27 17:20:31.506 8 INFO neutron.api.extensions [None req-af8550bf-73df-4ba4-94e2-824ea13d31dc - - - - - -] Loaded extension: qos-default
2026-04-27 17:20:31.506 7 INFO neutron.quota.resource_registry [None req-a4affd09-beb0-4e16-b5d9-958020fea964 - - - - - -] Creating instance of TrackedResource for resource:router
2026-04-27 17:20:31.506 7 INFO neutron.quota.resource_registry [None req-a4affd09-beb0-4e16-b5d9-958020fea964 - - - - - -] Creating instance of TrackedResource for resource:floatingip
2026-04-27 17:20:31.506 8 INFO neutron.api.extensions [None req-af8550bf-73df-4ba4-94e2-824ea13d31dc - - - - - -] Loaded extension: qos-fip
2026-04-27 17:20:31.507 8 INFO neutron.api.extensions [None req-af8550bf-73df-4ba4-94e2-824ea13d31dc - - - - - -] Extension qos-fip-network-policy not supported by any of loaded plugins
2026-04-27 17:20:31.507 8 INFO neutron.api.extensions [None req-af8550bf-73df-4ba4-94e2-824ea13d31dc - - - - - -] Loaded extension: qos-gateway-ip
2026-04-27 17:20:31.508 8 INFO neutron.api.extensions [None req-af8550bf-73df-4ba4-94e2-824ea13d31dc - - - - - -] Loaded extension: qos-port-network-policy
2026-04-27 17:20:31.508 8 INFO neutron.api.extensions [None req-af8550bf-73df-4ba4-94e2-824ea13d31dc - - - - - -] Loaded extension: qos-pps-minimum
2026-04-27 17:20:31.509 8 INFO neutron.api.extensions [None req-af8550bf-73df-4ba4-94e2-824ea13d31dc - - - - - -] Loaded extension: qos-pps-minimum-rule-alias
2026-04-27 17:20:31.510 8 INFO neutron.api.extensions [None req-af8550bf-73df-4ba4-94e2-824ea13d31dc - - - - - -] Loaded extension: qos-pps
2026-04-27 17:20:31.510 8 INFO neutron.api.extensions [None req-af8550bf-73df-4ba4-94e2-824ea13d31dc - - - - - -] Loaded extension: qos-rule-type-details
2026-04-27 17:20:31.511 8 INFO neutron.api.extensions [None req-af8550bf-73df-4ba4-94e2-824ea13d31dc - - - - - -] Loaded extension: qos-rule-type-filter
2026-04-27 17:20:31.511 8 INFO neutron.api.extensions [None req-af8550bf-73df-4ba4-94e2-824ea13d31dc - - - - - -] Loaded extension: qos-rules-alias
2026-04-27 17:20:31.511 7 INFO neutron.quota.resource_registry [None req-a4affd09-beb0-4e16-b5d9-958020fea964 - - - - - -] Creating instance of CountableResource for resource:rbac_policy
2026-04-27 17:20:31.512 8 INFO neutron.api.extensions [None req-af8550bf-73df-4ba4-94e2-824ea13d31dc - - - - - -] Loaded extension: quota-check-limit
2026-04-27 17:20:31.512 7 INFO neutron.quota.resource_registry [None req-a4affd09-beb0-4e16-b5d9-958020fea964 - - - - - -] Creating instance of TrackedResource for resource:security_group
2026-04-27 17:20:31.512 7 INFO neutron.quota.resource_registry [None req-a4affd09-beb0-4e16-b5d9-958020fea964 - - - - - -] Creating instance of TrackedResource for resource:security_group_rule
2026-04-27 17:20:31.512 8 INFO neutron.api.extensions [None req-af8550bf-73df-4ba4-94e2-824ea13d31dc - - - - - -] Loaded extension: quota-check-limit-default
2026-04-27 17:20:31.513 7 INFO neutron.quota.resource_registry [None req-a4affd09-beb0-4e16-b5d9-958020fea964 - - - - - -] Creating instance of TrackedResource for resource:subnetpool
2026-04-27 17:20:31.513 7 WARNING neutron.quota.resource_registry [None req-a4affd09-beb0-4e16-b5d9-958020fea964 - - - - - -] subnetpool is already registered
2026-04-27 17:20:31.514 7 INFO neutron.quota.resource_registry [None req-a4affd09-beb0-4e16-b5d9-958020fea964 - - - - - -] Creating instance of CountableResource for resource:trunk
2026-04-27 17:20:31.514 7 INFO neutron.quota.resource_registry [None req-a4affd09-beb0-4e16-b5d9-958020fea964 - - - - - -] Creating instance of CountableResource for resource:ikepolicy
2026-04-27 17:20:31.515 8 INFO neutron.api.extensions [None req-af8550bf-73df-4ba4-94e2-824ea13d31dc - - - - - -] Loaded extension: quotas
2026-04-27 17:20:31.515 7 INFO neutron.quota.resource_registry [None req-a4affd09-beb0-4e16-b5d9-958020fea964 - - - - - -] Creating instance of CountableResource for resource:ipsecpolicy
2026-04-27 17:20:31.515 7 INFO neutron.quota.resource_registry [None req-a4affd09-beb0-4e16-b5d9-958020fea964 - - - - - -] Creating instance of CountableResource for resource:endpoint_group
2026-04-27 17:20:31.515 7 INFO neutron.quota.resource_registry [None req-a4affd09-beb0-4e16-b5d9-958020fea964 - - - - - -] Creating instance of CountableResource for resource:vpnservice
2026-04-27 17:20:31.516 8 INFO neutron.api.extensions [None req-af8550bf-73df-4ba4-94e2-824ea13d31dc - - - - - -] Loaded extension: quota_details
2026-04-27 17:20:31.516 7 INFO neutron.quota.resource_registry [None req-a4affd09-beb0-4e16-b5d9-958020fea964 - - - - - -] Creating instance of CountableResource for resource:ipsec_site_connection
2026-04-27 17:20:31.516 7 INFO neutron.quota.resource_registry [None req-a4affd09-beb0-4e16-b5d9-958020fea964 - - - - - -] Creating instance of CountableResource for resource:ipsecpolicy
2026-04-27 17:20:31.516 7 WARNING neutron.quota.resource_registry [None req-a4affd09-beb0-4e16-b5d9-958020fea964 - - - - - -] ipsecpolicy is already registered
2026-04-27 17:20:31.517 7 INFO neutron.quota.resource_registry [None req-a4affd09-beb0-4e16-b5d9-958020fea964 - - - - - -] Creating instance of CountableResource for resource:ikepolicy
2026-04-27 17:20:31.517 7 WARNING neutron.quota.resource_registry [None req-a4affd09-beb0-4e16-b5d9-958020fea964 - - - - - -] ikepolicy is already registered
2026-04-27 17:20:31.517 8 INFO neutron.api.extensions [None req-af8550bf-73df-4ba4-94e2-824ea13d31dc - - - - - -] Loaded extension: rbac-policies
2026-04-27 17:20:31.518 8 INFO neutron.api.extensions [None req-af8550bf-73df-4ba4-94e2-824ea13d31dc - - - - - -] Extension rbac-address-group not supported by any of loaded plugins
2026-04-27 17:20:31.518 8 INFO neutron.api.extensions [None req-af8550bf-73df-4ba4-94e2-824ea13d31dc - - - - - -] Loaded extension: rbac-address-scope
2026-04-27 17:20:31.519 8 INFO neutron.api.extensions [None req-af8550bf-73df-4ba4-94e2-824ea13d31dc - - - - - -] Loaded extension: rbac-security-groups
2026-04-27 17:20:31.519 8 INFO neutron.api.extensions [None req-af8550bf-73df-4ba4-94e2-824ea13d31dc - - - - - -] Extension rbac-subnetpool not supported by any of loaded plugins
2026-04-27 17:20:31.520 8 INFO neutron.api.extensions [None req-af8550bf-73df-4ba4-94e2-824ea13d31dc - - - - - -] Loaded extension: revision-if-match
2026-04-27 17:20:31.520 8 INFO neutron.api.extensions [None req-af8550bf-73df-4ba4-94e2-824ea13d31dc - - - - - -] Loaded extension: standard-attr-revisions
2026-04-27 17:20:31.521 8 INFO neutron.api.extensions [None req-af8550bf-73df-4ba4-94e2-824ea13d31dc - - - - - -] Loaded extension: router_availability_zone
2026-04-27 17:20:31.521 7 INFO neutron.quota.resource_registry [None req-a4affd09-beb0-4e16-b5d9-958020fea964 - - - - - -] Creating instance of TrackedResource for resource:router
2026-04-27 17:20:31.521 7 WARNING neutron.quota.resource_registry [None req-a4affd09-beb0-4e16-b5d9-958020fea964 - - - - - -] router is already registered
2026-04-27 17:20:31.521 8 INFO neutron.api.extensions [None req-af8550bf-73df-4ba4-94e2-824ea13d31dc - - - - - -] Loaded extension: router-enable-snat
2026-04-27 17:20:31.522 7 INFO neutron.quota.resource_registry [None req-a4affd09-beb0-4e16-b5d9-958020fea964 - - - - - -] Creating instance of TrackedResource for resource:floatingip
2026-04-27 17:20:31.522 7 WARNING neutron.quota.resource_registry [None req-a4affd09-beb0-4e16-b5d9-958020fea964 - - - - - -] floatingip is already registered
2026-04-27 17:20:31.522 8 INFO neutron.api.extensions [None req-af8550bf-73df-4ba4-94e2-824ea13d31dc - - - - - -] Extension router-service-type not supported by any of loaded plugins
2026-04-27 17:20:31.524 8 INFO neutron.api.extensions [None req-af8550bf-73df-4ba4-94e2-824ea13d31dc - - - - - -] Loaded extension: security-groups-default-rules
2026-04-27 17:20:31.524 8 INFO neutron.api.extensions [None req-af8550bf-73df-4ba4-94e2-824ea13d31dc - - - - - -] Loaded extension: security-groups-normalized-cidr
2026-04-27 17:20:31.525 8 INFO neutron.api.extensions [None req-af8550bf-73df-4ba4-94e2-824ea13d31dc - - - - - -] Extension port-security-groups-filtering not supported by any of loaded plugins
2026-04-27 17:20:31.525 8 INFO neutron.api.extensions [None req-af8550bf-73df-4ba4-94e2-824ea13d31dc - - - - - -] Loaded extension: security-groups-remote-address-group
2026-04-27 17:20:31.526 8 INFO neutron.api.extensions [None req-af8550bf-73df-4ba4-94e2-824ea13d31dc - - - - - -] Loaded extension: security-groups-rules-belongs-to-default-sg
2026-04-27 17:20:31.526 7 INFO neutron.quota.resource_registry [None req-a4affd09-beb0-4e16-b5d9-958020fea964 - - - - - -] Creating instance of CountableResource for resource:rbac_policy
2026-04-27 17:20:31.526 7 WARNING neutron.quota.resource_registry [None req-a4affd09-beb0-4e16-b5d9-958020fea964 - - - - - -] rbac_policy is already registered
2026-04-27 17:20:31.526 8 INFO neutron.api.extensions [None req-af8550bf-73df-4ba4-94e2-824ea13d31dc - - - - - -] Loaded extension: security-groups-shared-filtering
2026-04-27 17:20:31.527 7 INFO neutron.quota.resource_registry [None req-a4affd09-beb0-4e16-b5d9-958020fea964 - - - - - -] Creating instance of TrackedResource for resource:security_group
2026-04-27 17:20:31.527 7 WARNING neutron.quota.resource_registry [None req-a4affd09-beb0-4e16-b5d9-958020fea964 - - - - - -] security_group is already registered
2026-04-27 17:20:31.527 7 INFO neutron.quota.resource_registry [None req-a4affd09-beb0-4e16-b5d9-958020fea964 - - - - - -] Creating instance of TrackedResource for resource:security_group_rule
2026-04-27 17:20:31.527 7 WARNING neutron.quota.resource_registry [None req-a4affd09-beb0-4e16-b5d9-958020fea964 - - - - - -] security_group_rule is already registered
2026-04-27 17:20:31.528 7 INFO neutron.quota.resource_registry [None req-a4affd09-beb0-4e16-b5d9-958020fea964 - - - - - -] Creating instance of TrackedResource for resource:subnetpool
2026-04-27 17:20:31.528 7 WARNING neutron.quota.resource_registry [None req-a4affd09-beb0-4e16-b5d9-958020fea964 - - - - - -] subnetpool is already registered
2026-04-27 17:20:31.528 7 INFO neutron.quota.resource_registry [None req-a4affd09-beb0-4e16-b5d9-958020fea964 - - - - - -] Creating instance of CountableResource for resource:trunk
2026-04-27 17:20:31.529 7 WARNING neutron.quota.resource_registry [None req-a4affd09-beb0-4e16-b5d9-958020fea964 - - - - - -] trunk is already registered
2026-04-27 17:20:31.529 7 INFO neutron.quota.resource_registry [None req-a4affd09-beb0-4e16-b5d9-958020fea964 - - - - - -] Creating instance of CountableResource for resource:ikepolicy
2026-04-27 17:20:31.529 7 WARNING neutron.quota.resource_registry [None req-a4affd09-beb0-4e16-b5d9-958020fea964 - - - - - -] ikepolicy is already registered
2026-04-27 17:20:31.530 7 INFO neutron.quota.resource_registry [None req-a4affd09-beb0-4e16-b5d9-958020fea964 - - - - - -] Creating instance of CountableResource for resource:ipsecpolicy
2026-04-27 17:20:31.530 7 WARNING neutron.quota.resource_registry [None req-a4affd09-beb0-4e16-b5d9-958020fea964 - - - - - -] ipsecpolicy is already registered
2026-04-27 17:20:31.530 7 INFO neutron.quota.resource_registry [None req-a4affd09-beb0-4e16-b5d9-958020fea964 - - - - - -] Creating instance of CountableResource for resource:endpoint_group
2026-04-27 17:20:31.530 7 WARNING neutron.quota.resource_registry [None req-a4affd09-beb0-4e16-b5d9-958020fea964 - - - - - -] endpoint_group is already registered
2026-04-27 17:20:31.530 7 INFO neutron.quota.resource_registry [None req-a4affd09-beb0-4e16-b5d9-958020fea964 - - - - - -] Creating instance of CountableResource for resource:vpnservice
2026-04-27 17:20:31.531 7 WARNING neutron.quota.resource_registry [None req-a4affd09-beb0-4e16-b5d9-958020fea964 - - - - - -] vpnservice is already registered
2026-04-27 17:20:31.531 8 INFO neutron.api.extensions [None req-af8550bf-73df-4ba4-94e2-824ea13d31dc - - - - - -] Loaded extension: security-group
2026-04-27 17:20:31.531 7 INFO neutron.quota.resource_registry [None req-a4affd09-beb0-4e16-b5d9-958020fea964 - - - - - -] Creating instance of CountableResource for resource:ipsec_site_connection
2026-04-27 17:20:31.531 7 WARNING neutron.quota.resource_registry [None req-a4affd09-beb0-4e16-b5d9-958020fea964 - - - - - -] ipsec_site_connection is already registered
2026-04-27 17:20:31.531 7 INFO neutron.quota.resource_registry [None req-a4affd09-beb0-4e16-b5d9-958020fea964 - - - - - -] Creating instance of CountableResource for resource:ipsecpolicy
2026-04-27 17:20:31.532 7 WARNING neutron.quota.resource_registry [None req-a4affd09-beb0-4e16-b5d9-958020fea964 - - - - - -] ipsecpolicy is already registered
2026-04-27 17:20:31.532 7 INFO neutron.quota.resource_registry [None req-a4affd09-beb0-4e16-b5d9-958020fea964 - - - - - -] Creating instance of CountableResource for resource:ikepolicy
2026-04-27 17:20:31.532 7 WARNING neutron.quota.resource_registry [None req-a4affd09-beb0-4e16-b5d9-958020fea964 - - - - - -] ikepolicy is already registered
2026-04-27 17:20:31.532 8 INFO neutron.api.extensions [None req-af8550bf-73df-4ba4-94e2-824ea13d31dc - - - - - -] Loaded extension: segment
2026-04-27 17:20:31.533 8 INFO neutron.api.extensions [None req-af8550bf-73df-4ba4-94e2-824ea13d31dc - - - - - -] Loaded extension: segments-peer-subnet-host-routes
2026-04-27 17:20:31.533 8 INFO neutron.api.extensions [None req-af8550bf-73df-4ba4-94e2-824ea13d31dc - - - - - -] Loaded extension: service-type
2026-04-27 17:20:31.534 8 INFO neutron.api.extensions [None req-af8550bf-73df-4ba4-94e2-824ea13d31dc - - - - - -] Loaded extension: sorting
2026-04-27 17:20:31.534 8 INFO neutron.api.extensions [None req-af8550bf-73df-4ba4-94e2-824ea13d31dc - - - - - -] Loaded extension: standard-attr-segment
2026-04-27 17:20:31.535 8 INFO neutron.api.extensions [None req-af8550bf-73df-4ba4-94e2-824ea13d31dc - - - - - -] Loaded extension: standard-attr-description
2026-04-27 17:20:31.536 8 INFO neutron.api.extensions [None req-af8550bf-73df-4ba4-94e2-824ea13d31dc - - - - - -] Loaded extension: stateful-security-group
2026-04-27 17:20:31.536 8 WARNING neutron.api.extensions [None req-af8550bf-73df-4ba4-94e2-824ea13d31dc - - - - - -] Did not find expected name "Stdattrs_common" in /var/lib/openstack/lib/python3.12/site-packages/neutron/extensions/stdattrs_common.py
2026-04-27 17:20:31.537 8 INFO neutron.api.extensions [None req-af8550bf-73df-4ba4-94e2-824ea13d31dc - - - - - -] Loaded extension: subnet-dns-publish-fixed-ip
2026-04-27 17:20:31.537 8 INFO neutron.api.extensions [None req-af8550bf-73df-4ba4-94e2-824ea13d31dc - - - - - -] Loaded extension: subnet-external-network
2026-04-27 17:20:31.538 8 INFO neutron.api.extensions [None req-af8550bf-73df-4ba4-94e2-824ea13d31dc - - - - - -] Extension subnet_onboard not supported by any of loaded plugins
2026-04-27 17:20:31.538 8 INFO neutron.api.extensions [None req-af8550bf-73df-4ba4-94e2-824ea13d31dc - - - - - -] Loaded extension: subnet-segmentid-writable
2026-04-27 17:20:31.539 8 INFO neutron.api.extensions [None req-af8550bf-73df-4ba4-94e2-824ea13d31dc - - - - - -] Loaded extension: subnet-service-types
2026-04-27 17:20:31.539 8 INFO neutron.api.extensions [None req-af8550bf-73df-4ba4-94e2-824ea13d31dc - - - - - -] Loaded extension: subnet_allocation
2026-04-27 17:20:31.540 8 INFO neutron.api.extensions [None req-af8550bf-73df-4ba4-94e2-824ea13d31dc - - - - - -] Loaded extension: subnetpool-prefix-ops
2026-04-27 17:20:31.541 8 INFO neutron.api.extensions [None req-af8550bf-73df-4ba4-94e2-824ea13d31dc - - - - - -] Loaded extension: tag-creation
2026-04-27 17:20:31.541 8 INFO neutron.api.extensions [None req-af8550bf-73df-4ba4-94e2-824ea13d31dc - - - - - -] Extension tag-ports-during-bulk-creation not supported by any of loaded plugins
2026-04-27 17:20:31.545 8 INFO neutron.api.extensions [None req-af8550bf-73df-4ba4-94e2-824ea13d31dc - - - - - -] Loaded extension: standard-attr-tag
2026-04-27 17:20:31.546 8 INFO neutron.api.extensions [None req-af8550bf-73df-4ba4-94e2-824ea13d31dc - - - - - -] Loaded extension: standard-attr-timestamp
2026-04-27 17:20:31.547 8 INFO neutron.api.extensions [None req-af8550bf-73df-4ba4-94e2-824ea13d31dc - - - - - -] Loaded extension: trunk
2026-04-27 17:20:31.547 8 INFO neutron.api.extensions [None req-af8550bf-73df-4ba4-94e2-824ea13d31dc - - - - - -] Loaded extension: trunk-details
2026-04-27 17:20:31.548 8 INFO neutron.api.extensions [None req-af8550bf-73df-4ba4-94e2-824ea13d31dc - - - - - -] Extension uplink-status-propagation not supported by any of loaded plugins
2026-04-27 17:20:31.548 8 INFO neutron.api.extensions [None req-af8550bf-73df-4ba4-94e2-824ea13d31dc - - - - - -] Extension uplink-status-propagation-updatable not supported by any of loaded plugins
2026-04-27 17:20:31.549 8 INFO neutron.api.extensions [None req-af8550bf-73df-4ba4-94e2-824ea13d31dc - - - - - -] Loaded extension: vlan-transparent
2026-04-27 17:20:31.550 8 INFO neutron.api.extensions [None req-af8550bf-73df-4ba4-94e2-824ea13d31dc - - - - - -] Loaded extension: vpn-aes-ctr
2026-04-27 17:20:31.552 8 INFO neutron.api.extensions [None req-af8550bf-73df-4ba4-94e2-824ea13d31dc - - - - - -] Loaded extension: vpn-agent-scheduler
2026-04-27 17:20:31.552 8 INFO neutron.api.extensions [None req-af8550bf-73df-4ba4-94e2-824ea13d31dc - - - - - -] Loaded extension: vpn-endpoint-groups
2026-04-27 17:20:31.553 8 INFO neutron.api.extensions [None req-af8550bf-73df-4ba4-94e2-824ea13d31dc - - - - - -] Loaded extension: vpn-flavors
2026-04-27 17:20:31.555 8 INFO neutron.api.extensions [None req-af8550bf-73df-4ba4-94e2-824ea13d31dc - - - - - -] Loaded extension: vpnaas
2026-04-27 17:20:31.556 8 INFO neutron.api.extensions [None req-af8550bf-73df-4ba4-94e2-824ea13d31dc - - - - - -] Loaded extension: taas
2026-04-27 17:20:31.557 8 INFO neutron.api.extensions [None req-af8550bf-73df-4ba4-94e2-824ea13d31dc - - - - - -] Loaded extension: tap-mirror
2026-04-27 17:20:31.558 8 INFO neutron.api.extensions [None req-af8550bf-73df-4ba4-94e2-824ea13d31dc - - - - - -] Loaded extension: tap-mirror-both-direction
2026-04-27 17:20:31.558 8 INFO neutron.api.extensions [None req-af8550bf-73df-4ba4-94e2-824ea13d31dc - - - - - -] Loaded extension: taas-vlan-filter
2026-04-27 17:20:31.561 8 INFO neutron.quota.resource_registry [None req-af8550bf-73df-4ba4-94e2-824ea13d31dc - - - - - -] Creating instance of TrackedResource for resource:network
2026-04-27 17:20:31.561 8 INFO neutron.quota.resource_registry [None req-af8550bf-73df-4ba4-94e2-824ea13d31dc - - - - - -] Creating instance of TrackedResource for resource:subnet
2026-04-27 17:20:31.561 8 INFO neutron.quota.resource_registry [None req-af8550bf-73df-4ba4-94e2-824ea13d31dc - - - - - -] Creating instance of TrackedResource for resource:subnetpool
2026-04-27 17:20:31.561 8 INFO neutron.quota.resource_registry [None req-af8550bf-73df-4ba4-94e2-824ea13d31dc - - - - - -] Creating instance of TrackedResource for resource:port
2026-04-27 17:20:31.565 8 INFO neutron.quota.resource_registry [None req-af8550bf-73df-4ba4-94e2-824ea13d31dc - - - - - -] Creating instance of TrackedResource for resource:router
2026-04-27 17:20:31.565 8 INFO neutron.quota.resource_registry [None req-af8550bf-73df-4ba4-94e2-824ea13d31dc - - - - - -] Creating instance of TrackedResource for resource:floatingip
2026-04-27 17:20:31.569 7 WARNING keystonemiddleware._common.config [None req-a4affd09-beb0-4e16-b5d9-958020fea964 - - - - - -] The option "audit_map_file" is not known to keystonemiddleware
2026-04-27 17:20:31.571 8 INFO neutron.quota.resource_registry [None req-af8550bf-73df-4ba4-94e2-824ea13d31dc - - - - - -] Creating instance of CountableResource for resource:rbac_policy
2026-04-27 17:20:31.571 8 INFO neutron.quota.resource_registry [None req-af8550bf-73df-4ba4-94e2-824ea13d31dc - - - - - -] Creating instance of TrackedResource for resource:security_group
2026-04-27 17:20:31.572 8 INFO neutron.quota.resource_registry [None req-af8550bf-73df-4ba4-94e2-824ea13d31dc - - - - - -] Creating instance of TrackedResource for resource:security_group_rule
2026-04-27 17:20:31.573 8 INFO neutron.quota.resource_registry [None req-af8550bf-73df-4ba4-94e2-824ea13d31dc - - - - - -] Creating instance of TrackedResource for resource:subnetpool
2026-04-27 17:20:31.573 8 WARNING neutron.quota.resource_registry [None req-af8550bf-73df-4ba4-94e2-824ea13d31dc - - - - - -] subnetpool is already registered
2026-04-27 17:20:31.573 8 INFO neutron.quota.resource_registry [None req-af8550bf-73df-4ba4-94e2-824ea13d31dc - - - - - -] Creating instance of CountableResource for resource:trunk
2026-04-27 17:20:31.574 8 INFO neutron.quota.resource_registry [None req-af8550bf-73df-4ba4-94e2-824ea13d31dc - - - - - -] Creating instance of CountableResource for resource:ikepolicy
2026-04-27 17:20:31.574 8 INFO neutron.quota.resource_registry [None req-af8550bf-73df-4ba4-94e2-824ea13d31dc - - - - - -] Creating instance of CountableResource for resource:ipsecpolicy
2026-04-27 17:20:31.575 8 INFO neutron.quota.resource_registry [None req-af8550bf-73df-4ba4-94e2-824ea13d31dc - - - - - -] Creating instance of CountableResource for resource:endpoint_group
2026-04-27 17:20:31.575 8 INFO neutron.quota.resource_registry [None req-af8550bf-73df-4ba4-94e2-824ea13d31dc - - - - - -] Creating instance of CountableResource for resource:vpnservice
2026-04-27 17:20:31.575 8 INFO neutron.quota.resource_registry [None req-af8550bf-73df-4ba4-94e2-824ea13d31dc - - - - - -] Creating instance of CountableResource for resource:ipsec_site_connection
2026-04-27 17:20:31.576 7 WARNING oslo_config.cfg [None req-a4affd09-beb0-4e16-b5d9-958020fea964 - - - - - -] Deprecated: Option "auth_uri" from group "keystone_authtoken" is deprecated. Use option "www_authenticate_uri" from group "keystone_authtoken".
2026-04-27 17:20:31.576 8 INFO neutron.quota.resource_registry [None req-af8550bf-73df-4ba4-94e2-824ea13d31dc - - - - - -] Creating instance of CountableResource for resource:ipsecpolicy
2026-04-27 17:20:31.576 8 WARNING neutron.quota.resource_registry [None req-af8550bf-73df-4ba4-94e2-824ea13d31dc - - - - - -] ipsecpolicy is already registered
2026-04-27 17:20:31.576 8 INFO neutron.quota.resource_registry [None req-af8550bf-73df-4ba4-94e2-824ea13d31dc - - - - - -] Creating instance of CountableResource for resource:ikepolicy
2026-04-27 17:20:31.577 8 WARNING neutron.quota.resource_registry [None req-af8550bf-73df-4ba4-94e2-824ea13d31dc - - - - - -] ikepolicy is already registered
2026-04-27 17:20:31.581 8 INFO neutron.quota.resource_registry [None req-af8550bf-73df-4ba4-94e2-824ea13d31dc - - - - - -] Creating instance of TrackedResource for resource:router
2026-04-27 17:20:31.581 8 WARNING neutron.quota.resource_registry [None req-af8550bf-73df-4ba4-94e2-824ea13d31dc - - - - - -] router is already registered
2026-04-27 17:20:31.582 8 INFO neutron.quota.resource_registry [None req-af8550bf-73df-4ba4-94e2-824ea13d31dc - - - - - -] Creating instance of TrackedResource for resource:floatingip
2026-04-27 17:20:31.582 8 WARNING neutron.quota.resource_registry [None req-af8550bf-73df-4ba4-94e2-824ea13d31dc - - - - - -] floatingip is already registered
2026-04-27 17:20:31.586 8 INFO neutron.quota.resource_registry [None req-af8550bf-73df-4ba4-94e2-824ea13d31dc - - - - - -] Creating instance of CountableResource for resource:rbac_policy
2026-04-27 17:20:31.586 8 WARNING neutron.quota.resource_registry [None req-af8550bf-73df-4ba4-94e2-824ea13d31dc - - - - - -] rbac_policy is already registered
2026-04-27 17:20:31.587 8 INFO neutron.quota.resource_registry [None req-af8550bf-73df-4ba4-94e2-824ea13d31dc - - - - - -] Creating instance of TrackedResource for resource:security_group
2026-04-27 17:20:31.587 8 WARNING neutron.quota.resource_registry [None req-af8550bf-73df-4ba4-94e2-824ea13d31dc - - - - - -] security_group is already registered
2026-04-27 17:20:31.587 8 INFO neutron.quota.resource_registry [None req-af8550bf-73df-4ba4-94e2-824ea13d31dc - - - - - -] Creating instance of TrackedResource for resource:security_group_rule
2026-04-27 17:20:31.588 8 WARNING neutron.quota.resource_registry [None req-af8550bf-73df-4ba4-94e2-824ea13d31dc - - - - - -] security_group_rule is already registered
2026-04-27 17:20:31.588 8 INFO neutron.quota.resource_registry [None req-af8550bf-73df-4ba4-94e2-824ea13d31dc - - - - - -] Creating instance of TrackedResource for resource:subnetpool
2026-04-27 17:20:31.589 8 WARNING neutron.quota.resource_registry [None req-af8550bf-73df-4ba4-94e2-824ea13d31dc - - - - - -] subnetpool is already registered
2026-04-27 17:20:31.589 8 INFO neutron.quota.resource_registry [None req-af8550bf-73df-4ba4-94e2-824ea13d31dc - - - - - -] Creating instance of CountableResource for resource:trunk
2026-04-27 17:20:31.589 8 WARNING neutron.quota.resource_registry [None req-af8550bf-73df-4ba4-94e2-824ea13d31dc - - - - - -] trunk is already registered
2026-04-27 17:20:31.590 8 INFO neutron.quota.resource_registry [None req-af8550bf-73df-4ba4-94e2-824ea13d31dc - - - - - -] Creating instance of CountableResource for resource:ikepolicy
2026-04-27 17:20:31.590 8 WARNING neutron.quota.resource_registry [None req-af8550bf-73df-4ba4-94e2-824ea13d31dc - - - - - -] ikepolicy is already registered
2026-04-27 17:20:31.590 8 INFO neutron.quota.resource_registry [None req-af8550bf-73df-4ba4-94e2-824ea13d31dc - - - - - -] Creating instance of CountableResource for resource:ipsecpolicy
2026-04-27 17:20:31.591 8 WARNING neutron.quota.resource_registry [None req-af8550bf-73df-4ba4-94e2-824ea13d31dc - - - - - -] ipsecpolicy is already registered
2026-04-27 17:20:31.591 8 INFO neutron.quota.resource_registry [None req-af8550bf-73df-4ba4-94e2-824ea13d31dc - - - - - -] Creating instance of CountableResource for resource:endpoint_group
2026-04-27 17:20:31.591 8 WARNING neutron.quota.resource_registry [None req-af8550bf-73df-4ba4-94e2-824ea13d31dc - - - - - -] endpoint_group is already registered
2026-04-27 17:20:31.592 8 INFO neutron.quota.resource_registry [None req-af8550bf-73df-4ba4-94e2-824ea13d31dc - - - - - -] Creating instance of CountableResource for resource:vpnservice
2026-04-27 17:20:31.592 8 WARNING neutron.quota.resource_registry [None req-af8550bf-73df-4ba4-94e2-824ea13d31dc - - - - - -] vpnservice is already registered
2026-04-27 17:20:31.592 8 INFO neutron.quota.resource_registry [None req-af8550bf-73df-4ba4-94e2-824ea13d31dc - - - - - -] Creating instance of CountableResource for resource:ipsec_site_connection
2026-04-27 17:20:31.592 8 WARNING neutron.quota.resource_registry [None req-af8550bf-73df-4ba4-94e2-824ea13d31dc - - - - - -] ipsec_site_connection is already registered
2026-04-27 17:20:31.593 8 INFO neutron.quota.resource_registry [None req-af8550bf-73df-4ba4-94e2-824ea13d31dc - - - - - -] Creating instance of CountableResource for resource:ipsecpolicy
2026-04-27 17:20:31.593 8 WARNING neutron.quota.resource_registry [None req-af8550bf-73df-4ba4-94e2-824ea13d31dc - - - - - -] ipsecpolicy is already registered
2026-04-27 17:20:31.593 8 INFO neutron.quota.resource_registry [None req-af8550bf-73df-4ba4-94e2-824ea13d31dc - - - - - -] Creating instance of CountableResource for resource:ikepolicy
2026-04-27 17:20:31.594 8 WARNING neutron.quota.resource_registry [None req-af8550bf-73df-4ba4-94e2-824ea13d31dc - - - - - -] ikepolicy is already registered
2026-04-27 17:20:31.595 7 WARNING neutron.plugins.ml2.drivers.ovn.mech_driver.mech_driver [None req-a4affd09-beb0-4e16-b5d9-958020fea964 - - - - - -] uWSGI must provide a start time using the configuration parameter "start-time %t" in the configuration file
2026-04-27 17:20:31.611 7 INFO neutron.db.ovn_hash_ring_db [None req-a4affd09-beb0-4e16-b5d9-958020fea964 - - - - - -] Nodes from host "neutron-server-6bdfcbb9cf-lqmww" and group "mechanism_driver" removed from the Hash Ring created at
2026-04-27 17:20:31+00:00
2026-04-27 17:20:31.614 7 INFO neutron.db.ovn_hash_ring_db [None req-a4affd09-beb0-4e16-b5d9-958020fea964 - - - - - -] Node 4267817ce5955ff7bdb48a8060884096 from host "neutron-server-6bdfcbb9cf-lqmww" and group "mechanism_driver" added to the Hash Ring
2026-04-27 17:20:31.622 7 INFO neutron.plugins.ml2.drivers.ovn.mech_driver.mech_driver [None req-a4affd09-beb0-4e16-b5d9-958020fea964 - - - - - -] Hash Ring probing thread for node 4267817ce5955ff7bdb48a8060884096 has started
2026-04-27 17:20:31.623 7 INFO neutron.plugins.ml2.drivers.ovn.mech_driver.ovsdb.impl_idl_ovn [None req-a4affd09-beb0-4e16-b5d9-958020fea964 - - - - - -] Getting OvsdbNbOvnIdl for WorkerService with retry
2026-04-27 17:20:31.632 8 WARNING keystonemiddleware._common.config [None req-af8550bf-73df-4ba4-94e2-824ea13d31dc - - - - - -] The option "audit_map_file" is not known to keystonemiddleware
2026-04-27 17:20:31.639 8 WARNING oslo_config.cfg [None req-af8550bf-73df-4ba4-94e2-824ea13d31dc - - - - - -] Deprecated: Option "auth_uri" from group "keystone_authtoken" is deprecated. Use option "www_authenticate_uri" from group "keystone_authtoken".
2026-04-27 17:20:31.653 7 INFO ovsdbapp.backend.ovs_idl.vlog [None req-a4affd09-beb0-4e16-b5d9-958020fea964 - - - - - -] tcp:10.101.72.214:6641: connecting...
2026-04-27 17:20:31.653 7 INFO ovsdbapp.backend.ovs_idl.vlog [None req-a4affd09-beb0-4e16-b5d9-958020fea964 - - - - - -] tcp:10.101.72.214:6641: connected
2026-04-27 17:20:31.658 8 WARNING neutron.plugins.ml2.drivers.ovn.mech_driver.mech_driver [None req-af8550bf-73df-4ba4-94e2-824ea13d31dc - - - - - -] uWSGI must provide a start time using the configuration parameter "start-time %t" in the configuration file
2026-04-27 17:20:31.673 8 INFO neutron.db.ovn_hash_ring_db [None req-af8550bf-73df-4ba4-94e2-824ea13d31dc - - - - - -] Nodes from host "neutron-server-6bdfcbb9cf-lqmww" and group "mechanism_driver" removed from the Hash Ring created at
2026-04-27 17:20:31+00:00
2026-04-27 17:20:31.676 8 INFO neutron.db.ovn_hash_ring_db [None req-af8550bf-73df-4ba4-94e2-824ea13d31dc - - - - - -] Node 426cd1c68aa35a0f8cf2565c72f24385 from host "neutron-server-6bdfcbb9cf-lqmww" and group "mechanism_driver" added to the Hash Ring
2026-04-27 17:20:31.682 8 INFO neutron.plugins.ml2.drivers.ovn.mech_driver.mech_driver [None req-af8550bf-73df-4ba4-94e2-824ea13d31dc - - - - - -] Hash Ring probing thread for node 426cd1c68aa35a0f8cf2565c72f24385 has started
2026-04-27 17:20:31.683 8 INFO neutron.plugins.ml2.drivers.ovn.mech_driver.ovsdb.impl_idl_ovn [None req-af8550bf-73df-4ba4-94e2-824ea13d31dc - - - - - -] Getting OvsdbNbOvnIdl for WorkerService with retry
2026-04-27 17:20:31.690 7 INFO neutron.plugins.ml2.drivers.ovn.mech_driver.ovsdb.impl_idl_ovn [None req-a4affd09-beb0-4e16-b5d9-958020fea964 - - - - - -] Getting OvsdbSbOvnIdl for WorkerService with retry
2026-04-27 17:20:31.709 7 INFO ovsdbapp.backend.ovs_idl.vlog [None req-a4affd09-beb0-4e16-b5d9-958020fea964 - - - - - -] tcp:10.98.47.94:6642: connecting...
2026-04-27 17:20:31.710 7 INFO ovsdbapp.backend.ovs_idl.vlog [None req-a4affd09-beb0-4e16-b5d9-958020fea964 - - - - - -] tcp:10.98.47.94:6642: connected
2026-04-27 17:20:31.715 8 INFO ovsdbapp.backend.ovs_idl.vlog [None req-af8550bf-73df-4ba4-94e2-824ea13d31dc - - - - - -] tcp:10.101.72.214:6641: connecting...
2026-04-27 17:20:31.716 8 INFO ovsdbapp.backend.ovs_idl.vlog [None req-af8550bf-73df-4ba4-94e2-824ea13d31dc - - - - - -] tcp:10.101.72.214:6641: connected
2026-04-27 17:20:31.739 7 INFO neutron.plugins.ml2.drivers.ovn.mech_driver.mech_driver [None req-a4affd09-beb0-4e16-b5d9-958020fea964 - - - - - -] WorkerService process has finished the post initialization
2026-04-27 17:20:31.748 8 INFO neutron.plugins.ml2.drivers.ovn.mech_driver.ovsdb.impl_idl_ovn [None req-af8550bf-73df-4ba4-94e2-824ea13d31dc - - - - - -] Getting OvsdbSbOvnIdl for WorkerService with retry
2026-04-27 17:20:31.759 7 INFO ovsdbapp.backend.ovs_idl.vlog [None req-a4affd09-beb0-4e16-b5d9-958020fea964 - - - - - -] tcp:10.101.72.214:6641: connecting...
2026-04-27 17:20:31.759 7 INFO ovsdbapp.backend.ovs_idl.vlog [None req-a4affd09-beb0-4e16-b5d9-958020fea964 - - - - - -] tcp:10.101.72.214:6641: connected
2026-04-27 17:20:31.766 8 INFO ovsdbapp.backend.ovs_idl.vlog [None req-af8550bf-73df-4ba4-94e2-824ea13d31dc - - - - - -] tcp:10.98.47.94:6642: connecting...
2026-04-27 17:20:31.766 8 INFO ovsdbapp.backend.ovs_idl.vlog [None req-af8550bf-73df-4ba4-94e2-824ea13d31dc - - - - - -] tcp:10.98.47.94:6642: connected
2026-04-27 17:20:31.795 7 INFO ovsdbapp.backend.ovs_idl.vlog [None req-a4affd09-beb0-4e16-b5d9-958020fea964 - - - - - -] tcp:10.101.72.214:6641: connecting...
2026-04-27 17:20:31.796 8 INFO neutron.plugins.ml2.drivers.ovn.mech_driver.mech_driver [None req-af8550bf-73df-4ba4-94e2-824ea13d31dc - - - - - -] WorkerService process has finished the post initialization
2026-04-27 17:20:31.796 7 INFO ovsdbapp.backend.ovs_idl.vlog [None req-a4affd09-beb0-4e16-b5d9-958020fea964 - - - - - -] tcp:10.101.72.214:6641: connected
2026-04-27 17:20:31.796 8 INFO neutron.plugins.ml2.drivers.ovn.mech_driver.ovsdb.extensions.qos [-] Starting OVNClientQosExtension
2026-04-27 17:20:31.797 8 INFO neutron.plugins.ml2.drivers.ovn.mech_driver.ovsdb.extensions.placement [-] Starting OVNClientPlacementExtension WSGI app 0 (mountpoint='') ready in 10 seconds on interpreter 0x7f167417d668 pid: 7 (default app)
2026-04-27 17:20:31.818 8 INFO ovsdbapp.backend.ovs_idl.vlog [None req-af8550bf-73df-4ba4-94e2-824ea13d31dc - - - - - -] tcp:10.101.72.214:6641: connecting...
2026-04-27 17:20:31.818 8 INFO ovsdbapp.backend.ovs_idl.vlog [None req-af8550bf-73df-4ba4-94e2-824ea13d31dc - - - - - -] tcp:10.101.72.214:6641: connected
2026-04-27 17:20:31.859 8 INFO ovsdbapp.backend.ovs_idl.vlog [None req-af8550bf-73df-4ba4-94e2-824ea13d31dc - - - - - -] tcp:10.101.72.214:6641: connecting...
2026-04-27 17:20:31.859 8 INFO ovsdbapp.backend.ovs_idl.vlog [None req-af8550bf-73df-4ba4-94e2-824ea13d31dc - - - - - -] tcp:10.101.72.214:6641: connected WSGI app 0 (mountpoint='') ready in 10 seconds on interpreter 0x7f167417d668 pid: 8 (default app) /var/lib/openstack/lib/python3.12/site-packages/pycadf/identifier.py:70: UserWarning: Invalid uuid: unknown. To ensure interoperability, identifiers should be a valid uuid. warnings.warn(('Invalid uuid: %s. To ensure interoperability, '
2026-04-27 17:20:38.966 7 INFO neutron.pecan_wsgi.hooks.translation [None req-a78bd136-be05-4cf7-80bd-8a06381d617a 12a815a5d3864124aea979b2f98b3411 c03b2cf9ab034c1ab369d509a0e91980 - - default default] GET failed (client error): The resource could not be found. [pid: 7|app: 0|req: 4/5] 199.204.45.113 () {44 vars in 927 bytes} [Mon Apr 27 17:20:37 2026] GET /v2.0/networks/public => generated 108 bytes in 975 msecs (HTTP/1.1 404) 4 headers in 164 bytes (1 switches on core 0) /var/lib/openstack/lib/python3.12/site-packages/pycadf/identifier.py:70: UserWarning: Invalid uuid: unknown. To ensure interoperability, identifiers should be a valid uuid. warnings.warn(('Invalid uuid: %s. To ensure interoperability, ' [pid: 8|app: 0|req: 2/6] 199.204.45.113 () {44 vars in 949 bytes} [Mon Apr 27 17:20:38 2026] GET /v2.0/networks?name=public => generated 15 bytes in 372 msecs (HTTP/1.1 200) 4 headers in 156 bytes (1 switches on core 0)
2026-04-27 17:20:39.958 7 INFO neutron.plugins.ml2.drivers.ovn.mech_driver.ovsdb.extensions.qos [None req-e3cb5188-8ba7-413c-9561-8095368316fb 12a815a5d3864124aea979b2f98b3411 c03b2cf9ab034c1ab369d509a0e91980 - - default default] Starting OVNClientQosExtension
2026-04-27 17:20:39.959 7 INFO neutron.plugins.ml2.drivers.ovn.mech_driver.ovsdb.extensions.placement [None req-e3cb5188-8ba7-413c-9561-8095368316fb 12a815a5d3864124aea979b2f98b3411 c03b2cf9ab034c1ab369d509a0e91980 - - default default] Starting OVNClientPlacementExtension
2026-04-27 17:20:40.016 7 INFO neutron.db.ovn_revision_numbers_db [None req-e3cb5188-8ba7-413c-9561-8095368316fb 12a815a5d3864124aea979b2f98b3411 c03b2cf9ab034c1ab369d509a0e91980 - - default default] Successfully bumped revision number for resource 9f03f2d2-18f3-4812-a7ce-59e325605b58 (type: security_groups) to 1
2026-04-27 17:20:40.041 7 INFO neutron.db.ovn_revision_numbers_db [None req-e3cb5188-8ba7-413c-9561-8095368316fb 12a815a5d3864124aea979b2f98b3411 c03b2cf9ab034c1ab369d509a0e91980 - - default default] Successfully bumped revision number for resource 2ec87ed6-ae02-4b69-b1d1-de149c986902 (type: security_group_rules) to 0
2026-04-27 17:20:40.054 7 INFO neutron.db.ovn_revision_numbers_db [None req-e3cb5188-8ba7-413c-9561-8095368316fb 12a815a5d3864124aea979b2f98b3411 c03b2cf9ab034c1ab369d509a0e91980 - - default default] Successfully bumped revision number for resource 7d49e53f-51f0-4d97-b3ff-075f81139410 (type: security_group_rules) to 0
2026-04-27 17:20:40.064 7 INFO neutron.db.ovn_revision_numbers_db [None req-e3cb5188-8ba7-413c-9561-8095368316fb 12a815a5d3864124aea979b2f98b3411 c03b2cf9ab034c1ab369d509a0e91980 - - default default] Successfully bumped revision number for resource afff27ee-ebfe-4d04-a879-6a2856b9e292 (type: security_group_rules) to 0
2026-04-27 17:20:40.076 7 INFO neutron.db.ovn_revision_numbers_db [None req-e3cb5188-8ba7-413c-9561-8095368316fb 12a815a5d3864124aea979b2f98b3411 c03b2cf9ab034c1ab369d509a0e91980 - - default default] Successfully bumped revision number for resource d7286bfa-ffe7-4d10-ba17-3b1056433f40 (type: security_group_rules) to 0
2026-04-27 17:20:40.155 7 WARNING neutron.services.revisions.revision_plugin [None req-e3cb5188-8ba7-413c-9561-8095368316fb 12a815a5d3864124aea979b2f98b3411 c03b2cf9ab034c1ab369d509a0e91980 - - default default] Could not find related network for resource to bump revision.
2026-04-27 17:20:40.187 7 INFO neutron.db.segments_db [None req-e3cb5188-8ba7-413c-9561-8095368316fb 12a815a5d3864124aea979b2f98b3411 c03b2cf9ab034c1ab369d509a0e91980 - - default default] Added segment 28a3b427-cec7-468a-bccf-10687634e901 of type flat for network 7ff77e2e-d1a7-4165-bca7-823a159c4cf3
2026-04-27 17:20:40.334 7 INFO neutron.plugins.ml2.drivers.ovn.mech_driver.mech_driver [-] OVN reports status down for port: provnet-28a3b427-cec7-468a-bccf-10687634e901
2026-04-27 17:20:40.422 7 INFO neutron.db.ovn_revision_numbers_db [None req-e3cb5188-8ba7-413c-9561-8095368316fb 12a815a5d3864124aea979b2f98b3411 c03b2cf9ab034c1ab369d509a0e91980 - - default default] Successfully bumped revision number for resource 7ff77e2e-d1a7-4165-bca7-823a159c4cf3 (type: networks) to 1
2026-04-27 17:20:41.027 7 WARNING neutron.scheduler.dhcp_agent_scheduler [None req-e3cb5188-8ba7-413c-9561-8095368316fb 12a815a5d3864124aea979b2f98b3411 c03b2cf9ab034c1ab369d509a0e91980 - - default default] No more DHCP agents
2026-04-27 17:20:41.028 7 WARNING neutron.api.rpc.agentnotifiers.dhcp_rpc_agent_api [None req-e3cb5188-8ba7-413c-9561-8095368316fb 12a815a5d3864124aea979b2f98b3411 c03b2cf9ab034c1ab369d509a0e91980 - - default default] Unable to schedule network 7ff77e2e-d1a7-4165-bca7-823a159c4cf3: no agents available; will retry on subsequent port and subnet creation events.
2026-04-27 17:20:41.105 7 INFO neutron.plugins.ml2.drivers.ovn.mech_driver.mech_driver [None req-20cbbf66-da51-4fb8-bd8a-94852eb27e63 - - - - - -] OVN reports status down for port: e3558c27-b790-465e-989e-dcc2afb6ed13
2026-04-27 17:20:41.204 7 INFO neutron.db.ovn_revision_numbers_db [None req-e3cb5188-8ba7-413c-9561-8095368316fb 12a815a5d3864124aea979b2f98b3411 c03b2cf9ab034c1ab369d509a0e91980 - - default default] Successfully bumped revision number for resource e3558c27-b790-465e-989e-dcc2afb6ed13 (type: ports) to 1 [pid: 7|app: 0|req: 5/7] 199.204.45.113 () {48 vars in 967 bytes} [Mon Apr 27 17:20:39 2026] POST /v2.0/networks => generated 744 bytes in 1987 msecs (HTTP/1.1 201) 4 headers in 162 bytes (1 switches on core 0)
2026-04-27 17:20:42.741 8 INFO neutron.pecan_wsgi.hooks.translation [None req-c110ea83-1d5a-4b3f-98fe-2db9b1182fc8 12a815a5d3864124aea979b2f98b3411 c03b2cf9ab034c1ab369d509a0e91980 - - default default] GET failed (client error): The resource could not be found. [pid: 8|app: 0|req: 3/8] 199.204.45.113 () {44 vars in 927 bytes} [Mon Apr 27 17:20:42 2026] GET /v2.0/networks/public => generated 108 bytes in 421 msecs (HTTP/1.1 404) 4 headers in 164 bytes (1 switches on core 0) [pid: 7|app: 0|req: 6/9] 199.204.45.113 () {44 vars in 949 bytes} [Mon Apr 27 17:20:42 2026] GET /v2.0/networks?name=public => generated 753 bytes in 46 msecs (HTTP/1.1 200) 4 headers in 157 bytes (1 switches on core 0)
2026-04-27 17:20:42.871 8 INFO neutron.pecan_wsgi.hooks.translation [None req-a3a80c85-a6bc-482c-8296-9450e1a42a17 12a815a5d3864124aea979b2f98b3411 c03b2cf9ab034c1ab369d509a0e91980 - - default default] GET failed (client error): The resource could not be found. [pid: 8|app: 0|req: 4/10] 199.204.45.113 () {44 vars in 1034 bytes} [Mon Apr 27 17:20:42 2026] GET /v2.0/subnets/public-subnet?network_id=7ff77e2e-d1a7-4165-bca7-823a159c4cf3 => generated 113 bytes in 62 msecs (HTTP/1.1 404) 4 headers in 164 bytes (1 switches on core 0) [pid: 7|app: 0|req: 7/11] 199.204.45.113 () {44 vars in 1057 bytes} [Mon Apr 27 17:20:42 2026] GET /v2.0/subnets?name=public-subnet&network_id=7ff77e2e-d1a7-4165-bca7-823a159c4cf3 => generated 14 bytes in 25 msecs (HTTP/1.1 200) 4 headers in 156 bytes (1 switches on core 0)
2026-04-27 17:20:43.581 8 WARNING neutron.scheduler.dhcp_agent_scheduler [None req-81f52b32-5818-4848-aa1a-3ff00d08acb0 12a815a5d3864124aea979b2f98b3411 c03b2cf9ab034c1ab369d509a0e91980 - - default default] No more DHCP agents
2026-04-27 17:20:43.583 8 WARNING neutron.api.rpc.agentnotifiers.dhcp_rpc_agent_api [None req-81f52b32-5818-4848-aa1a-3ff00d08acb0 12a815a5d3864124aea979b2f98b3411 c03b2cf9ab034c1ab369d509a0e91980 - - default default] Unable to schedule network 7ff77e2e-d1a7-4165-bca7-823a159c4cf3: no agents available; will retry on subsequent port and subnet creation events.
2026-04-27 17:20:44.636 8 INFO neutron.db.ovn_revision_numbers_db [None req-81f52b32-5818-4848-aa1a-3ff00d08acb0 12a815a5d3864124aea979b2f98b3411 c03b2cf9ab034c1ab369d509a0e91980 - - default default] Successfully bumped revision number for resource e3558c27-b790-465e-989e-dcc2afb6ed13 (type: ports) to 2
