2026-04-27 17:59:51.895 7 INFO neutron.db.ovn_revision_numbers_db [None req-0a52e1d1-04a6-41b8-8420-0eed75e51361 12a815a5d3864124aea979b2f98b3411 c03b2cf9ab034c1ab369d509a0e91980 - - default default] Successfully bumped revision number for resource bedce66f-0c9a-441d-abb0-4e0889a685bc (type: security_group_rules) to 0
2026-04-27 17:59:51.904 7 INFO neutron.db.ovn_revision_numbers_db [None req-0a52e1d1-04a6-41b8-8420-0eed75e51361 12a815a5d3864124aea979b2f98b3411 c03b2cf9ab034c1ab369d509a0e91980 - - default default] Successfully bumped revision number for resource d139fd24-54d5-4090-9ea8-0ec6de5e3809 (type: security_group_rules) to 0
2026-04-27 17:59:51.915 7 INFO neutron.db.ovn_revision_numbers_db [None req-0a52e1d1-04a6-41b8-8420-0eed75e51361 12a815a5d3864124aea979b2f98b3411 c03b2cf9ab034c1ab369d509a0e91980 - - default default] Successfully bumped revision number for resource f6f6aaa8-87cf-4569-a049-6f83e6b7723d (type: security_group_rules) to 0 [pid: 7|app: 0|req: 624/1274] 10.0.0.133 () {32 vars in 774 bytes} [Mon Apr 27 17:59:51 2026] GET /v2.0/security-groups?tenant_id=8d8ae4786a6245aa97afe56068b68784&name=default => generated 2925 bytes in 200 msecs (HTTP/1.1 200) 4 headers in 158 bytes (1 switches on core 0)
2026-04-27 17:59:51.979 8 INFO neutron.db.ovn_revision_numbers_db [None req-c01360f5-6fad-4829-88a2-130ec73032df 8fde13db489e498391541f1d48aeb1e1 d7e448f190c843b497a089376588d2d4 - - default default] Successfully bumped revision number for resource 663b1a4b-1a6c-4baf-bca9-06c4cbc34118 (type: networks) to 1 [pid: 7|app: 0|req: 625/1275] 10.0.0.16 () {34 vars in 989 bytes} [Mon Apr 27 17:59:51 2026] GET /v2.0/ports?device_id=f10f8ef8-a9f2-4c5f-84ae-7cdbf0f21747 => generated 12 bytes in 24 msecs (HTTP/1.1 200) 4 headers in 156 bytes (1 switches on core 0)
2026-04-27 17:59:52.210 8 WARNING neutron.scheduler.dhcp_agent_scheduler [None req-c01360f5-6fad-4829-88a2-130ec73032df 8fde13db489e498391541f1d48aeb1e1 d7e448f190c843b497a089376588d2d4 - - default default] No more DHCP agents [pid: 7|app: 0|req: 626/1276] 10.0.0.133 () {32 vars in 740 bytes} [Mon Apr 27 17:59:51 2026] DELETE /v2.0/security-groups/f3535823-1c2a-4b8c-9723-4c6975c77c20 => generated 0 bytes in 246 msecs (HTTP/1.1 204) 2 headers in 112 bytes (1 switches on core 0)
2026-04-27 17:59:52.258 8 WARNING neutron.api.rpc.agentnotifiers.dhcp_rpc_agent_api [None req-c01360f5-6fad-4829-88a2-130ec73032df 8fde13db489e498391541f1d48aeb1e1 d7e448f190c843b497a089376588d2d4 - - default default] Unable to schedule network 663b1a4b-1a6c-4baf-bca9-06c4cbc34118: no agents available; will retry on subsequent port and subnet creation events.
2026-04-27 17:59:52.303 7 INFO neutron.plugins.ml2.drivers.ovn.mech_driver.mech_driver [None req-71e2fc23-204c-47b0-a6e2-b25043f88284 - - - - - -] OVN reports status down for port: 4469e728-7fb9-4329-bd73-de0e3e99d994
2026-04-27 17:59:52.358 8 INFO neutron.db.ovn_revision_numbers_db [None req-c01360f5-6fad-4829-88a2-130ec73032df 8fde13db489e498391541f1d48aeb1e1 d7e448f190c843b497a089376588d2d4 - - default default] Successfully bumped revision number for resource 4469e728-7fb9-4329-bd73-de0e3e99d994 (type: ports) to 1 [pid: 8|app: 0|req: 651/1277] 10.0.0.133 () {34 vars in 670 bytes} [Mon Apr 27 17:59:51 2026] POST /v2.0/networks => generated 682 bytes in 929 msecs (HTTP/1.1 201) 4 headers in 162 bytes (1 switches on core 0)
2026-04-27 17:59:52.403 8 WARNING neutron.db.securitygroups_db [None req-a3d211bc-33e4-4a96-b47c-7b890d18b51d 12a815a5d3864124aea979b2f98b3411 c03b2cf9ab034c1ab369d509a0e91980 - - default default] project_id key not found in filters, using tenant_id instead. This support has been deprecated and will be removed in a future release.
2026-04-27 17:59:52.517 8 INFO neutron.db.ovn_revision_numbers_db [None req-a3d211bc-33e4-4a96-b47c-7b890d18b51d 12a815a5d3864124aea979b2f98b3411 c03b2cf9ab034c1ab369d509a0e91980 - - default default] Successfully bumped revision number for resource a4e7ece2-5b43-4ab4-84a5-7279a1f9ea1e (type: security_groups) to 1 [pid: 7|app: 0|req: 627/1278] 10.0.0.133 () {32 vars in 740 bytes} [Mon Apr 27 17:59:52 2026] DELETE /v2.0/security-groups/986997be-ac81-4c6d-87c4-cc331c11cef2 => generated 0 bytes in 286 msecs (HTTP/1.1 204) 2 headers in 112 bytes (1 switches on core 0)
2026-04-27 17:59:52.530 8 INFO neutron.db.ovn_revision_numbers_db [None req-a3d211bc-33e4-4a96-b47c-7b890d18b51d 12a815a5d3864124aea979b2f98b3411 c03b2cf9ab034c1ab369d509a0e91980 - - default default] Successfully bumped revision number for resource 04a172ec-e05c-472c-b384-9593255bf91d (type: security_group_rules) to 0
2026-04-27 17:59:52.548 8 INFO neutron.db.ovn_revision_numbers_db [None req-a3d211bc-33e4-4a96-b47c-7b890d18b51d 12a815a5d3864124aea979b2f98b3411 c03b2cf9ab034c1ab369d509a0e91980 - - default default] Successfully bumped revision number for resource 5f1c54e4-b302-45c7-997a-0ebb3f6146f2 (type: security_group_rules) to 0
2026-04-27 17:59:52.558 8 INFO neutron.db.ovn_revision_numbers_db [None req-a3d211bc-33e4-4a96-b47c-7b890d18b51d 12a815a5d3864124aea979b2f98b3411 c03b2cf9ab034c1ab369d509a0e91980 - - default default] Successfully bumped revision number for resource e1f820c4-d673-4ee2-8146-bb5630eed1bf (type: security_group_rules) to 0
2026-04-27 17:59:52.572 8 INFO neutron.db.ovn_revision_numbers_db [None req-a3d211bc-33e4-4a96-b47c-7b890d18b51d 12a815a5d3864124aea979b2f98b3411 c03b2cf9ab034c1ab369d509a0e91980 - - default default] Successfully bumped revision number for resource eec58b40-8c4d-4ddc-8d22-f0f77690a5f9 (type: security_group_rules) to 0 [pid: 8|app: 0|req: 652/1279] 10.0.0.133 () {32 vars in 774 bytes} [Mon Apr 27 17:59:52 2026] GET /v2.0/security-groups?tenant_id=bf161f7729e947d083380a5884b7ed33&name=default => generated 2925 bytes in 206 msecs (HTTP/1.1 200) 4 headers in 158 bytes (1 switches on core 0)
2026-04-27 17:59:52.730 7 WARNING neutron.scheduler.dhcp_agent_scheduler [None req-47212b89-eeb4-4447-83df-67cc3c6b2549 8fde13db489e498391541f1d48aeb1e1 d7e448f190c843b497a089376588d2d4 - - default default] No more DHCP agents
2026-04-27 17:59:52.731 7 WARNING neutron.api.rpc.agentnotifiers.dhcp_rpc_agent_api [None req-47212b89-eeb4-4447-83df-67cc3c6b2549 8fde13db489e498391541f1d48aeb1e1 d7e448f190c843b497a089376588d2d4 - - default default] Unable to schedule network 663b1a4b-1a6c-4baf-bca9-06c4cbc34118: no agents available; will retry on subsequent port and subnet creation events. [pid: 8|app: 0|req: 653/1280] 10.0.0.133 () {32 vars in 740 bytes} [Mon Apr 27 17:59:52 2026] DELETE /v2.0/security-groups/a4e7ece2-5b43-4ab4-84a5-7279a1f9ea1e => generated 0 bytes in 188 msecs (HTTP/1.1 204) 2 headers in 112 bytes (1 switches on core 0)
2026-04-27 17:59:52.818 7 INFO neutron.db.ovn_revision_numbers_db [None req-47212b89-eeb4-4447-83df-67cc3c6b2549 8fde13db489e498391541f1d48aeb1e1 d7e448f190c843b497a089376588d2d4 - - default default] Successfully bumped revision number for resource 0e65eb8a-0ea7-4aa3-8b07-1881ffc49bdf (type: ports) to 1 [pid: 7|app: 0|req: 628/1281] 10.0.0.133 () {34 vars in 665 bytes} [Mon Apr 27 17:59:52 2026] POST /v2.0/ports => generated 774 bytes in 344 msecs (HTTP/1.1 201) 4 headers in 162 bytes (1 switches on core 0)
2026-04-27 17:59:52.945 8 INFO neutron.db.segments_db [None req-5476a4f3-1ee5-4b0d-839e-7b766f2146e5 8fde13db489e498391541f1d48aeb1e1 d7e448f190c843b497a089376588d2d4 - - default default] Added segment 67b470e1-dca8-4fb2-b634-9d70334a9481 of type geneve for network bdf9d8ee-fe2e-4c7d-8b14-94e3a98a6162
2026-04-27 17:59:53.012 8 WARNING neutron.plugins.ml2.drivers.ovn.mech_driver.ovsdb.ovn_client [None req-2e4ac844-80f0-4dd4-a825-658cf5a871a2 - - - - - -] No hosting information found for port f2b57e8d-efaf-4507-8f3a-125c11dc0c53: RuntimeError: No hosting information found for port f2b57e8d-efaf-4507-8f3a-125c11dc0c53 /var/lib/openstack/lib/python3.12/site-packages/pycadf/identifier.py:70: UserWarning: Invalid uuid: neutron. To ensure interoperability, identifiers should be a valid uuid. warnings.warn(('Invalid uuid: %s. To ensure interoperability, ' [pid: 7|app: 0|req: 629/1282] 10.0.0.16 () {34 vars in 989 bytes} [Mon Apr 27 17:59:53 2026] GET /v2.0/ports?device_id=f10f8ef8-a9f2-4c5f-84ae-7cdbf0f21747 => generated 12 bytes in 26 msecs (HTTP/1.1 200) 4 headers in 156 bytes (1 switches on core 0)
2026-04-27 17:59:53.122 8 INFO neutron.db.ovn_revision_numbers_db [None req-5476a4f3-1ee5-4b0d-839e-7b766f2146e5 8fde13db489e498391541f1d48aeb1e1 d7e448f190c843b497a089376588d2d4 - - default default] Successfully bumped revision number for resource bdf9d8ee-fe2e-4c7d-8b14-94e3a98a6162 (type: networks) to 1
2026-04-27 17:59:53.147 8 INFO neutron.db.ovn_revision_numbers_db [None req-2e4ac844-80f0-4dd4-a825-658cf5a871a2 - - - - - -] Successfully bumped revision number for resource f2b57e8d-efaf-4507-8f3a-125c11dc0c53 (type: router_ports) to 2
2026-04-27 17:59:53.249 8 INFO neutron.plugins.ml2.drivers.ovn.mech_driver.mech_driver [None req-2e4ac844-80f0-4dd4-a825-658cf5a871a2 - - - - - -] OVN reports status down for port: 0e65eb8a-0ea7-4aa3-8b07-1881ffc49bdf
2026-04-27 17:59:53.361 8 WARNING neutron.scheduler.dhcp_agent_scheduler [None req-5476a4f3-1ee5-4b0d-839e-7b766f2146e5 8fde13db489e498391541f1d48aeb1e1 d7e448f190c843b497a089376588d2d4 - - default default] No more DHCP agents
2026-04-27 17:59:53.364 8 WARNING neutron.api.rpc.agentnotifiers.dhcp_rpc_agent_api [None req-5476a4f3-1ee5-4b0d-839e-7b766f2146e5 8fde13db489e498391541f1d48aeb1e1 d7e448f190c843b497a089376588d2d4 - - default default] Unable to schedule network bdf9d8ee-fe2e-4c7d-8b14-94e3a98a6162: no agents available; will retry on subsequent port and subnet creation events.
2026-04-27 17:59:53.408 8 INFO neutron.plugins.ml2.drivers.ovn.mech_driver.mech_driver [None req-2e4ac844-80f0-4dd4-a825-658cf5a871a2 - - - - - -] OVN reports status down for port: ed240778-92be-4aee-b380-f63a0901f690
2026-04-27 17:59:53.466 8 INFO neutron.db.ovn_revision_numbers_db [None req-5476a4f3-1ee5-4b0d-839e-7b766f2146e5 8fde13db489e498391541f1d48aeb1e1 d7e448f190c843b497a089376588d2d4 - - default default] Successfully bumped revision number for resource ed240778-92be-4aee-b380-f63a0901f690 (type: ports) to 1 [pid: 8|app: 0|req: 654/1283] 10.0.0.133 () {34 vars in 670 bytes} [Mon Apr 27 17:59:52 2026] POST /v2.0/networks => generated 669 bytes in 638 msecs (HTTP/1.1 201) 4 headers in 162 bytes (1 switches on core 0)
2026-04-27 17:59:53.698 7 WARNING neutron.scheduler.dhcp_agent_scheduler [None req-b5213979-a760-41a4-9750-4406971f7ff1 8fde13db489e498391541f1d48aeb1e1 d7e448f190c843b497a089376588d2d4 - - default default] No more DHCP agents
2026-04-27 17:59:53.706 7 WARNING neutron.api.rpc.agentnotifiers.dhcp_rpc_agent_api [None req-b5213979-a760-41a4-9750-4406971f7ff1 8fde13db489e498391541f1d48aeb1e1 d7e448f190c843b497a089376588d2d4 - - default default] Unable to schedule network bdf9d8ee-fe2e-4c7d-8b14-94e3a98a6162: no agents available; will retry on subsequent port and subnet creation events. [pid: 8|app: 0|req: 657/1286] 199.204.45.113 () {34 vars in 986 bytes} [Mon Apr 27 17:59:53 2026] GET /v2.0/networks?id=5267f376-35e0-4dda-a968-2a2e24d312a6 => generated 714 bytes in 36 msecs (HTTP/1.1 200) 4 headers in 157 bytes (1 switches on core 0)
2026-04-27 17:59:53.744 8 WARNING neutron.db.securitygroups_db [req-817134d1-a1b2-440d-9c92-15bf67728239 req-174d9ec6-15dd-4022-b9cb-09a9fb08fef4 1b84e4d59b54405b8acae138068bfd52 0e70b75971bf41a3bc3cfac8a1891cdf - - default default] project_id key not found in filters, using tenant_id instead. This support has been deprecated and will be removed in a future release. [pid: 8|app: 0|req: 658/1287] 199.204.45.113 () {34 vars in 1050 bytes} [Mon Apr 27 17:59:53 2026] GET /v2.0/security-groups?fields=id&fields=name&tenant_id=0e70b75971bf41a3bc3cfac8a1891cdf => generated 181 bytes in 34 msecs (HTTP/1.1 200) 4 headers in 157 bytes (1 switches on core 0)
2026-04-27 17:59:54.049 8 WARNING neutron.scheduler.dhcp_agent_scheduler [req-817134d1-a1b2-440d-9c92-15bf67728239 req-38434fd6-b55e-4bb5-a338-4d829cfea329 1b84e4d59b54405b8acae138068bfd52 0e70b75971bf41a3bc3cfac8a1891cdf - - default default] No more DHCP agents
2026-04-27 17:59:54.050 8 WARNING neutron.api.rpc.agentnotifiers.dhcp_rpc_agent_api [req-817134d1-a1b2-440d-9c92-15bf67728239 req-38434fd6-b55e-4bb5-a338-4d829cfea329 1b84e4d59b54405b8acae138068bfd52 0e70b75971bf41a3bc3cfac8a1891cdf - - default default] Unable to schedule network 5267f376-35e0-4dda-a968-2a2e24d312a6: no agents available; will retry on subsequent port and subnet creation events.
2026-04-27 17:59:54.162 7 INFO neutron.db.ovn_revision_numbers_db [None req-b5213979-a760-41a4-9750-4406971f7ff1 8fde13db489e498391541f1d48aeb1e1 d7e448f190c843b497a089376588d2d4 - - default default] Successfully bumped revision number for resource ed240778-92be-4aee-b380-f63a0901f690 (type: ports) to 2
2026-04-27 17:59:54.196 7 INFO neutron.db.ovn_revision_numbers_db [None req-b5213979-a760-41a4-9750-4406971f7ff1 8fde13db489e498391541f1d48aeb1e1 d7e448f190c843b497a089376588d2d4 - - default default] Successfully bumped revision number for resource 5ff0bc75-4816-4b36-9fa6-ec917018f6ff (type: subnets) to 0
2026-04-27 17:59:54.212 8 INFO neutron.plugins.ml2.drivers.ovn.mech_driver.mech_driver [None req-2e4ac844-80f0-4dd4-a825-658cf5a871a2 - - - - - -] OVN reports status down for port: ed1c302c-00c1-4ebd-80d7-fa4ec25580d4 [pid: 7|app: 0|req: 630/1288] 10.0.0.133 () {34 vars in 669 bytes} [Mon Apr 27 17:59:53 2026] POST /v2.0/subnets => generated 626 bytes in 723 msecs (HTTP/1.1 201) 4 headers in 162 bytes (1 switches on core 0)
2026-04-27 17:59:54.272 8 INFO neutron.db.ovn_revision_numbers_db [req-817134d1-a1b2-440d-9c92-15bf67728239 req-38434fd6-b55e-4bb5-a338-4d829cfea329 1b84e4d59b54405b8acae138068bfd52 0e70b75971bf41a3bc3cfac8a1891cdf - - default default] Successfully bumped revision number for resource ed1c302c-00c1-4ebd-80d7-fa4ec25580d4 (type: ports) to 1 [pid: 7|app: 0|req: 631/1289] 10.0.0.16 () {34 vars in 989 bytes} [Mon Apr 27 17:59:54 2026] GET /v2.0/ports?device_id=f10f8ef8-a9f2-4c5f-84ae-7cdbf0f21747 => generated 961 bytes in 76 msecs (HTTP/1.1 200) 4 headers in 157 bytes (1 switches on core 0) [pid: 8|app: 0|req: 659/1290] 199.204.45.113 () {38 vars in 955 bytes} [Mon Apr 27 17:59:53 2026] POST /v2.0/ports => generated 958 bytes in 580 msecs (HTTP/1.1 201) 4 headers in 162 bytes (1 switches on core 0) /var/lib/openstack/lib/python3.12/site-packages/pycadf/identifier.py:70: UserWarning: Invalid uuid: neutron. To ensure interoperability, identifiers should be a valid uuid. warnings.warn(('Invalid uuid: %s. To ensure interoperability, ' [pid: 8|app: 0|req: 660/1291] 10.0.0.16 () {34 vars in 1039 bytes} [Mon Apr 27 17:59:54 2026] GET /v2.0/security-groups?id=f3ecdb9d-485c-4dad-8c5d-1dda24b578b2&fields=id&fields=name => generated 114 bytes in 32 msecs (HTTP/1.1 200) 4 headers in 157 bytes (1 switches on core 0)
2026-04-27 17:59:54.579 7 WARNING neutron.scheduler.dhcp_agent_scheduler [None req-2a8140b0-c1fd-49a2-b370-7e2ace21ebdd 8fde13db489e498391541f1d48aeb1e1 d7e448f190c843b497a089376588d2d4 - - default default] No more DHCP agents
2026-04-27 17:59:54.580 7 WARNING neutron.api.rpc.agentnotifiers.dhcp_rpc_agent_api [None req-2a8140b0-c1fd-49a2-b370-7e2ace21ebdd 8fde13db489e498391541f1d48aeb1e1 d7e448f190c843b497a089376588d2d4 - - default default] Unable to schedule network bdf9d8ee-fe2e-4c7d-8b14-94e3a98a6162: no agents available; will retry on subsequent port and subnet creation events.
2026-04-27 17:59:54.693 8 INFO neutron.plugins.ml2.drivers.ovn.mech_driver.mech_driver [None req-2e4ac844-80f0-4dd4-a825-658cf5a871a2 - - - - - -] OVN reports status down for port: 88f6a14e-faf6-4d01-9d02-6b5fa4a4f837
2026-04-27 17:59:54.730 7 INFO neutron.db.ovn_revision_numbers_db [None req-2a8140b0-c1fd-49a2-b370-7e2ace21ebdd 8fde13db489e498391541f1d48aeb1e1 d7e448f190c843b497a089376588d2d4 - - default default] Successfully bumped revision number for resource 88f6a14e-faf6-4d01-9d02-6b5fa4a4f837 (type: ports) to 1
2026-04-27 17:59:54.746 8 INFO neutron.db.ovn_revision_numbers_db [req-817134d1-a1b2-440d-9c92-15bf67728239 req-c58a5893-0ec5-4e85-a34a-00e8b35a6fbc e962971343ea4658a688cb0e9f774068 3d4d2d8657c642caae4ce68f91b3e9b6 - - e741e51dac7346d3bd12e95d5d5bb7dc e741e51dac7346d3bd12e95d5d5bb7dc] Successfully bumped revision number for resource ed1c302c-00c1-4ebd-80d7-fa4ec25580d4 (type: ports) to 2 [pid: 7|app: 0|req: 632/1292] 10.0.0.133 () {34 vars in 665 bytes} [Mon Apr 27 17:59:54 2026] POST /v2.0/ports => generated 954 bytes in 446 msecs (HTTP/1.1 201) 4 headers in 162 bytes (1 switches on core 0) /var/lib/openstack/lib/python3.12/site-packages/pycadf/identifier.py:70: UserWarning: Invalid uuid: neutron. To ensure interoperability, identifiers should be a valid uuid. warnings.warn(('Invalid uuid: %s. To ensure interoperability, '
2026-04-27 17:59:54.902 7 INFO neutron_taas.services.taas.taas_plugin [None req-a74c9a52-fa78-4db5-a90d-2a90631f6180 8fde13db489e498391541f1d48aeb1e1 d7e448f190c843b497a089376588d2d4 - - default default] TaaS: Handle Delete Port: 88f6a14e-faf6-4d01-9d02-6b5fa4a4f837
2026-04-27 17:59:54.905 7 INFO neutron_taas.services.taas.tap_mirror_plugin [None req-a74c9a52-fa78-4db5-a90d-2a90631f6180 8fde13db489e498391541f1d48aeb1e1 d7e448f190c843b497a089376588d2d4 - - default default] Tap Mirror: Handle Delete Port: 88f6a14e-faf6-4d01-9d02-6b5fa4a4f837
2026-04-27 17:59:55.007 8 INFO neutron.db.ovn_revision_numbers_db [req-817134d1-a1b2-440d-9c92-15bf67728239 req-c58a5893-0ec5-4e85-a34a-00e8b35a6fbc e962971343ea4658a688cb0e9f774068 3d4d2d8657c642caae4ce68f91b3e9b6 - - e741e51dac7346d3bd12e95d5d5bb7dc e741e51dac7346d3bd12e95d5d5bb7dc] Successfully bumped revision number for resource ed1c302c-00c1-4ebd-80d7-fa4ec25580d4 (type: ports) to 4 [pid: 8|app: 0|req: 661/1293] 199.204.45.113 () {38 vars in 1028 bytes} [Mon Apr 27 17:59:54 2026] PUT /v2.0/ports/ed1c302c-00c1-4ebd-80d7-fa4ec25580d4 => generated 1231 bytes in 639 msecs (HTTP/1.1 200) 4 headers in 158 bytes (1 switches on core 0)
2026-04-27 17:59:55.064 8 INFO neutron.notifiers.nova [-] Nova event matching ['req-6b061b4f-da9e-4e51-b955-78c2867bb9c7'] response: {'name': 'network-changed', 'server_uuid': 'f10f8ef8-a9f2-4c5f-84ae-7cdbf0f21747', 'tag': 'ed1c302c-00c1-4ebd-80d7-fa4ec25580d4', 'status': 'completed', 'code': 200} [pid: 7|app: 0|req: 633/1294] 10.0.0.133 () {32 vars in 720 bytes} [Mon Apr 27 17:59:54 2026] DELETE /v2.0/ports/88f6a14e-faf6-4d01-9d02-6b5fa4a4f837 => generated 0 bytes in 320 msecs (HTTP/1.1 204) 3 headers in 131 bytes (1 switches on core 0) /var/lib/openstack/lib/python3.12/site-packages/pycadf/identifier.py:70: UserWarning: Invalid uuid: neutron. To ensure interoperability, identifiers should be a valid uuid. warnings.warn(('Invalid uuid: %s. To ensure interoperability, '
2026-04-27 17:59:55.102 8 INFO neutron.pecan_wsgi.hooks.translation [None req-5708ccf3-46e0-4bb3-834f-c4851089e131 8fde13db489e498391541f1d48aeb1e1 d7e448f190c843b497a089376588d2d4 - - default default] DELETE failed (client error): The resource could not be found. [pid: 8|app: 0|req: 662/1295] 10.0.0.133 () {32 vars in 720 bytes} [Mon Apr 27 17:59:55 2026] DELETE /v2.0/ports/88f6a14e-faf6-4d01-9d02-6b5fa4a4f837 => generated 132 bytes in 19 msecs (HTTP/1.1 404) 4 headers in 164 bytes (1 switches on core 0)
2026-04-27 17:59:55.128 7 INFO neutron.pecan_wsgi.hooks.translation [None req-ba663bb3-3f03-4cf0-837c-8aedf39c62c5 8fde13db489e498391541f1d48aeb1e1 d7e448f190c843b497a089376588d2d4 - - default default] GET failed (client error): The resource could not be found. [pid: 7|app: 0|req: 634/1296] 10.0.0.133 () {32 vars in 717 bytes} [Mon Apr 27 17:59:55 2026] GET /v2.0/ports/88f6a14e-faf6-4d01-9d02-6b5fa4a4f837 => generated 132 bytes in 20 msecs (HTTP/1.1 404) 4 headers in 164 bytes (1 switches on core 0) [pid: 8|app: 0|req: 663/1297] 10.0.0.133 () {32 vars in 724 bytes} [Mon Apr 27 17:59:55 2026] DELETE /v2.0/subnets/5ff0bc75-4816-4b36-9fa6-ec917018f6ff => generated 0 bytes in 188 msecs (HTTP/1.1 204) 3 headers in 131 bytes (1 switches on core 0)
2026-04-27 17:59:55.379 7 WARNING neutron.db.securitygroups_db [None req-5547ee83-c380-47ee-9c87-2ddeef959f23 12a815a5d3864124aea979b2f98b3411 c03b2cf9ab034c1ab369d509a0e91980 - - default default] project_id key not found in filters, using tenant_id instead. This support has been deprecated and will be removed in a future release.
2026-04-27 17:59:55.441 8 INFO neutron_taas.services.taas.taas_plugin [None req-591c14d2-f245-4457-a969-147b4e8e5290 8fde13db489e498391541f1d48aeb1e1 d7e448f190c843b497a089376588d2d4 - - default default] TaaS: Handle Delete Port: ed240778-92be-4aee-b380-f63a0901f690
2026-04-27 17:59:55.444 8 INFO neutron_taas.services.taas.tap_mirror_plugin [None req-591c14d2-f245-4457-a969-147b4e8e5290 8fde13db489e498391541f1d48aeb1e1 d7e448f190c843b497a089376588d2d4 - - default default] Tap Mirror: Handle Delete Port: ed240778-92be-4aee-b380-f63a0901f690
2026-04-27 17:59:55.497 7 INFO neutron.db.ovn_revision_numbers_db [None req-5547ee83-c380-47ee-9c87-2ddeef959f23 12a815a5d3864124aea979b2f98b3411 c03b2cf9ab034c1ab369d509a0e91980 - - default default] Successfully bumped revision number for resource 23afcc55-3880-4abe-922e-94c328809ff0 (type: security_groups) to 1
2026-04-27 17:59:55.515 7 INFO neutron.db.ovn_revision_numbers_db [None req-5547ee83-c380-47ee-9c87-2ddeef959f23 12a815a5d3864124aea979b2f98b3411 c03b2cf9ab034c1ab369d509a0e91980 - - default default] Successfully bumped revision number for resource 4ceb9015-75f5-4dd4-9729-fdab79aabd2d (type: security_group_rules) to 0
2026-04-27 17:59:55.529 7 INFO neutron.db.ovn_revision_numbers_db [None req-5547ee83-c380-47ee-9c87-2ddeef959f23 12a815a5d3864124aea979b2f98b3411 c03b2cf9ab034c1ab369d509a0e91980 - - default default] Successfully bumped revision number for resource 5b2364e2-21a6-4812-bf42-34192bc32292 (type: security_group_rules) to 0
2026-04-27 17:59:55.543 7 INFO neutron.db.ovn_revision_numbers_db [None req-5547ee83-c380-47ee-9c87-2ddeef959f23 12a815a5d3864124aea979b2f98b3411 c03b2cf9ab034c1ab369d509a0e91980 - - default default] Successfully bumped revision number for resource 88dbdc58-7fc5-4c8a-a988-402d5b3107c3 (type: security_group_rules) to 0
2026-04-27 17:59:55.558 7 INFO neutron.db.ovn_revision_numbers_db [None req-5547ee83-c380-47ee-9c87-2ddeef959f23 12a815a5d3864124aea979b2f98b3411 c03b2cf9ab034c1ab369d509a0e91980 - - default default] Successfully bumped revision number for resource f5ca3b09-1c4b-470d-af75-bd516fb2e63b (type: security_group_rules) to 0 [pid: 7|app: 0|req: 635/1298] 10.0.0.133 () {32 vars in 774 bytes} [Mon Apr 27 17:59:55 2026] GET /v2.0/security-groups?tenant_id=02f660e51c854c6eaab5bd2243f88569&name=default => generated 2925 bytes in 393 msecs (HTTP/1.1 200) 4 headers in 158 bytes (1 switches on core 0)
2026-04-27 17:59:55.621 8 INFO neutron.services.segments.plugin [-] Segment 67b470e1-dca8-4fb2-b634-9d70334a9481 resource provider aggregate not found
2026-04-27 17:59:55.627 8 INFO neutron.services.segments.plugin [-] Segment 67b470e1-dca8-4fb2-b634-9d70334a9481 resource provider aggregate not found [pid: 7|app: 0|req: 636/1299] 10.0.0.16 () {34 vars in 989 bytes} [Mon Apr 27 17:59:55 2026] GET /v2.0/ports?device_id=f10f8ef8-a9f2-4c5f-84ae-7cdbf0f21747 => generated 973 bytes in 38 msecs (HTTP/1.1 200) 4 headers in 157 bytes (1 switches on core 0)
2026-04-27 17:59:55.645 8 INFO neutron.services.segments.plugin [-] Segment 67b470e1-dca8-4fb2-b634-9d70334a9481 resource provider not found; error: Placement Client Error (4xx): {"errors": [{"status": 404, "title": "Not Found", "detail": "The resource could not be found.\n\n No resource provider with uuid 67b470e1-dca8-4fb2-b634-9d70334a9481 found for delete ", "request_id": "req-7e737ccf-6033-4809-9830-1e92637f4e1c"}]}
2026-04-27 17:59:55.649 8 INFO neutron.services.segments.plugin [-] Segment 67b470e1-dca8-4fb2-b634-9d70334a9481 resource provider not found; error: Placement Client Error (4xx): {"errors": [{"status": 404, "title": "Not Found", "detail": "The resource could not be found.\n\n No resource provider with uuid 67b470e1-dca8-4fb2-b634-9d70334a9481 found for delete ", "request_id": "req-2ff19f69-9b0f-4806-b1c8-dfe1b70f23f5"}]} [pid: 8|app: 0|req: 664/1300] 10.0.0.133 () {32 vars in 726 bytes} [Mon Apr 27 17:59:55 2026] DELETE /v2.0/networks/bdf9d8ee-fe2e-4c7d-8b14-94e3a98a6162 => generated 0 bytes in 340 msecs (HTTP/1.1 204) 3 headers in 131 bytes (1 switches on core 0) [pid: 7|app: 0|req: 637/1301] 199.204.45.113 () {34 vars in 1080 bytes} [Mon Apr 27 17:59:55 2026] GET /v2.0/ports?tenant_id=0e70b75971bf41a3bc3cfac8a1891cdf&device_id=f10f8ef8-a9f2-4c5f-84ae-7cdbf0f21747 => generated 1234 bytes in 41 msecs (HTTP/1.1 200) 4 headers in 158 bytes (1 switches on core 0) [pid: 7|app: 0|req: 638/1302] 10.0.0.16 () {34 vars in 1039 bytes} [Mon Apr 27 17:59:55 2026] GET /v2.0/security-groups?id=f3ecdb9d-485c-4dad-8c5d-1dda24b578b2&fields=id&fields=name => generated 114 bytes in 26 msecs (HTTP/1.1 200) 4 headers in 157 bytes (1 switches on core 0)
2026-04-27 17:59:55.797 7 INFO neutron.db.segments_db [None req-0cd62a90-3b86-4682-89dd-5bb70af1a38b 8fde13db489e498391541f1d48aeb1e1 d7e448f190c843b497a089376588d2d4 - - default default] Added segment b736a4d3-baf0-4767-a6d0-5519f1aaf4ce of type geneve for network 049dea6b-236e-4948-a6cd-32781a2bd944 [pid: 8|app: 0|req: 665/1303] 10.0.0.133 () {32 vars in 740 bytes} [Mon Apr 27 17:59:55 2026] DELETE /v2.0/security-groups/23afcc55-3880-4abe-922e-94c328809ff0 => generated 0 bytes in 154 msecs (HTTP/1.1 204) 2 headers in 112 bytes (1 switches on core 0) [pid: 8|app: 0|req: 666/1304] 199.204.45.113 () {34 vars in 1018 bytes} [Mon Apr 27 17:59:55 2026] GET /v2.0/networks?tenant_id=0e70b75971bf41a3bc3cfac8a1891cdf&shared=False => generated 813 bytes in 44 msecs (HTTP/1.1 200) 4 headers in 157 bytes (1 switches on core 0)
2026-04-27 17:59:55.905 7 INFO neutron.db.ovn_revision_numbers_db [None req-0cd62a90-3b86-4682-89dd-5bb70af1a38b 8fde13db489e498391541f1d48aeb1e1 d7e448f190c843b497a089376588d2d4 - - default default] Successfully bumped revision number for resource 049dea6b-236e-4948-a6cd-32781a2bd944 (type: networks) to 1
2026-04-27 17:59:56.060 8 WARNING neutron.db.securitygroups_db [None req-193b7002-31c0-4c8e-8844-2a236174e385 12a815a5d3864124aea979b2f98b3411 c03b2cf9ab034c1ab369d509a0e91980 - - default default] project_id key not found in filters, using tenant_id instead. This support has been deprecated and will be removed in a future release.
2026-04-27 17:59:56.075 7 WARNING neutron.scheduler.dhcp_agent_scheduler [None req-0cd62a90-3b86-4682-89dd-5bb70af1a38b 8fde13db489e498391541f1d48aeb1e1 d7e448f190c843b497a089376588d2d4 - - default default] No more DHCP agents
2026-04-27 17:59:56.077 7 WARNING neutron.api.rpc.agentnotifiers.dhcp_rpc_agent_api [None req-0cd62a90-3b86-4682-89dd-5bb70af1a38b 8fde13db489e498391541f1d48aeb1e1 d7e448f190c843b497a089376588d2d4 - - default default] Unable to schedule network 049dea6b-236e-4948-a6cd-32781a2bd944: no agents available; will retry on subsequent port and subnet creation events.
2026-04-27 17:59:56.138 8 INFO neutron.plugins.ml2.drivers.ovn.mech_driver.mech_driver [None req-2e4ac844-80f0-4dd4-a825-658cf5a871a2 - - - - - -] OVN reports status down for port: d5e7bd24-f3b3-4851-98e0-e10e4e603f50
2026-04-27 17:59:56.167 7 INFO neutron.db.ovn_revision_numbers_db [None req-0cd62a90-3b86-4682-89dd-5bb70af1a38b 8fde13db489e498391541f1d48aeb1e1 d7e448f190c843b497a089376588d2d4 - - default default] Successfully bumped revision number for resource d5e7bd24-f3b3-4851-98e0-e10e4e603f50 (type: ports) to 1 [pid: 7|app: 0|req: 639/1305] 10.0.0.133 () {34 vars in 670 bytes} [Mon Apr 27 17:59:55 2026] POST /v2.0/networks => generated 667 bytes in 497 msecs (HTTP/1.1 201) 4 headers in 162 bytes (1 switches on core 0)
2026-04-27 17:59:56.239 8 INFO neutron.db.ovn_revision_numbers_db [None req-193b7002-31c0-4c8e-8844-2a236174e385 12a815a5d3864124aea979b2f98b3411 c03b2cf9ab034c1ab369d509a0e91980 - - default default] Successfully bumped revision number for resource 14ffd548-5ca6-41f1-9cbc-f081039e413c (type: security_groups) to 1 [pid: 7|app: 0|req: 640/1306] 199.204.45.113 () {34 vars in 930 bytes} [Mon Apr 27 17:59:56 2026] GET /v2.0/networks?shared=True => generated 791 bytes in 59 msecs (HTTP/1.1 200) 4 headers in 157 bytes (1 switches on core 0)
2026-04-27 17:59:56.256 8 INFO neutron.db.ovn_revision_numbers_db [None req-193b7002-31c0-4c8e-8844-2a236174e385 12a815a5d3864124aea979b2f98b3411 c03b2cf9ab034c1ab369d509a0e91980 - - default default] Successfully bumped revision number for resource 8ac85f9b-0570-4b9e-965b-c36d7b807e26 (type: security_group_rules) to 0
2026-04-27 17:59:56.268 8 INFO neutron.db.ovn_revision_numbers_db [None req-193b7002-31c0-4c8e-8844-2a236174e385 12a815a5d3864124aea979b2f98b3411 c03b2cf9ab034c1ab369d509a0e91980 - - default default] Successfully bumped revision number for resource a1ed1aa4-652b-4aad-a8f1-589a77c8625b (type: security_group_rules) to 0
2026-04-27 17:59:56.278 8 INFO neutron.db.ovn_revision_numbers_db [None req-193b7002-31c0-4c8e-8844-2a236174e385 12a815a5d3864124aea979b2f98b3411 c03b2cf9ab034c1ab369d509a0e91980 - - default default] Successfully bumped revision number for resource a251b3fd-6ed9-4fde-a6f3-752f5f70e28a (type: security_group_rules) to 0
2026-04-27 17:59:56.289 8 INFO neutron.db.ovn_revision_numbers_db [None req-193b7002-31c0-4c8e-8844-2a236174e385 12a815a5d3864124aea979b2f98b3411 c03b2cf9ab034c1ab369d509a0e91980 - - default default] Successfully bumped revision number for resource cced0b70-5c83-41ca-aaff-f8b04580bd2c (type: security_group_rules) to 0 [pid: 8|app: 0|req: 667/1307] 10.0.0.133 () {32 vars in 774 bytes} [Mon Apr 27 17:59:55 2026] GET /v2.0/security-groups?tenant_id=6e65df5d0b2a4e168f7dc269a11fc475&name=default => generated 2925 bytes in 458 msecs (HTTP/1.1 200) 4 headers in 158 bytes (1 switches on core 0)
2026-04-27 17:59:56.432 7 WARNING neutron.scheduler.dhcp_agent_scheduler [None req-ef256e63-63f5-4819-a030-845b04ec8732 8fde13db489e498391541f1d48aeb1e1 d7e448f190c843b497a089376588d2d4 - - default default] No more DHCP agents
2026-04-27 17:59:56.433 7 WARNING neutron.api.rpc.agentnotifiers.dhcp_rpc_agent_api [None req-ef256e63-63f5-4819-a030-845b04ec8732 8fde13db489e498391541f1d48aeb1e1 d7e448f190c843b497a089376588d2d4 - - default default] Unable to schedule network 049dea6b-236e-4948-a6cd-32781a2bd944: no agents available; will retry on subsequent port and subnet creation events. [pid: 8|app: 0|req: 668/1308] 10.0.0.133 () {32 vars in 740 bytes} [Mon Apr 27 17:59:56 2026] DELETE /v2.0/security-groups/14ffd548-5ca6-41f1-9cbc-f081039e413c => generated 0 bytes in 197 msecs (HTTP/1.1 204) 2 headers in 112 bytes (1 switches on core 0) [pid: 8|app: 0|req: 669/1309] 10.0.0.16 () {34 vars in 989 bytes} [Mon Apr 27 17:59:56 2026] GET /v2.0/ports?device_id=f10f8ef8-a9f2-4c5f-84ae-7cdbf0f21747 => generated 973 bytes in 43 msecs (HTTP/1.1 200) 4 headers in 157 bytes (1 switches on core 0) [pid: 8|app: 0|req: 670/1310] 10.0.0.16 () {34 vars in 1039 bytes} [Mon Apr 27 17:59:56 2026] GET /v2.0/security-groups?id=f3ecdb9d-485c-4dad-8c5d-1dda24b578b2&fields=id&fields=name => generated 114 bytes in 37 msecs (HTTP/1.1 200) 4 headers in 157 bytes (1 switches on core 0)
2026-04-27 17:59:56.920 7 INFO neutron.db.ovn_revision_numbers_db [None req-ef256e63-63f5-4819-a030-845b04ec8732 8fde13db489e498391541f1d48aeb1e1 d7e448f190c843b497a089376588d2d4 - - default default] Successfully bumped revision number for resource d5e7bd24-f3b3-4851-98e0-e10e4e603f50 (type: ports) to 2
2026-04-27 17:59:56.961 7 INFO neutron.db.ovn_revision_numbers_db [None req-ef256e63-63f5-4819-a030-845b04ec8732 8fde13db489e498391541f1d48aeb1e1 d7e448f190c843b497a089376588d2d4 - - default default] Successfully bumped revision number for resource 59afa0c0-8c54-4cdc-93ca-363ef8758394 (type: subnets) to 0 [pid: 7|app: 0|req: 641/1311] 10.0.0.133 () {34 vars in 669 bytes} [Mon Apr 27 17:59:56 2026] POST /v2.0/subnets => generated 626 bytes in 747 msecs (HTTP/1.1 201) 4 headers in 162 bytes (1 switches on core 0)
2026-04-27 17:59:57.285 8 WARNING neutron.scheduler.dhcp_agent_scheduler [None req-017709e7-71f6-4b14-b628-ff5e9e1a9625 8fde13db489e498391541f1d48aeb1e1 d7e448f190c843b497a089376588d2d4 - - default default] No more DHCP agents
2026-04-27 17:59:57.286 8 WARNING neutron.api.rpc.agentnotifiers.dhcp_rpc_agent_api [None req-017709e7-71f6-4b14-b628-ff5e9e1a9625 8fde13db489e498391541f1d48aeb1e1 d7e448f190c843b497a089376588d2d4 - - default default] Unable to schedule network 049dea6b-236e-4948-a6cd-32781a2bd944: no agents available; will retry on subsequent port and subnet creation events. [pid: 7|app: 0|req: 642/1312] 199.204.45.113 () {34 vars in 1080 bytes} [Mon Apr 27 17:59:57 2026] GET /v2.0/ports?tenant_id=0e70b75971bf41a3bc3cfac8a1891cdf&device_id=f10f8ef8-a9f2-4c5f-84ae-7cdbf0f21747 => generated 1234 bytes in 44 msecs (HTTP/1.1 200) 4 headers in 158 bytes (1 switches on core 0) [pid: 7|app: 0|req: 643/1313] 199.204.45.113 () {34 vars in 1060 bytes} [Mon Apr 27 17:59:57 2026] GET /v2.0/floatingips?fixed_ip_address=10.100.0.13&port_id=ed1c302c-00c1-4ebd-80d7-fa4ec25580d4 => generated 19 bytes in 25 msecs (HTTP/1.1 200) 4 headers in 156 bytes (1 switches on core 0) [pid: 7|app: 0|req: 644/1314] 199.204.45.113 () {34 vars in 984 bytes} [Mon Apr 27 17:59:57 2026] GET /v2.0/subnets?id=9eb2ac28-c20f-4db3-a9db-f70c402a6eac => generated 694 bytes in 28 msecs (HTTP/1.1 200) 4 headers in 157 bytes (1 switches on core 0)
2026-04-27 17:59:57.409 7 INFO neutron.plugins.ml2.drivers.ovn.mech_driver.mech_driver [None req-71e2fc23-204c-47b0-a6e2-b25043f88284 - - - - - -] OVN reports status down for port: 490afc09-17bf-4233-972e-dacf6db13cd0 [pid: 7|app: 0|req: 645/1315] 199.204.45.113 () {34 vars in 1052 bytes} [Mon Apr 27 17:59:57 2026] GET /v2.0/ports?network_id=5267f376-35e0-4dda-a968-2a2e24d312a6&device_owner=network%3Adhcp => generated 12 bytes in 56 msecs (HTTP/1.1 200) 4 headers in 156 bytes (1 switches on core 0)
2026-04-27 17:59:57.474 8 INFO neutron.db.ovn_revision_numbers_db [None req-017709e7-71f6-4b14-b628-ff5e9e1a9625 8fde13db489e498391541f1d48aeb1e1 d7e448f190c843b497a089376588d2d4 - - default default] Successfully bumped revision number for resource 490afc09-17bf-4233-972e-dacf6db13cd0 (type: ports) to 1 [pid: 7|app: 0|req: 646/1316] 199.204.45.113 () {34 vars in 1012 bytes} [Mon Apr 27 17:59:57 2026] GET /v2.0/networks/5267f376-35e0-4dda-a968-2a2e24d312a6?fields=segments => generated 14 bytes in 80 msecs (HTTP/1.1 200) 4 headers in 156 bytes (1 switches on core 0) [pid: 8|app: 0|req: 671/1317] 10.0.0.133 () {34 vars in 665 bytes} [Mon Apr 27 17:59:57 2026] POST /v2.0/ports => generated 916 bytes in 562 msecs (HTTP/1.1 201) 4 headers in 162 bytes (1 switches on core 0) [pid: 7|app: 0|req: 647/1318] 199.204.45.113 () {34 vars in 1112 bytes} [Mon Apr 27 17:59:57 2026] GET /v2.0/networks/5267f376-35e0-4dda-a968-2a2e24d312a6?fields=provider%3Aphysical_network&fields=provider%3Anetwork_type => generated 79 bytes in 54 msecs (HTTP/1.1 200) 4 headers in 156 bytes (1 switches on core 0)
2026-04-27 17:59:57.733 8 INFO neutron_taas.services.taas.taas_plugin [None req-b7c19fd0-41fc-4f6f-9e1c-fbb804f124bf 8fde13db489e498391541f1d48aeb1e1 d7e448f190c843b497a089376588d2d4 - - default default] TaaS: Handle Delete Port: 490afc09-17bf-4233-972e-dacf6db13cd0
2026-04-27 17:59:57.737 8 INFO neutron_taas.services.taas.tap_mirror_plugin [None req-b7c19fd0-41fc-4f6f-9e1c-fbb804f124bf 8fde13db489e498391541f1d48aeb1e1 d7e448f190c843b497a089376588d2d4 - - default default] Tap Mirror: Handle Delete Port: 490afc09-17bf-4233-972e-dacf6db13cd0 [pid: 8|app: 0|req: 672/1319] 10.0.0.133 () {32 vars in 720 bytes} [Mon Apr 27 17:59:57 2026] DELETE /v2.0/ports/490afc09-17bf-4233-972e-dacf6db13cd0 => generated 0 bytes in 344 msecs (HTTP/1.1 204) 3 headers in 131 bytes (1 switches on core 0) [pid: 8|app: 0|req: 673/1320] 10.0.0.16 () {34 vars in 989 bytes} [Mon Apr 27 17:59:57 2026] GET /v2.0/ports?device_id=f10f8ef8-a9f2-4c5f-84ae-7cdbf0f21747 => generated 973 bytes in 42 msecs (HTTP/1.1 200) 4 headers in 157 bytes (1 switches on core 0)
2026-04-27 17:59:57.981 8 INFO neutron.pecan_wsgi.hooks.translation [None req-79d77173-19d9-4c6c-92cd-6f5dce0353d2 8fde13db489e498391541f1d48aeb1e1 d7e448f190c843b497a089376588d2d4 - - default default] GET failed (client error): The resource could not be found. [pid: 8|app: 0|req: 674/1321] 10.0.0.133 () {32 vars in 717 bytes} [Mon Apr 27 17:59:57 2026] GET /v2.0/ports/490afc09-17bf-4233-972e-dacf6db13cd0 => generated 132 bytes in 13 msecs (HTTP/1.1 404) 4 headers in 164 bytes (1 switches on core 0) [pid: 8|app: 0|req: 675/1322] 10.0.0.16 () {34 vars in 1039 bytes} [Mon Apr 27 17:59:57 2026] GET /v2.0/security-groups?id=f3ecdb9d-485c-4dad-8c5d-1dda24b578b2&fields=id&fields=name => generated 114 bytes in 44 msecs (HTTP/1.1 200) 4 headers in 157 bytes (1 switches on core 0)
2026-04-27 17:59:58.060 7 INFO neutron.db.ovn_revision_numbers_db [None req-f6ce787a-1abd-477e-a209-4c4d4863d8f8 97413f5497ca4047a8ea444735cccfde 07a36f8f261d46a4888f3db323e7b284 - - default default] Successfully bumped revision number for resource 42543f21-c4a2-4d86-9935-02da9cfe23f6 (type: security_groups) to 1
2026-04-27 17:59:58.081 7 INFO neutron.db.ovn_revision_numbers_db [None req-f6ce787a-1abd-477e-a209-4c4d4863d8f8 97413f5497ca4047a8ea444735cccfde 07a36f8f261d46a4888f3db323e7b284 - - default default] Successfully bumped revision number for resource 5c1fd993-44c5-44d4-a7d6-82fb77e9d8e7 (type: security_group_rules) to 0
2026-04-27 17:59:58.094 7 INFO neutron.db.ovn_revision_numbers_db [None req-f6ce787a-1abd-477e-a209-4c4d4863d8f8 97413f5497ca4047a8ea444735cccfde 07a36f8f261d46a4888f3db323e7b284 - - default default] Successfully bumped revision number for resource 7117e3a1-8b47-4d81-8d76-d94cae5abb6b (type: security_group_rules) to 0
2026-04-27 17:59:58.106 7 INFO neutron.db.ovn_revision_numbers_db [None req-f6ce787a-1abd-477e-a209-4c4d4863d8f8 97413f5497ca4047a8ea444735cccfde 07a36f8f261d46a4888f3db323e7b284 - - default default] Successfully bumped revision number for resource c92db62e-6e8d-40fb-803f-83c050d1a574 (type: security_group_rules) to 0
2026-04-27 17:59:58.118 7 INFO neutron.db.ovn_revision_numbers_db [None req-f6ce787a-1abd-477e-a209-4c4d4863d8f8 97413f5497ca4047a8ea444735cccfde 07a36f8f261d46a4888f3db323e7b284 - - default default] Successfully bumped revision number for resource e925aed9-05dc-45a3-a719-9810b9a5fb58 (type: security_group_rules) to 0 [pid: 8|app: 0|req: 676/1323] 10.0.0.133 () {32 vars in 724 bytes} [Mon Apr 27 17:59:58 2026] DELETE /v2.0/subnets/59afa0c0-8c54-4cdc-93ca-363ef8758394 => generated 0 bytes in 207 msecs (HTTP/1.1 204) 3 headers in 131 bytes (1 switches on core 0)
2026-04-27 17:59:58.241 7 INFO neutron.db.segments_db [None req-f6ce787a-1abd-477e-a209-4c4d4863d8f8 97413f5497ca4047a8ea444735cccfde 07a36f8f261d46a4888f3db323e7b284 - - default default] Added segment fc5abb8d-c07e-4ac2-b39d-c6abd80a39a2 of type geneve for network 4ed5c4db-85d5-4376-940d-e94ee75f5f79
2026-04-27 17:59:58.326 7 INFO neutron.db.segments_db [None req-f6ce787a-1abd-477e-a209-4c4d4863d8f8 97413f5497ca4047a8ea444735cccfde 07a36f8f261d46a4888f3db323e7b284 - - default default] Added segment 177e5bc8-984a-4f0a-8d5d-5e421712ab82 of type geneve for network 0e30670e-c177-416d-ad61-94901655d05b
2026-04-27 17:59:58.376 8 INFO neutron_taas.services.taas.taas_plugin [None req-416d53e7-e03c-43cb-89e7-cffa16ebd12f 8fde13db489e498391541f1d48aeb1e1 d7e448f190c843b497a089376588d2d4 - - default default] TaaS: Handle Delete Port: d5e7bd24-f3b3-4851-98e0-e10e4e603f50
2026-04-27 17:59:58.380 8 INFO neutron_taas.services.taas.tap_mirror_plugin [None req-416d53e7-e03c-43cb-89e7-cffa16ebd12f 8fde13db489e498391541f1d48aeb1e1 d7e448f190c843b497a089376588d2d4 - - default default] Tap Mirror: Handle Delete Port: d5e7bd24-f3b3-4851-98e0-e10e4e603f50
2026-04-27 17:59:58.466 7 INFO neutron.db.ovn_revision_numbers_db [None req-f6ce787a-1abd-477e-a209-4c4d4863d8f8 97413f5497ca4047a8ea444735cccfde 07a36f8f261d46a4888f3db323e7b284 - - default default] Successfully bumped revision number for resource 4ed5c4db-85d5-4376-940d-e94ee75f5f79 (type: networks) to 1
2026-04-27 17:59:58.594 8 INFO neutron.services.segments.plugin [-] Segment b736a4d3-baf0-4767-a6d0-5519f1aaf4ce resource provider aggregate not found
2026-04-27 17:59:58.600 8 INFO neutron.services.segments.plugin [-] Segment b736a4d3-baf0-4767-a6d0-5519f1aaf4ce resource provider aggregate not found
2026-04-27 17:59:58.615 8 INFO neutron.services.segments.plugin [-] Segment b736a4d3-baf0-4767-a6d0-5519f1aaf4ce resource provider not found; error: Placement Client Error (4xx): {"errors": [{"status": 404, "title": "Not Found", "detail": "The resource could not be found.\n\n No resource provider with uuid b736a4d3-baf0-4767-a6d0-5519f1aaf4ce found for delete ", "request_id": "req-98f68bf9-d82a-453c-92f3-6214da25ae56"}]}
2026-04-27 17:59:58.618 8 INFO neutron.services.segments.plugin [-] Segment b736a4d3-baf0-4767-a6d0-5519f1aaf4ce resource provider not found; error: Placement Client Error (4xx): {"errors": [{"status": 404, "title": "Not Found", "detail": "The resource could not be found.\n\n No resource provider with uuid b736a4d3-baf0-4767-a6d0-5519f1aaf4ce found for delete ", "request_id": "req-15c9be4e-9aa6-496d-9ddd-b7572b6fa857"}]} [pid: 8|app: 0|req: 677/1324] 10.0.0.133 () {32 vars in 726 bytes} [Mon Apr 27 17:59:58 2026] DELETE /v2.0/networks/049dea6b-236e-4948-a6cd-32781a2bd944 => generated 0 bytes in 414 msecs (HTTP/1.1 204) 3 headers in 131 bytes (1 switches on core 0)
2026-04-27 17:59:58.683 7 WARNING neutron.scheduler.dhcp_agent_scheduler [None req-f6ce787a-1abd-477e-a209-4c4d4863d8f8 97413f5497ca4047a8ea444735cccfde 07a36f8f261d46a4888f3db323e7b284 - - default default] No more DHCP agents
2026-04-27 17:59:58.684 7 WARNING neutron.api.rpc.agentnotifiers.dhcp_rpc_agent_api [None req-f6ce787a-1abd-477e-a209-4c4d4863d8f8 97413f5497ca4047a8ea444735cccfde 07a36f8f261d46a4888f3db323e7b284 - - default default] Unable to schedule network 4ed5c4db-85d5-4376-940d-e94ee75f5f79: no agents available; will retry on subsequent port and subnet creation events.
2026-04-27 17:59:58.756 8 INFO neutron.plugins.ml2.drivers.ovn.mech_driver.mech_driver [None req-2e4ac844-80f0-4dd4-a825-658cf5a871a2 - - - - - -] OVN reports status down for port: a31a42eb-3a42-416d-b8a4-6915e6debd13
2026-04-27 17:59:58.781 7 INFO neutron.db.ovn_revision_numbers_db [None req-f6ce787a-1abd-477e-a209-4c4d4863d8f8 97413f5497ca4047a8ea444735cccfde 07a36f8f261d46a4888f3db323e7b284 - - default default] Successfully bumped revision number for resource a31a42eb-3a42-416d-b8a4-6915e6debd13 (type: ports) to 1
2026-04-27 17:59:58.866 7 INFO neutron.db.ovn_revision_numbers_db [None req-f6ce787a-1abd-477e-a209-4c4d4863d8f8 97413f5497ca4047a8ea444735cccfde 07a36f8f261d46a4888f3db323e7b284 - - default default] Successfully bumped revision number for resource 0e30670e-c177-416d-ad61-94901655d05b (type: networks) to 1
2026-04-27 17:59:58.952 8 WARNING neutron.scheduler.dhcp_agent_scheduler [None req-cbbf537d-942f-437c-a915-3808de2e8544 8fde13db489e498391541f1d48aeb1e1 d7e448f190c843b497a089376588d2d4 - - default default] No more DHCP agents
2026-04-27 17:59:58.953 8 WARNING neutron.api.rpc.agentnotifiers.dhcp_rpc_agent_api [None req-cbbf537d-942f-437c-a915-3808de2e8544 8fde13db489e498391541f1d48aeb1e1 d7e448f190c843b497a089376588d2d4 - - default default] Unable to schedule network 663b1a4b-1a6c-4baf-bca9-06c4cbc34118: no agents available; will retry on subsequent port and subnet creation events.
2026-04-27 17:59:59.003 8 INFO neutron.plugins.ml2.drivers.ovn.mech_driver.mech_driver [None req-2e4ac844-80f0-4dd4-a825-658cf5a871a2 - - - - - -] OVN reports status down for port: 931bb1db-37a8-406a-bc0c-daf862be7b3a
2026-04-27 17:59:59.056 7 WARNING neutron.scheduler.dhcp_agent_scheduler [None req-f6ce787a-1abd-477e-a209-4c4d4863d8f8 97413f5497ca4047a8ea444735cccfde 07a36f8f261d46a4888f3db323e7b284 - - default default] No more DHCP agents
2026-04-27 17:59:59.058 7 WARNING neutron.api.rpc.agentnotifiers.dhcp_rpc_agent_api [None req-f6ce787a-1abd-477e-a209-4c4d4863d8f8 97413f5497ca4047a8ea444735cccfde 07a36f8f261d46a4888f3db323e7b284 - - default default] Unable to schedule network 0e30670e-c177-416d-ad61-94901655d05b: no agents available; will retry on subsequent port and subnet creation events.
2026-04-27 17:59:59.058 8 INFO neutron.db.ovn_revision_numbers_db [None req-cbbf537d-942f-437c-a915-3808de2e8544 8fde13db489e498391541f1d48aeb1e1 d7e448f190c843b497a089376588d2d4 - - default default] Successfully bumped revision number for resource 931bb1db-37a8-406a-bc0c-daf862be7b3a (type: ports) to 1
2026-04-27 17:59:59.137 8 INFO neutron.plugins.ml2.drivers.ovn.mech_driver.mech_driver [None req-2e4ac844-80f0-4dd4-a825-658cf5a871a2 - - - - - -] OVN reports status down for port: 9aa1f2b0-98cc-49d6-b7c2-a433b1017f62
2026-04-27 17:59:59.143 7 INFO neutron.db.ovn_revision_numbers_db [None req-f6ce787a-1abd-477e-a209-4c4d4863d8f8 97413f5497ca4047a8ea444735cccfde 07a36f8f261d46a4888f3db323e7b284 - - default default] Successfully bumped revision number for resource 9aa1f2b0-98cc-49d6-b7c2-a433b1017f62 (type: ports) to 1 [pid: 8|app: 0|req: 678/1325] 10.0.0.133 () {34 vars in 665 bytes} [Mon Apr 27 17:59:58 2026] POST /v2.0/ports => generated 775 bytes in 517 msecs (HTTP/1.1 201) 4 headers in 162 bytes (1 switches on core 0) [pid: 7|app: 0|req: 648/1326] 10.0.0.133 () {34 vars in 670 bytes} [Mon Apr 27 17:59:57 2026] POST /v2.0/networks => generated 1321 bytes in 1512 msecs (HTTP/1.1 201) 4 headers in 163 bytes (1 switches on core 0) /var/lib/openstack/lib/python3.12/site-packages/pycadf/identifier.py:70: UserWarning: Invalid uuid: neutron. To ensure interoperability, identifiers should be a valid uuid. warnings.warn(('Invalid uuid: %s. To ensure interoperability, ' [pid: 8|app: 0|req: 679/1327] 10.0.0.16 () {34 vars in 989 bytes} [Mon Apr 27 17:59:59 2026] GET /v2.0/ports?device_id=f10f8ef8-a9f2-4c5f-84ae-7cdbf0f21747 => generated 973 bytes in 75 msecs (HTTP/1.1 200) 4 headers in 157 bytes (1 switches on core 0) [pid: 8|app: 0|req: 680/1328] 10.0.0.133 () {32 vars in 649 bytes} [Mon Apr 27 17:59:59 2026] GET /v2.0/networks => generated 1970 bytes in 65 msecs (HTTP/1.1 200) 4 headers in 158 bytes (1 switches on core 0) [pid: 8|app: 0|req: 681/1329] 10.0.0.16 () {34 vars in 1039 bytes} [Mon Apr 27 17:59:59 2026] GET /v2.0/security-groups?id=f3ecdb9d-485c-4dad-8c5d-1dda24b578b2&fields=id&fields=name => generated 114 bytes in 25 msecs (HTTP/1.1 200) 4 headers in 157 bytes (1 switches on core 0)
2026-04-27 17:59:59.409 8 INFO neutron.plugins.ml2.drivers.ovn.mech_driver.mech_driver [None req-2e4ac844-80f0-4dd4-a825-658cf5a871a2 - - - - - -] OVN reports status down for port: 931bb1db-37a8-406a-bc0c-daf862be7b3a
2026-04-27 17:59:59.434 7 INFO neutron.db.ovn_revision_numbers_db [None req-bda70bcf-89e7-45e1-80ef-e25d5a48aba4 8fde13db489e498391541f1d48aeb1e1 d7e448f190c843b497a089376588d2d4 - - default default] Successfully bumped revision number for resource 931bb1db-37a8-406a-bc0c-daf862be7b3a (type: ports) to 2 [pid: 7|app: 0|req: 649/1330] 10.0.0.133 () {34 vars in 737 bytes} [Mon Apr 27 17:59:59 2026] PUT /v2.0/ports/931bb1db-37a8-406a-bc0c-daf862be7b3a => generated 752 bytes in 307 msecs (HTTP/1.1 200) 4 headers in 157 bytes (1 switches on core 0) /var/lib/openstack/lib/python3.12/site-packages/pycadf/identifier.py:70: UserWarning: Invalid uuid: neutron. To ensure interoperability, identifiers should be a valid uuid. warnings.warn(('Invalid uuid: %s. To ensure interoperability, '
2026-04-27 17:59:59.510 8 INFO neutron_taas.services.taas.taas_plugin [None req-918cfdec-5839-4942-9795-eb0c103f5d06 97413f5497ca4047a8ea444735cccfde 07a36f8f261d46a4888f3db323e7b284 - - default default] TaaS: Handle Delete Port: a31a42eb-3a42-416d-b8a4-6915e6debd13
2026-04-27 17:59:59.515 8 INFO neutron_taas.services.taas.tap_mirror_plugin [None req-918cfdec-5839-4942-9795-eb0c103f5d06 97413f5497ca4047a8ea444735cccfde 07a36f8f261d46a4888f3db323e7b284 - - default default] Tap Mirror: Handle Delete Port: a31a42eb-3a42-416d-b8a4-6915e6debd13
2026-04-27 17:59:59.600 7 INFO neutron_taas.services.taas.taas_plugin [None req-a8c86bf9-31e5-4cd0-ac80-5ca4266a799b 8fde13db489e498391541f1d48aeb1e1 d7e448f190c843b497a089376588d2d4 - - default default] TaaS: Handle Delete Port: 931bb1db-37a8-406a-bc0c-daf862be7b3a
2026-04-27 17:59:59.603 7 INFO neutron_taas.services.taas.tap_mirror_plugin [None req-a8c86bf9-31e5-4cd0-ac80-5ca4266a799b 8fde13db489e498391541f1d48aeb1e1 d7e448f190c843b497a089376588d2d4 - - default default] Tap Mirror: Handle Delete Port: 931bb1db-37a8-406a-bc0c-daf862be7b3a [pid: 7|app: 0|req: 650/1331] 10.0.0.133 () {32 vars in 720 bytes} [Mon Apr 27 17:59:59 2026] DELETE /v2.0/ports/931bb1db-37a8-406a-bc0c-daf862be7b3a => generated 0 bytes in 240 msecs (HTTP/1.1 204) 3 headers in 131 bytes (1 switches on core 0) [pid: 8|app: 0|req: 682/1332] 10.0.0.133 () {32 vars in 726 bytes} [Mon Apr 27 17:59:59 2026] DELETE /v2.0/networks/4ed5c4db-85d5-4376-940d-e94ee75f5f79 => generated 0 bytes in 407 msecs (HTTP/1.1 204) 3 headers in 131 bytes (1 switches on core 0) [pid: 7|app: 0|req: 651/1333] 10.0.0.133 () {32 vars in 643 bytes} [Mon Apr 27 17:59:59 2026] GET /v2.0/ports => generated 1533 bytes in 63 msecs (HTTP/1.1 200) 4 headers in 158 bytes (1 switches on core 0)
