2026-03-06 01:48:00.046 7 INFO cinder.api.openstack.wsgi [None req-65532be5-c7fc-4ea9-b16d-4b46a7b3e0cf e0fef1b2248149b5ae0cc43a550ffe1d b44374b6fb9642eaa5e49fe0925f709d - - default default] http://cinder-api.openstack.svc.cluster.local:8776/v3/b44374b6fb9642eaa5e49fe0925f709d/volumes/detail?all_tenants=true returned with HTTP 200 [pid: 7|app: 0|req: 471/942] 10.0.0.151 () {28 vars in 684 bytes} [Fri Mar 6 01:48:00 2026] GET /v3/b44374b6fb9642eaa5e49fe0925f709d/volumes/detail?all_tenants=true => generated 1790 bytes in 23 msecs (HTTP/1.1 200) 7 headers in 286 bytes (1 switches on core 0)
2026-03-06 01:48:00.056 8 INFO cinder.api.openstack.wsgi [None req-3ce58d21-a256-4abc-b9c1-9f44ae8ebfab e0fef1b2248149b5ae0cc43a550ffe1d b44374b6fb9642eaa5e49fe0925f709d - - default default] GET http://cinder-api.openstack.svc.cluster.local:8776/v3/b44374b6fb9642eaa5e49fe0925f709d/snapshots?all_tenants=true
2026-03-06 01:48:00.061 8 INFO cinder.volume.api [None req-3ce58d21-a256-4abc-b9c1-9f44ae8ebfab e0fef1b2248149b5ae0cc43a550ffe1d b44374b6fb9642eaa5e49fe0925f709d - - default default] Get all snapshots completed successfully.
2026-03-06 01:48:00.062 8 INFO cinder.api.openstack.wsgi [None req-3ce58d21-a256-4abc-b9c1-9f44ae8ebfab e0fef1b2248149b5ae0cc43a550ffe1d b44374b6fb9642eaa5e49fe0925f709d - - default default] http://cinder-api.openstack.svc.cluster.local:8776/v3/b44374b6fb9642eaa5e49fe0925f709d/snapshots?all_tenants=true returned with HTTP 200 [pid: 8|app: 0|req: 472/943] 10.0.0.151 () {28 vars in 674 bytes} [Fri Mar 6 01:48:00 2026] GET /v3/b44374b6fb9642eaa5e49fe0925f709d/snapshots?all_tenants=true => generated 17 bytes in 10 msecs (HTTP/1.1 200) 7 headers in 284 bytes (1 switches on core 0) /var/lib/openstack/lib/python3.12/site-packages/pycadf/identifier.py:70: UserWarning: Invalid uuid: cinderv3. To ensure interoperability, identifiers should be a valid uuid. warnings.warn(('Invalid uuid: %s. To ensure interoperability, '
2026-03-06 01:48:00.075 7 INFO cinder.api.openstack.wsgi [None req-3aabeecb-6287-490b-afda-8fac57197d5f e0fef1b2248149b5ae0cc43a550ffe1d b44374b6fb9642eaa5e49fe0925f709d - - default default] GET http://cinder-api.openstack.svc.cluster.local:8776/v3/b44374b6fb9642eaa5e49fe0925f709d/scheduler-stats/get_pools?detail=true
2026-03-06 01:48:00.578 7 INFO cinder.api.openstack.wsgi [None req-3aabeecb-6287-490b-afda-8fac57197d5f e0fef1b2248149b5ae0cc43a550ffe1d b44374b6fb9642eaa5e49fe0925f709d - - default default] http://cinder-api.openstack.svc.cluster.local:8776/v3/b44374b6fb9642eaa5e49fe0925f709d/scheduler-stats/get_pools?detail=true returned with HTTP 200 [pid: 7|app: 0|req: 472/944] 10.0.0.151 () {28 vars in 696 bytes} [Fri Mar 6 01:48:00 2026] GET /v3/b44374b6fb9642eaa5e49fe0925f709d/scheduler-stats/get_pools?detail=true => generated 670 bytes in 513 msecs (HTTP/1.1 200) 7 headers in 285 bytes (1 switches on core 0)
2026-03-06 01:48:00.621 8 INFO cinder.api.openstack.wsgi [None req-766b79d2-641c-4897-aa9f-5bef2c6de273 e0fef1b2248149b5ae0cc43a550ffe1d b44374b6fb9642eaa5e49fe0925f709d - - default default] GET http://cinder-api.openstack.svc.cluster.local:8776/v3/b44374b6fb9642eaa5e49fe0925f709d/os-quota-sets/018bd875af4f4f01a0348d7e3f43d93f?usage=true
2026-03-06 01:48:00.641 8 INFO cinder.api.openstack.wsgi [None req-766b79d2-641c-4897-aa9f-5bef2c6de273 e0fef1b2248149b5ae0cc43a550ffe1d b44374b6fb9642eaa5e49fe0925f709d - - default default] http://cinder-api.openstack.svc.cluster.local:8776/v3/b44374b6fb9642eaa5e49fe0925f709d/os-quota-sets/018bd875af4f4f01a0348d7e3f43d93f?usage=true returned with HTTP 200 [pid: 8|app: 0|req: 473/945] 10.0.0.151 () {28 vars in 736 bytes} [Fri Mar 6 01:48:00 2026] GET /v3/b44374b6fb9642eaa5e49fe0925f709d/os-quota-sets/018bd875af4f4f01a0348d7e3f43d93f?usage=true => generated 847 bytes in 29 msecs (HTTP/1.1 200) 7 headers in 285 bytes (1 switches on core 0)
2026-03-06 01:48:00.654 7 INFO cinder.api.openstack.wsgi [None req-730cd93a-3b4c-4635-98cb-61a292c3c867 e0fef1b2248149b5ae0cc43a550ffe1d b44374b6fb9642eaa5e49fe0925f709d - - default default] GET http://cinder-api.openstack.svc.cluster.local:8776/v3/b44374b6fb9642eaa5e49fe0925f709d/os-quota-sets/35acaefacdef412a9ce1ee224d189365?usage=true
2026-03-06 01:48:00.685 7 INFO cinder.api.openstack.wsgi [None req-730cd93a-3b4c-4635-98cb-61a292c3c867 e0fef1b2248149b5ae0cc43a550ffe1d b44374b6fb9642eaa5e49fe0925f709d - - default default] http://cinder-api.openstack.svc.cluster.local:8776/v3/b44374b6fb9642eaa5e49fe0925f709d/os-quota-sets/35acaefacdef412a9ce1ee224d189365?usage=true returned with HTTP 200 [pid: 7|app: 0|req: 473/946] 10.0.0.151 () {28 vars in 736 bytes} [Fri Mar 6 01:48:00 2026] GET /v3/b44374b6fb9642eaa5e49fe0925f709d/os-quota-sets/35acaefacdef412a9ce1ee224d189365?usage=true => generated 847 bytes in 40 msecs (HTTP/1.1 200) 7 headers in 285 bytes (1 switches on core 0)
2026-03-06 01:48:00.697 8 INFO cinder.api.openstack.wsgi [None req-6d4d5cfb-627f-45ed-90d8-85499b8d0ad0 e0fef1b2248149b5ae0cc43a550ffe1d b44374b6fb9642eaa5e49fe0925f709d - - default default] GET http://cinder-api.openstack.svc.cluster.local:8776/v3/b44374b6fb9642eaa5e49fe0925f709d/os-quota-sets/480c9875df134e10be4ff564a5b6bb10?usage=true
2026-03-06 01:48:00.716 8 INFO cinder.api.openstack.wsgi [None req-6d4d5cfb-627f-45ed-90d8-85499b8d0ad0 e0fef1b2248149b5ae0cc43a550ffe1d b44374b6fb9642eaa5e49fe0925f709d - - default default] http://cinder-api.openstack.svc.cluster.local:8776/v3/b44374b6fb9642eaa5e49fe0925f709d/os-quota-sets/480c9875df134e10be4ff564a5b6bb10?usage=true returned with HTTP 200 [pid: 8|app: 0|req: 474/947] 10.0.0.151 () {28 vars in 736 bytes} [Fri Mar 6 01:48:00 2026] GET /v3/b44374b6fb9642eaa5e49fe0925f709d/os-quota-sets/480c9875df134e10be4ff564a5b6bb10?usage=true => generated 847 bytes in 27 msecs (HTTP/1.1 200) 7 headers in 285 bytes (1 switches on core 0)
2026-03-06 01:48:00.727 7 INFO cinder.api.openstack.wsgi [None req-649ab7b1-b112-4780-a36f-05dddc2f35ad e0fef1b2248149b5ae0cc43a550ffe1d b44374b6fb9642eaa5e49fe0925f709d - - default default] GET http://cinder-api.openstack.svc.cluster.local:8776/v3/b44374b6fb9642eaa5e49fe0925f709d/os-quota-sets/60aad21e06ca460f858d99f506eea557?usage=true
2026-03-06 01:48:00.751 7 INFO cinder.api.openstack.wsgi [None req-649ab7b1-b112-4780-a36f-05dddc2f35ad e0fef1b2248149b5ae0cc43a550ffe1d b44374b6fb9642eaa5e49fe0925f709d - - default default] http://cinder-api.openstack.svc.cluster.local:8776/v3/b44374b6fb9642eaa5e49fe0925f709d/os-quota-sets/60aad21e06ca460f858d99f506eea557?usage=true returned with HTTP 200 [pid: 7|app: 0|req: 474/948] 10.0.0.151 () {28 vars in 736 bytes} [Fri Mar 6 01:48:00 2026] GET /v3/b44374b6fb9642eaa5e49fe0925f709d/os-quota-sets/60aad21e06ca460f858d99f506eea557?usage=true => generated 847 bytes in 31 msecs (HTTP/1.1 200) 7 headers in 285 bytes (1 switches on core 0)
2026-03-06 01:48:00.763 8 INFO cinder.api.openstack.wsgi [None req-872aae6c-527b-41e8-9f33-077e7745430f e0fef1b2248149b5ae0cc43a550ffe1d b44374b6fb9642eaa5e49fe0925f709d - - default default] GET http://cinder-api.openstack.svc.cluster.local:8776/v3/b44374b6fb9642eaa5e49fe0925f709d/os-quota-sets/88c8ff36436b45cb92fbac56652b3839?usage=true
2026-03-06 01:48:00.789 8 INFO cinder.api.openstack.wsgi [None req-872aae6c-527b-41e8-9f33-077e7745430f e0fef1b2248149b5ae0cc43a550ffe1d b44374b6fb9642eaa5e49fe0925f709d - - default default] http://cinder-api.openstack.svc.cluster.local:8776/v3/b44374b6fb9642eaa5e49fe0925f709d/os-quota-sets/88c8ff36436b45cb92fbac56652b3839?usage=true returned with HTTP 200 [pid: 8|app: 0|req: 475/949] 10.0.0.151 () {28 vars in 736 bytes} [Fri Mar 6 01:48:00 2026] GET /v3/b44374b6fb9642eaa5e49fe0925f709d/os-quota-sets/88c8ff36436b45cb92fbac56652b3839?usage=true => generated 845 bytes in 34 msecs (HTTP/1.1 200) 7 headers in 285 bytes (1 switches on core 0)
2026-03-06 01:48:00.798 7 INFO cinder.api.openstack.wsgi [None req-017e235b-db1d-464c-8b16-660e61722f2c e0fef1b2248149b5ae0cc43a550ffe1d b44374b6fb9642eaa5e49fe0925f709d - - default default] GET http://cinder-api.openstack.svc.cluster.local:8776/v3/b44374b6fb9642eaa5e49fe0925f709d/os-quota-sets/b44374b6fb9642eaa5e49fe0925f709d?usage=true
2026-03-06 01:48:00.815 7 INFO cinder.api.openstack.wsgi [None req-017e235b-db1d-464c-8b16-660e61722f2c e0fef1b2248149b5ae0cc43a550ffe1d b44374b6fb9642eaa5e49fe0925f709d - - default default] http://cinder-api.openstack.svc.cluster.local:8776/v3/b44374b6fb9642eaa5e49fe0925f709d/os-quota-sets/b44374b6fb9642eaa5e49fe0925f709d?usage=true returned with HTTP 200 [pid: 7|app: 0|req: 475/950] 10.0.0.151 () {28 vars in 736 bytes} [Fri Mar 6 01:48:00 2026] GET /v3/b44374b6fb9642eaa5e49fe0925f709d/os-quota-sets/b44374b6fb9642eaa5e49fe0925f709d?usage=true => generated 847 bytes in 23 msecs (HTTP/1.1 200) 7 headers in 285 bytes (1 switches on core 0)
2026-03-06 01:48:00.826 8 INFO cinder.api.openstack.wsgi [None req-e8608abf-1a77-4ecf-838b-7ebf35163575 e0fef1b2248149b5ae0cc43a550ffe1d b44374b6fb9642eaa5e49fe0925f709d - - default default] GET http://cinder-api.openstack.svc.cluster.local:8776/v3/b44374b6fb9642eaa5e49fe0925f709d/os-quota-sets/b861b131c9cf42faa454f7e9dae36f7c?usage=true
2026-03-06 01:48:00.848 8 INFO cinder.api.openstack.wsgi [None req-e8608abf-1a77-4ecf-838b-7ebf35163575 e0fef1b2248149b5ae0cc43a550ffe1d b44374b6fb9642eaa5e49fe0925f709d - - default default] http://cinder-api.openstack.svc.cluster.local:8776/v3/b44374b6fb9642eaa5e49fe0925f709d/os-quota-sets/b861b131c9cf42faa454f7e9dae36f7c?usage=true returned with HTTP 200 [pid: 8|app: 0|req: 476/951] 10.0.0.151 () {28 vars in 736 bytes} [Fri Mar 6 01:48:00 2026] GET /v3/b44374b6fb9642eaa5e49fe0925f709d/os-quota-sets/b861b131c9cf42faa454f7e9dae36f7c?usage=true => generated 847 bytes in 30 msecs (HTTP/1.1 200) 7 headers in 285 bytes (1 switches on core 0)
2026-03-06 01:48:00.861 7 INFO cinder.api.openstack.wsgi [None req-effa89da-8214-4210-826d-a5bba8964bc7 e0fef1b2248149b5ae0cc43a550ffe1d b44374b6fb9642eaa5e49fe0925f709d - - default default] GET http://cinder-api.openstack.svc.cluster.local:8776/v3/b44374b6fb9642eaa5e49fe0925f709d/os-quota-sets/bcf9d581aaea469a82916891447aa7df?usage=true
2026-03-06 01:48:00.878 7 INFO cinder.api.openstack.wsgi [None req-effa89da-8214-4210-826d-a5bba8964bc7 e0fef1b2248149b5ae0cc43a550ffe1d b44374b6fb9642eaa5e49fe0925f709d - - default default] http://cinder-api.openstack.svc.cluster.local:8776/v3/b44374b6fb9642eaa5e49fe0925f709d/os-quota-sets/bcf9d581aaea469a82916891447aa7df?usage=true returned with HTTP 200 [pid: 7|app: 0|req: 476/952] 10.0.0.151 () {28 vars in 736 bytes} [Fri Mar 6 01:48:00 2026] GET /v3/b44374b6fb9642eaa5e49fe0925f709d/os-quota-sets/bcf9d581aaea469a82916891447aa7df?usage=true => generated 847 bytes in 26 msecs (HTTP/1.1 200) 7 headers in 285 bytes (1 switches on core 0)
2026-03-06 01:48:00.889 8 INFO cinder.api.openstack.wsgi [None req-5a5864ff-5372-4cbe-8960-1e0b0d754a59 e0fef1b2248149b5ae0cc43a550ffe1d b44374b6fb9642eaa5e49fe0925f709d - - default default] GET http://cinder-api.openstack.svc.cluster.local:8776/v3/b44374b6fb9642eaa5e49fe0925f709d/os-quota-sets/c191b797a8b34a5a954bcc5b34db841c?usage=true
2026-03-06 01:48:00.910 8 INFO cinder.api.openstack.wsgi [None req-5a5864ff-5372-4cbe-8960-1e0b0d754a59 e0fef1b2248149b5ae0cc43a550ffe1d b44374b6fb9642eaa5e49fe0925f709d - - default default] http://cinder-api.openstack.svc.cluster.local:8776/v3/b44374b6fb9642eaa5e49fe0925f709d/os-quota-sets/c191b797a8b34a5a954bcc5b34db841c?usage=true returned with HTTP 200 [pid: 8|app: 0|req: 477/953] 10.0.0.151 () {28 vars in 736 bytes} [Fri Mar 6 01:48:00 2026] GET /v3/b44374b6fb9642eaa5e49fe0925f709d/os-quota-sets/c191b797a8b34a5a954bcc5b34db841c?usage=true => generated 847 bytes in 29 msecs (HTTP/1.1 200) 7 headers in 285 bytes (1 switches on core 0)
2026-03-06 01:48:00.921 7 INFO cinder.api.openstack.wsgi [None req-90f27bba-5337-4caa-9316-33c45afbf562 e0fef1b2248149b5ae0cc43a550ffe1d b44374b6fb9642eaa5e49fe0925f709d - - default default] GET http://cinder-api.openstack.svc.cluster.local:8776/v3/b44374b6fb9642eaa5e49fe0925f709d/os-quota-sets/e26f7c2dc3484e21a99f989a38610f59?usage=true
2026-03-06 01:48:00.951 7 INFO cinder.api.openstack.wsgi [None req-90f27bba-5337-4caa-9316-33c45afbf562 e0fef1b2248149b5ae0cc43a550ffe1d b44374b6fb9642eaa5e49fe0925f709d - - default default] http://cinder-api.openstack.svc.cluster.local:8776/v3/b44374b6fb9642eaa5e49fe0925f709d/os-quota-sets/e26f7c2dc3484e21a99f989a38610f59?usage=true returned with HTTP 200 [pid: 7|app: 0|req: 477/954] 10.0.0.151 () {28 vars in 736 bytes} [Fri Mar 6 01:48:00 2026] GET /v3/b44374b6fb9642eaa5e49fe0925f709d/os-quota-sets/e26f7c2dc3484e21a99f989a38610f59?usage=true => generated 847 bytes in 38 msecs (HTTP/1.1 200) 7 headers in 285 bytes (1 switches on core 0)
2026-03-06 01:48:00.962 8 INFO cinder.api.openstack.wsgi [None req-4e259c44-46a8-45a4-b841-20b76a43f96b e0fef1b2248149b5ae0cc43a550ffe1d b44374b6fb9642eaa5e49fe0925f709d - - default default] GET http://cinder-api.openstack.svc.cluster.local:8776/v3/b44374b6fb9642eaa5e49fe0925f709d/os-quota-sets/ee713db469144d658c8b9e2b2716f0ce?usage=true
2026-03-06 01:48:00.982 8 INFO cinder.api.openstack.wsgi [None req-4e259c44-46a8-45a4-b841-20b76a43f96b e0fef1b2248149b5ae0cc43a550ffe1d b44374b6fb9642eaa5e49fe0925f709d - - default default] http://cinder-api.openstack.svc.cluster.local:8776/v3/b44374b6fb9642eaa5e49fe0925f709d/os-quota-sets/ee713db469144d658c8b9e2b2716f0ce?usage=true returned with HTTP 200 [pid: 8|app: 0|req: 478/955] 10.0.0.151 () {28 vars in 736 bytes} [Fri Mar 6 01:48:00 2026] GET /v3/b44374b6fb9642eaa5e49fe0925f709d/os-quota-sets/ee713db469144d658c8b9e2b2716f0ce?usage=true => generated 847 bytes in 28 msecs (HTTP/1.1 200) 7 headers in 285 bytes (1 switches on core 0)
2026-03-06 01:48:04.315 7 INFO cinder.api.openstack.wsgi [None req-90f27bba-5337-4caa-9316-33c45afbf562 e0fef1b2248149b5ae0cc43a550ffe1d b44374b6fb9642eaa5e49fe0925f709d - - default default] GET http://10.0.0.219:8776/
2026-03-06 01:48:04.315 8 INFO cinder.api.openstack.wsgi [None req-4e259c44-46a8-45a4-b841-20b76a43f96b e0fef1b2248149b5ae0cc43a550ffe1d b44374b6fb9642eaa5e49fe0925f709d - - default default] GET http://10.0.0.219:8776/
2026-03-06 01:48:04.316 7 INFO cinder.api.openstack.wsgi [None req-90f27bba-5337-4caa-9316-33c45afbf562 e0fef1b2248149b5ae0cc43a550ffe1d b44374b6fb9642eaa5e49fe0925f709d - - default default] http://10.0.0.219:8776/ returned with HTTP 300
2026-03-06 01:48:04.316 8 INFO cinder.api.openstack.wsgi [None req-4e259c44-46a8-45a4-b841-20b76a43f96b e0fef1b2248149b5ae0cc43a550ffe1d b44374b6fb9642eaa5e49fe0925f709d - - default default] http://10.0.0.219:8776/ returned with HTTP 300
2026-03-06 01:48:14.314 8 INFO cinder.api.openstack.wsgi [None req-4e259c44-46a8-45a4-b841-20b76a43f96b e0fef1b2248149b5ae0cc43a550ffe1d b44374b6fb9642eaa5e49fe0925f709d - - default default] GET http://10.0.0.219:8776/
2026-03-06 01:48:14.315 7 INFO cinder.api.openstack.wsgi [None req-90f27bba-5337-4caa-9316-33c45afbf562 e0fef1b2248149b5ae0cc43a550ffe1d b44374b6fb9642eaa5e49fe0925f709d - - default default] GET http://10.0.0.219:8776/
2026-03-06 01:48:14.315 8 INFO cinder.api.openstack.wsgi [None req-4e259c44-46a8-45a4-b841-20b76a43f96b e0fef1b2248149b5ae0cc43a550ffe1d b44374b6fb9642eaa5e49fe0925f709d - - default default] http://10.0.0.219:8776/ returned with HTTP 300
2026-03-06 01:48:14.316 7 INFO cinder.api.openstack.wsgi [None req-90f27bba-5337-4caa-9316-33c45afbf562 e0fef1b2248149b5ae0cc43a550ffe1d b44374b6fb9642eaa5e49fe0925f709d - - default default] http://10.0.0.219:8776/ returned with HTTP 300
2026-03-06 01:48:24.315 8 INFO cinder.api.openstack.wsgi [None req-4e259c44-46a8-45a4-b841-20b76a43f96b e0fef1b2248149b5ae0cc43a550ffe1d b44374b6fb9642eaa5e49fe0925f709d - - default default] GET http://10.0.0.219:8776/
2026-03-06 01:48:24.315 7 INFO cinder.api.openstack.wsgi [None req-90f27bba-5337-4caa-9316-33c45afbf562 e0fef1b2248149b5ae0cc43a550ffe1d b44374b6fb9642eaa5e49fe0925f709d - - default default] GET http://10.0.0.219:8776/
2026-03-06 01:48:24.315 8 INFO cinder.api.openstack.wsgi [None req-4e259c44-46a8-45a4-b841-20b76a43f96b e0fef1b2248149b5ae0cc43a550ffe1d b44374b6fb9642eaa5e49fe0925f709d - - default default] http://10.0.0.219:8776/ returned with HTTP 300
2026-03-06 01:48:24.316 7 INFO cinder.api.openstack.wsgi [None req-90f27bba-5337-4caa-9316-33c45afbf562 e0fef1b2248149b5ae0cc43a550ffe1d b44374b6fb9642eaa5e49fe0925f709d - - default default] http://10.0.0.219:8776/ returned with HTTP 300
2026-03-06 01:48:34.314 8 INFO cinder.api.openstack.wsgi [None req-4e259c44-46a8-45a4-b841-20b76a43f96b e0fef1b2248149b5ae0cc43a550ffe1d b44374b6fb9642eaa5e49fe0925f709d - - default default] GET http://10.0.0.219:8776/
2026-03-06 01:48:34.314 7 INFO cinder.api.openstack.wsgi [None req-90f27bba-5337-4caa-9316-33c45afbf562 e0fef1b2248149b5ae0cc43a550ffe1d b44374b6fb9642eaa5e49fe0925f709d - - default default] GET http://10.0.0.219:8776/
2026-03-06 01:48:34.315 8 INFO cinder.api.openstack.wsgi [None req-4e259c44-46a8-45a4-b841-20b76a43f96b e0fef1b2248149b5ae0cc43a550ffe1d b44374b6fb9642eaa5e49fe0925f709d - - default default] http://10.0.0.219:8776/ returned with HTTP 300
2026-03-06 01:48:34.316 7 INFO cinder.api.openstack.wsgi [None req-90f27bba-5337-4caa-9316-33c45afbf562 e0fef1b2248149b5ae0cc43a550ffe1d b44374b6fb9642eaa5e49fe0925f709d - - default default] http://10.0.0.219:8776/ returned with HTTP 300
2026-03-06 01:48:44.315 7 INFO cinder.api.openstack.wsgi [None req-90f27bba-5337-4caa-9316-33c45afbf562 e0fef1b2248149b5ae0cc43a550ffe1d b44374b6fb9642eaa5e49fe0925f709d - - default default] GET http://10.0.0.219:8776/
2026-03-06 01:48:44.315 8 INFO cinder.api.openstack.wsgi [None req-4e259c44-46a8-45a4-b841-20b76a43f96b e0fef1b2248149b5ae0cc43a550ffe1d b44374b6fb9642eaa5e49fe0925f709d - - default default] GET http://10.0.0.219:8776/
2026-03-06 01:48:44.316 7 INFO cinder.api.openstack.wsgi [None req-90f27bba-5337-4caa-9316-33c45afbf562 e0fef1b2248149b5ae0cc43a550ffe1d b44374b6fb9642eaa5e49fe0925f709d - - default default] http://10.0.0.219:8776/ returned with HTTP 300
2026-03-06 01:48:44.316 8 INFO cinder.api.openstack.wsgi [None req-4e259c44-46a8-45a4-b841-20b76a43f96b e0fef1b2248149b5ae0cc43a550ffe1d b44374b6fb9642eaa5e49fe0925f709d - - default default] http://10.0.0.219:8776/ returned with HTTP 300
2026-03-06 01:48:54.314 7 INFO cinder.api.openstack.wsgi [None req-90f27bba-5337-4caa-9316-33c45afbf562 e0fef1b2248149b5ae0cc43a550ffe1d b44374b6fb9642eaa5e49fe0925f709d - - default default] GET http://10.0.0.219:8776/
2026-03-06 01:48:54.315 8 INFO cinder.api.openstack.wsgi [None req-4e259c44-46a8-45a4-b841-20b76a43f96b e0fef1b2248149b5ae0cc43a550ffe1d b44374b6fb9642eaa5e49fe0925f709d - - default default] GET http://10.0.0.219:8776/
2026-03-06 01:48:54.315 7 INFO cinder.api.openstack.wsgi [None req-90f27bba-5337-4caa-9316-33c45afbf562 e0fef1b2248149b5ae0cc43a550ffe1d b44374b6fb9642eaa5e49fe0925f709d - - default default] http://10.0.0.219:8776/ returned with HTTP 300
2026-03-06 01:48:54.316 8 INFO cinder.api.openstack.wsgi [None req-4e259c44-46a8-45a4-b841-20b76a43f96b e0fef1b2248149b5ae0cc43a550ffe1d b44374b6fb9642eaa5e49fe0925f709d - - default default] http://10.0.0.219:8776/ returned with HTTP 300
2026-03-06 01:48:59.883 7 INFO cinder.api.openstack.wsgi [None req-6d245c2e-53be-4472-8625-f4208a3eaa0e e0fef1b2248149b5ae0cc43a550ffe1d b44374b6fb9642eaa5e49fe0925f709d - - default default] GET http://cinder-api.openstack.svc.cluster.local:8776/v3/b44374b6fb9642eaa5e49fe0925f709d/volumes/detail?all_tenants=true
2026-03-06 01:48:59.895 7 INFO cinder.volume.api [None req-6d245c2e-53be-4472-8625-f4208a3eaa0e e0fef1b2248149b5ae0cc43a550ffe1d b44374b6fb9642eaa5e49fe0925f709d - - default default] Get all volumes completed successfully. /var/lib/openstack/lib/python3.12/site-packages/oslo_context/context.py:100: DeprecationWarning: Policy enforcement is depending on the value of is_admin. This key is deprecated. Please update your policy file to use the standard policy values. warnings.warn('Policy enforcement is depending on the value of '
2026-03-06 01:48:59.901 7 INFO cinder.api.openstack.wsgi [None req-6d245c2e-53be-4472-8625-f4208a3eaa0e e0fef1b2248149b5ae0cc43a550ffe1d b44374b6fb9642eaa5e49fe0925f709d - - default default] http://cinder-api.openstack.svc.cluster.local:8776/v3/b44374b6fb9642eaa5e49fe0925f709d/volumes/detail?all_tenants=true returned with HTTP 200 [pid: 7|app: 0|req: 484/968] 10.0.0.151 () {28 vars in 684 bytes} [Fri Mar 6 01:48:59 2026] GET /v3/b44374b6fb9642eaa5e49fe0925f709d/volumes/detail?all_tenants=true => generated 1790 bytes in 71 msecs (HTTP/1.1 200) 7 headers in 286 bytes (1 switches on core 0)
2026-03-06 01:48:59.914 8 INFO cinder.api.openstack.wsgi [None req-537d55cb-4421-4651-ac3e-93eee75dab5f e0fef1b2248149b5ae0cc43a550ffe1d b44374b6fb9642eaa5e49fe0925f709d - - default default] GET http://cinder-api.openstack.svc.cluster.local:8776/v3/b44374b6fb9642eaa5e49fe0925f709d/os-services
2026-03-06 01:48:59.920 8 INFO cinder.api.openstack.wsgi [None req-537d55cb-4421-4651-ac3e-93eee75dab5f e0fef1b2248149b5ae0cc43a550ffe1d b44374b6fb9642eaa5e49fe0925f709d - - default default] http://cinder-api.openstack.svc.cluster.local:8776/v3/b44374b6fb9642eaa5e49fe0925f709d/os-services returned with HTTP 200 [pid: 8|app: 0|req: 485/969] 10.0.0.151 () {28 vars in 645 bytes} [Fri Mar 6 01:48:59 2026] GET /v3/b44374b6fb9642eaa5e49fe0925f709d/os-services => generated 646 bytes in 10 msecs (HTTP/1.1 200) 7 headers in 285 bytes (1 switches on core 0) /var/lib/openstack/lib/python3.12/site-packages/pycadf/identifier.py:70: UserWarning: Invalid uuid: cinderv3. To ensure interoperability, identifiers should be a valid uuid. warnings.warn(('Invalid uuid: %s. To ensure interoperability, '
2026-03-06 01:48:59.929 7 INFO cinder.api.openstack.wsgi [None req-08ae6ab2-f2ec-467f-9471-8945e63e4cf0 e0fef1b2248149b5ae0cc43a550ffe1d b44374b6fb9642eaa5e49fe0925f709d - - default default] GET http://cinder-api.openstack.svc.cluster.local:8776/v3/b44374b6fb9642eaa5e49fe0925f709d/snapshots?all_tenants=true
2026-03-06 01:48:59.935 7 INFO cinder.volume.api [None req-08ae6ab2-f2ec-467f-9471-8945e63e4cf0 e0fef1b2248149b5ae0cc43a550ffe1d b44374b6fb9642eaa5e49fe0925f709d - - default default] Get all snapshots completed successfully.
2026-03-06 01:48:59.935 7 INFO cinder.api.openstack.wsgi [None req-08ae6ab2-f2ec-467f-9471-8945e63e4cf0 e0fef1b2248149b5ae0cc43a550ffe1d b44374b6fb9642eaa5e49fe0925f709d - - default default] http://cinder-api.openstack.svc.cluster.local:8776/v3/b44374b6fb9642eaa5e49fe0925f709d/snapshots?all_tenants=true returned with HTTP 200 [pid: 7|app: 0|req: 485/970] 10.0.0.151 () {28 vars in 674 bytes} [Fri Mar 6 01:48:59 2026] GET /v3/b44374b6fb9642eaa5e49fe0925f709d/snapshots?all_tenants=true => generated 17 bytes in 12 msecs (HTTP/1.1 200) 7 headers in 284 bytes (1 switches on core 0)
2026-03-06 01:48:59.944 8 INFO cinder.api.openstack.wsgi [None req-951f28e1-dbad-418f-9488-62e0368c8756 e0fef1b2248149b5ae0cc43a550ffe1d b44374b6fb9642eaa5e49fe0925f709d - - default default] GET http://cinder-api.openstack.svc.cluster.local:8776/v3/b44374b6fb9642eaa5e49fe0925f709d/volumes/detail?all_tenants=true
2026-03-06 01:48:59.957 8 INFO cinder.volume.api [None req-951f28e1-dbad-418f-9488-62e0368c8756 e0fef1b2248149b5ae0cc43a550ffe1d b44374b6fb9642eaa5e49fe0925f709d - - default default] Get all volumes completed successfully. /var/lib/openstack/lib/python3.12/site-packages/oslo_context/context.py:100: DeprecationWarning: Policy enforcement is depending on the value of is_admin. This key is deprecated. Please update your policy file to use the standard policy values. warnings.warn('Policy enforcement is depending on the value of '
2026-03-06 01:48:59.962 8 INFO cinder.api.openstack.wsgi [None req-951f28e1-dbad-418f-9488-62e0368c8756 e0fef1b2248149b5ae0cc43a550ffe1d b44374b6fb9642eaa5e49fe0925f709d - - default default] http://cinder-api.openstack.svc.cluster.local:8776/v3/b44374b6fb9642eaa5e49fe0925f709d/volumes/detail?all_tenants=true returned with HTTP 200 [pid: 8|app: 0|req: 486/971] 10.0.0.151 () {28 vars in 684 bytes} [Fri Mar 6 01:48:59 2026] GET /v3/b44374b6fb9642eaa5e49fe0925f709d/volumes/detail?all_tenants=true => generated 1790 bytes in 23 msecs (HTTP/1.1 200) 7 headers in 286 bytes (1 switches on core 0)
2026-03-06 01:48:59.984 7 INFO cinder.api.openstack.wsgi [None req-b6353ff4-09ce-4dd9-8928-458d44d3aee8 e0fef1b2248149b5ae0cc43a550ffe1d b44374b6fb9642eaa5e49fe0925f709d - - default default] GET http://cinder-api.openstack.svc.cluster.local:8776/v3/b44374b6fb9642eaa5e49fe0925f709d/scheduler-stats/get_pools?detail=true
2026-03-06 01:49:00.488 7 INFO cinder.api.openstack.wsgi [None req-b6353ff4-09ce-4dd9-8928-458d44d3aee8 e0fef1b2248149b5ae0cc43a550ffe1d b44374b6fb9642eaa5e49fe0925f709d - - default default] http://cinder-api.openstack.svc.cluster.local:8776/v3/b44374b6fb9642eaa5e49fe0925f709d/scheduler-stats/get_pools?detail=true returned with HTTP 200 [pid: 7|app: 0|req: 486/972] 10.0.0.151 () {28 vars in 696 bytes} [Fri Mar 6 01:48:59 2026] GET /v3/b44374b6fb9642eaa5e49fe0925f709d/scheduler-stats/get_pools?detail=true => generated 671 bytes in 518 msecs (HTTP/1.1 200) 7 headers in 285 bytes (1 switches on core 0) /var/lib/openstack/lib/python3.12/site-packages/pycadf/identifier.py:70: UserWarning: Invalid uuid: cinderv3. To ensure interoperability, identifiers should be a valid uuid. warnings.warn(('Invalid uuid: %s. To ensure interoperability, '
2026-03-06 01:49:00.534 8 INFO cinder.api.openstack.wsgi [None req-d5408317-d0bd-4881-91a0-a22ac52a6fbd e0fef1b2248149b5ae0cc43a550ffe1d b44374b6fb9642eaa5e49fe0925f709d - - default default] GET http://cinder-api.openstack.svc.cluster.local:8776/v3/b44374b6fb9642eaa5e49fe0925f709d/os-quota-sets/018bd875af4f4f01a0348d7e3f43d93f?usage=true
2026-03-06 01:49:00.562 8 INFO cinder.api.openstack.wsgi [None req-d5408317-d0bd-4881-91a0-a22ac52a6fbd e0fef1b2248149b5ae0cc43a550ffe1d b44374b6fb9642eaa5e49fe0925f709d - - default default] http://cinder-api.openstack.svc.cluster.local:8776/v3/b44374b6fb9642eaa5e49fe0925f709d/os-quota-sets/018bd875af4f4f01a0348d7e3f43d93f?usage=true returned with HTTP 200 [pid: 8|app: 0|req: 487/973] 10.0.0.151 () {28 vars in 736 bytes} [Fri Mar 6 01:49:00 2026] GET /v3/b44374b6fb9642eaa5e49fe0925f709d/os-quota-sets/018bd875af4f4f01a0348d7e3f43d93f?usage=true => generated 847 bytes in 35 msecs (HTTP/1.1 200) 7 headers in 285 bytes (1 switches on core 0)
2026-03-06 01:49:00.584 7 INFO cinder.api.openstack.wsgi [None req-5f499400-364d-432b-945f-9ea22d352f6e e0fef1b2248149b5ae0cc43a550ffe1d b44374b6fb9642eaa5e49fe0925f709d - - default default] GET http://cinder-api.openstack.svc.cluster.local:8776/v3/b44374b6fb9642eaa5e49fe0925f709d/os-quota-sets/35acaefacdef412a9ce1ee224d189365?usage=true
2026-03-06 01:49:00.616 7 INFO cinder.api.openstack.wsgi [None req-5f499400-364d-432b-945f-9ea22d352f6e e0fef1b2248149b5ae0cc43a550ffe1d b44374b6fb9642eaa5e49fe0925f709d - - default default] http://cinder-api.openstack.svc.cluster.local:8776/v3/b44374b6fb9642eaa5e49fe0925f709d/os-quota-sets/35acaefacdef412a9ce1ee224d189365?usage=true returned with HTTP 200 [pid: 7|app: 0|req: 487/974] 10.0.0.151 () {28 vars in 736 bytes} [Fri Mar 6 01:49:00 2026] GET /v3/b44374b6fb9642eaa5e49fe0925f709d/os-quota-sets/35acaefacdef412a9ce1ee224d189365?usage=true => generated 847 bytes in 42 msecs (HTTP/1.1 200) 7 headers in 285 bytes (1 switches on core 0)
2026-03-06 01:49:00.627 8 INFO cinder.api.openstack.wsgi [None req-4bb670b4-b0c6-4933-935a-0997320261d4 e0fef1b2248149b5ae0cc43a550ffe1d b44374b6fb9642eaa5e49fe0925f709d - - default default] GET http://cinder-api.openstack.svc.cluster.local:8776/v3/b44374b6fb9642eaa5e49fe0925f709d/os-quota-sets/480c9875df134e10be4ff564a5b6bb10?usage=true
2026-03-06 01:49:00.653 8 INFO cinder.api.openstack.wsgi [None req-4bb670b4-b0c6-4933-935a-0997320261d4 e0fef1b2248149b5ae0cc43a550ffe1d b44374b6fb9642eaa5e49fe0925f709d - - default default] http://cinder-api.openstack.svc.cluster.local:8776/v3/b44374b6fb9642eaa5e49fe0925f709d/os-quota-sets/480c9875df134e10be4ff564a5b6bb10?usage=true returned with HTTP 200 [pid: 8|app: 0|req: 488/975] 10.0.0.151 () {28 vars in 736 bytes} [Fri Mar 6 01:49:00 2026] GET /v3/b44374b6fb9642eaa5e49fe0925f709d/os-quota-sets/480c9875df134e10be4ff564a5b6bb10?usage=true => generated 847 bytes in 34 msecs (HTTP/1.1 200) 7 headers in 285 bytes (1 switches on core 0)
2026-03-06 01:49:00.667 7 INFO cinder.api.openstack.wsgi [None req-5bd3a651-e955-42b4-8e5f-84e59dec6381 e0fef1b2248149b5ae0cc43a550ffe1d b44374b6fb9642eaa5e49fe0925f709d - - default default] GET http://cinder-api.openstack.svc.cluster.local:8776/v3/b44374b6fb9642eaa5e49fe0925f709d/os-quota-sets/60aad21e06ca460f858d99f506eea557?usage=true
2026-03-06 01:49:00.689 7 INFO cinder.api.openstack.wsgi [None req-5bd3a651-e955-42b4-8e5f-84e59dec6381 e0fef1b2248149b5ae0cc43a550ffe1d b44374b6fb9642eaa5e49fe0925f709d - - default default] http://cinder-api.openstack.svc.cluster.local:8776/v3/b44374b6fb9642eaa5e49fe0925f709d/os-quota-sets/60aad21e06ca460f858d99f506eea557?usage=true returned with HTTP 200 [pid: 7|app: 0|req: 488/976] 10.0.0.151 () {28 vars in 736 bytes} [Fri Mar 6 01:49:00 2026] GET /v3/b44374b6fb9642eaa5e49fe0925f709d/os-quota-sets/60aad21e06ca460f858d99f506eea557?usage=true => generated 847 bytes in 30 msecs (HTTP/1.1 200) 7 headers in 285 bytes (1 switches on core 0)
2026-03-06 01:49:00.699 8 INFO cinder.api.openstack.wsgi [None req-09999fdf-a2dc-46c3-9eb3-837623ec907f e0fef1b2248149b5ae0cc43a550ffe1d b44374b6fb9642eaa5e49fe0925f709d - - default default] GET http://cinder-api.openstack.svc.cluster.local:8776/v3/b44374b6fb9642eaa5e49fe0925f709d/os-quota-sets/88c8ff36436b45cb92fbac56652b3839?usage=true
2026-03-06 01:49:00.721 8 INFO cinder.api.openstack.wsgi [None req-09999fdf-a2dc-46c3-9eb3-837623ec907f e0fef1b2248149b5ae0cc43a550ffe1d b44374b6fb9642eaa5e49fe0925f709d - - default default] http://cinder-api.openstack.svc.cluster.local:8776/v3/b44374b6fb9642eaa5e49fe0925f709d/os-quota-sets/88c8ff36436b45cb92fbac56652b3839?usage=true returned with HTTP 200 [pid: 8|app: 0|req: 489/977] 10.0.0.151 () {28 vars in 736 bytes} [Fri Mar 6 01:49:00 2026] GET /v3/b44374b6fb9642eaa5e49fe0925f709d/os-quota-sets/88c8ff36436b45cb92fbac56652b3839?usage=true => generated 845 bytes in 30 msecs (HTTP/1.1 200) 7 headers in 285 bytes (1 switches on core 0)
2026-03-06 01:49:00.731 7 INFO cinder.api.openstack.wsgi [None req-c6375037-affe-401d-9425-fc25c15bd472 e0fef1b2248149b5ae0cc43a550ffe1d b44374b6fb9642eaa5e49fe0925f709d - - default default] GET http://cinder-api.openstack.svc.cluster.local:8776/v3/b44374b6fb9642eaa5e49fe0925f709d/os-quota-sets/b44374b6fb9642eaa5e49fe0925f709d?usage=true
2026-03-06 01:49:00.753 7 INFO cinder.api.openstack.wsgi [None req-c6375037-affe-401d-9425-fc25c15bd472 e0fef1b2248149b5ae0cc43a550ffe1d b44374b6fb9642eaa5e49fe0925f709d - - default default] http://cinder-api.openstack.svc.cluster.local:8776/v3/b44374b6fb9642eaa5e49fe0925f709d/os-quota-sets/b44374b6fb9642eaa5e49fe0925f709d?usage=true returned with HTTP 200 [pid: 7|app: 0|req: 489/978] 10.0.0.151 () {28 vars in 736 bytes} [Fri Mar 6 01:49:00 2026] GET /v3/b44374b6fb9642eaa5e49fe0925f709d/os-quota-sets/b44374b6fb9642eaa5e49fe0925f709d?usage=true => generated 847 bytes in 28 msecs (HTTP/1.1 200) 7 headers in 285 bytes (1 switches on core 0)
2026-03-06 01:49:00.764 8 INFO cinder.api.openstack.wsgi [None req-c447fae2-7e65-4017-a075-3fbbf267f374 e0fef1b2248149b5ae0cc43a550ffe1d b44374b6fb9642eaa5e49fe0925f709d - - default default] GET http://cinder-api.openstack.svc.cluster.local:8776/v3/b44374b6fb9642eaa5e49fe0925f709d/os-quota-sets/b861b131c9cf42faa454f7e9dae36f7c?usage=true
2026-03-06 01:49:00.787 8 INFO cinder.api.openstack.wsgi [None req-c447fae2-7e65-4017-a075-3fbbf267f374 e0fef1b2248149b5ae0cc43a550ffe1d b44374b6fb9642eaa5e49fe0925f709d - - default default] http://cinder-api.openstack.svc.cluster.local:8776/v3/b44374b6fb9642eaa5e49fe0925f709d/os-quota-sets/b861b131c9cf42faa454f7e9dae36f7c?usage=true returned with HTTP 200 [pid: 8|app: 0|req: 490/979] 10.0.0.151 () {28 vars in 736 bytes} [Fri Mar 6 01:49:00 2026] GET /v3/b44374b6fb9642eaa5e49fe0925f709d/os-quota-sets/b861b131c9cf42faa454f7e9dae36f7c?usage=true => generated 847 bytes in 32 msecs (HTTP/1.1 200) 7 headers in 285 bytes (1 switches on core 0)
2026-03-06 01:49:00.799 7 INFO cinder.api.openstack.wsgi [None req-6f3676d3-4c29-4355-8512-7a8ba5839ff6 e0fef1b2248149b5ae0cc43a550ffe1d b44374b6fb9642eaa5e49fe0925f709d - - default default] GET http://cinder-api.openstack.svc.cluster.local:8776/v3/b44374b6fb9642eaa5e49fe0925f709d/os-quota-sets/bcf9d581aaea469a82916891447aa7df?usage=true
2026-03-06 01:49:00.823 7 INFO cinder.api.openstack.wsgi [None req-6f3676d3-4c29-4355-8512-7a8ba5839ff6 e0fef1b2248149b5ae0cc43a550ffe1d b44374b6fb9642eaa5e49fe0925f709d - - default default] http://cinder-api.openstack.svc.cluster.local:8776/v3/b44374b6fb9642eaa5e49fe0925f709d/os-quota-sets/bcf9d581aaea469a82916891447aa7df?usage=true returned with HTTP 200 [pid: 7|app: 0|req: 490/980] 10.0.0.151 () {28 vars in 736 bytes} [Fri Mar 6 01:49:00 2026] GET /v3/b44374b6fb9642eaa5e49fe0925f709d/os-quota-sets/bcf9d581aaea469a82916891447aa7df?usage=true => generated 847 bytes in 33 msecs (HTTP/1.1 200) 7 headers in 285 bytes (1 switches on core 0)
2026-03-06 01:49:00.836 8 INFO cinder.api.openstack.wsgi [None req-d0e58b78-c0e7-48c2-9fba-e91de52437c4 e0fef1b2248149b5ae0cc43a550ffe1d b44374b6fb9642eaa5e49fe0925f709d - - default default] GET http://cinder-api.openstack.svc.cluster.local:8776/v3/b44374b6fb9642eaa5e49fe0925f709d/os-quota-sets/c191b797a8b34a5a954bcc5b34db841c?usage=true
2026-03-06 01:49:00.857 8 INFO cinder.api.openstack.wsgi [None req-d0e58b78-c0e7-48c2-9fba-e91de52437c4 e0fef1b2248149b5ae0cc43a550ffe1d b44374b6fb9642eaa5e49fe0925f709d - - default default] http://cinder-api.openstack.svc.cluster.local:8776/v3/b44374b6fb9642eaa5e49fe0925f709d/os-quota-sets/c191b797a8b34a5a954bcc5b34db841c?usage=true returned with HTTP 200 [pid: 8|app: 0|req: 491/981] 10.0.0.151 () {28 vars in 736 bytes} [Fri Mar 6 01:49:00 2026] GET /v3/b44374b6fb9642eaa5e49fe0925f709d/os-quota-sets/c191b797a8b34a5a954bcc5b34db841c?usage=true => generated 847 bytes in 29 msecs (HTTP/1.1 200) 7 headers in 285 bytes (1 switches on core 0)
2026-03-06 01:49:00.869 7 INFO cinder.api.openstack.wsgi [None req-55a3d2f7-9f3c-4df8-8ecd-85b49b52016f e0fef1b2248149b5ae0cc43a550ffe1d b44374b6fb9642eaa5e49fe0925f709d - - default default] GET http://cinder-api.openstack.svc.cluster.local:8776/v3/b44374b6fb9642eaa5e49fe0925f709d/os-quota-sets/e26f7c2dc3484e21a99f989a38610f59?usage=true
2026-03-06 01:49:00.889 7 INFO cinder.api.openstack.wsgi [None req-55a3d2f7-9f3c-4df8-8ecd-85b49b52016f e0fef1b2248149b5ae0cc43a550ffe1d b44374b6fb9642eaa5e49fe0925f709d - - default default] http://cinder-api.openstack.svc.cluster.local:8776/v3/b44374b6fb9642eaa5e49fe0925f709d/os-quota-sets/e26f7c2dc3484e21a99f989a38610f59?usage=true returned with HTTP 200 [pid: 7|app: 0|req: 491/982] 10.0.0.151 () {28 vars in 736 bytes} [Fri Mar 6 01:49:00 2026] GET /v3/b44374b6fb9642eaa5e49fe0925f709d/os-quota-sets/e26f7c2dc3484e21a99f989a38610f59?usage=true => generated 847 bytes in 29 msecs (HTTP/1.1 200) 7 headers in 285 bytes (1 switches on core 0)
2026-03-06 01:49:00.902 8 INFO cinder.api.openstack.wsgi [None req-99685c5e-e8b5-4f55-aa8b-0c1668d9bb8a e0fef1b2248149b5ae0cc43a550ffe1d b44374b6fb9642eaa5e49fe0925f709d - - default default] GET http://cinder-api.openstack.svc.cluster.local:8776/v3/b44374b6fb9642eaa5e49fe0925f709d/os-quota-sets/ee713db469144d658c8b9e2b2716f0ce?usage=true
2026-03-06 01:49:00.923 8 INFO cinder.api.openstack.wsgi [None req-99685c5e-e8b5-4f55-aa8b-0c1668d9bb8a e0fef1b2248149b5ae0cc43a550ffe1d b44374b6fb9642eaa5e49fe0925f709d - - default default] http://cinder-api.openstack.svc.cluster.local:8776/v3/b44374b6fb9642eaa5e49fe0925f709d/os-quota-sets/ee713db469144d658c8b9e2b2716f0ce?usage=true returned with HTTP 200 [pid: 8|app: 0|req: 492/983] 10.0.0.151 () {28 vars in 736 bytes} [Fri Mar 6 01:49:00 2026] GET /v3/b44374b6fb9642eaa5e49fe0925f709d/os-quota-sets/ee713db469144d658c8b9e2b2716f0ce?usage=true => generated 847 bytes in 31 msecs (HTTP/1.1 200) 7 headers in 285 bytes (1 switches on core 0)
2026-03-06 01:49:04.315 8 INFO cinder.api.openstack.wsgi [None req-99685c5e-e8b5-4f55-aa8b-0c1668d9bb8a e0fef1b2248149b5ae0cc43a550ffe1d b44374b6fb9642eaa5e49fe0925f709d - - default default] GET http://10.0.0.219:8776/
2026-03-06 01:49:04.315 7 INFO cinder.api.openstack.wsgi [None req-55a3d2f7-9f3c-4df8-8ecd-85b49b52016f e0fef1b2248149b5ae0cc43a550ffe1d b44374b6fb9642eaa5e49fe0925f709d - - default default] GET http://10.0.0.219:8776/
2026-03-06 01:49:04.316 8 INFO cinder.api.openstack.wsgi [None req-99685c5e-e8b5-4f55-aa8b-0c1668d9bb8a e0fef1b2248149b5ae0cc43a550ffe1d b44374b6fb9642eaa5e49fe0925f709d - - default default] http://10.0.0.219:8776/ returned with HTTP 300
2026-03-06 01:49:04.316 7 INFO cinder.api.openstack.wsgi [None req-55a3d2f7-9f3c-4df8-8ecd-85b49b52016f e0fef1b2248149b5ae0cc43a550ffe1d b44374b6fb9642eaa5e49fe0925f709d - - default default] http://10.0.0.219:8776/ returned with HTTP 300
2026-03-06 01:49:14.315 8 INFO cinder.api.openstack.wsgi [None req-99685c5e-e8b5-4f55-aa8b-0c1668d9bb8a e0fef1b2248149b5ae0cc43a550ffe1d b44374b6fb9642eaa5e49fe0925f709d - - default default] GET http://10.0.0.219:8776/
2026-03-06 01:49:14.315 7 INFO cinder.api.openstack.wsgi [None req-55a3d2f7-9f3c-4df8-8ecd-85b49b52016f e0fef1b2248149b5ae0cc43a550ffe1d b44374b6fb9642eaa5e49fe0925f709d - - default default] GET http://10.0.0.219:8776/
2026-03-06 01:49:14.316 8 INFO cinder.api.openstack.wsgi [None req-99685c5e-e8b5-4f55-aa8b-0c1668d9bb8a e0fef1b2248149b5ae0cc43a550ffe1d b44374b6fb9642eaa5e49fe0925f709d - - default default] http://10.0.0.219:8776/ returned with HTTP 300
2026-03-06 01:49:14.317 7 INFO cinder.api.openstack.wsgi [None req-55a3d2f7-9f3c-4df8-8ecd-85b49b52016f e0fef1b2248149b5ae0cc43a550ffe1d b44374b6fb9642eaa5e49fe0925f709d - - default default] http://10.0.0.219:8776/ returned with HTTP 300
2026-03-06 01:49:24.315 8 INFO cinder.api.openstack.wsgi [None req-99685c5e-e8b5-4f55-aa8b-0c1668d9bb8a e0fef1b2248149b5ae0cc43a550ffe1d b44374b6fb9642eaa5e49fe0925f709d - - default default] GET http://10.0.0.219:8776/
2026-03-06 01:49:24.316 7 INFO cinder.api.openstack.wsgi [None req-55a3d2f7-9f3c-4df8-8ecd-85b49b52016f e0fef1b2248149b5ae0cc43a550ffe1d b44374b6fb9642eaa5e49fe0925f709d - - default default] GET http://10.0.0.219:8776/
2026-03-06 01:49:24.316 8 INFO cinder.api.openstack.wsgi [None req-99685c5e-e8b5-4f55-aa8b-0c1668d9bb8a e0fef1b2248149b5ae0cc43a550ffe1d b44374b6fb9642eaa5e49fe0925f709d - - default default] http://10.0.0.219:8776/ returned with HTTP 300
2026-03-06 01:49:24.317 7 INFO cinder.api.openstack.wsgi [None req-55a3d2f7-9f3c-4df8-8ecd-85b49b52016f e0fef1b2248149b5ae0cc43a550ffe1d b44374b6fb9642eaa5e49fe0925f709d - - default default] http://10.0.0.219:8776/ returned with HTTP 300
2026-03-06 01:49:34.315 8 INFO cinder.api.openstack.wsgi [None req-99685c5e-e8b5-4f55-aa8b-0c1668d9bb8a e0fef1b2248149b5ae0cc43a550ffe1d b44374b6fb9642eaa5e49fe0925f709d - - default default] GET http://10.0.0.219:8776/
2026-03-06 01:49:34.315 7 INFO cinder.api.openstack.wsgi [None req-55a3d2f7-9f3c-4df8-8ecd-85b49b52016f e0fef1b2248149b5ae0cc43a550ffe1d b44374b6fb9642eaa5e49fe0925f709d - - default default] GET http://10.0.0.219:8776/
2026-03-06 01:49:34.316 8 INFO cinder.api.openstack.wsgi [None req-99685c5e-e8b5-4f55-aa8b-0c1668d9bb8a e0fef1b2248149b5ae0cc43a550ffe1d b44374b6fb9642eaa5e49fe0925f709d - - default default] http://10.0.0.219:8776/ returned with HTTP 300
2026-03-06 01:49:34.316 7 INFO cinder.api.openstack.wsgi [None req-55a3d2f7-9f3c-4df8-8ecd-85b49b52016f e0fef1b2248149b5ae0cc43a550ffe1d b44374b6fb9642eaa5e49fe0925f709d - - default default] http://10.0.0.219:8776/ returned with HTTP 300
2026-03-06 01:49:44.315 8 INFO cinder.api.openstack.wsgi [None req-99685c5e-e8b5-4f55-aa8b-0c1668d9bb8a e0fef1b2248149b5ae0cc43a550ffe1d b44374b6fb9642eaa5e49fe0925f709d - - default default] GET http://10.0.0.219:8776/
2026-03-06 01:49:44.316 8 INFO cinder.api.openstack.wsgi [None req-99685c5e-e8b5-4f55-aa8b-0c1668d9bb8a e0fef1b2248149b5ae0cc43a550ffe1d b44374b6fb9642eaa5e49fe0925f709d - - default default] http://10.0.0.219:8776/ returned with HTTP 300
2026-03-06 01:49:44.315 7 INFO cinder.api.openstack.wsgi [None req-55a3d2f7-9f3c-4df8-8ecd-85b49b52016f e0fef1b2248149b5ae0cc43a550ffe1d b44374b6fb9642eaa5e49fe0925f709d - - default default] GET http://10.0.0.219:8776/
2026-03-06 01:49:44.317 7 INFO cinder.api.openstack.wsgi [None req-55a3d2f7-9f3c-4df8-8ecd-85b49b52016f e0fef1b2248149b5ae0cc43a550ffe1d b44374b6fb9642eaa5e49fe0925f709d - - default default] http://10.0.0.219:8776/ returned with HTTP 300
2026-03-06 01:49:54.315 8 INFO cinder.api.openstack.wsgi [None req-99685c5e-e8b5-4f55-aa8b-0c1668d9bb8a e0fef1b2248149b5ae0cc43a550ffe1d b44374b6fb9642eaa5e49fe0925f709d - - default default] GET http://10.0.0.219:8776/
2026-03-06 01:49:54.315 7 INFO cinder.api.openstack.wsgi [None req-55a3d2f7-9f3c-4df8-8ecd-85b49b52016f e0fef1b2248149b5ae0cc43a550ffe1d b44374b6fb9642eaa5e49fe0925f709d - - default default] GET http://10.0.0.219:8776/
2026-03-06 01:49:54.316 8 INFO cinder.api.openstack.wsgi [None req-99685c5e-e8b5-4f55-aa8b-0c1668d9bb8a e0fef1b2248149b5ae0cc43a550ffe1d b44374b6fb9642eaa5e49fe0925f709d - - default default] http://10.0.0.219:8776/ returned with HTTP 300
2026-03-06 01:49:54.316 7 INFO cinder.api.openstack.wsgi [None req-55a3d2f7-9f3c-4df8-8ecd-85b49b52016f e0fef1b2248149b5ae0cc43a550ffe1d b44374b6fb9642eaa5e49fe0925f709d - - default default] http://10.0.0.219:8776/ returned with HTTP 300
2026-03-06 01:49:55.371 8 INFO cinder.api.openstack.wsgi [req-a9eb7c83-2965-42c1-83f4-df9eae2fcafb req-a2eda626-0e7c-43e7-a692-2bc6ef0a017c e0fef1b2248149b5ae0cc43a550ffe1d b44374b6fb9642eaa5e49fe0925f709d - - default default] DELETE http://cinder-api.openstack.svc.cluster.local:8776/v3/b44374b6fb9642eaa5e49fe0925f709d/attachments/b5fe96b2-f29d-42ed-8360-82c9ac0f0610 /var/lib/openstack/lib/python3.12/site-packages/oslo_context/context.py:100: DeprecationWarning: Policy enforcement is depending on the value of is_admin. This key is deprecated. Please update your policy file to use the standard policy values. warnings.warn('Policy enforcement is depending on the value of '
2026-03-06 01:49:55.917 8 INFO cinder.api.openstack.wsgi [req-a9eb7c83-2965-42c1-83f4-df9eae2fcafb req-a2eda626-0e7c-43e7-a692-2bc6ef0a017c e0fef1b2248149b5ae0cc43a550ffe1d b44374b6fb9642eaa5e49fe0925f709d - - default default] http://cinder-api.openstack.svc.cluster.local:8776/v3/b44374b6fb9642eaa5e49fe0925f709d/attachments/b5fe96b2-f29d-42ed-8360-82c9ac0f0610 returned with HTTP 200 [pid: 8|app: 0|req: 499/996] 199.204.45.99 () {38 vars in 1102 bytes} [Fri Mar 6 01:49:55 2026] DELETE /v3/b44374b6fb9642eaa5e49fe0925f709d/attachments/b5fe96b2-f29d-42ed-8360-82c9ac0f0610 => generated 19 bytes in 555 msecs (HTTP/1.1 200) 7 headers in 285 bytes (1 switches on core 0)
2026-03-06 01:49:55.938 7 INFO cinder.api.openstack.wsgi [req-a9eb7c83-2965-42c1-83f4-df9eae2fcafb req-7aa9240a-4a18-48fa-ba0d-5cc6d0288f28 e0fef1b2248149b5ae0cc43a550ffe1d b44374b6fb9642eaa5e49fe0925f709d - - default default] DELETE http://cinder-api.openstack.svc.cluster.local:8776/v3/b44374b6fb9642eaa5e49fe0925f709d/volumes/7072bba2-25a5-4e9e-8231-a5176425237f
2026-03-06 01:49:55.938 7 INFO cinder.api.v3.volumes [req-a9eb7c83-2965-42c1-83f4-df9eae2fcafb req-7aa9240a-4a18-48fa-ba0d-5cc6d0288f28 e0fef1b2248149b5ae0cc43a550ffe1d b44374b6fb9642eaa5e49fe0925f709d - - default default] Delete volume with id: 7072bba2-25a5-4e9e-8231-a5176425237f /var/lib/openstack/lib/python3.12/site-packages/oslo_context/context.py:100: DeprecationWarning: Policy enforcement is depending on the value of is_admin. This key is deprecated. Please update your policy file to use the standard policy values. warnings.warn('Policy enforcement is depending on the value of '
2026-03-06 01:49:55.949 7 INFO cinder.volume.api [req-a9eb7c83-2965-42c1-83f4-df9eae2fcafb req-7aa9240a-4a18-48fa-ba0d-5cc6d0288f28 e0fef1b2248149b5ae0cc43a550ffe1d b44374b6fb9642eaa5e49fe0925f709d - - default default] Volume info retrieved successfully.
2026-03-06 01:49:55.969 7 INFO cinder.volume.api [req-a9eb7c83-2965-42c1-83f4-df9eae2fcafb req-7aa9240a-4a18-48fa-ba0d-5cc6d0288f28 e0fef1b2248149b5ae0cc43a550ffe1d b44374b6fb9642eaa5e49fe0925f709d - - default default] Delete volume request issued successfully.
2026-03-06 01:49:55.969 7 INFO cinder.api.openstack.wsgi [req-a9eb7c83-2965-42c1-83f4-df9eae2fcafb req-7aa9240a-4a18-48fa-ba0d-5cc6d0288f28 e0fef1b2248149b5ae0cc43a550ffe1d b44374b6fb9642eaa5e49fe0925f709d - - default default] http://cinder-api.openstack.svc.cluster.local:8776/v3/b44374b6fb9642eaa5e49fe0925f709d/volumes/7072bba2-25a5-4e9e-8231-a5176425237f returned with HTTP 202 [pid: 7|app: 0|req: 498/997] 199.204.45.99 () {36 vars in 1053 bytes} [Fri Mar 6 01:49:55 2026] DELETE /v3/b44374b6fb9642eaa5e49fe0925f709d/volumes/7072bba2-25a5-4e9e-8231-a5176425237f => generated 0 bytes in 40 msecs (HTTP/1.1 202) 6 headers in 233 bytes (1 switches on core 0) /var/lib/openstack/lib/python3.12/site-packages/pycadf/identifier.py:70: UserWarning: Invalid uuid: cinderv3. To ensure interoperability, identifiers should be a valid uuid. warnings.warn(('Invalid uuid: %s. To ensure interoperability, '
2026-03-06 01:49:59.915 8 INFO cinder.api.openstack.wsgi [None req-be313837-bb16-435d-abed-cd74c7d227f4 e0fef1b2248149b5ae0cc43a550ffe1d b44374b6fb9642eaa5e49fe0925f709d - - default default] GET http://cinder-api.openstack.svc.cluster.local:8776/v3/b44374b6fb9642eaa5e49fe0925f709d/volumes/detail?all_tenants=true /var/lib/openstack/lib/python3.12/site-packages/oslo_context/context.py:100: DeprecationWarning: Policy enforcement is depending on the value of is_admin. This key is deprecated. Please update your policy file to use the standard policy values. warnings.warn('Policy enforcement is depending on the value of '
2026-03-06 01:49:59.926 8 INFO cinder.volume.api [None req-be313837-bb16-435d-abed-cd74c7d227f4 e0fef1b2248149b5ae0cc43a550ffe1d b44374b6fb9642eaa5e49fe0925f709d - - default default] Get all volumes completed successfully.
2026-03-06 01:49:59.928 8 INFO cinder.api.openstack.wsgi [None req-be313837-bb16-435d-abed-cd74c7d227f4 e0fef1b2248149b5ae0cc43a550ffe1d b44374b6fb9642eaa5e49fe0925f709d - - default default] http://cinder-api.openstack.svc.cluster.local:8776/v3/b44374b6fb9642eaa5e49fe0925f709d/volumes/detail?all_tenants=true returned with HTTP 200 [pid: 8|app: 0|req: 500/998] 10.0.0.151 () {28 vars in 684 bytes} [Fri Mar 6 01:49:59 2026] GET /v3/b44374b6fb9642eaa5e49fe0925f709d/volumes/detail?all_tenants=true => generated 15 bytes in 87 msecs (HTTP/1.1 200) 7 headers in 284 bytes (1 switches on core 0) /var/lib/openstack/lib/python3.12/site-packages/pycadf/identifier.py:70: UserWarning: Invalid uuid: cinderv3. To ensure interoperability, identifiers should be a valid uuid. warnings.warn(('Invalid uuid: %s. To ensure interoperability, '
2026-03-06 01:49:59.938 7 INFO cinder.api.openstack.wsgi [None req-6490a7b9-f203-47c9-9812-14d2e24657eb e0fef1b2248149b5ae0cc43a550ffe1d b44374b6fb9642eaa5e49fe0925f709d - - default default] GET http://cinder-api.openstack.svc.cluster.local:8776/v3/b44374b6fb9642eaa5e49fe0925f709d/scheduler-stats/get_pools?detail=true
2026-03-06 01:50:00.442 7 INFO cinder.api.openstack.wsgi [None req-6490a7b9-f203-47c9-9812-14d2e24657eb e0fef1b2248149b5ae0cc43a550ffe1d b44374b6fb9642eaa5e49fe0925f709d - - default default] http://cinder-api.openstack.svc.cluster.local:8776/v3/b44374b6fb9642eaa5e49fe0925f709d/scheduler-stats/get_pools?detail=true returned with HTTP 200 [pid: 7|app: 0|req: 499/999] 10.0.0.151 () {28 vars in 696 bytes} [Fri Mar 6 01:49:59 2026] GET /v3/b44374b6fb9642eaa5e49fe0925f709d/scheduler-stats/get_pools?detail=true => generated 670 bytes in 514 msecs (HTTP/1.1 200) 7 headers in 285 bytes (1 switches on core 0)
2026-03-06 01:50:00.457 8 INFO cinder.api.openstack.wsgi [None req-dd5c5aeb-5932-4fc5-aa57-7e4d043b073f e0fef1b2248149b5ae0cc43a550ffe1d b44374b6fb9642eaa5e49fe0925f709d - - default default] GET http://cinder-api.openstack.svc.cluster.local:8776/v3/b44374b6fb9642eaa5e49fe0925f709d/os-services
2026-03-06 01:50:00.469 8 INFO cinder.api.openstack.wsgi [None req-dd5c5aeb-5932-4fc5-aa57-7e4d043b073f e0fef1b2248149b5ae0cc43a550ffe1d b44374b6fb9642eaa5e49fe0925f709d - - default default] http://cinder-api.openstack.svc.cluster.local:8776/v3/b44374b6fb9642eaa5e49fe0925f709d/os-services returned with HTTP 200 [pid: 8|app: 0|req: 501/1000] 10.0.0.151 () {28 vars in 645 bytes} [Fri Mar 6 01:50:00 2026] GET /v3/b44374b6fb9642eaa5e49fe0925f709d/os-services => generated 646 bytes in 19 msecs (HTTP/1.1 200) 7 headers in 285 bytes (1 switches on core 0)
2026-03-06 01:50:00.492 7 INFO cinder.api.openstack.wsgi [None req-d0eef470-80ca-4beb-aafa-fdb9bb4555f6 e0fef1b2248149b5ae0cc43a550ffe1d b44374b6fb9642eaa5e49fe0925f709d - - default default] GET http://cinder-api.openstack.svc.cluster.local:8776/v3/b44374b6fb9642eaa5e49fe0925f709d/volumes/detail?all_tenants=true
2026-03-06 01:50:00.502 7 INFO cinder.volume.api [None req-d0eef470-80ca-4beb-aafa-fdb9bb4555f6 e0fef1b2248149b5ae0cc43a550ffe1d b44374b6fb9642eaa5e49fe0925f709d - - default default] Get all volumes completed successfully.
