2026-05-13 02:11:35.406 7 INFO neutron.db.ovn_revision_numbers_db [None req-af26faa6-d845-4a8d-8c5b-ca43a6dea3ba 4b5e86473c224244927e71cfd56cf5ef 55ed3008f3734c5a9f3afbc4d42401c4 - - default default] Successfully bumped revision number for resource 4b2a561d-f1be-42b0-a88a-ab4657caf4a1 (type: ports) to 1 [pid: 7|app: 0|req: 658/1424] 10.0.0.238 () {34 vars in 670 bytes} [Wed May 13 02:11:34 2026] POST /v2.0/networks => generated 1321 bytes in 1403 msecs (HTTP/1.1 201) 4 headers in 163 bytes (1 switches on core 0)
2026-05-13 02:11:35.521 8 INFO neutron.db.ovn_revision_numbers_db [None req-24648973-0f09-468d-a27b-cab8f2407df4 0f1791f4f15940c585d0b703644cdfe9 99c9eb9ccd674f89a015a37b8736cc61 - - default default] Successfully bumped revision number for resource 612c1ab8-3d7d-4899-af49-10a4853a3d7c (type: networks) to 1 [pid: 7|app: 0|req: 659/1425] 10.0.0.238 () {32 vars in 649 bytes} [Wed May 13 02:11:35 2026] GET /v2.0/networks => generated 1970 bytes in 73 msecs (HTTP/1.1 200) 4 headers in 158 bytes (1 switches on core 0)
2026-05-13 02:11:35.638 7 INFO neutron_taas.services.taas.taas_plugin [None req-31525f55-444c-46a3-a950-3ee62ab98658 4b5e86473c224244927e71cfd56cf5ef 55ed3008f3734c5a9f3afbc4d42401c4 - - default default] TaaS: Handle Delete Port: c9d1dea4-2287-42b3-9366-0e69a17bbe6f
2026-05-13 02:11:35.641 7 INFO neutron_taas.services.taas.tap_mirror_plugin [None req-31525f55-444c-46a3-a950-3ee62ab98658 4b5e86473c224244927e71cfd56cf5ef 55ed3008f3734c5a9f3afbc4d42401c4 - - default default] Tap Mirror: Handle Delete Port: c9d1dea4-2287-42b3-9366-0e69a17bbe6f
2026-05-13 02:11:35.680 8 WARNING neutron.scheduler.dhcp_agent_scheduler [None req-24648973-0f09-468d-a27b-cab8f2407df4 0f1791f4f15940c585d0b703644cdfe9 99c9eb9ccd674f89a015a37b8736cc61 - - default default] No more DHCP agents
2026-05-13 02:11:35.682 8 WARNING neutron.api.rpc.agentnotifiers.dhcp_rpc_agent_api [None req-24648973-0f09-468d-a27b-cab8f2407df4 0f1791f4f15940c585d0b703644cdfe9 99c9eb9ccd674f89a015a37b8736cc61 - - default default] Unable to schedule network 612c1ab8-3d7d-4899-af49-10a4853a3d7c: no agents available; will retry on subsequent port and subnet creation events.
2026-05-13 02:11:35.748 7 INFO neutron.plugins.ml2.drivers.ovn.mech_driver.mech_driver [None req-f64536b6-e1b0-40f0-93bf-a073070a18b5 - - - - - -] OVN reports status down for port: 56c71f9d-2f86-42c5-bdb3-c4fff0a5d4ba
2026-05-13 02:11:35.762 8 INFO neutron.db.ovn_revision_numbers_db [None req-24648973-0f09-468d-a27b-cab8f2407df4 0f1791f4f15940c585d0b703644cdfe9 99c9eb9ccd674f89a015a37b8736cc61 - - default default] Successfully bumped revision number for resource 56c71f9d-2f86-42c5-bdb3-c4fff0a5d4ba (type: ports) to 1 [pid: 8|app: 0|req: 767/1426] 10.0.0.238 () {34 vars in 670 bytes} [Wed May 13 02:11:35 2026] POST /v2.0/networks => generated 692 bytes in 491 msecs (HTTP/1.1 201) 4 headers in 162 bytes (1 switches on core 0)
2026-05-13 02:11:35.900 7 INFO neutron.services.segments.plugin [-] Segment 2d1b759d-79f9-48d2-bb7f-56c93176725b resource provider aggregate not found
2026-05-13 02:11:35.907 7 INFO neutron.services.segments.plugin [-] Segment 2d1b759d-79f9-48d2-bb7f-56c93176725b resource provider aggregate not found
2026-05-13 02:11:35.919 7 INFO neutron.services.segments.plugin [-] Segment 2d1b759d-79f9-48d2-bb7f-56c93176725b resource provider not found; error: Placement Client Error (4xx): {"errors": [{"status": 404, "title": "Not Found", "detail": "The resource could not be found.\n\n No resource provider with uuid 2d1b759d-79f9-48d2-bb7f-56c93176725b found for delete ", "request_id": "req-88193098-481d-462d-b604-76df7d3a15b4"}]}
2026-05-13 02:11:35.938 7 INFO neutron.services.segments.plugin [-] Segment 2d1b759d-79f9-48d2-bb7f-56c93176725b resource provider not found; error: Placement Client Error (4xx): {"errors": [{"status": 404, "title": "Not Found", "detail": "The resource could not be found.\n\n No resource provider with uuid 2d1b759d-79f9-48d2-bb7f-56c93176725b found for delete ", "request_id": "req-c49cf938-b9bd-4376-9a6b-a205a4c00dca"}]} [pid: 7|app: 0|req: 660/1427] 10.0.0.238 () {32 vars in 726 bytes} [Wed May 13 02:11:35 2026] DELETE /v2.0/networks/dc8bb52c-78ce-4484-bca5-2f053ad86c6e => generated 0 bytes in 433 msecs (HTTP/1.1 204) 3 headers in 131 bytes (1 switches on core 0)
2026-05-13 02:11:36.177 8 INFO neutron_taas.services.taas.taas_plugin [None req-5db04c3c-759e-46b9-a2e4-1ab8ede0d4ca 4b5e86473c224244927e71cfd56cf5ef 55ed3008f3734c5a9f3afbc4d42401c4 - - default default] TaaS: Handle Delete Port: 4b2a561d-f1be-42b0-a88a-ab4657caf4a1
2026-05-13 02:11:36.181 8 INFO neutron_taas.services.taas.tap_mirror_plugin [None req-5db04c3c-759e-46b9-a2e4-1ab8ede0d4ca 4b5e86473c224244927e71cfd56cf5ef 55ed3008f3734c5a9f3afbc4d42401c4 - - default default] Tap Mirror: Handle Delete Port: 4b2a561d-f1be-42b0-a88a-ab4657caf4a1 [pid: 7|app: 0|req: 661/1428] 10.0.0.252 () {34 vars in 990 bytes} [Wed May 13 02:11:36 2026] GET /v2.0/ports?device_id=2d658a58-ed1f-4b73-9849-cc0b6983619b => generated 975 bytes in 112 msecs (HTTP/1.1 200) 4 headers in 157 bytes (1 switches on core 0)
2026-05-13 02:11:36.363 8 INFO neutron.services.segments.plugin [-] Segment dd207fd2-f8fe-4ca9-916e-4e71fa1441d0 resource provider aggregate not found
2026-05-13 02:11:36.376 8 INFO neutron.services.segments.plugin [-] Segment dd207fd2-f8fe-4ca9-916e-4e71fa1441d0 resource provider aggregate not found
2026-05-13 02:11:36.394 8 INFO neutron.services.segments.plugin [-] Segment dd207fd2-f8fe-4ca9-916e-4e71fa1441d0 resource provider not found; error: Placement Client Error (4xx): {"errors": [{"status": 404, "title": "Not Found", "detail": "The resource could not be found.\n\n No resource provider with uuid dd207fd2-f8fe-4ca9-916e-4e71fa1441d0 found for delete ", "request_id": "req-8373035a-1002-4440-934b-bd95cb72ce32"}]}
2026-05-13 02:11:36.406 8 INFO neutron.services.segments.plugin [-] Segment dd207fd2-f8fe-4ca9-916e-4e71fa1441d0 resource provider not found; error: Placement Client Error (4xx): {"errors": [{"status": 404, "title": "Not Found", "detail": "The resource could not be found.\n\n No resource provider with uuid dd207fd2-f8fe-4ca9-916e-4e71fa1441d0 found for delete ", "request_id": "req-8bddf5e3-734d-4883-b225-c700f72a63f4"}]} [pid: 8|app: 0|req: 768/1429] 10.0.0.238 () {32 vars in 726 bytes} [Wed May 13 02:11:35 2026] DELETE /v2.0/networks/8616e0c0-9af2-46aa-b4bc-23a29cbe0687 => generated 0 bytes in 448 msecs (HTTP/1.1 204) 3 headers in 131 bytes (1 switches on core 0) [pid: 8|app: 0|req: 769/1430] 10.0.0.252 () {34 vars in 1040 bytes} [Wed May 13 02:11:36 2026] GET /v2.0/security-groups?id=ab60bcf1-2c9c-45b9-9370-18e55b65e473&fields=id&fields=name => generated 114 bytes in 23 msecs (HTTP/1.1 200) 4 headers in 157 bytes (1 switches on core 0) [pid: 8|app: 0|req: 770/1431] 10.0.0.238 () {32 vars in 649 bytes} [Wed May 13 02:11:36 2026] GET /v2.0/networks => generated 689 bytes in 90 msecs (HTTP/1.1 200) 4 headers in 157 bytes (1 switches on core 0) [pid: 8|app: 0|req: 771/1432] 10.0.0.252 () {34 vars in 990 bytes} [Wed May 13 02:11:36 2026] GET /v2.0/ports?device_id=2d658a58-ed1f-4b73-9849-cc0b6983619b => generated 975 bytes in 80 msecs (HTTP/1.1 200) 4 headers in 157 bytes (1 switches on core 0)
2026-05-13 02:11:36.698 8 INFO neutron.db.segments_db [None req-e47859c1-fa84-4823-aa80-cc76ac0fc3be 4b5e86473c224244927e71cfd56cf5ef 55ed3008f3734c5a9f3afbc4d42401c4 - - default default] Added segment 9befdc38-a603-4120-8800-16e6cc973d3b of type geneve for network 0947d7b3-c71c-40d2-8810-4189385d56e9
2026-05-13 02:11:37.046 7 WARNING neutron.scheduler.dhcp_agent_scheduler [None req-d5ed211a-f07a-4cef-8e41-e784238f508e 0f1791f4f15940c585d0b703644cdfe9 99c9eb9ccd674f89a015a37b8736cc61 - - default default] No more DHCP agents
2026-05-13 02:11:37.048 7 WARNING neutron.api.rpc.agentnotifiers.dhcp_rpc_agent_api [None req-d5ed211a-f07a-4cef-8e41-e784238f508e 0f1791f4f15940c585d0b703644cdfe9 99c9eb9ccd674f89a015a37b8736cc61 - - default default] Unable to schedule network e19fe9b2-cc6b-4bea-92aa-b4c9d1f56de4: no agents available; will retry on subsequent port and subnet creation events.
2026-05-13 02:11:37.075 7 INFO neutron.db.ovn_revision_numbers_db [None req-d5ed211a-f07a-4cef-8e41-e784238f508e 0f1791f4f15940c585d0b703644cdfe9 99c9eb9ccd674f89a015a37b8736cc61 - - default default] Successfully bumped revision number for resource 79ff178f-2905-4268-ba08-2156fa414c98 (type: subnets) to 0
2026-05-13 02:11:37.102 7 WARNING neutron.scheduler.dhcp_agent_scheduler [None req-d5ed211a-f07a-4cef-8e41-e784238f508e 0f1791f4f15940c585d0b703644cdfe9 99c9eb9ccd674f89a015a37b8736cc61 - - default default] No more DHCP agents
2026-05-13 02:11:37.103 7 WARNING neutron.api.rpc.agentnotifiers.dhcp_rpc_agent_api [None req-d5ed211a-f07a-4cef-8e41-e784238f508e 0f1791f4f15940c585d0b703644cdfe9 99c9eb9ccd674f89a015a37b8736cc61 - - default default] Unable to schedule network 612c1ab8-3d7d-4899-af49-10a4853a3d7c: no agents available; will retry on subsequent port and subnet creation events.
2026-05-13 02:11:37.142 7 INFO neutron.db.ovn_revision_numbers_db [None req-d5ed211a-f07a-4cef-8e41-e784238f508e 0f1791f4f15940c585d0b703644cdfe9 99c9eb9ccd674f89a015a37b8736cc61 - - default default] Successfully bumped revision number for resource 0dd4b1af-8706-4398-a1b3-9bd7a311fc3d (type: subnets) to 0 [pid: 7|app: 0|req: 662/1433] 10.0.0.238 () {34 vars in 669 bytes} [Wed May 13 02:11:36 2026] POST /v2.0/subnets => generated 1323 bytes in 842 msecs (HTTP/1.1 201) 4 headers in 163 bytes (1 switches on core 0) [pid: 7|app: 0|req: 663/1434] 10.0.0.252 () {34 vars in 1040 bytes} [Wed May 13 02:11:37 2026] GET /v2.0/security-groups?id=ab60bcf1-2c9c-45b9-9370-18e55b65e473&fields=id&fields=name => generated 114 bytes in 39 msecs (HTTP/1.1 200) 4 headers in 157 bytes (1 switches on core 0)
2026-05-13 02:11:37.208 8 INFO neutron.db.ovn_revision_numbers_db [None req-e47859c1-fa84-4823-aa80-cc76ac0fc3be 4b5e86473c224244927e71cfd56cf5ef 55ed3008f3734c5a9f3afbc4d42401c4 - - default default] Successfully bumped revision number for resource 0947d7b3-c71c-40d2-8810-4189385d56e9 (type: networks) to 1 [pid: 7|app: 0|req: 664/1435] 10.0.0.238 () {32 vars in 647 bytes} [Wed May 13 02:11:37 2026] GET /v2.0/subnets => generated 1959 bytes in 34 msecs (HTTP/1.1 200) 4 headers in 158 bytes (1 switches on core 0) [pid: 7|app: 0|req: 665/1436] 10.0.0.238 () {32 vars in 724 bytes} [Wed May 13 02:11:37 2026] DELETE /v2.0/subnets/79ff178f-2905-4268-ba08-2156fa414c98 => generated 0 bytes in 129 msecs (HTTP/1.1 204) 3 headers in 131 bytes (1 switches on core 0)
2026-05-13 02:11:37.383 8 WARNING neutron.scheduler.dhcp_agent_scheduler [None req-e47859c1-fa84-4823-aa80-cc76ac0fc3be 4b5e86473c224244927e71cfd56cf5ef 55ed3008f3734c5a9f3afbc4d42401c4 - - default default] No more DHCP agents
2026-05-13 02:11:37.384 8 WARNING neutron.api.rpc.agentnotifiers.dhcp_rpc_agent_api [None req-e47859c1-fa84-4823-aa80-cc76ac0fc3be 4b5e86473c224244927e71cfd56cf5ef 55ed3008f3734c5a9f3afbc4d42401c4 - - default default] Unable to schedule network 0947d7b3-c71c-40d2-8810-4189385d56e9: no agents available; will retry on subsequent port and subnet creation events.
2026-05-13 02:11:37.435 8 INFO neutron.plugins.ml2.drivers.ovn.mech_driver.mech_driver [None req-497ab4a0-8cf6-4bf8-9741-677f68e428c2 - - - - - -] OVN reports status down for port: fc8d5238-cf2c-4bb4-a983-d86378eae8cf
2026-05-13 02:11:37.494 8 INFO neutron.db.ovn_revision_numbers_db [None req-e47859c1-fa84-4823-aa80-cc76ac0fc3be 4b5e86473c224244927e71cfd56cf5ef 55ed3008f3734c5a9f3afbc4d42401c4 - - default default] Successfully bumped revision number for resource fc8d5238-cf2c-4bb4-a983-d86378eae8cf (type: ports) to 1 [pid: 8|app: 0|req: 772/1437] 10.0.0.238 () {34 vars in 670 bytes} [Wed May 13 02:11:36 2026] POST /v2.0/networks => generated 688 bytes in 936 msecs (HTTP/1.1 201) 4 headers in 162 bytes (1 switches on core 0) [pid: 7|app: 0|req: 666/1438] 10.0.0.238 () {32 vars in 724 bytes} [Wed May 13 02:11:37 2026] DELETE /v2.0/subnets/0dd4b1af-8706-4398-a1b3-9bd7a311fc3d => generated 0 bytes in 174 msecs (HTTP/1.1 204) 3 headers in 131 bytes (1 switches on core 0) [pid: 8|app: 0|req: 773/1439] 10.0.0.252 () {34 vars in 990 bytes} [Wed May 13 02:11:37 2026] GET /v2.0/ports?device_id=2d658a58-ed1f-4b73-9849-cc0b6983619b => generated 975 bytes in 37 msecs (HTTP/1.1 200) 4 headers in 157 bytes (1 switches on core 0) [pid: 8|app: 0|req: 774/1440] 10.0.0.238 () {32 vars in 647 bytes} [Wed May 13 02:11:37 2026] GET /v2.0/subnets => generated 649 bytes in 31 msecs (HTTP/1.1 200) 4 headers in 157 bytes (1 switches on core 0) [pid: 8|app: 0|req: 775/1441] 10.0.0.252 () {34 vars in 1040 bytes} [Wed May 13 02:11:37 2026] GET /v2.0/security-groups?id=ab60bcf1-2c9c-45b9-9370-18e55b65e473&fields=id&fields=name => generated 114 bytes in 27 msecs (HTTP/1.1 200) 4 headers in 157 bytes (1 switches on core 0)
2026-05-13 02:11:37.653 7 INFO neutron.db.segments_db [None req-8f94109e-512b-4af2-ac9a-a2e34508bee4 4b5e86473c224244927e71cfd56cf5ef 55ed3008f3734c5a9f3afbc4d42401c4 - - default default] Added segment abe8c637-7a50-40ec-8fc3-8612d9ba30e4 of type geneve for network d16fdfaa-23dc-461a-8c7a-2f8ed5db4ced
2026-05-13 02:11:37.749 7 INFO neutron.db.ovn_revision_numbers_db [None req-8f94109e-512b-4af2-ac9a-a2e34508bee4 4b5e86473c224244927e71cfd56cf5ef 55ed3008f3734c5a9f3afbc4d42401c4 - - default default] Successfully bumped revision number for resource d16fdfaa-23dc-461a-8c7a-2f8ed5db4ced (type: networks) to 1
2026-05-13 02:11:37.770 8 INFO neutron_taas.services.taas.taas_plugin [None req-45ee5214-319d-44b5-beef-e52886eea9ad 0f1791f4f15940c585d0b703644cdfe9 99c9eb9ccd674f89a015a37b8736cc61 - - default default] TaaS: Handle Delete Port: 56c71f9d-2f86-42c5-bdb3-c4fff0a5d4ba
2026-05-13 02:11:37.773 8 INFO neutron_taas.services.taas.tap_mirror_plugin [None req-45ee5214-319d-44b5-beef-e52886eea9ad 0f1791f4f15940c585d0b703644cdfe9 99c9eb9ccd674f89a015a37b8736cc61 - - default default] Tap Mirror: Handle Delete Port: 56c71f9d-2f86-42c5-bdb3-c4fff0a5d4ba
2026-05-13 02:11:37.890 7 WARNING neutron.scheduler.dhcp_agent_scheduler [None req-8f94109e-512b-4af2-ac9a-a2e34508bee4 4b5e86473c224244927e71cfd56cf5ef 55ed3008f3734c5a9f3afbc4d42401c4 - - default default] No more DHCP agents
2026-05-13 02:11:37.892 7 WARNING neutron.api.rpc.agentnotifiers.dhcp_rpc_agent_api [None req-8f94109e-512b-4af2-ac9a-a2e34508bee4 4b5e86473c224244927e71cfd56cf5ef 55ed3008f3734c5a9f3afbc4d42401c4 - - default default] Unable to schedule network d16fdfaa-23dc-461a-8c7a-2f8ed5db4ced: no agents available; will retry on subsequent port and subnet creation events.
2026-05-13 02:11:37.940 7 INFO neutron.plugins.ml2.drivers.ovn.mech_driver.mech_driver [None req-f64536b6-e1b0-40f0-93bf-a073070a18b5 - - - - - -] OVN reports status down for port: 66f67c51-c05a-4696-8b60-31c950750fd4 [pid: 8|app: 0|req: 776/1442] 10.0.0.238 () {32 vars in 726 bytes} [Wed May 13 02:11:37 2026] DELETE /v2.0/networks/612c1ab8-3d7d-4899-af49-10a4853a3d7c => generated 0 bytes in 349 msecs (HTTP/1.1 204) 3 headers in 131 bytes (1 switches on core 0)
2026-05-13 02:11:38.018 7 INFO neutron.db.ovn_revision_numbers_db [None req-8f94109e-512b-4af2-ac9a-a2e34508bee4 4b5e86473c224244927e71cfd56cf5ef 55ed3008f3734c5a9f3afbc4d42401c4 - - default default] Successfully bumped revision number for resource 66f67c51-c05a-4696-8b60-31c950750fd4 (type: ports) to 1 [pid: 7|app: 0|req: 667/1443] 10.0.0.238 () {34 vars in 670 bytes} [Wed May 13 02:11:37 2026] POST /v2.0/networks => generated 687 bytes in 511 msecs (HTTP/1.1 201) 4 headers in 162 bytes (1 switches on core 0)
2026-05-13 02:11:38.124 8 INFO neutron_taas.services.taas.taas_plugin [None req-f91a18d4-8898-4dd3-9611-6704a38c6f25 0f1791f4f15940c585d0b703644cdfe9 99c9eb9ccd674f89a015a37b8736cc61 - - default default] TaaS: Handle Delete Port: 9af63bea-8e52-4829-94e4-9d5675df95ef
2026-05-13 02:11:38.127 8 INFO neutron_taas.services.taas.tap_mirror_plugin [None req-f91a18d4-8898-4dd3-9611-6704a38c6f25 0f1791f4f15940c585d0b703644cdfe9 99c9eb9ccd674f89a015a37b8736cc61 - - default default] Tap Mirror: Handle Delete Port: 9af63bea-8e52-4829-94e4-9d5675df95ef [pid: 8|app: 0|req: 777/1444] 10.0.0.238 () {32 vars in 726 bytes} [Wed May 13 02:11:38 2026] DELETE /v2.0/networks/e19fe9b2-cc6b-4bea-92aa-b4c9d1f56de4 => generated 0 bytes in 334 msecs (HTTP/1.1 204) 3 headers in 131 bytes (1 switches on core 0)
2026-05-13 02:11:38.414 8 INFO neutron.services.segments.plugin [-] Segment 3a29f5b6-1dd9-4cae-8f6a-744f879fed8a resource provider aggregate not found
2026-05-13 02:11:38.423 8 INFO neutron.services.segments.plugin [-] Segment 3a29f5b6-1dd9-4cae-8f6a-744f879fed8a resource provider aggregate not found
2026-05-13 02:11:38.432 8 INFO neutron.services.segments.plugin [-] Segment 3a29f5b6-1dd9-4cae-8f6a-744f879fed8a resource provider not found; error: Placement Client Error (4xx): {"errors": [{"status": 404, "title": "Not Found", "detail": "The resource could not be found.\n\n No resource provider with uuid 3a29f5b6-1dd9-4cae-8f6a-744f879fed8a found for delete ", "request_id": "req-9e7a4528-6354-4098-8f1d-af5e624e84a0"}]}
2026-05-13 02:11:38.446 8 INFO neutron.services.segments.plugin [-] Segment 3a29f5b6-1dd9-4cae-8f6a-744f879fed8a resource provider not found; error: Placement Client Error (4xx): {"errors": [{"status": 404, "title": "Not Found", "detail": "The resource could not be found.\n\n No resource provider with uuid 3a29f5b6-1dd9-4cae-8f6a-744f879fed8a found for delete ", "request_id": "req-3d7b7a95-a37b-4687-865d-87d25a4a5351"}]}
2026-05-13 02:11:38.463 8 INFO neutron.services.segments.plugin [-] Segment 9f719093-ca02-4c3b-b7e6-a386039b33fc resource provider aggregate not found
2026-05-13 02:11:38.463 7 WARNING neutron.scheduler.dhcp_agent_scheduler [None req-db5418bc-213f-4627-a813-16364d4ec4db 4b5e86473c224244927e71cfd56cf5ef 55ed3008f3734c5a9f3afbc4d42401c4 - - default default] No more DHCP agents
2026-05-13 02:11:38.465 7 WARNING neutron.api.rpc.agentnotifiers.dhcp_rpc_agent_api [None req-db5418bc-213f-4627-a813-16364d4ec4db 4b5e86473c224244927e71cfd56cf5ef 55ed3008f3734c5a9f3afbc4d42401c4 - - default default] Unable to schedule network 0947d7b3-c71c-40d2-8810-4189385d56e9: no agents available; will retry on subsequent port and subnet creation events.
2026-05-13 02:11:38.470 8 INFO neutron.services.segments.plugin [-] Segment 9f719093-ca02-4c3b-b7e6-a386039b33fc resource provider aggregate not found
2026-05-13 02:11:38.485 8 INFO neutron.services.segments.plugin [-] Segment 9f719093-ca02-4c3b-b7e6-a386039b33fc resource provider not found; error: Placement Client Error (4xx): {"errors": [{"status": 404, "title": "Not Found", "detail": "The resource could not be found.\n\n No resource provider with uuid 9f719093-ca02-4c3b-b7e6-a386039b33fc found for delete ", "request_id": "req-12999b07-aaee-4e04-af0b-f77c22a6d8c6"}]}
2026-05-13 02:11:38.491 8 INFO neutron.services.segments.plugin [-] Segment 9f719093-ca02-4c3b-b7e6-a386039b33fc resource provider not found; error: Placement Client Error (4xx): {"errors": [{"status": 404, "title": "Not Found", "detail": "The resource could not be found.\n\n No resource provider with uuid 9f719093-ca02-4c3b-b7e6-a386039b33fc found for delete ", "request_id": "req-e629bb80-e257-4f1e-96db-f03fdfb79e10"}]}
2026-05-13 02:11:38.499 8 INFO neutron_taas.services.taas.taas_plugin [None req-7606fccc-1962-48e9-a689-b39f69620852 0f1791f4f15940c585d0b703644cdfe9 99c9eb9ccd674f89a015a37b8736cc61 - - default default] TaaS: Handle Delete Port: 4f5b3b57-6996-40ab-8df4-8182854cd221
2026-05-13 02:11:38.502 8 INFO neutron_taas.services.taas.tap_mirror_plugin [None req-7606fccc-1962-48e9-a689-b39f69620852 0f1791f4f15940c585d0b703644cdfe9 99c9eb9ccd674f89a015a37b8736cc61 - - default default] Tap Mirror: Handle Delete Port: 4f5b3b57-6996-40ab-8df4-8182854cd221
2026-05-13 02:11:38.530 7 INFO neutron.plugins.ml2.drivers.ovn.mech_driver.mech_driver [None req-f64536b6-e1b0-40f0-93bf-a073070a18b5 - - - - - -] OVN reports status down for port: 1fd905d8-c76d-44cd-b03d-b5828444edec
2026-05-13 02:11:38.592 7 INFO neutron.db.ovn_revision_numbers_db [None req-db5418bc-213f-4627-a813-16364d4ec4db 4b5e86473c224244927e71cfd56cf5ef 55ed3008f3734c5a9f3afbc4d42401c4 - - default default] Successfully bumped revision number for resource 1fd905d8-c76d-44cd-b03d-b5828444edec (type: ports) to 1
2026-05-13 02:11:38.685 7 WARNING neutron.scheduler.dhcp_agent_scheduler [None req-db5418bc-213f-4627-a813-16364d4ec4db 4b5e86473c224244927e71cfd56cf5ef 55ed3008f3734c5a9f3afbc4d42401c4 - - default default] No more DHCP agents
2026-05-13 02:11:38.688 7 WARNING neutron.api.rpc.agentnotifiers.dhcp_rpc_agent_api [None req-db5418bc-213f-4627-a813-16364d4ec4db 4b5e86473c224244927e71cfd56cf5ef 55ed3008f3734c5a9f3afbc4d42401c4 - - default default] Unable to schedule network d16fdfaa-23dc-461a-8c7a-2f8ed5db4ced: no agents available; will retry on subsequent port and subnet creation events.
2026-05-13 02:11:38.753 7 INFO neutron.plugins.ml2.drivers.ovn.mech_driver.mech_driver [None req-f64536b6-e1b0-40f0-93bf-a073070a18b5 - - - - - -] OVN reports status down for port: fb5235a3-3679-4358-a360-c4da8bcf195e [pid: 8|app: 0|req: 778/1445] 10.0.0.238 () {32 vars in 726 bytes} [Wed May 13 02:11:38 2026] DELETE /v2.0/networks/11a6c8c2-91d9-416d-baa0-085b3a7f0469 => generated 0 bytes in 412 msecs (HTTP/1.1 204) 3 headers in 131 bytes (1 switches on core 0) [pid: 8|app: 0|req: 779/1446] 10.0.0.252 () {34 vars in 990 bytes} [Wed May 13 02:11:38 2026] GET /v2.0/ports?device_id=2d658a58-ed1f-4b73-9849-cc0b6983619b => generated 975 bytes in 37 msecs (HTTP/1.1 200) 4 headers in 157 bytes (1 switches on core 0)
2026-05-13 02:11:38.821 7 INFO neutron.db.ovn_revision_numbers_db [None req-db5418bc-213f-4627-a813-16364d4ec4db 4b5e86473c224244927e71cfd56cf5ef 55ed3008f3734c5a9f3afbc4d42401c4 - - default default] Successfully bumped revision number for resource fb5235a3-3679-4358-a360-c4da8bcf195e (type: ports) to 1
2026-05-13 02:11:38.927 8 INFO neutron_taas.services.taas.taas_plugin [None req-84e0bcc9-52a9-47a5-909e-44840c79ea14 0f1791f4f15940c585d0b703644cdfe9 99c9eb9ccd674f89a015a37b8736cc61 - - default default] TaaS: Handle Delete Port: 74285b74-c39b-4d2e-8321-3303b8d1efa6 [pid: 7|app: 0|req: 668/1447] 10.0.0.238 () {34 vars in 665 bytes} [Wed May 13 02:11:38 2026] POST /v2.0/ports => generated 1505 bytes in 858 msecs (HTTP/1.1 201) 4 headers in 163 bytes (1 switches on core 0)
2026-05-13 02:11:38.931 8 INFO neutron_taas.services.taas.tap_mirror_plugin [None req-84e0bcc9-52a9-47a5-909e-44840c79ea14 0f1791f4f15940c585d0b703644cdfe9 99c9eb9ccd674f89a015a37b8736cc61 - - default default] Tap Mirror: Handle Delete Port: 74285b74-c39b-4d2e-8321-3303b8d1efa6 /var/lib/openstack/lib/python3.12/site-packages/pycadf/identifier.py:70: UserWarning: Invalid uuid: neutron. To ensure interoperability, identifiers should be a valid uuid. warnings.warn(('Invalid uuid: %s. To ensure interoperability, ' [pid: 7|app: 0|req: 669/1448] 10.0.0.252 () {34 vars in 1040 bytes} [Wed May 13 02:11:38 2026] GET /v2.0/security-groups?id=ab60bcf1-2c9c-45b9-9370-18e55b65e473&fields=id&fields=name => generated 114 bytes in 30 msecs (HTTP/1.1 200) 4 headers in 157 bytes (1 switches on core 0) [pid: 7|app: 0|req: 670/1449] 10.0.0.238 () {32 vars in 643 bytes} [Wed May 13 02:11:38 2026] GET /v2.0/ports => generated 3017 bytes in 44 msecs (HTTP/1.1 200) 4 headers in 158 bytes (1 switches on core 0)
2026-05-13 02:11:39.119 7 INFO neutron_taas.services.taas.taas_plugin [None req-87e09952-37e3-4ffc-b824-cab879a86ea6 4b5e86473c224244927e71cfd56cf5ef 55ed3008f3734c5a9f3afbc4d42401c4 - - default default] TaaS: Handle Delete Port: 1fd905d8-c76d-44cd-b03d-b5828444edec
2026-05-13 02:11:39.124 7 INFO neutron_taas.services.taas.tap_mirror_plugin [None req-87e09952-37e3-4ffc-b824-cab879a86ea6 4b5e86473c224244927e71cfd56cf5ef 55ed3008f3734c5a9f3afbc4d42401c4 - - default default] Tap Mirror: Handle Delete Port: 1fd905d8-c76d-44cd-b03d-b5828444edec [pid: 8|app: 0|req: 780/1450] 10.0.0.238 () {32 vars in 726 bytes} [Wed May 13 02:11:38 2026] DELETE /v2.0/networks/a035b625-fc81-4d40-8fc9-96138b9ede4e => generated 0 bytes in 359 msecs (HTTP/1.1 204) 3 headers in 131 bytes (1 switches on core 0) [pid: 8|app: 0|req: 781/1451] 199.204.45.246 () {34 vars in 1080 bytes} [Wed May 13 02:11:39 2026] GET /v2.0/ports?tenant_id=8636a2443f9d407d96bd507b3c807836&device_id=2d658a58-ed1f-4b73-9849-cc0b6983619b => generated 1236 bytes in 32 msecs (HTTP/1.1 200) 4 headers in 158 bytes (1 switches on core 0) [pid: 7|app: 0|req: 671/1452] 10.0.0.238 () {32 vars in 720 bytes} [Wed May 13 02:11:39 2026] DELETE /v2.0/ports/1fd905d8-c76d-44cd-b03d-b5828444edec => generated 0 bytes in 224 msecs (HTTP/1.1 204) 3 headers in 131 bytes (1 switches on core 0) [pid: 8|app: 0|req: 782/1453] 199.204.45.246 () {34 vars in 986 bytes} [Wed May 13 02:11:39 2026] GET /v2.0/networks?id=e91b1da7-7b98-4df7-b8ed-286f47e91644 => generated 813 bytes in 58 msecs (HTTP/1.1 200) 4 headers in 157 bytes (1 switches on core 0) [pid: 8|app: 0|req: 783/1454] 199.204.45.246 () {34 vars in 1060 bytes} [Wed May 13 02:11:39 2026] GET /v2.0/floatingips?fixed_ip_address=10.100.0.11&port_id=7ff0a7c4-a212-4236-9c9d-6a0a7d6819a7 => generated 861 bytes in 46 msecs (HTTP/1.1 200) 4 headers in 157 bytes (1 switches on core 0) [pid: 8|app: 0|req: 784/1455] 199.204.45.246 () {34 vars in 984 bytes} [Wed May 13 02:11:39 2026] GET /v2.0/subnets?id=f803b4e0-93f1-453f-8f59-bacf14ede26b => generated 694 bytes in 24 msecs (HTTP/1.1 200) 4 headers in 157 bytes (1 switches on core 0)
2026-05-13 02:11:39.354 7 INFO neutron_taas.services.taas.taas_plugin [None req-9d379998-63eb-4a4a-86ff-4c2b068a2726 4b5e86473c224244927e71cfd56cf5ef 55ed3008f3734c5a9f3afbc4d42401c4 - - default default] TaaS: Handle Delete Port: fb5235a3-3679-4358-a360-c4da8bcf195e
2026-05-13 02:11:39.358 7 INFO neutron_taas.services.taas.tap_mirror_plugin [None req-9d379998-63eb-4a4a-86ff-4c2b068a2726 4b5e86473c224244927e71cfd56cf5ef 55ed3008f3734c5a9f3afbc4d42401c4 - - default default] Tap Mirror: Handle Delete Port: fb5235a3-3679-4358-a360-c4da8bcf195e [pid: 8|app: 0|req: 785/1456] 199.204.45.246 () {34 vars in 1052 bytes} [Wed May 13 02:11:39 2026] GET /v2.0/ports?network_id=e91b1da7-7b98-4df7-b8ed-286f47e91644&device_owner=network%3Adhcp => generated 12 bytes in 18 msecs (HTTP/1.1 200) 4 headers in 156 bytes (1 switches on core 0) [pid: 8|app: 0|req: 786/1457] 199.204.45.246 () {34 vars in 1012 bytes} [Wed May 13 02:11:39 2026] GET /v2.0/networks/e91b1da7-7b98-4df7-b8ed-286f47e91644?fields=segments => generated 14 bytes in 43 msecs (HTTP/1.1 200) 4 headers in 156 bytes (1 switches on core 0) [pid: 7|app: 0|req: 672/1458] 10.0.0.238 () {32 vars in 720 bytes} [Wed May 13 02:11:39 2026] DELETE /v2.0/ports/fb5235a3-3679-4358-a360-c4da8bcf195e => generated 0 bytes in 229 msecs (HTTP/1.1 204) 3 headers in 131 bytes (1 switches on core 0) [pid: 8|app: 0|req: 787/1459] 199.204.45.246 () {34 vars in 1112 bytes} [Wed May 13 02:11:39 2026] GET /v2.0/networks/e91b1da7-7b98-4df7-b8ed-286f47e91644?fields=provider%3Aphysical_network&fields=provider%3Anetwork_type => generated 79 bytes in 52 msecs (HTTP/1.1 200) 4 headers in 156 bytes (1 switches on core 0) [pid: 7|app: 0|req: 673/1460] 10.0.0.238 () {32 vars in 643 bytes} [Wed May 13 02:11:39 2026] GET /v2.0/ports => generated 1523 bytes in 39 msecs (HTTP/1.1 200) 4 headers in 158 bytes (1 switches on core 0)
2026-05-13 02:11:39.608 8 INFO neutron.db.segments_db [None req-6b46133c-4866-410a-919c-626bff5e60c5 4b5e86473c224244927e71cfd56cf5ef 55ed3008f3734c5a9f3afbc4d42401c4 - - default default] Added segment 5d7a3608-a504-4de4-ad25-d53cfbc45048 of type geneve for network f2594fd9-3e9f-4d29-be28-438a18d39d74
2026-05-13 02:11:39.706 8 INFO neutron.db.ovn_revision_numbers_db [None req-6b46133c-4866-410a-919c-626bff5e60c5 4b5e86473c224244927e71cfd56cf5ef 55ed3008f3734c5a9f3afbc4d42401c4 - - default default] Successfully bumped revision number for resource f2594fd9-3e9f-4d29-be28-438a18d39d74 (type: networks) to 1
2026-05-13 02:11:39.725 7 WARNING neutron.db.securitygroups_db [None req-7424d942-482e-416d-9f1e-4a511a74e5aa c5d597cb320f419e891395492751e5e1 78b02ecdbb2c4a7691bd7798f735d2bb - - default default] project_id key not found in filters, using tenant_id instead. This support has been deprecated and will be removed in a future release. [pid: 7|app: 0|req: 674/1461] 10.0.0.238 () {32 vars in 774 bytes} [Wed May 13 02:11:39 2026] GET /v2.0/security-groups?tenant_id=99c9eb9ccd674f89a015a37b8736cc61&name=default => generated 2925 bytes in 112 msecs (HTTP/1.1 200) 4 headers in 158 bytes (1 switches on core 0)
2026-05-13 02:11:39.868 8 WARNING neutron.scheduler.dhcp_agent_scheduler [None req-6b46133c-4866-410a-919c-626bff5e60c5 4b5e86473c224244927e71cfd56cf5ef 55ed3008f3734c5a9f3afbc4d42401c4 - - default default] No more DHCP agents
2026-05-13 02:11:39.869 8 WARNING neutron.api.rpc.agentnotifiers.dhcp_rpc_agent_api [None req-6b46133c-4866-410a-919c-626bff5e60c5 4b5e86473c224244927e71cfd56cf5ef 55ed3008f3734c5a9f3afbc4d42401c4 - - default default] Unable to schedule network f2594fd9-3e9f-4d29-be28-438a18d39d74: no agents available; will retry on subsequent port and subnet creation events.
2026-05-13 02:11:39.928 7 INFO neutron.plugins.ml2.drivers.ovn.mech_driver.mech_driver [None req-f64536b6-e1b0-40f0-93bf-a073070a18b5 - - - - - -] OVN reports status down for port: 55ed3fb2-fe0b-430f-9c6f-c27cb95af6b7 [pid: 7|app: 0|req: 675/1462] 10.0.0.238 () {32 vars in 740 bytes} [Wed May 13 02:11:39 2026] DELETE /v2.0/security-groups/e6dcb694-ee1b-48dd-8f9c-36b2f3671b45 => generated 0 bytes in 181 msecs (HTTP/1.1 204) 2 headers in 112 bytes (1 switches on core 0)
2026-05-13 02:11:39.944 8 INFO neutron.db.ovn_revision_numbers_db [None req-6b46133c-4866-410a-919c-626bff5e60c5 4b5e86473c224244927e71cfd56cf5ef 55ed3008f3734c5a9f3afbc4d42401c4 - - default default] Successfully bumped revision number for resource 55ed3fb2-fe0b-430f-9c6f-c27cb95af6b7 (type: ports) to 1 [pid: 8|app: 0|req: 788/1463] 10.0.0.238 () {34 vars in 670 bytes} [Wed May 13 02:11:39 2026] POST /v2.0/networks => generated 688 bytes in 447 msecs (HTTP/1.1 201) 4 headers in 162 bytes (1 switches on core 0) [pid: 8|app: 0|req: 789/1464] 10.0.0.252 () {34 vars in 990 bytes} [Wed May 13 02:11:40 2026] GET /v2.0/ports?device_id=2d658a58-ed1f-4b73-9849-cc0b6983619b => generated 975 bytes in 37 msecs (HTTP/1.1 200) 4 headers in 157 bytes (1 switches on core 0)
2026-05-13 02:11:40.089 7 INFO neutron.db.segments_db [None req-246ca546-9ea5-4f68-bcbf-67f1c1be9c3c 4b5e86473c224244927e71cfd56cf5ef 55ed3008f3734c5a9f3afbc4d42401c4 - - default default] Added segment 87d92d85-a5cb-40e1-a957-ce49a47bbc88 of type geneve for network c6a3960c-e199-434a-8e95-f0c29ffe7e8e [pid: 8|app: 0|req: 790/1465] 10.0.0.252 () {34 vars in 1040 bytes} [Wed May 13 02:11:40 2026] GET /v2.0/security-groups?id=ab60bcf1-2c9c-45b9-9370-18e55b65e473&fields=id&fields=name => generated 114 bytes in 37 msecs (HTTP/1.1 200) 4 headers in 157 bytes (1 switches on core 0)
2026-05-13 02:11:40.200 7 INFO neutron.db.ovn_revision_numbers_db [None req-246ca546-9ea5-4f68-bcbf-67f1c1be9c3c 4b5e86473c224244927e71cfd56cf5ef 55ed3008f3734c5a9f3afbc4d42401c4 - - default default] Successfully bumped revision number for resource c6a3960c-e199-434a-8e95-f0c29ffe7e8e (type: networks) to 1
2026-05-13 02:11:40.288 8 WARNING neutron.db.securitygroups_db [None req-b8a2438c-b3d1-43e2-9998-b2a3d18bc32f c5d597cb320f419e891395492751e5e1 78b02ecdbb2c4a7691bd7798f735d2bb - - default default] project_id key not found in filters, using tenant_id instead. This support has been deprecated and will be removed in a future release.
2026-05-13 02:11:40.399 7 WARNING neutron.scheduler.dhcp_agent_scheduler [None req-246ca546-9ea5-4f68-bcbf-67f1c1be9c3c 4b5e86473c224244927e71cfd56cf5ef 55ed3008f3734c5a9f3afbc4d42401c4 - - default default] No more DHCP agents
2026-05-13 02:11:40.400 7 WARNING neutron.api.rpc.agentnotifiers.dhcp_rpc_agent_api [None req-246ca546-9ea5-4f68-bcbf-67f1c1be9c3c 4b5e86473c224244927e71cfd56cf5ef 55ed3008f3734c5a9f3afbc4d42401c4 - - default default] Unable to schedule network c6a3960c-e199-434a-8e95-f0c29ffe7e8e: no agents available; will retry on subsequent port and subnet creation events.
2026-05-13 02:11:40.405 8 INFO neutron.db.ovn_revision_numbers_db [None req-b8a2438c-b3d1-43e2-9998-b2a3d18bc32f c5d597cb320f419e891395492751e5e1 78b02ecdbb2c4a7691bd7798f735d2bb - - default default] Successfully bumped revision number for resource 8886dcf3-d9ad-48db-a522-6f8f4c53fad9 (type: security_groups) to 1
2026-05-13 02:11:40.416 8 INFO neutron.db.ovn_revision_numbers_db [None req-b8a2438c-b3d1-43e2-9998-b2a3d18bc32f c5d597cb320f419e891395492751e5e1 78b02ecdbb2c4a7691bd7798f735d2bb - - default default] Successfully bumped revision number for resource 0d90e620-feec-4694-96eb-63c370976100 (type: security_group_rules) to 0
2026-05-13 02:11:40.427 8 INFO neutron.db.ovn_revision_numbers_db [None req-b8a2438c-b3d1-43e2-9998-b2a3d18bc32f c5d597cb320f419e891395492751e5e1 78b02ecdbb2c4a7691bd7798f735d2bb - - default default] Successfully bumped revision number for resource 1b720b60-4a80-46b8-8d60-323c84dbcbfb (type: security_group_rules) to 0
2026-05-13 02:11:40.451 8 INFO neutron.plugins.ml2.drivers.ovn.mech_driver.mech_driver [None req-497ab4a0-8cf6-4bf8-9741-677f68e428c2 - - - - - -] OVN reports status down for port: 1ac231a3-4c80-48a6-b524-6e134d16c068
2026-05-13 02:11:40.453 8 INFO neutron.db.ovn_revision_numbers_db [None req-b8a2438c-b3d1-43e2-9998-b2a3d18bc32f c5d597cb320f419e891395492751e5e1 78b02ecdbb2c4a7691bd7798f735d2bb - - default default] Successfully bumped revision number for resource 237013f5-9dde-4c41-88b8-749b6b6c0d3b (type: security_group_rules) to 0
2026-05-13 02:11:40.483 8 INFO neutron.db.ovn_revision_numbers_db [None req-b8a2438c-b3d1-43e2-9998-b2a3d18bc32f c5d597cb320f419e891395492751e5e1 78b02ecdbb2c4a7691bd7798f735d2bb - - default default] Successfully bumped revision number for resource e2ddb0bf-7918-428e-b429-019b82e76604 (type: security_group_rules) to 0
2026-05-13 02:11:40.485 7 INFO neutron.db.ovn_revision_numbers_db [None req-246ca546-9ea5-4f68-bcbf-67f1c1be9c3c 4b5e86473c224244927e71cfd56cf5ef 55ed3008f3734c5a9f3afbc4d42401c4 - - default default] Successfully bumped revision number for resource 1ac231a3-4c80-48a6-b524-6e134d16c068 (type: ports) to 1
2026-05-13 02:11:40.509 8 INFO neutron.services.segments.plugin [-] Segment 77e68e39-0fe3-4eff-b0d5-9d8df172f5ce resource provider aggregate not found [pid: 7|app: 0|req: 676/1466] 10.0.0.238 () {34 vars in 670 bytes} [Wed May 13 02:11:39 2026] POST /v2.0/networks => generated 688 bytes in 543 msecs (HTTP/1.1 201) 4 headers in 162 bytes (1 switches on core 0)
2026-05-13 02:11:40.535 8 INFO neutron.services.segments.plugin [-] Segment 77e68e39-0fe3-4eff-b0d5-9d8df172f5ce resource provider not found; error: Placement Client Error (4xx): {"errors": [{"status": 404, "title": "Not Found", "detail": "The resource could not be found.\n\n No resource provider with uuid 77e68e39-0fe3-4eff-b0d5-9d8df172f5ce found for delete ", "request_id": "req-3c0b033a-3bca-41e3-8693-2b4186bb2000"}]}
2026-05-13 02:11:40.539 8 INFO neutron.services.segments.plugin [-] Segment 77e68e39-0fe3-4eff-b0d5-9d8df172f5ce resource provider aggregate not found
2026-05-13 02:11:40.559 8 INFO neutron.services.segments.plugin [-] Segment 77e68e39-0fe3-4eff-b0d5-9d8df172f5ce resource provider not found; error: Placement Client Error (4xx): {"errors": [{"status": 404, "title": "Not Found", "detail": "The resource could not be found.\n\n No resource provider with uuid 77e68e39-0fe3-4eff-b0d5-9d8df172f5ce found for delete ", "request_id": "req-fff96843-27e4-4534-bc57-ea7150d1bafc"}]}
2026-05-13 02:11:40.564 8 INFO neutron.services.segments.plugin [-] Segment 18c83c0c-a06f-4340-b6d4-bb4b5844d898 resource provider aggregate not found [pid: 8|app: 0|req: 791/1467] 10.0.0.238 () {32 vars in 774 bytes} [Wed May 13 02:11:40 2026] GET /v2.0/security-groups?tenant_id=010e494e3a7b4adab2a5720a46fcd534&name=default => generated 2925 bytes in 425 msecs (HTTP/1.1 200) 4 headers in 158 bytes (1 switches on core 0)
2026-05-13 02:11:40.585 8 INFO neutron.services.segments.plugin [-] Segment 18c83c0c-a06f-4340-b6d4-bb4b5844d898 resource provider not found; error: Placement Client Error (4xx): {"errors": [{"status": 404, "title": "Not Found", "detail": "The resource could not be found.\n\n No resource provider with uuid 18c83c0c-a06f-4340-b6d4-bb4b5844d898 found for delete ", "request_id": "req-acca6e62-270f-436d-9842-8b724c99cc49"}]}
2026-05-13 02:11:40.588 8 INFO neutron.services.segments.plugin [-] Segment 18c83c0c-a06f-4340-b6d4-bb4b5844d898 resource provider aggregate not found
2026-05-13 02:11:40.603 8 INFO neutron.services.segments.plugin [-] Segment 18c83c0c-a06f-4340-b6d4-bb4b5844d898 resource provider not found; error: Placement Client Error (4xx): {"errors": [{"status": 404, "title": "Not Found", "detail": "The resource could not be found.\n\n No resource provider with uuid 18c83c0c-a06f-4340-b6d4-bb4b5844d898 found for delete ", "request_id": "req-1cee653a-1fac-440f-ae7f-42453a39e555"}]} [pid: 8|app: 0|req: 792/1468] 10.0.0.238 () {32 vars in 740 bytes} [Wed May 13 02:11:40 2026] DELETE /v2.0/security-groups/8886dcf3-d9ad-48db-a522-6f8f4c53fad9 => generated 0 bytes in 196 msecs (HTTP/1.1 204) 2 headers in 112 bytes (1 switches on core 0)
2026-05-13 02:11:40.875 7 WARNING neutron.scheduler.dhcp_agent_scheduler [None req-bde7ee6c-206f-4b4a-861a-64bb56b99cfc 4b5e86473c224244927e71cfd56cf5ef 55ed3008f3734c5a9f3afbc4d42401c4 - - default default] No more DHCP agents
2026-05-13 02:11:40.877 7 WARNING neutron.api.rpc.agentnotifiers.dhcp_rpc_agent_api [None req-bde7ee6c-206f-4b4a-861a-64bb56b99cfc 4b5e86473c224244927e71cfd56cf5ef 55ed3008f3734c5a9f3afbc4d42401c4 - - default default] Unable to schedule network f2594fd9-3e9f-4d29-be28-438a18d39d74: no agents available; will retry on subsequent port and subnet creation events. [pid: 8|app: 0|req: 793/1469] 10.0.0.252 () {34 vars in 990 bytes} [Wed May 13 02:11:41 2026] GET /v2.0/ports?device_id=2d658a58-ed1f-4b73-9849-cc0b6983619b => generated 975 bytes in 35 msecs (HTTP/1.1 200) 4 headers in 157 bytes (1 switches on core 0) [pid: 8|app: 0|req: 794/1470] 10.0.0.252 () {34 vars in 1040 bytes} [Wed May 13 02:11:41 2026] GET /v2.0/security-groups?id=ab60bcf1-2c9c-45b9-9370-18e55b65e473&fields=id&fields=name => generated 114 bytes in 24 msecs (HTTP/1.1 200) 4 headers in 157 bytes (1 switches on core 0)
2026-05-13 02:11:41.349 7 INFO neutron.db.ovn_revision_numbers_db [None req-bde7ee6c-206f-4b4a-861a-64bb56b99cfc 4b5e86473c224244927e71cfd56cf5ef 55ed3008f3734c5a9f3afbc4d42401c4 - - default default] Successfully bumped revision number for resource 55ed3fb2-fe0b-430f-9c6f-c27cb95af6b7 (type: ports) to 2
2026-05-13 02:11:41.383 7 INFO neutron.db.ovn_revision_numbers_db [None req-bde7ee6c-206f-4b4a-861a-64bb56b99cfc 4b5e86473c224244927e71cfd56cf5ef 55ed3008f3734c5a9f3afbc4d42401c4 - - default default] Successfully bumped revision number for resource c395341e-51c6-4c73-96a1-6d1927dadd5a (type: subnets) to 0
2026-05-13 02:11:41.409 7 WARNING neutron.scheduler.dhcp_agent_scheduler [None req-bde7ee6c-206f-4b4a-861a-64bb56b99cfc 4b5e86473c224244927e71cfd56cf5ef 55ed3008f3734c5a9f3afbc4d42401c4 - - default default] No more DHCP agents
2026-05-13 02:11:41.411 7 WARNING neutron.api.rpc.agentnotifiers.dhcp_rpc_agent_api [None req-bde7ee6c-206f-4b4a-861a-64bb56b99cfc 4b5e86473c224244927e71cfd56cf5ef 55ed3008f3734c5a9f3afbc4d42401c4 - - default default] Unable to schedule network c6a3960c-e199-434a-8e95-f0c29ffe7e8e: no agents available; will retry on subsequent port and subnet creation events.
2026-05-13 02:11:41.626 7 INFO neutron.plugins.ml2.drivers.ovn.mech_driver.mech_driver [None req-f64536b6-e1b0-40f0-93bf-a073070a18b5 - - - - - -] OVN reports status down for port: 7ff0a7c4-a212-4236-9c9d-6a0a7d6819a7
2026-05-13 02:11:41.834 7 INFO neutron.notifiers.nova [-] Nova event matching ['req-f4b18cfa-dc93-40a1-ae33-578ab8479c74'] response: {'server_uuid': '2d658a58-ed1f-4b73-9849-cc0b6983619b', 'name': 'network-vif-unplugged', 'status': 'completed', 'tag': '7ff0a7c4-a212-4236-9c9d-6a0a7d6819a7', 'code': 200}
2026-05-13 02:11:42.010 8 INFO neutron.db.ovn_revision_numbers_db [None req-ef15bb32-ea61-4393-96fd-225c33db88db 45998ab9b3f3402ea1746ca65937e868 b1d441b2cbc1450f861bc16cf7496e07 - - default default] Successfully bumped revision number for resource a66d9e99-e4f8-4171-b04b-d5abd07116a5 (type: security_groups) to 1
2026-05-13 02:11:42.023 8 INFO neutron.db.ovn_revision_numbers_db [None req-ef15bb32-ea61-4393-96fd-225c33db88db 45998ab9b3f3402ea1746ca65937e868 b1d441b2cbc1450f861bc16cf7496e07 - - default default] Successfully bumped revision number for resource 4e93ec9b-44a4-4e8a-88f0-3486cbbf7e5e (type: security_group_rules) to 0
2026-05-13 02:11:42.024 7 INFO neutron.db.ovn_revision_numbers_db [None req-bde7ee6c-206f-4b4a-861a-64bb56b99cfc 4b5e86473c224244927e71cfd56cf5ef 55ed3008f3734c5a9f3afbc4d42401c4 - - default default] Successfully bumped revision number for resource 1ac231a3-4c80-48a6-b524-6e134d16c068 (type: ports) to 2
2026-05-13 02:11:42.038 8 INFO neutron.db.ovn_revision_numbers_db [None req-ef15bb32-ea61-4393-96fd-225c33db88db 45998ab9b3f3402ea1746ca65937e868 b1d441b2cbc1450f861bc16cf7496e07 - - default default] Successfully bumped revision number for resource 577a7aca-4630-4fec-b616-1c96f110320c (type: security_group_rules) to 0
2026-05-13 02:11:42.050 8 INFO neutron.db.ovn_revision_numbers_db [None req-ef15bb32-ea61-4393-96fd-225c33db88db 45998ab9b3f3402ea1746ca65937e868 b1d441b2cbc1450f861bc16cf7496e07 - - default default] Successfully bumped revision number for resource 77320dfb-7373-41e9-83d6-c2f1cb7c95d3 (type: security_group_rules) to 0
2026-05-13 02:11:42.063 8 INFO neutron.db.ovn_revision_numbers_db [None req-ef15bb32-ea61-4393-96fd-225c33db88db 45998ab9b3f3402ea1746ca65937e868 b1d441b2cbc1450f861bc16cf7496e07 - - default default] Successfully bumped revision number for resource bb2f762b-2b5b-4d85-89bb-f035ade04e12 (type: security_group_rules) to 0
2026-05-13 02:11:42.099 7 INFO neutron.db.ovn_revision_numbers_db [None req-bde7ee6c-206f-4b4a-861a-64bb56b99cfc 4b5e86473c224244927e71cfd56cf5ef 55ed3008f3734c5a9f3afbc4d42401c4 - - default default] Successfully bumped revision number for resource 007db8b9-1a12-41f6-a917-e8a7c23e9935 (type: subnets) to 0
2026-05-13 02:11:42.103 7 INFO neutron.db.ovn_revision_numbers_db [None req-f64536b6-e1b0-40f0-93bf-a073070a18b5 - - - - - -] Successfully bumped revision number for resource 7ff0a7c4-a212-4236-9c9d-6a0a7d6819a7 (type: ports) to 6
2026-05-13 02:11:42.134 8 INFO neutron.db.segments_db [None req-ef15bb32-ea61-4393-96fd-225c33db88db 45998ab9b3f3402ea1746ca65937e868 b1d441b2cbc1450f861bc16cf7496e07 - - default default] Added segment 57571450-9d0c-476d-a1b3-ca949490f980 of type geneve for network 3409704e-a014-4ad9-909d-62132eee5905 [pid: 7|app: 0|req: 677/1471] 10.0.0.238 () {34 vars in 669 bytes} [Wed May 13 02:11:40 2026] POST /v2.0/subnets => generated 1274 bytes in 1581 msecs (HTTP/1.1 201) 4 headers in 163 bytes (1 switches on core 0) [pid: 7|app: 0|req: 678/1472] 10.0.0.238 () {32 vars in 647 bytes} [Wed May 13 02:11:42 2026] GET /v2.0/subnets => generated 1910 bytes in 65 msecs (HTTP/1.1 200) 4 headers in 158 bytes (1 switches on core 0) /var/lib/openstack/lib/python3.12/site-packages/pycadf/identifier.py:70: UserWarning: Invalid uuid: neutron. To ensure interoperability, identifiers should be a valid uuid. warnings.warn(('Invalid uuid: %s. To ensure interoperability, '
2026-05-13 02:11:42.258 8 INFO neutron.db.ovn_revision_numbers_db [None req-ef15bb32-ea61-4393-96fd-225c33db88db 45998ab9b3f3402ea1746ca65937e868 b1d441b2cbc1450f861bc16cf7496e07 - - default default] Successfully bumped revision number for resource 3409704e-a014-4ad9-909d-62132eee5905 (type: networks) to 1 [pid: 7|app: 0|req: 679/1473] 10.0.0.238 () {32 vars in 724 bytes} [Wed May 13 02:11:42 2026] DELETE /v2.0/subnets/c395341e-51c6-4c73-96a1-6d1927dadd5a => generated 0 bytes in 183 msecs (HTTP/1.1 204) 3 headers in 131 bytes (1 switches on core 0)
2026-05-13 02:11:42.439 8 WARNING neutron.scheduler.dhcp_agent_scheduler [None req-ef15bb32-ea61-4393-96fd-225c33db88db 45998ab9b3f3402ea1746ca65937e868 b1d441b2cbc1450f861bc16cf7496e07 - - default default] No more DHCP agents
2026-05-13 02:11:42.440 8 WARNING neutron.api.rpc.agentnotifiers.dhcp_rpc_agent_api [None req-ef15bb32-ea61-4393-96fd-225c33db88db 45998ab9b3f3402ea1746ca65937e868 b1d441b2cbc1450f861bc16cf7496e07 - - default default] Unable to schedule network 3409704e-a014-4ad9-909d-62132eee5905: no agents available; will retry on subsequent port and subnet creation events. [pid: 7|app: 0|req: 680/1474] 10.0.0.252 () {34 vars in 990 bytes} [Wed May 13 02:11:42 2026] GET /v2.0/ports?device_id=2d658a58-ed1f-4b73-9849-cc0b6983619b => generated 973 bytes in 77 msecs (HTTP/1.1 200) 4 headers in 157 bytes (1 switches on core 0)
2026-05-13 02:11:42.493 8 INFO neutron.plugins.ml2.drivers.ovn.mech_driver.mech_driver [None req-497ab4a0-8cf6-4bf8-9741-677f68e428c2 - - - - - -] OVN reports status down for port: 427ffe39-4ac0-4920-80e9-7e2acd6ce8c9
2026-05-13 02:11:42.545 8 INFO neutron.db.ovn_revision_numbers_db [None req-ef15bb32-ea61-4393-96fd-225c33db88db 45998ab9b3f3402ea1746ca65937e868 b1d441b2cbc1450f861bc16cf7496e07 - - default default] Successfully bumped revision number for resource 427ffe39-4ac0-4920-80e9-7e2acd6ce8c9 (type: ports) to 1 [pid: 8|app: 0|req: 795/1475] 10.0.0.238 () {34 vars in 670 bytes} [Wed May 13 02:11:41 2026] POST /v2.0/networks => generated 682 bytes in 917 msecs (HTTP/1.1 201) 4 headers in 162 bytes (1 switches on core 0) [pid: 8|app: 0|req: 796/1476] 10.0.0.252 () {34 vars in 1040 bytes} [Wed May 13 02:11:42 2026] GET /v2.0/security-groups?id=ab60bcf1-2c9c-45b9-9370-18e55b65e473&fields=id&fields=name => generated 114 bytes in 37 msecs (HTTP/1.1 200) 4 headers in 157 bytes (1 switches on core 0) [pid: 7|app: 0|req: 681/1477] 10.0.0.238 () {32 vars in 724 bytes} [Wed May 13 02:11:42 2026] DELETE /v2.0/subnets/007db8b9-1a12-41f6-a917-e8a7c23e9935 => generated 0 bytes in 188 msecs (HTTP/1.1 204) 3 headers in 131 bytes (1 switches on core 0) [pid: 7|app: 0|req: 682/1478] 10.0.0.238 () {32 vars in 647 bytes} [Wed May 13 02:11:42 2026] GET /v2.0/subnets => generated 649 bytes in 26 msecs (HTTP/1.1 200) 4 headers in 157 bytes (1 switches on core 0)
2026-05-13 02:11:42.847 8 WARNING neutron.scheduler.dhcp_agent_scheduler [None req-bf10992a-7935-49b1-b487-d954137a976a 45998ab9b3f3402ea1746ca65937e868 b1d441b2cbc1450f861bc16cf7496e07 - - default default] No more DHCP agents
2026-05-13 02:11:42.848 8 WARNING neutron.api.rpc.agentnotifiers.dhcp_rpc_agent_api [None req-bf10992a-7935-49b1-b487-d954137a976a 45998ab9b3f3402ea1746ca65937e868 b1d441b2cbc1450f861bc16cf7496e07 - - default default] Unable to schedule network 3409704e-a014-4ad9-909d-62132eee5905: no agents available; will retry on subsequent port and subnet creation events.
2026-05-13 02:11:42.879 7 INFO neutron_taas.services.taas.taas_plugin [None req-6f7cec9d-ed6f-4bf5-80f7-861025292adc 4b5e86473c224244927e71cfd56cf5ef 55ed3008f3734c5a9f3afbc4d42401c4 - - default default] TaaS: Handle Delete Port: 1ac231a3-4c80-48a6-b524-6e134d16c068
2026-05-13 02:11:42.885 7 INFO neutron_taas.services.taas.tap_mirror_plugin [None req-6f7cec9d-ed6f-4bf5-80f7-861025292adc 4b5e86473c224244927e71cfd56cf5ef 55ed3008f3734c5a9f3afbc4d42401c4 - - default default] Tap Mirror: Handle Delete Port: 1ac231a3-4c80-48a6-b524-6e134d16c068
2026-05-13 02:11:42.942 8 INFO neutron.db.ovn_revision_numbers_db [None req-bf10992a-7935-49b1-b487-d954137a976a 45998ab9b3f3402ea1746ca65937e868 b1d441b2cbc1450f861bc16cf7496e07 - - default default] Successfully bumped revision number for resource 583dc3ea-3ff7-46e2-b75d-b680196e17c6 (type: ports) to 1
2026-05-13 02:11:42.952 7 INFO neutron.plugins.ml2.drivers.ovn.mech_driver.mech_driver [None req-5df1df78-52ba-4fbb-97fa-8ac75f4057ff - - - - - -] OVN reports status down for port: 583dc3ea-3ff7-46e2-b75d-b680196e17c6 [pid: 8|app: 0|req: 797/1479] 10.0.0.238 () {34 vars in 665 bytes} [Wed May 13 02:11:42 2026] POST /v2.0/ports => generated 775 bytes in 368 msecs (HTTP/1.1 201) 4 headers in 162 bytes (1 switches on core 0) /var/lib/openstack/lib/python3.12/site-packages/pycadf/identifier.py:70: UserWarning: Invalid uuid: neutron. To ensure interoperability, identifiers should be a valid uuid. warnings.warn(('Invalid uuid: %s. To ensure interoperability, '
2026-05-13 02:11:43.084 8 INFO neutron.db.segments_db [None req-b87d3072-8893-4500-af1b-35ef467c2474 45998ab9b3f3402ea1746ca65937e868 b1d441b2cbc1450f861bc16cf7496e07 - - default default] Added segment ca653a10-c5c2-454e-9d43-ac121700c086 of type geneve for network 90fee969-a922-4f38-8f11-0265af9aeb08
2026-05-13 02:11:43.179 7 INFO neutron.services.segments.plugin [-] Segment 87d92d85-a5cb-40e1-a957-ce49a47bbc88 resource provider aggregate not found
2026-05-13 02:11:43.199 7 INFO neutron.services.segments.plugin [-] Segment 87d92d85-a5cb-40e1-a957-ce49a47bbc88 resource provider aggregate not found
2026-05-13 02:11:43.206 8 INFO neutron.db.ovn_revision_numbers_db [None req-b87d3072-8893-4500-af1b-35ef467c2474 45998ab9b3f3402ea1746ca65937e868 b1d441b2cbc1450f861bc16cf7496e07 - - default default] Successfully bumped revision number for resource 90fee969-a922-4f38-8f11-0265af9aeb08 (type: networks) to 1
