2026-05-21 16:43:25.284 7 INFO placement.requestlog [None req-ccfc7940-ddbc-4ca3-9a79-313ead4b33ab 9301bf0a0f6d4587a61f6a332a367811 b33b236af9f645abaab9fee9bc5c613c - - 9e10395018314c8280813e8c3231364b 9e10395018314c8280813e8c3231364b] 10.0.0.75 "DELETE /resource_providers/182ac66e-eb62-46b1-ad48-e6c584fb7c22" status: 404 len: 246 microversion: 1.1 [pid: 7|app: 0|req: 416/831] 10.0.0.75 () {34 vars in 815 bytes} [Thu May 21 16:43:25 2026] DELETE /resource_providers/182ac66e-eb62-46b1-ad48-e6c584fb7c22 => generated 246 bytes in 12 msecs (HTTP/1.1 404) 6 headers in 231 bytes (1 switches on core 0)
2026-05-21 16:43:27.305 8 INFO placement.requestlog [None req-b69b7ace-34ae-401f-8d0d-caad923811fa 9301bf0a0f6d4587a61f6a332a367811 b33b236af9f645abaab9fee9bc5c613c - - 9e10395018314c8280813e8c3231364b 9e10395018314c8280813e8c3231364b] 10.0.0.75 "GET /resource_providers/3c046694-8d3c-4531-9e1c-1d4440f2650f/aggregates" status: 404 len: 235 microversion: 1.1 [pid: 8|app: 0|req: 416/832] 10.0.0.75 () {32 vars in 815 bytes} [Thu May 21 16:43:27 2026] GET /resource_providers/3c046694-8d3c-4531-9e1c-1d4440f2650f/aggregates => generated 235 bytes in 17 msecs (HTTP/1.1 404) 5 headers in 202 bytes (1 switches on core 0)
2026-05-21 16:43:27.311 7 INFO placement.requestlog [None req-6c55bcb8-9ab8-45ae-8504-79ec3a518114 9301bf0a0f6d4587a61f6a332a367811 b33b236af9f645abaab9fee9bc5c613c - - 9e10395018314c8280813e8c3231364b 9e10395018314c8280813e8c3231364b] 10.0.0.75 "GET /resource_providers/3c046694-8d3c-4531-9e1c-1d4440f2650f/aggregates" status: 404 len: 235 microversion: 1.1 [pid: 7|app: 0|req: 417/833] 10.0.0.75 () {32 vars in 815 bytes} [Thu May 21 16:43:27 2026] GET /resource_providers/3c046694-8d3c-4531-9e1c-1d4440f2650f/aggregates => generated 235 bytes in 17 msecs (HTTP/1.1 404) 5 headers in 202 bytes (1 switches on core 0)
2026-05-21 16:43:27.336 8 INFO placement.requestlog [None req-75c2cac6-0324-4b06-8d46-ae38182c53c2 9301bf0a0f6d4587a61f6a332a367811 b33b236af9f645abaab9fee9bc5c613c - - 9e10395018314c8280813e8c3231364b 9e10395018314c8280813e8c3231364b] 10.0.0.75 "DELETE /resource_providers/3c046694-8d3c-4531-9e1c-1d4440f2650f" status: 404 len: 246 microversion: 1.1 [pid: 8|app: 0|req: 417/834] 10.0.0.75 () {34 vars in 815 bytes} [Thu May 21 16:43:27 2026] DELETE /resource_providers/3c046694-8d3c-4531-9e1c-1d4440f2650f => generated 246 bytes in 13 msecs (HTTP/1.1 404) 6 headers in 231 bytes (1 switches on core 0)
2026-05-21 16:43:27.337 7 INFO placement.requestlog [None req-3339fbc0-5edf-4b50-81a8-cfecbdc0862e 9301bf0a0f6d4587a61f6a332a367811 b33b236af9f645abaab9fee9bc5c613c - - 9e10395018314c8280813e8c3231364b 9e10395018314c8280813e8c3231364b] 10.0.0.75 "DELETE /resource_providers/3c046694-8d3c-4531-9e1c-1d4440f2650f" status: 404 len: 246 microversion: 1.1 [pid: 7|app: 0|req: 418/835] 10.0.0.75 () {34 vars in 815 bytes} [Thu May 21 16:43:27 2026] DELETE /resource_providers/3c046694-8d3c-4531-9e1c-1d4440f2650f => generated 246 bytes in 12 msecs (HTTP/1.1 404) 6 headers in 231 bytes (1 switches on core 0)
2026-05-21 16:43:29.363 7 INFO placement.requestlog [None req-f1c48c2b-8adb-4ff8-836b-682f750322f1 9301bf0a0f6d4587a61f6a332a367811 b33b236af9f645abaab9fee9bc5c613c - - 9e10395018314c8280813e8c3231364b 9e10395018314c8280813e8c3231364b] 10.0.0.75 "GET /resource_providers/eb78e613-9193-4804-9c8c-9ded646ff6db/aggregates" status: 404 len: 235 microversion: 1.1 [pid: 7|app: 0|req: 419/836] 10.0.0.75 () {32 vars in 815 bytes} [Thu May 21 16:43:29 2026] GET /resource_providers/eb78e613-9193-4804-9c8c-9ded646ff6db/aggregates => generated 235 bytes in 15 msecs (HTTP/1.1 404) 5 headers in 202 bytes (1 switches on core 0)
2026-05-21 16:43:29.365 8 INFO placement.requestlog [None req-3852a76c-28b3-4968-a60e-7303aaf8bc75 9301bf0a0f6d4587a61f6a332a367811 b33b236af9f645abaab9fee9bc5c613c - - 9e10395018314c8280813e8c3231364b 9e10395018314c8280813e8c3231364b] 10.0.0.75 "GET /resource_providers/eb78e613-9193-4804-9c8c-9ded646ff6db/aggregates" status: 404 len: 235 microversion: 1.1 [pid: 8|app: 0|req: 418/837] 10.0.0.75 () {32 vars in 815 bytes} [Thu May 21 16:43:29 2026] GET /resource_providers/eb78e613-9193-4804-9c8c-9ded646ff6db/aggregates => generated 235 bytes in 19 msecs (HTTP/1.1 404) 5 headers in 202 bytes (1 switches on core 0)
2026-05-21 16:43:29.386 8 INFO placement.requestlog [None req-12c3c829-d998-473c-a3fd-6c331eb45237 9301bf0a0f6d4587a61f6a332a367811 b33b236af9f645abaab9fee9bc5c613c - - 9e10395018314c8280813e8c3231364b 9e10395018314c8280813e8c3231364b] 10.0.0.75 "DELETE /resource_providers/eb78e613-9193-4804-9c8c-9ded646ff6db" status: 404 len: 246 microversion: 1.1
2026-05-21 16:43:29.387 7 INFO placement.requestlog [None req-c436162f-014c-4c19-b992-01a3d3308621 9301bf0a0f6d4587a61f6a332a367811 b33b236af9f645abaab9fee9bc5c613c - - 9e10395018314c8280813e8c3231364b 9e10395018314c8280813e8c3231364b] 10.0.0.75 "DELETE /resource_providers/eb78e613-9193-4804-9c8c-9ded646ff6db" status: 404 len: 246 microversion: 1.1 [pid: 7|app: 0|req: 420/838] 10.0.0.75 () {34 vars in 815 bytes} [Thu May 21 16:43:29 2026] DELETE /resource_providers/eb78e613-9193-4804-9c8c-9ded646ff6db => generated 246 bytes in 10 msecs (HTTP/1.1 404) 6 headers in 231 bytes (1 switches on core 0) [pid: 8|app: 0|req: 419/839] 10.0.0.75 () {34 vars in 815 bytes} [Thu May 21 16:43:29 2026] DELETE /resource_providers/eb78e613-9193-4804-9c8c-9ded646ff6db => generated 246 bytes in 8 msecs (HTTP/1.1 404) 6 headers in 231 bytes (1 switches on core 0)
2026-05-21 16:43:31.620 7 INFO placement.requestlog [None req-95da7cf7-8b6a-4dcc-984d-8ad9c579ee9a - - - - - -] 10.0.0.248 "GET /" status: 200 len: 136 microversion: 1.0
2026-05-21 16:43:31.621 8 INFO placement.requestlog [None req-48d1e769-be60-4ea8-a2a5-8b2502d258dd - - - - - -] 10.0.0.248 "GET /" status: 200 len: 136 microversion: 1.0
2026-05-21 16:43:35.092 7 INFO placement.requestlog [None req-55775fe1-eeea-4137-81e2-a926aedc1091 9301bf0a0f6d4587a61f6a332a367811 b33b236af9f645abaab9fee9bc5c613c - - 9e10395018314c8280813e8c3231364b 9e10395018314c8280813e8c3231364b] 10.0.0.75 "GET /resource_providers/6fad69d1-e261-45fc-b836-a1d4f664ce20/aggregates" status: 404 len: 235 microversion: 1.1 [pid: 7|app: 0|req: 422/842] 10.0.0.75 () {32 vars in 815 bytes} [Thu May 21 16:43:35 2026] GET /resource_providers/6fad69d1-e261-45fc-b836-a1d4f664ce20/aggregates => generated 235 bytes in 11 msecs (HTTP/1.1 404) 5 headers in 202 bytes (1 switches on core 0)
2026-05-21 16:43:35.093 8 INFO placement.requestlog [None req-b7313220-86d4-4d3f-938a-c2f36aaad7a2 9301bf0a0f6d4587a61f6a332a367811 b33b236af9f645abaab9fee9bc5c613c - - 9e10395018314c8280813e8c3231364b 9e10395018314c8280813e8c3231364b] 10.0.0.75 "GET /resource_providers/6fad69d1-e261-45fc-b836-a1d4f664ce20/aggregates" status: 404 len: 235 microversion: 1.1 [pid: 8|app: 0|req: 421/843] 10.0.0.75 () {32 vars in 815 bytes} [Thu May 21 16:43:35 2026] GET /resource_providers/6fad69d1-e261-45fc-b836-a1d4f664ce20/aggregates => generated 235 bytes in 9 msecs (HTTP/1.1 404) 5 headers in 202 bytes (1 switches on core 0)
2026-05-21 16:43:35.115 7 INFO placement.requestlog [None req-8c015ace-1111-4028-a719-e0783b02648c 9301bf0a0f6d4587a61f6a332a367811 b33b236af9f645abaab9fee9bc5c613c - - 9e10395018314c8280813e8c3231364b 9e10395018314c8280813e8c3231364b] 10.0.0.75 "DELETE /resource_providers/6fad69d1-e261-45fc-b836-a1d4f664ce20" status: 404 len: 246 microversion: 1.1 [pid: 7|app: 0|req: 423/844] 10.0.0.75 () {34 vars in 815 bytes} [Thu May 21 16:43:35 2026] DELETE /resource_providers/6fad69d1-e261-45fc-b836-a1d4f664ce20 => generated 246 bytes in 12 msecs (HTTP/1.1 404) 6 headers in 231 bytes (1 switches on core 0)
2026-05-21 16:43:35.118 8 INFO placement.requestlog [None req-cea07c07-d5ee-4e54-8d2b-019c8ca79732 9301bf0a0f6d4587a61f6a332a367811 b33b236af9f645abaab9fee9bc5c613c - - 9e10395018314c8280813e8c3231364b 9e10395018314c8280813e8c3231364b] 10.0.0.75 "DELETE /resource_providers/6fad69d1-e261-45fc-b836-a1d4f664ce20" status: 404 len: 246 microversion: 1.1 [pid: 8|app: 0|req: 422/845] 10.0.0.75 () {34 vars in 815 bytes} [Thu May 21 16:43:35 2026] DELETE /resource_providers/6fad69d1-e261-45fc-b836-a1d4f664ce20 => generated 246 bytes in 12 msecs (HTTP/1.1 404) 6 headers in 231 bytes (1 switches on core 0)
2026-05-21 16:43:36.307 7 INFO placement.requestlog [req-f2af4b6b-86e4-4438-95b5-dbdcc1fd02ef req-fc779732-0bfb-414a-91c9-80842a805aba 48b67d9a14a2472d83f4d27a7f443751 b33b236af9f645abaab9fee9bc5c613c - - 9e10395018314c8280813e8c3231364b 9e10395018314c8280813e8c3231364b] 162.253.55.186 "GET /resource_providers/c90e2ca4-e16c-46e2-befd-7c55ea6b7898/allocations" status: 200 len: 152 microversion: 1.0 [pid: 7|app: 0|req: 424/846] 162.253.55.186 () {32 vars in 857 bytes} [Thu May 21 16:43:36 2026] GET /resource_providers/c90e2ca4-e16c-46e2-befd-7c55ea6b7898/allocations => generated 152 bytes in 15 msecs (HTTP/1.1 200) 6 headers in 224 bytes (1 switches on core 0)
2026-05-21 16:43:36.332 8 INFO placement.requestlog [req-f2af4b6b-86e4-4438-95b5-dbdcc1fd02ef req-2c9d429d-225e-47e5-9a79-ebce961af4a1 48b67d9a14a2472d83f4d27a7f443751 b33b236af9f645abaab9fee9bc5c613c - - 9e10395018314c8280813e8c3231364b 9e10395018314c8280813e8c3231364b] 162.253.55.186 "GET /resource_providers/c90e2ca4-e16c-46e2-befd-7c55ea6b7898/allocations" status: 200 len: 152 microversion: 1.0 [pid: 8|app: 0|req: 423/847] 162.253.55.186 () {32 vars in 857 bytes} [Thu May 21 16:43:36 2026] GET /resource_providers/c90e2ca4-e16c-46e2-befd-7c55ea6b7898/allocations => generated 152 bytes in 18 msecs (HTTP/1.1 200) 6 headers in 224 bytes (1 switches on core 0)
2026-05-21 16:43:36.351 7 INFO placement.requestlog [req-f2af4b6b-86e4-4438-95b5-dbdcc1fd02ef req-464e2bd5-bae1-4e5c-9baf-969fec1a5033 48b67d9a14a2472d83f4d27a7f443751 b33b236af9f645abaab9fee9bc5c613c - - 9e10395018314c8280813e8c3231364b 9e10395018314c8280813e8c3231364b] 162.253.55.186 "GET /allocations/3d4b04b6-8171-4449-913d-23e4085aeff9" status: 200 len: 257 microversion: 1.28 [pid: 7|app: 0|req: 425/848] 162.253.55.186 () {34 vars in 863 bytes} [Thu May 21 16:43:36 2026] GET /allocations/3d4b04b6-8171-4449-913d-23e4085aeff9 => generated 257 bytes in 14 msecs (HTTP/1.1 200) 8 headers in 296 bytes (1 switches on core 0)
2026-05-21 16:43:37.037 8 INFO placement.requestlog [req-36ea52cf-58ed-4912-a4e3-ad93f4e577ef req-25e141c5-de2f-4c06-862f-c97a739085b2 48b67d9a14a2472d83f4d27a7f443751 b33b236af9f645abaab9fee9bc5c613c - - 9e10395018314c8280813e8c3231364b 9e10395018314c8280813e8c3231364b] 10.0.0.110 "GET /allocation_candidates?limit=1000&resources=DISK_GB%3A1%2CMEMORY_MB%3A512%2CVCPU%3A1&root_required=%21COMPUTE_STATUS_DISABLED" status: 200 len: 2444 microversion: 1.36 [pid: 8|app: 0|req: 424/849] 10.0.0.110 () {34 vars in 1012 bytes} [Thu May 21 16:43:36 2026] GET /allocation_candidates?limit=1000&resources=DISK_GB%3A1%2CMEMORY_MB%3A512%2CVCPU%3A1&root_required=%21COMPUTE_STATUS_DISABLED => generated 2444 bytes in 45 msecs (HTTP/1.1 200) 8 headers in 297 bytes (1 switches on core 0)
2026-05-21 16:43:37.069 7 INFO placement.requestlog [req-36ea52cf-58ed-4912-a4e3-ad93f4e577ef req-bf36ad84-3600-4e04-ab73-282500071221 48b67d9a14a2472d83f4d27a7f443751 b33b236af9f645abaab9fee9bc5c613c - - 9e10395018314c8280813e8c3231364b 9e10395018314c8280813e8c3231364b] 10.0.0.110 "GET /allocations/f7b8af93-3372-498f-b9a0-a277ea18118f" status: 200 len: 19 microversion: 1.28 [pid: 7|app: 0|req: 426/850] 10.0.0.110 () {34 vars in 861 bytes} [Thu May 21 16:43:37 2026] GET /allocations/f7b8af93-3372-498f-b9a0-a277ea18118f => generated 19 bytes in 13 msecs (HTTP/1.1 200) 8 headers in 295 bytes (1 switches on core 0)
2026-05-21 16:43:37.141 7 INFO placement.requestlog [None req-fd9773ad-ad8a-4ebd-8bb7-4f373331224a 9301bf0a0f6d4587a61f6a332a367811 b33b236af9f645abaab9fee9bc5c613c - - 9e10395018314c8280813e8c3231364b 9e10395018314c8280813e8c3231364b] 10.0.0.75 "GET /resource_providers/fd51b09e-a9cb-483c-b889-d7e6e00a9377/aggregates" status: 404 len: 235 microversion: 1.1 [pid: 7|app: 0|req: 427/851] 10.0.0.75 () {32 vars in 815 bytes} [Thu May 21 16:43:37 2026] GET /resource_providers/fd51b09e-a9cb-483c-b889-d7e6e00a9377/aggregates => generated 235 bytes in 9 msecs (HTTP/1.1 404) 5 headers in 202 bytes (1 switches on core 0)
2026-05-21 16:43:37.149 7 INFO placement.requestlog [None req-a3ef77c9-fed6-4afd-8626-6812910eba26 9301bf0a0f6d4587a61f6a332a367811 b33b236af9f645abaab9fee9bc5c613c - - 9e10395018314c8280813e8c3231364b 9e10395018314c8280813e8c3231364b] 10.0.0.75 "GET /resource_providers/fd51b09e-a9cb-483c-b889-d7e6e00a9377/aggregates" status: 404 len: 235 microversion: 1.1 [pid: 7|app: 0|req: 428/852] 10.0.0.75 () {32 vars in 815 bytes} [Thu May 21 16:43:37 2026] GET /resource_providers/fd51b09e-a9cb-483c-b889-d7e6e00a9377/aggregates => generated 235 bytes in 7 msecs (HTTP/1.1 404) 5 headers in 202 bytes (1 switches on core 0)
2026-05-21 16:43:37.151 8 INFO placement.requestlog [req-36ea52cf-58ed-4912-a4e3-ad93f4e577ef req-6f25f444-aee3-4913-9b5d-9a97542ef18f 48b67d9a14a2472d83f4d27a7f443751 b33b236af9f645abaab9fee9bc5c613c - - 9e10395018314c8280813e8c3231364b 9e10395018314c8280813e8c3231364b] 10.0.0.110 "PUT /allocations/f7b8af93-3372-498f-b9a0-a277ea18118f" status: 204 len: 0 microversion: 1.36 [pid: 8|app: 0|req: 425/853] 10.0.0.110 () {38 vars in 914 bytes} [Thu May 21 16:43:37 2026] PUT /allocations/f7b8af93-3372-498f-b9a0-a277ea18118f => generated 0 bytes in 75 msecs (HTTP/1.1 204) 5 headers in 199 bytes (1 switches on core 0)
2026-05-21 16:43:37.159 7 INFO placement.requestlog [None req-fb9f89d7-b229-4c24-bb95-b768af6482dc 9301bf0a0f6d4587a61f6a332a367811 b33b236af9f645abaab9fee9bc5c613c - - 9e10395018314c8280813e8c3231364b 9e10395018314c8280813e8c3231364b] 10.0.0.75 "DELETE /resource_providers/fd51b09e-a9cb-483c-b889-d7e6e00a9377" status: 404 len: 246 microversion: 1.1 [pid: 7|app: 0|req: 429/854] 10.0.0.75 () {34 vars in 815 bytes} [Thu May 21 16:43:37 2026] DELETE /resource_providers/fd51b09e-a9cb-483c-b889-d7e6e00a9377 => generated 246 bytes in 10 msecs (HTTP/1.1 404) 6 headers in 231 bytes (1 switches on core 0)
2026-05-21 16:43:37.167 8 INFO placement.requestlog [None req-219add10-ddae-4987-81e4-02cc0955846a 9301bf0a0f6d4587a61f6a332a367811 b33b236af9f645abaab9fee9bc5c613c - - 9e10395018314c8280813e8c3231364b 9e10395018314c8280813e8c3231364b] 10.0.0.75 "DELETE /resource_providers/fd51b09e-a9cb-483c-b889-d7e6e00a9377" status: 404 len: 246 microversion: 1.1 [pid: 8|app: 0|req: 426/855] 10.0.0.75 () {34 vars in 815 bytes} [Thu May 21 16:43:37 2026] DELETE /resource_providers/fd51b09e-a9cb-483c-b889-d7e6e00a9377 => generated 246 bytes in 8 msecs (HTTP/1.1 404) 6 headers in 231 bytes (1 switches on core 0)
2026-05-21 16:43:38.641 7 INFO placement.requestlog [req-36ea52cf-58ed-4912-a4e3-ad93f4e577ef req-dc99d316-36fe-4c29-b62d-d3c66c81a019 48b67d9a14a2472d83f4d27a7f443751 b33b236af9f645abaab9fee9bc5c613c - - 9e10395018314c8280813e8c3231364b 9e10395018314c8280813e8c3231364b] 162.253.55.186 "GET /allocations/f7b8af93-3372-498f-b9a0-a277ea18118f" status: 200 len: 257 microversion: 1.28 [pid: 7|app: 0|req: 430/856] 162.253.55.186 () {34 vars in 863 bytes} [Thu May 21 16:43:38 2026] GET /allocations/f7b8af93-3372-498f-b9a0-a277ea18118f => generated 257 bytes in 17 msecs (HTTP/1.1 200) 8 headers in 296 bytes (1 switches on core 0)
2026-05-21 16:43:39.688 8 INFO placement.requestlog [req-36ea52cf-58ed-4912-a4e3-ad93f4e577ef req-737e6baf-0ef5-43d0-8a52-f1476fae6047 48b67d9a14a2472d83f4d27a7f443751 b33b236af9f645abaab9fee9bc5c613c - - 9e10395018314c8280813e8c3231364b 9e10395018314c8280813e8c3231364b] 162.253.55.186 "GET /resource_providers/c90e2ca4-e16c-46e2-befd-7c55ea6b7898/allocations" status: 200 len: 252 microversion: 1.0 [pid: 8|app: 0|req: 427/857] 162.253.55.186 () {32 vars in 857 bytes} [Thu May 21 16:43:39 2026] GET /resource_providers/c90e2ca4-e16c-46e2-befd-7c55ea6b7898/allocations => generated 252 bytes in 23 msecs (HTTP/1.1 200) 6 headers in 224 bytes (1 switches on core 0)
2026-05-21 16:43:39.710 7 INFO placement.requestlog [req-36ea52cf-58ed-4912-a4e3-ad93f4e577ef req-b4279c57-c5da-4691-b00b-f2d9ef4476aa 48b67d9a14a2472d83f4d27a7f443751 b33b236af9f645abaab9fee9bc5c613c - - 9e10395018314c8280813e8c3231364b 9e10395018314c8280813e8c3231364b] 162.253.55.186 "GET /allocations/f7b8af93-3372-498f-b9a0-a277ea18118f" status: 200 len: 257 microversion: 1.28 [pid: 7|app: 0|req: 431/858] 162.253.55.186 () {34 vars in 863 bytes} [Thu May 21 16:43:39 2026] GET /allocations/f7b8af93-3372-498f-b9a0-a277ea18118f => generated 257 bytes in 14 msecs (HTTP/1.1 200) 8 headers in 296 bytes (1 switches on core 0)
2026-05-21 16:43:39.733 8 INFO placement.requestlog [req-36ea52cf-58ed-4912-a4e3-ad93f4e577ef req-a70307de-ae54-4374-a159-0d1a0d82a52c 48b67d9a14a2472d83f4d27a7f443751 b33b236af9f645abaab9fee9bc5c613c - - 9e10395018314c8280813e8c3231364b 9e10395018314c8280813e8c3231364b] 162.253.55.186 "GET /allocations/3d4b04b6-8171-4449-913d-23e4085aeff9" status: 200 len: 257 microversion: 1.28 [pid: 8|app: 0|req: 428/859] 162.253.55.186 () {34 vars in 863 bytes} [Thu May 21 16:43:39 2026] GET /allocations/3d4b04b6-8171-4449-913d-23e4085aeff9 => generated 257 bytes in 12 msecs (HTTP/1.1 200) 8 headers in 296 bytes (1 switches on core 0)
2026-05-21 16:43:41.620 8 INFO placement.requestlog [None req-2eff5471-b5bc-4363-aed3-8005c1b24298 - - - - - -] 10.0.0.248 "GET /" status: 200 len: 136 microversion: 1.0
2026-05-21 16:43:41.621 7 INFO placement.requestlog [None req-bcb58606-35a6-4ab2-9d60-855089832a52 - - - - - -] 10.0.0.248 "GET /" status: 200 len: 136 microversion: 1.0
2026-05-21 16:43:51.620 7 INFO placement.requestlog [None req-34d1a9d1-560d-4877-b1ac-340431509da9 - - - - - -] 10.0.0.248 "GET /" status: 200 len: 136 microversion: 1.0
2026-05-21 16:43:51.620 8 INFO placement.requestlog [None req-8a2c74d4-021a-4b22-86be-8956c905cb53 - - - - - -] 10.0.0.248 "GET /" status: 200 len: 136 microversion: 1.0
2026-05-21 16:43:55.675 7 INFO placement.requestlog [req-9b5e0db9-48ea-4acd-91e3-379e1fd22665 req-cf2c5b11-a4c9-439e-848f-49cc46ab8d47 48b67d9a14a2472d83f4d27a7f443751 b33b236af9f645abaab9fee9bc5c613c - - 9e10395018314c8280813e8c3231364b 9e10395018314c8280813e8c3231364b] 162.253.55.186 "GET /resource_providers/c90e2ca4-e16c-46e2-befd-7c55ea6b7898/allocations" status: 200 len: 252 microversion: 1.0 [pid: 7|app: 0|req: 434/864] 162.253.55.186 () {32 vars in 857 bytes} [Thu May 21 16:43:55 2026] GET /resource_providers/c90e2ca4-e16c-46e2-befd-7c55ea6b7898/allocations => generated 252 bytes in 21 msecs (HTTP/1.1 200) 6 headers in 224 bytes (1 switches on core 0)
2026-05-21 16:43:55.691 8 INFO placement.requestlog [req-9b5e0db9-48ea-4acd-91e3-379e1fd22665 req-40bb3d37-6450-4839-b7c0-6a51b35bd652 48b67d9a14a2472d83f4d27a7f443751 b33b236af9f645abaab9fee9bc5c613c - - 9e10395018314c8280813e8c3231364b 9e10395018314c8280813e8c3231364b] 162.253.55.186 "GET /allocations/f7b8af93-3372-498f-b9a0-a277ea18118f" status: 200 len: 257 microversion: 1.28 [pid: 8|app: 0|req: 431/865] 162.253.55.186 () {34 vars in 863 bytes} [Thu May 21 16:43:55 2026] GET /allocations/f7b8af93-3372-498f-b9a0-a277ea18118f => generated 257 bytes in 10 msecs (HTTP/1.1 200) 8 headers in 296 bytes (1 switches on core 0)
2026-05-21 16:43:55.707 7 INFO placement.requestlog [req-9b5e0db9-48ea-4acd-91e3-379e1fd22665 req-b80bd9e8-b66d-41c8-9b35-e412b69e6456 48b67d9a14a2472d83f4d27a7f443751 b33b236af9f645abaab9fee9bc5c613c - - 9e10395018314c8280813e8c3231364b 9e10395018314c8280813e8c3231364b] 162.253.55.186 "GET /allocations/3d4b04b6-8171-4449-913d-23e4085aeff9" status: 200 len: 257 microversion: 1.28 [pid: 7|app: 0|req: 435/866] 162.253.55.186 () {34 vars in 863 bytes} [Thu May 21 16:43:55 2026] GET /allocations/3d4b04b6-8171-4449-913d-23e4085aeff9 => generated 257 bytes in 11 msecs (HTTP/1.1 200) 8 headers in 296 bytes (1 switches on core 0)
2026-05-21 16:43:56.764 8 INFO placement.requestlog [req-9b5e0db9-48ea-4acd-91e3-379e1fd22665 req-b4de47a2-d52f-4992-9a2c-0743aa5747a6 48b67d9a14a2472d83f4d27a7f443751 b33b236af9f645abaab9fee9bc5c613c - - 9e10395018314c8280813e8c3231364b 9e10395018314c8280813e8c3231364b] 162.253.55.186 "DELETE /allocations/f7b8af93-3372-498f-b9a0-a277ea18118f" status: 204 len: 0 microversion: 1.0 [pid: 8|app: 0|req: 432/867] 162.253.55.186 () {34 vars in 841 bytes} [Thu May 21 16:43:56 2026] DELETE /allocations/f7b8af93-3372-498f-b9a0-a277ea18118f => generated 0 bytes in 28 msecs (HTTP/1.1 204) 5 headers in 198 bytes (1 switches on core 0)
2026-05-21 16:43:58.271 7 INFO placement.requestlog [req-73db794a-c07d-42d7-822f-e963c7cdb74b req-526941d6-cb31-4458-8a96-62f8dc81f94e 48b67d9a14a2472d83f4d27a7f443751 b33b236af9f645abaab9fee9bc5c613c - - 9e10395018314c8280813e8c3231364b 9e10395018314c8280813e8c3231364b] 10.0.0.110 "GET /allocation_candidates?limit=1000&resources=DISK_GB%3A1%2CMEMORY_MB%3A512%2CVCPU%3A1&root_required=%21COMPUTE_STATUS_DISABLED" status: 200 len: 2444 microversion: 1.36 [pid: 7|app: 0|req: 436/868] 10.0.0.110 () {34 vars in 1012 bytes} [Thu May 21 16:43:58 2026] GET /allocation_candidates?limit=1000&resources=DISK_GB%3A1%2CMEMORY_MB%3A512%2CVCPU%3A1&root_required=%21COMPUTE_STATUS_DISABLED => generated 2444 bytes in 37 msecs (HTTP/1.1 200) 8 headers in 297 bytes (1 switches on core 0)
2026-05-21 16:43:58.303 8 INFO placement.requestlog [req-73db794a-c07d-42d7-822f-e963c7cdb74b req-1ee8495d-7c82-418f-a723-882630801d11 48b67d9a14a2472d83f4d27a7f443751 b33b236af9f645abaab9fee9bc5c613c - - 9e10395018314c8280813e8c3231364b 9e10395018314c8280813e8c3231364b] 10.0.0.110 "GET /allocations/9716307e-1631-4fa3-8df1-015beb720110" status: 200 len: 19 microversion: 1.28 [pid: 8|app: 0|req: 433/869] 10.0.0.110 () {34 vars in 861 bytes} [Thu May 21 16:43:58 2026] GET /allocations/9716307e-1631-4fa3-8df1-015beb720110 => generated 19 bytes in 13 msecs (HTTP/1.1 200) 8 headers in 295 bytes (1 switches on core 0)
2026-05-21 16:43:58.370 7 INFO placement.requestlog [req-73db794a-c07d-42d7-822f-e963c7cdb74b req-651bcd7b-edce-4483-8a44-0dcb97db03b9 48b67d9a14a2472d83f4d27a7f443751 b33b236af9f645abaab9fee9bc5c613c - - 9e10395018314c8280813e8c3231364b 9e10395018314c8280813e8c3231364b] 10.0.0.110 "PUT /allocations/9716307e-1631-4fa3-8df1-015beb720110" status: 204 len: 0 microversion: 1.36 [pid: 7|app: 0|req: 437/870] 10.0.0.110 () {38 vars in 914 bytes} [Thu May 21 16:43:58 2026] PUT /allocations/9716307e-1631-4fa3-8df1-015beb720110 => generated 0 bytes in 61 msecs (HTTP/1.1 204) 5 headers in 199 bytes (1 switches on core 0)
2026-05-21 16:43:59.892 8 INFO placement.requestlog [req-73db794a-c07d-42d7-822f-e963c7cdb74b req-d121abbc-4f80-43b5-89e4-366d67636c75 48b67d9a14a2472d83f4d27a7f443751 b33b236af9f645abaab9fee9bc5c613c - - 9e10395018314c8280813e8c3231364b 9e10395018314c8280813e8c3231364b] 162.253.55.186 "GET /allocations/9716307e-1631-4fa3-8df1-015beb720110" status: 200 len: 258 microversion: 1.28 [pid: 8|app: 0|req: 434/871] 162.253.55.186 () {34 vars in 863 bytes} [Thu May 21 16:43:59 2026] GET /allocations/9716307e-1631-4fa3-8df1-015beb720110 => generated 258 bytes in 14 msecs (HTTP/1.1 200) 8 headers in 296 bytes (1 switches on core 0)
2026-05-21 16:44:00.926 7 INFO placement.requestlog [req-73db794a-c07d-42d7-822f-e963c7cdb74b req-0890872b-80ca-49e0-8543-3e658a0f9c68 48b67d9a14a2472d83f4d27a7f443751 b33b236af9f645abaab9fee9bc5c613c - - 9e10395018314c8280813e8c3231364b 9e10395018314c8280813e8c3231364b] 162.253.55.186 "GET /resource_providers/c90e2ca4-e16c-46e2-befd-7c55ea6b7898/allocations" status: 200 len: 253 microversion: 1.0 [pid: 7|app: 0|req: 438/872] 162.253.55.186 () {32 vars in 857 bytes} [Thu May 21 16:44:00 2026] GET /resource_providers/c90e2ca4-e16c-46e2-befd-7c55ea6b7898/allocations => generated 253 bytes in 17 msecs (HTTP/1.1 200) 6 headers in 224 bytes (1 switches on core 0)
2026-05-21 16:44:00.946 8 INFO placement.requestlog [req-73db794a-c07d-42d7-822f-e963c7cdb74b req-ad800719-6dcf-4595-8202-e3d7b5317eac 48b67d9a14a2472d83f4d27a7f443751 b33b236af9f645abaab9fee9bc5c613c - - 9e10395018314c8280813e8c3231364b 9e10395018314c8280813e8c3231364b] 162.253.55.186 "GET /allocations/9716307e-1631-4fa3-8df1-015beb720110" status: 200 len: 258 microversion: 1.28 [pid: 8|app: 0|req: 435/873] 162.253.55.186 () {34 vars in 863 bytes} [Thu May 21 16:44:00 2026] GET /allocations/9716307e-1631-4fa3-8df1-015beb720110 => generated 258 bytes in 16 msecs (HTTP/1.1 200) 8 headers in 296 bytes (1 switches on core 0)
2026-05-21 16:44:00.963 7 INFO placement.requestlog [req-73db794a-c07d-42d7-822f-e963c7cdb74b req-a48a0211-31cf-4971-bc16-2643c7d99cac 48b67d9a14a2472d83f4d27a7f443751 b33b236af9f645abaab9fee9bc5c613c - - 9e10395018314c8280813e8c3231364b 9e10395018314c8280813e8c3231364b] 162.253.55.186 "GET /allocations/3d4b04b6-8171-4449-913d-23e4085aeff9" status: 200 len: 258 microversion: 1.28 [pid: 7|app: 0|req: 439/874] 162.253.55.186 () {34 vars in 863 bytes} [Thu May 21 16:44:00 2026] GET /allocations/3d4b04b6-8171-4449-913d-23e4085aeff9 => generated 258 bytes in 13 msecs (HTTP/1.1 200) 8 headers in 296 bytes (1 switches on core 0)
2026-05-21 16:44:01.009 8 INFO placement.requestlog [None req-7c1fdc06-80e8-4b53-99c8-38760813ba8e 9301bf0a0f6d4587a61f6a332a367811 b33b236af9f645abaab9fee9bc5c613c - - 9e10395018314c8280813e8c3231364b 9e10395018314c8280813e8c3231364b] 10.0.0.75 "GET /resource_providers/65fc5588-d125-4284-a25b-d1af0dd82114/aggregates" status: 404 len: 235 microversion: 1.1 [pid: 8|app: 0|req: 436/875] 10.0.0.75 () {32 vars in 815 bytes} [Thu May 21 16:44:01 2026] GET /resource_providers/65fc5588-d125-4284-a25b-d1af0dd82114/aggregates => generated 235 bytes in 9 msecs (HTTP/1.1 404) 5 headers in 202 bytes (1 switches on core 0)
2026-05-21 16:44:01.012 7 INFO placement.requestlog [None req-ef584f35-2ba6-4437-880f-3f3d7677cc2c 9301bf0a0f6d4587a61f6a332a367811 b33b236af9f645abaab9fee9bc5c613c - - 9e10395018314c8280813e8c3231364b 9e10395018314c8280813e8c3231364b] 10.0.0.75 "GET /resource_providers/65fc5588-d125-4284-a25b-d1af0dd82114/aggregates" status: 404 len: 235 microversion: 1.1 [pid: 7|app: 0|req: 440/876] 10.0.0.75 () {32 vars in 815 bytes} [Thu May 21 16:44:01 2026] GET /resource_providers/65fc5588-d125-4284-a25b-d1af0dd82114/aggregates => generated 235 bytes in 11 msecs (HTTP/1.1 404) 5 headers in 202 bytes (1 switches on core 0)
2026-05-21 16:44:01.028 8 INFO placement.requestlog [None req-a7155523-0999-49fe-9522-ce0c0f8bbc2c 9301bf0a0f6d4587a61f6a332a367811 b33b236af9f645abaab9fee9bc5c613c - - 9e10395018314c8280813e8c3231364b 9e10395018314c8280813e8c3231364b] 10.0.0.75 "DELETE /resource_providers/65fc5588-d125-4284-a25b-d1af0dd82114" status: 404 len: 246 microversion: 1.1 [pid: 8|app: 0|req: 437/877] 10.0.0.75 () {34 vars in 815 bytes} [Thu May 21 16:44:01 2026] DELETE /resource_providers/65fc5588-d125-4284-a25b-d1af0dd82114 => generated 246 bytes in 9 msecs (HTTP/1.1 404) 6 headers in 231 bytes (1 switches on core 0)
2026-05-21 16:44:01.036 7 INFO placement.requestlog [None req-aa16a4ea-4a91-4cff-8ea3-411e3d0eb1c0 9301bf0a0f6d4587a61f6a332a367811 b33b236af9f645abaab9fee9bc5c613c - - 9e10395018314c8280813e8c3231364b 9e10395018314c8280813e8c3231364b] 10.0.0.75 "DELETE /resource_providers/65fc5588-d125-4284-a25b-d1af0dd82114" status: 404 len: 246 microversion: 1.1 [pid: 7|app: 0|req: 441/878] 10.0.0.75 () {34 vars in 815 bytes} [Thu May 21 16:44:01 2026] DELETE /resource_providers/65fc5588-d125-4284-a25b-d1af0dd82114 => generated 246 bytes in 14 msecs (HTTP/1.1 404) 6 headers in 231 bytes (1 switches on core 0)
2026-05-21 16:44:01.459 8 INFO placement.requestlog [None req-581dad84-34a4-45cd-ac11-7da1a67e93d7 9301bf0a0f6d4587a61f6a332a367811 b33b236af9f645abaab9fee9bc5c613c - - 9e10395018314c8280813e8c3231364b 9e10395018314c8280813e8c3231364b] 10.0.0.75 "GET /resource_providers/1235c618-1169-4f73-8966-b35092b8169d/aggregates" status: 404 len: 235 microversion: 1.1 [pid: 8|app: 0|req: 438/879] 10.0.0.75 () {32 vars in 815 bytes} [Thu May 21 16:44:01 2026] GET /resource_providers/1235c618-1169-4f73-8966-b35092b8169d/aggregates => generated 235 bytes in 8 msecs (HTTP/1.1 404) 5 headers in 202 bytes (1 switches on core 0)
2026-05-21 16:44:01.464 7 INFO placement.requestlog [None req-fa9a68bd-dc2c-4e43-90cb-51cfa5923ef9 9301bf0a0f6d4587a61f6a332a367811 b33b236af9f645abaab9fee9bc5c613c - - 9e10395018314c8280813e8c3231364b 9e10395018314c8280813e8c3231364b] 10.0.0.75 "GET /resource_providers/1235c618-1169-4f73-8966-b35092b8169d/aggregates" status: 404 len: 235 microversion: 1.1 [pid: 7|app: 0|req: 442/880] 10.0.0.75 () {32 vars in 815 bytes} [Thu May 21 16:44:01 2026] GET /resource_providers/1235c618-1169-4f73-8966-b35092b8169d/aggregates => generated 235 bytes in 10 msecs (HTTP/1.1 404) 5 headers in 202 bytes (1 switches on core 0)
2026-05-21 16:44:01.497 8 INFO placement.requestlog [None req-4974a62b-9343-4d46-a765-143a50cd8c5c 9301bf0a0f6d4587a61f6a332a367811 b33b236af9f645abaab9fee9bc5c613c - - 9e10395018314c8280813e8c3231364b 9e10395018314c8280813e8c3231364b] 10.0.0.75 "DELETE /resource_providers/1235c618-1169-4f73-8966-b35092b8169d" status: 404 len: 246 microversion: 1.1 [pid: 8|app: 0|req: 439/881] 10.0.0.75 () {34 vars in 815 bytes} [Thu May 21 16:44:01 2026] DELETE /resource_providers/1235c618-1169-4f73-8966-b35092b8169d => generated 246 bytes in 12 msecs (HTTP/1.1 404) 6 headers in 231 bytes (1 switches on core 0)
2026-05-21 16:44:01.500 7 INFO placement.requestlog [None req-1f71224c-4d0d-45bb-85c0-b3e51cdfa204 9301bf0a0f6d4587a61f6a332a367811 b33b236af9f645abaab9fee9bc5c613c - - 9e10395018314c8280813e8c3231364b 9e10395018314c8280813e8c3231364b] 10.0.0.75 "DELETE /resource_providers/1235c618-1169-4f73-8966-b35092b8169d" status: 404 len: 246 microversion: 1.1 [pid: 7|app: 0|req: 443/882] 10.0.0.75 () {34 vars in 815 bytes} [Thu May 21 16:44:01 2026] DELETE /resource_providers/1235c618-1169-4f73-8966-b35092b8169d => generated 246 bytes in 11 msecs (HTTP/1.1 404) 6 headers in 231 bytes (1 switches on core 0)
2026-05-21 16:44:01.620 7 INFO placement.requestlog [None req-76a09106-97f8-4c74-af3f-b08546a2c88a - - - - - -] 10.0.0.248 "GET /" status: 200 len: 136 microversion: 1.0
2026-05-21 16:44:01.620 8 INFO placement.requestlog [None req-e6dd8368-4142-453b-a3d6-e9fe4fc892af - - - - - -] 10.0.0.248 "GET /" status: 200 len: 136 microversion: 1.0
2026-05-21 16:44:07.834 7 INFO placement.requestlog [req-c2944ca2-4062-42a6-aeef-69b1121a11ed req-f6f94528-18fa-459b-aed7-b3113bb1208e 48b67d9a14a2472d83f4d27a7f443751 b33b236af9f645abaab9fee9bc5c613c - - 9e10395018314c8280813e8c3231364b 9e10395018314c8280813e8c3231364b] 10.0.0.110 "GET /allocation_candidates?limit=1000&resources=DISK_GB%3A1%2CMEMORY_MB%3A512%2CVCPU%3A1&root_required=%21COMPUTE_STATUS_DISABLED" status: 200 len: 2445 microversion: 1.36 [pid: 7|app: 0|req: 445/885] 10.0.0.110 () {34 vars in 1012 bytes} [Thu May 21 16:44:07 2026] GET /allocation_candidates?limit=1000&resources=DISK_GB%3A1%2CMEMORY_MB%3A512%2CVCPU%3A1&root_required=%21COMPUTE_STATUS_DISABLED => generated 2445 bytes in 71 msecs (HTTP/1.1 200) 8 headers in 297 bytes (1 switches on core 0)
2026-05-21 16:44:07.868 8 INFO placement.requestlog [req-c2944ca2-4062-42a6-aeef-69b1121a11ed req-4704c36a-9a71-4ef4-adda-042f7f53f20d 48b67d9a14a2472d83f4d27a7f443751 b33b236af9f645abaab9fee9bc5c613c - - 9e10395018314c8280813e8c3231364b 9e10395018314c8280813e8c3231364b] 10.0.0.110 "GET /allocations/cdf0e0f8-c16f-40e9-bc21-2bb4cfcbbcc2" status: 200 len: 19 microversion: 1.28 [pid: 8|app: 0|req: 441/886] 10.0.0.110 () {34 vars in 861 bytes} [Thu May 21 16:44:07 2026] GET /allocations/cdf0e0f8-c16f-40e9-bc21-2bb4cfcbbcc2 => generated 19 bytes in 14 msecs (HTTP/1.1 200) 8 headers in 295 bytes (1 switches on core 0)
2026-05-21 16:44:07.960 7 INFO placement.requestlog [req-c2944ca2-4062-42a6-aeef-69b1121a11ed req-0c2b4d5a-d06c-45c9-98fc-44ecf75368da 48b67d9a14a2472d83f4d27a7f443751 b33b236af9f645abaab9fee9bc5c613c - - 9e10395018314c8280813e8c3231364b 9e10395018314c8280813e8c3231364b] 10.0.0.110 "PUT /allocations/cdf0e0f8-c16f-40e9-bc21-2bb4cfcbbcc2" status: 204 len: 0 microversion: 1.36 [pid: 7|app: 0|req: 446/887] 10.0.0.110 () {38 vars in 914 bytes} [Thu May 21 16:44:07 2026] PUT /allocations/cdf0e0f8-c16f-40e9-bc21-2bb4cfcbbcc2 => generated 0 bytes in 85 msecs (HTTP/1.1 204) 5 headers in 199 bytes (1 switches on core 0)
2026-05-21 16:44:09.407 8 INFO placement.requestlog [req-c2944ca2-4062-42a6-aeef-69b1121a11ed req-f3f22721-b138-4fc3-86bd-4820ec212d03 48b67d9a14a2472d83f4d27a7f443751 b33b236af9f645abaab9fee9bc5c613c - - 9e10395018314c8280813e8c3231364b 9e10395018314c8280813e8c3231364b] 162.253.55.186 "GET /allocations/cdf0e0f8-c16f-40e9-bc21-2bb4cfcbbcc2" status: 200 len: 258 microversion: 1.28 [pid: 8|app: 0|req: 442/888] 162.253.55.186 () {34 vars in 863 bytes} [Thu May 21 16:44:09 2026] GET /allocations/cdf0e0f8-c16f-40e9-bc21-2bb4cfcbbcc2 => generated 258 bytes in 13 msecs (HTTP/1.1 200) 8 headers in 296 bytes (1 switches on core 0)
2026-05-21 16:44:10.454 7 INFO placement.requestlog [req-c2944ca2-4062-42a6-aeef-69b1121a11ed req-36dab02c-0e89-4e09-9b73-47db457083be 48b67d9a14a2472d83f4d27a7f443751 b33b236af9f645abaab9fee9bc5c613c - - 9e10395018314c8280813e8c3231364b 9e10395018314c8280813e8c3231364b] 162.253.55.186 "GET /resource_providers/c90e2ca4-e16c-46e2-befd-7c55ea6b7898/allocations" status: 200 len: 353 microversion: 1.0 [pid: 7|app: 0|req: 447/889] 162.253.55.186 () {32 vars in 857 bytes} [Thu May 21 16:44:10 2026] GET /resource_providers/c90e2ca4-e16c-46e2-befd-7c55ea6b7898/allocations => generated 353 bytes in 25 msecs (HTTP/1.1 200) 6 headers in 224 bytes (1 switches on core 0)
2026-05-21 16:44:10.480 8 INFO placement.requestlog [req-c2944ca2-4062-42a6-aeef-69b1121a11ed req-0e1b6cc1-844a-41bd-b16d-0d66e083a797 48b67d9a14a2472d83f4d27a7f443751 b33b236af9f645abaab9fee9bc5c613c - - 9e10395018314c8280813e8c3231364b 9e10395018314c8280813e8c3231364b] 162.253.55.186 "GET /allocations/cdf0e0f8-c16f-40e9-bc21-2bb4cfcbbcc2" status: 200 len: 258 microversion: 1.28 [pid: 8|app: 0|req: 443/890] 162.253.55.186 () {34 vars in 863 bytes} [Thu May 21 16:44:10 2026] GET /allocations/cdf0e0f8-c16f-40e9-bc21-2bb4cfcbbcc2 => generated 258 bytes in 17 msecs (HTTP/1.1 200) 8 headers in 296 bytes (1 switches on core 0)
2026-05-21 16:44:10.497 7 INFO placement.requestlog [req-c2944ca2-4062-42a6-aeef-69b1121a11ed req-10fdfd24-c83a-4923-a63f-209907ffea55 48b67d9a14a2472d83f4d27a7f443751 b33b236af9f645abaab9fee9bc5c613c - - 9e10395018314c8280813e8c3231364b 9e10395018314c8280813e8c3231364b] 162.253.55.186 "GET /allocations/9716307e-1631-4fa3-8df1-015beb720110" status: 200 len: 258 microversion: 1.28 [pid: 7|app: 0|req: 448/891] 162.253.55.186 () {34 vars in 863 bytes} [Thu May 21 16:44:10 2026] GET /allocations/9716307e-1631-4fa3-8df1-015beb720110 => generated 258 bytes in 11 msecs (HTTP/1.1 200) 8 headers in 296 bytes (1 switches on core 0)
2026-05-21 16:44:10.511 8 INFO placement.requestlog [req-c2944ca2-4062-42a6-aeef-69b1121a11ed req-7ed2c91f-4c09-438e-86bf-79f3a9ea8c7c 48b67d9a14a2472d83f4d27a7f443751 b33b236af9f645abaab9fee9bc5c613c - - 9e10395018314c8280813e8c3231364b 9e10395018314c8280813e8c3231364b] 162.253.55.186 "GET /allocations/3d4b04b6-8171-4449-913d-23e4085aeff9" status: 200 len: 258 microversion: 1.28 [pid: 8|app: 0|req: 444/892] 162.253.55.186 () {34 vars in 863 bytes} [Thu May 21 16:44:10 2026] GET /allocations/3d4b04b6-8171-4449-913d-23e4085aeff9 => generated 258 bytes in 10 msecs (HTTP/1.1 200) 8 headers in 296 bytes (1 switches on core 0)
2026-05-21 16:44:11.620 7 INFO placement.requestlog [None req-d3250b60-28c5-4b83-9596-e61c35f1ccbe - - - - - -] 10.0.0.248 "GET /" status: 200 len: 136 microversion: 1.0
2026-05-21 16:44:11.620 8 INFO placement.requestlog [None req-75049bbf-c930-4aef-af18-fd17dc6da5f5 - - - - - -] 10.0.0.248 "GET /" status: 200 len: 136 microversion: 1.0
2026-05-21 16:44:21.620 7 INFO placement.requestlog [None req-a9cbbd0f-8ce5-4bc1-ac4f-c5ff1e9da5eb - - - - - -] 10.0.0.248 "GET /" status: 200 len: 136 microversion: 1.0
2026-05-21 16:44:21.621 8 INFO placement.requestlog [None req-78469f93-0a2b-43ca-ad44-a63a617f1d4f - - - - - -] 10.0.0.248 "GET /" status: 200 len: 136 microversion: 1.0
2026-05-21 16:44:29.941 7 INFO placement.requestlog [req-c53a605b-bdf6-4d0e-8fef-80b9efdccff8 req-3474d574-fd09-4f0a-ab47-9ac89206e8a2 48b67d9a14a2472d83f4d27a7f443751 b33b236af9f645abaab9fee9bc5c613c - - 9e10395018314c8280813e8c3231364b 9e10395018314c8280813e8c3231364b] 162.253.55.186 "GET /resource_providers/c90e2ca4-e16c-46e2-befd-7c55ea6b7898/allocations" status: 200 len: 353 microversion: 1.0 [pid: 7|app: 0|req: 451/897] 162.253.55.186 () {32 vars in 857 bytes} [Thu May 21 16:44:29 2026] GET /resource_providers/c90e2ca4-e16c-46e2-befd-7c55ea6b7898/allocations => generated 353 bytes in 13 msecs (HTTP/1.1 200) 6 headers in 224 bytes (1 switches on core 0)
2026-05-21 16:44:29.958 8 INFO placement.requestlog [req-c53a605b-bdf6-4d0e-8fef-80b9efdccff8 req-1cfd6994-fb93-4370-b696-708968f10421 48b67d9a14a2472d83f4d27a7f443751 b33b236af9f645abaab9fee9bc5c613c - - 9e10395018314c8280813e8c3231364b 9e10395018314c8280813e8c3231364b] 162.253.55.186 "GET /allocations/cdf0e0f8-c16f-40e9-bc21-2bb4cfcbbcc2" status: 200 len: 258 microversion: 1.28 [pid: 8|app: 0|req: 447/898] 162.253.55.186 () {34 vars in 863 bytes} [Thu May 21 16:44:29 2026] GET /allocations/cdf0e0f8-c16f-40e9-bc21-2bb4cfcbbcc2 => generated 258 bytes in 11 msecs (HTTP/1.1 200) 8 headers in 296 bytes (1 switches on core 0)
2026-05-21 16:44:29.976 7 INFO placement.requestlog [req-c53a605b-bdf6-4d0e-8fef-80b9efdccff8 req-0e17e85b-5238-4d76-950b-8286acf3b8c3 48b67d9a14a2472d83f4d27a7f443751 b33b236af9f645abaab9fee9bc5c613c - - 9e10395018314c8280813e8c3231364b 9e10395018314c8280813e8c3231364b] 162.253.55.186 "GET /allocations/9716307e-1631-4fa3-8df1-015beb720110" status: 200 len: 258 microversion: 1.28 [pid: 7|app: 0|req: 452/899] 162.253.55.186 () {34 vars in 863 bytes} [Thu May 21 16:44:29 2026] GET /allocations/9716307e-1631-4fa3-8df1-015beb720110 => generated 258 bytes in 14 msecs (HTTP/1.1 200) 8 headers in 296 bytes (1 switches on core 0)
2026-05-21 16:44:29.996 8 INFO placement.requestlog [req-c53a605b-bdf6-4d0e-8fef-80b9efdccff8 req-4975b858-3558-460e-bcdc-5a095fb8a4e2 48b67d9a14a2472d83f4d27a7f443751 b33b236af9f645abaab9fee9bc5c613c - - 9e10395018314c8280813e8c3231364b 9e10395018314c8280813e8c3231364b] 162.253.55.186 "GET /allocations/3d4b04b6-8171-4449-913d-23e4085aeff9" status: 200 len: 258 microversion: 1.28 [pid: 8|app: 0|req: 448/900] 162.253.55.186 () {34 vars in 863 bytes} [Thu May 21 16:44:29 2026] GET /allocations/3d4b04b6-8171-4449-913d-23e4085aeff9 => generated 258 bytes in 13 msecs (HTTP/1.1 200) 8 headers in 296 bytes (1 switches on core 0)
2026-05-21 16:44:31.038 7 INFO placement.requestlog [req-c53a605b-bdf6-4d0e-8fef-80b9efdccff8 req-edf22c70-95e6-4fff-af24-1e6caed363de 48b67d9a14a2472d83f4d27a7f443751 b33b236af9f645abaab9fee9bc5c613c - - 9e10395018314c8280813e8c3231364b 9e10395018314c8280813e8c3231364b] 162.253.55.186 "DELETE /allocations/3d4b04b6-8171-4449-913d-23e4085aeff9" status: 204 len: 0 microversion: 1.0 [pid: 7|app: 0|req: 453/901] 162.253.55.186 () {34 vars in 841 bytes} [Thu May 21 16:44:31 2026] DELETE /allocations/3d4b04b6-8171-4449-913d-23e4085aeff9 => generated 0 bytes in 20 msecs (HTTP/1.1 204) 5 headers in 198 bytes (1 switches on core 0)
2026-05-21 16:44:31.620 8 INFO placement.requestlog [None req-12073db4-1a7d-4f33-bb0c-419f34060214 - - - - - -] 10.0.0.248 "GET /" status: 200 len: 136 microversion: 1.0
2026-05-21 16:44:31.620 7 INFO placement.requestlog [None req-1924e218-687e-412e-a814-967bab14481b - - - - - -] 10.0.0.248 "GET /" status: 200 len: 136 microversion: 1.0
2026-05-21 16:44:32.349 8 INFO placement.requestlog [req-01ef3157-455d-46a2-b599-ccc3cb1d54a9 req-eac79bcb-f425-4c59-b0f0-f512569a4461 48b67d9a14a2472d83f4d27a7f443751 b33b236af9f645abaab9fee9bc5c613c - - 9e10395018314c8280813e8c3231364b 9e10395018314c8280813e8c3231364b] 162.253.55.186 "GET /resource_providers/c90e2ca4-e16c-46e2-befd-7c55ea6b7898/allocations" status: 200 len: 253 microversion: 1.0 [pid: 8|app: 0|req: 450/904] 162.253.55.186 () {32 vars in 857 bytes} [Thu May 21 16:44:32 2026] GET /resource_providers/c90e2ca4-e16c-46e2-befd-7c55ea6b7898/allocations => generated 253 bytes in 23 msecs (HTTP/1.1 200) 6 headers in 224 bytes (1 switches on core 0)
2026-05-21 16:44:32.368 7 INFO placement.requestlog [req-01ef3157-455d-46a2-b599-ccc3cb1d54a9 req-4de70da7-1034-43fd-92a9-59c9a4251623 48b67d9a14a2472d83f4d27a7f443751 b33b236af9f645abaab9fee9bc5c613c - - 9e10395018314c8280813e8c3231364b 9e10395018314c8280813e8c3231364b] 162.253.55.186 "GET /allocations/cdf0e0f8-c16f-40e9-bc21-2bb4cfcbbcc2" status: 200 len: 258 microversion: 1.28 [pid: 7|app: 0|req: 455/905] 162.253.55.186 () {34 vars in 863 bytes} [Thu May 21 16:44:32 2026] GET /allocations/cdf0e0f8-c16f-40e9-bc21-2bb4cfcbbcc2 => generated 258 bytes in 13 msecs (HTTP/1.1 200) 8 headers in 296 bytes (1 switches on core 0)
2026-05-21 16:44:32.387 8 INFO placement.requestlog [req-01ef3157-455d-46a2-b599-ccc3cb1d54a9 req-b0bd4546-2bdb-4488-a070-9ccdb58d3a09 48b67d9a14a2472d83f4d27a7f443751 b33b236af9f645abaab9fee9bc5c613c - - 9e10395018314c8280813e8c3231364b 9e10395018314c8280813e8c3231364b] 162.253.55.186 "GET /allocations/9716307e-1631-4fa3-8df1-015beb720110" status: 200 len: 258 microversion: 1.28 [pid: 8|app: 0|req: 451/906] 162.253.55.186 () {34 vars in 863 bytes} [Thu May 21 16:44:32 2026] GET /allocations/9716307e-1631-4fa3-8df1-015beb720110 => generated 258 bytes in 13 msecs (HTTP/1.1 200) 8 headers in 296 bytes (1 switches on core 0)
2026-05-21 16:44:33.433 7 INFO placement.requestlog [req-01ef3157-455d-46a2-b599-ccc3cb1d54a9 req-6d00534c-debe-4d48-b0ef-b56abbb8eead 48b67d9a14a2472d83f4d27a7f443751 b33b236af9f645abaab9fee9bc5c613c - - 9e10395018314c8280813e8c3231364b 9e10395018314c8280813e8c3231364b] 162.253.55.186 "DELETE /allocations/9716307e-1631-4fa3-8df1-015beb720110" status: 204 len: 0 microversion: 1.0 [pid: 7|app: 0|req: 456/907] 162.253.55.186 () {34 vars in 841 bytes} [Thu May 21 16:44:33 2026] DELETE /allocations/9716307e-1631-4fa3-8df1-015beb720110 => generated 0 bytes in 21 msecs (HTTP/1.1 204) 5 headers in 198 bytes (1 switches on core 0)
2026-05-21 16:44:34.116 7 INFO placement.requestlog [None req-5f3705fd-345c-4552-9ca1-d97c9afcd5a1 9301bf0a0f6d4587a61f6a332a367811 b33b236af9f645abaab9fee9bc5c613c - - 9e10395018314c8280813e8c3231364b 9e10395018314c8280813e8c3231364b] 10.0.0.75 "GET /resource_providers/9692f5d6-a24f-414b-84e8-8fd447b62a4f/aggregates" status: 404 len: 235 microversion: 1.1 [pid: 7|app: 0|req: 457/908] 10.0.0.75 () {32 vars in 815 bytes} [Thu May 21 16:44:34 2026] GET /resource_providers/9692f5d6-a24f-414b-84e8-8fd447b62a4f/aggregates => generated 235 bytes in 8 msecs (HTTP/1.1 404) 5 headers in 202 bytes (1 switches on core 0)
2026-05-21 16:44:34.117 8 INFO placement.requestlog [None req-fb92ac37-c27e-4ebd-a861-44044b8ab337 9301bf0a0f6d4587a61f6a332a367811 b33b236af9f645abaab9fee9bc5c613c - - 9e10395018314c8280813e8c3231364b 9e10395018314c8280813e8c3231364b] 10.0.0.75 "GET /resource_providers/9692f5d6-a24f-414b-84e8-8fd447b62a4f/aggregates" status: 404 len: 235 microversion: 1.1 [pid: 8|app: 0|req: 452/909] 10.0.0.75 () {32 vars in 815 bytes} [Thu May 21 16:44:34 2026] GET /resource_providers/9692f5d6-a24f-414b-84e8-8fd447b62a4f/aggregates => generated 235 bytes in 10 msecs (HTTP/1.1 404) 5 headers in 202 bytes (1 switches on core 0)
2026-05-21 16:44:34.133 7 INFO placement.requestlog [None req-e37d9ea2-46b6-48c0-9ce1-14604c4a6f9b 9301bf0a0f6d4587a61f6a332a367811 b33b236af9f645abaab9fee9bc5c613c - - 9e10395018314c8280813e8c3231364b 9e10395018314c8280813e8c3231364b] 10.0.0.75 "DELETE /resource_providers/9692f5d6-a24f-414b-84e8-8fd447b62a4f" status: 404 len: 246 microversion: 1.1 [pid: 7|app: 0|req: 458/910] 10.0.0.75 () {34 vars in 815 bytes} [Thu May 21 16:44:34 2026] DELETE /resource_providers/9692f5d6-a24f-414b-84e8-8fd447b62a4f => generated 246 bytes in 7 msecs (HTTP/1.1 404) 6 headers in 231 bytes (1 switches on core 0)
2026-05-21 16:44:34.138 8 INFO placement.requestlog [None req-8ca63c8f-0812-4556-a074-35967132ae4f 9301bf0a0f6d4587a61f6a332a367811 b33b236af9f645abaab9fee9bc5c613c - - 9e10395018314c8280813e8c3231364b 9e10395018314c8280813e8c3231364b] 10.0.0.75 "DELETE /resource_providers/9692f5d6-a24f-414b-84e8-8fd447b62a4f" status: 404 len: 246 microversion: 1.1 [pid: 8|app: 0|req: 453/911] 10.0.0.75 () {34 vars in 815 bytes} [Thu May 21 16:44:34 2026] DELETE /resource_providers/9692f5d6-a24f-414b-84e8-8fd447b62a4f => generated 246 bytes in 7 msecs (HTTP/1.1 404) 6 headers in 231 bytes (1 switches on core 0)
2026-05-21 16:44:36.165 7 INFO placement.requestlog [None req-4be7aca5-1e00-4874-b601-1aec51993e53 9301bf0a0f6d4587a61f6a332a367811 b33b236af9f645abaab9fee9bc5c613c - - 9e10395018314c8280813e8c3231364b 9e10395018314c8280813e8c3231364b] 10.0.0.75 "GET /resource_providers/0cc79b79-0623-42d0-8dec-7dfce0544bdc/aggregates" status: 404 len: 235 microversion: 1.1
2026-05-21 16:44:36.165 8 INFO placement.requestlog [None req-7c1b42f9-57c2-4c5b-b884-9201a773d051 9301bf0a0f6d4587a61f6a332a367811 b33b236af9f645abaab9fee9bc5c613c - - 9e10395018314c8280813e8c3231364b 9e10395018314c8280813e8c3231364b] 10.0.0.75 "GET /resource_providers/0cc79b79-0623-42d0-8dec-7dfce0544bdc/aggregates" status: 404 len: 235 microversion: 1.1 [pid: 7|app: 0|req: 459/912] 10.0.0.75 () {32 vars in 815 bytes} [Thu May 21 16:44:36 2026] GET /resource_providers/0cc79b79-0623-42d0-8dec-7dfce0544bdc/aggregates => generated 235 bytes in 19 msecs (HTTP/1.1 404) 5 headers in 202 bytes (1 switches on core 0) [pid: 8|app: 0|req: 454/913] 10.0.0.75 () {32 vars in 815 bytes} [Thu May 21 16:44:36 2026] GET /resource_providers/0cc79b79-0623-42d0-8dec-7dfce0544bdc/aggregates => generated 235 bytes in 18 msecs (HTTP/1.1 404) 5 headers in 202 bytes (1 switches on core 0)
2026-05-21 16:44:36.185 7 INFO placement.requestlog [None req-9e0a14d3-c887-4f15-9027-55cdc43bbbb1 9301bf0a0f6d4587a61f6a332a367811 b33b236af9f645abaab9fee9bc5c613c - - 9e10395018314c8280813e8c3231364b 9e10395018314c8280813e8c3231364b] 10.0.0.75 "DELETE /resource_providers/0cc79b79-0623-42d0-8dec-7dfce0544bdc" status: 404 len: 246 microversion: 1.1 [pid: 7|app: 0|req: 460/914] 10.0.0.75 () {34 vars in 815 bytes} [Thu May 21 16:44:36 2026] DELETE /resource_providers/0cc79b79-0623-42d0-8dec-7dfce0544bdc => generated 246 bytes in 11 msecs (HTTP/1.1 404) 6 headers in 231 bytes (1 switches on core 0)
2026-05-21 16:44:36.189 8 INFO placement.requestlog [None req-d864e2b0-be39-4177-a5ec-153d10840a1b 9301bf0a0f6d4587a61f6a332a367811 b33b236af9f645abaab9fee9bc5c613c - - 9e10395018314c8280813e8c3231364b 9e10395018314c8280813e8c3231364b] 10.0.0.75 "DELETE /resource_providers/0cc79b79-0623-42d0-8dec-7dfce0544bdc" status: 404 len: 246 microversion: 1.1 [pid: 8|app: 0|req: 455/915] 10.0.0.75 () {34 vars in 815 bytes} [Thu May 21 16:44:36 2026] DELETE /resource_providers/0cc79b79-0623-42d0-8dec-7dfce0544bdc => generated 246 bytes in 10 msecs (HTTP/1.1 404) 6 headers in 231 bytes (1 switches on core 0)
2026-05-21 16:44:36.206 7 INFO placement.requestlog [None req-68c3a2a4-7e1d-4518-8060-f9a49ea966c8 9301bf0a0f6d4587a61f6a332a367811 b33b236af9f645abaab9fee9bc5c613c - - 9e10395018314c8280813e8c3231364b 9e10395018314c8280813e8c3231364b] 10.0.0.75 "GET /resource_providers/6d8bdc4d-91b6-46f6-ab94-b009ce8eb635/aggregates" status: 404 len: 235 microversion: 1.1 [pid: 7|app: 0|req: 461/916] 10.0.0.75 () {32 vars in 815 bytes} [Thu May 21 16:44:36 2026] GET /resource_providers/6d8bdc4d-91b6-46f6-ab94-b009ce8eb635/aggregates => generated 235 bytes in 8 msecs (HTTP/1.1 404) 5 headers in 202 bytes (1 switches on core 0)
2026-05-21 16:44:36.209 8 INFO placement.requestlog [None req-f3308de0-5daa-4bb4-a9b7-45f67f5b3b96 9301bf0a0f6d4587a61f6a332a367811 b33b236af9f645abaab9fee9bc5c613c - - 9e10395018314c8280813e8c3231364b 9e10395018314c8280813e8c3231364b] 10.0.0.75 "GET /resource_providers/6d8bdc4d-91b6-46f6-ab94-b009ce8eb635/aggregates" status: 404 len: 235 microversion: 1.1 [pid: 8|app: 0|req: 456/917] 10.0.0.75 () {32 vars in 815 bytes} [Thu May 21 16:44:36 2026] GET /resource_providers/6d8bdc4d-91b6-46f6-ab94-b009ce8eb635/aggregates => generated 235 bytes in 8 msecs (HTTP/1.1 404) 5 headers in 202 bytes (1 switches on core 0)
2026-05-21 16:44:36.231 7 INFO placement.requestlog [None req-25c6463a-e112-454e-ba39-301b80a9989d 9301bf0a0f6d4587a61f6a332a367811 b33b236af9f645abaab9fee9bc5c613c - - 9e10395018314c8280813e8c3231364b 9e10395018314c8280813e8c3231364b] 10.0.0.75 "DELETE /resource_providers/6d8bdc4d-91b6-46f6-ab94-b009ce8eb635" status: 404 len: 246 microversion: 1.1 [pid: 7|app: 0|req: 462/918] 10.0.0.75 () {34 vars in 815 bytes} [Thu May 21 16:44:36 2026] DELETE /resource_providers/6d8bdc4d-91b6-46f6-ab94-b009ce8eb635 => generated 246 bytes in 9 msecs (HTTP/1.1 404) 6 headers in 231 bytes (1 switches on core 0)
2026-05-21 16:44:36.232 8 INFO placement.requestlog [None req-eb2bd0dd-7705-4402-8983-92a6108ba88d 9301bf0a0f6d4587a61f6a332a367811 b33b236af9f645abaab9fee9bc5c613c - - 9e10395018314c8280813e8c3231364b 9e10395018314c8280813e8c3231364b] 10.0.0.75 "DELETE /resource_providers/6d8bdc4d-91b6-46f6-ab94-b009ce8eb635" status: 404 len: 246 microversion: 1.1 [pid: 8|app: 0|req: 457/919] 10.0.0.75 () {34 vars in 815 bytes} [Thu May 21 16:44:36 2026] DELETE /resource_providers/6d8bdc4d-91b6-46f6-ab94-b009ce8eb635 => generated 246 bytes in 9 msecs (HTTP/1.1 404) 6 headers in 231 bytes (1 switches on core 0)
