+ COMMAND=start + start + for KEYSTONE_WSGI_SCRIPT in keystone-wsgi-public ++ type -p keystone-wsgi-public + cp -a /var/lib/openstack/bin/keystone-wsgi-public /var/www/cgi-bin/keystone/ + '[' -f /etc/apache2/envvars ']' + source /etc/apache2/envvars ++ unset HOME ++ '[' '' '!=' '' ']' ++ SUFFIX= ++ export APACHE_RUN_USER=www-data ++ APACHE_RUN_USER=www-data ++ export APACHE_RUN_GROUP=www-data ++ APACHE_RUN_GROUP=www-data ++ export APACHE_PID_FILE=/var/run/apache2/apache2.pid ++ APACHE_PID_FILE=/var/run/apache2/apache2.pid ++ export APACHE_RUN_DIR=/var/run/apache2 ++ APACHE_RUN_DIR=/var/run/apache2 ++ export APACHE_LOCK_DIR=/var/lock/apache2 ++ APACHE_LOCK_DIR=/var/lock/apache2 ++ export APACHE_LOG_DIR=/var/log/apache2 ++ APACHE_LOG_DIR=/var/log/apache2 ++ export LANG=C ++ LANG=C ++ export LANG + '[' -f /var/run/apache2/apache2.pid ']' + exec apache2 -DFOREGROUND AH00558: apache2: Could not reliably determine the server's fully qualified domain name, using 10.0.0.92. Set the 'ServerName' directive globally to suppress this message AH00558: apache2: Could not reliably determine the server's fully qualified domain name, using 10.0.0.92. Set the 'ServerName' directive globally to suppress this message
[Sat Apr 18 02:06:31.549953 2026] [mpm_event:notice] [pid 1:tid 140436627388288] AH00489: Apache/2.4.58 (Ubuntu) mod_wsgi/5.0.0 Python/3.12 configured -- resuming normal operations
[Sat Apr 18 02:06:31.550150 2026] [core:notice] [pid 1:tid 140436627388288] AH00094: Command line: 'apache2 -D FOREGROUND'
[Sat Apr 18 02:07:32.640841 2026] [wsgi:error] [pid 9:tid 140435990615744] /var/lib/openstack/lib/python3.12/site-packages/oslo_utils/importutils.py:77: EventletDeprecationWarning:
[Sat Apr 18 02:07:32.640895 2026] [wsgi:error] [pid 9:tid 140435990615744] Eventlet is deprecated. It is currently being maintained in bugfix mode, and
[Sat Apr 18 02:07:32.640897 2026] [wsgi:error] [pid 9:tid 140435990615744] we strongly recommend against using it for new projects.
[Sat Apr 18 02:07:32.640898 2026] [wsgi:error] [pid 9:tid 140435990615744]
[Sat Apr 18 02:07:32.640899 2026] [wsgi:error] [pid 9:tid 140435990615744] If you are already using Eventlet, we recommend migrating to a different
[Sat Apr 18 02:07:32.640901 2026] [wsgi:error] [pid 9:tid 140435990615744] framework. For more detail see
[Sat Apr 18 02:07:32.640902 2026] [wsgi:error] [pid 9:tid 140435990615744] https://eventlet.readthedocs.io/en/latest/asyncio/migration.html
[Sat Apr 18 02:07:32.640903 2026] [wsgi:error] [pid 9:tid 140435990615744]
[Sat Apr 18 02:07:32.640904 2026] [wsgi:error] [pid 9:tid 140435990615744] __import__(import_str)
[Sat Apr 18 02:07:32.677735 2026] [wsgi:error] [pid 12:tid 140435990615744] /var/lib/openstack/lib/python3.12/site-packages/oslo_utils/importutils.py:77: EventletDeprecationWarning:
[Sat Apr 18 02:07:32.677791 2026] [wsgi:error] [pid 12:tid 140435990615744] Eventlet is deprecated. It is currently being maintained in bugfix mode, and
[Sat Apr 18 02:07:32.677793 2026] [wsgi:error] [pid 12:tid 140435990615744] we strongly recommend against using it for new projects.
[Sat Apr 18 02:07:32.677794 2026] [wsgi:error] [pid 12:tid 140435990615744]
[Sat Apr 18 02:07:32.677795 2026] [wsgi:error] [pid 12:tid 140435990615744] If you are already using Eventlet, we recommend migrating to a different
[Sat Apr 18 02:07:32.677796 2026] [wsgi:error] [pid 12:tid 140435990615744] framework. For more detail see
[Sat Apr 18 02:07:32.677797 2026] [wsgi:error] [pid 12:tid 140435990615744] https://eventlet.readthedocs.io/en/latest/asyncio/migration.html
[Sat Apr 18 02:07:32.677799 2026] [wsgi:error] [pid 12:tid 140435990615744]
[Sat Apr 18 02:07:32.677800 2026] [wsgi:error] [pid 12:tid 140435990615744] __import__(import_str) 10.0.0.212 - - [18/Apr/2026:02:07:31 +0000] "GET /v3/ HTTP/1.1" 200 249 10.0.0.212 - - [18/Apr/2026:02:07:31 +0000] "GET /v3/ HTTP/1.1" 200 249
[Sat Apr 18 02:07:44.443823 2026] [wsgi:error] [pid 10:tid 140435990615744] /var/lib/openstack/lib/python3.12/site-packages/oslo_utils/importutils.py:77: EventletDeprecationWarning:
[Sat Apr 18 02:07:44.443875 2026] [wsgi:error] [pid 10:tid 140435990615744] Eventlet is deprecated. It is currently being maintained in bugfix mode, and
[Sat Apr 18 02:07:44.443878 2026] [wsgi:error] [pid 10:tid 140435990615744] we strongly recommend against using it for new projects.
[Sat Apr 18 02:07:44.443879 2026] [wsgi:error] [pid 10:tid 140435990615744]
[Sat Apr 18 02:07:44.443880 2026] [wsgi:error] [pid 10:tid 140435990615744] If you are already using Eventlet, we recommend migrating to a different
[Sat Apr 18 02:07:44.443882 2026] [wsgi:error] [pid 10:tid 140435990615744] framework. For more detail see
[Sat Apr 18 02:07:44.443883 2026] [wsgi:error] [pid 10:tid 140435990615744] https://eventlet.readthedocs.io/en/latest/asyncio/migration.html
[Sat Apr 18 02:07:44.443884 2026] [wsgi:error] [pid 10:tid 140435990615744]
[Sat Apr 18 02:07:44.443885 2026] [wsgi:error] [pid 10:tid 140435990615744] __import__(import_str) 10.0.0.177 - - [18/Apr/2026:02:07:43 +0000] "GET / HTTP/1.1" 300 295
[Sat Apr 18 02:07:49.962431 2026] [wsgi:error] [pid 11:tid 140435990615744] /var/lib/openstack/lib/python3.12/site-packages/oslo_utils/importutils.py:77: EventletDeprecationWarning:
[Sat Apr 18 02:07:49.962477 2026] [wsgi:error] [pid 11:tid 140435990615744] Eventlet is deprecated. It is currently being maintained in bugfix mode, and
[Sat Apr 18 02:07:49.962479 2026] [wsgi:error] [pid 11:tid 140435990615744] we strongly recommend against using it for new projects.
[Sat Apr 18 02:07:49.962481 2026] [wsgi:error] [pid 11:tid 140435990615744]
[Sat Apr 18 02:07:49.962482 2026] [wsgi:error] [pid 11:tid 140435990615744] If you are already using Eventlet, we recommend migrating to a different
[Sat Apr 18 02:07:49.962483 2026] [wsgi:error] [pid 11:tid 140435990615744] framework. For more detail see
[Sat Apr 18 02:07:49.962484 2026] [wsgi:error] [pid 11:tid 140435990615744] https://eventlet.readthedocs.io/en/latest/asyncio/migration.html
[Sat Apr 18 02:07:49.962485 2026] [wsgi:error] [pid 11:tid 140435990615744]
[Sat Apr 18 02:07:49.962486 2026] [wsgi:error] [pid 11:tid 140435990615744] __import__(import_str)
[Sat Apr 18 02:07:54.720196 2026] [wsgi:error] [pid 11:tid 140435990615744] [remote 10.0.0.177:58546] 2026-04-18 02:07:54.717 11 WARNING keystone.identity.core [None req-1d24ddd5-184e-4f7c-9099-f7f6d35ce327 - - - - - -] Invalid domain name (atmosphere) found in config file name: keystone.exception.DomainNotFound: Could not find domain: atmosphere.
[Sat Apr 18 02:07:54.767502 2026] [wsgi:error] [pid 11:tid 140435990615744] [remote 10.0.0.177:58546] 2026-04-18 02:07:54.767 11 WARNING keystone.common.password_hashing [None req-1d24ddd5-184e-4f7c-9099-f7f6d35ce327 - - - - - -] Truncating password to algorithm specific maximum length 72 characters.
[Sat Apr 18 02:07:55.047456 2026] [wsgi:error] [pid 11:tid 140435990615744] [remote 10.0.0.177:58546] 2026-04-18 02:07:55.047 11 WARNING keystone.common.fernet_utils [None req-1d24ddd5-184e-4f7c-9099-f7f6d35ce327 - - - - - -] key_repository is world readable: /etc/keystone/fernet-keys/ 10.0.0.177 - - [18/Apr/2026:02:07:49 +0000] "POST /v3/auth/tokens HTTP/1.1" 201 1359
[Sat Apr 18 02:07:55.410487 2026] [wsgi:error] [pid 12:tid 140435990615744] [remote 10.0.0.177:58546] 2026-04-18 02:07:55.407 12 WARNING keystone.identity.core [None req-f9096f47-1510-4913-aab6-b026f39f7d39 - - - - - -] Invalid domain name (atmosphere) found in config file name: keystone.exception.DomainNotFound: Could not find domain: atmosphere. 10.0.0.177 - - [18/Apr/2026:02:07:55 +0000] "POST /v3/domains HTTP/1.1" 201 261 10.0.0.11 - - [18/Apr/2026:02:08:07 +0000] "GET / HTTP/1.1" 300 295
[Sat Apr 18 02:08:07.962261 2026] [wsgi:error] [pid 10:tid 140435990615744] [remote 10.0.0.11:55948] 2026-04-18 02:08:07.961 10 WARNING keystone.common.password_hashing [None req-47f5a270-2562-461d-a7d4-a78a5c5e5005 - - - - - -] Truncating password to algorithm specific maximum length 72 characters.
[Sat Apr 18 02:08:08.240683 2026] [wsgi:error] [pid 10:tid 140435990615744] [remote 10.0.0.11:55948] 2026-04-18 02:08:08.240 10 WARNING keystone.common.fernet_utils [None req-47f5a270-2562-461d-a7d4-a78a5c5e5005 - - - - - -] key_repository is world readable: /etc/keystone/fernet-keys/ 10.0.0.11 - - [18/Apr/2026:02:08:07 +0000] "POST /v3/auth/tokens HTTP/1.1" 201 1359 10.0.0.11 - - [18/Apr/2026:02:08:08 +0000] "GET /v3/roles/admin HTTP/1.1" 404 83
[Sat Apr 18 02:08:08.476889 2026] [wsgi:error] [pid 12:tid 140435990615744] [remote 10.0.0.11:55948] 2026-04-18 02:08:08.476 12 WARNING keystone.common.rbac_enforcer.enforcer [None req-0b78785d-7473-4288-a917-6d591086fe9e 89db572e78b848c99c10c57ebbf8abd7 32be81e178f0417188f48d2d2fdc8715 - - default default] Deprecated policy rules found. Use oslopolicy-policy-generator and oslopolicy-policy-upgrade to detect and resolve deprecated policies in your configuration. 10.0.0.11 - - [18/Apr/2026:02:08:08 +0000] "GET /v3/roles?name=admin HTTP/1.1" 200 389
[Sat Apr 18 02:08:08.858514 2026] [wsgi:error] [pid 9:tid 140435990615744] [remote 10.0.0.11:55948] 2026-04-18 02:08:08.858 9 WARNING keystone.common.rbac_enforcer.enforcer [None req-0e888bb1-aa97-4bf0-8cf8-ebb9f6193a0b 89db572e78b848c99c10c57ebbf8abd7 32be81e178f0417188f48d2d2fdc8715 - - default default] Deprecated policy rules found. Use oslopolicy-policy-generator and oslopolicy-policy-upgrade to detect and resolve deprecated policies in your configuration. 10.0.0.11 - - [18/Apr/2026:02:08:08 +0000] "GET /v3/users/admin-RegionOne HTTP/1.1" 404 93
[Sat Apr 18 02:08:09.136879 2026] [wsgi:error] [pid 10:tid 140435990615744] [remote 10.0.0.11:55948] 2026-04-18 02:08:09.136 10 WARNING keystone.common.rbac_enforcer.enforcer [None req-6e7b362b-1a92-464e-89e8-fe0ee04a7b02 89db572e78b848c99c10c57ebbf8abd7 32be81e178f0417188f48d2d2fdc8715 - - default default] Deprecated policy rules found. Use oslopolicy-policy-generator and oslopolicy-policy-upgrade to detect and resolve deprecated policies in your configuration. 10.0.0.11 - - [18/Apr/2026:02:08:08 +0000] "GET /v3/users?name=admin-RegionOne HTTP/1.1" 200 422
[Sat Apr 18 02:08:09.417561 2026] [wsgi:error] [pid 11:tid 140435990615744] [remote 10.0.0.11:55948] 2026-04-18 02:08:09.417 11 WARNING keystone.common.rbac_enforcer.enforcer [None req-f07ff833-257e-485d-8897-98b3ccbbc49e 89db572e78b848c99c10c57ebbf8abd7 32be81e178f0417188f48d2d2fdc8715 - - default default] Deprecated policy rules found. Use oslopolicy-policy-generator and oslopolicy-policy-upgrade to detect and resolve deprecated policies in your configuration. 10.0.0.11 - - [18/Apr/2026:02:08:09 +0000] "GET /v3/domains/default HTTP/1.1" 200 224 10.0.0.11 - - [18/Apr/2026:02:08:09 +0000] "PUT /v3/domains/default/users/89db572e78b848c99c10c57ebbf8abd7/roles/bbecdfe7083041dfac676aa9e36bb08c HTTP/1.1" 204 - 10.0.0.212 - - [18/Apr/2026:02:08:20 +0000] "GET / HTTP/1.1" 300 280 10.0.0.212 - - [18/Apr/2026:02:08:21 +0000] "GET /v3 HTTP/1.1" 200 265
[Sat Apr 18 02:08:21.849331 2026] [wsgi:error] [pid 11:tid 140435990615744] [remote 10.0.0.212:44584] 2026-04-18 02:08:21.849 11 WARNING keystone.common.password_hashing [None req-44d28b18-f54e-4aad-ace1-981712287462 - - - - - -] Truncating password to algorithm specific maximum length 72 characters.
[Sat Apr 18 02:08:22.134404 2026] [wsgi:error] [pid 11:tid 140435990615744] [remote 10.0.0.212:44584] 2026-04-18 02:08:22.134 11 WARNING keystone.common.fernet_utils [None req-44d28b18-f54e-4aad-ace1-981712287462 - - - - - -] key_repository is world readable: /etc/keystone/fernet-keys/ 10.0.0.212 - - [18/Apr/2026:02:08:21 +0000] "POST /v3/auth/tokens HTTP/1.1" 201 1359 10.0.0.212 - - [18/Apr/2026:02:08:22 +0000] "GET / HTTP/1.1" 300 280 10.0.0.212 - - [18/Apr/2026:02:08:22 +0000] "GET /v3/domains/atmosphere HTTP/1.1" 404 90 10.0.0.212 - - [18/Apr/2026:02:08:22 +0000] "GET /v3/domains?name=atmosphere HTTP/1.1" 200 368 10.0.0.212 - - [18/Apr/2026:02:08:22 +0000] "GET /v3/domains/99368ace44014023a19938a8005566bc HTTP/1.1" 200 246 10.0.0.212 - - [18/Apr/2026:02:08:23 +0000] "GET /v3 HTTP/1.1" 200 265
[Sat Apr 18 02:08:23.298340 2026] [wsgi:error] [pid 9:tid 140435990615744] [remote 10.0.0.212:44592] 2026-04-18 02:08:23.297 9 WARNING keystone.common.password_hashing [None req-ec12efb5-903e-4b8a-827d-d850e6dc0692 - - - - - -] Truncating password to algorithm specific maximum length 72 characters.
[Sat Apr 18 02:08:23.572603 2026] [wsgi:error] [pid 9:tid 140435990615744] [remote 10.0.0.212:44592] 2026-04-18 02:08:23.572 9 WARNING keystone.common.fernet_utils [None req-ec12efb5-903e-4b8a-827d-d850e6dc0692 - - - - - -] key_repository is world readable: /etc/keystone/fernet-keys/ 10.0.0.212 - - [18/Apr/2026:02:08:23 +0000] "POST /v3/auth/tokens HTTP/1.1" 201 1359 10.0.0.212 - - [18/Apr/2026:02:08:23 +0000] "GET / HTTP/1.1" 300 280 10.0.0.212 - - [18/Apr/2026:02:08:23 +0000] "GET /v3/OS-FEDERATION/identity_providers/atmosphere HTTP/1.1" 404 101 10.0.0.212 - - [18/Apr/2026:02:08:23 +0000] "GET /v3/OS-FEDERATION/identity_providers HTTP/1.1" 200 155 10.0.0.212 - - [18/Apr/2026:02:08:23 +0000] "PUT /v3/OS-FEDERATION/identity_providers/atmosphere HTTP/1.1" 201 340 10.0.0.212 - - [18/Apr/2026:02:08:24 +0000] "GET /v3 HTTP/1.1" 200 265
[Sat Apr 18 02:08:24.495109 2026] [wsgi:error] [pid 11:tid 140435990615744] [remote 10.0.0.212:44592] 2026-04-18 02:08:24.494 11 WARNING keystone.common.password_hashing [None req-545f01f2-96d5-47cc-95f5-e51381302b76 - - - - - -] Truncating password to algorithm specific maximum length 72 characters.
[Sat Apr 18 02:08:24.769558 2026] [wsgi:error] [pid 11:tid 140435990615744] [remote 10.0.0.212:44592] 2026-04-18 02:08:24.769 11 WARNING keystone.common.fernet_utils [None req-545f01f2-96d5-47cc-95f5-e51381302b76 - - - - - -] key_repository is world readable: /etc/keystone/fernet-keys/ 10.0.0.212 - - [18/Apr/2026:02:08:24 +0000] "POST /v3/auth/tokens HTTP/1.1" 201 1359 10.0.0.212 - - [18/Apr/2026:02:08:24 +0000] "GET / HTTP/1.1" 300 280 10.0.0.212 - - [18/Apr/2026:02:08:24 +0000] "GET /v3/OS-FEDERATION/mappings/atmosphere-openid HTTP/1.1" 404 98 10.0.0.212 - - [18/Apr/2026:02:08:24 +0000] "GET /v3/OS-FEDERATION/mappings HTTP/1.1" 200 135 10.0.0.212 - - [18/Apr/2026:02:08:24 +0000] "PUT /v3/OS-FEDERATION/mappings/atmosphere-openid HTTP/1.1" 201 356 10.0.0.212 - - [18/Apr/2026:02:08:25 +0000] "GET /v3 HTTP/1.1" 200 265
[Sat Apr 18 02:08:25.711105 2026] [wsgi:error] [pid 9:tid 140435990615744] [remote 10.0.0.212:44584] 2026-04-18 02:08:25.710 9 WARNING keystone.common.password_hashing [None req-43d21990-c6f0-46e4-9c53-6829c2f350fe - - - - - -] Truncating password to algorithm specific maximum length 72 characters.
[Sat Apr 18 02:08:25.982632 2026] [wsgi:error] [pid 9:tid 140435990615744] [remote 10.0.0.212:44584] 2026-04-18 02:08:25.982 9 WARNING keystone.common.fernet_utils [None req-43d21990-c6f0-46e4-9c53-6829c2f350fe - - - - - -] key_repository is world readable: /etc/keystone/fernet-keys/ 10.0.0.212 - - [18/Apr/2026:02:08:25 +0000] "POST /v3/auth/tokens HTTP/1.1" 201 1359 10.0.0.212 - - [18/Apr/2026:02:08:25 +0000] "GET / HTTP/1.1" 300 280 10.0.0.212 - - [18/Apr/2026:02:08:26 +0000] "GET /v3/OS-FEDERATION/identity_providers/atmosphere/protocols/openid?idp_id=atmosphere HTTP/1.1" 404 131 10.0.0.212 - - [18/Apr/2026:02:08:26 +0000] "GET /v3/OS-FEDERATION/identity_providers/atmosphere/protocols HTTP/1.1" 200 167 10.0.0.212 - - [18/Apr/2026:02:08:26 +0000] "PUT /v3/OS-FEDERATION/identity_providers/atmosphere/protocols/openid HTTP/1.1" 201 222 10.0.0.212 - - [18/Apr/2026:02:08:31 +0000] "GET /v3/ HTTP/1.1" 200 249 10.0.0.212 - - [18/Apr/2026:02:08:31 +0000] "GET /v3/ HTTP/1.1" 200 249 10.0.0.212 - - [18/Apr/2026:02:09:31 +0000] "GET /v3/ HTTP/1.1" 200 249 10.0.0.212 - - [18/Apr/2026:02:09:31 +0000] "GET /v3/ HTTP/1.1" 200 249 10.0.0.33 - - [18/Apr/2026:02:09:48 +0000] "GET / HTTP/1.1" 300 295
[Sat Apr 18 02:09:48.726257 2026] [wsgi:error] [pid 9:tid 140435990615744] [remote 10.0.0.33:41156] 2026-04-18 02:09:48.726 9 WARNING keystone.common.password_hashing [None req-98713f80-86bb-4365-b892-db8c72ff15ce - - - - - -] Truncating password to algorithm specific maximum length 72 characters.
[Sat Apr 18 02:09:49.002783 2026] [wsgi:error] [pid 9:tid 140435990615744] [remote 10.0.0.33:41156] 2026-04-18 02:09:49.002 9 WARNING keystone.common.fernet_utils [None req-98713f80-86bb-4365-b892-db8c72ff15ce - - - - - -] key_repository is world readable: /etc/keystone/fernet-keys/ 10.0.0.33 - - [18/Apr/2026:02:09:48 +0000] "POST /v3/auth/tokens HTTP/1.1" 201 1359 10.0.0.33 - - [18/Apr/2026:02:09:49 +0000] "GET /v3/services HTTP/1.1" 200 355 10.0.0.33 - - [18/Apr/2026:02:09:52 +0000] "GET / HTTP/1.1" 300 295
[Sat Apr 18 02:09:52.646334 2026] [wsgi:error] [pid 12:tid 140435990615744] [remote 10.0.0.33:41172] 2026-04-18 02:09:52.645 12 WARNING keystone.common.password_hashing [None req-96c5b97a-6457-4767-b17f-1e9ff49cdd31 - - - - - -] Truncating password to algorithm specific maximum length 72 characters.
[Sat Apr 18 02:09:52.918971 2026] [wsgi:error] [pid 12:tid 140435990615744] [remote 10.0.0.33:41172] 2026-04-18 02:09:52.918 12 WARNING keystone.common.fernet_utils [None req-96c5b97a-6457-4767-b17f-1e9ff49cdd31 - - - - - -] key_repository is world readable: /etc/keystone/fernet-keys/ 10.0.0.33 - - [18/Apr/2026:02:09:52 +0000] "POST /v3/auth/tokens HTTP/1.1" 201 1359 10.0.0.33 - - [18/Apr/2026:02:09:53 +0000] "GET /v3/services HTTP/1.1" 200 355 10.0.0.33 - - [18/Apr/2026:02:09:56 +0000] "GET / HTTP/1.1" 300 295
[Sat Apr 18 02:09:56.549528 2026] [wsgi:error] [pid 10:tid 140435990615744] [remote 10.0.0.33:51288] 2026-04-18 02:09:56.549 10 WARNING keystone.common.password_hashing [None req-13ad3feb-00ab-426d-a500-f1f13242498c - - - - - -] Truncating password to algorithm specific maximum length 72 characters.
[Sat Apr 18 02:09:56.830057 2026] [wsgi:error] [pid 10:tid 140435990615744] [remote 10.0.0.33:51288] 2026-04-18 02:09:56.829 10 WARNING keystone.common.fernet_utils [None req-13ad3feb-00ab-426d-a500-f1f13242498c - - - - - -] key_repository is world readable: /etc/keystone/fernet-keys/ 10.0.0.33 - - [18/Apr/2026:02:09:56 +0000] "POST /v3/auth/tokens HTTP/1.1" 201 1359 10.0.0.33 - - [18/Apr/2026:02:09:56 +0000] "GET /v3/services HTTP/1.1" 200 355 10.0.0.33 - - [18/Apr/2026:02:10:00 +0000] "GET / HTTP/1.1" 300 295
[Sat Apr 18 02:10:00.526569 2026] [wsgi:error] [pid 11:tid 140435990615744] [remote 10.0.0.33:51300] 2026-04-18 02:10:00.526 11 WARNING keystone.common.password_hashing [None req-a18d2004-0b37-476c-9ba5-2676b3aaf939 - - - - - -] Truncating password to algorithm specific maximum length 72 characters.
[Sat Apr 18 02:10:00.807892 2026] [wsgi:error] [pid 11:tid 140435990615744] [remote 10.0.0.33:51300] 2026-04-18 02:10:00.807 11 WARNING keystone.common.fernet_utils [None req-a18d2004-0b37-476c-9ba5-2676b3aaf939 - - - - - -] key_repository is world readable: /etc/keystone/fernet-keys/ 10.0.0.33 - - [18/Apr/2026:02:10:00 +0000] "POST /v3/auth/tokens HTTP/1.1" 201 1359 10.0.0.33 - - [18/Apr/2026:02:10:00 +0000] "POST /v3/services HTTP/1.1" 201 296 10.0.0.174 - - [18/Apr/2026:02:10:11 +0000] "GET / HTTP/1.1" 300 295
[Sat Apr 18 02:10:11.847527 2026] [wsgi:error] [pid 9:tid 140435990615744] [remote 10.0.0.174:55144] 2026-04-18 02:10:11.847 9 WARNING keystone.common.password_hashing [None req-86315626-74d6-4893-a6cd-c27b7b4db106 - - - - - -] Truncating password to algorithm specific maximum length 72 characters. 10.0.0.174 - - [18/Apr/2026:02:10:12 +0000] "GET / HTTP/1.1" 300 295
[Sat Apr 18 02:10:12.036703 2026] [wsgi:error] [pid 10:tid 140435990615744] [remote 10.0.0.174:55152] 2026-04-18 02:10:12.036 10 WARNING keystone.common.password_hashing [None req-85b0cb0c-00dc-4778-9f23-966ec1c6d247 - - - - - -] Truncating password to algorithm specific maximum length 72 characters.
[Sat Apr 18 02:10:12.124217 2026] [wsgi:error] [pid 9:tid 140435990615744] [remote 10.0.0.174:55144] 2026-04-18 02:10:12.124 9 WARNING keystone.common.fernet_utils [None req-86315626-74d6-4893-a6cd-c27b7b4db106 - - - - - -] key_repository is world readable: /etc/keystone/fernet-keys/ 10.0.0.174 - - [18/Apr/2026:02:10:11 +0000] "POST /v3/auth/tokens HTTP/1.1" 201 1463 10.0.0.174 - - [18/Apr/2026:02:10:12 +0000] "GET / HTTP/1.1" 300 295
[Sat Apr 18 02:10:12.165688 2026] [wsgi:error] [pid 11:tid 140435990615744] [remote 10.0.0.174:55162] 2026-04-18 02:10:12.165 11 WARNING keystone.common.password_hashing [None req-51a7b9a2-83b5-4283-b7ac-762d87e4c83d - - - - - -] Truncating password to algorithm specific maximum length 72 characters. 10.0.0.174 - - [18/Apr/2026:02:10:12 +0000] "GET /v3/services HTTP/1.1" 200 639
[Sat Apr 18 02:10:12.316631 2026] [wsgi:error] [pid 10:tid 140435990615744] [remote 10.0.0.174:55152] 2026-04-18 02:10:12.316 10 WARNING keystone.common.fernet_utils [None req-85b0cb0c-00dc-4778-9f23-966ec1c6d247 - - - - - -] key_repository is world readable: /etc/keystone/fernet-keys/ 10.0.0.174 - - [18/Apr/2026:02:10:12 +0000] "POST /v3/auth/tokens HTTP/1.1" 201 1463
[Sat Apr 18 02:10:12.440021 2026] [wsgi:error] [pid 11:tid 140435990615744] [remote 10.0.0.174:55162] 2026-04-18 02:10:12.439 11 WARNING keystone.common.fernet_utils [None req-51a7b9a2-83b5-4283-b7ac-762d87e4c83d - - - - - -] key_repository is world readable: /etc/keystone/fernet-keys/ 10.0.0.174 - - [18/Apr/2026:02:10:12 +0000] "POST /v3/auth/tokens HTTP/1.1" 201 1463 10.0.0.174 - - [18/Apr/2026:02:10:12 +0000] "GET /v3/services HTTP/1.1" 200 639 10.0.0.174 - - [18/Apr/2026:02:10:12 +0000] "GET /v3/services HTTP/1.1" 200 639 10.0.0.174 - - [18/Apr/2026:02:10:13 +0000] "GET / HTTP/1.1" 300 295
[Sat Apr 18 02:10:13.822139 2026] [wsgi:error] [pid 11:tid 140435990615744] [remote 10.0.0.174:58588] 2026-04-18 02:10:13.821 11 WARNING keystone.common.password_hashing [None req-ed46f6d7-61d7-4076-bf47-43c65e0a60ea - - - - - -] Truncating password to algorithm specific maximum length 72 characters. 10.0.0.174 - - [18/Apr/2026:02:10:13 +0000] "GET / HTTP/1.1" 300 295
[Sat Apr 18 02:10:13.841860 2026] [wsgi:error] [pid 9:tid 140435990615744] [remote 10.0.0.174:58600] 2026-04-18 02:10:13.841 9 WARNING keystone.common.password_hashing [None req-7dc1e9b8-1eca-4e5c-ab9c-5147b1629871 - - - - - -] Truncating password to algorithm specific maximum length 72 characters. 10.0.0.174 - - [18/Apr/2026:02:10:14 +0000] "GET / HTTP/1.1" 300 295
[Sat Apr 18 02:10:14.030431 2026] [wsgi:error] [pid 12:tid 140435990615744] [remote 10.0.0.174:58606] 2026-04-18 02:10:14.030 12 WARNING keystone.common.password_hashing [None req-e4f3e32f-052b-4fbc-88bc-42cbcad2450c - - - - - -] Truncating password to algorithm specific maximum length 72 characters.
[Sat Apr 18 02:10:14.100192 2026] [wsgi:error] [pid 11:tid 140435990615744] [remote 10.0.0.174:58588] 2026-04-18 02:10:14.100 11 WARNING keystone.common.fernet_utils [None req-ed46f6d7-61d7-4076-bf47-43c65e0a60ea - - - - - -] key_repository is world readable: /etc/keystone/fernet-keys/ 10.0.0.174 - - [18/Apr/2026:02:10:13 +0000] "POST /v3/auth/tokens HTTP/1.1" 201 1463
[Sat Apr 18 02:10:14.114406 2026] [wsgi:error] [pid 9:tid 140435990615744] [remote 10.0.0.174:58600] 2026-04-18 02:10:14.114 9 WARNING keystone.common.fernet_utils [None req-7dc1e9b8-1eca-4e5c-ab9c-5147b1629871 - - - - - -] key_repository is world readable: /etc/keystone/fernet-keys/ 10.0.0.174 - - [18/Apr/2026:02:10:13 +0000] "POST /v3/auth/tokens HTTP/1.1" 201 1463 10.0.0.174 - - [18/Apr/2026:02:10:14 +0000] "GET /v3/endpoints HTTP/1.1" 200 1226 10.0.0.174 - - [18/Apr/2026:02:10:14 +0000] "GET /v3/endpoints HTTP/1.1" 200 1226 10.0.0.174 - - [18/Apr/2026:02:10:14 +0000] "GET /v3/services/87f882f2534e443d809d8373209b7829 HTTP/1.1" 200 233 10.0.0.174 - - [18/Apr/2026:02:10:14 +0000] "GET /v3/services/87f882f2534e443d809d8373209b7829 HTTP/1.1" 200 233 10.0.0.174 - - [18/Apr/2026:02:10:14 +0000] "GET /v3/services/87f882f2534e443d809d8373209b7829 HTTP/1.1" 200 233 10.0.0.174 - - [18/Apr/2026:02:10:14 +0000] "GET /v3/services/87f882f2534e443d809d8373209b7829 HTTP/1.1" 200 233 10.0.0.174 - - [18/Apr/2026:02:10:14 +0000] "GET /v3/services/87f882f2534e443d809d8373209b7829 HTTP/1.1" 200 233 10.0.0.174 - - [18/Apr/2026:02:10:14 +0000] "GET /v3/services/87f882f2534e443d809d8373209b7829 HTTP/1.1" 200 233
[Sat Apr 18 02:10:14.308653 2026] [wsgi:error] [pid 12:tid 140435990615744] [remote 10.0.0.174:58606] 2026-04-18 02:10:14.308 12 WARNING keystone.common.fernet_utils [None req-e4f3e32f-052b-4fbc-88bc-42cbcad2450c - - - - - -] key_repository is world readable: /etc/keystone/fernet-keys/ 10.0.0.174 - - [18/Apr/2026:02:10:14 +0000] "POST /v3/auth/tokens HTTP/1.1" 201 1463 10.0.0.174 - - [18/Apr/2026:02:10:14 +0000] "GET /v3/endpoints HTTP/1.1" 200 1226 10.0.0.174 - - [18/Apr/2026:02:10:14 +0000] "GET /v3/services/87f882f2534e443d809d8373209b7829 HTTP/1.1" 200 233 10.0.0.174 - - [18/Apr/2026:02:10:14 +0000] "GET /v3/services/87f882f2534e443d809d8373209b7829 HTTP/1.1" 200 233 10.0.0.174 - - [18/Apr/2026:02:10:14 +0000] "GET /v3/services/87f882f2534e443d809d8373209b7829 HTTP/1.1" 200 233 10.0.0.174 - - [18/Apr/2026:02:10:15 +0000] "GET / HTTP/1.1" 300 295
[Sat Apr 18 02:10:15.808582 2026] [wsgi:error] [pid 10:tid 140435990615744] [remote 10.0.0.174:58622] 2026-04-18 02:10:15.808 10 WARNING keystone.common.password_hashing [None req-cd270270-1449-45dc-901d-e8f64e557b42 - - - - - -] Truncating password to algorithm specific maximum length 72 characters. 10.0.0.174 - - [18/Apr/2026:02:10:15 +0000] "GET / HTTP/1.1" 300 295
[Sat Apr 18 02:10:15.830682 2026] [wsgi:error] [pid 12:tid 140435990615744] [remote 10.0.0.174:58624] 2026-04-18 02:10:15.830 12 WARNING keystone.common.password_hashing [None req-cf280894-3734-4307-ae7a-5f25231f3f1a - - - - - -] Truncating password to algorithm specific maximum length 72 characters. 10.0.0.174 - - [18/Apr/2026:02:10:15 +0000] "GET / HTTP/1.1" 300 295
[Sat Apr 18 02:10:15.964407 2026] [wsgi:error] [pid 11:tid 140435990615744] [remote 10.0.0.174:58636] 2026-04-18 02:10:15.964 11 WARNING keystone.common.password_hashing [None req-87de51f1-fac1-4f32-9984-97d931f5121b - - - - - -] Truncating password to algorithm specific maximum length 72 characters.
[Sat Apr 18 02:10:16.088276 2026] [wsgi:error] [pid 10:tid 140435990615744] [remote 10.0.0.174:58622] 2026-04-18 02:10:16.088 10 WARNING keystone.common.fernet_utils [None req-cd270270-1449-45dc-901d-e8f64e557b42 - - - - - -] key_repository is world readable: /etc/keystone/fernet-keys/ 10.0.0.174 - - [18/Apr/2026:02:10:15 +0000] "POST /v3/auth/tokens HTTP/1.1" 201 1463
[Sat Apr 18 02:10:16.101102 2026] [wsgi:error] [pid 12:tid 140435990615744] [remote 10.0.0.174:58624] 2026-04-18 02:10:16.100 12 WARNING keystone.common.fernet_utils [None req-cf280894-3734-4307-ae7a-5f25231f3f1a - - - - - -] key_repository is world readable: /etc/keystone/fernet-keys/ 10.0.0.174 - - [18/Apr/2026:02:10:15 +0000] "POST /v3/auth/tokens HTTP/1.1" 201 1463 10.0.0.174 - - [18/Apr/2026:02:10:16 +0000] "GET /v3/services/884ac00f1418412bac6e2966d71df28e HTTP/1.1" 200 296 10.0.0.174 - - [18/Apr/2026:02:10:16 +0000] "GET /v3/services/884ac00f1418412bac6e2966d71df28e HTTP/1.1" 200 296
[Sat Apr 18 02:10:16.234921 2026] [wsgi:error] [pid 11:tid 140435990615744] [remote 10.0.0.174:58636] 2026-04-18 02:10:16.234 11 WARNING keystone.common.fernet_utils [None req-87de51f1-fac1-4f32-9984-97d931f5121b - - - - - -] key_repository is world readable: /etc/keystone/fernet-keys/ 10.0.0.174 - - [18/Apr/2026:02:10:15 +0000] "POST /v3/auth/tokens HTTP/1.1" 201 1463 10.0.0.174 - - [18/Apr/2026:02:10:16 +0000] "GET /v3/regions/RegionOne HTTP/1.1" 200 173 10.0.0.174 - - [18/Apr/2026:02:10:16 +0000] "GET /v3/regions/RegionOne HTTP/1.1" 200 173 10.0.0.174 - - [18/Apr/2026:02:10:16 +0000] "GET /v3/services/884ac00f1418412bac6e2966d71df28e HTTP/1.1" 200 296 10.0.0.174 - - [18/Apr/2026:02:10:16 +0000] "GET /v3/regions/RegionOne HTTP/1.1" 200 173 10.0.0.174 - - [18/Apr/2026:02:10:16 +0000] "POST /v3/endpoints HTTP/1.1" 201 383 10.0.0.174 - - [18/Apr/2026:02:10:16 +0000] "POST /v3/endpoints HTTP/1.1" 201 380 10.0.0.174 - - [18/Apr/2026:02:10:16 +0000] "POST /v3/endpoints HTTP/1.1" 201 369 10.0.0.174 - - [18/Apr/2026:02:10:17 +0000] "GET / HTTP/1.1" 300 295
[Sat Apr 18 02:10:17.887768 2026] [wsgi:error] [pid 9:tid 140435990615744] [remote 10.0.0.174:58648] 2026-04-18 02:10:17.887 9 WARNING keystone.common.password_hashing [None req-789b92ce-ea0a-4a1d-9d05-efa063b3f5f8 - - - - - -] Truncating password to algorithm specific maximum length 72 characters. 10.0.0.174 - - [18/Apr/2026:02:10:17 +0000] "GET / HTTP/1.1" 300 295 10.0.0.174 - - [18/Apr/2026:02:10:17 +0000] "GET / HTTP/1.1" 300 295
[Sat Apr 18 02:10:17.942343 2026] [wsgi:error] [pid 10:tid 140435990615744] [remote 10.0.0.174:58662] 2026-04-18 02:10:17.942 10 WARNING keystone.common.password_hashing [None req-6ccdfa81-7cb6-4f08-b66f-1d640dd68efe - - - - - -] Truncating password to algorithm specific maximum length 72 characters.
[Sat Apr 18 02:10:17.962045 2026] [wsgi:error] [pid 11:tid 140435990615744] [remote 10.0.0.174:58676] 2026-04-18 02:10:17.961 11 WARNING keystone.common.password_hashing [None req-f2604581-1ff4-4617-9579-4f99e12eaa0f - - - - - -] Truncating password to algorithm specific maximum length 72 characters.
[Sat Apr 18 02:10:18.167772 2026] [wsgi:error] [pid 9:tid 140435990615744] [remote 10.0.0.174:58648] 2026-04-18 02:10:18.167 9 WARNING keystone.common.fernet_utils [None req-789b92ce-ea0a-4a1d-9d05-efa063b3f5f8 - - - - - -] key_repository is world readable: /etc/keystone/fernet-keys/ 10.0.0.174 - - [18/Apr/2026:02:10:17 +0000] "POST /v3/auth/tokens HTTP/1.1" 201 1990
[Sat Apr 18 02:10:18.236815 2026] [wsgi:error] [pid 10:tid 140435990615744] [remote 10.0.0.174:58662] 2026-04-18 02:10:18.236 10 WARNING keystone.common.fernet_utils [None req-6ccdfa81-7cb6-4f08-b66f-1d640dd68efe - - - - - -] key_repository is world readable: /etc/keystone/fernet-keys/
[Sat Apr 18 02:10:18.241318 2026] [wsgi:error] [pid 11:tid 140435990615744] [remote 10.0.0.174:58676] 2026-04-18 02:10:18.241 11 WARNING keystone.common.fernet_utils [None req-f2604581-1ff4-4617-9579-4f99e12eaa0f - - - - - -] key_repository is world readable: /etc/keystone/fernet-keys/ 10.0.0.174 - - [18/Apr/2026:02:10:17 +0000] "POST /v3/auth/tokens HTTP/1.1" 201 1990 10.0.0.174 - - [18/Apr/2026:02:10:17 +0000] "POST /v3/auth/tokens HTTP/1.1" 201 1990 10.0.0.174 - - [18/Apr/2026:02:10:18 +0000] "GET /v3/endpoints/15e886e9e6294b46825e33ef02176c25 HTTP/1.1" 200 369 10.0.0.174 - - [18/Apr/2026:02:10:18 +0000] "GET /v3/services/884ac00f1418412bac6e2966d71df28e HTTP/1.1" 200 296 10.0.0.174 - - [18/Apr/2026:02:10:18 +0000] "GET /v3/endpoints/35a2e6128aca422785cd9aac5094f0c7 HTTP/1.1" 200 380 10.0.0.174 - - [18/Apr/2026:02:10:18 +0000] "GET /v3/endpoints/3e4683f49f9b442ab0c2809eded7a084 HTTP/1.1" 200 383 10.0.0.174 - - [18/Apr/2026:02:10:18 +0000] "GET /v3/services/884ac00f1418412bac6e2966d71df28e HTTP/1.1" 200 296 10.0.0.174 - - [18/Apr/2026:02:10:18 +0000] "GET /v3/services/884ac00f1418412bac6e2966d71df28e HTTP/1.1" 200 296 10.0.0.230 - - [18/Apr/2026:02:10:30 +0000] "GET / HTTP/1.1" 300 295
[Sat Apr 18 02:10:30.116166 2026] [wsgi:error] [pid 11:tid 140435990615744] [remote 10.0.0.230:39858] 2026-04-18 02:10:30.115 11 WARNING keystone.common.password_hashing [None req-8a1417bd-6c9d-4538-89a0-cd8a03042c35 - - - - - -] Truncating password to algorithm specific maximum length 72 characters.
[Sat Apr 18 02:10:30.387717 2026] [wsgi:error] [pid 11:tid 140435990615744] [remote 10.0.0.230:39858] 2026-04-18 02:10:30.387 11 WARNING keystone.common.fernet_utils [None req-8a1417bd-6c9d-4538-89a0-cd8a03042c35 - - - - - -] key_repository is world readable: /etc/keystone/fernet-keys/ 10.0.0.230 - - [18/Apr/2026:02:10:30 +0000] "POST /v3/auth/tokens HTTP/1.1" 201 1990 10.0.0.230 - - [18/Apr/2026:02:10:30 +0000] "POST /v3/domains HTTP/1.1" 201 284 10.0.0.212 - - [18/Apr/2026:02:10:31 +0000] "GET /v3/ HTTP/1.1" 200 249 10.0.0.212 - - [18/Apr/2026:02:10:31 +0000] "GET /v3/ HTTP/1.1" 200 249 10.0.0.230 - - [18/Apr/2026:02:10:31 +0000] "GET / HTTP/1.1" 300 295
[Sat Apr 18 02:10:32.001515 2026] [wsgi:error] [pid 12:tid 140435990615744] [remote 10.0.0.230:39864] 2026-04-18 02:10:32.001 12 WARNING keystone.common.password_hashing [None req-11b684fc-8074-47ae-ae42-4b4a9c47b8bb - - - - - -] Truncating password to algorithm specific maximum length 72 characters.
[Sat Apr 18 02:10:32.277103 2026] [wsgi:error] [pid 12:tid 140435990615744] [remote 10.0.0.230:39864] 2026-04-18 02:10:32.276 12 WARNING keystone.common.fernet_utils [None req-11b684fc-8074-47ae-ae42-4b4a9c47b8bb - - - - - -] key_repository is world readable: /etc/keystone/fernet-keys/ 10.0.0.230 - - [18/Apr/2026:02:10:31 +0000] "POST /v3/auth/tokens HTTP/1.1" 201 1990
[Sat Apr 18 02:10:32.487656 2026] [wsgi:error] [pid 9:tid 140435990615744] [remote 10.0.0.230:39864] 2026-04-18 02:10:32.468 9 ERROR keystone.server.flask.application [None req-3b08eb9f-3331-4dc6-b475-933fdd0a2a66 89db572e78b848c99c10c57ebbf8abd7 32be81e178f0417188f48d2d2fdc8715 - - default default] Conflict occurred attempting to store project - it is not permitted to have two projects acting as domains with the same name: service.: keystone.exception.Conflict: Conflict occurred attempting to store project - it is not permitted to have two projects acting as domains with the same name: service.
[Sat Apr 18 02:10:32.487690 2026] [wsgi:error] [pid 9:tid 140435990615744] [remote 10.0.0.230:39864] 2026-04-18 02:10:32.468 9 ERROR keystone.server.flask.application
Traceback (most recent call last):
[Sat Apr 18 02:10:32.487693 2026] [wsgi:error] [pid 9:tid 140435990615744] [remote 10.0.0.230:39864] 2026-04-18 02:10:32.468 9 ERROR keystone.server.flask.application
File "/var/lib/openstack/lib/python3.12/site-packages/sqlalchemy/engine/base.py", line 1967, in _exec_single_context
[Sat Apr 18 02:10:32.487695 2026] [wsgi:error] [pid 9:tid 140435990615744] [remote 10.0.0.230:39864] 2026-04-18 02:10:32.468 9 ERROR keystone.server.flask.application self.dialect.do_execute(
[Sat Apr 18 02:10:32.487697 2026] [wsgi:error] [pid 9:tid 140435990615744] [remote 10.0.0.230:39864] 2026-04-18 02:10:32.468 9 ERROR keystone.server.flask.application
File "/var/lib/openstack/lib/python3.12/site-packages/sqlalchemy/engine/default.py", line 952, in do_execute
[Sat Apr 18 02:10:32.487699 2026] [wsgi:error] [pid 9:tid 140435990615744] [remote 10.0.0.230:39864] 2026-04-18 02:10:32.468 9 ERROR keystone.server.flask.application cursor.execute(statement, parameters)
[Sat Apr 18 02:10:32.487701 2026] [wsgi:error] [pid 9:tid 140435990615744] [remote 10.0.0.230:39864] 2026-04-18 02:10:32.468 9 ERROR keystone.server.flask.application
File "/var/lib/openstack/lib/python3.12/site-packages/pymysql/cursors.py", line 153, in execute
[Sat Apr 18 02:10:32.487703 2026] [wsgi:error] [pid 9:tid 140435990615744] [remote 10.0.0.230:39864] 2026-04-18 02:10:32.468 9 ERROR keystone.server.flask.application result = self._query(query)
[Sat Apr 18 02:10:32.487704 2026] [wsgi:error] [pid 9:tid 140435990615744] [remote 10.0.0.230:39864] 2026-04-18 02:10:32.468 9 ERROR keystone.server.flask.application ^^^^^^^^^^^^^^^^^^
[Sat Apr 18 02:10:32.487705 2026] [wsgi:error] [pid 9:tid 140435990615744] [remote 10.0.0.230:39864] 2026-04-18 02:10:32.468 9 ERROR keystone.server.flask.application
File "/var/lib/openstack/lib/python3.12/site-packages/pymysql/cursors.py", line 322, in _query
[Sat Apr 18 02:10:32.487707 2026] [wsgi:error] [pid 9:tid 140435990615744] [remote 10.0.0.230:39864] 2026-04-18 02:10:32.468 9 ERROR keystone.server.flask.application conn.query(q)
[Sat Apr 18 02:10:32.487709 2026] [wsgi:error] [pid 9:tid 140435990615744] [remote 10.0.0.230:39864] 2026-04-18 02:10:32.468 9 ERROR keystone.server.flask.application
File "/var/lib/openstack/lib/python3.12/site-packages/pymysql/connections.py", line 575, in query
[Sat Apr 18 02:10:32.487711 2026] [wsgi:error] [pid 9:tid 140435990615744] [remote 10.0.0.230:39864] 2026-04-18 02:10:32.468 9 ERROR keystone.server.flask.application self._affected_rows = self._read_query_result(unbuffered=unbuffered)
[Sat Apr 18 02:10:32.487712 2026] [wsgi:error] [pid 9:tid 140435990615744] [remote 10.0.0.230:39864] 2026-04-18 02:10:32.468 9 ERROR keystone.server.flask.application ^^^^^^^^^^^^^^^^^^^^^^^^^^^^^^^^^^^^^^^^^^^^^^
[Sat Apr 18 02:10:32.487714 2026] [wsgi:error] [pid 9:tid 140435990615744] [remote 10.0.0.230:39864] 2026-04-18 02:10:32.468 9 ERROR keystone.server.flask.application
File "/var/lib/openstack/lib/python3.12/site-packages/pymysql/connections.py", line 826, in _read_query_result
[Sat Apr 18 02:10:32.487716 2026] [wsgi:error] [pid 9:tid 140435990615744] [remote 10.0.0.230:39864] 2026-04-18 02:10:32.468 9 ERROR keystone.server.flask.application result.read()
[Sat Apr 18 02:10:32.487719 2026] [wsgi:error] [pid 9:tid 140435990615744] [remote 10.0.0.230:39864] 2026-04-18 02:10:32.468 9 ERROR keystone.server.flask.application
File "/var/lib/openstack/lib/python3.12/site-packages/pymysql/connections.py", line 1203, in read
[Sat Apr 18 02:10:32.487721 2026] [wsgi:error] [pid 9:tid 140435990615744] [remote 10.0.0.230:39864] 2026-04-18 02:10:32.468 9 ERROR keystone.server.flask.application first_packet = self.connection._read_packet()
[Sat Apr 18 02:10:32.487722 2026] [wsgi:error] [pid 9:tid 140435990615744] [remote 10.0.0.230:39864] 2026-04-18 02:10:32.468 9 ERROR keystone.server.flask.application ^^^^^^^^^^^^^^^^^^^^^^^^^^^^^^
[Sat Apr 18 02:10:32.487724 2026] [wsgi:error] [pid 9:tid 140435990615744] [remote 10.0.0.230:39864] 2026-04-18 02:10:32.468 9 ERROR keystone.server.flask.application
File "/var/lib/openstack/lib/python3.12/site-packages/pymysql/connections.py", line 782, in _read_packet
[Sat Apr 18 02:10:32.487725 2026] [wsgi:error] [pid 9:tid 140435990615744] [remote 10.0.0.230:39864] 2026-04-18 02:10:32.468 9 ERROR keystone.server.flask.application packet.raise_for_error()
[Sat Apr 18 02:10:32.487726 2026] [wsgi:error] [pid 9:tid 140435990615744] [remote 10.0.0.230:39864] 2026-04-18 02:10:32.468 9 ERROR keystone.server.flask.application
File "/var/lib/openstack/lib/python3.12/site-packages/pymysql/protocol.py", line 219, in raise_for_error
[Sat Apr 18 02:10:32.487728 2026] [wsgi:error] [pid 9:tid 140435990615744] [remote 10.0.0.230:39864] 2026-04-18 02:10:32.468 9 ERROR keystone.server.flask.application err.raise_mysql_exception(self._data)
[Sat Apr 18 02:10:32.487729 2026] [wsgi:error] [pid 9:tid 140435990615744] [remote 10.0.0.230:39864] 2026-04-18 02:10:32.468 9 ERROR keystone.server.flask.application
File "/var/lib/openstack/lib/python3.12/site-packages/pymysql/err.py", line 150, in raise_mysql_exception
[Sat Apr 18 02:10:32.487731 2026] [wsgi:error] [pid 9:tid 140435990615744] [remote 10.0.0.230:39864] 2026-04-18 02:10:32.468 9 ERROR keystone.server.flask.application raise errorclass(errno, errval)
[Sat Apr 18 02:10:32.487733 2026] [wsgi:error] [pid 9:tid 140435990615744] [remote 10.0.0.230:39864] 2026-04-18 02:10:32.468 9 ERROR keystone.server.flask.application pymysql.err.IntegrityError: (1062, "Duplicate entry '<>-service' for key 'project.ixu_project_name_domain_id'")
[Sat Apr 18 02:10:32.487735 2026] [wsgi:error] [pid 9:tid 140435990615744] [remote 10.0.0.230:39864] 2026-04-18 02:10:32.468 9 ERROR keystone.server.flask.application
[Sat Apr 18 02:10:32.487737 2026] [wsgi:error] [pid 9:tid 140435990615744] [remote 10.0.0.230:39864] 2026-04-18 02:10:32.468 9 ERROR keystone.server.flask.application The above exception was the direct cause of the following exception:
[Sat Apr 18 02:10:32.487738 2026] [wsgi:error] [pid 9:tid 140435990615744] [remote 10.0.0.230:39864] 2026-04-18 02:10:32.468 9 ERROR keystone.server.flask.application
[Sat Apr 18 02:10:32.487740 2026] [wsgi:error] [pid 9:tid 140435990615744] [remote 10.0.0.230:39864] 2026-04-18 02:10:32.468 9 ERROR keystone.server.flask.application
Traceback (most recent call last):
[Sat Apr 18 02:10:32.487741 2026] [wsgi:error] [pid 9:tid 140435990615744] [remote 10.0.0.230:39864] 2026-04-18 02:10:32.468 9 ERROR keystone.server.flask.application
File "/var/lib/openstack/lib/python3.12/site-packages/keystone/common/sql/core.py", line 575, in wrapper
[Sat Apr 18 02:10:32.487742 2026] [wsgi:error] [pid 9:tid 140435990615744] [remote 10.0.0.230:39864] 2026-04-18 02:10:32.468 9 ERROR keystone.server.flask.application return method(*args, **kwargs)
[Sat Apr 18 02:10:32.487744 2026] [wsgi:error] [pid 9:tid 140435990615744] [remote 10.0.0.230:39864] 2026-04-18 02:10:32.468 9 ERROR keystone.server.flask.application ^^^^^^^^^^^^^^^^^^^^^^^
[Sat Apr 18 02:10:32.487745 2026] [wsgi:error] [pid 9:tid 140435990615744] [remote 10.0.0.230:39864] 2026-04-18 02:10:32.468 9 ERROR keystone.server.flask.application
File "/var/lib/openstack/lib/python3.12/site-packages/keystone/resource/backends/sql.py", line 278, in create_project
[Sat Apr 18 02:10:32.487748 2026] [wsgi:error] [pid 9:tid 140435990615744] [remote 10.0.0.230:39864] 2026-04-18 02:10:32.468 9 ERROR keystone.server.flask.application with sql.session_for_write() as session:
[Sat Apr 18 02:10:32.487749 2026] [wsgi:error] [pid 9:tid 140435990615744] [remote 10.0.0.230:39864] 2026-04-18 02:10:32.468 9 ERROR keystone.server.flask.application
File "/usr/lib/python3.12/contextlib.py", line 144, in __exit__
[Sat Apr 18 02:10:32.487750 2026] [wsgi:error] [pid 9:tid 140435990615744] [remote 10.0.0.230:39864] 2026-04-18 02:10:32.468 9 ERROR keystone.server.flask.application next(self.gen)
[Sat Apr 18 02:10:32.487752 2026] [wsgi:error] [pid 9:tid 140435990615744] [remote 10.0.0.230:39864] 2026-04-18 02:10:32.468 9 ERROR keystone.server.flask.application
File "/var/lib/openstack/lib/python3.12/site-packages/oslo_db/sqlalchemy/enginefacade.py", line 1175, in _transaction_scope
[Sat Apr 18 02:10:32.487753 2026] [wsgi:error] [pid 9:tid 140435990615744] [remote 10.0.0.230:39864] 2026-04-18 02:10:32.468 9 ERROR keystone.server.flask.application with current._produce_block(
[Sat Apr 18 02:10:32.487754 2026] [wsgi:error] [pid 9:tid 140435990615744] [remote 10.0.0.230:39864] 2026-04-18 02:10:32.468 9 ERROR keystone.server.flask.application
File "/usr/lib/python3.12/contextlib.py", line 144, in __exit__
[Sat Apr 18 02:10:32.487756 2026] [wsgi:error] [pid 9:tid 140435990615744] [remote 10.0.0.230:39864] 2026-04-18 02:10:32.468 9 ERROR keystone.server.flask.application next(self.gen)
[Sat Apr 18 02:10:32.487757 2026] [wsgi:error] [pid 9:tid 140435990615744] [remote 10.0.0.230:39864] 2026-04-18 02:10:32.468 9 ERROR keystone.server.flask.application
File "/var/lib/openstack/lib/python3.12/site-packages/oslo_db/sqlalchemy/enginefacade.py", line 837, in _session
[Sat Apr 18 02:10:32.487759 2026] [wsgi:error] [pid 9:tid 140435990615744] [remote 10.0.0.230:39864] 2026-04-18 02:10:32.468 9 ERROR keystone.server.flask.application with excutils.save_and_reraise_exception():
[Sat Apr 18 02:10:32.487760 2026] [wsgi:error] [pid 9:tid 140435990615744] [remote 10.0.0.230:39864] 2026-04-18 02:10:32.468 9 ERROR keystone.server.flask.application
File "/var/lib/openstack/lib/python3.12/site-packages/oslo_utils/excutils.py", line 271, in __exit__
[Sat Apr 18 02:10:32.487761 2026] [wsgi:error] [pid 9:tid 140435990615744] [remote 10.0.0.230:39864] 2026-04-18 02:10:32.468 9 ERROR keystone.server.flask.application self.force_reraise()
[Sat Apr 18 02:10:32.487763 2026] [wsgi:error] [pid 9:tid 140435990615744] [remote 10.0.0.230:39864] 2026-04-18 02:10:32.468 9 ERROR keystone.server.flask.application
File "/var/lib/openstack/lib/python3.12/site-packages/oslo_utils/excutils.py", line 233, in force_reraise
[Sat Apr 18 02:10:32.487764 2026] [wsgi:error] [pid 9:tid 140435990615744] [remote 10.0.0.230:39864] 2026-04-18 02:10:32.468 9 ERROR keystone.server.flask.application raise self.value
[Sat Apr 18 02:10:32.487765 2026] [wsgi:error] [pid 9:tid 140435990615744] [remote 10.0.0.230:39864] 2026-04-18 02:10:32.468 9 ERROR keystone.server.flask.application
File "/var/lib/openstack/lib/python3.12/site-packages/oslo_db/sqlalchemy/enginefacade.py", line 835, in _session
[Sat Apr 18 02:10:32.487767 2026] [wsgi:error] [pid 9:tid 140435990615744] [remote 10.0.0.230:39864] 2026-04-18 02:10:32.468 9 ERROR keystone.server.flask.application self._end_session_transaction(self.session)
[Sat Apr 18 02:10:32.487768 2026] [wsgi:error] [pid 9:tid 140435990615744] [remote 10.0.0.230:39864] 2026-04-18 02:10:32.468 9 ERROR keystone.server.flask.application
File "/var/lib/openstack/lib/python3.12/site-packages/oslo_db/sqlalchemy/enginefacade.py", line 748, in _end_session_transaction
[Sat Apr 18 02:10:32.487770 2026] [wsgi:error] [pid 9:tid 140435990615744] [remote 10.0.0.230:39864] 2026-04-18 02:10:32.468 9 ERROR keystone.server.flask.application session.commit()
[Sat Apr 18 02:10:32.487772 2026] [wsgi:error] [pid 9:tid 140435990615744] [remote 10.0.0.230:39864] 2026-04-18 02:10:32.468 9 ERROR keystone.server.flask.application
File "/var/lib/openstack/lib/python3.12/site-packages/sqlalchemy/orm/session.py", line 2030, in commit
[Sat Apr 18 02:10:32.487774 2026] [wsgi:error] [pid 9:tid 140435990615744] [remote 10.0.0.230:39864] 2026-04-18 02:10:32.468 9 ERROR keystone.server.flask.application trans.commit(_to_root=True)
[Sat Apr 18 02:10:32.487775 2026] [wsgi:error] [pid 9:tid 140435990615744] [remote 10.0.0.230:39864] 2026-04-18 02:10:32.468 9 ERROR keystone.server.flask.application File "", line 2, in commit
[Sat Apr 18 02:10:32.487776 2026] [wsgi:error] [pid 9:tid 140435990615744] [remote 10.0.0.230:39864] 2026-04-18 02:10:32.468 9 ERROR keystone.server.flask.application
File "/var/lib/openstack/lib/python3.12/site-packages/sqlalchemy/orm/state_changes.py", line 137, in _go
[Sat Apr 18 02:10:32.487778 2026] [wsgi:error] [pid 9:tid 140435990615744] [remote 10.0.0.230:39864] 2026-04-18 02:10:32.468 9 ERROR keystone.server.flask.application ret_value = fn(self, *arg, **kw)
[Sat Apr 18 02:10:32.487779 2026] [wsgi:error] [pid 9:tid 140435990615744] [remote 10.0.0.230:39864] 2026-04-18 02:10:32.468 9 ERROR keystone.server.flask.application ^^^^^^^^^^^^^^^^^^^^
[Sat Apr 18 02:10:32.487780 2026] [wsgi:error] [pid 9:tid 140435990615744] [remote 10.0.0.230:39864] 2026-04-18 02:10:32.468 9 ERROR keystone.server.flask.application
File "/var/lib/openstack/lib/python3.12/site-packages/sqlalchemy/orm/session.py", line 1311, in commit
[Sat Apr 18 02:10:32.487782 2026] [wsgi:error] [pid 9:tid 140435990615744] [remote 10.0.0.230:39864] 2026-04-18 02:10:32.468 9 ERROR keystone.server.flask.application self._prepare_impl()
[Sat Apr 18 02:10:32.487806 2026] [wsgi:error] [pid 9:tid 140435990615744] [remote 10.0.0.230:39864] 2026-04-18 02:10:32.468 9 ERROR keystone.server.flask.application File "", line 2, in _prepare_impl
[Sat Apr 18 02:10:32.487808 2026] [wsgi:error] [pid 9:tid 140435990615744] [remote 10.0.0.230:39864] 2026-04-18 02:10:32.468 9 ERROR keystone.server.flask.application
File "/var/lib/openstack/lib/python3.12/site-packages/sqlalchemy/orm/state_changes.py", line 137, in _go
[Sat Apr 18 02:10:32.487809 2026] [wsgi:error] [pid 9:tid 140435990615744] [remote 10.0.0.230:39864] 2026-04-18 02:10:32.468 9 ERROR keystone.server.flask.application ret_value = fn(self, *arg, **kw)
[Sat Apr 18 02:10:32.487811 2026] [wsgi:error] [pid 9:tid 140435990615744] [remote 10.0.0.230:39864] 2026-04-18 02:10:32.468 9 ERROR keystone.server.flask.application ^^^^^^^^^^^^^^^^^^^^
[Sat Apr 18 02:10:32.487813 2026] [wsgi:error] [pid 9:tid 140435990615744] [remote 10.0.0.230:39864] 2026-04-18 02:10:32.468 9 ERROR keystone.server.flask.application
File "/var/lib/openstack/lib/python3.12/site-packages/sqlalchemy/orm/session.py", line 1286, in _prepare_impl
[Sat Apr 18 02:10:32.487814 2026] [wsgi:error] [pid 9:tid 140435990615744] [remote 10.0.0.230:39864] 2026-04-18 02:10:32.468 9 ERROR keystone.server.flask.application self.session.flush()
[Sat Apr 18 02:10:32.487817 2026] [wsgi:error] [pid 9:tid 140435990615744] [remote 10.0.0.230:39864] 2026-04-18 02:10:32.468 9 ERROR keystone.server.flask.application
File "/var/lib/openstack/lib/python3.12/site-packages/sqlalchemy/orm/session.py", line 4331, in flush
[Sat Apr 18 02:10:32.487819 2026] [wsgi:error] [pid 9:tid 140435990615744] [remote 10.0.0.230:39864] 2026-04-18 02:10:32.468 9 ERROR keystone.server.flask.application self._flush(objects)
[Sat Apr 18 02:10:32.487822 2026] [wsgi:error] [pid 9:tid 140435990615744] [remote 10.0.0.230:39864] 2026-04-18 02:10:32.468 9 ERROR keystone.server.flask.application
File "/var/lib/openstack/lib/python3.12/site-packages/sqlalchemy/orm/session.py", line 4466, in _flush
[Sat Apr 18 02:10:32.487827 2026] [wsgi:error] [pid 9:tid 140435990615744] [remote 10.0.0.230:39864] 2026-04-18 02:10:32.468 9 ERROR keystone.server.flask.application with util.safe_reraise():
[Sat Apr 18 02:10:32.487830 2026] [wsgi:error] [pid 9:tid 140435990615744] [remote 10.0.0.230:39864] 2026-04-18 02:10:32.468 9 ERROR keystone.server.flask.application
File "/var/lib/openstack/lib/python3.12/site-packages/sqlalchemy/util/langhelpers.py", line 121, in __exit__
[Sat Apr 18 02:10:32.487833 2026] [wsgi:error] [pid 9:tid 140435990615744] [remote 10.0.0.230:39864] 2026-04-18 02:10:32.468 9 ERROR keystone.server.flask.application raise exc_value.with_traceback(exc_tb)
[Sat Apr 18 02:10:32.487836 2026] [wsgi:error] [pid 9:tid 140435990615744] [remote 10.0.0.230:39864] 2026-04-18 02:10:32.468 9 ERROR keystone.server.flask.application
File "/var/lib/openstack/lib/python3.12/site-packages/sqlalchemy/orm/session.py", line 4427, in _flush
[Sat Apr 18 02:10:32.487838 2026] [wsgi:error] [pid 9:tid 140435990615744] [remote 10.0.0.230:39864] 2026-04-18 02:10:32.468 9 ERROR keystone.server.flask.application flush_context.execute()
[Sat Apr 18 02:10:32.487841 2026] [wsgi:error] [pid 9:tid 140435990615744] [remote 10.0.0.230:39864] 2026-04-18 02:10:32.468 9 ERROR keystone.server.flask.application
File "/var/lib/openstack/lib/python3.12/site-packages/sqlalchemy/orm/unitofwork.py", line 466, in execute
