2026-05-27 02:03:31.238 8 INFO placement.requestlog [None req-ba6373f1-03a2-423c-9906-4db3e4984f23 f490ebeea1c74ea3ab0b5a6a0bd25495 78c66a5760d44c108ec99bc052d8976e - - 3ca4f8ddccdc43e4a77594905467733c 3ca4f8ddccdc43e4a77594905467733c] 10.0.0.213 "DELETE /resource_providers/01d379c2-0a86-4dcd-a903-aa096ef63f69" status: 404 len: 246 microversion: 1.1 [pid: 8|app: 0|req: 622/1243] 10.0.0.213 () {34 vars in 815 bytes} [Wed May 27 02:03:31 2026] DELETE /resource_providers/01d379c2-0a86-4dcd-a903-aa096ef63f69 => generated 246 bytes in 10 msecs (HTTP/1.1 404) 6 headers in 231 bytes (1 switches on core 0)
2026-05-27 02:03:31.240 7 INFO placement.requestlog [None req-be447d8e-4729-4ae5-bac8-3037919b6836 f490ebeea1c74ea3ab0b5a6a0bd25495 78c66a5760d44c108ec99bc052d8976e - - 3ca4f8ddccdc43e4a77594905467733c 3ca4f8ddccdc43e4a77594905467733c] 10.0.0.213 "DELETE /resource_providers/01d379c2-0a86-4dcd-a903-aa096ef63f69" status: 404 len: 246 microversion: 1.1 [pid: 7|app: 0|req: 622/1244] 10.0.0.213 () {34 vars in 815 bytes} [Wed May 27 02:03:31 2026] DELETE /resource_providers/01d379c2-0a86-4dcd-a903-aa096ef63f69 => generated 246 bytes in 6 msecs (HTTP/1.1 404) 6 headers in 231 bytes (1 switches on core 0)
2026-05-27 02:03:31.414 7 INFO placement.requestlog [None req-dc5b3bfb-3aa3-4237-a6d4-e0c93e41186e - - - - - -] 10.0.0.4 "GET /" status: 200 len: 136 microversion: 1.0
2026-05-27 02:03:31.414 8 INFO placement.requestlog [None req-fc9f4296-51af-415d-bb82-a1bba7cad4d2 - - - - - -] 10.0.0.4 "GET /" status: 200 len: 136 microversion: 1.0
2026-05-27 02:03:31.532 8 INFO placement.requestlog [None req-83e21466-6605-480b-a6d0-c140d91895c3 f490ebeea1c74ea3ab0b5a6a0bd25495 78c66a5760d44c108ec99bc052d8976e - - 3ca4f8ddccdc43e4a77594905467733c 3ca4f8ddccdc43e4a77594905467733c] 10.0.0.213 "GET /resource_providers/08d5e6f6-24ea-49a1-96a8-ed8c0771867a/aggregates" status: 404 len: 235 microversion: 1.1
2026-05-27 02:03:31.532 7 INFO placement.requestlog [None req-773d699c-e7f0-4113-bbf0-7ac1ba7a7e4a f490ebeea1c74ea3ab0b5a6a0bd25495 78c66a5760d44c108ec99bc052d8976e - - 3ca4f8ddccdc43e4a77594905467733c 3ca4f8ddccdc43e4a77594905467733c] 10.0.0.213 "GET /resource_providers/08d5e6f6-24ea-49a1-96a8-ed8c0771867a/aggregates" status: 404 len: 235 microversion: 1.1 [pid: 8|app: 0|req: 624/1247] 10.0.0.213 () {32 vars in 815 bytes} [Wed May 27 02:03:31 2026] GET /resource_providers/08d5e6f6-24ea-49a1-96a8-ed8c0771867a/aggregates => generated 235 bytes in 12 msecs (HTTP/1.1 404) 5 headers in 202 bytes (1 switches on core 0) [pid: 7|app: 0|req: 624/1248] 10.0.0.213 () {32 vars in 815 bytes} [Wed May 27 02:03:31 2026] GET /resource_providers/08d5e6f6-24ea-49a1-96a8-ed8c0771867a/aggregates => generated 235 bytes in 12 msecs (HTTP/1.1 404) 5 headers in 202 bytes (1 switches on core 0)
2026-05-27 02:03:31.555 8 INFO placement.requestlog [None req-1ca8c837-5526-4fdd-8e58-fbbbed1a9318 f490ebeea1c74ea3ab0b5a6a0bd25495 78c66a5760d44c108ec99bc052d8976e - - 3ca4f8ddccdc43e4a77594905467733c 3ca4f8ddccdc43e4a77594905467733c] 10.0.0.213 "DELETE /resource_providers/08d5e6f6-24ea-49a1-96a8-ed8c0771867a" status: 404 len: 246 microversion: 1.1 [pid: 8|app: 0|req: 625/1249] 10.0.0.213 () {34 vars in 815 bytes} [Wed May 27 02:03:31 2026] DELETE /resource_providers/08d5e6f6-24ea-49a1-96a8-ed8c0771867a => generated 246 bytes in 10 msecs (HTTP/1.1 404) 6 headers in 231 bytes (1 switches on core 0)
2026-05-27 02:03:31.558 7 INFO placement.requestlog [None req-67b29150-bf5e-4833-a4a1-4c726de0c711 f490ebeea1c74ea3ab0b5a6a0bd25495 78c66a5760d44c108ec99bc052d8976e - - 3ca4f8ddccdc43e4a77594905467733c 3ca4f8ddccdc43e4a77594905467733c] 10.0.0.213 "DELETE /resource_providers/08d5e6f6-24ea-49a1-96a8-ed8c0771867a" status: 404 len: 246 microversion: 1.1 [pid: 7|app: 0|req: 625/1250] 10.0.0.213 () {34 vars in 815 bytes} [Wed May 27 02:03:31 2026] DELETE /resource_providers/08d5e6f6-24ea-49a1-96a8-ed8c0771867a => generated 246 bytes in 12 msecs (HTTP/1.1 404) 6 headers in 231 bytes (1 switches on core 0)
2026-05-27 02:03:41.414 8 INFO placement.requestlog [None req-e69a06be-a864-4a2b-9955-8edcbb258546 - - - - - -] 10.0.0.4 "GET /" status: 200 len: 136 microversion: 1.0
2026-05-27 02:03:41.415 7 INFO placement.requestlog [None req-576171f3-1f9d-4174-bf40-95975c0d54d9 - - - - - -] 10.0.0.4 "GET /" status: 200 len: 136 microversion: 1.0
2026-05-27 02:03:51.415 8 INFO placement.requestlog [None req-dc1f6d46-10db-4689-97c7-6f45f7459d42 - - - - - -] 10.0.0.4 "GET /" status: 200 len: 136 microversion: 1.0
2026-05-27 02:03:51.415 7 INFO placement.requestlog [None req-12d1cbf5-d35e-46ba-9dc3-6f29c1a562cc - - - - - -] 10.0.0.4 "GET /" status: 200 len: 136 microversion: 1.0
2026-05-27 02:03:57.076 8 INFO placement.requestlog [req-e011cf61-787a-4a3f-9311-70c727527435 req-7d552914-35d2-4f18-9454-32e2b1d071a6 9325fdbb930647a1a5f9236a6030ce1e 78c66a5760d44c108ec99bc052d8976e - - 3ca4f8ddccdc43e4a77594905467733c 3ca4f8ddccdc43e4a77594905467733c] 10.0.0.239 "GET /allocation_candidates?limit=1000&resources=DISK_GB%3A1%2CMEMORY_MB%3A512%2CVCPU%3A1&root_required=%21COMPUTE_STATUS_DISABLED" status: 200 len: 2217 microversion: 1.36 [pid: 8|app: 0|req: 628/1255] 10.0.0.239 () {34 vars in 1011 bytes} [Wed May 27 02:03:57 2026] GET /allocation_candidates?limit=1000&resources=DISK_GB%3A1%2CMEMORY_MB%3A512%2CVCPU%3A1&root_required=%21COMPUTE_STATUS_DISABLED => generated 2217 bytes in 72 msecs (HTTP/1.1 200) 8 headers in 297 bytes (1 switches on core 0)
2026-05-27 02:03:57.108 7 INFO placement.requestlog [req-e011cf61-787a-4a3f-9311-70c727527435 req-ca5dbe87-eaca-4e5d-9f1f-371b84471b21 9325fdbb930647a1a5f9236a6030ce1e 78c66a5760d44c108ec99bc052d8976e - - 3ca4f8ddccdc43e4a77594905467733c 3ca4f8ddccdc43e4a77594905467733c] 10.0.0.239 "GET /allocations/1581934f-0e31-44ec-88fa-6bb34d45cc34" status: 200 len: 19 microversion: 1.28 [pid: 7|app: 0|req: 628/1256] 10.0.0.239 () {34 vars in 860 bytes} [Wed May 27 02:03:57 2026] GET /allocations/1581934f-0e31-44ec-88fa-6bb34d45cc34 => generated 19 bytes in 13 msecs (HTTP/1.1 200) 8 headers in 295 bytes (1 switches on core 0)
2026-05-27 02:03:57.205 8 INFO placement.requestlog [req-e011cf61-787a-4a3f-9311-70c727527435 req-9fc931d1-045e-4563-9dd7-580314766345 9325fdbb930647a1a5f9236a6030ce1e 78c66a5760d44c108ec99bc052d8976e - - 3ca4f8ddccdc43e4a77594905467733c 3ca4f8ddccdc43e4a77594905467733c] 10.0.0.239 "PUT /allocations/1581934f-0e31-44ec-88fa-6bb34d45cc34" status: 204 len: 0 microversion: 1.36 [pid: 8|app: 0|req: 629/1257] 10.0.0.239 () {38 vars in 913 bytes} [Wed May 27 02:03:57 2026] PUT /allocations/1581934f-0e31-44ec-88fa-6bb34d45cc34 => generated 0 bytes in 94 msecs (HTTP/1.1 204) 5 headers in 199 bytes (1 switches on core 0)
2026-05-27 02:03:57.480 7 INFO placement.requestlog [req-e011cf61-787a-4a3f-9311-70c727527435 req-f580f37b-ffc2-4435-ae35-5050d71af41a 9325fdbb930647a1a5f9236a6030ce1e 78c66a5760d44c108ec99bc052d8976e - - 3ca4f8ddccdc43e4a77594905467733c 3ca4f8ddccdc43e4a77594905467733c] 199.204.45.116 "GET /allocations/1581934f-0e31-44ec-88fa-6bb34d45cc34" status: 200 len: 258 microversion: 1.28 [pid: 7|app: 0|req: 629/1258] 199.204.45.116 () {34 vars in 862 bytes} [Wed May 27 02:03:57 2026] GET /allocations/1581934f-0e31-44ec-88fa-6bb34d45cc34 => generated 258 bytes in 14 msecs (HTTP/1.1 200) 8 headers in 296 bytes (1 switches on core 0)
2026-05-27 02:03:57.593 8 INFO placement.requestlog [req-e011cf61-787a-4a3f-9311-70c727527435 req-cc1f8616-2c90-4036-94f2-df45a210ce25 9325fdbb930647a1a5f9236a6030ce1e 78c66a5760d44c108ec99bc052d8976e - - 3ca4f8ddccdc43e4a77594905467733c 3ca4f8ddccdc43e4a77594905467733c] 199.204.45.116 "GET /resource_providers/7eb65d93-17aa-4af4-9823-a145771478ef/allocations" status: 200 len: 153 microversion: 1.0 [pid: 8|app: 0|req: 630/1259] 199.204.45.116 () {32 vars in 856 bytes} [Wed May 27 02:03:57 2026] GET /resource_providers/7eb65d93-17aa-4af4-9823-a145771478ef/allocations => generated 153 bytes in 15 msecs (HTTP/1.1 200) 6 headers in 224 bytes (1 switches on core 0)
2026-05-27 02:03:57.613 7 INFO placement.requestlog [req-e011cf61-787a-4a3f-9311-70c727527435 req-227e3c0d-3535-447d-bba5-3022b213fc9c 9325fdbb930647a1a5f9236a6030ce1e 78c66a5760d44c108ec99bc052d8976e - - 3ca4f8ddccdc43e4a77594905467733c 3ca4f8ddccdc43e4a77594905467733c] 199.204.45.116 "GET /allocations/1581934f-0e31-44ec-88fa-6bb34d45cc34" status: 200 len: 258 microversion: 1.28 [pid: 7|app: 0|req: 630/1260] 199.204.45.116 () {34 vars in 862 bytes} [Wed May 27 02:03:57 2026] GET /allocations/1581934f-0e31-44ec-88fa-6bb34d45cc34 => generated 258 bytes in 15 msecs (HTTP/1.1 200) 8 headers in 296 bytes (1 switches on core 0)
2026-05-27 02:04:01.416 7 INFO placement.requestlog [None req-78a12973-301a-4de0-b27b-60ad1195b989 - - - - - -] 10.0.0.4 "GET /" status: 200 len: 136 microversion: 1.0
2026-05-27 02:04:01.416 8 INFO placement.requestlog [None req-acbfee81-4bc3-4a2c-acba-65a618d0a32b - - - - - -] 10.0.0.4 "GET /" status: 200 len: 136 microversion: 1.0
2026-05-27 02:04:04.835 7 INFO placement.requestlog [req-e22dffd1-7876-45ef-b3ac-3d9e3c36e7cf req-db8f5b19-53e7-452a-b1ab-00701ed82e4a 9325fdbb930647a1a5f9236a6030ce1e 78c66a5760d44c108ec99bc052d8976e - - 3ca4f8ddccdc43e4a77594905467733c 3ca4f8ddccdc43e4a77594905467733c] 10.0.0.239 "GET /allocation_candidates?limit=1000&resources=DISK_GB%3A1%2CMEMORY_MB%3A512%2CVCPU%3A1&root_required=%21COMPUTE_STATUS_DISABLED" status: 200 len: 2219 microversion: 1.36 [pid: 7|app: 0|req: 632/1263] 10.0.0.239 () {34 vars in 1011 bytes} [Wed May 27 02:04:04 2026] GET /allocation_candidates?limit=1000&resources=DISK_GB%3A1%2CMEMORY_MB%3A512%2CVCPU%3A1&root_required=%21COMPUTE_STATUS_DISABLED => generated 2219 bytes in 59 msecs (HTTP/1.1 200) 8 headers in 297 bytes (1 switches on core 0)
2026-05-27 02:04:04.879 8 INFO placement.requestlog [req-e22dffd1-7876-45ef-b3ac-3d9e3c36e7cf req-0be1820d-9374-42ca-b85a-fc5431673fb4 9325fdbb930647a1a5f9236a6030ce1e 78c66a5760d44c108ec99bc052d8976e - - 3ca4f8ddccdc43e4a77594905467733c 3ca4f8ddccdc43e4a77594905467733c] 10.0.0.239 "GET /allocations/ed6a2523-b7aa-499b-8386-1ddf9927c226" status: 200 len: 19 microversion: 1.28 [pid: 8|app: 0|req: 632/1264] 10.0.0.239 () {34 vars in 860 bytes} [Wed May 27 02:04:04 2026] GET /allocations/ed6a2523-b7aa-499b-8386-1ddf9927c226 => generated 19 bytes in 17 msecs (HTTP/1.1 200) 8 headers in 295 bytes (1 switches on core 0)
2026-05-27 02:04:04.951 7 INFO placement.requestlog [req-e22dffd1-7876-45ef-b3ac-3d9e3c36e7cf req-217a02f1-bd13-49e0-8006-4492defc3d22 9325fdbb930647a1a5f9236a6030ce1e 78c66a5760d44c108ec99bc052d8976e - - 3ca4f8ddccdc43e4a77594905467733c 3ca4f8ddccdc43e4a77594905467733c] 10.0.0.239 "PUT /allocations/ed6a2523-b7aa-499b-8386-1ddf9927c226" status: 204 len: 0 microversion: 1.36 [pid: 7|app: 0|req: 633/1265] 10.0.0.239 () {38 vars in 913 bytes} [Wed May 27 02:04:04 2026] PUT /allocations/ed6a2523-b7aa-499b-8386-1ddf9927c226 => generated 0 bytes in 60 msecs (HTTP/1.1 204) 5 headers in 199 bytes (1 switches on core 0)
2026-05-27 02:04:05.270 8 INFO placement.requestlog [req-e22dffd1-7876-45ef-b3ac-3d9e3c36e7cf req-eb03be3d-bc22-45ed-8874-482a8b87de0a 9325fdbb930647a1a5f9236a6030ce1e 78c66a5760d44c108ec99bc052d8976e - - 3ca4f8ddccdc43e4a77594905467733c 3ca4f8ddccdc43e4a77594905467733c] 199.204.45.116 "GET /allocations/ed6a2523-b7aa-499b-8386-1ddf9927c226" status: 200 len: 258 microversion: 1.28 [pid: 8|app: 0|req: 633/1266] 199.204.45.116 () {34 vars in 862 bytes} [Wed May 27 02:04:05 2026] GET /allocations/ed6a2523-b7aa-499b-8386-1ddf9927c226 => generated 258 bytes in 19 msecs (HTTP/1.1 200) 8 headers in 296 bytes (1 switches on core 0)
2026-05-27 02:04:05.378 7 INFO placement.requestlog [req-e22dffd1-7876-45ef-b3ac-3d9e3c36e7cf req-d738a67c-f725-4ea7-a3fc-9def606366fa 9325fdbb930647a1a5f9236a6030ce1e 78c66a5760d44c108ec99bc052d8976e - - 3ca4f8ddccdc43e4a77594905467733c 3ca4f8ddccdc43e4a77594905467733c] 199.204.45.116 "GET /resource_providers/7eb65d93-17aa-4af4-9823-a145771478ef/allocations" status: 200 len: 253 microversion: 1.0 [pid: 7|app: 0|req: 634/1267] 199.204.45.116 () {32 vars in 856 bytes} [Wed May 27 02:04:05 2026] GET /resource_providers/7eb65d93-17aa-4af4-9823-a145771478ef/allocations => generated 253 bytes in 20 msecs (HTTP/1.1 200) 6 headers in 224 bytes (1 switches on core 0)
2026-05-27 02:04:05.402 8 INFO placement.requestlog [req-e22dffd1-7876-45ef-b3ac-3d9e3c36e7cf req-04c38388-8f7f-4a10-810e-dab872fa870a 9325fdbb930647a1a5f9236a6030ce1e 78c66a5760d44c108ec99bc052d8976e - - 3ca4f8ddccdc43e4a77594905467733c 3ca4f8ddccdc43e4a77594905467733c] 199.204.45.116 "GET /allocations/1581934f-0e31-44ec-88fa-6bb34d45cc34" status: 200 len: 258 microversion: 1.28 [pid: 8|app: 0|req: 634/1268] 199.204.45.116 () {34 vars in 862 bytes} [Wed May 27 02:04:05 2026] GET /allocations/1581934f-0e31-44ec-88fa-6bb34d45cc34 => generated 258 bytes in 17 msecs (HTTP/1.1 200) 8 headers in 296 bytes (1 switches on core 0)
2026-05-27 02:04:05.423 7 INFO placement.requestlog [req-e22dffd1-7876-45ef-b3ac-3d9e3c36e7cf req-957c5879-b999-40a3-95e2-a049576728ed 9325fdbb930647a1a5f9236a6030ce1e 78c66a5760d44c108ec99bc052d8976e - - 3ca4f8ddccdc43e4a77594905467733c 3ca4f8ddccdc43e4a77594905467733c] 199.204.45.116 "GET /allocations/ed6a2523-b7aa-499b-8386-1ddf9927c226" status: 200 len: 258 microversion: 1.28 [pid: 7|app: 0|req: 635/1269] 199.204.45.116 () {34 vars in 862 bytes} [Wed May 27 02:04:05 2026] GET /allocations/ed6a2523-b7aa-499b-8386-1ddf9927c226 => generated 258 bytes in 13 msecs (HTTP/1.1 200) 8 headers in 296 bytes (1 switches on core 0)
2026-05-27 02:04:07.585 8 INFO placement.requestlog [req-aa61f8ff-8941-4b66-a908-02fde9620680 req-52c3582f-450d-400f-8135-db6a5ea0c424 9325fdbb930647a1a5f9236a6030ce1e 78c66a5760d44c108ec99bc052d8976e - - 3ca4f8ddccdc43e4a77594905467733c 3ca4f8ddccdc43e4a77594905467733c] 199.204.45.116 "GET /resource_providers/7eb65d93-17aa-4af4-9823-a145771478ef/allocations" status: 200 len: 253 microversion: 1.0 [pid: 8|app: 0|req: 635/1270] 199.204.45.116 () {32 vars in 856 bytes} [Wed May 27 02:04:07 2026] GET /resource_providers/7eb65d93-17aa-4af4-9823-a145771478ef/allocations => generated 253 bytes in 20 msecs (HTTP/1.1 200) 6 headers in 224 bytes (1 switches on core 0)
2026-05-27 02:04:07.621 7 INFO placement.requestlog [req-aa61f8ff-8941-4b66-a908-02fde9620680 req-554ed7cc-d311-4e30-936d-b69ca82a9ddf 9325fdbb930647a1a5f9236a6030ce1e 78c66a5760d44c108ec99bc052d8976e - - 3ca4f8ddccdc43e4a77594905467733c 3ca4f8ddccdc43e4a77594905467733c] 199.204.45.116 "GET /resource_providers/7eb65d93-17aa-4af4-9823-a145771478ef/allocations" status: 200 len: 253 microversion: 1.0 [pid: 7|app: 0|req: 636/1271] 199.204.45.116 () {32 vars in 856 bytes} [Wed May 27 02:04:07 2026] GET /resource_providers/7eb65d93-17aa-4af4-9823-a145771478ef/allocations => generated 253 bytes in 30 msecs (HTTP/1.1 200) 6 headers in 224 bytes (1 switches on core 0)
2026-05-27 02:04:07.658 8 INFO placement.requestlog [req-aa61f8ff-8941-4b66-a908-02fde9620680 req-78ef4984-1a8f-4398-a4d4-6409d1c63b00 9325fdbb930647a1a5f9236a6030ce1e 78c66a5760d44c108ec99bc052d8976e - - 3ca4f8ddccdc43e4a77594905467733c 3ca4f8ddccdc43e4a77594905467733c] 199.204.45.116 "GET /allocations/1581934f-0e31-44ec-88fa-6bb34d45cc34" status: 200 len: 258 microversion: 1.28 [pid: 8|app: 0|req: 636/1272] 199.204.45.116 () {34 vars in 862 bytes} [Wed May 27 02:04:07 2026] GET /allocations/1581934f-0e31-44ec-88fa-6bb34d45cc34 => generated 258 bytes in 31 msecs (HTTP/1.1 200) 8 headers in 296 bytes (1 switches on core 0)
2026-05-27 02:04:07.697 7 INFO placement.requestlog [req-aa61f8ff-8941-4b66-a908-02fde9620680 req-f5aaf1cc-4dc6-4f68-a254-394900543f0e 9325fdbb930647a1a5f9236a6030ce1e 78c66a5760d44c108ec99bc052d8976e - - 3ca4f8ddccdc43e4a77594905467733c 3ca4f8ddccdc43e4a77594905467733c] 199.204.45.116 "GET /allocations/ed6a2523-b7aa-499b-8386-1ddf9927c226" status: 200 len: 258 microversion: 1.28 [pid: 7|app: 0|req: 637/1273] 199.204.45.116 () {34 vars in 862 bytes} [Wed May 27 02:04:07 2026] GET /allocations/ed6a2523-b7aa-499b-8386-1ddf9927c226 => generated 258 bytes in 32 msecs (HTTP/1.1 200) 8 headers in 296 bytes (1 switches on core 0)
2026-05-27 02:04:11.415 8 INFO placement.requestlog [None req-76a04cb7-13bf-4d8f-aaee-d57bbfdd428e - - - - - -] 10.0.0.4 "GET /" status: 200 len: 136 microversion: 1.0
2026-05-27 02:04:11.418 7 INFO placement.requestlog [None req-984d2124-9bac-4132-9546-e77d0990e88e - - - - - -] 10.0.0.4 "GET /" status: 200 len: 136 microversion: 1.0
2026-05-27 02:04:21.415 8 INFO placement.requestlog [None req-3cf2285e-2d1c-478f-943d-7d443941407d - - - - - -] 10.0.0.4 "GET /" status: 200 len: 136 microversion: 1.0
2026-05-27 02:04:21.416 7 INFO placement.requestlog [None req-8f9f90e9-7ed9-44c0-b798-2f081cc5cd2c - - - - - -] 10.0.0.4 "GET /" status: 200 len: 136 microversion: 1.0
2026-05-27 02:04:31.415 8 INFO placement.requestlog [None req-71af7eae-3188-4ed5-84ca-cd9b860ce06d - - - - - -] 10.0.0.4 "GET /" status: 200 len: 136 microversion: 1.0
2026-05-27 02:04:31.415 7 INFO placement.requestlog [None req-3532863b-2a24-43ef-bbe4-5c5589cf51f9 - - - - - -] 10.0.0.4 "GET /" status: 200 len: 136 microversion: 1.0
2026-05-27 02:04:39.997 8 INFO placement.requestlog [req-a85b44a6-a120-4afb-8f62-f87e04c0c888 req-a0490e64-2b57-4502-b8e3-92667b10a6de 9325fdbb930647a1a5f9236a6030ce1e 78c66a5760d44c108ec99bc052d8976e - - 3ca4f8ddccdc43e4a77594905467733c 3ca4f8ddccdc43e4a77594905467733c] 10.0.0.239 "GET /allocation_candidates?limit=1000&resources=MEMORY_MB%3A2048%2CVCPU%3A2&root_required=%21COMPUTE_STATUS_DISABLED" status: 200 len: 2207 microversion: 1.36 [pid: 8|app: 0|req: 640/1280] 10.0.0.239 () {34 vars in 985 bytes} [Wed May 27 02:04:39 2026] GET /allocation_candidates?limit=1000&resources=MEMORY_MB%3A2048%2CVCPU%3A2&root_required=%21COMPUTE_STATUS_DISABLED => generated 2207 bytes in 58 msecs (HTTP/1.1 200) 8 headers in 297 bytes (1 switches on core 0)
2026-05-27 02:04:40.042 7 INFO placement.requestlog [req-a85b44a6-a120-4afb-8f62-f87e04c0c888 req-8ac1f6e3-e5a9-470b-ba29-5cbb47b9ac36 9325fdbb930647a1a5f9236a6030ce1e 78c66a5760d44c108ec99bc052d8976e - - 3ca4f8ddccdc43e4a77594905467733c 3ca4f8ddccdc43e4a77594905467733c] 10.0.0.239 "GET /allocations/6c30951a-9bfd-41b5-9e23-2772d174831b" status: 200 len: 19 microversion: 1.28 [pid: 7|app: 0|req: 641/1281] 10.0.0.239 () {34 vars in 860 bytes} [Wed May 27 02:04:40 2026] GET /allocations/6c30951a-9bfd-41b5-9e23-2772d174831b => generated 19 bytes in 13 msecs (HTTP/1.1 200) 8 headers in 295 bytes (1 switches on core 0)
2026-05-27 02:04:40.121 8 INFO placement.requestlog [req-a85b44a6-a120-4afb-8f62-f87e04c0c888 req-ab226ca7-5329-4049-95d2-113023da8126 9325fdbb930647a1a5f9236a6030ce1e 78c66a5760d44c108ec99bc052d8976e - - 3ca4f8ddccdc43e4a77594905467733c 3ca4f8ddccdc43e4a77594905467733c] 10.0.0.239 "PUT /allocations/6c30951a-9bfd-41b5-9e23-2772d174831b" status: 204 len: 0 microversion: 1.36 [pid: 8|app: 0|req: 641/1282] 10.0.0.239 () {38 vars in 913 bytes} [Wed May 27 02:04:40 2026] PUT /allocations/6c30951a-9bfd-41b5-9e23-2772d174831b => generated 0 bytes in 72 msecs (HTTP/1.1 204) 5 headers in 199 bytes (1 switches on core 0)
2026-05-27 02:04:40.458 7 INFO placement.requestlog [req-a85b44a6-a120-4afb-8f62-f87e04c0c888 req-50935f4e-4509-4196-9e3c-9a3960b7fe0c 9325fdbb930647a1a5f9236a6030ce1e 78c66a5760d44c108ec99bc052d8976e - - 3ca4f8ddccdc43e4a77594905467733c 3ca4f8ddccdc43e4a77594905467733c] 199.204.45.116 "GET /allocations/6c30951a-9bfd-41b5-9e23-2772d174831b" status: 200 len: 245 microversion: 1.28 [pid: 7|app: 0|req: 642/1283] 199.204.45.116 () {34 vars in 862 bytes} [Wed May 27 02:04:40 2026] GET /allocations/6c30951a-9bfd-41b5-9e23-2772d174831b => generated 245 bytes in 17 msecs (HTTP/1.1 200) 8 headers in 296 bytes (1 switches on core 0)
2026-05-27 02:04:40.611 8 INFO placement.requestlog [req-a85b44a6-a120-4afb-8f62-f87e04c0c888 req-b75215a7-84f4-43c6-bc8e-b17ab61e289f 9325fdbb930647a1a5f9236a6030ce1e 78c66a5760d44c108ec99bc052d8976e - - 3ca4f8ddccdc43e4a77594905467733c 3ca4f8ddccdc43e4a77594905467733c] 199.204.45.116 "GET /resource_providers/7eb65d93-17aa-4af4-9823-a145771478ef/allocations" status: 200 len: 340 microversion: 1.0 [pid: 8|app: 0|req: 642/1284] 199.204.45.116 () {32 vars in 856 bytes} [Wed May 27 02:04:40 2026] GET /resource_providers/7eb65d93-17aa-4af4-9823-a145771478ef/allocations => generated 340 bytes in 25 msecs (HTTP/1.1 200) 6 headers in 224 bytes (1 switches on core 0)
2026-05-27 02:04:40.630 7 INFO placement.requestlog [req-a85b44a6-a120-4afb-8f62-f87e04c0c888 req-5f44cd23-5827-4996-851a-a6bdc1f37be3 9325fdbb930647a1a5f9236a6030ce1e 78c66a5760d44c108ec99bc052d8976e - - 3ca4f8ddccdc43e4a77594905467733c 3ca4f8ddccdc43e4a77594905467733c] 199.204.45.116 "GET /allocations/6c30951a-9bfd-41b5-9e23-2772d174831b" status: 200 len: 245 microversion: 1.28 [pid: 7|app: 0|req: 643/1285] 199.204.45.116 () {34 vars in 862 bytes} [Wed May 27 02:04:40 2026] GET /allocations/6c30951a-9bfd-41b5-9e23-2772d174831b => generated 245 bytes in 12 msecs (HTTP/1.1 200) 8 headers in 296 bytes (1 switches on core 0)
2026-05-27 02:04:40.651 8 INFO placement.requestlog [req-a85b44a6-a120-4afb-8f62-f87e04c0c888 req-f7a78235-0e0a-45cc-bbdb-d9045d11208e 9325fdbb930647a1a5f9236a6030ce1e 78c66a5760d44c108ec99bc052d8976e - - 3ca4f8ddccdc43e4a77594905467733c 3ca4f8ddccdc43e4a77594905467733c] 199.204.45.116 "GET /allocations/1581934f-0e31-44ec-88fa-6bb34d45cc34" status: 200 len: 258 microversion: 1.28 [pid: 8|app: 0|req: 643/1286] 199.204.45.116 () {34 vars in 862 bytes} [Wed May 27 02:04:40 2026] GET /allocations/1581934f-0e31-44ec-88fa-6bb34d45cc34 => generated 258 bytes in 17 msecs (HTTP/1.1 200) 8 headers in 296 bytes (1 switches on core 0)
2026-05-27 02:04:40.672 7 INFO placement.requestlog [req-a85b44a6-a120-4afb-8f62-f87e04c0c888 req-68d1bf37-aade-473d-aafc-a33fa584ef16 9325fdbb930647a1a5f9236a6030ce1e 78c66a5760d44c108ec99bc052d8976e - - 3ca4f8ddccdc43e4a77594905467733c 3ca4f8ddccdc43e4a77594905467733c] 199.204.45.116 "GET /allocations/ed6a2523-b7aa-499b-8386-1ddf9927c226" status: 200 len: 258 microversion: 1.28 [pid: 7|app: 0|req: 644/1287] 199.204.45.116 () {34 vars in 862 bytes} [Wed May 27 02:04:40 2026] GET /allocations/ed6a2523-b7aa-499b-8386-1ddf9927c226 => generated 258 bytes in 13 msecs (HTTP/1.1 200) 8 headers in 296 bytes (1 switches on core 0)
2026-05-27 02:04:41.416 8 INFO placement.requestlog [None req-1f4d0d00-58cf-49fe-9f98-7f6be1806f59 - - - - - -] 10.0.0.4 "GET /" status: 200 len: 136 microversion: 1.0
2026-05-27 02:04:41.418 7 INFO placement.requestlog [None req-af5990f0-5d66-4d67-a9b6-6efc80c8e830 - - - - - -] 10.0.0.4 "GET /" status: 200 len: 136 microversion: 1.0
2026-05-27 02:04:51.415 7 INFO placement.requestlog [None req-cb6b923f-5a8e-4683-a38c-56f732bccd8f - - - - - -] 10.0.0.4 "GET /" status: 200 len: 136 microversion: 1.0
2026-05-27 02:04:51.415 8 INFO placement.requestlog [None req-2210a364-d03b-43bc-bbab-8e3429e1f970 - - - - - -] 10.0.0.4 "GET /" status: 200 len: 136 microversion: 1.0
2026-05-27 02:05:01.416 7 INFO placement.requestlog [None req-9c45b4b0-0055-45f5-abca-5cac85e0cb63 - - - - - -] 10.0.0.4 "GET /" status: 200 len: 136 microversion: 1.0
2026-05-27 02:05:01.417 8 INFO placement.requestlog [None req-aba8ad5e-65c3-462e-8613-b171b5335703 - - - - - -] 10.0.0.4 "GET /" status: 200 len: 136 microversion: 1.0
2026-05-27 02:05:10.159 7 INFO placement.requestlog [req-bcca2729-3950-4519-aa8c-282f47ef156b req-4f32f7a9-aaf0-4125-a377-03ba0e5c0849 9325fdbb930647a1a5f9236a6030ce1e 78c66a5760d44c108ec99bc052d8976e - - 3ca4f8ddccdc43e4a77594905467733c 3ca4f8ddccdc43e4a77594905467733c] 199.204.45.116 "GET /resource_providers/7eb65d93-17aa-4af4-9823-a145771478ef/allocations" status: 200 len: 340 microversion: 1.0 [pid: 7|app: 0|req: 648/1294] 199.204.45.116 () {32 vars in 856 bytes} [Wed May 27 02:05:10 2026] GET /resource_providers/7eb65d93-17aa-4af4-9823-a145771478ef/allocations => generated 340 bytes in 23 msecs (HTTP/1.1 200) 6 headers in 224 bytes (1 switches on core 0)
2026-05-27 02:05:10.191 8 INFO placement.requestlog [req-bcca2729-3950-4519-aa8c-282f47ef156b req-1b91f57e-3435-4c48-91f8-9d4e862ccb21 9325fdbb930647a1a5f9236a6030ce1e 78c66a5760d44c108ec99bc052d8976e - - 3ca4f8ddccdc43e4a77594905467733c 3ca4f8ddccdc43e4a77594905467733c] 199.204.45.116 "GET /resource_providers/7eb65d93-17aa-4af4-9823-a145771478ef/allocations" status: 200 len: 340 microversion: 1.0 [pid: 8|app: 0|req: 647/1295] 199.204.45.116 () {32 vars in 856 bytes} [Wed May 27 02:05:10 2026] GET /resource_providers/7eb65d93-17aa-4af4-9823-a145771478ef/allocations => generated 340 bytes in 20 msecs (HTTP/1.1 200) 6 headers in 224 bytes (1 switches on core 0)
2026-05-27 02:05:10.220 7 INFO placement.requestlog [req-bcca2729-3950-4519-aa8c-282f47ef156b req-f63c6c1a-7f4c-417b-9c05-5e689fa792b2 9325fdbb930647a1a5f9236a6030ce1e 78c66a5760d44c108ec99bc052d8976e - - 3ca4f8ddccdc43e4a77594905467733c 3ca4f8ddccdc43e4a77594905467733c] 199.204.45.116 "GET /allocations/6c30951a-9bfd-41b5-9e23-2772d174831b" status: 200 len: 245 microversion: 1.28 [pid: 7|app: 0|req: 649/1296] 199.204.45.116 () {34 vars in 862 bytes} [Wed May 27 02:05:10 2026] GET /allocations/6c30951a-9bfd-41b5-9e23-2772d174831b => generated 245 bytes in 25 msecs (HTTP/1.1 200) 8 headers in 296 bytes (1 switches on core 0)
2026-05-27 02:05:10.250 8 INFO placement.requestlog [req-bcca2729-3950-4519-aa8c-282f47ef156b req-4ccae957-d7a9-4ada-9210-602cc97c6c39 9325fdbb930647a1a5f9236a6030ce1e 78c66a5760d44c108ec99bc052d8976e - - 3ca4f8ddccdc43e4a77594905467733c 3ca4f8ddccdc43e4a77594905467733c] 199.204.45.116 "GET /allocations/1581934f-0e31-44ec-88fa-6bb34d45cc34" status: 200 len: 258 microversion: 1.28 [pid: 8|app: 0|req: 648/1297] 199.204.45.116 () {34 vars in 862 bytes} [Wed May 27 02:05:10 2026] GET /allocations/1581934f-0e31-44ec-88fa-6bb34d45cc34 => generated 258 bytes in 17 msecs (HTTP/1.1 200) 8 headers in 296 bytes (1 switches on core 0)
2026-05-27 02:05:10.279 7 INFO placement.requestlog [req-bcca2729-3950-4519-aa8c-282f47ef156b req-317cbf7e-45d1-4b66-b3e8-208ef60bef96 9325fdbb930647a1a5f9236a6030ce1e 78c66a5760d44c108ec99bc052d8976e - - 3ca4f8ddccdc43e4a77594905467733c 3ca4f8ddccdc43e4a77594905467733c] 199.204.45.116 "GET /allocations/ed6a2523-b7aa-499b-8386-1ddf9927c226" status: 200 len: 258 microversion: 1.28 [pid: 7|app: 0|req: 650/1298] 199.204.45.116 () {34 vars in 862 bytes} [Wed May 27 02:05:10 2026] GET /allocations/ed6a2523-b7aa-499b-8386-1ddf9927c226 => generated 258 bytes in 19 msecs (HTTP/1.1 200) 8 headers in 296 bytes (1 switches on core 0)
2026-05-27 02:05:11.416 8 INFO placement.requestlog [None req-4b87f729-0249-43a9-a676-cef1d95abcc3 - - - - - -] 10.0.0.4 "GET /" status: 200 len: 136 microversion: 1.0
2026-05-27 02:05:11.418 7 INFO placement.requestlog [None req-ee5b8bd2-93d6-4955-abcd-b93875eb9657 - - - - - -] 10.0.0.4 "GET /" status: 200 len: 136 microversion: 1.0
2026-05-27 02:05:21.416 7 INFO placement.requestlog [None req-17043d17-8b0a-4812-a196-20932cbab09e - - - - - -] 10.0.0.4 "GET /" status: 200 len: 136 microversion: 1.0
2026-05-27 02:05:21.416 8 INFO placement.requestlog [None req-a8d3e772-23df-4a05-9a88-03e4da47371b - - - - - -] 10.0.0.4 "GET /" status: 200 len: 136 microversion: 1.0
2026-05-27 02:05:31.415 7 INFO placement.requestlog [None req-efd1bd06-08b2-499d-8604-343e35c8eb49 - - - - - -] 10.0.0.4 "GET /" status: 200 len: 136 microversion: 1.0
2026-05-27 02:05:31.415 8 INFO placement.requestlog [None req-6dbac48e-ea8e-4ba9-9118-78ea144a769d - - - - - -] 10.0.0.4 "GET /" status: 200 len: 136 microversion: 1.0
2026-05-27 02:05:41.415 7 INFO placement.requestlog [None req-f5dafbf4-3aac-454d-a4aa-0bddaa49b0ec - - - - - -] 10.0.0.4 "GET /" status: 200 len: 136 microversion: 1.0
2026-05-27 02:05:41.416 8 INFO placement.requestlog [None req-086857db-00a9-4a30-bd63-ea97f10f9e1a - - - - - -] 10.0.0.4 "GET /" status: 200 len: 136 microversion: 1.0
2026-05-27 02:05:51.415 7 INFO placement.requestlog [None req-77c5d946-b70a-4911-9ff0-27f8a52cfa9c - - - - - -] 10.0.0.4 "GET /" status: 200 len: 136 microversion: 1.0
2026-05-27 02:05:51.415 8 INFO placement.requestlog [None req-c4677bc3-cfab-4c31-8593-98edae5efbd1 - - - - - -] 10.0.0.4 "GET /" status: 200 len: 136 microversion: 1.0
2026-05-27 02:06:01.416 8 INFO placement.requestlog [None req-9a221195-0ae4-41fe-8612-911d33c547b7 - - - - - -] 10.0.0.4 "GET /" status: 200 len: 136 microversion: 1.0
2026-05-27 02:06:01.416 7 INFO placement.requestlog [None req-33e6e16e-718e-4cbf-93df-0759b7c50900 - - - - - -] 10.0.0.4 "GET /" status: 200 len: 136 microversion: 1.0
2026-05-27 02:06:10.105 8 INFO placement.requestlog [req-2ffba041-fca2-487a-898e-93a78c1bdc77 req-fdfd3ef3-57a2-4e3c-be38-b7d4447e5dce 9325fdbb930647a1a5f9236a6030ce1e 78c66a5760d44c108ec99bc052d8976e - - 3ca4f8ddccdc43e4a77594905467733c 3ca4f8ddccdc43e4a77594905467733c] 199.204.45.116 "GET /resource_providers/7eb65d93-17aa-4af4-9823-a145771478ef/allocations" status: 200 len: 340 microversion: 1.0 [pid: 8|app: 0|req: 655/1311] 199.204.45.116 () {32 vars in 856 bytes} [Wed May 27 02:06:09 2026] GET /resource_providers/7eb65d93-17aa-4af4-9823-a145771478ef/allocations => generated 340 bytes in 166 msecs (HTTP/1.1 200) 6 headers in 224 bytes (1 switches on core 0)
2026-05-27 02:06:10.143 7 INFO placement.requestlog [req-2ffba041-fca2-487a-898e-93a78c1bdc77 req-1df82dcd-b361-4a3e-a4eb-009df38bce59 9325fdbb930647a1a5f9236a6030ce1e 78c66a5760d44c108ec99bc052d8976e - - 3ca4f8ddccdc43e4a77594905467733c 3ca4f8ddccdc43e4a77594905467733c] 199.204.45.116 "GET /resource_providers?in_tree=7eb65d93-17aa-4af4-9823-a145771478ef" status: 200 len: 798 microversion: 1.14 [pid: 7|app: 0|req: 657/1312] 199.204.45.116 () {34 vars in 891 bytes} [Wed May 27 02:06:10 2026] GET /resource_providers?in_tree=7eb65d93-17aa-4af4-9823-a145771478ef => generated 798 bytes in 28 msecs (HTTP/1.1 200) 6 headers in 225 bytes (1 switches on core 0)
2026-05-27 02:06:10.174 8 INFO placement.requestlog [req-2ffba041-fca2-487a-898e-93a78c1bdc77 req-baa741d6-62d2-4826-976d-77edec7aef7f 9325fdbb930647a1a5f9236a6030ce1e 78c66a5760d44c108ec99bc052d8976e - - 3ca4f8ddccdc43e4a77594905467733c 3ca4f8ddccdc43e4a77594905467733c] 199.204.45.116 "GET /resource_providers/7eb65d93-17aa-4af4-9823-a145771478ef/inventories" status: 200 len: 401 microversion: 1.0 [pid: 8|app: 0|req: 656/1313] 199.204.45.116 () {32 vars in 856 bytes} [Wed May 27 02:06:10 2026] GET /resource_providers/7eb65d93-17aa-4af4-9823-a145771478ef/inventories => generated 401 bytes in 26 msecs (HTTP/1.1 200) 6 headers in 224 bytes (1 switches on core 0)
2026-05-27 02:06:10.194 7 INFO placement.requestlog [req-2ffba041-fca2-487a-898e-93a78c1bdc77 req-58bd8e3c-e616-441b-9173-1b1770b0bdca 9325fdbb930647a1a5f9236a6030ce1e 78c66a5760d44c108ec99bc052d8976e - - 3ca4f8ddccdc43e4a77594905467733c 3ca4f8ddccdc43e4a77594905467733c] 199.204.45.116 "GET /resource_providers/7eb65d93-17aa-4af4-9823-a145771478ef/aggregates" status: 200 len: 54 microversion: 1.19 [pid: 7|app: 0|req: 658/1314] 199.204.45.116 () {34 vars in 898 bytes} [Wed May 27 02:06:10 2026] GET /resource_providers/7eb65d93-17aa-4af4-9823-a145771478ef/aggregates => generated 54 bytes in 13 msecs (HTTP/1.1 200) 8 headers in 295 bytes (1 switches on core 0)
2026-05-27 02:06:10.224 8 INFO placement.requestlog [req-2ffba041-fca2-487a-898e-93a78c1bdc77 req-28b004c6-1b3c-4ee5-8238-0390bb16ea68 9325fdbb930647a1a5f9236a6030ce1e 78c66a5760d44c108ec99bc052d8976e - - 3ca4f8ddccdc43e4a77594905467733c 3ca4f8ddccdc43e4a77594905467733c] 199.204.45.116 "GET /resource_providers/7eb65d93-17aa-4af4-9823-a145771478ef/traits" status: 200 len: 1753 microversion: 1.6 [pid: 8|app: 0|req: 657/1315] 199.204.45.116 () {34 vars in 889 bytes} [Wed May 27 02:06:10 2026] GET /resource_providers/7eb65d93-17aa-4af4-9823-a145771478ef/traits => generated 1753 bytes in 24 msecs (HTTP/1.1 200) 6 headers in 225 bytes (1 switches on core 0)
2026-05-27 02:06:10.253 7 INFO placement.requestlog [req-2ffba041-fca2-487a-898e-93a78c1bdc77 req-55adf6ef-20f8-4ce2-86b6-b927cbde0f30 9325fdbb930647a1a5f9236a6030ce1e 78c66a5760d44c108ec99bc052d8976e - - 3ca4f8ddccdc43e4a77594905467733c 3ca4f8ddccdc43e4a77594905467733c] 199.204.45.116 "GET /resource_providers/7eb65d93-17aa-4af4-9823-a145771478ef/allocations" status: 200 len: 340 microversion: 1.0 [pid: 7|app: 0|req: 659/1316] 199.204.45.116 () {32 vars in 856 bytes} [Wed May 27 02:06:10 2026] GET /resource_providers/7eb65d93-17aa-4af4-9823-a145771478ef/allocations => generated 340 bytes in 17 msecs (HTTP/1.1 200) 6 headers in 224 bytes (1 switches on core 0)
2026-05-27 02:06:10.271 8 INFO placement.requestlog [req-2ffba041-fca2-487a-898e-93a78c1bdc77 req-a0280684-f92c-4245-a1d3-12653b144760 9325fdbb930647a1a5f9236a6030ce1e 78c66a5760d44c108ec99bc052d8976e - - 3ca4f8ddccdc43e4a77594905467733c 3ca4f8ddccdc43e4a77594905467733c] 199.204.45.116 "GET /allocations/6c30951a-9bfd-41b5-9e23-2772d174831b" status: 200 len: 245 microversion: 1.28 [pid: 8|app: 0|req: 658/1317] 199.204.45.116 () {34 vars in 862 bytes} [Wed May 27 02:06:10 2026] GET /allocations/6c30951a-9bfd-41b5-9e23-2772d174831b => generated 245 bytes in 13 msecs (HTTP/1.1 200) 8 headers in 296 bytes (1 switches on core 0)
2026-05-27 02:06:10.298 7 INFO placement.requestlog [req-2ffba041-fca2-487a-898e-93a78c1bdc77 req-aca9c1bc-ef6f-4b3a-88f9-c8c621073449 9325fdbb930647a1a5f9236a6030ce1e 78c66a5760d44c108ec99bc052d8976e - - 3ca4f8ddccdc43e4a77594905467733c 3ca4f8ddccdc43e4a77594905467733c] 199.204.45.116 "GET /allocations/1581934f-0e31-44ec-88fa-6bb34d45cc34" status: 200 len: 258 microversion: 1.28 [pid: 7|app: 0|req: 660/1318] 199.204.45.116 () {34 vars in 862 bytes} [Wed May 27 02:06:10 2026] GET /allocations/1581934f-0e31-44ec-88fa-6bb34d45cc34 => generated 258 bytes in 23 msecs (HTTP/1.1 200) 8 headers in 296 bytes (1 switches on core 0)
2026-05-27 02:06:10.317 8 INFO placement.requestlog [req-2ffba041-fca2-487a-898e-93a78c1bdc77 req-303f9eec-0369-482e-b9ad-18378d8295fc 9325fdbb930647a1a5f9236a6030ce1e 78c66a5760d44c108ec99bc052d8976e - - 3ca4f8ddccdc43e4a77594905467733c 3ca4f8ddccdc43e4a77594905467733c] 199.204.45.116 "GET /allocations/ed6a2523-b7aa-499b-8386-1ddf9927c226" status: 200 len: 258 microversion: 1.28 [pid: 8|app: 0|req: 659/1319] 199.204.45.116 () {34 vars in 862 bytes} [Wed May 27 02:06:10 2026] GET /allocations/ed6a2523-b7aa-499b-8386-1ddf9927c226 => generated 258 bytes in 16 msecs (HTTP/1.1 200) 8 headers in 296 bytes (1 switches on core 0)
2026-05-27 02:06:11.415 8 INFO placement.requestlog [None req-c934fbb5-6779-4576-a415-c894d56a0845 - - - - - -] 10.0.0.4 "GET /" status: 200 len: 136 microversion: 1.0
2026-05-27 02:06:11.415 7 INFO placement.requestlog [None req-d48f5142-021e-4087-8a8d-274788fa6897 - - - - - -] 10.0.0.4 "GET /" status: 200 len: 136 microversion: 1.0
2026-05-27 02:06:21.416 8 INFO placement.requestlog [None req-e5dd8095-a282-4953-8f4e-6013ec3c27ad - - - - - -] 10.0.0.4 "GET /" status: 200 len: 136 microversion: 1.0
2026-05-27 02:06:21.416 7 INFO placement.requestlog [None req-e9ed3be3-9d76-4357-a160-6f0c82f6c6db - - - - - -] 10.0.0.4 "GET /" status: 200 len: 136 microversion: 1.0
2026-05-27 02:06:31.415 8 INFO placement.requestlog [None req-ce2ac8e2-fbdd-4fab-8590-74843e65960d - - - - - -] 10.0.0.4 "GET /" status: 200 len: 136 microversion: 1.0
2026-05-27 02:06:31.416 7 INFO placement.requestlog [None req-cbe898ae-dfff-4a2a-820c-b19abefb564e - - - - - -] 10.0.0.4 "GET /" status: 200 len: 136 microversion: 1.0
2026-05-27 02:06:41.415 8 INFO placement.requestlog [None req-2e80a7a3-a065-4e89-b57a-9564e947116d - - - - - -] 10.0.0.4 "GET /" status: 200 len: 136 microversion: 1.0
2026-05-27 02:06:41.415 7 INFO placement.requestlog [None req-04718d58-6b71-46d2-8da7-64110692cf48 - - - - - -] 10.0.0.4 "GET /" status: 200 len: 136 microversion: 1.0
2026-05-27 02:06:51.415 8 INFO placement.requestlog [None req-420e822a-4243-4e05-921c-e4b40b0e2b47 - - - - - -] 10.0.0.4 "GET /" status: 200 len: 136 microversion: 1.0
2026-05-27 02:06:51.416 7 INFO placement.requestlog [None req-9fdd42cd-0938-44f3-9497-5fa8c57f9fc8 - - - - - -] 10.0.0.4 "GET /" status: 200 len: 136 microversion: 1.0
2026-05-27 02:07:01.415 8 INFO placement.requestlog [None req-8187382f-c4db-4f70-9a9f-cd6c2b4d2e9b - - - - - -] 10.0.0.4 "GET /" status: 200 len: 136 microversion: 1.0
2026-05-27 02:07:01.415 7 INFO placement.requestlog [None req-977e882c-107a-4b7f-a29e-ee334eb14004 - - - - - -] 10.0.0.4 "GET /" status: 200 len: 136 microversion: 1.0
2026-05-27 02:07:09.562 8 INFO placement.requestlog [req-ddf62d51-10b2-4f87-b790-358b7850806a req-e02e04f6-81a0-4a64-9abc-fab9fbd7311c 9325fdbb930647a1a5f9236a6030ce1e 78c66a5760d44c108ec99bc052d8976e - - 3ca4f8ddccdc43e4a77594905467733c 3ca4f8ddccdc43e4a77594905467733c] 199.204.45.116 "GET /resource_providers/7eb65d93-17aa-4af4-9823-a145771478ef/allocations" status: 200 len: 340 microversion: 1.0 [pid: 8|app: 0|req: 666/1332] 199.204.45.116 () {32 vars in 856 bytes} [Wed May 27 02:07:09 2026] GET /resource_providers/7eb65d93-17aa-4af4-9823-a145771478ef/allocations => generated 340 bytes in 27 msecs (HTTP/1.1 200) 6 headers in 224 bytes (1 switches on core 0)
2026-05-27 02:07:09.593 7 INFO placement.requestlog [req-ddf62d51-10b2-4f87-b790-358b7850806a req-940ebed7-ea08-4a9a-b75b-c441ed49c953 9325fdbb930647a1a5f9236a6030ce1e 78c66a5760d44c108ec99bc052d8976e - - 3ca4f8ddccdc43e4a77594905467733c 3ca4f8ddccdc43e4a77594905467733c] 199.204.45.116 "GET /resource_providers/7eb65d93-17aa-4af4-9823-a145771478ef/allocations" status: 200 len: 340 microversion: 1.0 [pid: 7|app: 0|req: 667/1333] 199.204.45.116 () {32 vars in 856 bytes} [Wed May 27 02:07:09 2026] GET /resource_providers/7eb65d93-17aa-4af4-9823-a145771478ef/allocations => generated 340 bytes in 21 msecs (HTTP/1.1 200) 6 headers in 224 bytes (1 switches on core 0)
2026-05-27 02:07:09.618 8 INFO placement.requestlog [req-ddf62d51-10b2-4f87-b790-358b7850806a req-95da5d07-e7f0-4b5a-a50b-ea434377ed4c 9325fdbb930647a1a5f9236a6030ce1e 78c66a5760d44c108ec99bc052d8976e - - 3ca4f8ddccdc43e4a77594905467733c 3ca4f8ddccdc43e4a77594905467733c] 199.204.45.116 "GET /allocations/6c30951a-9bfd-41b5-9e23-2772d174831b" status: 200 len: 245 microversion: 1.28 [pid: 8|app: 0|req: 667/1334] 199.204.45.116 () {34 vars in 862 bytes} [Wed May 27 02:07:09 2026] GET /allocations/6c30951a-9bfd-41b5-9e23-2772d174831b => generated 245 bytes in 18 msecs (HTTP/1.1 200) 8 headers in 296 bytes (1 switches on core 0)
2026-05-27 02:07:09.642 7 INFO placement.requestlog [req-ddf62d51-10b2-4f87-b790-358b7850806a req-2aa45718-9498-4e69-a1b9-11c67b0b8261 9325fdbb930647a1a5f9236a6030ce1e 78c66a5760d44c108ec99bc052d8976e - - 3ca4f8ddccdc43e4a77594905467733c 3ca4f8ddccdc43e4a77594905467733c] 199.204.45.116 "GET /allocations/1581934f-0e31-44ec-88fa-6bb34d45cc34" status: 200 len: 258 microversion: 1.28 [pid: 7|app: 0|req: 668/1335] 199.204.45.116 () {34 vars in 862 bytes} [Wed May 27 02:07:09 2026] GET /allocations/1581934f-0e31-44ec-88fa-6bb34d45cc34 => generated 258 bytes in 15 msecs (HTTP/1.1 200) 8 headers in 296 bytes (1 switches on core 0)
2026-05-27 02:07:09.674 8 INFO placement.requestlog [req-ddf62d51-10b2-4f87-b790-358b7850806a req-94cf1ebe-f7d0-4895-a06d-062a02f2fb4f 9325fdbb930647a1a5f9236a6030ce1e 78c66a5760d44c108ec99bc052d8976e - - 3ca4f8ddccdc43e4a77594905467733c 3ca4f8ddccdc43e4a77594905467733c] 199.204.45.116 "GET /allocations/ed6a2523-b7aa-499b-8386-1ddf9927c226" status: 200 len: 258 microversion: 1.28 [pid: 8|app: 0|req: 668/1336] 199.204.45.116 () {34 vars in 862 bytes} [Wed May 27 02:07:09 2026] GET /allocations/ed6a2523-b7aa-499b-8386-1ddf9927c226 => generated 258 bytes in 22 msecs (HTTP/1.1 200) 8 headers in 296 bytes (1 switches on core 0)
2026-05-27 02:07:11.415 8 INFO placement.requestlog [None req-e4b80f1e-c93b-4668-9e47-b69fda630609 - - - - - -] 10.0.0.4 "GET /" status: 200 len: 136 microversion: 1.0
2026-05-27 02:07:11.415 7 INFO placement.requestlog [None req-ae2b7998-1e66-42c4-9f5b-cc5037ecafdc - - - - - -] 10.0.0.4 "GET /" status: 200 len: 136 microversion: 1.0
2026-05-27 02:07:21.415 8 INFO placement.requestlog [None req-772a920d-f6ea-4789-a98e-8d1e5ea1cf0e - - - - - -] 10.0.0.4 "GET /" status: 200 len: 136 microversion: 1.0
2026-05-27 02:07:21.416 7 INFO placement.requestlog [None req-e56fda9b-c855-4e75-b1da-179993b8768c - - - - - -] 10.0.0.4 "GET /" status: 200 len: 136 microversion: 1.0
2026-05-27 02:07:31.415 7 INFO placement.requestlog [None req-e7c41dd6-b3f6-4832-b755-b53191b674d5 - - - - - -] 10.0.0.4 "GET /" status: 200 len: 136 microversion: 1.0
2026-05-27 02:07:31.415 8 INFO placement.requestlog [None req-bd1fec54-0337-469b-937c-74ecf9b6bdeb - - - - - -] 10.0.0.4 "GET /" status: 200 len: 136 microversion: 1.0
2026-05-27 02:07:41.415 8 INFO placement.requestlog [None req-b1bc55bf-4948-4fd8-8d68-8e46666a50bb - - - - - -] 10.0.0.4 "GET /" status: 200 len: 136 microversion: 1.0
2026-05-27 02:07:41.415 7 INFO placement.requestlog [None req-9b8b6832-7b0f-4ebc-9dc4-1f224df80805 - - - - - -] 10.0.0.4 "GET /" status: 200 len: 136 microversion: 1.0
2026-05-27 02:07:51.415 8 INFO placement.requestlog [None req-c439bceb-192a-475e-9b69-8226d6c64bf3 - - - - - -] 10.0.0.4 "GET /" status: 200 len: 136 microversion: 1.0
2026-05-27 02:07:51.415 7 INFO placement.requestlog [None req-845c5be7-96b2-476f-9461-93909f528a8a - - - - - -] 10.0.0.4 "GET /" status: 200 len: 136 microversion: 1.0
2026-05-27 02:07:56.638 7 INFO placement.requestlog [req-28b91f24-3613-40c0-b6ad-0ffcb4117bdb req-228f737b-0687-4bf7-87e5-df19d984a84d 9325fdbb930647a1a5f9236a6030ce1e 78c66a5760d44c108ec99bc052d8976e - - 3ca4f8ddccdc43e4a77594905467733c 3ca4f8ddccdc43e4a77594905467733c] 199.204.45.116 "GET /resource_providers/7eb65d93-17aa-4af4-9823-a145771478ef/allocations" status: 200 len: 340 microversion: 1.0 [pid: 7|app: 0|req: 674/1347] 199.204.45.116 () {32 vars in 856 bytes} [Wed May 27 02:07:56 2026] GET /resource_providers/7eb65d93-17aa-4af4-9823-a145771478ef/allocations => generated 340 bytes in 27 msecs (HTTP/1.1 200) 6 headers in 224 bytes (1 switches on core 0)
2026-05-27 02:07:56.664 8 INFO placement.requestlog [req-28b91f24-3613-40c0-b6ad-0ffcb4117bdb req-f3fe6fde-a100-44bb-9400-f2348a77f198 9325fdbb930647a1a5f9236a6030ce1e 78c66a5760d44c108ec99bc052d8976e - - 3ca4f8ddccdc43e4a77594905467733c 3ca4f8ddccdc43e4a77594905467733c] 199.204.45.116 "GET /allocations/6c30951a-9bfd-41b5-9e23-2772d174831b" status: 200 len: 245 microversion: 1.28 [pid: 8|app: 0|req: 674/1348] 199.204.45.116 () {34 vars in 862 bytes} [Wed May 27 02:07:56 2026] GET /allocations/6c30951a-9bfd-41b5-9e23-2772d174831b => generated 245 bytes in 21 msecs (HTTP/1.1 200) 8 headers in 296 bytes (1 switches on core 0)
2026-05-27 02:07:56.686 7 INFO placement.requestlog [req-28b91f24-3613-40c0-b6ad-0ffcb4117bdb req-cac1a72e-ba8a-4b4d-9c8d-c417de4f09e6 9325fdbb930647a1a5f9236a6030ce1e 78c66a5760d44c108ec99bc052d8976e - - 3ca4f8ddccdc43e4a77594905467733c 3ca4f8ddccdc43e4a77594905467733c] 199.204.45.116 "GET /allocations/1581934f-0e31-44ec-88fa-6bb34d45cc34" status: 200 len: 258 microversion: 1.28 [pid: 7|app: 0|req: 675/1349] 199.204.45.116 () {34 vars in 862 bytes} [Wed May 27 02:07:56 2026] GET /allocations/1581934f-0e31-44ec-88fa-6bb34d45cc34 => generated 258 bytes in 14 msecs (HTTP/1.1 200) 8 headers in 296 bytes (1 switches on core 0)
2026-05-27 02:07:56.712 8 INFO placement.requestlog [req-28b91f24-3613-40c0-b6ad-0ffcb4117bdb req-4cf4b728-a744-4f32-bace-6155ffa11538 9325fdbb930647a1a5f9236a6030ce1e 78c66a5760d44c108ec99bc052d8976e - - 3ca4f8ddccdc43e4a77594905467733c 3ca4f8ddccdc43e4a77594905467733c] 199.204.45.116 "GET /allocations/ed6a2523-b7aa-499b-8386-1ddf9927c226" status: 200 len: 258 microversion: 1.28 [pid: 8|app: 0|req: 675/1350] 199.204.45.116 () {34 vars in 862 bytes} [Wed May 27 02:07:56 2026] GET /allocations/ed6a2523-b7aa-499b-8386-1ddf9927c226 => generated 258 bytes in 18 msecs (HTTP/1.1 200) 8 headers in 296 bytes (1 switches on core 0)
2026-05-27 02:07:56.848 7 INFO placement.requestlog [req-28b91f24-3613-40c0-b6ad-0ffcb4117bdb req-6736a0db-5f96-420d-a934-43ca5b92cae7 9325fdbb930647a1a5f9236a6030ce1e 78c66a5760d44c108ec99bc052d8976e - - 3ca4f8ddccdc43e4a77594905467733c 3ca4f8ddccdc43e4a77594905467733c] 199.204.45.116 "DELETE /allocations/6c30951a-9bfd-41b5-9e23-2772d174831b" status: 204 len: 0 microversion: 1.0 [pid: 7|app: 0|req: 676/1351] 199.204.45.116 () {34 vars in 840 bytes} [Wed May 27 02:07:56 2026] DELETE /allocations/6c30951a-9bfd-41b5-9e23-2772d174831b => generated 0 bytes in 42 msecs (HTTP/1.1 204) 5 headers in 198 bytes (1 switches on core 0)
2026-05-27 02:07:58.219 8 INFO placement.requestlog [req-556efc45-c2e3-43db-a0c6-660ba5e4c2ce req-c90922be-746e-43af-9e4a-b5e53998b97c 9325fdbb930647a1a5f9236a6030ce1e 78c66a5760d44c108ec99bc052d8976e - - 3ca4f8ddccdc43e4a77594905467733c 3ca4f8ddccdc43e4a77594905467733c] 199.204.45.116 "GET /resource_providers/7eb65d93-17aa-4af4-9823-a145771478ef/allocations" status: 200 len: 253 microversion: 1.0 [pid: 8|app: 0|req: 676/1352] 199.204.45.116 () {32 vars in 856 bytes} [Wed May 27 02:07:58 2026] GET /resource_providers/7eb65d93-17aa-4af4-9823-a145771478ef/allocations => generated 253 bytes in 21 msecs (HTTP/1.1 200) 6 headers in 224 bytes (1 switches on core 0)
2026-05-27 02:07:58.246 7 INFO placement.requestlog [req-556efc45-c2e3-43db-a0c6-660ba5e4c2ce req-1b0df806-4beb-463e-8539-442894c0feba 9325fdbb930647a1a5f9236a6030ce1e 78c66a5760d44c108ec99bc052d8976e - - 3ca4f8ddccdc43e4a77594905467733c 3ca4f8ddccdc43e4a77594905467733c] 199.204.45.116 "GET /allocations/1581934f-0e31-44ec-88fa-6bb34d45cc34" status: 200 len: 258 microversion: 1.28 [pid: 7|app: 0|req: 677/1353] 199.204.45.116 () {34 vars in 862 bytes} [Wed May 27 02:07:58 2026] GET /allocations/1581934f-0e31-44ec-88fa-6bb34d45cc34 => generated 258 bytes in 16 msecs (HTTP/1.1 200) 8 headers in 296 bytes (1 switches on core 0)
2026-05-27 02:07:58.272 8 INFO placement.requestlog [req-556efc45-c2e3-43db-a0c6-660ba5e4c2ce req-a5d5bdbf-318a-4e38-9fd3-54ed991e3df6 9325fdbb930647a1a5f9236a6030ce1e 78c66a5760d44c108ec99bc052d8976e - - 3ca4f8ddccdc43e4a77594905467733c 3ca4f8ddccdc43e4a77594905467733c] 199.204.45.116 "GET /allocations/ed6a2523-b7aa-499b-8386-1ddf9927c226" status: 200 len: 258 microversion: 1.28 [pid: 8|app: 0|req: 677/1354] 199.204.45.116 () {34 vars in 862 bytes} [Wed May 27 02:07:58 2026] GET /allocations/ed6a2523-b7aa-499b-8386-1ddf9927c226 => generated 258 bytes in 18 msecs (HTTP/1.1 200) 8 headers in 296 bytes (1 switches on core 0)
2026-05-27 02:07:58.357 7 INFO placement.requestlog [req-556efc45-c2e3-43db-a0c6-660ba5e4c2ce req-29645b1c-a1e9-4421-aa07-523b05db00ae 9325fdbb930647a1a5f9236a6030ce1e 78c66a5760d44c108ec99bc052d8976e - - 3ca4f8ddccdc43e4a77594905467733c 3ca4f8ddccdc43e4a77594905467733c] 199.204.45.116 "DELETE /allocations/ed6a2523-b7aa-499b-8386-1ddf9927c226" status: 204 len: 0 microversion: 1.0 [pid: 7|app: 0|req: 678/1355] 199.204.45.116 () {34 vars in 840 bytes} [Wed May 27 02:07:58 2026] DELETE /allocations/ed6a2523-b7aa-499b-8386-1ddf9927c226 => generated 0 bytes in 28 msecs (HTTP/1.1 204) 5 headers in 198 bytes (1 switches on core 0)
2026-05-27 02:08:01.415 8 INFO placement.requestlog [None req-953913d0-05b5-4322-95fd-8ad07f7ceb70 - - - - - -] 10.0.0.4 "GET /" status: 200 len: 136 microversion: 1.0
2026-05-27 02:08:01.415 7 INFO placement.requestlog [None req-90ad8133-b3f6-48f5-8d1b-c44a067cf7bb - - - - - -] 10.0.0.4 "GET /" status: 200 len: 136 microversion: 1.0
2026-05-27 02:08:04.494 8 INFO placement.requestlog [req-e68a56d6-92ee-4368-9b34-7fb01ed4f2ef req-eb12b27d-96b2-4ab6-b68f-e67a7a6389a4 9325fdbb930647a1a5f9236a6030ce1e 78c66a5760d44c108ec99bc052d8976e - - 3ca4f8ddccdc43e4a77594905467733c 3ca4f8ddccdc43e4a77594905467733c] 199.204.45.116 "GET /resource_providers/7eb65d93-17aa-4af4-9823-a145771478ef/allocations" status: 200 len: 153 microversion: 1.0 [pid: 8|app: 0|req: 679/1358] 199.204.45.116 () {32 vars in 856 bytes} [Wed May 27 02:08:04 2026] GET /resource_providers/7eb65d93-17aa-4af4-9823-a145771478ef/allocations => generated 153 bytes in 19 msecs (HTTP/1.1 200) 6 headers in 224 bytes (1 switches on core 0)
2026-05-27 02:08:04.518 7 INFO placement.requestlog [req-e68a56d6-92ee-4368-9b34-7fb01ed4f2ef req-27a8f1e1-ccac-4f01-8298-315d47fe9431 9325fdbb930647a1a5f9236a6030ce1e 78c66a5760d44c108ec99bc052d8976e - - 3ca4f8ddccdc43e4a77594905467733c 3ca4f8ddccdc43e4a77594905467733c] 199.204.45.116 "GET /allocations/1581934f-0e31-44ec-88fa-6bb34d45cc34" status: 200 len: 258 microversion: 1.28 [pid: 7|app: 0|req: 680/1359] 199.204.45.116 () {34 vars in 862 bytes} [Wed May 27 02:08:04 2026] GET /allocations/1581934f-0e31-44ec-88fa-6bb34d45cc34 => generated 258 bytes in 17 msecs (HTTP/1.1 200) 8 headers in 296 bytes (1 switches on core 0)
2026-05-27 02:08:04.611 8 INFO placement.requestlog [req-e68a56d6-92ee-4368-9b34-7fb01ed4f2ef req-c2ba894a-e5f5-4518-941a-cac107e3196f 9325fdbb930647a1a5f9236a6030ce1e 78c66a5760d44c108ec99bc052d8976e - - 3ca4f8ddccdc43e4a77594905467733c 3ca4f8ddccdc43e4a77594905467733c] 199.204.45.116 "DELETE /allocations/1581934f-0e31-44ec-88fa-6bb34d45cc34" status: 204 len: 0 microversion: 1.0 [pid: 8|app: 0|req: 680/1360] 199.204.45.116 () {34 vars in 840 bytes} [Wed May 27 02:08:04 2026] DELETE /allocations/1581934f-0e31-44ec-88fa-6bb34d45cc34 => generated 0 bytes in 28 msecs (HTTP/1.1 204) 5 headers in 198 bytes (1 switches on core 0)
