2026-05-27 01:52:01.415 7 INFO placement.requestlog [None req-b3b32efc-4598-4030-a658-39d0562f4eff - - - - - -] 10.0.0.4 "GET /" status: 200 len: 136 microversion: 1.0
2026-05-27 01:52:11.415 8 INFO placement.requestlog [None req-b0a1ea52-2bb0-44b8-a443-e071e674ed52 - - - - - -] 10.0.0.4 "GET /" status: 200 len: 136 microversion: 1.0
2026-05-27 01:52:11.415 7 INFO placement.requestlog [None req-1edd4eb1-30f8-4376-a7e7-2fddb43e286e - - - - - -] 10.0.0.4 "GET /" status: 200 len: 136 microversion: 1.0
2026-05-27 01:52:21.415 7 INFO placement.requestlog [None req-ef960ee7-035d-45da-965e-a74d66da2132 - - - - - -] 10.0.0.4 "GET /" status: 200 len: 136 microversion: 1.0
2026-05-27 01:52:21.415 8 INFO placement.requestlog [None req-528c5c12-23fa-47cb-bf26-e9d9f08166ad - - - - - -] 10.0.0.4 "GET /" status: 200 len: 136 microversion: 1.0
2026-05-27 01:52:31.415 7 INFO placement.requestlog [None req-36480a6c-5899-4eaa-a68d-d513a2502b64 - - - - - -] 10.0.0.4 "GET /" status: 200 len: 136 microversion: 1.0
2026-05-27 01:52:31.415 8 INFO placement.requestlog [None req-f1863c72-68c7-4e08-9de6-e8b3e3b3a10e - - - - - -] 10.0.0.4 "GET /" status: 200 len: 136 microversion: 1.0
2026-05-27 01:52:41.414 7 INFO placement.requestlog [None req-9d0177df-9be4-4990-804d-6ad7cf5a65b5 - - - - - -] 10.0.0.4 "GET /" status: 200 len: 136 microversion: 1.0
2026-05-27 01:52:41.414 8 INFO placement.requestlog [None req-a0faa8b9-5814-43b9-b980-c94ac379a3a8 - - - - - -] 10.0.0.4 "GET /" status: 200 len: 136 microversion: 1.0
2026-05-27 01:52:51.415 8 INFO placement.requestlog [None req-b916efd6-7953-4d84-9e14-59e5ae9a691f - - - - - -] 10.0.0.4 "GET /" status: 200 len: 136 microversion: 1.0
2026-05-27 01:52:51.415 7 INFO placement.requestlog [None req-5fe477f1-c280-4fa7-a5d6-eee03967093c - - - - - -] 10.0.0.4 "GET /" status: 200 len: 136 microversion: 1.0
2026-05-27 01:52:58.223 8 INFO placement.requestlog [req-02512f3b-4e21-4631-9e75-b17514d976de req-ef2a0eaf-cc3f-4c90-87ff-8009820bf351 9325fdbb930647a1a5f9236a6030ce1e 78c66a5760d44c108ec99bc052d8976e - - 3ca4f8ddccdc43e4a77594905467733c 3ca4f8ddccdc43e4a77594905467733c] 199.204.45.116 "GET /resource_providers/7eb65d93-17aa-4af4-9823-a145771478ef/allocations" status: 200 len: 54 microversion: 1.0 [pid: 8|app: 0|req: 299/596] 199.204.45.116 () {32 vars in 856 bytes} [Wed May 27 01:52:58 2026] GET /resource_providers/7eb65d93-17aa-4af4-9823-a145771478ef/allocations => generated 54 bytes in 15 msecs (HTTP/1.1 200) 6 headers in 223 bytes (1 switches on core 0)
2026-05-27 01:52:58.249 7 INFO placement.requestlog [req-02512f3b-4e21-4631-9e75-b17514d976de req-91cc8616-ba9c-41bf-a566-8887925c1164 9325fdbb930647a1a5f9236a6030ce1e 78c66a5760d44c108ec99bc052d8976e - - 3ca4f8ddccdc43e4a77594905467733c 3ca4f8ddccdc43e4a77594905467733c] 199.204.45.116 "GET /resource_providers/7eb65d93-17aa-4af4-9823-a145771478ef/allocations" status: 200 len: 54 microversion: 1.0 [pid: 7|app: 0|req: 298/597] 199.204.45.116 () {32 vars in 856 bytes} [Wed May 27 01:52:58 2026] GET /resource_providers/7eb65d93-17aa-4af4-9823-a145771478ef/allocations => generated 54 bytes in 20 msecs (HTTP/1.1 200) 6 headers in 223 bytes (1 switches on core 0)
2026-05-27 01:53:01.415 8 INFO placement.requestlog [None req-2cb358f3-5f2e-4d75-aed4-68fdddfbaa93 - - - - - -] 10.0.0.4 "GET /" status: 200 len: 136 microversion: 1.0
2026-05-27 01:53:01.415 7 INFO placement.requestlog [None req-095bcbc6-3199-494f-a2d2-31ee59250aa0 - - - - - -] 10.0.0.4 "GET /" status: 200 len: 136 microversion: 1.0
2026-05-27 01:53:11.415 8 INFO placement.requestlog [None req-7a700e8f-edb9-47fb-9fcc-5ce8730eebf1 - - - - - -] 10.0.0.4 "GET /" status: 200 len: 136 microversion: 1.0
2026-05-27 01:53:11.416 7 INFO placement.requestlog [None req-d4ffbaa2-1cea-4ca4-9235-0ecc080b0a28 - - - - - -] 10.0.0.4 "GET /" status: 200 len: 136 microversion: 1.0
2026-05-27 01:53:21.415 8 INFO placement.requestlog [None req-9bda1a75-fef7-40f1-99ad-5572cb800e48 - - - - - -] 10.0.0.4 "GET /" status: 200 len: 136 microversion: 1.0
2026-05-27 01:53:21.415 7 INFO placement.requestlog [None req-c25d785f-29b2-4f48-99e1-cfe632199ae4 - - - - - -] 10.0.0.4 "GET /" status: 200 len: 136 microversion: 1.0
2026-05-27 01:53:31.415 8 INFO placement.requestlog [None req-bdb2e72c-1f64-4b38-b6da-151d9dad8875 - - - - - -] 10.0.0.4 "GET /" status: 200 len: 136 microversion: 1.0
2026-05-27 01:53:31.415 7 INFO placement.requestlog [None req-2bc09339-e0f1-4a65-947e-cbd1318de93a - - - - - -] 10.0.0.4 "GET /" status: 200 len: 136 microversion: 1.0
2026-05-27 01:53:41.414 8 INFO placement.requestlog [None req-682895a3-cec8-44b6-bba2-dafd6eb52598 - - - - - -] 10.0.0.4 "GET /" status: 200 len: 136 microversion: 1.0
2026-05-27 01:53:41.415 7 INFO placement.requestlog [None req-66843771-7b6a-45ad-8627-22366f257944 - - - - - -] 10.0.0.4 "GET /" status: 200 len: 136 microversion: 1.0
2026-05-27 01:53:51.415 8 INFO placement.requestlog [None req-aaa0f18c-77f6-4865-a62a-18f8c7bd7dfb - - - - - -] 10.0.0.4 "GET /" status: 200 len: 136 microversion: 1.0
2026-05-27 01:53:51.415 7 INFO placement.requestlog [None req-47162f43-1131-4868-bc8b-4e6849f42b11 - - - - - -] 10.0.0.4 "GET /" status: 200 len: 136 microversion: 1.0
2026-05-27 01:53:59.142 8 INFO placement.requestlog [req-b1f3a080-f485-4ce3-8f57-4eee46330551 req-4b5867c7-6d77-4abf-9585-28e5b02eaa05 9325fdbb930647a1a5f9236a6030ce1e 78c66a5760d44c108ec99bc052d8976e - - 3ca4f8ddccdc43e4a77594905467733c 3ca4f8ddccdc43e4a77594905467733c] 199.204.45.116 "GET /resource_providers/7eb65d93-17aa-4af4-9823-a145771478ef/allocations" status: 200 len: 54 microversion: 1.0 [pid: 8|app: 0|req: 306/610] 199.204.45.116 () {32 vars in 856 bytes} [Wed May 27 01:53:59 2026] GET /resource_providers/7eb65d93-17aa-4af4-9823-a145771478ef/allocations => generated 54 bytes in 18 msecs (HTTP/1.1 200) 6 headers in 223 bytes (1 switches on core 0)
2026-05-27 01:53:59.171 7 INFO placement.requestlog [req-b1f3a080-f485-4ce3-8f57-4eee46330551 req-55e82b10-dd65-4fcd-a5e9-ea9bc725c57b 9325fdbb930647a1a5f9236a6030ce1e 78c66a5760d44c108ec99bc052d8976e - - 3ca4f8ddccdc43e4a77594905467733c 3ca4f8ddccdc43e4a77594905467733c] 199.204.45.116 "GET /resource_providers/7eb65d93-17aa-4af4-9823-a145771478ef/allocations" status: 200 len: 54 microversion: 1.0 [pid: 7|app: 0|req: 305/611] 199.204.45.116 () {32 vars in 856 bytes} [Wed May 27 01:53:59 2026] GET /resource_providers/7eb65d93-17aa-4af4-9823-a145771478ef/allocations => generated 54 bytes in 21 msecs (HTTP/1.1 200) 6 headers in 223 bytes (1 switches on core 0)
2026-05-27 01:54:01.414 8 INFO placement.requestlog [None req-641e890d-9df1-4154-839e-2e79176daecc - - - - - -] 10.0.0.4 "GET /" status: 200 len: 136 microversion: 1.0
2026-05-27 01:54:01.415 7 INFO placement.requestlog [None req-49803383-699e-41b2-b7f2-9f0c61d35a89 - - - - - -] 10.0.0.4 "GET /" status: 200 len: 136 microversion: 1.0
2026-05-27 01:54:11.414 8 INFO placement.requestlog [None req-fddcb61d-81f4-4a09-af7e-89a69b2a8d65 - - - - - -] 10.0.0.4 "GET /" status: 200 len: 136 microversion: 1.0
2026-05-27 01:54:11.415 7 INFO placement.requestlog [None req-c7efb23e-a059-4dc4-84eb-25498ae37cc6 - - - - - -] 10.0.0.4 "GET /" status: 200 len: 136 microversion: 1.0
2026-05-27 01:54:21.415 8 INFO placement.requestlog [None req-812ff9eb-18a2-4b47-bb81-53cd356dce48 - - - - - -] 10.0.0.4 "GET /" status: 200 len: 136 microversion: 1.0
2026-05-27 01:54:21.416 7 INFO placement.requestlog [None req-084bb01f-683a-4098-8e5c-a127b045c948 - - - - - -] 10.0.0.4 "GET /" status: 200 len: 136 microversion: 1.0
2026-05-27 01:54:23.846 8 INFO placement.requestlog [req-bd61fcc2-ed22-4f84-915b-a81ee3d81126 req-c83779b0-1108-461c-9ade-ae89162eb26d 9325fdbb930647a1a5f9236a6030ce1e 78c66a5760d44c108ec99bc052d8976e - - 3ca4f8ddccdc43e4a77594905467733c 3ca4f8ddccdc43e4a77594905467733c] 10.0.0.239 "GET /allocation_candidates?limit=1000&resources=DISK_GB%3A1%2CMEMORY_MB%3A512%2CVCPU%3A1&root_required=%21COMPUTE_STATUS_DISABLED" status: 200 len: 2217 microversion: 1.36 [pid: 8|app: 0|req: 310/618] 10.0.0.239 () {34 vars in 1011 bytes} [Wed May 27 01:54:23 2026] GET /allocation_candidates?limit=1000&resources=DISK_GB%3A1%2CMEMORY_MB%3A512%2CVCPU%3A1&root_required=%21COMPUTE_STATUS_DISABLED => generated 2217 bytes in 178 msecs (HTTP/1.1 200) 8 headers in 297 bytes (1 switches on core 0)
2026-05-27 01:54:23.895 7 INFO placement.requestlog [req-bd61fcc2-ed22-4f84-915b-a81ee3d81126 req-c597ee87-076a-469e-a75d-b3bffd2f65c5 9325fdbb930647a1a5f9236a6030ce1e 78c66a5760d44c108ec99bc052d8976e - - 3ca4f8ddccdc43e4a77594905467733c 3ca4f8ddccdc43e4a77594905467733c] 10.0.0.239 "GET /allocations/536cff37-0397-48ea-b0f7-554114ca8479" status: 200 len: 19 microversion: 1.28 [pid: 7|app: 0|req: 309/619] 10.0.0.239 () {34 vars in 860 bytes} [Wed May 27 01:54:23 2026] GET /allocations/536cff37-0397-48ea-b0f7-554114ca8479 => generated 19 bytes in 25 msecs (HTTP/1.1 200) 8 headers in 295 bytes (1 switches on core 0)
2026-05-27 01:54:23.984 8 INFO placement.requestlog [req-bd61fcc2-ed22-4f84-915b-a81ee3d81126 req-c94047cc-fc9c-4503-83fe-6a25033f8426 9325fdbb930647a1a5f9236a6030ce1e 78c66a5760d44c108ec99bc052d8976e - - 3ca4f8ddccdc43e4a77594905467733c 3ca4f8ddccdc43e4a77594905467733c] 10.0.0.239 "PUT /allocations/536cff37-0397-48ea-b0f7-554114ca8479" status: 204 len: 0 microversion: 1.36 [pid: 8|app: 0|req: 311/620] 10.0.0.239 () {38 vars in 913 bytes} [Wed May 27 01:54:23 2026] PUT /allocations/536cff37-0397-48ea-b0f7-554114ca8479 => generated 0 bytes in 79 msecs (HTTP/1.1 204) 5 headers in 199 bytes (1 switches on core 0)
2026-05-27 01:54:24.503 7 INFO placement.requestlog [req-bd61fcc2-ed22-4f84-915b-a81ee3d81126 req-9e1efe6d-6197-4715-910a-56410d2a36e4 9325fdbb930647a1a5f9236a6030ce1e 78c66a5760d44c108ec99bc052d8976e - - 3ca4f8ddccdc43e4a77594905467733c 3ca4f8ddccdc43e4a77594905467733c] 199.204.45.116 "GET /allocations/536cff37-0397-48ea-b0f7-554114ca8479" status: 200 len: 257 microversion: 1.28 [pid: 7|app: 0|req: 310/621] 199.204.45.116 () {34 vars in 862 bytes} [Wed May 27 01:54:24 2026] GET /allocations/536cff37-0397-48ea-b0f7-554114ca8479 => generated 257 bytes in 24 msecs (HTTP/1.1 200) 8 headers in 296 bytes (1 switches on core 0)
2026-05-27 01:54:24.657 8 INFO placement.requestlog [req-bd61fcc2-ed22-4f84-915b-a81ee3d81126 req-1a724f2e-8f4f-4ce6-bfea-9b4fb8038add 9325fdbb930647a1a5f9236a6030ce1e 78c66a5760d44c108ec99bc052d8976e - - 3ca4f8ddccdc43e4a77594905467733c 3ca4f8ddccdc43e4a77594905467733c] 199.204.45.116 "GET /resource_providers/7eb65d93-17aa-4af4-9823-a145771478ef/allocations" status: 200 len: 152 microversion: 1.0 [pid: 8|app: 0|req: 312/622] 199.204.45.116 () {32 vars in 856 bytes} [Wed May 27 01:54:24 2026] GET /resource_providers/7eb65d93-17aa-4af4-9823-a145771478ef/allocations => generated 152 bytes in 19 msecs (HTTP/1.1 200) 6 headers in 224 bytes (1 switches on core 0)
2026-05-27 01:54:24.697 7 INFO placement.requestlog [req-bd61fcc2-ed22-4f84-915b-a81ee3d81126 req-78e249ea-7750-4166-8b1e-2c770d29d1ed 9325fdbb930647a1a5f9236a6030ce1e 78c66a5760d44c108ec99bc052d8976e - - 3ca4f8ddccdc43e4a77594905467733c 3ca4f8ddccdc43e4a77594905467733c] 199.204.45.116 "GET /allocations/536cff37-0397-48ea-b0f7-554114ca8479" status: 200 len: 257 microversion: 1.28 [pid: 7|app: 0|req: 311/623] 199.204.45.116 () {34 vars in 862 bytes} [Wed May 27 01:54:24 2026] GET /allocations/536cff37-0397-48ea-b0f7-554114ca8479 => generated 257 bytes in 28 msecs (HTTP/1.1 200) 8 headers in 296 bytes (1 switches on core 0)
2026-05-27 01:54:28.695 8 INFO placement.requestlog [None req-e4af8cd4-70d6-4754-a0a4-e3d846d77dc7 f490ebeea1c74ea3ab0b5a6a0bd25495 78c66a5760d44c108ec99bc052d8976e - - 3ca4f8ddccdc43e4a77594905467733c 3ca4f8ddccdc43e4a77594905467733c] 10.0.0.213 "GET /resource_providers/239f83ea-2b63-4249-9d7e-e9f828189d88/aggregates" status: 404 len: 235 microversion: 1.1 [pid: 8|app: 0|req: 313/624] 10.0.0.213 () {32 vars in 815 bytes} [Wed May 27 01:54:28 2026] GET /resource_providers/239f83ea-2b63-4249-9d7e-e9f828189d88/aggregates => generated 235 bytes in 58 msecs (HTTP/1.1 404) 5 headers in 202 bytes (1 switches on core 0)
2026-05-27 01:54:28.721 8 INFO placement.requestlog [None req-c945d936-bdad-4989-acc2-17482b331de7 f490ebeea1c74ea3ab0b5a6a0bd25495 78c66a5760d44c108ec99bc052d8976e - - 3ca4f8ddccdc43e4a77594905467733c 3ca4f8ddccdc43e4a77594905467733c] 10.0.0.213 "DELETE /resource_providers/239f83ea-2b63-4249-9d7e-e9f828189d88" status: 404 len: 246 microversion: 1.1 [pid: 8|app: 0|req: 314/625] 10.0.0.213 () {34 vars in 815 bytes} [Wed May 27 01:54:28 2026] DELETE /resource_providers/239f83ea-2b63-4249-9d7e-e9f828189d88 => generated 246 bytes in 15 msecs (HTTP/1.1 404) 6 headers in 231 bytes (1 switches on core 0)
2026-05-27 01:54:28.745 7 INFO placement.requestlog [None req-39b27703-5e05-4381-bd5e-2526b6fa57d8 f490ebeea1c74ea3ab0b5a6a0bd25495 78c66a5760d44c108ec99bc052d8976e - - 3ca4f8ddccdc43e4a77594905467733c 3ca4f8ddccdc43e4a77594905467733c] 10.0.0.213 "GET /resource_providers/239f83ea-2b63-4249-9d7e-e9f828189d88/aggregates" status: 404 len: 235 microversion: 1.1 [pid: 7|app: 0|req: 312/626] 10.0.0.213 () {32 vars in 815 bytes} [Wed May 27 01:54:28 2026] GET /resource_providers/239f83ea-2b63-4249-9d7e-e9f828189d88/aggregates => generated 235 bytes in 81 msecs (HTTP/1.1 404) 5 headers in 202 bytes (1 switches on core 0)
2026-05-27 01:54:28.766 8 INFO placement.requestlog [None req-3312b812-2c09-412d-a9c9-510f3bbd4a16 f490ebeea1c74ea3ab0b5a6a0bd25495 78c66a5760d44c108ec99bc052d8976e - - 3ca4f8ddccdc43e4a77594905467733c 3ca4f8ddccdc43e4a77594905467733c] 10.0.0.213 "DELETE /resource_providers/239f83ea-2b63-4249-9d7e-e9f828189d88" status: 404 len: 246 microversion: 1.1 [pid: 8|app: 0|req: 315/627] 10.0.0.213 () {34 vars in 815 bytes} [Wed May 27 01:54:28 2026] DELETE /resource_providers/239f83ea-2b63-4249-9d7e-e9f828189d88 => generated 246 bytes in 15 msecs (HTTP/1.1 404) 6 headers in 231 bytes (1 switches on core 0)
2026-05-27 01:54:29.330 7 INFO placement.requestlog [None req-42bcf1cf-b659-49f0-bbd8-945912dec08e f490ebeea1c74ea3ab0b5a6a0bd25495 78c66a5760d44c108ec99bc052d8976e - - 3ca4f8ddccdc43e4a77594905467733c 3ca4f8ddccdc43e4a77594905467733c] 10.0.0.213 "GET /resource_providers/102a1d51-89c5-493e-82d2-9d20124ca5ee/aggregates" status: 404 len: 235 microversion: 1.1 [pid: 7|app: 0|req: 313/628] 10.0.0.213 () {32 vars in 815 bytes} [Wed May 27 01:54:29 2026] GET /resource_providers/102a1d51-89c5-493e-82d2-9d20124ca5ee/aggregates => generated 235 bytes in 57 msecs (HTTP/1.1 404) 5 headers in 202 bytes (1 switches on core 0)
2026-05-27 01:54:29.351 7 INFO placement.requestlog [None req-1e3e27a6-8f26-45f3-9989-8ca397f7a4aa f490ebeea1c74ea3ab0b5a6a0bd25495 78c66a5760d44c108ec99bc052d8976e - - 3ca4f8ddccdc43e4a77594905467733c 3ca4f8ddccdc43e4a77594905467733c] 10.0.0.213 "DELETE /resource_providers/102a1d51-89c5-493e-82d2-9d20124ca5ee" status: 404 len: 246 microversion: 1.1 [pid: 7|app: 0|req: 314/629] 10.0.0.213 () {34 vars in 815 bytes} [Wed May 27 01:54:29 2026] DELETE /resource_providers/102a1d51-89c5-493e-82d2-9d20124ca5ee => generated 246 bytes in 9 msecs (HTTP/1.1 404) 6 headers in 231 bytes (1 switches on core 0)
2026-05-27 01:54:29.364 8 INFO placement.requestlog [None req-f3cdf564-f26f-43b5-b8f8-a78d1b624c21 f490ebeea1c74ea3ab0b5a6a0bd25495 78c66a5760d44c108ec99bc052d8976e - - 3ca4f8ddccdc43e4a77594905467733c 3ca4f8ddccdc43e4a77594905467733c] 10.0.0.213 "GET /resource_providers/102a1d51-89c5-493e-82d2-9d20124ca5ee/aggregates" status: 404 len: 235 microversion: 1.1 [pid: 8|app: 0|req: 316/630] 10.0.0.213 () {32 vars in 815 bytes} [Wed May 27 01:54:29 2026] GET /resource_providers/102a1d51-89c5-493e-82d2-9d20124ca5ee/aggregates => generated 235 bytes in 81 msecs (HTTP/1.1 404) 5 headers in 202 bytes (1 switches on core 0)
2026-05-27 01:54:29.382 7 INFO placement.requestlog [None req-fe1e8b79-5e84-43a5-ae18-ea7a4a32ad87 f490ebeea1c74ea3ab0b5a6a0bd25495 78c66a5760d44c108ec99bc052d8976e - - 3ca4f8ddccdc43e4a77594905467733c 3ca4f8ddccdc43e4a77594905467733c] 10.0.0.213 "DELETE /resource_providers/102a1d51-89c5-493e-82d2-9d20124ca5ee" status: 404 len: 246 microversion: 1.1 [pid: 7|app: 0|req: 315/631] 10.0.0.213 () {34 vars in 815 bytes} [Wed May 27 01:54:29 2026] DELETE /resource_providers/102a1d51-89c5-493e-82d2-9d20124ca5ee => generated 246 bytes in 8 msecs (HTTP/1.1 404) 6 headers in 231 bytes (1 switches on core 0)
2026-05-27 01:54:30.767 8 INFO placement.requestlog [None req-7523e983-9565-4704-8f91-cc0232c0c39f f490ebeea1c74ea3ab0b5a6a0bd25495 78c66a5760d44c108ec99bc052d8976e - - 3ca4f8ddccdc43e4a77594905467733c 3ca4f8ddccdc43e4a77594905467733c] 10.0.0.213 "GET /resource_providers/c86909df-9c52-4691-81ed-0246b3c1316f/aggregates" status: 404 len: 235 microversion: 1.1 [pid: 8|app: 0|req: 317/632] 10.0.0.213 () {32 vars in 815 bytes} [Wed May 27 01:54:30 2026] GET /resource_providers/c86909df-9c52-4691-81ed-0246b3c1316f/aggregates => generated 235 bytes in 21 msecs (HTTP/1.1 404) 5 headers in 202 bytes (1 switches on core 0)
2026-05-27 01:54:30.799 8 INFO placement.requestlog [None req-d299d2db-01d9-4aaf-ac9d-4c6a51530160 f490ebeea1c74ea3ab0b5a6a0bd25495 78c66a5760d44c108ec99bc052d8976e - - 3ca4f8ddccdc43e4a77594905467733c 3ca4f8ddccdc43e4a77594905467733c] 10.0.0.213 "GET /resource_providers/c86909df-9c52-4691-81ed-0246b3c1316f/aggregates" status: 404 len: 235 microversion: 1.1 [pid: 8|app: 0|req: 318/633] 10.0.0.213 () {32 vars in 815 bytes} [Wed May 27 01:54:30 2026] GET /resource_providers/c86909df-9c52-4691-81ed-0246b3c1316f/aggregates => generated 235 bytes in 20 msecs (HTTP/1.1 404) 5 headers in 202 bytes (1 switches on core 0)
2026-05-27 01:54:30.803 7 INFO placement.requestlog [None req-610a336f-b331-4364-8c35-f4062a44f20f f490ebeea1c74ea3ab0b5a6a0bd25495 78c66a5760d44c108ec99bc052d8976e - - 3ca4f8ddccdc43e4a77594905467733c 3ca4f8ddccdc43e4a77594905467733c] 10.0.0.213 "DELETE /resource_providers/c86909df-9c52-4691-81ed-0246b3c1316f" status: 404 len: 246 microversion: 1.1 [pid: 7|app: 0|req: 316/634] 10.0.0.213 () {34 vars in 815 bytes} [Wed May 27 01:54:30 2026] DELETE /resource_providers/c86909df-9c52-4691-81ed-0246b3c1316f => generated 246 bytes in 27 msecs (HTTP/1.1 404) 6 headers in 231 bytes (1 switches on core 0)
2026-05-27 01:54:30.819 8 INFO placement.requestlog [None req-82fda466-b6d1-4d17-8f9b-d59aecede642 f490ebeea1c74ea3ab0b5a6a0bd25495 78c66a5760d44c108ec99bc052d8976e - - 3ca4f8ddccdc43e4a77594905467733c 3ca4f8ddccdc43e4a77594905467733c] 10.0.0.213 "DELETE /resource_providers/c86909df-9c52-4691-81ed-0246b3c1316f" status: 404 len: 246 microversion: 1.1 [pid: 8|app: 0|req: 319/635] 10.0.0.213 () {34 vars in 815 bytes} [Wed May 27 01:54:30 2026] DELETE /resource_providers/c86909df-9c52-4691-81ed-0246b3c1316f => generated 246 bytes in 12 msecs (HTTP/1.1 404) 6 headers in 231 bytes (1 switches on core 0)
2026-05-27 01:54:31.373 8 INFO placement.requestlog [None req-b9f5a20b-8320-4488-a3c8-df84b0e6daad f490ebeea1c74ea3ab0b5a6a0bd25495 78c66a5760d44c108ec99bc052d8976e - - 3ca4f8ddccdc43e4a77594905467733c 3ca4f8ddccdc43e4a77594905467733c] 10.0.0.213 "GET /resource_providers/71540ffe-e9e7-4e60-9d82-37a28d84138e/aggregates" status: 404 len: 235 microversion: 1.1 [pid: 8|app: 0|req: 320/636] 10.0.0.213 () {32 vars in 815 bytes} [Wed May 27 01:54:31 2026] GET /resource_providers/71540ffe-e9e7-4e60-9d82-37a28d84138e/aggregates => generated 235 bytes in 14 msecs (HTTP/1.1 404) 5 headers in 202 bytes (1 switches on core 0)
2026-05-27 01:54:31.392 7 INFO placement.requestlog [req-63b9aee0-c6a1-4b8d-82a0-9ed87e2860c9 req-371652cc-5137-41cb-9a34-bb82fe609ea2 9325fdbb930647a1a5f9236a6030ce1e 78c66a5760d44c108ec99bc052d8976e - - 3ca4f8ddccdc43e4a77594905467733c 3ca4f8ddccdc43e4a77594905467733c] 10.0.0.239 "GET /allocation_candidates?limit=1000&resources=DISK_GB%3A1%2CMEMORY_MB%3A512%2CVCPU%3A1&root_required=%21COMPUTE_STATUS_DISABLED" status: 200 len: 2219 microversion: 1.36 [pid: 7|app: 0|req: 317/637] 10.0.0.239 () {34 vars in 1011 bytes} [Wed May 27 01:54:31 2026] GET /allocation_candidates?limit=1000&resources=DISK_GB%3A1%2CMEMORY_MB%3A512%2CVCPU%3A1&root_required=%21COMPUTE_STATUS_DISABLED => generated 2219 bytes in 55 msecs (HTTP/1.1 200) 8 headers in 297 bytes (1 switches on core 0)
2026-05-27 01:54:31.414 8 INFO placement.requestlog [None req-0610a1d6-b48f-40d0-aefe-93b6877cad00 - - - - - -] 10.0.0.4 "GET /" status: 200 len: 136 microversion: 1.0
2026-05-27 01:54:31.415 7 INFO placement.requestlog [None req-a07f787b-f784-416f-acfb-a3ef48400f97 - - - - - -] 10.0.0.4 "GET /" status: 200 len: 136 microversion: 1.0
2026-05-27 01:54:31.433 8 INFO placement.requestlog [None req-34865dec-93f4-4c6b-b664-0d3e38f6f803 f490ebeea1c74ea3ab0b5a6a0bd25495 78c66a5760d44c108ec99bc052d8976e - - 3ca4f8ddccdc43e4a77594905467733c 3ca4f8ddccdc43e4a77594905467733c] 10.0.0.213 "DELETE /resource_providers/71540ffe-e9e7-4e60-9d82-37a28d84138e" status: 404 len: 246 microversion: 1.1 [pid: 8|app: 0|req: 322/640] 10.0.0.213 () {34 vars in 815 bytes} [Wed May 27 01:54:31 2026] DELETE /resource_providers/71540ffe-e9e7-4e60-9d82-37a28d84138e => generated 246 bytes in 16 msecs (HTTP/1.1 404) 6 headers in 231 bytes (1 switches on core 0)
2026-05-27 01:54:31.435 7 INFO placement.requestlog [None req-370c45cb-9122-47b7-8c42-1e6078d92369 f490ebeea1c74ea3ab0b5a6a0bd25495 78c66a5760d44c108ec99bc052d8976e - - 3ca4f8ddccdc43e4a77594905467733c 3ca4f8ddccdc43e4a77594905467733c] 10.0.0.213 "GET /resource_providers/71540ffe-e9e7-4e60-9d82-37a28d84138e/aggregates" status: 404 len: 235 microversion: 1.1 [pid: 7|app: 0|req: 319/641] 10.0.0.213 () {32 vars in 815 bytes} [Wed May 27 01:54:31 2026] GET /resource_providers/71540ffe-e9e7-4e60-9d82-37a28d84138e/aggregates => generated 235 bytes in 17 msecs (HTTP/1.1 404) 5 headers in 202 bytes (1 switches on core 0)
2026-05-27 01:54:31.444 8 INFO placement.requestlog [req-63b9aee0-c6a1-4b8d-82a0-9ed87e2860c9 req-01e68750-1b55-4aad-a54f-e1ac6b3c6b3f 9325fdbb930647a1a5f9236a6030ce1e 78c66a5760d44c108ec99bc052d8976e - - 3ca4f8ddccdc43e4a77594905467733c 3ca4f8ddccdc43e4a77594905467733c] 10.0.0.239 "GET /allocations/28565cbe-c292-4a0f-86de-876bca255716" status: 200 len: 19 microversion: 1.28 [pid: 8|app: 0|req: 323/642] 10.0.0.239 () {34 vars in 860 bytes} [Wed May 27 01:54:31 2026] GET /allocations/28565cbe-c292-4a0f-86de-876bca255716 => generated 19 bytes in 10 msecs (HTTP/1.1 200) 8 headers in 295 bytes (1 switches on core 0)
2026-05-27 01:54:31.457 7 INFO placement.requestlog [None req-051c64b9-6d97-434b-86e3-78876c6dee1a f490ebeea1c74ea3ab0b5a6a0bd25495 78c66a5760d44c108ec99bc052d8976e - - 3ca4f8ddccdc43e4a77594905467733c 3ca4f8ddccdc43e4a77594905467733c] 10.0.0.213 "DELETE /resource_providers/71540ffe-e9e7-4e60-9d82-37a28d84138e" status: 404 len: 246 microversion: 1.1 [pid: 7|app: 0|req: 320/643] 10.0.0.213 () {34 vars in 815 bytes} [Wed May 27 01:54:31 2026] DELETE /resource_providers/71540ffe-e9e7-4e60-9d82-37a28d84138e => generated 246 bytes in 12 msecs (HTTP/1.1 404) 6 headers in 231 bytes (1 switches on core 0)
2026-05-27 01:54:31.544 8 INFO placement.requestlog [req-63b9aee0-c6a1-4b8d-82a0-9ed87e2860c9 req-e768aa41-1cb8-47cf-96b4-2e6711f17e05 9325fdbb930647a1a5f9236a6030ce1e 78c66a5760d44c108ec99bc052d8976e - - 3ca4f8ddccdc43e4a77594905467733c 3ca4f8ddccdc43e4a77594905467733c] 10.0.0.239 "PUT /allocations/28565cbe-c292-4a0f-86de-876bca255716" status: 204 len: 0 microversion: 1.36 [pid: 8|app: 0|req: 324/644] 10.0.0.239 () {38 vars in 913 bytes} [Wed May 27 01:54:31 2026] PUT /allocations/28565cbe-c292-4a0f-86de-876bca255716 => generated 0 bytes in 93 msecs (HTTP/1.1 204) 5 headers in 199 bytes (1 switches on core 0)
2026-05-27 01:54:31.937 7 INFO placement.requestlog [req-63b9aee0-c6a1-4b8d-82a0-9ed87e2860c9 req-3f1448b0-6378-48b8-afcb-0f07bc8d0d0d 9325fdbb930647a1a5f9236a6030ce1e 78c66a5760d44c108ec99bc052d8976e - - 3ca4f8ddccdc43e4a77594905467733c 3ca4f8ddccdc43e4a77594905467733c] 199.204.45.116 "GET /allocations/28565cbe-c292-4a0f-86de-876bca255716" status: 200 len: 257 microversion: 1.28 [pid: 7|app: 0|req: 321/645] 199.204.45.116 () {34 vars in 862 bytes} [Wed May 27 01:54:31 2026] GET /allocations/28565cbe-c292-4a0f-86de-876bca255716 => generated 257 bytes in 17 msecs (HTTP/1.1 200) 8 headers in 296 bytes (1 switches on core 0)
2026-05-27 01:54:32.079 8 INFO placement.requestlog [req-63b9aee0-c6a1-4b8d-82a0-9ed87e2860c9 req-b1945955-81ba-4320-8d7c-2f3f60a716ff 9325fdbb930647a1a5f9236a6030ce1e 78c66a5760d44c108ec99bc052d8976e - - 3ca4f8ddccdc43e4a77594905467733c 3ca4f8ddccdc43e4a77594905467733c] 199.204.45.116 "GET /resource_providers/7eb65d93-17aa-4af4-9823-a145771478ef/allocations" status: 200 len: 252 microversion: 1.0 [pid: 8|app: 0|req: 325/646] 199.204.45.116 () {32 vars in 856 bytes} [Wed May 27 01:54:32 2026] GET /resource_providers/7eb65d93-17aa-4af4-9823-a145771478ef/allocations => generated 252 bytes in 21 msecs (HTTP/1.1 200) 6 headers in 224 bytes (1 switches on core 0)
2026-05-27 01:54:32.103 7 INFO placement.requestlog [req-63b9aee0-c6a1-4b8d-82a0-9ed87e2860c9 req-3067cfa8-76f9-4e60-8528-0fda7859543e 9325fdbb930647a1a5f9236a6030ce1e 78c66a5760d44c108ec99bc052d8976e - - 3ca4f8ddccdc43e4a77594905467733c 3ca4f8ddccdc43e4a77594905467733c] 199.204.45.116 "GET /allocations/28565cbe-c292-4a0f-86de-876bca255716" status: 200 len: 257 microversion: 1.28 [pid: 7|app: 0|req: 322/647] 199.204.45.116 () {34 vars in 862 bytes} [Wed May 27 01:54:32 2026] GET /allocations/28565cbe-c292-4a0f-86de-876bca255716 => generated 257 bytes in 15 msecs (HTTP/1.1 200) 8 headers in 296 bytes (1 switches on core 0)
2026-05-27 01:54:32.128 8 INFO placement.requestlog [req-63b9aee0-c6a1-4b8d-82a0-9ed87e2860c9 req-f7a67f5d-c09c-4c32-aaef-bffc86efa1c6 9325fdbb930647a1a5f9236a6030ce1e 78c66a5760d44c108ec99bc052d8976e - - 3ca4f8ddccdc43e4a77594905467733c 3ca4f8ddccdc43e4a77594905467733c] 199.204.45.116 "GET /allocations/536cff37-0397-48ea-b0f7-554114ca8479" status: 200 len: 257 microversion: 1.28 [pid: 8|app: 0|req: 326/648] 199.204.45.116 () {34 vars in 862 bytes} [Wed May 27 01:54:32 2026] GET /allocations/536cff37-0397-48ea-b0f7-554114ca8479 => generated 257 bytes in 19 msecs (HTTP/1.1 200) 8 headers in 296 bytes (1 switches on core 0)
2026-05-27 01:54:41.415 8 INFO placement.requestlog [None req-043b39e5-6dc2-425a-bb2b-3bd184c20e00 - - - - - -] 10.0.0.4 "GET /" status: 200 len: 136 microversion: 1.0
2026-05-27 01:54:41.416 7 INFO placement.requestlog [None req-1c923562-3935-41b9-a568-144bf1067ecf - - - - - -] 10.0.0.4 "GET /" status: 200 len: 136 microversion: 1.0
2026-05-27 01:54:41.777 8 INFO placement.requestlog [req-3f19feae-c855-4594-9fd4-7fedcbf7c124 req-ccba1f3a-9c87-400c-a499-5cfff39e13f0 9325fdbb930647a1a5f9236a6030ce1e 78c66a5760d44c108ec99bc052d8976e - - 3ca4f8ddccdc43e4a77594905467733c 3ca4f8ddccdc43e4a77594905467733c] 199.204.45.116 "GET /resource_providers/7eb65d93-17aa-4af4-9823-a145771478ef/allocations" status: 200 len: 252 microversion: 1.0 [pid: 8|app: 0|req: 328/651] 199.204.45.116 () {32 vars in 856 bytes} [Wed May 27 01:54:41 2026] GET /resource_providers/7eb65d93-17aa-4af4-9823-a145771478ef/allocations => generated 252 bytes in 39 msecs (HTTP/1.1 200) 6 headers in 224 bytes (1 switches on core 0)
2026-05-27 01:54:41.804 7 INFO placement.requestlog [req-3f19feae-c855-4594-9fd4-7fedcbf7c124 req-a788d912-1764-4d7d-8711-ef3e5b06812b 9325fdbb930647a1a5f9236a6030ce1e 78c66a5760d44c108ec99bc052d8976e - - 3ca4f8ddccdc43e4a77594905467733c 3ca4f8ddccdc43e4a77594905467733c] 199.204.45.116 "GET /allocations/28565cbe-c292-4a0f-86de-876bca255716" status: 200 len: 257 microversion: 1.28 [pid: 7|app: 0|req: 324/652] 199.204.45.116 () {34 vars in 862 bytes} [Wed May 27 01:54:41 2026] GET /allocations/28565cbe-c292-4a0f-86de-876bca255716 => generated 257 bytes in 18 msecs (HTTP/1.1 200) 8 headers in 296 bytes (1 switches on core 0)
2026-05-27 01:54:41.838 8 INFO placement.requestlog [req-3f19feae-c855-4594-9fd4-7fedcbf7c124 req-dcd9750b-47e7-44b0-90b6-f47fd58309d7 9325fdbb930647a1a5f9236a6030ce1e 78c66a5760d44c108ec99bc052d8976e - - 3ca4f8ddccdc43e4a77594905467733c 3ca4f8ddccdc43e4a77594905467733c] 199.204.45.116 "GET /allocations/536cff37-0397-48ea-b0f7-554114ca8479" status: 200 len: 257 microversion: 1.28 [pid: 8|app: 0|req: 329/653] 199.204.45.116 () {34 vars in 862 bytes} [Wed May 27 01:54:41 2026] GET /allocations/536cff37-0397-48ea-b0f7-554114ca8479 => generated 257 bytes in 23 msecs (HTTP/1.1 200) 8 headers in 296 bytes (1 switches on core 0)
2026-05-27 01:54:41.984 7 INFO placement.requestlog [req-3f19feae-c855-4594-9fd4-7fedcbf7c124 req-f6272870-a3b1-4bdc-92e8-3a69f2c1554b 9325fdbb930647a1a5f9236a6030ce1e 78c66a5760d44c108ec99bc052d8976e - - 3ca4f8ddccdc43e4a77594905467733c 3ca4f8ddccdc43e4a77594905467733c] 199.204.45.116 "DELETE /allocations/536cff37-0397-48ea-b0f7-554114ca8479" status: 204 len: 0 microversion: 1.0 [pid: 7|app: 0|req: 325/654] 199.204.45.116 () {34 vars in 840 bytes} [Wed May 27 01:54:41 2026] DELETE /allocations/536cff37-0397-48ea-b0f7-554114ca8479 => generated 0 bytes in 74 msecs (HTTP/1.1 204) 5 headers in 198 bytes (1 switches on core 0)
2026-05-27 01:54:43.527 8 INFO placement.requestlog [req-eb5bdfab-5f7b-4697-bce1-cf7ebe9bcae1 req-88fecdf5-5ec6-4273-8145-43c62a8441fd 9325fdbb930647a1a5f9236a6030ce1e 78c66a5760d44c108ec99bc052d8976e - - 3ca4f8ddccdc43e4a77594905467733c 3ca4f8ddccdc43e4a77594905467733c] 10.0.0.239 "GET /allocation_candidates?limit=1000&resources=DISK_GB%3A1%2CMEMORY_MB%3A512%2CVCPU%3A1&root_required=%21COMPUTE_STATUS_DISABLED" status: 200 len: 2219 microversion: 1.36 [pid: 8|app: 0|req: 330/655] 10.0.0.239 () {34 vars in 1011 bytes} [Wed May 27 01:54:43 2026] GET /allocation_candidates?limit=1000&resources=DISK_GB%3A1%2CMEMORY_MB%3A512%2CVCPU%3A1&root_required=%21COMPUTE_STATUS_DISABLED => generated 2219 bytes in 84 msecs (HTTP/1.1 200) 8 headers in 297 bytes (1 switches on core 0)
2026-05-27 01:54:43.584 7 INFO placement.requestlog [req-eb5bdfab-5f7b-4697-bce1-cf7ebe9bcae1 req-30edcd0a-af6b-4d11-b694-f60a8b8b8d17 9325fdbb930647a1a5f9236a6030ce1e 78c66a5760d44c108ec99bc052d8976e - - 3ca4f8ddccdc43e4a77594905467733c 3ca4f8ddccdc43e4a77594905467733c] 10.0.0.239 "GET /allocations/1b0a2c6d-6990-4a90-903b-108f95063e86" status: 200 len: 19 microversion: 1.28 [pid: 7|app: 0|req: 326/656] 10.0.0.239 () {34 vars in 860 bytes} [Wed May 27 01:54:43 2026] GET /allocations/1b0a2c6d-6990-4a90-903b-108f95063e86 => generated 19 bytes in 19 msecs (HTTP/1.1 200) 8 headers in 295 bytes (1 switches on core 0)
2026-05-27 01:54:43.700 8 INFO placement.requestlog [req-eb5bdfab-5f7b-4697-bce1-cf7ebe9bcae1 req-9e24699f-178f-45f6-945b-07aa86402af0 9325fdbb930647a1a5f9236a6030ce1e 78c66a5760d44c108ec99bc052d8976e - - 3ca4f8ddccdc43e4a77594905467733c 3ca4f8ddccdc43e4a77594905467733c] 10.0.0.239 "PUT /allocations/1b0a2c6d-6990-4a90-903b-108f95063e86" status: 204 len: 0 microversion: 1.36 [pid: 8|app: 0|req: 331/657] 10.0.0.239 () {38 vars in 913 bytes} [Wed May 27 01:54:43 2026] PUT /allocations/1b0a2c6d-6990-4a90-903b-108f95063e86 => generated 0 bytes in 108 msecs (HTTP/1.1 204) 5 headers in 199 bytes (1 switches on core 0)
2026-05-27 01:54:43.776 7 INFO placement.requestlog [req-0c8cfd37-626b-47ce-ab4b-87cd2e7ed0c9 req-bed29b85-57c8-45e9-a628-9ece863222e9 9325fdbb930647a1a5f9236a6030ce1e 78c66a5760d44c108ec99bc052d8976e - - 3ca4f8ddccdc43e4a77594905467733c 3ca4f8ddccdc43e4a77594905467733c] 10.0.0.239 "GET /allocation_candidates?limit=1000&resources=DISK_GB%3A1%2CMEMORY_MB%3A512%2CVCPU%3A1&root_required=%21COMPUTE_STATUS_DISABLED" status: 200 len: 2220 microversion: 1.36 [pid: 7|app: 0|req: 327/658] 10.0.0.239 () {34 vars in 1011 bytes} [Wed May 27 01:54:43 2026] GET /allocation_candidates?limit=1000&resources=DISK_GB%3A1%2CMEMORY_MB%3A512%2CVCPU%3A1&root_required=%21COMPUTE_STATUS_DISABLED => generated 2220 bytes in 62 msecs (HTTP/1.1 200) 8 headers in 297 bytes (1 switches on core 0)
2026-05-27 01:54:43.820 8 INFO placement.requestlog [req-0c8cfd37-626b-47ce-ab4b-87cd2e7ed0c9 req-e4b1c908-33a0-4d84-b131-9936980834fb 9325fdbb930647a1a5f9236a6030ce1e 78c66a5760d44c108ec99bc052d8976e - - 3ca4f8ddccdc43e4a77594905467733c 3ca4f8ddccdc43e4a77594905467733c] 10.0.0.239 "GET /allocations/268daa8b-60dc-48c0-a1a3-f5a8841c6b4a" status: 200 len: 19 microversion: 1.28 [pid: 8|app: 0|req: 332/659] 10.0.0.239 () {34 vars in 860 bytes} [Wed May 27 01:54:43 2026] GET /allocations/268daa8b-60dc-48c0-a1a3-f5a8841c6b4a => generated 19 bytes in 19 msecs (HTTP/1.1 200) 8 headers in 295 bytes (1 switches on core 0)
2026-05-27 01:54:43.930 7 INFO placement.requestlog [req-0c8cfd37-626b-47ce-ab4b-87cd2e7ed0c9 req-a63ce457-9b4a-4256-a8c5-10943a5b05d5 9325fdbb930647a1a5f9236a6030ce1e 78c66a5760d44c108ec99bc052d8976e - - 3ca4f8ddccdc43e4a77594905467733c 3ca4f8ddccdc43e4a77594905467733c] 10.0.0.239 "PUT /allocations/268daa8b-60dc-48c0-a1a3-f5a8841c6b4a" status: 204 len: 0 microversion: 1.36 [pid: 7|app: 0|req: 328/660] 10.0.0.239 () {38 vars in 913 bytes} [Wed May 27 01:54:43 2026] PUT /allocations/268daa8b-60dc-48c0-a1a3-f5a8841c6b4a => generated 0 bytes in 102 msecs (HTTP/1.1 204) 5 headers in 199 bytes (1 switches on core 0)
2026-05-27 01:54:44.205 8 INFO placement.requestlog [req-eb5bdfab-5f7b-4697-bce1-cf7ebe9bcae1 req-4c2e0ddd-ff6e-42b9-86f9-c57af6227fdd 9325fdbb930647a1a5f9236a6030ce1e 78c66a5760d44c108ec99bc052d8976e - - 3ca4f8ddccdc43e4a77594905467733c 3ca4f8ddccdc43e4a77594905467733c] 199.204.45.116 "GET /allocations/1b0a2c6d-6990-4a90-903b-108f95063e86" status: 200 len: 257 microversion: 1.28 [pid: 8|app: 0|req: 333/661] 199.204.45.116 () {34 vars in 862 bytes} [Wed May 27 01:54:44 2026] GET /allocations/1b0a2c6d-6990-4a90-903b-108f95063e86 => generated 257 bytes in 14 msecs (HTTP/1.1 200) 8 headers in 296 bytes (1 switches on core 0)
2026-05-27 01:54:44.350 7 INFO placement.requestlog [req-eb5bdfab-5f7b-4697-bce1-cf7ebe9bcae1 req-d4b4cf77-8fbf-42f3-b2ec-c165e2d0a9c3 9325fdbb930647a1a5f9236a6030ce1e 78c66a5760d44c108ec99bc052d8976e - - 3ca4f8ddccdc43e4a77594905467733c 3ca4f8ddccdc43e4a77594905467733c] 199.204.45.116 "GET /resource_providers/7eb65d93-17aa-4af4-9823-a145771478ef/allocations" status: 200 len: 352 microversion: 1.0 [pid: 7|app: 0|req: 329/662] 199.204.45.116 () {32 vars in 856 bytes} [Wed May 27 01:54:44 2026] GET /resource_providers/7eb65d93-17aa-4af4-9823-a145771478ef/allocations => generated 352 bytes in 19 msecs (HTTP/1.1 200) 6 headers in 224 bytes (1 switches on core 0)
2026-05-27 01:54:44.382 8 INFO placement.requestlog [req-eb5bdfab-5f7b-4697-bce1-cf7ebe9bcae1 req-aec1fa3b-3732-46cc-ab91-434cdefd0458 9325fdbb930647a1a5f9236a6030ce1e 78c66a5760d44c108ec99bc052d8976e - - 3ca4f8ddccdc43e4a77594905467733c 3ca4f8ddccdc43e4a77594905467733c] 199.204.45.116 "GET /allocations/28565cbe-c292-4a0f-86de-876bca255716" status: 200 len: 257 microversion: 1.28 [pid: 8|app: 0|req: 334/663] 199.204.45.116 () {34 vars in 862 bytes} [Wed May 27 01:54:44 2026] GET /allocations/28565cbe-c292-4a0f-86de-876bca255716 => generated 257 bytes in 24 msecs (HTTP/1.1 200) 8 headers in 296 bytes (1 switches on core 0)
2026-05-27 01:54:44.413 7 INFO placement.requestlog [req-eb5bdfab-5f7b-4697-bce1-cf7ebe9bcae1 req-51af0296-d93f-4ff2-8b64-d76563f74678 9325fdbb930647a1a5f9236a6030ce1e 78c66a5760d44c108ec99bc052d8976e - - 3ca4f8ddccdc43e4a77594905467733c 3ca4f8ddccdc43e4a77594905467733c] 199.204.45.116 "GET /allocations/268daa8b-60dc-48c0-a1a3-f5a8841c6b4a" status: 200 len: 257 microversion: 1.28 [pid: 7|app: 0|req: 330/664] 199.204.45.116 () {34 vars in 862 bytes} [Wed May 27 01:54:44 2026] GET /allocations/268daa8b-60dc-48c0-a1a3-f5a8841c6b4a => generated 257 bytes in 20 msecs (HTTP/1.1 200) 8 headers in 296 bytes (1 switches on core 0)
2026-05-27 01:54:44.441 8 INFO placement.requestlog [req-eb5bdfab-5f7b-4697-bce1-cf7ebe9bcae1 req-f7344dc2-b496-4897-9645-a01e8634e613 9325fdbb930647a1a5f9236a6030ce1e 78c66a5760d44c108ec99bc052d8976e - - 3ca4f8ddccdc43e4a77594905467733c 3ca4f8ddccdc43e4a77594905467733c] 199.204.45.116 "GET /allocations/1b0a2c6d-6990-4a90-903b-108f95063e86" status: 200 len: 257 microversion: 1.28 [pid: 8|app: 0|req: 335/665] 199.204.45.116 () {34 vars in 862 bytes} [Wed May 27 01:54:44 2026] GET /allocations/1b0a2c6d-6990-4a90-903b-108f95063e86 => generated 257 bytes in 19 msecs (HTTP/1.1 200) 8 headers in 296 bytes (1 switches on core 0)
2026-05-27 01:54:44.481 7 INFO placement.requestlog [req-0c8cfd37-626b-47ce-ab4b-87cd2e7ed0c9 req-26275d63-11fa-4f5e-bbfb-1e5cd93b48da 9325fdbb930647a1a5f9236a6030ce1e 78c66a5760d44c108ec99bc052d8976e - - 3ca4f8ddccdc43e4a77594905467733c 3ca4f8ddccdc43e4a77594905467733c] 199.204.45.116 "GET /allocations/268daa8b-60dc-48c0-a1a3-f5a8841c6b4a" status: 200 len: 257 microversion: 1.28 [pid: 7|app: 0|req: 331/666] 199.204.45.116 () {34 vars in 862 bytes} [Wed May 27 01:54:44 2026] GET /allocations/268daa8b-60dc-48c0-a1a3-f5a8841c6b4a => generated 257 bytes in 16 msecs (HTTP/1.1 200) 8 headers in 296 bytes (1 switches on core 0)
2026-05-27 01:54:44.660 8 INFO placement.requestlog [req-0c8cfd37-626b-47ce-ab4b-87cd2e7ed0c9 req-2f9951e7-136f-43ab-b540-41bd3eea24ef 9325fdbb930647a1a5f9236a6030ce1e 78c66a5760d44c108ec99bc052d8976e - - 3ca4f8ddccdc43e4a77594905467733c 3ca4f8ddccdc43e4a77594905467733c] 199.204.45.116 "GET /resource_providers/7eb65d93-17aa-4af4-9823-a145771478ef/allocations" status: 200 len: 352 microversion: 1.0 [pid: 8|app: 0|req: 336/667] 199.204.45.116 () {32 vars in 856 bytes} [Wed May 27 01:54:44 2026] GET /resource_providers/7eb65d93-17aa-4af4-9823-a145771478ef/allocations => generated 352 bytes in 39 msecs (HTTP/1.1 200) 6 headers in 224 bytes (1 switches on core 0)
2026-05-27 01:54:44.689 7 INFO placement.requestlog [req-0c8cfd37-626b-47ce-ab4b-87cd2e7ed0c9 req-c2239f45-ffe1-46fa-b2eb-ea0d12dbaead 9325fdbb930647a1a5f9236a6030ce1e 78c66a5760d44c108ec99bc052d8976e - - 3ca4f8ddccdc43e4a77594905467733c 3ca4f8ddccdc43e4a77594905467733c] 199.204.45.116 "GET /allocations/28565cbe-c292-4a0f-86de-876bca255716" status: 200 len: 257 microversion: 1.28 [pid: 7|app: 0|req: 332/668] 199.204.45.116 () {34 vars in 862 bytes} [Wed May 27 01:54:44 2026] GET /allocations/28565cbe-c292-4a0f-86de-876bca255716 => generated 257 bytes in 22 msecs (HTTP/1.1 200) 8 headers in 296 bytes (1 switches on core 0)
2026-05-27 01:54:44.729 8 INFO placement.requestlog [req-0c8cfd37-626b-47ce-ab4b-87cd2e7ed0c9 req-a8e633b5-eba7-44c8-a706-11cfffafa982 9325fdbb930647a1a5f9236a6030ce1e 78c66a5760d44c108ec99bc052d8976e - - 3ca4f8ddccdc43e4a77594905467733c 3ca4f8ddccdc43e4a77594905467733c] 199.204.45.116 "GET /allocations/268daa8b-60dc-48c0-a1a3-f5a8841c6b4a" status: 200 len: 257 microversion: 1.28 [pid: 8|app: 0|req: 337/669] 199.204.45.116 () {34 vars in 862 bytes} [Wed May 27 01:54:44 2026] GET /allocations/268daa8b-60dc-48c0-a1a3-f5a8841c6b4a => generated 257 bytes in 33 msecs (HTTP/1.1 200) 8 headers in 296 bytes (1 switches on core 0)
2026-05-27 01:54:44.760 7 INFO placement.requestlog [req-0c8cfd37-626b-47ce-ab4b-87cd2e7ed0c9 req-4d78914b-f814-4e99-b18a-41c828fd210d 9325fdbb930647a1a5f9236a6030ce1e 78c66a5760d44c108ec99bc052d8976e - - 3ca4f8ddccdc43e4a77594905467733c 3ca4f8ddccdc43e4a77594905467733c] 199.204.45.116 "GET /allocations/1b0a2c6d-6990-4a90-903b-108f95063e86" status: 200 len: 257 microversion: 1.28 [pid: 7|app: 0|req: 333/670] 199.204.45.116 () {34 vars in 862 bytes} [Wed May 27 01:54:44 2026] GET /allocations/1b0a2c6d-6990-4a90-903b-108f95063e86 => generated 257 bytes in 18 msecs (HTTP/1.1 200) 8 headers in 296 bytes (1 switches on core 0)
2026-05-27 01:54:46.450 7 INFO placement.requestlog [None req-c5d3d571-3a8c-4e82-bce4-ed10f8680d31 f490ebeea1c74ea3ab0b5a6a0bd25495 78c66a5760d44c108ec99bc052d8976e - - 3ca4f8ddccdc43e4a77594905467733c 3ca4f8ddccdc43e4a77594905467733c] 10.0.0.213 "GET /resource_providers/9883af00-4970-4b03-bfb6-8c02d85a3091/aggregates" status: 404 len: 235 microversion: 1.1 [pid: 7|app: 0|req: 334/671] 10.0.0.213 () {32 vars in 815 bytes} [Wed May 27 01:54:46 2026] GET /resource_providers/9883af00-4970-4b03-bfb6-8c02d85a3091/aggregates => generated 235 bytes in 16 msecs (HTTP/1.1 404) 5 headers in 202 bytes (1 switches on core 0)
2026-05-27 01:54:46.469 8 INFO placement.requestlog [None req-20d2d9a2-ab43-442b-88a1-d31fced9e4c8 f490ebeea1c74ea3ab0b5a6a0bd25495 78c66a5760d44c108ec99bc052d8976e - - 3ca4f8ddccdc43e4a77594905467733c 3ca4f8ddccdc43e4a77594905467733c] 10.0.0.213 "GET /resource_providers/9883af00-4970-4b03-bfb6-8c02d85a3091/aggregates" status: 404 len: 235 microversion: 1.1 [pid: 8|app: 0|req: 338/672] 10.0.0.213 () {32 vars in 815 bytes} [Wed May 27 01:54:46 2026] GET /resource_providers/9883af00-4970-4b03-bfb6-8c02d85a3091/aggregates => generated 235 bytes in 38 msecs (HTTP/1.1 404) 5 headers in 202 bytes (1 switches on core 0)
2026-05-27 01:54:46.475 7 INFO placement.requestlog [None req-3b700438-da1d-4ddb-8bd7-97ed5916f4ed f490ebeea1c74ea3ab0b5a6a0bd25495 78c66a5760d44c108ec99bc052d8976e - - 3ca4f8ddccdc43e4a77594905467733c 3ca4f8ddccdc43e4a77594905467733c] 10.0.0.213 "DELETE /resource_providers/9883af00-4970-4b03-bfb6-8c02d85a3091" status: 404 len: 246 microversion: 1.1 [pid: 7|app: 0|req: 335/673] 10.0.0.213 () {34 vars in 815 bytes} [Wed May 27 01:54:46 2026] DELETE /resource_providers/9883af00-4970-4b03-bfb6-8c02d85a3091 => generated 246 bytes in 17 msecs (HTTP/1.1 404) 6 headers in 231 bytes (1 switches on core 0)
2026-05-27 01:54:46.508 8 INFO placement.requestlog [None req-6acfc68b-fd51-472f-8edf-44d8b02933a4 f490ebeea1c74ea3ab0b5a6a0bd25495 78c66a5760d44c108ec99bc052d8976e - - 3ca4f8ddccdc43e4a77594905467733c 3ca4f8ddccdc43e4a77594905467733c] 10.0.0.213 "DELETE /resource_providers/9883af00-4970-4b03-bfb6-8c02d85a3091" status: 404 len: 246 microversion: 1.1 [pid: 8|app: 0|req: 339/674] 10.0.0.213 () {34 vars in 815 bytes} [Wed May 27 01:54:46 2026] DELETE /resource_providers/9883af00-4970-4b03-bfb6-8c02d85a3091 => generated 246 bytes in 31 msecs (HTTP/1.1 404) 6 headers in 231 bytes (1 switches on core 0)
2026-05-27 01:54:48.532 7 INFO placement.requestlog [None req-97500cf2-c6d3-4805-875f-4051d5586228 f490ebeea1c74ea3ab0b5a6a0bd25495 78c66a5760d44c108ec99bc052d8976e - - 3ca4f8ddccdc43e4a77594905467733c 3ca4f8ddccdc43e4a77594905467733c] 10.0.0.213 "GET /resource_providers/02ffddd4-e4e7-4967-8bae-c910801f6423/aggregates" status: 404 len: 235 microversion: 1.1 [pid: 7|app: 0|req: 336/675] 10.0.0.213 () {32 vars in 815 bytes} [Wed May 27 01:54:48 2026] GET /resource_providers/02ffddd4-e4e7-4967-8bae-c910801f6423/aggregates => generated 235 bytes in 32 msecs (HTTP/1.1 404) 5 headers in 202 bytes (1 switches on core 0)
2026-05-27 01:54:48.546 8 INFO placement.requestlog [None req-70e3ad81-0f7a-47ce-aafe-1b8eda8db7ba f490ebeea1c74ea3ab0b5a6a0bd25495 78c66a5760d44c108ec99bc052d8976e - - 3ca4f8ddccdc43e4a77594905467733c 3ca4f8ddccdc43e4a77594905467733c] 10.0.0.213 "GET /resource_providers/02ffddd4-e4e7-4967-8bae-c910801f6423/aggregates" status: 404 len: 235 microversion: 1.1 [pid: 8|app: 0|req: 340/676] 10.0.0.213 () {32 vars in 815 bytes} [Wed May 27 01:54:48 2026] GET /resource_providers/02ffddd4-e4e7-4967-8bae-c910801f6423/aggregates => generated 235 bytes in 12 msecs (HTTP/1.1 404) 5 headers in 202 bytes (1 switches on core 0)
2026-05-27 01:54:48.566 8 INFO placement.requestlog [None req-2a1da9f3-9b92-42a3-b6c3-85ce0ac2c03f f490ebeea1c74ea3ab0b5a6a0bd25495 78c66a5760d44c108ec99bc052d8976e - - 3ca4f8ddccdc43e4a77594905467733c 3ca4f8ddccdc43e4a77594905467733c] 10.0.0.213 "DELETE /resource_providers/02ffddd4-e4e7-4967-8bae-c910801f6423" status: 404 len: 246 microversion: 1.1 [pid: 8|app: 0|req: 341/677] 10.0.0.213 () {34 vars in 815 bytes} [Wed May 27 01:54:48 2026] DELETE /resource_providers/02ffddd4-e4e7-4967-8bae-c910801f6423 => generated 246 bytes in 16 msecs (HTTP/1.1 404) 6 headers in 231 bytes (1 switches on core 0)
2026-05-27 01:54:48.572 7 INFO placement.requestlog [None req-85ceda12-3f02-4dd7-9238-e5066ad8cbf4 f490ebeea1c74ea3ab0b5a6a0bd25495 78c66a5760d44c108ec99bc052d8976e - - 3ca4f8ddccdc43e4a77594905467733c 3ca4f8ddccdc43e4a77594905467733c] 10.0.0.213 "DELETE /resource_providers/02ffddd4-e4e7-4967-8bae-c910801f6423" status: 404 len: 246 microversion: 1.1 [pid: 7|app: 0|req: 337/678] 10.0.0.213 () {34 vars in 815 bytes} [Wed May 27 01:54:48 2026] DELETE /resource_providers/02ffddd4-e4e7-4967-8bae-c910801f6423 => generated 246 bytes in 29 msecs (HTTP/1.1 404) 6 headers in 231 bytes (1 switches on core 0)
2026-05-27 01:54:49.198 8 INFO placement.requestlog [req-987e5dfd-b2ee-4967-a1a2-014cd4d38b51 req-bc643b84-f1b4-4771-9a3f-4f349499d51c 9325fdbb930647a1a5f9236a6030ce1e 78c66a5760d44c108ec99bc052d8976e - - 3ca4f8ddccdc43e4a77594905467733c 3ca4f8ddccdc43e4a77594905467733c] 199.204.45.116 "GET /resource_providers/7eb65d93-17aa-4af4-9823-a145771478ef/allocations" status: 200 len: 352 microversion: 1.0 [pid: 8|app: 0|req: 342/679] 199.204.45.116 () {32 vars in 856 bytes} [Wed May 27 01:54:49 2026] GET /resource_providers/7eb65d93-17aa-4af4-9823-a145771478ef/allocations => generated 352 bytes in 20 msecs (HTTP/1.1 200) 6 headers in 224 bytes (1 switches on core 0)
2026-05-27 01:54:49.231 7 INFO placement.requestlog [req-987e5dfd-b2ee-4967-a1a2-014cd4d38b51 req-08c08002-d82b-426e-9e9a-d17d1adfb14e 9325fdbb930647a1a5f9236a6030ce1e 78c66a5760d44c108ec99bc052d8976e - - 3ca4f8ddccdc43e4a77594905467733c 3ca4f8ddccdc43e4a77594905467733c] 199.204.45.116 "GET /allocations/28565cbe-c292-4a0f-86de-876bca255716" status: 200 len: 257 microversion: 1.28 [pid: 7|app: 0|req: 338/680] 199.204.45.116 () {34 vars in 862 bytes} [Wed May 27 01:54:49 2026] GET /allocations/28565cbe-c292-4a0f-86de-876bca255716 => generated 257 bytes in 27 msecs (HTTP/1.1 200) 8 headers in 296 bytes (1 switches on core 0)
2026-05-27 01:54:49.257 8 INFO placement.requestlog [req-987e5dfd-b2ee-4967-a1a2-014cd4d38b51 req-e09de8cf-6d28-4308-8533-7d87d4d852f5 9325fdbb930647a1a5f9236a6030ce1e 78c66a5760d44c108ec99bc052d8976e - - 3ca4f8ddccdc43e4a77594905467733c 3ca4f8ddccdc43e4a77594905467733c] 199.204.45.116 "GET /allocations/268daa8b-60dc-48c0-a1a3-f5a8841c6b4a" status: 200 len: 257 microversion: 1.28 [pid: 8|app: 0|req: 343/681] 199.204.45.116 () {34 vars in 862 bytes} [Wed May 27 01:54:49 2026] GET /allocations/268daa8b-60dc-48c0-a1a3-f5a8841c6b4a => generated 257 bytes in 16 msecs (HTTP/1.1 200) 8 headers in 296 bytes (1 switches on core 0)
2026-05-27 01:54:49.279 7 INFO placement.requestlog [req-987e5dfd-b2ee-4967-a1a2-014cd4d38b51 req-192ca1bf-74d1-4aae-889d-f14f20bb2e0e 9325fdbb930647a1a5f9236a6030ce1e 78c66a5760d44c108ec99bc052d8976e - - 3ca4f8ddccdc43e4a77594905467733c 3ca4f8ddccdc43e4a77594905467733c] 199.204.45.116 "GET /allocations/1b0a2c6d-6990-4a90-903b-108f95063e86" status: 200 len: 257 microversion: 1.28 [pid: 7|app: 0|req: 339/682] 199.204.45.116 () {34 vars in 862 bytes} [Wed May 27 01:54:49 2026] GET /allocations/1b0a2c6d-6990-4a90-903b-108f95063e86 => generated 257 bytes in 15 msecs (HTTP/1.1 200) 8 headers in 296 bytes (1 switches on core 0)
2026-05-27 01:54:49.508 8 INFO placement.requestlog [req-987e5dfd-b2ee-4967-a1a2-014cd4d38b51 req-ab6c4951-f4c9-4612-864f-74a543d6aea9 9325fdbb930647a1a5f9236a6030ce1e 78c66a5760d44c108ec99bc052d8976e - - 3ca4f8ddccdc43e4a77594905467733c 3ca4f8ddccdc43e4a77594905467733c] 199.204.45.116 "DELETE /allocations/28565cbe-c292-4a0f-86de-876bca255716" status: 204 len: 0 microversion: 1.0 [pid: 8|app: 0|req: 344/683] 199.204.45.116 () {34 vars in 840 bytes} [Wed May 27 01:54:49 2026] DELETE /allocations/28565cbe-c292-4a0f-86de-876bca255716 => generated 0 bytes in 104 msecs (HTTP/1.1 204) 5 headers in 198 bytes (1 switches on core 0)
2026-05-27 01:54:51.415 7 INFO placement.requestlog [None req-499ea3ab-079e-4f4f-82fc-d2eb9e82714d - - - - - -] 10.0.0.4 "GET /" status: 200 len: 136 microversion: 1.0
2026-05-27 01:54:51.415 8 INFO placement.requestlog [None req-87c57c52-66e8-4ded-b48e-219dcc498118 - - - - - -] 10.0.0.4 "GET /" status: 200 len: 136 microversion: 1.0
2026-05-27 01:54:52.957 7 INFO placement.requestlog [None req-001c5653-ab43-4270-9b28-2e6f10afe6de f490ebeea1c74ea3ab0b5a6a0bd25495 78c66a5760d44c108ec99bc052d8976e - - 3ca4f8ddccdc43e4a77594905467733c 3ca4f8ddccdc43e4a77594905467733c] 10.0.0.213 "GET /resource_providers/1c7b7292-1f2e-4d08-97d0-d9aad90c21ff/aggregates" status: 404 len: 235 microversion: 1.1 [pid: 7|app: 0|req: 341/686] 10.0.0.213 () {32 vars in 815 bytes} [Wed May 27 01:54:52 2026] GET /resource_providers/1c7b7292-1f2e-4d08-97d0-d9aad90c21ff/aggregates => generated 235 bytes in 13 msecs (HTTP/1.1 404) 5 headers in 202 bytes (1 switches on core 0)
2026-05-27 01:54:52.962 8 INFO placement.requestlog [None req-33664d8c-b4e5-49f2-87e1-64157e1c9ad3 f490ebeea1c74ea3ab0b5a6a0bd25495 78c66a5760d44c108ec99bc052d8976e - - 3ca4f8ddccdc43e4a77594905467733c 3ca4f8ddccdc43e4a77594905467733c] 10.0.0.213 "GET /resource_providers/1c7b7292-1f2e-4d08-97d0-d9aad90c21ff/aggregates" status: 404 len: 235 microversion: 1.1 [pid: 8|app: 0|req: 346/687] 10.0.0.213 () {32 vars in 815 bytes} [Wed May 27 01:54:52 2026] GET /resource_providers/1c7b7292-1f2e-4d08-97d0-d9aad90c21ff/aggregates => generated 235 bytes in 17 msecs (HTTP/1.1 404) 5 headers in 202 bytes (1 switches on core 0)
2026-05-27 01:54:52.979 7 INFO placement.requestlog [None req-ca23c820-a48b-4601-b169-cd794e7669bd f490ebeea1c74ea3ab0b5a6a0bd25495 78c66a5760d44c108ec99bc052d8976e - - 3ca4f8ddccdc43e4a77594905467733c 3ca4f8ddccdc43e4a77594905467733c] 10.0.0.213 "DELETE /resource_providers/1c7b7292-1f2e-4d08-97d0-d9aad90c21ff" status: 404 len: 246 microversion: 1.1 [pid: 7|app: 0|req: 342/688] 10.0.0.213 () {34 vars in 815 bytes} [Wed May 27 01:54:52 2026] DELETE /resource_providers/1c7b7292-1f2e-4d08-97d0-d9aad90c21ff => generated 246 bytes in 13 msecs (HTTP/1.1 404) 6 headers in 231 bytes (1 switches on core 0)
