2026-04-02 18:08:55.694 9 INFO neutron.plugins.ml2.plugin [None req-7a3409ea-b333-4c29-8fd5-9bddd66f4fc7 - - - - - -] Attempt 1 to provision port 2bfdd4df-38d6-4a67-9769-7e51fa3217db
2026-04-02 18:08:55.718 9 INFO neutron.plugins.ml2.drivers.ovn.mech_driver.ovsdb.ovsdb_monitor [None req-046630bc-6c3e-4ee1-a8f1-7a11f7be10a9 - - - - - -] Router 2997d8cf-9f2f-4deb-848f-b13564adbe8f is bound to host instance
2026-04-02 18:08:55.728 10 INFO neutron.api.wsgi [None req-0c98a4a2-b261-4c1b-a4b1-454c47591d5b 16ff421b08ae427f99cd791b5a509db1 9eee57f622b54bab9945426cb6e487f2 - - default default] 10.0.0.191 "POST /v2.0/security-groups HTTP/1.1" status: 201 len: 1858 time: 0.2337577
2026-04-02 18:08:55.744 10 WARNING neutron_lib.context [None req-4dedfaa9-f606-415e-bd15-e9bd6acbb517 16ff421b08ae427f99cd791b5a509db1 9eee57f622b54bab9945426cb6e487f2 - - default default] Method 'is_advsvc' is deprecated since 2023.2 release (neutron-lib 3.8.0) and will be removed once support for the old RBAC API policies will be removed from Neutron. Please use method 'is_service_role' instead.
2026-04-02 18:08:55.746 9 INFO neutron.db.ovn_revision_numbers_db [None req-980d69b2-45d1-41c5-85fc-1237b2af292f 15ac08b292f84221bdb7fa15f1fca821 64192436849b41b8b4ae850920ef1780 - - default default] Successfully bumped revision number for resource 2bfdd4df-38d6-4a67-9769-7e51fa3217db (type: router_ports) to 1
2026-04-02 18:08:55.822 9 INFO neutron.db.ovn_revision_numbers_db [None req-980d69b2-45d1-41c5-85fc-1237b2af292f 15ac08b292f84221bdb7fa15f1fca821 64192436849b41b8b4ae850920ef1780 - - default default] Successfully bumped revision number for resource 2997d8cf-9f2f-4deb-848f-b13564adbe8f (type: routers) to 2
2026-04-02 18:08:55.837 9 INFO neutron.api.wsgi [None req-980d69b2-45d1-41c5-85fc-1237b2af292f 15ac08b292f84221bdb7fa15f1fca821 64192436849b41b8b4ae850920ef1780 - - default default] 10.0.0.191 "POST /v2.0/routers HTTP/1.1" status: 201 len: 1168 time: 1.8940244
2026-04-02 18:08:55.866 9 WARNING neutron_lib.context [None req-2624cd1a-8581-495b-9b41-a27c079f70ae 17c0898e8e5b48e38b3fe24bdc1d9823 1f0f5ee9026d4ff8a7b692464313ac1c - - default default] Method 'is_advsvc' is deprecated since 2023.2 release (neutron-lib 3.8.0) and will be removed once support for the old RBAC API policies will be removed from Neutron. Please use method 'is_service_role' instead.
2026-04-02 18:08:55.883 10 INFO neutron.db.ovn_revision_numbers_db [None req-65b04274-1e78-4fe6-9feb-b3486f93a010 - - - - - -] Successfully bumped revision number for resource f72c57cc-a02a-4f79-8200-ddda3a9b1236 (type: ports) to 2
2026-04-02 18:08:55.896 10 INFO neutron.db.ovn_revision_numbers_db [None req-4dedfaa9-f606-415e-bd15-e9bd6acbb517 16ff421b08ae427f99cd791b5a509db1 9eee57f622b54bab9945426cb6e487f2 - - default default] Successfully bumped revision number for resource c3e8704d-602f-4a1c-b9f4-46898911c5b6 (type: security_group_rules) to 0
2026-04-02 18:08:55.936 10 INFO neutron.api.wsgi [None req-4dedfaa9-f606-415e-bd15-e9bd6acbb517 16ff421b08ae427f99cd791b5a509db1 9eee57f622b54bab9945426cb6e487f2 - - default default] 10.0.0.191 "POST /v2.0/security-group-rules HTTP/1.1" status: 201 len: 796 time: 0.1960623
2026-04-02 18:08:55.949 10 WARNING neutron_lib.context [None req-69c18461-6b47-40f5-9cf9-793633eebd03 16ff421b08ae427f99cd791b5a509db1 9eee57f622b54bab9945426cb6e487f2 - - default default] Method 'is_advsvc' is deprecated since 2023.2 release (neutron-lib 3.8.0) and will be removed once support for the old RBAC API policies will be removed from Neutron. Please use method 'is_service_role' instead.
2026-04-02 18:08:56.059 9 INFO neutron.db.ovn_revision_numbers_db [None req-2624cd1a-8581-495b-9b41-a27c079f70ae 17c0898e8e5b48e38b3fe24bdc1d9823 1f0f5ee9026d4ff8a7b692464313ac1c - - default default] Successfully bumped revision number for resource 73e51229-b91f-4d25-bde0-529a1f286ec1 (type: security_groups) to 1
2026-04-02 18:08:56.063 10 INFO neutron.db.ovn_revision_numbers_db [None req-69c18461-6b47-40f5-9cf9-793633eebd03 16ff421b08ae427f99cd791b5a509db1 9eee57f622b54bab9945426cb6e487f2 - - default default] Successfully bumped revision number for resource 19330ed8-f958-4ad7-a275-21e345c0d667 (type: security_group_rules) to 0
2026-04-02 18:08:56.078 9 INFO neutron.db.ovn_revision_numbers_db [None req-2624cd1a-8581-495b-9b41-a27c079f70ae 17c0898e8e5b48e38b3fe24bdc1d9823 1f0f5ee9026d4ff8a7b692464313ac1c - - default default] Successfully bumped revision number for resource 03117b20-36e2-4039-bd0f-daee39d7128e (type: security_group_rules) to 0
2026-04-02 18:08:56.096 10 INFO neutron.api.wsgi [None req-69c18461-6b47-40f5-9cf9-793633eebd03 16ff421b08ae427f99cd791b5a509db1 9eee57f622b54bab9945426cb6e487f2 - - default default] 10.0.0.191 "POST /v2.0/security-group-rules HTTP/1.1" status: 201 len: 801 time: 0.1523130
2026-04-02 18:08:56.097 9 INFO neutron.db.ovn_revision_numbers_db [None req-2624cd1a-8581-495b-9b41-a27c079f70ae 17c0898e8e5b48e38b3fe24bdc1d9823 1f0f5ee9026d4ff8a7b692464313ac1c - - default default] Successfully bumped revision number for resource 9b1c6483-acb8-452d-b7cc-b39babe61058 (type: security_group_rules) to 0
2026-04-02 18:08:56.105 10 WARNING neutron_lib.context [None req-5ab30278-cf4d-4868-9f9e-31035c4e42d2 16ff421b08ae427f99cd791b5a509db1 9eee57f622b54bab9945426cb6e487f2 - - default default] Method 'is_advsvc' is deprecated since 2023.2 release (neutron-lib 3.8.0) and will be removed once support for the old RBAC API policies will be removed from Neutron. Please use method 'is_service_role' instead.
2026-04-02 18:08:56.155 9 INFO neutron.api.wsgi [None req-2624cd1a-8581-495b-9b41-a27c079f70ae 17c0898e8e5b48e38b3fe24bdc1d9823 1f0f5ee9026d4ff8a7b692464313ac1c - - default default] 10.0.0.191 "POST /v2.0/security-groups HTTP/1.1" status: 201 len: 1860 time: 0.2939997
2026-04-02 18:08:56.168 10 WARNING neutron_lib.context [None req-f90b9880-c468-4d8f-869b-58638b349aa7 17c0898e8e5b48e38b3fe24bdc1d9823 1f0f5ee9026d4ff8a7b692464313ac1c - - default default] Method 'is_advsvc' is deprecated since 2023.2 release (neutron-lib 3.8.0) and will be removed once support for the old RBAC API policies will be removed from Neutron. Please use method 'is_service_role' instead.
2026-04-02 18:08:56.293 9 INFO neutron.db.ovn_revision_numbers_db [None req-6cd67b73-8db8-4107-9b63-35d758bb5818 - - - - - -] Successfully bumped revision number for resource 2bfdd4df-38d6-4a67-9769-7e51fa3217db (type: ports) to 1
2026-04-02 18:08:56.334 9 WARNING neutron_lib.context [req-6bbc6743-3270-4e79-b209-0d3bc005eaea req-25aff228-9a83-4afe-8506-5dee969fbee4 221a282eb14e40adbb4d6ef03bc3a4a0 772d464fdb2e41e2952405ca39fdc1b8 - - default default] Method 'is_advsvc' is deprecated since 2023.2 release (neutron-lib 3.8.0) and will be removed once support for the old RBAC API policies will be removed from Neutron. Please use method 'is_service_role' instead.
2026-04-02 18:08:56.355 10 INFO neutron.db.ovn_revision_numbers_db [None req-f90b9880-c468-4d8f-869b-58638b349aa7 17c0898e8e5b48e38b3fe24bdc1d9823 1f0f5ee9026d4ff8a7b692464313ac1c - - default default] Successfully bumped revision number for resource 968b2b0a-55af-4ce9-82b5-f3120ec85e96 (type: security_group_rules) to 0
2026-04-02 18:08:56.410 10 INFO neutron.api.wsgi [None req-f90b9880-c468-4d8f-869b-58638b349aa7 17c0898e8e5b48e38b3fe24bdc1d9823 1f0f5ee9026d4ff8a7b692464313ac1c - - default default] 10.0.0.191 "POST /v2.0/security-group-rules HTTP/1.1" status: 201 len: 796 time: 0.2484801
2026-04-02 18:08:56.423 9 WARNING neutron_lib.context [None req-eca87781-119e-4ee8-ac0c-b0d44d50de0f 17c0898e8e5b48e38b3fe24bdc1d9823 1f0f5ee9026d4ff8a7b692464313ac1c - - default default] Method 'is_advsvc' is deprecated since 2023.2 release (neutron-lib 3.8.0) and will be removed once support for the old RBAC API policies will be removed from Neutron. Please use method 'is_service_role' instead.
2026-04-02 18:08:56.431 10 WARNING neutron.scheduler.dhcp_agent_scheduler [None req-5ab30278-cf4d-4868-9f9e-31035c4e42d2 16ff421b08ae427f99cd791b5a509db1 9eee57f622b54bab9945426cb6e487f2 - - default default] No more DHCP agents
2026-04-02 18:08:56.432 10 WARNING neutron.api.rpc.agentnotifiers.dhcp_rpc_agent_api [None req-5ab30278-cf4d-4868-9f9e-31035c4e42d2 16ff421b08ae427f99cd791b5a509db1 9eee57f622b54bab9945426cb6e487f2 - - default default] Unable to schedule network 01cd64d3-5f44-49a4-af49-91bcc888d368: no agents available; will retry on subsequent port and subnet creation events.
2026-04-02 18:08:56.485 9 WARNING neutron.scheduler.dhcp_agent_scheduler [None req-d0e00a11-f63b-4372-bb81-755a654efaac 15ac08b292f84221bdb7fa15f1fca821 64192436849b41b8b4ae850920ef1780 - - default default] No more DHCP agents
2026-04-02 18:08:56.498 9 WARNING neutron.api.rpc.agentnotifiers.dhcp_rpc_agent_api [None req-d0e00a11-f63b-4372-bb81-755a654efaac 15ac08b292f84221bdb7fa15f1fca821 64192436849b41b8b4ae850920ef1780 - - default default] Unable to schedule network e382b4fc-db52-4df2-b0e8-14e2de477cfb: no agents available; will retry on subsequent port and subnet creation events.
2026-04-02 18:08:56.580 9 INFO neutron.db.ovn_revision_numbers_db [req-6bbc6743-3270-4e79-b209-0d3bc005eaea req-25aff228-9a83-4afe-8506-5dee969fbee4 221a282eb14e40adbb4d6ef03bc3a4a0 772d464fdb2e41e2952405ca39fdc1b8 - - default default] Successfully bumped revision number for resource fee32e2a-7589-493e-a6a7-2a4d329bed9b (type: security_groups) to 1
2026-04-02 18:08:56.604 9 INFO neutron.db.ovn_revision_numbers_db [req-6bbc6743-3270-4e79-b209-0d3bc005eaea req-25aff228-9a83-4afe-8506-5dee969fbee4 221a282eb14e40adbb4d6ef03bc3a4a0 772d464fdb2e41e2952405ca39fdc1b8 - - default default] Successfully bumped revision number for resource 115ac153-033c-49a9-8a2d-a347320ef65b (type: security_group_rules) to 0
2026-04-02 18:08:56.631 9 INFO neutron.db.ovn_revision_numbers_db [req-6bbc6743-3270-4e79-b209-0d3bc005eaea req-25aff228-9a83-4afe-8506-5dee969fbee4 221a282eb14e40adbb4d6ef03bc3a4a0 772d464fdb2e41e2952405ca39fdc1b8 - - default default] Successfully bumped revision number for resource 27808107-7964-47b8-b331-64f20963c5d7 (type: security_group_rules) to 0
2026-04-02 18:08:56.680 9 INFO neutron.db.ovn_revision_numbers_db [None req-d0e00a11-f63b-4372-bb81-755a654efaac 15ac08b292f84221bdb7fa15f1fca821 64192436849b41b8b4ae850920ef1780 - - default default] Successfully bumped revision number for resource 3b8965fa-a6df-4b5e-832a-2190c0d542ea (type: ports) to 1
2026-04-02 18:08:56.683 9 INFO neutron.db.ovn_revision_numbers_db [None req-eca87781-119e-4ee8-ac0c-b0d44d50de0f 17c0898e8e5b48e38b3fe24bdc1d9823 1f0f5ee9026d4ff8a7b692464313ac1c - - default default] Successfully bumped revision number for resource ff12f9f4-ed97-43f9-bccc-f9a843a4fe6c (type: security_group_rules) to 0
2026-04-02 18:08:56.705 9 INFO neutron.api.wsgi [req-6bbc6743-3270-4e79-b209-0d3bc005eaea req-25aff228-9a83-4afe-8506-5dee969fbee4 221a282eb14e40adbb4d6ef03bc3a4a0 772d464fdb2e41e2952405ca39fdc1b8 - - default default] 10.0.0.14 "POST /v2.0/security-groups HTTP/1.1" status: 201 len: 1890 time: 0.4175932
2026-04-02 18:08:56.731 9 INFO neutron.api.wsgi [None req-eca87781-119e-4ee8-ac0c-b0d44d50de0f 17c0898e8e5b48e38b3fe24bdc1d9823 1f0f5ee9026d4ff8a7b692464313ac1c - - default default] 10.0.0.191 "POST /v2.0/security-group-rules HTTP/1.1" status: 201 len: 801 time: 0.3155577
2026-04-02 18:08:56.745 10 WARNING neutron_lib.context [None req-7742fcea-456c-4d12-a263-618d91ebb4f5 17c0898e8e5b48e38b3fe24bdc1d9823 1f0f5ee9026d4ff8a7b692464313ac1c - - default default] Method 'is_advsvc' is deprecated since 2023.2 release (neutron-lib 3.8.0) and will be removed once support for the old RBAC API policies will be removed from Neutron. Please use method 'is_service_role' instead.
2026-04-02 18:08:56.762 10 INFO neutron.api.wsgi [None req-5ab30278-cf4d-4868-9f9e-31035c4e42d2 16ff421b08ae427f99cd791b5a509db1 9eee57f622b54bab9945426cb6e487f2 - - default default] 10.0.0.191 "POST /v2.0/floatingips HTTP/1.1" status: 201 len: 751 time: 0.6616869
2026-04-02 18:08:56.812 9 INFO neutron.db.ovn_revision_numbers_db [None req-6cd67b73-8db8-4107-9b63-35d758bb5818 - - - - - -] Successfully bumped revision number for resource 2bfdd4df-38d6-4a67-9769-7e51fa3217db (type: ports) to 4
2026-04-02 18:08:56.945 10 WARNING neutron.scheduler.dhcp_agent_scheduler [None req-7742fcea-456c-4d12-a263-618d91ebb4f5 17c0898e8e5b48e38b3fe24bdc1d9823 1f0f5ee9026d4ff8a7b692464313ac1c - - default default] No more DHCP agents
2026-04-02 18:08:56.946 10 WARNING neutron.api.rpc.agentnotifiers.dhcp_rpc_agent_api [None req-7742fcea-456c-4d12-a263-618d91ebb4f5 17c0898e8e5b48e38b3fe24bdc1d9823 1f0f5ee9026d4ff8a7b692464313ac1c - - default default] Unable to schedule network 01cd64d3-5f44-49a4-af49-91bcc888d368: no agents available; will retry on subsequent port and subnet creation events.
2026-04-02 18:08:57.135 10 INFO neutron.api.wsgi [req-40d3e49c-f60c-46ae-9938-5e7bc93285cd req-179895e6-c6f7-44b7-aca8-5e7bf5b75908 221a282eb14e40adbb4d6ef03bc3a4a0 772d464fdb2e41e2952405ca39fdc1b8 - - default default] 10.0.0.14 "GET /v2.0/security-groups/fee32e2a-7589-493e-a6a7-2a4d329bed9b HTTP/1.1" status: 200 len: 1885 time: 0.0652328
2026-04-02 18:08:57.149 10 WARNING neutron_lib.context [req-40d3e49c-f60c-46ae-9938-5e7bc93285cd req-b565cfad-f6b4-4067-8465-53782b5f660a 221a282eb14e40adbb4d6ef03bc3a4a0 772d464fdb2e41e2952405ca39fdc1b8 - - default default] Method 'is_advsvc' is deprecated since 2023.2 release (neutron-lib 3.8.0) and will be removed once support for the old RBAC API policies will be removed from Neutron. Please use method 'is_service_role' instead.
2026-04-02 18:08:57.198 9 INFO neutron.db.ovn_revision_numbers_db [None req-6cd67b73-8db8-4107-9b63-35d758bb5818 - - - - - -] Successfully bumped revision number for resource 2bfdd4df-38d6-4a67-9769-7e51fa3217db (type: ports) to 5
2026-04-02 18:08:57.224 10 INFO neutron.api.wsgi [None req-7742fcea-456c-4d12-a263-618d91ebb4f5 17c0898e8e5b48e38b3fe24bdc1d9823 1f0f5ee9026d4ff8a7b692464313ac1c - - default default] 10.0.0.191 "POST /v2.0/floatingips HTTP/1.1" status: 201 len: 751 time: 0.4849894
2026-04-02 18:08:57.264 10 INFO neutron.db.ovn_revision_numbers_db [req-40d3e49c-f60c-46ae-9938-5e7bc93285cd req-b565cfad-f6b4-4067-8465-53782b5f660a 221a282eb14e40adbb4d6ef03bc3a4a0 772d464fdb2e41e2952405ca39fdc1b8 - - default default] Successfully bumped revision number for resource f4c50d77-3546-420e-8eae-4390583ac33f (type: security_group_rules) to 0
2026-04-02 18:08:57.302 10 INFO neutron.api.wsgi [req-40d3e49c-f60c-46ae-9938-5e7bc93285cd req-b565cfad-f6b4-4067-8465-53782b5f660a 221a282eb14e40adbb4d6ef03bc3a4a0 772d464fdb2e41e2952405ca39fdc1b8 - - default default] 10.0.0.14 "POST /v2.0/security-group-rules HTTP/1.1" status: 201 len: 818 time: 0.1606038
2026-04-02 18:08:57.339 10 WARNING neutron_lib.context [req-e636acf8-9e27-4e19-8b32-b817418e3469 req-a969bc94-a184-4b69-a0ff-ec87a5a73fd7 221a282eb14e40adbb4d6ef03bc3a4a0 772d464fdb2e41e2952405ca39fdc1b8 - - default default] Method 'is_advsvc' is deprecated since 2023.2 release (neutron-lib 3.8.0) and will be removed once support for the old RBAC API policies will be removed from Neutron. Please use method 'is_service_role' instead.
2026-04-02 18:08:57.456 9 INFO neutron.db.ovn_revision_numbers_db [None req-d0e00a11-f63b-4372-bb81-755a654efaac 15ac08b292f84221bdb7fa15f1fca821 64192436849b41b8b4ae850920ef1780 - - default default] Successfully bumped revision number for resource 3b8965fa-a6df-4b5e-832a-2190c0d542ea (type: ports) to 1
2026-04-02 18:08:57.459 10 INFO neutron.db.ovn_revision_numbers_db [req-e636acf8-9e27-4e19-8b32-b817418e3469 req-a969bc94-a184-4b69-a0ff-ec87a5a73fd7 221a282eb14e40adbb4d6ef03bc3a4a0 772d464fdb2e41e2952405ca39fdc1b8 - - default default] Successfully bumped revision number for resource 02d3a6a2-bf6b-46b5-9fa8-f986adf86b6e (type: security_groups) to 1
2026-04-02 18:08:57.474 10 INFO neutron.db.ovn_revision_numbers_db [req-e636acf8-9e27-4e19-8b32-b817418e3469 req-a969bc94-a184-4b69-a0ff-ec87a5a73fd7 221a282eb14e40adbb4d6ef03bc3a4a0 772d464fdb2e41e2952405ca39fdc1b8 - - default default] Successfully bumped revision number for resource 043bd8aa-baa8-4632-8ba5-675456f0d2fe (type: security_group_rules) to 0
2026-04-02 18:08:57.488 10 INFO neutron.db.ovn_revision_numbers_db [req-e636acf8-9e27-4e19-8b32-b817418e3469 req-a969bc94-a184-4b69-a0ff-ec87a5a73fd7 221a282eb14e40adbb4d6ef03bc3a4a0 772d464fdb2e41e2952405ca39fdc1b8 - - default default] Successfully bumped revision number for resource 11c169e3-a6db-407d-b22a-ec701f258f4c (type: security_group_rules) to 0
2026-04-02 18:08:57.503 9 WARNING neutron.scheduler.dhcp_agent_scheduler [None req-d0e00a11-f63b-4372-bb81-755a654efaac 15ac08b292f84221bdb7fa15f1fca821 64192436849b41b8b4ae850920ef1780 - - default default] No more DHCP agents
2026-04-02 18:08:57.504 9 WARNING neutron.api.rpc.agentnotifiers.dhcp_rpc_agent_api [None req-d0e00a11-f63b-4372-bb81-755a654efaac 15ac08b292f84221bdb7fa15f1fca821 64192436849b41b8b4ae850920ef1780 - - default default] Unable to schedule network e382b4fc-db52-4df2-b0e8-14e2de477cfb: no agents available; will retry on subsequent port and subnet creation events.
2026-04-02 18:08:57.518 10 INFO neutron.api.wsgi [req-e636acf8-9e27-4e19-8b32-b817418e3469 req-a969bc94-a184-4b69-a0ff-ec87a5a73fd7 221a282eb14e40adbb4d6ef03bc3a4a0 772d464fdb2e41e2952405ca39fdc1b8 - - default default] 10.0.0.14 "POST /v2.0/security-groups HTTP/1.1" status: 201 len: 1889 time: 0.1847122
2026-04-02 18:08:57.578 9 INFO neutron.api.wsgi [req-c5745936-a2c8-4889-9198-9cba75c7630a req-23da8262-6758-49cb-a5fb-103bd3399ac8 221a282eb14e40adbb4d6ef03bc3a4a0 772d464fdb2e41e2952405ca39fdc1b8 - - default default] 10.0.0.14 "GET /v2.0/security-groups/02d3a6a2-bf6b-46b5-9fa8-f986adf86b6e HTTP/1.1" status: 200 len: 1884 time: 0.0290751
2026-04-02 18:08:57.595 9 WARNING neutron_lib.context [req-c5745936-a2c8-4889-9198-9cba75c7630a req-0a2290d0-7d45-4571-a15c-5f7a105bad34 221a282eb14e40adbb4d6ef03bc3a4a0 772d464fdb2e41e2952405ca39fdc1b8 - - default default] Method 'is_advsvc' is deprecated since 2023.2 release (neutron-lib 3.8.0) and will be removed once support for the old RBAC API policies will be removed from Neutron. Please use method 'is_service_role' instead.
2026-04-02 18:08:57.703 10 INFO neutron.api.wsgi [req-d3c0ea7e-a550-4cbe-b28c-4b68aa962f71 req-3ac06a14-1a64-448f-851e-6722c3d59123 17c0898e8e5b48e38b3fe24bdc1d9823 1f0f5ee9026d4ff8a7b692464313ac1c - - default default] 10.0.0.14 "GET /v2.0/security-groups?name=tempest-securitygroup--824818094&fields=id&tenant_id=1f0f5ee9026d4ff8a7b692464313ac1c HTTP/1.1" status: 200 len: 267 time: 0.0714588
2026-04-02 18:08:57.778 10 INFO neutron.api.wsgi [req-d3c0ea7e-a550-4cbe-b28c-4b68aa962f71 req-b5779047-7e25-462e-8e0f-39ab3e08b351 17c0898e8e5b48e38b3fe24bdc1d9823 1f0f5ee9026d4ff8a7b692464313ac1c - - default default] 10.0.0.14 "GET /v2.0/networks?id=0676b085-69d6-4c2b-9a73-f84da7ce5e6c HTTP/1.1" status: 200 len: 883 time: 0.0681419
2026-04-02 18:08:57.792 10 INFO neutron.api.wsgi [req-d3c0ea7e-a550-4cbe-b28c-4b68aa962f71 req-2e2ac445-3c0a-428a-9df6-aea5b4e5dbba 17c0898e8e5b48e38b3fe24bdc1d9823 1f0f5ee9026d4ff8a7b692464313ac1c - - default default] 10.0.0.14 "GET /v2.0/quotas/1f0f5ee9026d4ff8a7b692464313ac1c HTTP/1.1" status: 200 len: 491 time: 0.0086327
2026-04-02 18:08:57.820 9 INFO neutron.db.ovn_revision_numbers_db [req-c5745936-a2c8-4889-9198-9cba75c7630a req-0a2290d0-7d45-4571-a15c-5f7a105bad34 221a282eb14e40adbb4d6ef03bc3a4a0 772d464fdb2e41e2952405ca39fdc1b8 - - default default] Successfully bumped revision number for resource 608ab7af-bd7a-47ea-8ab9-bc4d6dfca120 (type: security_group_rules) to 0
2026-04-02 18:08:57.867 9 INFO neutron.api.wsgi [req-c5745936-a2c8-4889-9198-9cba75c7630a req-0a2290d0-7d45-4571-a15c-5f7a105bad34 221a282eb14e40adbb4d6ef03bc3a4a0 772d464fdb2e41e2952405ca39fdc1b8 - - default default] 10.0.0.14 "POST /v2.0/security-group-rules HTTP/1.1" status: 201 len: 818 time: 0.2792280
2026-04-02 18:08:57.884 10 INFO neutron.api.wsgi [req-d3c0ea7e-a550-4cbe-b28c-4b68aa962f71 req-847a1cc6-8ff8-44a8-bb31-3e7fe45b066c 17c0898e8e5b48e38b3fe24bdc1d9823 1f0f5ee9026d4ff8a7b692464313ac1c - - default default] 10.0.0.14 "GET /v2.0/ports?tenant_id=1f0f5ee9026d4ff8a7b692464313ac1c&fields=id HTTP/1.1" status: 200 len: 302 time: 0.0833776
2026-04-02 18:08:57.932 9 INFO neutron.api.wsgi [req-28778932-87af-47a0-aa55-350ccaf8abed req-50b4bad9-4188-4e07-a484-235ca4d1f8de 221a282eb14e40adbb4d6ef03bc3a4a0 772d464fdb2e41e2952405ca39fdc1b8 - - default default] 10.0.0.14 "GET /v2.0/security-groups/02d3a6a2-bf6b-46b5-9fa8-f986adf86b6e HTTP/1.1" status: 200 len: 2509 time: 0.0391340
2026-04-02 18:08:57.949 9 WARNING neutron_lib.context [req-28778932-87af-47a0-aa55-350ccaf8abed req-29b64698-35a0-492c-8dab-efc4d1688294 221a282eb14e40adbb4d6ef03bc3a4a0 772d464fdb2e41e2952405ca39fdc1b8 - - default default] Method 'is_advsvc' is deprecated since 2023.2 release (neutron-lib 3.8.0) and will be removed once support for the old RBAC API policies will be removed from Neutron. Please use method 'is_service_role' instead.
2026-04-02 18:08:58.122 9 INFO neutron.db.ovn_revision_numbers_db [req-28778932-87af-47a0-aa55-350ccaf8abed req-29b64698-35a0-492c-8dab-efc4d1688294 221a282eb14e40adbb4d6ef03bc3a4a0 772d464fdb2e41e2952405ca39fdc1b8 - - default default] Successfully bumped revision number for resource be33da22-1776-4a1e-9dc1-f2921bf0c44b (type: security_group_rules) to 0
2026-04-02 18:08:58.182 9 INFO neutron.api.wsgi [req-28778932-87af-47a0-aa55-350ccaf8abed req-29b64698-35a0-492c-8dab-efc4d1688294 221a282eb14e40adbb4d6ef03bc3a4a0 772d464fdb2e41e2952405ca39fdc1b8 - - default default] 10.0.0.14 "POST /v2.0/security-group-rules HTTP/1.1" status: 201 len: 823 time: 0.2382343
2026-04-02 18:08:58.249 9 INFO neutron.api.wsgi [req-07bc5733-78ef-46d4-ab5d-f15753a6b7b9 req-dc5e8304-f677-45ab-be05-15571b5adbc2 221a282eb14e40adbb4d6ef03bc3a4a0 772d464fdb2e41e2952405ca39fdc1b8 - - default default] 10.0.0.14 "GET /v2.0/security-groups/02d3a6a2-bf6b-46b5-9fa8-f986adf86b6e HTTP/1.1" status: 200 len: 3139 time: 0.0377283
2026-04-02 18:08:58.278 10 INFO neutron.api.wsgi [req-d3c0ea7e-a550-4cbe-b28c-4b68aa962f71 req-ee338aeb-73f6-403d-ab0b-bf98dc6fd7a8 613f559da1814c56a288b8c617095f66 7c9d33315b5a4682b8fd10e638a7ce86 - - fc6e22571bdd4990a4cb50c180567519 fc6e22571bdd4990a4cb50c180567519] 10.0.0.14 "GET /v2.0/extensions HTTP/1.1" status: 200 len: 19298 time: 0.0497084
2026-04-02 18:08:58.291 9 INFO neutron.api.wsgi [req-d31dcaf6-c661-414c-bc1b-76565fa945bc req-dc115a17-cbff-4455-b01c-3249421238aa 221a282eb14e40adbb4d6ef03bc3a4a0 772d464fdb2e41e2952405ca39fdc1b8 - - default default] 10.0.0.14 "GET /v2.0/security-group-rules/be33da22-1776-4a1e-9dc1-f2921bf0c44b HTTP/1.1" status: 200 len: 815 time: 0.0194714
2026-04-02 18:08:58.332 10 INFO neutron.api.wsgi [req-d3c0ea7e-a550-4cbe-b28c-4b68aa962f71 req-8e5359f3-d907-4a64-9e87-c94c2053b059 613f559da1814c56a288b8c617095f66 7c9d33315b5a4682b8fd10e638a7ce86 - - fc6e22571bdd4990a4cb50c180567519 fc6e22571bdd4990a4cb50c180567519] 10.0.0.14 "GET /v2.0/networks/0676b085-69d6-4c2b-9a73-f84da7ce5e6c?fields=segments HTTP/1.1" status: 200 len: 212 time: 0.0480638
2026-04-02 18:08:58.334 9 INFO neutron.api.wsgi [req-d31dcaf6-c661-414c-bc1b-76565fa945bc req-3757af15-0769-4f8f-8904-81dc127d6260 221a282eb14e40adbb4d6ef03bc3a4a0 772d464fdb2e41e2952405ca39fdc1b8 - - default default] 10.0.0.14 "GET /v2.0/security-groups/02d3a6a2-bf6b-46b5-9fa8-f986adf86b6e HTTP/1.1" status: 200 len: 3139 time: 0.0373600
2026-04-02 18:08:58.406 9 INFO neutron.db.ovn_revision_numbers_db [None req-d0e00a11-f63b-4372-bb81-755a654efaac 15ac08b292f84221bdb7fa15f1fca821 64192436849b41b8b4ae850920ef1780 - - default default] Successfully bumped revision number for resource 3b8965fa-a6df-4b5e-832a-2190c0d542ea (type: router_ports) to 1
2026-04-02 18:08:58.411 9 INFO neutron.api.wsgi [None req-d0e00a11-f63b-4372-bb81-755a654efaac 15ac08b292f84221bdb7fa15f1fca821 64192436849b41b8b4ae850920ef1780 - - default default] 10.0.0.191 "PUT /v2.0/routers/2997d8cf-9f2f-4deb-848f-b13564adbe8f/add_router_interface HTTP/1.1" status: 200 len: 503 time: 2.5704551
2026-04-02 18:08:58.452 10 INFO neutron.api.wsgi [req-d3c0ea7e-a550-4cbe-b28c-4b68aa962f71 req-b9161ace-f2cc-4099-ac64-d421e380234b 613f559da1814c56a288b8c617095f66 7c9d33315b5a4682b8fd10e638a7ce86 - - fc6e22571bdd4990a4cb50c180567519 fc6e22571bdd4990a4cb50c180567519] 10.0.0.14 "GET /v2.0/networks/0676b085-69d6-4c2b-9a73-f84da7ce5e6c?fields=provider%3Aphysical_network&fields=provider%3Anetwork_type HTTP/1.1" status: 200 len: 277 time: 0.1124876
2026-04-02 18:08:58.539 9 INFO neutron.api.wsgi [req-d31dcaf6-c661-414c-bc1b-76565fa945bc req-051ab5d2-464f-4674-8fe1-49dd7efff05d 221a282eb14e40adbb4d6ef03bc3a4a0 772d464fdb2e41e2952405ca39fdc1b8 - - default default] 10.0.0.14 "DELETE /v2.0/security-group-rules/be33da22-1776-4a1e-9dc1-f2921bf0c44b HTTP/1.1" status: 204 len: 173 time: 0.1975749
2026-04-02 18:08:58.582 9 INFO neutron.api.wsgi [req-39c10f55-abbb-4548-821a-c6d489791d6a req-c1cb937b-bdea-4011-b2ab-39965df678e2 221a282eb14e40adbb4d6ef03bc3a4a0 772d464fdb2e41e2952405ca39fdc1b8 - - default default] 10.0.0.14 "GET /v2.0/security-groups/02d3a6a2-bf6b-46b5-9fa8-f986adf86b6e HTTP/1.1" status: 200 len: 2509 time: 0.0228112
2026-04-02 18:08:58.654 10 INFO neutron.api.wsgi [req-cd06dc02-8041-4001-b78f-9ad85ac78a5d req-cbc93e3c-ba5d-4ae2-ba06-efe6d6d70740 17c0898e8e5b48e38b3fe24bdc1d9823 1f0f5ee9026d4ff8a7b692464313ac1c - - default default] 10.0.0.14 "GET /v2.0/ports?device_id=1be7b51b-9574-4b44-8b20-f597ae8856ef HTTP/1.1" status: 200 len: 210 time: 0.0522809
2026-04-02 18:08:58.709 9 INFO neutron.api.wsgi [req-39c10f55-abbb-4548-821a-c6d489791d6a req-b6aa3acf-5709-4824-9a99-3466009f5ba4 221a282eb14e40adbb4d6ef03bc3a4a0 772d464fdb2e41e2952405ca39fdc1b8 - - default default] 10.0.0.14 "DELETE /v2.0/security-groups/02d3a6a2-bf6b-46b5-9fa8-f986adf86b6e HTTP/1.1" status: 204 len: 173 time: 0.1207755
2026-04-02 18:08:58.759 10 INFO neutron.api.wsgi [req-7fca9da5-e515-4da5-876d-22c10c9c4544 req-cdfbafc4-cb3c-42e6-873d-9cc45eb22dc0 221a282eb14e40adbb4d6ef03bc3a4a0 772d464fdb2e41e2952405ca39fdc1b8 - - default default] 10.0.0.14 "GET /v2.0/security-groups/fee32e2a-7589-493e-a6a7-2a4d329bed9b HTTP/1.1" status: 200 len: 2510 time: 0.0289111
2026-04-02 18:08:58.897 10 INFO neutron.api.wsgi [req-7fca9da5-e515-4da5-876d-22c10c9c4544 req-0716dc5e-942d-419f-9169-a89ef8fb9166 221a282eb14e40adbb4d6ef03bc3a4a0 772d464fdb2e41e2952405ca39fdc1b8 - - default default] 10.0.0.14 "DELETE /v2.0/security-groups/fee32e2a-7589-493e-a6a7-2a4d329bed9b HTTP/1.1" status: 204 len: 173 time: 0.1309996
2026-04-02 18:08:58.931 9 WARNING neutron_lib.context [None req-c837c2d8-50b5-46ab-9483-a79da84d10fa ebbc7fb78d1949c6949af2b1fbebf657 e50f85160b1f4a159ed86f52104f3e6a - - default default] Method 'is_advsvc' is deprecated since 2023.2 release (neutron-lib 3.8.0) and will be removed once support for the old RBAC API policies will be removed from Neutron. Please use method 'is_service_role' instead.
2026-04-02 18:08:59.055 9 INFO neutron.db.ovn_revision_numbers_db [None req-c837c2d8-50b5-46ab-9483-a79da84d10fa ebbc7fb78d1949c6949af2b1fbebf657 e50f85160b1f4a159ed86f52104f3e6a - - default default] Successfully bumped revision number for resource aea2eda8-8d68-4e29-b8bd-62fb2c4e855a (type: security_groups) to 1
2026-04-02 18:08:59.069 9 INFO neutron.db.ovn_revision_numbers_db [None req-c837c2d8-50b5-46ab-9483-a79da84d10fa ebbc7fb78d1949c6949af2b1fbebf657 e50f85160b1f4a159ed86f52104f3e6a - - default default] Successfully bumped revision number for resource 19dcc2c8-7ccb-44c9-9fcf-084e47cfd4af (type: security_group_rules) to 0
2026-04-02 18:08:59.083 9 INFO neutron.db.ovn_revision_numbers_db [None req-c837c2d8-50b5-46ab-9483-a79da84d10fa ebbc7fb78d1949c6949af2b1fbebf657 e50f85160b1f4a159ed86f52104f3e6a - - default default] Successfully bumped revision number for resource 5440e32f-8436-47ba-beb1-057ce19d0124 (type: security_group_rules) to 0
2026-04-02 18:08:59.120 9 INFO neutron.api.wsgi [None req-c837c2d8-50b5-46ab-9483-a79da84d10fa ebbc7fb78d1949c6949af2b1fbebf657 e50f85160b1f4a159ed86f52104f3e6a - - default default] 10.0.0.191 "POST /v2.0/security-groups HTTP/1.1" status: 201 len: 1861 time: 0.1953390
2026-04-02 18:08:59.134 9 WARNING neutron_lib.context [None req-5838f706-664f-4505-b355-8a80e43663be ebbc7fb78d1949c6949af2b1fbebf657 e50f85160b1f4a159ed86f52104f3e6a - - default default] Method 'is_advsvc' is deprecated since 2023.2 release (neutron-lib 3.8.0) and will be removed once support for the old RBAC API policies will be removed from Neutron. Please use method 'is_service_role' instead.
2026-04-02 18:08:59.281 9 INFO neutron.db.ovn_revision_numbers_db [None req-5838f706-664f-4505-b355-8a80e43663be ebbc7fb78d1949c6949af2b1fbebf657 e50f85160b1f4a159ed86f52104f3e6a - - default default] Successfully bumped revision number for resource 0a94cd98-03dc-4295-88bb-155d451d29f0 (type: security_group_rules) to 0
2026-04-02 18:08:59.324 9 INFO neutron.api.wsgi [None req-5838f706-664f-4505-b355-8a80e43663be ebbc7fb78d1949c6949af2b1fbebf657 e50f85160b1f4a159ed86f52104f3e6a - - default default] 10.0.0.191 "POST /v2.0/security-group-rules HTTP/1.1" status: 201 len: 796 time: 0.1952012
2026-04-02 18:08:59.333 9 WARNING neutron_lib.context [None req-d234d2da-d79c-42a4-914f-1d5d8c675345 ebbc7fb78d1949c6949af2b1fbebf657 e50f85160b1f4a159ed86f52104f3e6a - - default default] Method 'is_advsvc' is deprecated since 2023.2 release (neutron-lib 3.8.0) and will be removed once support for the old RBAC API policies will be removed from Neutron. Please use method 'is_service_role' instead.
2026-04-02 18:08:59.469 9 INFO neutron.db.ovn_revision_numbers_db [None req-d234d2da-d79c-42a4-914f-1d5d8c675345 ebbc7fb78d1949c6949af2b1fbebf657 e50f85160b1f4a159ed86f52104f3e6a - - default default] Successfully bumped revision number for resource 540fe5c4-cd29-4a6f-b5a5-7969d17f9d6a (type: security_group_rules) to 0
2026-04-02 18:08:59.498 9 INFO neutron.api.wsgi [None req-d234d2da-d79c-42a4-914f-1d5d8c675345 ebbc7fb78d1949c6949af2b1fbebf657 e50f85160b1f4a159ed86f52104f3e6a - - default default] 10.0.0.191 "POST /v2.0/security-group-rules HTTP/1.1" status: 201 len: 801 time: 0.1695576
2026-04-02 18:08:59.509 9 WARNING neutron_lib.context [None req-525c14e8-6676-442b-a1ab-a8fd2caf8056 ebbc7fb78d1949c6949af2b1fbebf657 e50f85160b1f4a159ed86f52104f3e6a - - default default] Method 'is_advsvc' is deprecated since 2023.2 release (neutron-lib 3.8.0) and will be removed once support for the old RBAC API policies will be removed from Neutron. Please use method 'is_service_role' instead.
2026-04-02 18:08:59.738 9 WARNING neutron.scheduler.dhcp_agent_scheduler [None req-525c14e8-6676-442b-a1ab-a8fd2caf8056 ebbc7fb78d1949c6949af2b1fbebf657 e50f85160b1f4a159ed86f52104f3e6a - - default default] No more DHCP agents
2026-04-02 18:08:59.739 9 WARNING neutron.api.rpc.agentnotifiers.dhcp_rpc_agent_api [None req-525c14e8-6676-442b-a1ab-a8fd2caf8056 ebbc7fb78d1949c6949af2b1fbebf657 e50f85160b1f4a159ed86f52104f3e6a - - default default] Unable to schedule network 01cd64d3-5f44-49a4-af49-91bcc888d368: no agents available; will retry on subsequent port and subnet creation events.
2026-04-02 18:08:59.760 10 INFO neutron.api.wsgi [req-a4507ed7-cfbd-4295-b622-453e341dea63 req-05d3c674-bc2d-4162-a29f-678fe54da986 17c0898e8e5b48e38b3fe24bdc1d9823 1f0f5ee9026d4ff8a7b692464313ac1c - - default default] 10.0.0.14 "GET /v2.0/ports?device_id=1be7b51b-9574-4b44-8b20-f597ae8856ef HTTP/1.1" status: 200 len: 210 time: 0.0179951
2026-04-02 18:08:59.982 9 INFO neutron.api.wsgi [None req-525c14e8-6676-442b-a1ab-a8fd2caf8056 ebbc7fb78d1949c6949af2b1fbebf657 e50f85160b1f4a159ed86f52104f3e6a - - default default] 10.0.0.191 "POST /v2.0/floatingips HTTP/1.1" status: 201 len: 751 time: 0.4792602
2026-04-02 18:09:00.247 10 INFO neutron.api.wsgi [None req-f1082cc0-b7d0-4972-86bc-4b7b573ad26c 15ac08b292f84221bdb7fa15f1fca821 64192436849b41b8b4ae850920ef1780 - - default default] 10.0.0.191 "PUT /v2.0/routers/582aafca-796c-48e1-855d-f4375c58df85/remove_router_interface HTTP/1.1" status: 200 len: 503 time: 1.3420742
2026-04-02 18:09:00.413 9 INFO neutron.api.wsgi [req-983bedc0-b097-45b2-9a34-573b8b817525 req-799cb756-f27e-48c9-9501-42cf1ec1a134 ebbc7fb78d1949c6949af2b1fbebf657 e50f85160b1f4a159ed86f52104f3e6a - - default default] 10.0.0.14 "GET /v2.0/security-groups?name=tempest-securitygroup--1051049992&fields=id&tenant_id=e50f85160b1f4a159ed86f52104f3e6a HTTP/1.1" status: 200 len: 267 time: 0.0518188
2026-04-02 18:09:00.484 9 INFO neutron.api.wsgi [req-983bedc0-b097-45b2-9a34-573b8b817525 req-771064ab-b1f9-4ca5-8db0-792b595eff60 ebbc7fb78d1949c6949af2b1fbebf657 e50f85160b1f4a159ed86f52104f3e6a - - default default] 10.0.0.14 "GET /v2.0/networks?id=e382b4fc-db52-4df2-b0e8-14e2de477cfb HTTP/1.1" status: 200 len: 875 time: 0.0629754
2026-04-02 18:09:00.502 9 INFO neutron.api.wsgi [req-983bedc0-b097-45b2-9a34-573b8b817525 req-42933ace-b369-4e79-94c8-df9d64807121 ebbc7fb78d1949c6949af2b1fbebf657 e50f85160b1f4a159ed86f52104f3e6a - - default default] 10.0.0.14 "GET /v2.0/quotas/e50f85160b1f4a159ed86f52104f3e6a HTTP/1.1" status: 200 len: 491 time: 0.0133655
2026-04-02 18:09:00.606 9 INFO neutron.api.wsgi [req-983bedc0-b097-45b2-9a34-573b8b817525 req-cd1b0912-181f-4721-8c1f-f08f39361550 ebbc7fb78d1949c6949af2b1fbebf657 e50f85160b1f4a159ed86f52104f3e6a - - default default] 10.0.0.14 "GET /v2.0/ports?tenant_id=e50f85160b1f4a159ed86f52104f3e6a&fields=id HTTP/1.1" status: 200 len: 302 time: 0.0987587 /var/lib/openstack/lib/python3.12/site-packages/pycadf/identifier.py:71: UserWarning: Invalid uuid: neutron. To ensure interoperability, identifiers should be a valid uuid. warnings.warn(('Invalid uuid: %s. To ensure interoperability, '
2026-04-02 18:09:00.868 10 INFO neutron.api.wsgi [req-0c3982c1-6e1e-4a15-b681-3237b9ad98ba req-c2f05f51-b17a-4fb1-8146-242c10327ff8 17c0898e8e5b48e38b3fe24bdc1d9823 1f0f5ee9026d4ff8a7b692464313ac1c - - default default] 10.0.0.14 "GET /v2.0/ports?device_id=1be7b51b-9574-4b44-8b20-f597ae8856ef HTTP/1.1" status: 200 len: 210 time: 0.0193560
2026-04-02 18:09:00.969 9 INFO neutron.api.wsgi [req-983bedc0-b097-45b2-9a34-573b8b817525 req-cc5b55bc-acef-4d15-8eb9-a0e3e803aade 613f559da1814c56a288b8c617095f66 7c9d33315b5a4682b8fd10e638a7ce86 - - fc6e22571bdd4990a4cb50c180567519 fc6e22571bdd4990a4cb50c180567519] 10.0.0.14 "GET /v2.0/extensions HTTP/1.1" status: 200 len: 19298 time: 0.0480199
2026-04-02 18:09:01.043 9 INFO neutron.api.wsgi [req-983bedc0-b097-45b2-9a34-573b8b817525 req-12fdd758-8891-4f83-9740-05c72e4c1777 613f559da1814c56a288b8c617095f66 7c9d33315b5a4682b8fd10e638a7ce86 - - fc6e22571bdd4990a4cb50c180567519 fc6e22571bdd4990a4cb50c180567519] 10.0.0.14 "GET /v2.0/networks/e382b4fc-db52-4df2-b0e8-14e2de477cfb?fields=segments HTTP/1.1" status: 200 len: 212 time: 0.0618758
2026-04-02 18:09:01.137 9 INFO neutron.api.wsgi [req-983bedc0-b097-45b2-9a34-573b8b817525 req-95caa2ed-af52-4adf-82e7-3aa9c2e8c6f2 613f559da1814c56a288b8c617095f66 7c9d33315b5a4682b8fd10e638a7ce86 - - fc6e22571bdd4990a4cb50c180567519 fc6e22571bdd4990a4cb50c180567519] 10.0.0.14 "GET /v2.0/networks/e382b4fc-db52-4df2-b0e8-14e2de477cfb?fields=provider%3Aphysical_network&fields=provider%3Anetwork_type HTTP/1.1" status: 200 len: 277 time: 0.0838134
2026-04-02 18:09:01.141 9 INFO neutron.api.wsgi [None req-afd18051-a5ac-498c-875a-84e8d545655f 15ac08b292f84221bdb7fa15f1fca821 64192436849b41b8b4ae850920ef1780 - - default default] 10.0.0.191 "DELETE /v2.0/routers/582aafca-796c-48e1-855d-f4375c58df85 HTTP/1.1" status: 204 len: 168 time: 0.8882761
2026-04-02 18:09:01.328 10 INFO neutron.api.wsgi [req-69b5dfff-299a-4701-8e6a-2d6ae7b7ee62 req-7865a7f7-8543-4ca6-9051-331938ff53bf ebbc7fb78d1949c6949af2b1fbebf657 e50f85160b1f4a159ed86f52104f3e6a - - default default] 10.0.0.14 "GET /v2.0/ports?device_id=defa5f7a-b805-4b7e-96fa-17417f32bdfd HTTP/1.1" status: 200 len: 210 time: 0.0183311
2026-04-02 18:09:01.333 9 INFO neutron.api.wsgi [None req-dc3b5118-e54e-433e-9bca-3f302595246f 15ac08b292f84221bdb7fa15f1fca821 64192436849b41b8b4ae850920ef1780 - - default default] 10.0.0.191 "DELETE /v2.0/subnets/9d733194-e560-4a41-97f8-92d85776c022 HTTP/1.1" status: 204 len: 168 time: 0.1871080
2026-04-02 18:09:01.463 10 WARNING neutron.plugins.ml2.drivers.ovn.mech_driver.ovsdb.ovn_client [None req-86a59cdf-bf4b-4b4c-9cea-db92299835e6 - - - - - -] No hosting information found for port f72c57cc-a02a-4f79-8200-ddda3a9b1236: RuntimeError: No hosting information found for port f72c57cc-a02a-4f79-8200-ddda3a9b1236
2026-04-02 18:09:01.464 10 INFO neutron.plugins.ml2.drivers.ovn.mech_driver.mech_driver [None req-86a59cdf-bf4b-4b4c-9cea-db92299835e6 - - - - - -] OVN reports status up for port: 0431dad9-c92a-4c9c-b32c-6257a84c25e5
2026-04-02 18:09:01.474 10 INFO neutron.plugins.ml2.drivers.ovn.mech_driver.mech_driver [None req-86a59cdf-bf4b-4b4c-9cea-db92299835e6 - - - - - -] OVN reports status up for port: db72fdf6-c446-4fe9-be0a-6a03dc447b26
2026-04-02 18:09:01.483 10 INFO neutron.plugins.ml2.plugin [None req-86a59cdf-bf4b-4b4c-9cea-db92299835e6 - - - - - -] Attempt 1 to provision port db72fdf6-c446-4fe9-be0a-6a03dc447b26
2026-04-02 18:09:01.647 9 INFO neutron.api.wsgi [req-e3519c50-2684-47ab-bc80-c6a77a1c5d00 req-0d873f8a-b319-4451-bd9d-a9ddf5d04335 16ff421b08ae427f99cd791b5a509db1 9eee57f622b54bab9945426cb6e487f2 - - default default] 10.0.0.14 "GET /v2.0/security-groups?name=tempest-securitygroup--789541672&fields=id&tenant_id=9eee57f622b54bab9945426cb6e487f2 HTTP/1.1" status: 200 len: 267 time: 0.0612020
2026-04-02 18:09:01.711 9 INFO neutron.api.wsgi [req-e3519c50-2684-47ab-bc80-c6a77a1c5d00 req-d37308e7-21a2-42fd-9d1e-80d5038bbcca 16ff421b08ae427f99cd791b5a509db1 9eee57f622b54bab9945426cb6e487f2 - - default default] 10.0.0.14 "GET /v2.0/networks?id=39f6e5bf-9c0b-405c-a121-ff3f93cd3b3f HTTP/1.1" status: 200 len: 878 time: 0.0583863
2026-04-02 18:09:01.717 9 INFO neutron.api.wsgi [None req-d2579450-ef6a-407c-85fa-e91f1e8aff00 15ac08b292f84221bdb7fa15f1fca821 64192436849b41b8b4ae850920ef1780 - - default default] 10.0.0.191 "DELETE /v2.0/networks/2de98291-2b8c-46af-96af-b2f8473585f9 HTTP/1.1" status: 204 len: 168 time: 0.3777976
2026-04-02 18:09:01.727 9 INFO neutron.api.wsgi [req-e3519c50-2684-47ab-bc80-c6a77a1c5d00 req-52258c35-cdf4-4c1d-8fa8-5f74d5dc4789 16ff421b08ae427f99cd791b5a509db1 9eee57f622b54bab9945426cb6e487f2 - - default default] 10.0.0.14 "GET /v2.0/quotas/9eee57f622b54bab9945426cb6e487f2 HTTP/1.1" status: 200 len: 491 time: 0.0090816
2026-04-02 18:09:01.811 9 INFO neutron.api.wsgi [req-e3519c50-2684-47ab-bc80-c6a77a1c5d00 req-939029cf-cc87-4d2c-baf1-a3ec5aa3dc29 16ff421b08ae427f99cd791b5a509db1 9eee57f622b54bab9945426cb6e487f2 - - default default] 10.0.0.14 "GET /v2.0/ports?tenant_id=9eee57f622b54bab9945426cb6e487f2&fields=id HTTP/1.1" status: 200 len: 302 time: 0.0782232
2026-04-02 18:09:01.872 9 INFO neutron.api.wsgi [req-e3519c50-2684-47ab-bc80-c6a77a1c5d00 req-3c98212c-8802-4b29-b04e-8ad1229862cd 613f559da1814c56a288b8c617095f66 7c9d33315b5a4682b8fd10e638a7ce86 - - fc6e22571bdd4990a4cb50c180567519 fc6e22571bdd4990a4cb50c180567519] 10.0.0.14 "GET /v2.0/networks/39f6e5bf-9c0b-405c-a121-ff3f93cd3b3f?fields=segments HTTP/1.1" status: 200 len: 212 time: 0.0504651
2026-04-02 18:09:01.893 10 INFO neutron.db.ovn_revision_numbers_db [None req-86a59cdf-bf4b-4b4c-9cea-db92299835e6 - - - - - -] Successfully bumped revision number for resource db72fdf6-c446-4fe9-be0a-6a03dc447b26 (type: ports) to 2
2026-04-02 18:09:01.902 9 INFO neutron.api.wsgi [None req-fe851b34-fb70-417a-a77f-0238977c2f1e 15ac08b292f84221bdb7fa15f1fca821 64192436849b41b8b4ae850920ef1780 - - default default] 10.0.0.191 "GET /v2.0/security-groups?tenant_id=772d464fdb2e41e2952405ca39fdc1b8&name=default HTTP/1.1" status: 200 len: 3116 time: 0.0438106
2026-04-02 18:09:01.921 9 INFO neutron.api.wsgi [req-e3519c50-2684-47ab-bc80-c6a77a1c5d00 req-881d2471-27c2-4b33-8031-df21ac1e50ff 613f559da1814c56a288b8c617095f66 7c9d33315b5a4682b8fd10e638a7ce86 - - fc6e22571bdd4990a4cb50c180567519 fc6e22571bdd4990a4cb50c180567519] 10.0.0.14 "GET /v2.0/networks/39f6e5bf-9c0b-405c-a121-ff3f93cd3b3f?fields=provider%3Aphysical_network&fields=provider%3Anetwork_type HTTP/1.1" status: 200 len: 277 time: 0.0440261
2026-04-02 18:09:01.961 10 INFO neutron.api.wsgi [req-f5fb4fbc-b467-4002-a98a-4b7a91407571 req-de1177f3-cac3-47b3-be14-bd18613c6a71 17c0898e8e5b48e38b3fe24bdc1d9823 1f0f5ee9026d4ff8a7b692464313ac1c - - default default] 10.0.0.14 "GET /v2.0/ports?device_id=1be7b51b-9574-4b44-8b20-f597ae8856ef HTTP/1.1" status: 200 len: 210 time: 0.0191689
2026-04-02 18:09:02.136 9 INFO neutron.services.segments.plugin [-] Segment e125bc53-2d7c-4252-8a95-9d4a47d95d43 resource provider aggregate not found
2026-04-02 18:09:02.142 10 INFO neutron.api.wsgi [None req-bd602dbf-1a9f-4d5e-b7e1-f0f1211b2cc3 15ac08b292f84221bdb7fa15f1fca821 64192436849b41b8b4ae850920ef1780 - - default default] 10.0.0.191 "DELETE /v2.0/security-groups/cad49a93-04c3-421e-ad0e-06ef03612f74 HTTP/1.1" status: 204 len: 168 time: 0.2346830
2026-04-02 18:09:02.153 9 INFO neutron.services.segments.plugin [-] Segment e125bc53-2d7c-4252-8a95-9d4a47d95d43 resource provider not found; error: Placement Client Error (4xx): {"errors": [{"status": 404, "title": "Not Found", "detail": "The resource could not be found.\n\n No resource provider with uuid e125bc53-2d7c-4252-8a95-9d4a47d95d43 found for delete ", "request_id": "req-b948eafa-b380-44bd-9b8f-9d44d9563d2e"}]}
2026-04-02 18:09:02.154 9 INFO neutron.services.segments.plugin [-] Segment e125bc53-2d7c-4252-8a95-9d4a47d95d43 resource provider aggregate not found
2026-04-02 18:09:02.171 9 INFO neutron.services.segments.plugin [-] Segment e125bc53-2d7c-4252-8a95-9d4a47d95d43 resource provider not found; error: Placement Client Error (4xx): {"errors": [{"status": 404, "title": "Not Found", "detail": "The resource could not be found.\n\n No resource provider with uuid e125bc53-2d7c-4252-8a95-9d4a47d95d43 found for delete ", "request_id": "req-25d2b93a-0c9a-4d46-9ab8-6e7b7e9c211a"}]}
2026-04-02 18:09:02.214 9 INFO neutron.api.wsgi [-] 10.0.0.48 "GET / HTTP/1.1" status: 200 len: 247 time: 0.0034287
2026-04-02 18:09:02.218 9 INFO neutron.api.wsgi [-] 10.0.0.48 "GET / HTTP/1.1" status: 200 len: 247 time: 0.0027030
2026-04-02 18:09:02.224 10 INFO neutron.api.wsgi [req-b73d3a34-acc2-48a0-8a0c-69da7dc1220e req-4cf8767b-4fd7-40ae-b897-6cf76348d463 16ff421b08ae427f99cd791b5a509db1 9eee57f622b54bab9945426cb6e487f2 - - default default] 10.0.0.14 "GET /v2.0/ports?device_id=e15ef998-2c41-43ee-9918-d674c13736d5 HTTP/1.1" status: 200 len: 210 time: 0.0137193
2026-04-02 18:09:02.445 9 INFO neutron.api.wsgi [req-abffc178-7798-49a8-bd9e-cabfc230c62e req-dd56ff93-a44a-4714-8b55-d5a9adc7c2a0 ebbc7fb78d1949c6949af2b1fbebf657 e50f85160b1f4a159ed86f52104f3e6a - - default default] 10.0.0.14 "GET /v2.0/ports?device_id=defa5f7a-b805-4b7e-96fa-17417f32bdfd HTTP/1.1" status: 200 len: 210 time: 0.0316296
2026-04-02 18:09:03.032 10 INFO neutron.api.wsgi [req-65a82dd7-eaf5-4384-9104-3a7811ea3cd9 req-d1dd6ac5-466b-4cae-b524-f0ecf57886a8 17c0898e8e5b48e38b3fe24bdc1d9823 1f0f5ee9026d4ff8a7b692464313ac1c - - default default] 10.0.0.14 "GET /v2.0/ports?device_id=1be7b51b-9574-4b44-8b20-f597ae8856ef HTTP/1.1" status: 200 len: 210 time: 0.0194709
2026-04-02 18:09:03.299 9 INFO neutron.api.wsgi [req-c8303981-15dd-4122-9f3a-980f3b45e069 req-f5583afa-3a5c-4474-80f9-c7dcf2d87130 16ff421b08ae427f99cd791b5a509db1 9eee57f622b54bab9945426cb6e487f2 - - default default] 10.0.0.14 "GET /v2.0/ports?device_id=e15ef998-2c41-43ee-9918-d674c13736d5 HTTP/1.1" status: 200 len: 210 time: 0.0151069
2026-04-02 18:09:03.528 10 INFO neutron.api.wsgi [req-797caa71-0d2a-486d-8ba1-883d40f589db req-345f71b4-696a-4352-b8bd-ad6ed945f935 ebbc7fb78d1949c6949af2b1fbebf657 e50f85160b1f4a159ed86f52104f3e6a - - default default] 10.0.0.14 "GET /v2.0/ports?device_id=defa5f7a-b805-4b7e-96fa-17417f32bdfd HTTP/1.1" status: 200 len: 210 time: 0.0170832
2026-04-02 18:09:03.723 10 INFO neutron.api.wsgi [req-d3c0ea7e-a550-4cbe-b28c-4b68aa962f71 req-cb822948-1079-410c-8993-edc054d67f95 17c0898e8e5b48e38b3fe24bdc1d9823 1f0f5ee9026d4ff8a7b692464313ac1c - - default default] 199.19.213.133 "GET /v2.0/networks?id=0676b085-69d6-4c2b-9a73-f84da7ce5e6c HTTP/1.1" status: 200 len: 883 time: 0.2619817
2026-04-02 18:09:03.799 10 INFO neutron.api.wsgi [req-d3c0ea7e-a550-4cbe-b28c-4b68aa962f71 req-1390e40f-1dca-4775-b3a4-4f4acc2cfd71 17c0898e8e5b48e38b3fe24bdc1d9823 1f0f5ee9026d4ff8a7b692464313ac1c - - default default] 199.19.213.133 "GET /v2.0/security-groups?fields=id&fields=name&tenant_id=1f0f5ee9026d4ff8a7b692464313ac1c HTTP/1.1" status: 200 len: 379 time: 0.0507782
2026-04-02 18:09:03.807 10 WARNING neutron_lib.context [req-d3c0ea7e-a550-4cbe-b28c-4b68aa962f71 req-8c9b17d2-0f01-45e9-9683-709e74362829 17c0898e8e5b48e38b3fe24bdc1d9823 1f0f5ee9026d4ff8a7b692464313ac1c - - default default] Method 'is_advsvc' is deprecated since 2023.2 release (neutron-lib 3.8.0) and will be removed once support for the old RBAC API policies will be removed from Neutron. Please use method 'is_service_role' instead.
2026-04-02 18:09:04.013 9 INFO neutron.db.ovn_revision_numbers_db [None req-76dc40ee-9671-430a-9a3c-312ca887c64d 15ac08b292f84221bdb7fa15f1fca821 64192436849b41b8b4ae850920ef1780 - - default default] Successfully bumped revision number for resource feb2f770-e0b1-433d-b653-59272cfbcbf2 (type: security_groups) to 1
2026-04-02 18:09:04.052 9 INFO neutron.db.ovn_revision_numbers_db [None req-76dc40ee-9671-430a-9a3c-312ca887c64d 15ac08b292f84221bdb7fa15f1fca821 64192436849b41b8b4ae850920ef1780 - - default default] Successfully bumped revision number for resource 8a07fbed-346c-4a5a-9412-a3489ce52af7 (type: security_group_rules) to 0
2026-04-02 18:09:04.074 9 INFO neutron.db.ovn_revision_numbers_db [None req-76dc40ee-9671-430a-9a3c-312ca887c64d 15ac08b292f84221bdb7fa15f1fca821 64192436849b41b8b4ae850920ef1780 - - default default] Successfully bumped revision number for resource 9d957cc3-6e3c-4225-87cb-2d5f162d497e (type: security_group_rules) to 0
2026-04-02 18:09:04.090 9 INFO neutron.db.ovn_revision_numbers_db [None req-76dc40ee-9671-430a-9a3c-312ca887c64d 15ac08b292f84221bdb7fa15f1fca821 64192436849b41b8b4ae850920ef1780 - - default default] Successfully bumped revision number for resource ba932693-b708-4dd9-a802-9ddd6c0bedc7 (type: security_group_rules) to 0
2026-04-02 18:09:04.104 9 INFO neutron.db.ovn_revision_numbers_db [None req-76dc40ee-9671-430a-9a3c-312ca887c64d 15ac08b292f84221bdb7fa15f1fca821 64192436849b41b8b4ae850920ef1780 - - default default] Successfully bumped revision number for resource fc7cb4c0-ab37-4fb1-b7e7-ff8e6ab2e0f0 (type: security_group_rules) to 0
2026-04-02 18:09:04.154 10 WARNING neutron.scheduler.dhcp_agent_scheduler [req-d3c0ea7e-a550-4cbe-b28c-4b68aa962f71 req-8c9b17d2-0f01-45e9-9683-709e74362829 17c0898e8e5b48e38b3fe24bdc1d9823 1f0f5ee9026d4ff8a7b692464313ac1c - - default default] No more DHCP agents
2026-04-02 18:09:04.156 10 WARNING neutron.api.rpc.agentnotifiers.dhcp_rpc_agent_api [req-d3c0ea7e-a550-4cbe-b28c-4b68aa962f71 req-8c9b17d2-0f01-45e9-9683-709e74362829 17c0898e8e5b48e38b3fe24bdc1d9823 1f0f5ee9026d4ff8a7b692464313ac1c - - default default] Unable to schedule network 0676b085-69d6-4c2b-9a73-f84da7ce5e6c: no agents available; will retry on subsequent port and subnet creation events.
2026-04-02 18:09:04.212 9 INFO neutron.api.wsgi [req-08e7886a-8309-4830-9dfa-6a02d5c94256 req-f6da7e97-1314-4943-800b-2273c167df7d 17c0898e8e5b48e38b3fe24bdc1d9823 1f0f5ee9026d4ff8a7b692464313ac1c - - default default] 10.0.0.14 "GET /v2.0/ports?device_id=1be7b51b-9574-4b44-8b20-f597ae8856ef HTTP/1.1" status: 200 len: 1156 time: 0.0983603
2026-04-02 18:09:04.248 9 INFO neutron.db.segments_db [None req-76dc40ee-9671-430a-9a3c-312ca887c64d 15ac08b292f84221bdb7fa15f1fca821 64192436849b41b8b4ae850920ef1780 - - default default] Added segment e14af860-0331-4ecc-b9af-6f5625bec7b7 of type geneve for network 656e67e2-a349-4dd4-bd40-1763b578d136
2026-04-02 18:09:04.264 10 INFO neutron.db.ovn_revision_numbers_db [req-d3c0ea7e-a550-4cbe-b28c-4b68aa962f71 req-8c9b17d2-0f01-45e9-9683-709e74362829 17c0898e8e5b48e38b3fe24bdc1d9823 1f0f5ee9026d4ff8a7b692464313ac1c - - default default] Successfully bumped revision number for resource cf811fbf-f83f-4a20-80f2-b0d4a8558953 (type: ports) to 1
2026-04-02 18:09:04.270 9 INFO neutron.api.wsgi [req-08e7886a-8309-4830-9dfa-6a02d5c94256 req-df263d9a-d2f3-4728-b8f0-1be94de8792b 17c0898e8e5b48e38b3fe24bdc1d9823 1f0f5ee9026d4ff8a7b692464313ac1c - - default default] 10.0.0.14 "GET /v2.0/security-groups?id=73e51229-b91f-4d25-bde0-529a1f286ec1&fields=id&fields=name HTTP/1.1" status: 200 len: 312 time: 0.0539393
2026-04-02 18:09:04.306 10 INFO neutron.api.wsgi [req-d3c0ea7e-a550-4cbe-b28c-4b68aa962f71 req-8c9b17d2-0f01-45e9-9683-709e74362829 17c0898e8e5b48e38b3fe24bdc1d9823 1f0f5ee9026d4ff8a7b692464313ac1c - - default default] 199.19.213.133 "POST /v2.0/ports HTTP/1.1" status: 201 len: 1158 time: 0.5042515 /var/lib/openstack/lib/python3.12/site-packages/pycadf/identifier.py:71: UserWarning: Invalid uuid: neutron. To ensure interoperability, identifiers should be a valid uuid. warnings.warn(('Invalid uuid: %s. To ensure interoperability, '
2026-04-02 18:09:04.318 10 INFO neutron.api.wsgi [req-d3c0ea7e-a550-4cbe-b28c-4b68aa962f71 req-3c010aa1-5f24-4fd2-b0e1-d7c0a6e33631 17c0898e8e5b48e38b3fe24bdc1d9823 1f0f5ee9026d4ff8a7b692464313ac1c - - default default] 199.19.213.133 "GET /v2.0/extensions HTTP/1.1" status: 200 len: 19298 time: 0.0068419
2026-04-02 18:09:04.373 10 INFO neutron.api.wsgi [req-bb4cc428-6ab3-40a9-a88b-1d7d8c820e6f req-21da5116-764c-42d8-afc2-61bf398f97f0 16ff421b08ae427f99cd791b5a509db1 9eee57f622b54bab9945426cb6e487f2 - - default default] 10.0.0.14 "GET /v2.0/ports?device_id=e15ef998-2c41-43ee-9918-d674c13736d5 HTTP/1.1" status: 200 len: 210 time: 0.0196891
