2026-04-02 17:30:05.697 10 WARNING neutron.services.revisions.revision_plugin [None req-507f6189-ad6c-4772-9526-76178c0d64f2 15ac08b292f84221bdb7fa15f1fca821 64192436849b41b8b4ae850920ef1780 - - default default] Could not find related network for resource to bump revision.
2026-04-02 17:30:05.724 10 INFO neutron.db.segments_db [None req-507f6189-ad6c-4772-9526-76178c0d64f2 15ac08b292f84221bdb7fa15f1fca821 64192436849b41b8b4ae850920ef1780 - - default default] Added segment 14811449-a227-44c8-9437-3fe6af0ab0f9 of type flat for network 01cd64d3-5f44-49a4-af49-91bcc888d368
2026-04-02 17:30:05.882 10 INFO neutron.db.ovn_revision_numbers_db [None req-507f6189-ad6c-4772-9526-76178c0d64f2 15ac08b292f84221bdb7fa15f1fca821 64192436849b41b8b4ae850920ef1780 - - default default] Successfully bumped revision number for resource 01cd64d3-5f44-49a4-af49-91bcc888d368 (type: networks) to 1
2026-04-02 17:30:06.134 10 WARNING neutron.scheduler.dhcp_agent_scheduler [None req-507f6189-ad6c-4772-9526-76178c0d64f2 15ac08b292f84221bdb7fa15f1fca821 64192436849b41b8b4ae850920ef1780 - - default default] No more DHCP agents
2026-04-02 17:30:06.135 10 WARNING neutron.api.rpc.agentnotifiers.dhcp_rpc_agent_api [None req-507f6189-ad6c-4772-9526-76178c0d64f2 15ac08b292f84221bdb7fa15f1fca821 64192436849b41b8b4ae850920ef1780 - - default default] Unable to schedule network 01cd64d3-5f44-49a4-af49-91bcc888d368: no agents available; will retry on subsequent port and subnet creation events.
2026-04-02 17:30:06.236 10 INFO neutron.db.ovn_revision_numbers_db [None req-507f6189-ad6c-4772-9526-76178c0d64f2 15ac08b292f84221bdb7fa15f1fca821 64192436849b41b8b4ae850920ef1780 - - default default] Successfully bumped revision number for resource 14367d76-0b06-43f4-bfae-dd1f3f27ed14 (type: ports) to 1
2026-04-02 17:30:06.259 10 INFO neutron.api.wsgi [None req-507f6189-ad6c-4772-9526-76178c0d64f2 15ac08b292f84221bdb7fa15f1fca821 64192436849b41b8b4ae850920ef1780 - - default default] 199.19.213.133,10.0.0.48 "POST /v2.0/networks HTTP/1.1" status: 201 len: 886 time: 0.9758422
2026-04-02 17:30:07.373 10 INFO neutron.pecan_wsgi.hooks.translation [None req-6d6628af-3b38-4a11-933b-b29d9fc960b1 15ac08b292f84221bdb7fa15f1fca821 64192436849b41b8b4ae850920ef1780 - - default default] GET failed (client error): The resource could not be found.
2026-04-02 17:30:07.375 10 INFO neutron.api.wsgi [None req-6d6628af-3b38-4a11-933b-b29d9fc960b1 15ac08b292f84221bdb7fa15f1fca821 64192436849b41b8b4ae850920ef1780 - - default default] 199.19.213.133,10.0.0.48 "GET /v2.0/networks/public HTTP/1.1" status: 404 len: 290 time: 0.0368385
2026-04-02 17:30:07.406 10 INFO neutron.api.wsgi [None req-56db4045-1078-498b-a2c4-a4b5e1bc06c5 15ac08b292f84221bdb7fa15f1fca821 64192436849b41b8b4ae850920ef1780 - - default default] 199.19.213.133,10.0.0.48 "GET /v2.0/networks?name=public HTTP/1.1" status: 200 len: 890 time: 0.0273244
2026-04-02 17:30:07.429 10 INFO neutron.pecan_wsgi.hooks.translation [None req-a53a3064-8b14-4c6b-b306-fdd70b05bf8c 15ac08b292f84221bdb7fa15f1fca821 64192436849b41b8b4ae850920ef1780 - - default default] GET failed (client error): The resource could not be found.
2026-04-02 17:30:07.430 10 INFO neutron.api.wsgi [None req-a53a3064-8b14-4c6b-b306-fdd70b05bf8c 15ac08b292f84221bdb7fa15f1fca821 64192436849b41b8b4ae850920ef1780 - - default default] 199.19.213.133,10.0.0.48 "GET /v2.0/subnets/public-subnet?network_id=01cd64d3-5f44-49a4-af49-91bcc888d368 HTTP/1.1" status: 404 len: 295 time: 0.0166745
2026-04-02 17:30:07.454 10 INFO neutron.api.wsgi [None req-36512f2d-5cbf-472a-865b-e9a90b80c664 15ac08b292f84221bdb7fa15f1fca821 64192436849b41b8b4ae850920ef1780 - - default default] 199.19.213.133,10.0.0.48 "GET /v2.0/subnets?name=public-subnet&network_id=01cd64d3-5f44-49a4-af49-91bcc888d368 HTTP/1.1" status: 200 len: 188 time: 0.0199990
2026-04-02 17:30:07.667 10 WARNING neutron.scheduler.dhcp_agent_scheduler [None req-17c3e6f7-4ec8-4252-b915-e5885b35699c 15ac08b292f84221bdb7fa15f1fca821 64192436849b41b8b4ae850920ef1780 - - default default] No more DHCP agents
2026-04-02 17:30:07.668 10 WARNING neutron.api.rpc.agentnotifiers.dhcp_rpc_agent_api [None req-17c3e6f7-4ec8-4252-b915-e5885b35699c 15ac08b292f84221bdb7fa15f1fca821 64192436849b41b8b4ae850920ef1780 - - default default] Unable to schedule network 01cd64d3-5f44-49a4-af49-91bcc888d368: no agents available; will retry on subsequent port and subnet creation events.
2026-04-02 17:30:08.139 10 INFO neutron.db.ovn_revision_numbers_db [None req-6954e0a5-fd9a-4050-a92e-92b8ccb46523 - - - - - -] Successfully bumped revision number for resource 14367d76-0b06-43f4-bfae-dd1f3f27ed14 (type: ports) to 2
2026-04-02 17:30:08.173 10 INFO neutron.db.ovn_revision_numbers_db [None req-6954e0a5-fd9a-4050-a92e-92b8ccb46523 - - - - - -] Successfully bumped revision number for resource b6302a28-1e24-4757-b406-a2e9375cfb31 (type: subnets) to 0
2026-04-02 17:30:08.186 10 INFO neutron.api.wsgi [None req-17c3e6f7-4ec8-4252-b915-e5885b35699c 15ac08b292f84221bdb7fa15f1fca821 64192436849b41b8b4ae850920ef1780 - - default default] 199.19.213.133,10.0.0.48 "POST /v2.0/subnets HTTP/1.1" status: 201 len: 844 time: 0.7261853
2026-04-02 17:30:11.897 15 WARNING neutron.plugins.ml2.drivers.ovn.mech_driver.ovsdb.ovn_db_sync [None req-1ce64ac4-c914-489d-9a18-2db9f3237a26 - - - - - -] New host instance found in OVN SB DB, but not in Neutron. Add its SegmentHostMapping in Neutron
2026-04-02 17:30:12.199 15 INFO neutron.plugins.ml2.drivers.ovn.mech_driver.ovsdb.extensions.qos [None req-8d5d7fcd-2f19-4b2e-8c64-e2107a520643 - - - - - -] Starting OVNClientQosExtension
2026-04-02 17:30:12.215 15 INFO neutron.plugins.ml2.drivers.ovn.mech_driver.ovsdb.extensions.qos [None req-8d5d7fcd-2f19-4b2e-8c64-e2107a520643 - - - - - -] Starting OVNClientQosExtension
2026-04-02 17:30:17.213 10 INFO neutron.api.wsgi [-] 10.0.0.48 "GET / HTTP/1.1" status: 200 len: 247 time: 0.0027566
2026-04-02 17:30:32.216 9 INFO neutron.api.wsgi [-] 10.0.0.48 "GET / HTTP/1.1" status: 200 len: 247 time: 0.0042934
2026-04-02 17:30:47.213 10 INFO neutron.api.wsgi [-] 10.0.0.48 "GET / HTTP/1.1" status: 200 len: 247 time: 0.0030816
2026-04-02 17:31:02.213 9 INFO neutron.api.wsgi [-] 10.0.0.48 "GET / HTTP/1.1" status: 200 len: 247 time: 0.0028439
2026-04-02 17:31:02.215 9 INFO neutron.api.wsgi [-] 10.0.0.48 "GET / HTTP/1.1" status: 200 len: 247 time: 0.0014968
2026-04-02 17:31:17.212 10 INFO neutron.api.wsgi [-] 10.0.0.48 "GET / HTTP/1.1" status: 200 len: 247 time: 0.0023103
2026-04-02 17:31:17.212 9 INFO neutron.api.wsgi [-] 10.0.0.48 "GET / HTTP/1.1" status: 200 len: 247 time: 0.0023105
2026-04-02 17:31:32.214 9 INFO neutron.api.wsgi [-] 10.0.0.48 "GET / HTTP/1.1" status: 200 len: 247 time: 0.0030446
2026-04-02 17:31:32.218 9 INFO neutron.api.wsgi [-] 10.0.0.48 "GET / HTTP/1.1" status: 200 len: 247 time: 0.0019796
2026-04-02 17:31:47.213 9 INFO neutron.api.wsgi [-] 10.0.0.48 "GET / HTTP/1.1" status: 200 len: 247 time: 0.0026619
2026-04-02 17:31:47.214 10 INFO neutron.api.wsgi [-] 10.0.0.48 "GET / HTTP/1.1" status: 200 len: 247 time: 0.0037353
2026-04-02 17:32:02.213 10 INFO neutron.api.wsgi [-] 10.0.0.48 "GET / HTTP/1.1" status: 200 len: 247 time: 0.0025501
2026-04-02 17:32:02.216 9 INFO neutron.api.wsgi [-] 10.0.0.48 "GET / HTTP/1.1" status: 200 len: 247 time: 0.0051546
2026-04-02 17:32:17.213 10 INFO neutron.api.wsgi [-] 10.0.0.48 "GET / HTTP/1.1" status: 200 len: 247 time: 0.0033114
2026-04-02 17:32:17.215 10 INFO neutron.api.wsgi [-] 10.0.0.48 "GET / HTTP/1.1" status: 200 len: 247 time: 0.0014040
2026-04-02 17:32:32.213 9 INFO neutron.api.wsgi [-] 10.0.0.48 "GET / HTTP/1.1" status: 200 len: 247 time: 0.0024252
2026-04-02 17:32:32.213 10 INFO neutron.api.wsgi [-] 10.0.0.48 "GET / HTTP/1.1" status: 200 len: 247 time: 0.0025692
2026-04-02 17:32:47.216 10 INFO neutron.api.wsgi [-] 10.0.0.48 "GET / HTTP/1.1" status: 200 len: 247 time: 0.0026221
2026-04-02 17:32:47.218 10 INFO neutron.api.wsgi [-] 10.0.0.48 "GET / HTTP/1.1" status: 200 len: 247 time: 0.0013020
2026-04-02 17:33:02.213 9 INFO neutron.api.wsgi [-] 10.0.0.48 "GET / HTTP/1.1" status: 200 len: 247 time: 0.0021873
2026-04-02 17:33:02.213 10 INFO neutron.api.wsgi [-] 10.0.0.48 "GET / HTTP/1.1" status: 200 len: 247 time: 0.0025275
2026-04-02 17:33:17.213 10 INFO neutron.api.wsgi [-] 10.0.0.48 "GET / HTTP/1.1" status: 200 len: 247 time: 0.0028126
2026-04-02 17:33:17.218 10 INFO neutron.api.wsgi [-] 10.0.0.48 "GET / HTTP/1.1" status: 200 len: 247 time: 0.0041564
2026-04-02 17:33:32.212 10 INFO neutron.api.wsgi [-] 10.0.0.48 "GET / HTTP/1.1" status: 200 len: 247 time: 0.0021818
2026-04-02 17:33:32.215 10 INFO neutron.api.wsgi [-] 10.0.0.48 "GET / HTTP/1.1" status: 200 len: 247 time: 0.0020022
2026-04-02 17:33:47.213 10 INFO neutron.api.wsgi [-] 10.0.0.48 "GET / HTTP/1.1" status: 200 len: 247 time: 0.0031302
2026-04-02 17:33:47.215 10 INFO neutron.api.wsgi [-] 10.0.0.48 "GET / HTTP/1.1" status: 200 len: 247 time: 0.0012529
2026-04-02 17:34:02.213 10 INFO neutron.api.wsgi [-] 10.0.0.48 "GET / HTTP/1.1" status: 200 len: 247 time: 0.0025518
2026-04-02 17:34:02.213 9 INFO neutron.api.wsgi [-] 10.0.0.48 "GET / HTTP/1.1" status: 200 len: 247 time: 0.0028543
2026-04-02 17:34:17.211 9 INFO neutron.api.wsgi [-] 10.0.0.48 "GET / HTTP/1.1" status: 200 len: 247 time: 0.0016992
2026-04-02 17:34:17.211 10 INFO neutron.api.wsgi [-] 10.0.0.48 "GET / HTTP/1.1" status: 200 len: 247 time: 0.0016606
2026-04-02 17:34:32.213 9 INFO neutron.api.wsgi [-] 10.0.0.48 "GET / HTTP/1.1" status: 200 len: 247 time: 0.0025113
2026-04-02 17:34:32.214 10 INFO neutron.api.wsgi [-] 10.0.0.48 "GET / HTTP/1.1" status: 200 len: 247 time: 0.0027642
2026-04-02 17:34:47.213 9 INFO neutron.api.wsgi [-] 10.0.0.48 "GET / HTTP/1.1" status: 200 len: 247 time: 0.0024266
2026-04-02 17:34:47.213 10 INFO neutron.api.wsgi [-] 10.0.0.48 "GET / HTTP/1.1" status: 200 len: 247 time: 0.0029030
2026-04-02 17:34:47.977 10 INFO neutron.pecan_wsgi.hooks.translation [None req-0189d11c-9cae-46cb-9618-da6a5cb7910d 15ac08b292f84221bdb7fa15f1fca821 64192436849b41b8b4ae850920ef1780 - - default default] GET failed (client error): The resource could not be found.
2026-04-02 17:34:47.978 10 INFO neutron.api.wsgi [None req-0189d11c-9cae-46cb-9618-da6a5cb7910d 15ac08b292f84221bdb7fa15f1fca821 64192436849b41b8b4ae850920ef1780 - - default default] 199.19.213.133,10.0.0.48 "GET /v2.0/networks/lb-mgmt-net HTTP/1.1" status: 404 len: 295 time: 0.1114731
2026-04-02 17:34:47.992 10 INFO neutron.api.wsgi [None req-3df270b3-fb46-4b4c-acf6-c584d47de4d9 15ac08b292f84221bdb7fa15f1fca821 64192436849b41b8b4ae850920ef1780 - - default default] 199.19.213.133,10.0.0.48 "GET /v2.0/networks?name=lb-mgmt-net HTTP/1.1" status: 200 len: 189 time: 0.0098193
2026-04-02 17:34:48.089 10 INFO neutron.db.segments_db [None req-c91150de-f762-4e6b-9b9b-f4ad10806552 15ac08b292f84221bdb7fa15f1fca821 64192436849b41b8b4ae850920ef1780 - - default default] Added segment b36be8f4-c749-46f9-a755-52b456306206 of type geneve for network 24538630-0f54-4d52-9953-55751ed668dd
2026-04-02 17:34:48.224 10 INFO neutron.db.ovn_revision_numbers_db [None req-c91150de-f762-4e6b-9b9b-f4ad10806552 15ac08b292f84221bdb7fa15f1fca821 64192436849b41b8b4ae850920ef1780 - - default default] Successfully bumped revision number for resource 24538630-0f54-4d52-9953-55751ed668dd (type: networks) to 1
2026-04-02 17:34:48.364 10 WARNING neutron.scheduler.dhcp_agent_scheduler [None req-c91150de-f762-4e6b-9b9b-f4ad10806552 15ac08b292f84221bdb7fa15f1fca821 64192436849b41b8b4ae850920ef1780 - - default default] No more DHCP agents
2026-04-02 17:34:48.365 10 WARNING neutron.api.rpc.agentnotifiers.dhcp_rpc_agent_api [None req-c91150de-f762-4e6b-9b9b-f4ad10806552 15ac08b292f84221bdb7fa15f1fca821 64192436849b41b8b4ae850920ef1780 - - default default] Unable to schedule network 24538630-0f54-4d52-9953-55751ed668dd: no agents available; will retry on subsequent port and subnet creation events.
2026-04-02 17:34:48.428 10 INFO neutron.db.ovn_revision_numbers_db [None req-c91150de-f762-4e6b-9b9b-f4ad10806552 15ac08b292f84221bdb7fa15f1fca821 64192436849b41b8b4ae850920ef1780 - - default default] Successfully bumped revision number for resource f8e3fc4a-951c-42b3-8dc6-6025694577e8 (type: ports) to 1
2026-04-02 17:34:48.450 10 INFO neutron.api.wsgi [None req-c91150de-f762-4e6b-9b9b-f4ad10806552 15ac08b292f84221bdb7fa15f1fca821 64192436849b41b8b4ae850920ef1780 - - default default] 199.19.213.133,10.0.0.48 "POST /v2.0/networks HTTP/1.1" status: 201 len: 889 time: 0.4520962
2026-04-02 17:34:49.394 10 INFO neutron.pecan_wsgi.hooks.translation [None req-53f3d6b9-f19f-420e-b76d-d6ff35971480 15ac08b292f84221bdb7fa15f1fca821 64192436849b41b8b4ae850920ef1780 - - default default] GET failed (client error): The resource could not be found.
2026-04-02 17:34:49.396 10 INFO neutron.api.wsgi [None req-53f3d6b9-f19f-420e-b76d-d6ff35971480 15ac08b292f84221bdb7fa15f1fca821 64192436849b41b8b4ae850920ef1780 - - default default] 199.19.213.133,10.0.0.48 "GET /v2.0/networks/lb-mgmt-net HTTP/1.1" status: 404 len: 295 time: 0.0443013
2026-04-02 17:34:49.428 10 INFO neutron.api.wsgi [None req-806bdcc0-87fe-415c-9673-c1b1e4f0e41b 15ac08b292f84221bdb7fa15f1fca821 64192436849b41b8b4ae850920ef1780 - - default default] 199.19.213.133,10.0.0.48 "GET /v2.0/networks?name=lb-mgmt-net HTTP/1.1" status: 200 len: 874 time: 0.0292687
2026-04-02 17:34:49.445 10 INFO neutron.pecan_wsgi.hooks.translation [None req-7cc463a1-7748-42de-9a2b-12fe199e5611 15ac08b292f84221bdb7fa15f1fca821 64192436849b41b8b4ae850920ef1780 - - default default] GET failed (client error): The resource could not be found.
2026-04-02 17:34:49.446 10 INFO neutron.api.wsgi [None req-7cc463a1-7748-42de-9a2b-12fe199e5611 15ac08b292f84221bdb7fa15f1fca821 64192436849b41b8b4ae850920ef1780 - - default default] 199.19.213.133,10.0.0.48 "GET /v2.0/subnets/lb-mgmt-subnet?network_id=24538630-0f54-4d52-9953-55751ed668dd HTTP/1.1" status: 404 len: 296 time: 0.0096223
2026-04-02 17:34:49.466 10 INFO neutron.api.wsgi [None req-c63d330f-dab7-4acf-a2da-fb736faca3eb 15ac08b292f84221bdb7fa15f1fca821 64192436849b41b8b4ae850920ef1780 - - default default] 199.19.213.133,10.0.0.48 "GET /v2.0/subnets?name=lb-mgmt-subnet&network_id=24538630-0f54-4d52-9953-55751ed668dd HTTP/1.1" status: 200 len: 188 time: 0.0169184
2026-04-02 17:34:49.640 10 WARNING neutron.scheduler.dhcp_agent_scheduler [None req-4777434b-328b-438a-929f-a8aecb5c0daf 15ac08b292f84221bdb7fa15f1fca821 64192436849b41b8b4ae850920ef1780 - - default default] No more DHCP agents
2026-04-02 17:34:49.641 10 WARNING neutron.api.rpc.agentnotifiers.dhcp_rpc_agent_api [None req-4777434b-328b-438a-929f-a8aecb5c0daf 15ac08b292f84221bdb7fa15f1fca821 64192436849b41b8b4ae850920ef1780 - - default default] Unable to schedule network 24538630-0f54-4d52-9953-55751ed668dd: no agents available; will retry on subsequent port and subnet creation events.
2026-04-02 17:34:50.036 10 INFO neutron.db.ovn_revision_numbers_db [None req-05f501b5-e147-4098-9f89-95f7ad003b93 - - - - - -] Successfully bumped revision number for resource f8e3fc4a-951c-42b3-8dc6-6025694577e8 (type: ports) to 2
2026-04-02 17:34:50.065 10 INFO neutron.db.ovn_revision_numbers_db [None req-05f501b5-e147-4098-9f89-95f7ad003b93 - - - - - -] Successfully bumped revision number for resource 9b06ea8d-b201-4045-b36d-5d822aaf07e5 (type: subnets) to 0
2026-04-02 17:34:50.080 10 INFO neutron.api.wsgi [None req-4777434b-328b-438a-929f-a8aecb5c0daf 15ac08b292f84221bdb7fa15f1fca821 64192436849b41b8b4ae850920ef1780 - - default default] 199.19.213.133,10.0.0.48 "POST /v2.0/subnets HTTP/1.1" status: 201 len: 831 time: 0.6066651
2026-04-02 17:34:51.193 10 INFO neutron.api.v2.resource [None req-6aa91ad5-0db3-4cfa-833f-748bee91c460 15ac08b292f84221bdb7fa15f1fca821 64192436849b41b8b4ae850920ef1780 - - default default] show failed (client error): The resource could not be found.
2026-04-02 17:34:51.194 10 INFO neutron.api.wsgi [None req-6aa91ad5-0db3-4cfa-833f-748bee91c460 15ac08b292f84221bdb7fa15f1fca821 64192436849b41b8b4ae850920ef1780 - - default default] 199.19.213.133,10.0.0.48 "GET /v2.0/security-groups/lb-health-mgr-sec-grp HTTP/1.1" status: 404 len: 313 time: 0.0380867
2026-04-02 17:34:51.233 10 INFO neutron.api.wsgi [None req-2a1c3d9e-bf43-458c-b1d2-c677bd7b83bb 15ac08b292f84221bdb7fa15f1fca821 64192436849b41b8b4ae850920ef1780 - - default default] 199.19.213.133,10.0.0.48 "GET /v2.0/security-groups?name=lb-health-mgr-sec-grp HTTP/1.1" status: 200 len: 197 time: 0.0353844
2026-04-02 17:34:51.358 10 INFO neutron.db.ovn_revision_numbers_db [None req-8c485480-82c6-4ea3-8512-0242a38b225f 15ac08b292f84221bdb7fa15f1fca821 64192436849b41b8b4ae850920ef1780 - - default default] Successfully bumped revision number for resource 6a1895e4-ed53-4ccf-97e0-cce2389d53a9 (type: security_groups) to 1
2026-04-02 17:34:51.370 10 INFO neutron.db.ovn_revision_numbers_db [None req-8c485480-82c6-4ea3-8512-0242a38b225f 15ac08b292f84221bdb7fa15f1fca821 64192436849b41b8b4ae850920ef1780 - - default default] Successfully bumped revision number for resource a7cee627-886d-4eae-a860-cc886847d66a (type: security_group_rules) to 0
2026-04-02 17:34:51.383 10 INFO neutron.db.ovn_revision_numbers_db [None req-8c485480-82c6-4ea3-8512-0242a38b225f 15ac08b292f84221bdb7fa15f1fca821 64192436849b41b8b4ae850920ef1780 - - default default] Successfully bumped revision number for resource afff6be9-3920-4350-9751-20e32227c5f6 (type: security_group_rules) to 0
2026-04-02 17:34:51.415 10 INFO neutron.api.wsgi [None req-8c485480-82c6-4ea3-8512-0242a38b225f 15ac08b292f84221bdb7fa15f1fca821 64192436849b41b8b4ae850920ef1780 - - default default] 199.19.213.133,10.0.0.48 "POST /v2.0/security-groups HTTP/1.1" status: 201 len: 1797 time: 0.1727715
2026-04-02 17:34:52.507 10 INFO neutron.api.wsgi [None req-55f16423-ea80-4232-af4f-a773ac060484 15ac08b292f84221bdb7fa15f1fca821 64192436849b41b8b4ae850920ef1780 - - default default] 199.19.213.133,10.0.0.48 "GET /v2.0/security-groups/6a1895e4-ed53-4ccf-97e0-cce2389d53a9 HTTP/1.1" status: 200 len: 1792 time: 0.0491316
2026-04-02 17:34:52.534 10 INFO neutron.api.wsgi [None req-194e2985-f670-4d08-ba0d-b62b54bcd9b1 15ac08b292f84221bdb7fa15f1fca821 64192436849b41b8b4ae850920ef1780 - - default default] 199.19.213.133,10.0.0.48 "GET /v2.0/security-groups/6a1895e4-ed53-4ccf-97e0-cce2389d53a9 HTTP/1.1" status: 200 len: 1792 time: 0.0201933
2026-04-02 17:34:52.561 10 INFO neutron.api.wsgi [None req-39697619-a9de-425d-b7a6-571334802aa6 15ac08b292f84221bdb7fa15f1fca821 64192436849b41b8b4ae850920ef1780 - - default default] 199.19.213.133,10.0.0.48 "GET /v2.0/security-groups/6a1895e4-ed53-4ccf-97e0-cce2389d53a9 HTTP/1.1" status: 200 len: 1792 time: 0.0191796
2026-04-02 17:34:52.683 10 INFO neutron.db.ovn_revision_numbers_db [None req-de46f11a-f286-4e1b-9508-c90dd43c4006 15ac08b292f84221bdb7fa15f1fca821 64192436849b41b8b4ae850920ef1780 - - default default] Successfully bumped revision number for resource 4f87bab4-cdbb-4c93-a873-51570f79b369 (type: security_group_rules) to 0
2026-04-02 17:34:52.718 10 INFO neutron.api.wsgi [None req-de46f11a-f286-4e1b-9508-c90dd43c4006 15ac08b292f84221bdb7fa15f1fca821 64192436849b41b8b4ae850920ef1780 - - default default] 199.19.213.133,10.0.0.48 "POST /v2.0/security-group-rules HTTP/1.1" status: 201 len: 781 time: 0.1508617
2026-04-02 17:34:53.563 10 INFO neutron.api.wsgi [None req-b6f30596-57f0-495d-96fe-bcad9d418863 15ac08b292f84221bdb7fa15f1fca821 64192436849b41b8b4ae850920ef1780 - - default default] 199.19.213.133,10.0.0.48 "GET /v2.0/security-groups/6a1895e4-ed53-4ccf-97e0-cce2389d53a9 HTTP/1.1" status: 200 len: 2406 time: 0.0554676
2026-04-02 17:34:53.595 10 INFO neutron.api.wsgi [None req-fcbcc06b-d504-41ae-adbe-e329a96fc02f 15ac08b292f84221bdb7fa15f1fca821 64192436849b41b8b4ae850920ef1780 - - default default] 199.19.213.133,10.0.0.48 "GET /v2.0/security-groups/6a1895e4-ed53-4ccf-97e0-cce2389d53a9 HTTP/1.1" status: 200 len: 2406 time: 0.0247915
2026-04-02 17:34:53.625 10 INFO neutron.api.wsgi [None req-3b1902e7-e720-414a-88cd-772feccb66b6 15ac08b292f84221bdb7fa15f1fca821 64192436849b41b8b4ae850920ef1780 - - default default] 199.19.213.133,10.0.0.48 "GET /v2.0/security-groups/6a1895e4-ed53-4ccf-97e0-cce2389d53a9 HTTP/1.1" status: 200 len: 2406 time: 0.0220928
2026-04-02 17:34:53.747 10 INFO neutron.db.ovn_revision_numbers_db [None req-e573fb6c-b48e-423a-abbf-2b2a7574eb93 15ac08b292f84221bdb7fa15f1fca821 64192436849b41b8b4ae850920ef1780 - - default default] Successfully bumped revision number for resource 9b45bed5-60c0-43c0-bbac-f94c3bbf5e6e (type: security_group_rules) to 0
2026-04-02 17:34:53.785 10 INFO neutron.api.wsgi [None req-e573fb6c-b48e-423a-abbf-2b2a7574eb93 15ac08b292f84221bdb7fa15f1fca821 64192436849b41b8b4ae850920ef1780 - - default default] 199.19.213.133,10.0.0.48 "POST /v2.0/security-group-rules HTTP/1.1" status: 201 len: 783 time: 0.1529577
2026-04-02 17:34:54.661 10 INFO neutron.api.wsgi [None req-dbe3ab96-8d67-4d41-9538-30848f90788c 15ac08b292f84221bdb7fa15f1fca821 64192436849b41b8b4ae850920ef1780 - - default default] 199.19.213.133,10.0.0.48 "GET /v2.0/security-groups/6a1895e4-ed53-4ccf-97e0-cce2389d53a9 HTTP/1.1" status: 200 len: 3022 time: 0.0531373
2026-04-02 17:34:54.693 10 INFO neutron.api.wsgi [None req-57591324-0ce0-4b54-b74b-34e630a12be5 15ac08b292f84221bdb7fa15f1fca821 64192436849b41b8b4ae850920ef1780 - - default default] 199.19.213.133,10.0.0.48 "GET /v2.0/security-groups/6a1895e4-ed53-4ccf-97e0-cce2389d53a9 HTTP/1.1" status: 200 len: 3022 time: 0.0248466
2026-04-02 17:34:54.737 10 INFO neutron.api.wsgi [None req-993b01e3-340e-4695-8a89-9ed2d64ace54 15ac08b292f84221bdb7fa15f1fca821 64192436849b41b8b4ae850920ef1780 - - default default] 199.19.213.133,10.0.0.48 "GET /v2.0/security-groups/6a1895e4-ed53-4ccf-97e0-cce2389d53a9 HTTP/1.1" status: 200 len: 3022 time: 0.0295496
2026-04-02 17:34:54.855 10 INFO neutron.db.ovn_revision_numbers_db [None req-127d185f-2775-4f28-b9e6-67ceea4f6382 15ac08b292f84221bdb7fa15f1fca821 64192436849b41b8b4ae850920ef1780 - - default default] Successfully bumped revision number for resource a1404fc8-869c-4335-b761-ff8fa3d2eb00 (type: security_group_rules) to 0
2026-04-02 17:34:54.882 10 INFO neutron.api.wsgi [None req-127d185f-2775-4f28-b9e6-67ceea4f6382 15ac08b292f84221bdb7fa15f1fca821 64192436849b41b8b4ae850920ef1780 - - default default] 199.19.213.133,10.0.0.48 "POST /v2.0/security-group-rules HTTP/1.1" status: 201 len: 783 time: 0.1389134
2026-04-02 17:34:55.707 10 INFO neutron.api.wsgi [None req-60db5824-7b64-498c-8262-91c5a97c6f6f 15ac08b292f84221bdb7fa15f1fca821 64192436849b41b8b4ae850920ef1780 - - default default] 199.19.213.133,10.0.0.48 "GET /v2.0/security-groups/6a1895e4-ed53-4ccf-97e0-cce2389d53a9 HTTP/1.1" status: 200 len: 3638 time: 0.0610397
2026-04-02 17:34:55.748 10 INFO neutron.api.wsgi [None req-208df6df-32c2-4a9d-9e62-d9cbe5969b31 15ac08b292f84221bdb7fa15f1fca821 64192436849b41b8b4ae850920ef1780 - - default default] 199.19.213.133,10.0.0.48 "GET /v2.0/security-groups/6a1895e4-ed53-4ccf-97e0-cce2389d53a9 HTTP/1.1" status: 200 len: 3638 time: 0.0352826
2026-04-02 17:34:55.790 10 INFO neutron.api.wsgi [None req-c55f6f35-e363-4d8c-90fa-af183f763e48 15ac08b292f84221bdb7fa15f1fca821 64192436849b41b8b4ae850920ef1780 - - default default] 199.19.213.133,10.0.0.48 "GET /v2.0/security-groups/6a1895e4-ed53-4ccf-97e0-cce2389d53a9 HTTP/1.1" status: 200 len: 3638 time: 0.0370672
2026-04-02 17:34:55.908 10 INFO neutron.db.ovn_revision_numbers_db [None req-f208ea50-8ce7-4e44-84ce-5e5075f88f40 15ac08b292f84221bdb7fa15f1fca821 64192436849b41b8b4ae850920ef1780 - - default default] Successfully bumped revision number for resource f9c88afe-bc91-4d4b-b565-57a3f9aa4b13 (type: security_group_rules) to 0
2026-04-02 17:34:55.938 10 INFO neutron.api.wsgi [None req-f208ea50-8ce7-4e44-84ce-5e5075f88f40 15ac08b292f84221bdb7fa15f1fca821 64192436849b41b8b4ae850920ef1780 - - default default] 199.19.213.133,10.0.0.48 "POST /v2.0/security-group-rules HTTP/1.1" status: 201 len: 783 time: 0.1420982
2026-04-02 17:34:56.788 10 INFO neutron.api.wsgi [None req-9423cc13-65b1-447e-85fd-3daab8275592 15ac08b292f84221bdb7fa15f1fca821 64192436849b41b8b4ae850920ef1780 - - default default] 199.19.213.133,10.0.0.48 "GET /v2.0/security-groups/6a1895e4-ed53-4ccf-97e0-cce2389d53a9 HTTP/1.1" status: 200 len: 4254 time: 0.0716584
2026-04-02 17:34:56.825 10 INFO neutron.api.wsgi [None req-4c678175-a329-49af-bc4e-b74afb97f2b3 15ac08b292f84221bdb7fa15f1fca821 64192436849b41b8b4ae850920ef1780 - - default default] 199.19.213.133,10.0.0.48 "GET /v2.0/security-groups/6a1895e4-ed53-4ccf-97e0-cce2389d53a9 HTTP/1.1" status: 200 len: 4254 time: 0.0301824
2026-04-02 17:34:56.861 10 INFO neutron.api.wsgi [None req-fe58172a-a025-4cd6-bdb0-a62839c64a53 15ac08b292f84221bdb7fa15f1fca821 64192436849b41b8b4ae850920ef1780 - - default default] 199.19.213.133,10.0.0.48 "GET /v2.0/security-groups/6a1895e4-ed53-4ccf-97e0-cce2389d53a9 HTTP/1.1" status: 200 len: 4254 time: 0.0291584
2026-04-02 17:34:56.993 10 INFO neutron.db.ovn_revision_numbers_db [None req-aefa95b7-ff08-42bf-9735-ee1a9748aaf7 15ac08b292f84221bdb7fa15f1fca821 64192436849b41b8b4ae850920ef1780 - - default default] Successfully bumped revision number for resource 294309f3-d814-4901-910a-7f3737112ce0 (type: security_group_rules) to 0
2026-04-02 17:34:57.022 10 INFO neutron.api.wsgi [None req-aefa95b7-ff08-42bf-9735-ee1a9748aaf7 15ac08b292f84221bdb7fa15f1fca821 64192436849b41b8b4ae850920ef1780 - - default default] 199.19.213.133,10.0.0.48 "POST /v2.0/security-group-rules HTTP/1.1" status: 201 len: 783 time: 0.1539991
2026-04-02 17:34:58.188 10 INFO neutron.api.wsgi [None req-49d04d56-7389-455b-ae90-c1a66d77a39b 15ac08b292f84221bdb7fa15f1fca821 64192436849b41b8b4ae850920ef1780 - - default default] 199.19.213.133,10.0.0.48 "GET /v2.0/networks/24538630-0f54-4d52-9953-55751ed668dd HTTP/1.1" status: 200 len: 909 time: 0.0786607
2026-04-02 17:34:58.211 10 INFO neutron.pecan_wsgi.hooks.translation [None req-679fe5c6-f6f2-42cc-b89f-dc5ad8c83561 15ac08b292f84221bdb7fa15f1fca821 64192436849b41b8b4ae850920ef1780 - - default default] GET failed (client error): The resource could not be found.
2026-04-02 17:34:58.214 10 INFO neutron.api.wsgi [None req-679fe5c6-f6f2-42cc-b89f-dc5ad8c83561 15ac08b292f84221bdb7fa15f1fca821 64192436849b41b8b4ae850920ef1780 - - default default] 199.19.213.133,10.0.0.48 "GET /v2.0/ports/octavia-health-manager-port-instance?network_id=24538630-0f54-4d52-9953-55751ed668dd HTTP/1.1" status: 404 len: 314 time: 0.0179970
2026-04-02 17:34:58.243 10 INFO neutron.api.wsgi [None req-8bd5c90a-c594-41fa-913b-0070a18f2c59 15ac08b292f84221bdb7fa15f1fca821 64192436849b41b8b4ae850920ef1780 - - default default] 199.19.213.133,10.0.0.48 "GET /v2.0/ports?name=octavia-health-manager-port-instance&network_id=24538630-0f54-4d52-9953-55751ed668dd HTTP/1.1" status: 200 len: 186 time: 0.0250335
2026-04-02 17:34:58.290 10 INFO neutron.api.wsgi [None req-9774d38d-3d59-4f9c-95b5-0516092a00fa 15ac08b292f84221bdb7fa15f1fca821 64192436849b41b8b4ae850920ef1780 - - default default] 199.19.213.133,10.0.0.48 "GET /v2.0/security-groups/6a1895e4-ed53-4ccf-97e0-cce2389d53a9 HTTP/1.1" status: 200 len: 4870 time: 0.0423694
2026-04-02 17:34:58.554 10 WARNING neutron.scheduler.dhcp_agent_scheduler [None req-2bfc65b6-b5a7-40b4-b3b9-b1b6272373ca 15ac08b292f84221bdb7fa15f1fca821 64192436849b41b8b4ae850920ef1780 - - default default] No more DHCP agents
2026-04-02 17:34:58.556 10 WARNING neutron.api.rpc.agentnotifiers.dhcp_rpc_agent_api [None req-2bfc65b6-b5a7-40b4-b3b9-b1b6272373ca 15ac08b292f84221bdb7fa15f1fca821 64192436849b41b8b4ae850920ef1780 - - default default] Unable to schedule network 24538630-0f54-4d52-9953-55751ed668dd: no agents available; will retry on subsequent port and subnet creation events.
2026-04-02 17:34:58.650 10 INFO neutron.db.ovn_revision_numbers_db [None req-2bfc65b6-b5a7-40b4-b3b9-b1b6272373ca 15ac08b292f84221bdb7fa15f1fca821 64192436849b41b8b4ae850920ef1780 - - default default] Successfully bumped revision number for resource fbcbd390-67d3-4ef3-83bb-1c5ff8ddabc1 (type: ports) to 1
2026-04-02 17:34:58.670 10 INFO neutron.api.wsgi [None req-2bfc65b6-b5a7-40b4-b3b9-b1b6272373ca 15ac08b292f84221bdb7fa15f1fca821 64192436849b41b8b4ae850920ef1780 - - default default] 199.19.213.133,10.0.0.48 "POST /v2.0/ports HTTP/1.1" status: 201 len: 1273 time: 0.3687594
2026-04-02 17:35:02.088 15 INFO neutron.db.ovn_revision_numbers_db [None req-6bede0b1-09cd-454c-86b1-09bbd8120830 - - - - - -] Successfully bumped revision number for resource 01cd64d3-5f44-49a4-af49-91bcc888d368 (type: networks) to 2
2026-04-02 17:35:02.088 15 INFO neutron.plugins.ml2.drivers.ovn.mech_driver.ovsdb.maintenance [None req-6bede0b1-09cd-454c-86b1-09bbd8120830 - - - - - -] Maintenance task: Synchronization completed (took 0.11 seconds)
2026-04-02 17:35:02.213 9 INFO neutron.api.wsgi [-] 10.0.0.48 "GET / HTTP/1.1" status: 200 len: 247 time: 0.0025914
2026-04-02 17:35:02.216 9 INFO neutron.api.wsgi [-] 10.0.0.48 "GET / HTTP/1.1" status: 200 len: 247 time: 0.0023692 /var/lib/openstack/lib/python3.12/site-packages/pycadf/identifier.py:71: UserWarning: Invalid uuid: unknown. To ensure interoperability, identifiers should be a valid uuid. warnings.warn(('Invalid uuid: %s. To ensure interoperability, '
2026-04-02 17:35:05.013 10 INFO neutron.pecan_wsgi.hooks.translation [None req-436c60da-2c09-4c76-a0a4-1f8f59f6db6b 15ac08b292f84221bdb7fa15f1fca821 64192436849b41b8b4ae850920ef1780 - - default default] GET failed (client error): The resource could not be found.
2026-04-02 17:35:05.014 10 INFO neutron.api.wsgi [None req-436c60da-2c09-4c76-a0a4-1f8f59f6db6b 15ac08b292f84221bdb7fa15f1fca821 64192436849b41b8b4ae850920ef1780 - - default default] 199.19.213.133,10.0.0.48 "GET /v2.0/ports/octavia-health-manager-port-instance HTTP/1.1" status: 404 len: 314 time: 0.0428402
2026-04-02 17:35:05.065 10 INFO neutron.api.wsgi [None req-4c38d4e5-f6c2-4f42-b927-278d3785e1de 15ac08b292f84221bdb7fa15f1fca821 64192436849b41b8b4ae850920ef1780 - - default default] 199.19.213.133,10.0.0.48 "GET /v2.0/ports?name=octavia-health-manager-port-instance HTTP/1.1" status: 200 len: 1271 time: 0.0399909
2026-04-02 17:35:05.359 10 INFO neutron.db.ovn_revision_numbers_db [None req-440df34b-c734-41ad-a890-cfe94e13525d 15ac08b292f84221bdb7fa15f1fca821 64192436849b41b8b4ae850920ef1780 - - default default] Successfully bumped revision number for resource fbcbd390-67d3-4ef3-83bb-1c5ff8ddabc1 (type: ports) to 1
2026-04-02 17:35:05.561 10 INFO neutron.db.ovn_revision_numbers_db [None req-440df34b-c734-41ad-a890-cfe94e13525d 15ac08b292f84221bdb7fa15f1fca821 64192436849b41b8b4ae850920ef1780 - - default default] Successfully bumped revision number for resource fbcbd390-67d3-4ef3-83bb-1c5ff8ddabc1 (type: ports) to 4
2026-04-02 17:35:05.577 10 INFO neutron.api.wsgi [None req-440df34b-c734-41ad-a890-cfe94e13525d 15ac08b292f84221bdb7fa15f1fca821 64192436849b41b8b4ae850920ef1780 - - default default] 199.19.213.133,10.0.0.48 "PUT /v2.0/ports/fbcbd390-67d3-4ef3-83bb-1c5ff8ddabc1 HTTP/1.1" status: 200 len: 1386 time: 0.5035119 /var/lib/openstack/lib/python3.12/site-packages/pycadf/identifier.py:71: UserWarning: Invalid uuid: unknown. To ensure interoperability, identifiers should be a valid uuid. warnings.warn(('Invalid uuid: %s. To ensure interoperability, '
2026-04-02 17:35:06.991 10 INFO neutron.api.wsgi [None req-db865670-f567-40a1-987e-c654d055be46 15ac08b292f84221bdb7fa15f1fca821 64192436849b41b8b4ae850920ef1780 - - default default] 199.19.213.133,10.0.0.48 "GET /v2.0/ports HTTP/1.1" status: 200 len: 3503 time: 0.0867002
2026-04-02 17:35:07.974 10 INFO neutron.api.v2.resource [None req-7c2ea5a8-04cf-4df2-892d-16e014d573a5 15ac08b292f84221bdb7fa15f1fca821 64192436849b41b8b4ae850920ef1780 - - default default] show failed (client error): The resource could not be found.
2026-04-02 17:35:07.975 10 INFO neutron.api.wsgi [None req-7c2ea5a8-04cf-4df2-892d-16e014d573a5 15ac08b292f84221bdb7fa15f1fca821 64192436849b41b8b4ae850920ef1780 - - default default] 199.19.213.133,10.0.0.48 "GET /v2.0/security-groups/lb-mgmt-sec-grp HTTP/1.1" status: 404 len: 307 time: 0.0359709
2026-04-02 17:35:08.003 10 INFO neutron.api.wsgi [None req-6ccc098e-0799-4ba6-8ee1-c393342362a1 15ac08b292f84221bdb7fa15f1fca821 64192436849b41b8b4ae850920ef1780 - - default default] 199.19.213.133,10.0.0.48 "GET /v2.0/security-groups?name=lb-mgmt-sec-grp HTTP/1.1" status: 200 len: 197 time: 0.0235789
2026-04-02 17:35:08.118 10 INFO neutron.db.ovn_revision_numbers_db [None req-f80c32c4-56bf-4826-9232-3673cb75d784 15ac08b292f84221bdb7fa15f1fca821 64192436849b41b8b4ae850920ef1780 - - default default] Successfully bumped revision number for resource 7165b484-4375-4414-ad8e-2eec8660ffd8 (type: security_groups) to 1
2026-04-02 17:35:08.128 10 INFO neutron.db.ovn_revision_numbers_db [None req-f80c32c4-56bf-4826-9232-3673cb75d784 15ac08b292f84221bdb7fa15f1fca821 64192436849b41b8b4ae850920ef1780 - - default default] Successfully bumped revision number for resource 04cef661-6017-4b5a-806a-1d7862ca67de (type: security_group_rules) to 0
2026-04-02 17:35:08.141 10 INFO neutron.db.ovn_revision_numbers_db [None req-f80c32c4-56bf-4826-9232-3673cb75d784 15ac08b292f84221bdb7fa15f1fca821 64192436849b41b8b4ae850920ef1780 - - default default] Successfully bumped revision number for resource c5e07baf-5dd0-48fc-913a-8f8d772bbb0b (type: security_group_rules) to 0
2026-04-02 17:35:08.170 10 INFO neutron.api.wsgi [None req-f80c32c4-56bf-4826-9232-3673cb75d784 15ac08b292f84221bdb7fa15f1fca821 64192436849b41b8b4ae850920ef1780 - - default default] 199.19.213.133,10.0.0.48 "POST /v2.0/security-groups HTTP/1.1" status: 201 len: 1791 time: 0.1637766
2026-04-02 17:35:09.078 10 INFO neutron.api.wsgi [None req-79fcca94-e16a-4928-971e-4b5b448a2db3 15ac08b292f84221bdb7fa15f1fca821 64192436849b41b8b4ae850920ef1780 - - default default] 199.19.213.133,10.0.0.48 "GET /v2.0/security-groups/7165b484-4375-4414-ad8e-2eec8660ffd8 HTTP/1.1" status: 200 len: 1786 time: 0.0536926
2026-04-02 17:35:09.105 10 INFO neutron.api.wsgi [None req-8d8ba813-b54c-4cc4-8dbe-d649e62101dd 15ac08b292f84221bdb7fa15f1fca821 64192436849b41b8b4ae850920ef1780 - - default default] 199.19.213.133,10.0.0.48 "GET /v2.0/security-groups/7165b484-4375-4414-ad8e-2eec8660ffd8 HTTP/1.1" status: 200 len: 1786 time: 0.0230663
2026-04-02 17:35:09.176 10 INFO neutron.api.wsgi [None req-692dbeb2-8152-4f98-a6f5-60b4de142b74 15ac08b292f84221bdb7fa15f1fca821 64192436849b41b8b4ae850920ef1780 - - default default] 199.19.213.133,10.0.0.48 "GET /v2.0/security-groups/7165b484-4375-4414-ad8e-2eec8660ffd8 HTTP/1.1" status: 200 len: 1786 time: 0.0643983
2026-04-02 17:35:09.284 10 INFO neutron.db.ovn_revision_numbers_db [None req-37d90422-7571-482b-adf3-bf22ecad6ed5 15ac08b292f84221bdb7fa15f1fca821 64192436849b41b8b4ae850920ef1780 - - default default] Successfully bumped revision number for resource 06a84490-3aab-4282-b6bc-78c5ca21a5db (type: security_group_rules) to 0
2026-04-02 17:35:09.311 10 INFO neutron.api.wsgi [None req-37d90422-7571-482b-adf3-bf22ecad6ed5 15ac08b292f84221bdb7fa15f1fca821 64192436849b41b8b4ae850920ef1780 - - default default] 199.19.213.133,10.0.0.48 "POST /v2.0/security-group-rules HTTP/1.1" status: 201 len: 799 time: 0.1295674
2026-04-02 17:35:10.169 10 INFO neutron.api.wsgi [None req-f4659114-ba0c-4220-8bc9-1a395115ed5c 15ac08b292f84221bdb7fa15f1fca821 64192436849b41b8b4ae850920ef1780 - - default default] 199.19.213.133,10.0.0.48 "GET /v2.0/security-groups/7165b484-4375-4414-ad8e-2eec8660ffd8 HTTP/1.1" status: 200 len: 2418 time: 0.0435739
2026-04-02 17:35:10.201 10 INFO neutron.api.wsgi [None req-f3b91dac-e539-4567-a865-7806526c7f6a 15ac08b292f84221bdb7fa15f1fca821 64192436849b41b8b4ae850920ef1780 - - default default] 199.19.213.133,10.0.0.48 "GET /v2.0/security-groups/7165b484-4375-4414-ad8e-2eec8660ffd8 HTTP/1.1" status: 200 len: 2418 time: 0.0262935
2026-04-02 17:35:10.231 10 INFO neutron.api.wsgi [None req-d36024e9-3202-4d60-b872-0b8913ebecc6 15ac08b292f84221bdb7fa15f1fca821 64192436849b41b8b4ae850920ef1780 - - default default] 199.19.213.133,10.0.0.48 "GET /v2.0/security-groups/7165b484-4375-4414-ad8e-2eec8660ffd8 HTTP/1.1" status: 200 len: 2418 time: 0.0249474
2026-04-02 17:35:10.343 10 INFO neutron.db.ovn_revision_numbers_db [None req-073c409d-1816-4e2e-a06f-6bf39e181d19 15ac08b292f84221bdb7fa15f1fca821 64192436849b41b8b4ae850920ef1780 - - default default] Successfully bumped revision number for resource 1c95efba-2e85-4904-a2c4-ff9a15f9b704 (type: security_group_rules) to 0
2026-04-02 17:35:10.372 10 INFO neutron.api.wsgi [None req-073c409d-1816-4e2e-a06f-6bf39e181d19 15ac08b292f84221bdb7fa15f1fca821 64192436849b41b8b4ae850920ef1780 - - default default] 199.19.213.133,10.0.0.48 "POST /v2.0/security-group-rules HTTP/1.1" status: 201 len: 803 time: 0.1331992
2026-04-02 17:35:17.214 10 INFO neutron.api.wsgi [-] 10.0.0.48 "GET / HTTP/1.1" status: 200 len: 247 time: 0.0033431
2026-04-02 17:35:17.215 9 INFO neutron.api.wsgi [-] 10.0.0.48 "GET / HTTP/1.1" status: 200 len: 247 time: 0.0043015
2026-04-02 17:35:32.213 9 INFO neutron.api.wsgi [-] 10.0.0.48 "GET / HTTP/1.1" status: 200 len: 247 time: 0.0024705
2026-04-02 17:35:32.215 10 INFO neutron.api.wsgi [-] 10.0.0.48 "GET / HTTP/1.1" status: 200 len: 247 time: 0.0039544
2026-04-02 17:35:47.212 9 INFO neutron.api.wsgi [-] 10.0.0.48 "GET / HTTP/1.1" status: 200 len: 247 time: 0.0015700
2026-04-02 17:35:47.214 10 INFO neutron.api.wsgi [-] 10.0.0.48 "GET / HTTP/1.1" status: 200 len: 247 time: 0.0039389
2026-04-02 17:36:02.213 10 INFO neutron.api.wsgi [-] 10.0.0.48 "GET / HTTP/1.1" status: 200 len: 247 time: 0.0025144
2026-04-02 17:36:02.213 9 INFO neutron.api.wsgi [-] 10.0.0.48 "GET / HTTP/1.1" status: 200 len: 247 time: 0.0033870
2026-04-02 17:36:17.213 10 INFO neutron.api.wsgi [-] 10.0.0.48 "GET / HTTP/1.1" status: 200 len: 247 time: 0.0022438
2026-04-02 17:36:17.214 9 INFO neutron.api.wsgi [-] 10.0.0.48 "GET / HTTP/1.1" status: 200 len: 247 time: 0.0032978
2026-04-02 17:36:32.213 10 INFO neutron.api.wsgi [-] 10.0.0.48 "GET / HTTP/1.1" status: 200 len: 247 time: 0.0024693
2026-04-02 17:36:32.213 9 INFO neutron.api.wsgi [-] 10.0.0.48 "GET / HTTP/1.1" status: 200 len: 247 time: 0.0024128
2026-04-02 17:36:47.214 10 INFO neutron.api.wsgi [-] 10.0.0.48 "GET / HTTP/1.1" status: 200 len: 247 time: 0.0034828
2026-04-02 17:36:47.214 9 INFO neutron.api.wsgi [-] 10.0.0.48 "GET / HTTP/1.1" status: 200 len: 247 time: 0.0037382 /var/lib/openstack/lib/python3.12/site-packages/pycadf/identifier.py:71: UserWarning: Invalid uuid: unknown. To ensure interoperability, identifiers should be a valid uuid. warnings.warn(('Invalid uuid: %s. To ensure interoperability, '
2026-04-02 17:36:52.292 9 INFO neutron.api.wsgi [None req-870c0e54-d1f0-4168-838c-cf2c80d039bb 15ac08b292f84221bdb7fa15f1fca821 64192436849b41b8b4ae850920ef1780 - - default default] 199.19.213.133,10.0.0.48 "GET /v2.0/quotas/64192436849b41b8b4ae850920ef1780 HTTP/1.1" status: 200 len: 467 time: 0.1775680 /var/lib/openstack/lib/python3.12/site-packages/neutron/extensions/quotasv2.py:139: UserWarning: Neutron quota engine will require "--force" parameter to set a quota limit without checking the resource usage. warnings.warn('Neutron quota engine will require "--force" '
2026-04-02 17:36:52.804 9 INFO neutron.api.wsgi [None req-41989dd0-f70c-4c4c-a89d-6c74585d1b97 15ac08b292f84221bdb7fa15f1fca821 64192436849b41b8b4ae850920ef1780 - - default default] 199.19.213.133,10.0.0.48 "PUT /v2.0/quotas/64192436849b41b8b4ae850920ef1780 HTTP/1.1" status: 200 len: 466 time: 0.1556685
2026-04-02 17:37:02.211 10 INFO neutron.api.wsgi [-] 10.0.0.48 "GET / HTTP/1.1" status: 200 len: 247 time: 0.0016341
2026-04-02 17:37:02.213 10 INFO neutron.api.wsgi [-] 10.0.0.48 "GET / HTTP/1.1" status: 200 len: 247 time: 0.0012388
2026-04-02 17:37:17.214 9 INFO neutron.api.wsgi [-] 10.0.0.48 "GET / HTTP/1.1" status: 200 len: 247 time: 0.0034113
2026-04-02 17:37:17.216 9 INFO neutron.api.wsgi [-] 10.0.0.48 "GET / HTTP/1.1" status: 200 len: 247 time: 0.0012679
2026-04-02 17:37:32.213 10 INFO neutron.api.wsgi [-] 10.0.0.48 "GET / HTTP/1.1" status: 200 len: 247 time: 0.0029385
2026-04-02 17:37:32.214 9 INFO neutron.api.wsgi [-] 10.0.0.48 "GET / HTTP/1.1" status: 200 len: 247 time: 0.0026228
2026-04-02 17:37:47.213 10 INFO neutron.api.wsgi [-] 10.0.0.48 "GET / HTTP/1.1" status: 200 len: 247 time: 0.0026314
2026-04-02 17:37:47.214 9 INFO neutron.api.wsgi [-] 10.0.0.48 "GET / HTTP/1.1" status: 200 len: 247 time: 0.0037708
2026-04-02 17:38:02.212 10 INFO neutron.api.wsgi [-] 10.0.0.48 "GET / HTTP/1.1" status: 200 len: 247 time: 0.0024529
2026-04-02 17:38:02.213 9 INFO neutron.api.wsgi [-] 10.0.0.48 "GET / HTTP/1.1" status: 200 len: 247 time: 0.0024912
2026-04-02 17:38:17.212 9 INFO neutron.api.wsgi [-] 10.0.0.48 "GET / HTTP/1.1" status: 200 len: 247 time: 0.0023968
2026-04-02 17:38:17.213 10 INFO neutron.api.wsgi [-] 10.0.0.48 "GET / HTTP/1.1" status: 200 len: 247 time: 0.0031438
2026-04-02 17:38:32.213 10 INFO neutron.api.wsgi [-] 10.0.0.48 "GET / HTTP/1.1" status: 200 len: 247 time: 0.0027354
2026-04-02 17:38:32.214 9 INFO neutron.api.wsgi [-] 10.0.0.48 "GET / HTTP/1.1" status: 200 len: 247 time: 0.0043979
2026-04-02 17:38:47.214 9 INFO neutron.api.wsgi [-] 10.0.0.48 "GET / HTTP/1.1" status: 200 len: 247 time: 0.0031180
2026-04-02 17:38:47.216 9 INFO neutron.api.wsgi [-] 10.0.0.48 "GET / HTTP/1.1" status: 200 len: 247 time: 0.0020187
2026-04-02 17:39:02.213 10 INFO neutron.api.wsgi [-] 10.0.0.48 "GET / HTTP/1.1" status: 200 len: 247 time: 0.0028358
2026-04-02 17:39:02.214 9 INFO neutron.api.wsgi [-] 10.0.0.48 "GET / HTTP/1.1" status: 200 len: 247 time: 0.0032086
2026-04-02 17:39:17.213 10 INFO neutron.api.wsgi [-] 10.0.0.48 "GET / HTTP/1.1" status: 200 len: 247 time: 0.0031059
2026-04-02 17:39:17.213 9 INFO neutron.api.wsgi [-] 10.0.0.48 "GET / HTTP/1.1" status: 200 len: 247 time: 0.0034823 /var/lib/openstack/lib/python3.12/site-packages/pycadf/identifier.py:71: UserWarning: Invalid uuid: neutron. To ensure interoperability, identifiers should be a valid uuid. warnings.warn(('Invalid uuid: %s. To ensure interoperability, '
2026-04-02 17:39:24.048 9 INFO neutron.pecan_wsgi.hooks.translation [None req-1ff941e1-4669-4e36-bd6a-1a41c42d3fd6 15ac08b292f84221bdb7fa15f1fca821 64192436849b41b8b4ae850920ef1780 - - default default] GET failed (client error): The resource could not be found.
2026-04-02 17:39:24.050 9 INFO neutron.api.wsgi [None req-1ff941e1-4669-4e36-bd6a-1a41c42d3fd6 15ac08b292f84221bdb7fa15f1fca821 64192436849b41b8b4ae850920ef1780 - - default default] 199.19.213.133 "GET /v2.0/ports/octavia-health-manager-port-instance HTTP/1.1" status: 404 len: 338 time: 0.4685094
2026-04-02 17:39:24.116 9 INFO neutron.api.wsgi [None req-3326e10e-b70a-4a96-adf7-6b6714733876 15ac08b292f84221bdb7fa15f1fca821 64192436849b41b8b4ae850920ef1780 - - default default] 199.19.213.133 "GET /v2.0/ports?name=octavia-health-manager-port-instance HTTP/1.1" status: 200 len: 1413 time: 0.0603886 /var/lib/openstack/lib/python3.12/site-packages/pycadf/identifier.py:71: UserWarning: Invalid uuid: neutron. To ensure interoperability, identifiers should be a valid uuid. warnings.warn(('Invalid uuid: %s. To ensure interoperability, '
2026-04-02 17:39:26.065 10 INFO neutron.pecan_wsgi.hooks.translation [None req-7672501b-4bdc-4d2a-aead-61e8a0d3e864 15ac08b292f84221bdb7fa15f1fca821 64192436849b41b8b4ae850920ef1780 - - default default] GET failed (client error): The resource could not be found.
2026-04-02 17:39:26.067 10 INFO neutron.api.wsgi [None req-7672501b-4bdc-4d2a-aead-61e8a0d3e864 15ac08b292f84221bdb7fa15f1fca821 64192436849b41b8b4ae850920ef1780 - - default default] 199.19.213.133 "GET /v2.0/ports/octavia-health-manager-port-instance HTTP/1.1" status: 404 len: 338 time: 0.0678449
2026-04-02 17:39:26.104 10 INFO neutron.api.wsgi [None req-aae19262-8ea8-46f8-aeff-eb768b9e6f22 15ac08b292f84221bdb7fa15f1fca821 64192436849b41b8b4ae850920ef1780 - - default default] 199.19.213.133 "GET /v2.0/ports?name=octavia-health-manager-port-instance HTTP/1.1" status: 200 len: 1413 time: 0.0324826
2026-04-02 17:39:27.720 10 INFO neutron.plugins.ml2.drivers.ovn.mech_driver.mech_driver [-] OVN reports status up for port: fbcbd390-67d3-4ef3-83bb-1c5ff8ddabc1
2026-04-02 17:39:27.736 10 INFO neutron.plugins.ml2.plugin [None req-e695dc94-d260-4359-b358-6e0edf1777a8 - - - - - -] Attempt 1 to provision port fbcbd390-67d3-4ef3-83bb-1c5ff8ddabc1
2026-04-02 17:39:27.975 10 INFO neutron.db.ovn_revision_numbers_db [None req-e695dc94-d260-4359-b358-6e0edf1777a8 - - - - - -] Successfully bumped revision number for resource fbcbd390-67d3-4ef3-83bb-1c5ff8ddabc1 (type: ports) to 5
2026-04-02 17:39:32.212 10 INFO neutron.api.wsgi [-] 10.0.0.48 "GET / HTTP/1.1" status: 200 len: 247 time: 0.0018811
2026-04-02 17:39:32.216 9 INFO neutron.api.wsgi [-] 10.0.0.48 "GET / HTTP/1.1" status: 200 len: 247 time: 0.0026371
2026-04-02 17:39:47.212 9 INFO neutron.api.wsgi [-] 10.0.0.48 "GET / HTTP/1.1" status: 200 len: 247 time: 0.0024245
2026-04-02 17:39:47.222 9 INFO neutron.api.wsgi [-] 10.0.0.48 "GET / HTTP/1.1" status: 200 len: 247 time: 0.0024319
2026-04-02 17:40:02.103 15 INFO neutron.db.ovn_revision_numbers_db [None req-6bede0b1-09cd-454c-86b1-09bbd8120830 - - - - - -] Successfully bumped revision number for resource 24538630-0f54-4d52-9953-55751ed668dd (type: networks) to 2
2026-04-02 17:40:02.152 15 INFO neutron.db.ovn_revision_numbers_db [None req-6bede0b1-09cd-454c-86b1-09bbd8120830 - - - - - -] Successfully bumped revision number for resource 6a1895e4-ed53-4ccf-97e0-cce2389d53a9 (type: security_groups) to 6
2026-04-02 17:40:02.186 15 INFO neutron.db.ovn_revision_numbers_db [None req-6bede0b1-09cd-454c-86b1-09bbd8120830 - - - - - -] Successfully bumped revision number for resource 7165b484-4375-4414-ad8e-2eec8660ffd8 (type: security_groups) to 3
2026-04-02 17:40:02.186 15 INFO neutron.plugins.ml2.drivers.ovn.mech_driver.ovsdb.maintenance [None req-6bede0b1-09cd-454c-86b1-09bbd8120830 - - - - - -] Maintenance task: Synchronization completed (took 0.17 seconds)
2026-04-02 17:40:02.211 10 INFO neutron.api.wsgi [-] 10.0.0.48 "GET / HTTP/1.1" status: 200 len: 247 time: 0.0012343
2026-04-02 17:40:02.213 9 INFO neutron.api.wsgi [-] 10.0.0.48 "GET / HTTP/1.1" status: 200 len: 247 time: 0.0030067
2026-04-02 17:40:17.212 9 INFO neutron.api.wsgi [-] 10.0.0.48 "GET / HTTP/1.1" status: 200 len: 247 time: 0.0018477
2026-04-02 17:40:17.214 10 INFO neutron.api.wsgi [-] 10.0.0.48 "GET / HTTP/1.1" status: 200 len: 247 time: 0.0043046
2026-04-02 17:40:32.212 9 INFO neutron.api.wsgi [-] 10.0.0.48 "GET / HTTP/1.1" status: 200 len: 247 time: 0.0015476
2026-04-02 17:40:32.213 10 INFO neutron.api.wsgi [-] 10.0.0.48 "GET / HTTP/1.1" status: 200 len: 247 time: 0.0024397
2026-04-02 17:40:47.213 10 INFO neutron.api.wsgi [-] 10.0.0.48 "GET / HTTP/1.1" status: 200 len: 247 time: 0.0027156
2026-04-02 17:40:47.214 9 INFO neutron.api.wsgi [-] 10.0.0.48 "GET / HTTP/1.1" status: 200 len: 247 time: 0.0034385
2026-04-02 17:41:02.214 9 INFO neutron.api.wsgi [-] 10.0.0.48 "GET / HTTP/1.1" status: 200 len: 247 time: 0.0027711
2026-04-02 17:41:02.215 10 INFO neutron.api.wsgi [-] 10.0.0.48 "GET / HTTP/1.1" status: 200 len: 247 time: 0.0034659
2026-04-02 17:41:17.212 10 INFO neutron.api.wsgi [-] 10.0.0.48 "GET / HTTP/1.1" status: 200 len: 247 time: 0.0022507
2026-04-02 17:41:17.212 9 INFO neutron.api.wsgi [-] 10.0.0.48 "GET / HTTP/1.1" status: 200 len: 247 time: 0.0023808
2026-04-02 17:41:32.212 10 INFO neutron.api.wsgi [-] 10.0.0.48 "GET / HTTP/1.1" status: 200 len: 247 time: 0.0024474
2026-04-02 17:41:32.213 9 INFO neutron.api.wsgi [-] 10.0.0.48 "GET / HTTP/1.1" status: 200 len: 247 time: 0.0034478
2026-04-02 17:41:47.213 10 INFO neutron.api.wsgi [-] 10.0.0.48 "GET / HTTP/1.1" status: 200 len: 247 time: 0.0028880
2026-04-02 17:41:47.214 9 INFO neutron.api.wsgi [-] 10.0.0.48 "GET / HTTP/1.1" status: 200 len: 247 time: 0.0031140
2026-04-02 17:42:02.211 10 INFO neutron.api.wsgi [-] 10.0.0.48 "GET / HTTP/1.1" status: 200 len: 247 time: 0.0012708
2026-04-02 17:42:02.212 10 INFO neutron.api.wsgi [-] 10.0.0.48 "GET / HTTP/1.1" status: 200 len: 247 time: 0.0011930
2026-04-02 17:42:17.212 10 INFO neutron.api.wsgi [-] 10.0.0.48 "GET / HTTP/1.1" status: 200 len: 247 time: 0.0023131
2026-04-02 17:42:17.213 9 INFO neutron.api.wsgi [-] 10.0.0.48 "GET / HTTP/1.1" status: 200 len: 247 time: 0.0028803
2026-04-02 17:42:32.212 10 INFO neutron.api.wsgi [-] 10.0.0.48 "GET / HTTP/1.1" status: 200 len: 247 time: 0.0015814
2026-04-02 17:42:32.215 9 INFO neutron.api.wsgi [-] 10.0.0.48 "GET / HTTP/1.1" status: 200 len: 247 time: 0.0039504
2026-04-02 17:42:47.212 9 INFO neutron.api.wsgi [-] 10.0.0.48 "GET / HTTP/1.1" status: 200 len: 247 time: 0.0022073
2026-04-02 17:42:47.213 10 INFO neutron.api.wsgi [-] 10.0.0.48 "GET / HTTP/1.1" status: 200 len: 247 time: 0.0035203
2026-04-02 17:43:02.213 9 INFO neutron.api.wsgi [-] 10.0.0.48 "GET / HTTP/1.1" status: 200 len: 247 time: 0.0027325
2026-04-02 17:43:02.216 10 INFO neutron.api.wsgi [-] 10.0.0.48 "GET / HTTP/1.1" status: 200 len: 247 time: 0.0063884
2026-04-02 17:43:17.213 10 INFO neutron.api.wsgi [-] 10.0.0.48 "GET / HTTP/1.1" status: 200 len: 247 time: 0.0024784
2026-04-02 17:43:17.213 9 INFO neutron.api.wsgi [-] 10.0.0.48 "GET / HTTP/1.1" status: 200 len: 247 time: 0.0033202
2026-04-02 17:43:32.213 9 INFO neutron.api.wsgi [-] 10.0.0.48 "GET / HTTP/1.1" status: 200 len: 247 time: 0.0023828
2026-04-02 17:43:32.216 10 INFO neutron.api.wsgi [-] 10.0.0.48 "GET / HTTP/1.1" status: 200 len: 247 time: 0.0057042
2026-04-02 17:43:47.212 10 INFO neutron.api.wsgi [-] 10.0.0.48 "GET / HTTP/1.1" status: 200 len: 247 time: 0.0021412
2026-04-02 17:43:47.214 10 INFO neutron.api.wsgi [-] 10.0.0.48 "GET / HTTP/1.1" status: 200 len: 247 time: 0.0013261
2026-04-02 17:44:02.212 9 INFO neutron.api.wsgi [-] 10.0.0.48 "GET / HTTP/1.1" status: 200 len: 247 time: 0.0024037
