2026-04-02 18:11:37.934 9 INFO neutron.db.ovn_revision_numbers_db [None req-5a18562b-a056-4b07-93b6-ef8b249bd3da 15ac08b292f84221bdb7fa15f1fca821 64192436849b41b8b4ae850920ef1780 - - default default] Successfully bumped revision number for resource f1e6976d-47bc-4d35-bc95-840d356c272c (type: security_group_rules) to 0
2026-04-02 18:11:37.971 9 INFO neutron.api.wsgi [None req-5a18562b-a056-4b07-93b6-ef8b249bd3da 15ac08b292f84221bdb7fa15f1fca821 64192436849b41b8b4ae850920ef1780 - - default default] 10.0.0.191 "GET /v2.0/security-groups?tenant_id=42baa063dd35407a819415cb76187800&name=default HTTP/1.1" status: 200 len: 3120 time: 0.3896346
2026-04-02 18:11:38.235 9 INFO neutron.api.wsgi [None req-bf92167e-35dd-476b-9718-60c4a07b51b1 15ac08b292f84221bdb7fa15f1fca821 64192436849b41b8b4ae850920ef1780 - - default default] 10.0.0.191 "DELETE /v2.0/security-groups/069bf2a5-a165-4aed-ab97-25649321b3e9 HTTP/1.1" status: 204 len: 168 time: 0.2582767
2026-04-02 18:11:38.866 9 INFO neutron.plugins.ml2.drivers.ovn.mech_driver.mech_driver [None req-ec75df89-23e3-47cc-8c7e-bffe2b681bff - - - - - -] OVN reports status up for port: af29a601-3cf1-44d3-b47b-cc1678fb9d7e
2026-04-02 18:11:38.879 9 INFO neutron.api.wsgi [req-bca3da0d-c0e7-4ae3-8da8-167a729ce2cd req-0d67e88e-860d-4ad5-8691-8390e7c7cba1 a056779da5a14e2abaac4bf165ad74df 4e12d25640b942c9a9e74725c7076069 - - default default] 10.0.0.14 "GET /v2.0/ports?device_id=1ffd65de-4406-4084-909d-a927a4a85e84 HTTP/1.1" status: 200 len: 1170 time: 0.0522742
2026-04-02 18:11:38.887 9 INFO neutron.plugins.ml2.plugin [None req-ec75df89-23e3-47cc-8c7e-bffe2b681bff - - - - - -] Attempt 1 to provision port af29a601-3cf1-44d3-b47b-cc1678fb9d7e
2026-04-02 18:11:38.963 9 INFO neutron.api.wsgi [req-bca3da0d-c0e7-4ae3-8da8-167a729ce2cd req-d54c73c5-9584-445e-8854-55d670b9a43f a056779da5a14e2abaac4bf165ad74df 4e12d25640b942c9a9e74725c7076069 - - default default] 10.0.0.14 "GET /v2.0/security-groups?id=2d546fc9-70c6-430b-80f6-ac4dfefd5d94&fields=id&fields=name HTTP/1.1" status: 200 len: 313 time: 0.0745807
2026-04-02 18:11:39.089 9 INFO neutron.notifiers.nova [-] Nova event matching ['req-0cd2f058-06bd-441e-bd67-acce35d8c5e7'] response: {'server_uuid': 'c5453ebf-d302-4d88-9891-51473c140585', 'name': 'network-vif-plugged', 'status': 'completed', 'tag': 'af29a601-3cf1-44d3-b47b-cc1678fb9d7e', 'code': 200}
2026-04-02 18:11:39.155 10 INFO neutron.api.wsgi [req-6cbb77fa-c511-49a9-a819-03ac46a28b90 req-7553073b-8632-4e72-a03f-796ef53b756a a056779da5a14e2abaac4bf165ad74df 4e12d25640b942c9a9e74725c7076069 - - default default] 10.0.0.14 "GET /v2.0/ports?device_id=1ffd65de-4406-4084-909d-a927a4a85e84 HTTP/1.1" status: 200 len: 1170 time: 0.0940557
2026-04-02 18:11:39.211 10 INFO neutron.api.wsgi [req-6cbb77fa-c511-49a9-a819-03ac46a28b90 req-bec7d005-c9d1-4c7a-95c7-2f7002ef6746 a056779da5a14e2abaac4bf165ad74df 4e12d25640b942c9a9e74725c7076069 - - default default] 10.0.0.14 "GET /v2.0/security-groups?id=2d546fc9-70c6-430b-80f6-ac4dfefd5d94&fields=id&fields=name HTTP/1.1" status: 200 len: 313 time: 0.0487378
2026-04-02 18:11:39.214 9 INFO neutron.db.ovn_revision_numbers_db [None req-ec75df89-23e3-47cc-8c7e-bffe2b681bff - - - - - -] Successfully bumped revision number for resource af29a601-3cf1-44d3-b47b-cc1678fb9d7e (type: ports) to 5
2026-04-02 18:11:39.286 10 INFO neutron.api.wsgi [None req-e5d40ac1-309c-41b4-8bf3-944914393877 34ab94b8e2774d50a18d77ee3f4f1279 d7f5dba98f2a4562ad3e11983ff7271a - - default default] 10.0.0.191 "GET /v2.0/ports?device_id=1ffd65de-4406-4084-909d-a927a4a85e84 HTTP/1.1" status: 200 len: 1404 time: 0.0435305
2026-04-02 18:11:39.298 10 WARNING neutron_lib.context [None req-e3034bf5-1b63-4931-80d4-2fabcfb4969d a056779da5a14e2abaac4bf165ad74df 4e12d25640b942c9a9e74725c7076069 - - default default] Method 'is_advsvc' is deprecated since 2023.2 release (neutron-lib 3.8.0) and will be removed once support for the old RBAC API policies will be removed from Neutron. Please use method 'is_service_role' instead. /var/lib/openstack/lib/python3.12/site-packages/pycadf/identifier.py:71: UserWarning: Invalid uuid: neutron. To ensure interoperability, identifiers should be a valid uuid. warnings.warn(('Invalid uuid: %s. To ensure interoperability, '
2026-04-02 18:11:39.455 9 INFO neutron.api.wsgi [req-dcb226e5-5e05-4f5d-bb56-47bfece9b64c req-f1f6c990-5abc-49fe-9973-568326e27e7b f6a1016047494aafad7855a80a1a53af cfc04783a1744ece84690a375357168d - - default default] 10.0.0.14 "GET /v2.0/ports?device_id=c5453ebf-d302-4d88-9891-51473c140585 HTTP/1.1" status: 200 len: 1400 time: 0.1139438
2026-04-02 18:11:39.508 9 INFO neutron.api.wsgi [req-dcb226e5-5e05-4f5d-bb56-47bfece9b64c req-d67b048b-25b5-46cf-ba09-683b7c643457 f6a1016047494aafad7855a80a1a53af cfc04783a1744ece84690a375357168d - - default default] 10.0.0.14 "GET /v2.0/security-groups?id=a2ad8762-b8a9-4da3-9357-e2d0dcdd37b0&fields=id&fields=name HTTP/1.1" status: 200 len: 311 time: 0.0479422
2026-04-02 18:11:40.045 10 WARNING neutron.scheduler.dhcp_agent_scheduler [None req-e3034bf5-1b63-4931-80d4-2fabcfb4969d a056779da5a14e2abaac4bf165ad74df 4e12d25640b942c9a9e74725c7076069 - - default default] No more DHCP agents
2026-04-02 18:11:40.047 10 WARNING neutron.api.rpc.agentnotifiers.dhcp_rpc_agent_api [None req-e3034bf5-1b63-4931-80d4-2fabcfb4969d a056779da5a14e2abaac4bf165ad74df 4e12d25640b942c9a9e74725c7076069 - - default default] Unable to schedule network 01cd64d3-5f44-49a4-af49-91bcc888d368: no agents available; will retry on subsequent port and subnet creation events.
2026-04-02 18:11:40.527 9 INFO neutron.api.wsgi [None req-a99df0ad-320e-4bd5-a1fe-4a344e8169ff 15ac08b292f84221bdb7fa15f1fca821 64192436849b41b8b4ae850920ef1780 - - default default] 10.0.0.191 "PUT /v2.0/routers/b46f0196-038d-469c-9bc1-aa23d7f0d8ec/remove_router_interface HTTP/1.1" status: 200 len: 503 time: 1.1368418 /var/lib/openstack/lib/python3.12/site-packages/pycadf/identifier.py:71: UserWarning: Invalid uuid: neutron. To ensure interoperability, identifiers should be a valid uuid. warnings.warn(('Invalid uuid: %s. To ensure interoperability, '
2026-04-02 18:11:40.682 10 INFO neutron.db.ovn_revision_numbers_db [None req-e3034bf5-1b63-4931-80d4-2fabcfb4969d a056779da5a14e2abaac4bf165ad74df 4e12d25640b942c9a9e74725c7076069 - - default default] Successfully bumped revision number for resource 0a08131f-691e-4f0a-a430-34bd5b38d1bb (type: floatingips) to -1
2026-04-02 18:11:40.795 10 INFO neutron.db.ovn_revision_numbers_db [None req-e3034bf5-1b63-4931-80d4-2fabcfb4969d a056779da5a14e2abaac4bf165ad74df 4e12d25640b942c9a9e74725c7076069 - - default default] Successfully bumped revision number for resource 0a08131f-691e-4f0a-a430-34bd5b38d1bb (type: floatingips) to 1
2026-04-02 18:11:40.795 10 INFO neutron.db.l3_db [None req-e3034bf5-1b63-4931-80d4-2fabcfb4969d a056779da5a14e2abaac4bf165ad74df 4e12d25640b942c9a9e74725c7076069 - - default default] Floating IP 0a08131f-691e-4f0a-a430-34bd5b38d1bb associated. External IP: 10.96.250.217, port: becb77ee-2c18-4c6f-88a0-e12e61e3d1a1.
2026-04-02 18:11:40.842 10 INFO neutron.api.wsgi [None req-e3034bf5-1b63-4931-80d4-2fabcfb4969d a056779da5a14e2abaac4bf165ad74df 4e12d25640b942c9a9e74725c7076069 - - default default] 10.0.0.191 "POST /v2.0/floatingips HTTP/1.1" status: 201 len: 1054 time: 1.5484533
2026-04-02 18:11:40.874 10 INFO neutron.notifiers.nova [-] Nova event matching ['req-7f4b1bec-c813-4970-b1ef-c24643a8225a'] response: {'name': 'network-changed', 'server_uuid': '1ffd65de-4406-4084-909d-a927a4a85e84', 'tag': 'becb77ee-2c18-4c6f-88a0-e12e61e3d1a1', 'status': 'completed', 'code': 200}
2026-04-02 18:11:40.908 9 INFO neutron.api.wsgi [None req-90dfc327-3823-4b94-b797-b55c479ae509 a056779da5a14e2abaac4bf165ad74df 4e12d25640b942c9a9e74725c7076069 - - default default] 10.0.0.191 "GET /v2.0/floatingips/0a08131f-691e-4f0a-a430-34bd5b38d1bb HTTP/1.1" status: 200 len: 1051 time: 0.0609982
2026-04-02 18:11:41.066 9 INFO neutron.db.ovn_revision_numbers_db [None req-79de6f48-35d0-4cda-beb5-42823bacba0d 15ac08b292f84221bdb7fa15f1fca821 64192436849b41b8b4ae850920ef1780 - - default default] Successfully bumped revision number for resource b85c6a61-e111-4674-ba91-a845842a6e6f (type: security_groups) to 1
2026-04-02 18:11:41.078 9 INFO neutron.db.ovn_revision_numbers_db [None req-79de6f48-35d0-4cda-beb5-42823bacba0d 15ac08b292f84221bdb7fa15f1fca821 64192436849b41b8b4ae850920ef1780 - - default default] Successfully bumped revision number for resource 2aefcbcc-d4c7-4ecc-9660-6db62e65cb6c (type: security_group_rules) to 0
2026-04-02 18:11:41.095 9 INFO neutron.db.ovn_revision_numbers_db [None req-79de6f48-35d0-4cda-beb5-42823bacba0d 15ac08b292f84221bdb7fa15f1fca821 64192436849b41b8b4ae850920ef1780 - - default default] Successfully bumped revision number for resource 2e5caeaf-5a01-4fa2-aeee-01bbdc1969d1 (type: security_group_rules) to 0
2026-04-02 18:11:41.118 9 INFO neutron.db.ovn_revision_numbers_db [None req-79de6f48-35d0-4cda-beb5-42823bacba0d 15ac08b292f84221bdb7fa15f1fca821 64192436849b41b8b4ae850920ef1780 - - default default] Successfully bumped revision number for resource 47b7a8f5-7e4d-4242-b3c5-3d10bb1ec96e (type: security_group_rules) to 0
2026-04-02 18:11:41.134 9 INFO neutron.notifiers.nova [-] Nova event matching ['req-d1f35ff9-ee43-4085-b6fa-36d5057a0328'] response: {'server_uuid': 'c5453ebf-d302-4d88-9891-51473c140585', 'name': 'network-vif-plugged', 'status': 'completed', 'tag': 'af29a601-3cf1-44d3-b47b-cc1678fb9d7e', 'code': 200}
2026-04-02 18:11:41.160 9 INFO neutron.db.ovn_revision_numbers_db [None req-79de6f48-35d0-4cda-beb5-42823bacba0d 15ac08b292f84221bdb7fa15f1fca821 64192436849b41b8b4ae850920ef1780 - - default default] Successfully bumped revision number for resource ac9409f7-a606-4953-9bcf-d6b4b5b59d6f (type: security_group_rules) to 0
2026-04-02 18:11:41.239 9 INFO neutron.api.wsgi [None req-79de6f48-35d0-4cda-beb5-42823bacba0d 15ac08b292f84221bdb7fa15f1fca821 64192436849b41b8b4ae850920ef1780 - - default default] 10.0.0.191 "GET /v2.0/security-groups?tenant_id=85c269b594d2412bab8777d5f4efb5d5&name=default HTTP/1.1" status: 200 len: 3120 time: 0.5162914
2026-04-02 18:11:41.313 9 INFO neutron.api.wsgi [None req-272c6c40-a533-45f5-a0ad-2b643f9da52d 15ac08b292f84221bdb7fa15f1fca821 64192436849b41b8b4ae850920ef1780 - - default default] 10.0.0.191 "DELETE /v2.0/routers/b46f0196-038d-469c-9bc1-aa23d7f0d8ec HTTP/1.1" status: 204 len: 168 time: 0.7820809
2026-04-02 18:11:41.430 9 INFO neutron.api.wsgi [req-3b52c952-e014-4654-a08a-e27e86cc0769 req-bb63e04d-815d-4902-92f5-cd1ff86c1027 613f559da1814c56a288b8c617095f66 7c9d33315b5a4682b8fd10e638a7ce86 - - fc6e22571bdd4990a4cb50c180567519 fc6e22571bdd4990a4cb50c180567519] 199.19.213.133 "GET /v2.0/ports?tenant_id=4e12d25640b942c9a9e74725c7076069&device_id=1ffd65de-4406-4084-909d-a927a4a85e84 HTTP/1.1" status: 200 len: 1409 time: 0.0460160
2026-04-02 18:11:41.710 9 INFO neutron.api.wsgi [req-3b52c952-e014-4654-a08a-e27e86cc0769 req-f7eefbff-e910-489a-b03e-e5ae80bd8976 613f559da1814c56a288b8c617095f66 7c9d33315b5a4682b8fd10e638a7ce86 - - fc6e22571bdd4990a4cb50c180567519 fc6e22571bdd4990a4cb50c180567519] 199.19.213.133 "GET /v2.0/networks?id=044ded33-645a-4336-97af-fabd28b79bfc HTTP/1.1" status: 200 len: 958 time: 0.2745883
2026-04-02 18:11:41.746 9 INFO neutron.api.wsgi [None req-87726bd8-ee11-4718-a413-8dd7bb699fb9 15ac08b292f84221bdb7fa15f1fca821 64192436849b41b8b4ae850920ef1780 - - default default] 10.0.0.191 "DELETE /v2.0/subnets/da0dd845-ee31-47a7-9b27-9925b5c32a38 HTTP/1.1" status: 204 len: 168 time: 0.4276886
2026-04-02 18:11:41.751 9 INFO neutron.api.wsgi [req-3b52c952-e014-4654-a08a-e27e86cc0769 req-84962cbd-8298-4fb5-b25a-a62786e43861 613f559da1814c56a288b8c617095f66 7c9d33315b5a4682b8fd10e638a7ce86 - - fc6e22571bdd4990a4cb50c180567519 fc6e22571bdd4990a4cb50c180567519] 199.19.213.133 "GET /v2.0/floatingips?fixed_ip_address=10.100.0.7&port_id=becb77ee-2c18-4c6f-88a0-e12e61e3d1a1 HTTP/1.1" status: 200 len: 1059 time: 0.0363548 /var/lib/openstack/lib/python3.12/site-packages/pycadf/identifier.py:71: UserWarning: Invalid uuid: neutron. To ensure interoperability, identifiers should be a valid uuid. warnings.warn(('Invalid uuid: %s. To ensure interoperability, '
2026-04-02 18:11:41.779 9 INFO neutron.api.wsgi [req-3b52c952-e014-4654-a08a-e27e86cc0769 req-d1efa465-c82d-4c99-85e5-cbf63365a816 613f559da1814c56a288b8c617095f66 7c9d33315b5a4682b8fd10e638a7ce86 - - fc6e22571bdd4990a4cb50c180567519 fc6e22571bdd4990a4cb50c180567519] 199.19.213.133 "GET /v2.0/subnets?id=086d661b-183f-4004-a954-826024c16b62 HTTP/1.1" status: 200 len: 877 time: 0.0234644
2026-04-02 18:11:41.790 9 INFO neutron.api.wsgi [None req-6ec580bc-612b-4040-9988-29d902da0c08 15ac08b292f84221bdb7fa15f1fca821 64192436849b41b8b4ae850920ef1780 - - default default] 10.0.0.191 "DELETE /v2.0/security-groups/b85c6a61-e111-4674-ba91-a845842a6e6f HTTP/1.1" status: 204 len: 168 time: 0.5404541
2026-04-02 18:11:41.810 9 INFO neutron.api.wsgi [req-3b52c952-e014-4654-a08a-e27e86cc0769 req-d64d1559-1261-4ca0-b26c-e92be0796b9e 613f559da1814c56a288b8c617095f66 7c9d33315b5a4682b8fd10e638a7ce86 - - fc6e22571bdd4990a4cb50c180567519 fc6e22571bdd4990a4cb50c180567519] 199.19.213.133 "GET /v2.0/ports?network_id=044ded33-645a-4336-97af-fabd28b79bfc&device_owner=network%3Adhcp HTTP/1.1" status: 200 len: 210 time: 0.0182550
2026-04-02 18:11:41.855 9 INFO neutron.api.wsgi [req-3b52c952-e014-4654-a08a-e27e86cc0769 req-bfa3b10c-530d-4714-8993-4607fc632b62 613f559da1814c56a288b8c617095f66 7c9d33315b5a4682b8fd10e638a7ce86 - - fc6e22571bdd4990a4cb50c180567519 fc6e22571bdd4990a4cb50c180567519] 199.19.213.133 "GET /v2.0/networks/044ded33-645a-4336-97af-fabd28b79bfc?fields=segments HTTP/1.1" status: 200 len: 212 time: 0.0409000
2026-04-02 18:11:41.906 9 INFO neutron.api.wsgi [req-3b52c952-e014-4654-a08a-e27e86cc0769 req-154f86a0-dd02-44b3-a7e9-f46a42305347 613f559da1814c56a288b8c617095f66 7c9d33315b5a4682b8fd10e638a7ce86 - - fc6e22571bdd4990a4cb50c180567519 fc6e22571bdd4990a4cb50c180567519] 199.19.213.133 "GET /v2.0/networks/044ded33-645a-4336-97af-fabd28b79bfc?fields=provider%3Aphysical_network&fields=provider%3Anetwork_type HTTP/1.1" status: 200 len: 277 time: 0.0416663
2026-04-02 18:11:42.080 10 INFO neutron.services.segments.plugin [-] Segment a67f8317-5bab-4db0-bd32-f1dbb2a2d7c4 resource provider aggregate not found
2026-04-02 18:11:42.085 10 INFO neutron.services.segments.plugin [-] Segment a67f8317-5bab-4db0-bd32-f1dbb2a2d7c4 resource provider aggregate not found
2026-04-02 18:11:42.099 10 INFO neutron.services.segments.plugin [-] Segment a67f8317-5bab-4db0-bd32-f1dbb2a2d7c4 resource provider not found; error: Placement Client Error (4xx): {"errors": [{"status": 404, "title": "Not Found", "detail": "The resource could not be found.\n\n No resource provider with uuid a67f8317-5bab-4db0-bd32-f1dbb2a2d7c4 found for delete ", "request_id": "req-d18520e0-af2a-4181-aba5-d57a91f3cb35"}]}
2026-04-02 18:11:42.103 10 INFO neutron.services.segments.plugin [-] Segment a67f8317-5bab-4db0-bd32-f1dbb2a2d7c4 resource provider not found; error: Placement Client Error (4xx): {"errors": [{"status": 404, "title": "Not Found", "detail": "The resource could not be found.\n\n No resource provider with uuid a67f8317-5bab-4db0-bd32-f1dbb2a2d7c4 found for delete ", "request_id": "req-e0198e2e-278a-4983-820c-6ffe56487f76"}]}
2026-04-02 18:11:42.111 10 INFO neutron.api.wsgi [None req-d826c89d-1c9f-4f47-b1c8-3eef943f98fa 15ac08b292f84221bdb7fa15f1fca821 64192436849b41b8b4ae850920ef1780 - - default default] 10.0.0.191 "DELETE /v2.0/networks/5ff8952d-2eaa-4917-b750-023f734243fc HTTP/1.1" status: 204 len: 168 time: 0.3596792
2026-04-02 18:11:42.286 10 INFO neutron.api.wsgi [None req-27ebff9e-6c4a-4ba8-9db1-2aa11bd6dfc4 15ac08b292f84221bdb7fa15f1fca821 64192436849b41b8b4ae850920ef1780 - - default default] 10.0.0.191 "GET /v2.0/security-groups?tenant_id=0ee08e6d564b452db288604cc7189d60&name=default HTTP/1.1" status: 200 len: 3120 time: 0.0296912
2026-04-02 18:11:42.477 10 INFO neutron.api.wsgi [None req-bb5756d1-6d8a-404f-a95d-00b1ff6d2202 15ac08b292f84221bdb7fa15f1fca821 64192436849b41b8b4ae850920ef1780 - - default default] 10.0.0.191 "DELETE /v2.0/security-groups/579da9c5-0963-41ad-a4ae-cfc72acf24e6 HTTP/1.1" status: 204 len: 168 time: 0.1790168
2026-04-02 18:11:43.775 9 INFO neutron.api.wsgi [None req-44e68df9-ca0e-43d8-a313-6618ea590893 3b99cb1b04cf462783eb65fbb10b9f9b 43b0c014483d4c82a9d7687898bb65f0 - - default default] 10.0.0.191 "GET /v2.0/extensions HTTP/1.1" status: 200 len: 19293 time: 0.1992853
2026-04-02 18:11:43.793 9 INFO neutron.api.wsgi [None req-95bec1fe-9d4e-460c-867b-59bb02d477d7 3b99cb1b04cf462783eb65fbb10b9f9b 43b0c014483d4c82a9d7687898bb65f0 - - default default] 10.0.0.191 "GET /v2.0/extensions/address-group HTTP/1.1" status: 200 len: 353 time: 0.0093763
2026-04-02 18:11:43.804 9 INFO neutron.api.wsgi [None req-ca440dba-43f7-4899-a247-4a55e5c78ac6 3b99cb1b04cf462783eb65fbb10b9f9b 43b0c014483d4c82a9d7687898bb65f0 - - default default] 10.0.0.191 "GET /v2.0/extensions/address-scope HTTP/1.1" status: 200 len: 357 time: 0.0055273
2026-04-02 18:11:43.815 9 INFO neutron.api.wsgi [None req-d56ef4be-0d02-443e-a707-0822b924b1f0 3b99cb1b04cf462783eb65fbb10b9f9b 43b0c014483d4c82a9d7687898bb65f0 - - default default] 10.0.0.191 "GET /v2.0/extensions/agent HTTP/1.1" status: 200 len: 347 time: 0.0073264
2026-04-02 18:11:43.823 9 INFO neutron.api.wsgi [None req-b10b998a-0e2a-4e4f-bc8b-53936714b2d1 3b99cb1b04cf462783eb65fbb10b9f9b 43b0c014483d4c82a9d7687898bb65f0 - - default default] 10.0.0.191 "GET /v2.0/extensions/allowed-address-pairs HTTP/1.1" status: 200 len: 378 time: 0.0046139
2026-04-02 18:11:43.829 9 INFO neutron.api.wsgi [None req-226017da-5b9e-4770-ad74-1b25ae8015a3 3b99cb1b04cf462783eb65fbb10b9f9b 43b0c014483d4c82a9d7687898bb65f0 - - default default] 10.0.0.191 "GET /v2.0/extensions/auto-allocated-topology HTTP/1.1" status: 200 len: 394 time: 0.0027483
2026-04-02 18:11:43.835 9 INFO neutron.api.wsgi [None req-881e45c5-9064-4ddc-ba02-f6936ea74135 3b99cb1b04cf462783eb65fbb10b9f9b 43b0c014483d4c82a9d7687898bb65f0 - - default default] 10.0.0.191 "GET /v2.0/extensions/availability_zone HTTP/1.1" status: 200 len: 372 time: 0.0026624
2026-04-02 18:11:43.842 9 INFO neutron.api.wsgi [None req-096b55a5-a522-41ee-b35b-27c07efae2a3 3b99cb1b04cf462783eb65fbb10b9f9b 43b0c014483d4c82a9d7687898bb65f0 - - default default] 10.0.0.191 "GET /v2.0/extensions/default-subnetpools HTTP/1.1" status: 200 len: 405 time: 0.0040486
2026-04-02 18:11:43.849 9 INFO neutron.api.wsgi [None req-636db6a6-a3d4-4fda-8ee8-b60b4cb3f1c5 3b99cb1b04cf462783eb65fbb10b9f9b 43b0c014483d4c82a9d7687898bb65f0 - - default default] 10.0.0.191 "GET /v2.0/extensions/dhcp_agent_scheduler HTTP/1.1" status: 200 len: 381 time: 0.0040863
2026-04-02 18:11:43.858 10 INFO neutron.api.wsgi [None req-d19c7493-803a-4e30-9945-85b7ef5b74d7 3b99cb1b04cf462783eb65fbb10b9f9b 43b0c014483d4c82a9d7687898bb65f0 - - default default] 10.0.0.191 "GET /v2.0/extensions/dns-integration HTTP/1.1" status: 200 len: 366 time: 0.0037100
2026-04-02 18:11:43.864 10 INFO neutron.api.wsgi [None req-0c072c80-c26a-44e3-9070-1301dea3b6aa 3b99cb1b04cf462783eb65fbb10b9f9b 43b0c014483d4c82a9d7687898bb65f0 - - default default] 10.0.0.191 "GET /v2.0/extensions/dns-domain-ports HTTP/1.1" status: 200 len: 399 time: 0.0031800
2026-04-02 18:11:43.869 10 INFO neutron.api.wsgi [None req-958ee6b0-9117-4282-b5b1-c7acba45bf5b 3b99cb1b04cf462783eb65fbb10b9f9b 43b0c014483d4c82a9d7687898bb65f0 - - default default] 10.0.0.191 "GET /v2.0/extensions/dns-integration-domain-keywords HTTP/1.1" status: 200 len: 477 time: 0.0028596
2026-04-02 18:11:43.876 10 INFO neutron.api.wsgi [None req-800058b5-25ea-4893-8ba9-63d7f183f71e 3b99cb1b04cf462783eb65fbb10b9f9b 43b0c014483d4c82a9d7687898bb65f0 - - default default] 10.0.0.191 "GET /v2.0/extensions/empty-string-filtering HTTP/1.1" status: 200 len: 413 time: 0.0040727
2026-04-02 18:11:43.883 10 INFO neutron.api.wsgi [None req-46ab3ee7-ca9c-446d-b329-0fa1a123fa95 3b99cb1b04cf462783eb65fbb10b9f9b 43b0c014483d4c82a9d7687898bb65f0 - - default default] 10.0.0.191 "GET /v2.0/extensions/external-net HTTP/1.1" status: 200 len: 394 time: 0.0039670
2026-04-02 18:11:43.891 10 INFO neutron.api.wsgi [None req-4733ff23-5440-4d0c-be44-d4ca67002bc4 3b99cb1b04cf462783eb65fbb10b9f9b 43b0c014483d4c82a9d7687898bb65f0 - - default default] 10.0.0.191 "GET /v2.0/extensions/extra_dhcp_opt HTTP/1.1" status: 200 len: 498 time: 0.0037208
2026-04-02 18:11:43.898 10 INFO neutron.api.wsgi [None req-de6e2fe8-db0e-4f5b-ac51-7af1945a2938 3b99cb1b04cf462783eb65fbb10b9f9b 43b0c014483d4c82a9d7687898bb65f0 - - default default] 10.0.0.191 "GET /v2.0/extensions/extraroute HTTP/1.1" status: 200 len: 375 time: 0.0040092
2026-04-02 18:11:43.906 9 INFO neutron.api.wsgi [None req-2ee07b96-4b29-4cd8-a989-198cf129d2bd 3b99cb1b04cf462783eb65fbb10b9f9b 43b0c014483d4c82a9d7687898bb65f0 - - default default] 10.0.0.191 "GET /v2.0/extensions/floating-ip-port-forwarding-detail HTTP/1.1" status: 200 len: 465 time: 0.0050292
2026-04-02 18:11:43.914 9 INFO neutron.api.wsgi [None req-8d458206-5fc3-4cd4-827c-19b04c1eb881 3b99cb1b04cf462783eb65fbb10b9f9b 43b0c014483d4c82a9d7687898bb65f0 - - default default] 10.0.0.191 "GET /v2.0/extensions/fip-port-details HTTP/1.1" status: 200 len: 406 time: 0.0043857
2026-04-02 18:11:43.922 10 INFO neutron.api.wsgi [None req-f3eed2f8-76e2-4efa-bae2-4cbf9ba98dde 3b99cb1b04cf462783eb65fbb10b9f9b 43b0c014483d4c82a9d7687898bb65f0 - - default default] 10.0.0.191 "GET /v2.0/extensions/flavors HTTP/1.1" status: 200 len: 387 time: 0.0048368
2026-04-02 18:11:43.930 10 INFO neutron.api.wsgi [None req-ecc0c995-5bfd-428f-a0dc-f07a4b399fb2 3b99cb1b04cf462783eb65fbb10b9f9b 43b0c014483d4c82a9d7687898bb65f0 - - default default] 10.0.0.191 "GET /v2.0/extensions/floatingip-pools HTTP/1.1" status: 200 len: 382 time: 0.0038247
2026-04-02 18:11:43.942 10 INFO neutron.api.wsgi [None req-7185d5c9-8ecc-4064-b4d6-fa59df285b7e 3b99cb1b04cf462783eb65fbb10b9f9b 43b0c014483d4c82a9d7687898bb65f0 - - default default] 10.0.0.191 "GET /v2.0/extensions/ip_allocation HTTP/1.1" status: 200 len: 356 time: 0.0040963
2026-04-02 18:11:43.950 10 INFO neutron.api.wsgi [None req-c496ef13-0615-43c3-999e-b702bf576a96 3b99cb1b04cf462783eb65fbb10b9f9b 43b0c014483d4c82a9d7687898bb65f0 - - default default] 10.0.0.191 "GET /v2.0/extensions/l2_adjacency HTTP/1.1" status: 200 len: 372 time: 0.0037029
2026-04-02 18:11:43.959 10 INFO neutron.api.wsgi [None req-a858c408-6f74-4474-9a83-338a9fa2977b 3b99cb1b04cf462783eb65fbb10b9f9b 43b0c014483d4c82a9d7687898bb65f0 - - default default] 10.0.0.191 "GET /v2.0/extensions/router HTTP/1.1" status: 200 len: 450 time: 0.0056531
2026-04-02 18:11:43.966 10 INFO neutron.api.wsgi [None req-8fbca132-0567-4cd4-9f38-26a22ed26b95 3b99cb1b04cf462783eb65fbb10b9f9b 43b0c014483d4c82a9d7687898bb65f0 - - default default] 10.0.0.191 "GET /v2.0/extensions/enable-default-route-bfd HTTP/1.1" status: 200 len: 406 time: 0.0038469
2026-04-02 18:11:43.973 10 INFO neutron.api.wsgi [None req-91e7b760-a42c-418f-8030-2a63cf7397c7 3b99cb1b04cf462783eb65fbb10b9f9b 43b0c014483d4c82a9d7687898bb65f0 - - default default] 10.0.0.191 "GET /v2.0/extensions/enable-default-route-ecmp HTTP/1.1" status: 200 len: 409 time: 0.0036714
2026-04-02 18:11:43.981 10 INFO neutron.api.wsgi [None req-b0577192-b451-4b92-99e4-917b3d2b62d1 3b99cb1b04cf462783eb65fbb10b9f9b 43b0c014483d4c82a9d7687898bb65f0 - - default default] 10.0.0.191 "GET /v2.0/extensions/ext-gw-mode HTTP/1.1" status: 200 len: 462 time: 0.0040038
2026-04-02 18:11:43.990 10 INFO neutron.api.wsgi [None req-4b187f08-5d6b-467e-a2fa-a0576997997e 3b99cb1b04cf462783eb65fbb10b9f9b 43b0c014483d4c82a9d7687898bb65f0 - - default default] 10.0.0.191 "GET /v2.0/extensions/l3-ha HTTP/1.1" status: 200 len: 360 time: 0.0049043
2026-04-02 18:11:43.998 9 INFO neutron.api.wsgi [None req-42934238-8f7a-47ff-b01b-a7ea218f2f6e 3b99cb1b04cf462783eb65fbb10b9f9b 43b0c014483d4c82a9d7687898bb65f0 - - default default] 10.0.0.191 "GET /v2.0/extensions/external-gateway-multihoming HTTP/1.1" status: 200 len: 421 time: 0.0047469
2026-04-02 18:11:44.006 9 INFO neutron.api.wsgi [None req-d59129b8-2f8f-410f-8b47-c79478262dce 3b99cb1b04cf462783eb65fbb10b9f9b 43b0c014483d4c82a9d7687898bb65f0 - - default default] 10.0.0.191 "GET /v2.0/extensions/l3-flavors HTTP/1.1" status: 200 len: 366 time: 0.0039535
2026-04-02 18:11:44.013 9 INFO neutron.api.wsgi [None req-07d7a1f3-6c41-4c3b-ab91-58415ee27312 3b99cb1b04cf462783eb65fbb10b9f9b 43b0c014483d4c82a9d7687898bb65f0 - - default default] 10.0.0.191 "GET /v2.0/extensions/logging HTTP/1.1" status: 200 len: 407 time: 0.0036740
2026-04-02 18:11:44.021 9 INFO neutron.api.wsgi [None req-3c4e2f9b-9972-4b35-9eda-ebcec44b9ea8 3b99cb1b04cf462783eb65fbb10b9f9b 43b0c014483d4c82a9d7687898bb65f0 - - default default] 10.0.0.191 "GET /v2.0/extensions/multi-provider HTTP/1.1" status: 200 len: 406 time: 0.0038149
2026-04-02 18:11:44.028 9 INFO neutron.api.wsgi [None req-1d7b4602-2026-4c22-ab1c-b8eec4dfe957 3b99cb1b04cf462783eb65fbb10b9f9b 43b0c014483d4c82a9d7687898bb65f0 - - default default] 10.0.0.191 "GET /v2.0/extensions/net-mtu HTTP/1.1" status: 200 len: 370 time: 0.0038602
2026-04-02 18:11:44.053 10 INFO neutron.api.wsgi [None req-c5da7b22-04cd-4e8f-b4c1-ee4312b5fec9 3b99cb1b04cf462783eb65fbb10b9f9b 43b0c014483d4c82a9d7687898bb65f0 - - default default] 10.0.0.191 "GET /v2.0/extensions/net-mtu-writable HTTP/1.1" status: 200 len: 401 time: 0.0204151
2026-04-02 18:11:44.064 9 INFO neutron.api.wsgi [None req-8c4e3702-ee54-4b2d-bd72-14a8e46d23fb 3b99cb1b04cf462783eb65fbb10b9f9b 43b0c014483d4c82a9d7687898bb65f0 - - default default] 10.0.0.191 "GET /v2.0/extensions/network_availability_zone HTTP/1.1" status: 200 len: 394 time: 0.0065560
2026-04-02 18:11:44.072 9 INFO neutron.api.wsgi [None req-019548d8-9f7b-4fa4-8504-efe5e5b109dc 3b99cb1b04cf462783eb65fbb10b9f9b 43b0c014483d4c82a9d7687898bb65f0 - - default default] 10.0.0.191 "GET /v2.0/extensions/network-ip-availability HTTP/1.1" status: 200 len: 410 time: 0.0039656
2026-04-02 18:11:44.079 9 INFO neutron.api.wsgi [None req-8cba81cd-cc23-46e3-8ce1-2e96bb536eba 3b99cb1b04cf462783eb65fbb10b9f9b 43b0c014483d4c82a9d7687898bb65f0 - - default default] 10.0.0.191 "GET /v2.0/extensions/pagination HTTP/1.1" status: 200 len: 386 time: 0.0037339
2026-04-02 18:11:44.087 10 INFO neutron.api.wsgi [None req-1a0cf1ae-841a-494b-a77a-f61af8e04765 3b99cb1b04cf462783eb65fbb10b9f9b 43b0c014483d4c82a9d7687898bb65f0 - - default default] 10.0.0.191 "GET /v2.0/extensions/port-device-profile HTTP/1.1" status: 200 len: 383 time: 0.0049124
2026-04-02 18:11:44.096 10 INFO neutron.api.wsgi [None req-02108fcc-00cc-474d-b322-28e76a20a4cb 3b99cb1b04cf462783eb65fbb10b9f9b 43b0c014483d4c82a9d7687898bb65f0 - - default default] 10.0.0.191 "GET /v2.0/extensions/port-mac-address-regenerate HTTP/1.1" status: 200 len: 403 time: 0.0045316
2026-04-02 18:11:44.105 10 INFO neutron.api.wsgi [None req-e9e405b4-4b97-42b1-9889-9e7e18b989a8 3b99cb1b04cf462783eb65fbb10b9f9b 43b0c014483d4c82a9d7687898bb65f0 - - default default] 10.0.0.191 "GET /v2.0/extensions/port-numa-affinity-policy HTTP/1.1" status: 200 len: 392 time: 0.0055273
2026-04-02 18:11:44.118 9 INFO neutron.api.wsgi [None req-be3fcd51-639a-4584-ab3e-0122b6fa1a83 3b99cb1b04cf462783eb65fbb10b9f9b 43b0c014483d4c82a9d7687898bb65f0 - - default default] 10.0.0.191 "GET /v2.0/extensions/port-numa-affinity-policy-socket HTTP/1.1" status: 200 len: 434 time: 0.0074174
2026-04-02 18:11:44.136 9 INFO neutron.api.wsgi [None req-d8417379-f611-4b3d-bfcb-dd614eddef92 3b99cb1b04cf462783eb65fbb10b9f9b 43b0c014483d4c82a9d7687898bb65f0 - - default default] 10.0.0.191 "GET /v2.0/extensions/port-resource-request HTTP/1.1" status: 200 len: 379 time: 0.0059538
2026-04-02 18:11:44.143 9 INFO neutron.api.wsgi [None req-10858c44-2e82-4945-a2bf-28d99e16d013 3b99cb1b04cf462783eb65fbb10b9f9b 43b0c014483d4c82a9d7687898bb65f0 - - default default] 10.0.0.191 "GET /v2.0/extensions/port-resource-request-groups HTTP/1.1" status: 200 len: 465 time: 0.0038929
2026-04-02 18:11:44.152 9 INFO neutron.api.wsgi [None req-cf19ca09-a4fe-49c4-ad93-fb2c87fcf67b 3b99cb1b04cf462783eb65fbb10b9f9b 43b0c014483d4c82a9d7687898bb65f0 - - default default] 10.0.0.191 "GET /v2.0/extensions/binding HTTP/1.1" status: 200 len: 387 time: 0.0039954
2026-04-02 18:11:44.162 9 INFO neutron.api.wsgi [None req-66c7295c-ab25-4200-8949-9d3efd2328ae 3b99cb1b04cf462783eb65fbb10b9f9b 43b0c014483d4c82a9d7687898bb65f0 - - default default] 10.0.0.191 "GET /v2.0/extensions/binding-extended HTTP/1.1" status: 200 len: 406 time: 0.0045288
2026-04-02 18:11:44.170 9 INFO neutron.api.wsgi [None req-00463e19-0c9b-479f-b15e-09043b98794e 3b99cb1b04cf462783eb65fbb10b9f9b 43b0c014483d4c82a9d7687898bb65f0 - - default default] 10.0.0.191 "GET /v2.0/extensions/port-security HTTP/1.1" status: 200 len: 354 time: 0.0045996
2026-04-02 18:11:44.179 9 INFO neutron.api.wsgi [None req-88749e85-af2d-4e66-b27e-91f655f7182a 3b99cb1b04cf462783eb65fbb10b9f9b 43b0c014483d4c82a9d7687898bb65f0 - - default default] 10.0.0.191 "GET /v2.0/extensions/project-id HTTP/1.1" status: 200 len: 398 time: 0.0041001
2026-04-02 18:11:44.186 9 INFO neutron.api.wsgi [None req-8b89859f-b997-4c78-ab61-7f337c63534e 3b99cb1b04cf462783eb65fbb10b9f9b 43b0c014483d4c82a9d7687898bb65f0 - - default default] 10.0.0.191 "GET /v2.0/extensions/provider HTTP/1.1" status: 200 len: 385 time: 0.0043125
2026-04-02 18:11:44.196 9 INFO neutron.api.wsgi [None req-aa837cd2-c703-45c5-b538-ab644bcd9eee 3b99cb1b04cf462783eb65fbb10b9f9b 43b0c014483d4c82a9d7687898bb65f0 - - default default] 10.0.0.191 "GET /v2.0/extensions/qos HTTP/1.1" status: 200 len: 360 time: 0.0043242
2026-04-02 18:11:44.205 9 INFO neutron.api.wsgi [None req-de20d92e-0f5e-421c-bc60-84ba9aed5938 3b99cb1b04cf462783eb65fbb10b9f9b 43b0c014483d4c82a9d7687898bb65f0 - - default default] 10.0.0.191 "GET /v2.0/extensions/qos-bw-limit-direction HTTP/1.1" status: 200 len: 452 time: 0.0040083
2026-04-02 18:11:44.214 9 INFO neutron.api.wsgi [None req-bcbb8a52-af12-418f-b500-f67d335c2415 3b99cb1b04cf462783eb65fbb10b9f9b 43b0c014483d4c82a9d7687898bb65f0 - - default default] 10.0.0.191 "GET /v2.0/extensions/qos-bw-minimum-ingress HTTP/1.1" status: 200 len: 445 time: 0.0043244
2026-04-02 18:11:44.226 9 INFO neutron.api.wsgi [None req-22b8dbea-f911-421b-a836-b5735f5c1009 3b99cb1b04cf462783eb65fbb10b9f9b 43b0c014483d4c82a9d7687898bb65f0 - - default default] 10.0.0.191 "GET /v2.0/extensions/qos-default HTTP/1.1" status: 200 len: 377 time: 0.0084708
2026-04-02 18:11:44.235 9 INFO neutron.api.wsgi [None req-fa33253d-073b-453b-87c5-50e57ea2340d 3b99cb1b04cf462783eb65fbb10b9f9b 43b0c014483d4c82a9d7687898bb65f0 - - default default] 10.0.0.191 "GET /v2.0/extensions/qos-fip HTTP/1.1" status: 200 len: 372 time: 0.0039444
2026-04-02 18:11:44.246 9 INFO neutron.api.wsgi [None req-3c682c37-0e3d-4356-8ebe-1e20e2e0d8cc 3b99cb1b04cf462783eb65fbb10b9f9b 43b0c014483d4c82a9d7687898bb65f0 - - default default] 10.0.0.191 "GET /v2.0/extensions/qos-gateway-ip HTTP/1.1" status: 200 len: 391 time: 0.0050592
2026-04-02 18:11:44.257 9 INFO neutron.api.wsgi [None req-6b0c955b-236b-415e-a5cf-dc8fb6e5b03c 3b99cb1b04cf462783eb65fbb10b9f9b 43b0c014483d4c82a9d7687898bb65f0 - - default default] 10.0.0.191 "GET /v2.0/extensions/qos-port-network-policy HTTP/1.1" status: 200 len: 403 time: 0.0059316
2026-04-02 18:11:44.265 9 INFO neutron.api.wsgi [None req-b6066adc-7a08-446b-b5ba-4e5f2691d7cf 3b99cb1b04cf462783eb65fbb10b9f9b 43b0c014483d4c82a9d7687898bb65f0 - - default default] 10.0.0.191 "GET /v2.0/extensions/qos-pps-minimum HTTP/1.1" status: 200 len: 397 time: 0.0038178
2026-04-02 18:11:44.275 9 INFO neutron.api.wsgi [None req-2628c45d-67ab-425d-a817-2864266ff708 3b99cb1b04cf462783eb65fbb10b9f9b 43b0c014483d4c82a9d7687898bb65f0 - - default default] 10.0.0.191 "GET /v2.0/extensions/qos-pps-minimum-rule-alias HTTP/1.1" status: 200 len: 471 time: 0.0042298
2026-04-02 18:11:44.284 10 INFO neutron.api.wsgi [None req-25988a1a-e840-4ca9-b317-42c3f6fb9b45 3b99cb1b04cf462783eb65fbb10b9f9b 43b0c014483d4c82a9d7687898bb65f0 - - default default] 10.0.0.191 "GET /v2.0/extensions/qos-pps HTTP/1.1" status: 200 len: 389 time: 0.0047007
2026-04-02 18:11:44.291 10 INFO neutron.api.wsgi [None req-15993e7e-faf6-418f-a7e9-6f1e036d9f26 3b99cb1b04cf462783eb65fbb10b9f9b 43b0c014483d4c82a9d7687898bb65f0 - - default default] 10.0.0.191 "GET /v2.0/extensions/qos-rule-type-details HTTP/1.1" status: 200 len: 423 time: 0.0039425
2026-04-02 18:11:44.298 10 INFO neutron.api.wsgi [None req-98d6ee7e-d59a-471f-8953-8cf6dc0e924e 3b99cb1b04cf462783eb65fbb10b9f9b 43b0c014483d4c82a9d7687898bb65f0 - - default default] 10.0.0.191 "GET /v2.0/extensions/qos-rule-type-filter HTTP/1.1" status: 200 len: 567 time: 0.0038898
2026-04-02 18:11:44.306 10 INFO neutron.api.wsgi [None req-ee079bcb-06a8-4053-822f-93da64a70ccb 3b99cb1b04cf462783eb65fbb10b9f9b 43b0c014483d4c82a9d7687898bb65f0 - - default default] 10.0.0.191 "GET /v2.0/extensions/qos-rules-alias HTTP/1.1" status: 200 len: 448 time: 0.0041249
2026-04-02 18:11:44.313 10 INFO neutron.api.wsgi [None req-a5640093-026e-49f7-b7e9-377f8e9c0f61 3b99cb1b04cf462783eb65fbb10b9f9b 43b0c014483d4c82a9d7687898bb65f0 - - default default] 10.0.0.191 "GET /v2.0/extensions/quota-check-limit HTTP/1.1" status: 200 len: 420 time: 0.0038176
2026-04-02 18:11:44.321 10 INFO neutron.api.wsgi [None req-85fa5f72-01dd-4393-bb94-b8d5463c72e4 3b99cb1b04cf462783eb65fbb10b9f9b 43b0c014483d4c82a9d7687898bb65f0 - - default default] 10.0.0.191 "GET /v2.0/extensions/quotas HTTP/1.1" status: 200 len: 386 time: 0.0038958
2026-04-02 18:11:44.332 10 INFO neutron.api.wsgi [None req-bfca5a6f-e8e4-4fee-8adb-b3e7bb936212 3b99cb1b04cf462783eb65fbb10b9f9b 43b0c014483d4c82a9d7687898bb65f0 - - default default] 10.0.0.191 "GET /v2.0/extensions/quota_details HTTP/1.1" status: 200 len: 407 time: 0.0077534
2026-04-02 18:11:44.339 10 INFO neutron.api.wsgi [None req-cc30c38f-7476-4a9e-abab-c006d0c6ea50 3b99cb1b04cf462783eb65fbb10b9f9b 43b0c014483d4c82a9d7687898bb65f0 - - default default] 10.0.0.191 "GET /v2.0/extensions/rbac-policies HTTP/1.1" status: 200 len: 417 time: 0.0045919
2026-04-02 18:11:44.347 9 INFO neutron.api.wsgi [None req-9134a291-4b11-4923-97ae-882886ea1e44 3b99cb1b04cf462783eb65fbb10b9f9b 43b0c014483d4c82a9d7687898bb65f0 - - default default] 10.0.0.191 "GET /v2.0/extensions/rbac-address-scope HTTP/1.1" status: 200 len: 384 time: 0.0040815
2026-04-02 18:11:44.354 9 INFO neutron.api.wsgi [None req-3fec4ad8-b1d8-483a-bcfb-b98074c3c178 3b99cb1b04cf462783eb65fbb10b9f9b 43b0c014483d4c82a9d7687898bb65f0 - - default default] 10.0.0.191 "GET /v2.0/extensions/rbac-security-groups HTTP/1.1" status: 200 len: 404 time: 0.0036900
2026-04-02 18:11:44.362 9 INFO neutron.api.wsgi [None req-d5ad632f-105c-481a-b341-4b264e4ba827 3b99cb1b04cf462783eb65fbb10b9f9b 43b0c014483d4c82a9d7687898bb65f0 - - default default] 10.0.0.191 "GET /v2.0/extensions/revision-if-match HTTP/1.1" status: 200 len: 441 time: 0.0041897
2026-04-02 18:11:44.371 9 INFO neutron.api.wsgi [None req-7df6a5db-f560-4b07-8ec2-19db330b5911 3b99cb1b04cf462783eb65fbb10b9f9b 43b0c014483d4c82a9d7687898bb65f0 - - default default] 10.0.0.191 "GET /v2.0/extensions/standard-attr-revisions HTTP/1.1" status: 200 len: 423 time: 0.0051730
2026-04-02 18:11:44.379 9 INFO neutron.api.wsgi [None req-e226a0d5-a6c9-4702-9ca6-4632bb85a129 3b99cb1b04cf462783eb65fbb10b9f9b 43b0c014483d4c82a9d7687898bb65f0 - - default default] 10.0.0.191 "GET /v2.0/extensions/router_availability_zone HTTP/1.1" status: 200 len: 391 time: 0.0040753
2026-04-02 18:11:44.388 9 INFO neutron.api.wsgi [None req-d6d58c39-2911-47fa-be08-9aaf08ff812d 3b99cb1b04cf462783eb65fbb10b9f9b 43b0c014483d4c82a9d7687898bb65f0 - - default default] 10.0.0.191 "GET /v2.0/extensions/security-groups-default-rules HTTP/1.1" status: 200 len: 456 time: 0.0044165
2026-04-02 18:11:44.396 9 INFO neutron.api.wsgi [None req-488d81cd-843b-4ae3-9656-b7d67c63f41f 3b99cb1b04cf462783eb65fbb10b9f9b 43b0c014483d4c82a9d7687898bb65f0 - - default default] 10.0.0.191 "GET /v2.0/extensions/security-groups-normalized-cidr HTTP/1.1" status: 200 len: 445 time: 0.0042489
2026-04-02 18:11:44.404 9 INFO neutron.api.wsgi [None req-887d47d5-63f7-4b98-9202-e0588d8391d8 3b99cb1b04cf462783eb65fbb10b9f9b 43b0c014483d4c82a9d7687898bb65f0 - - default default] 10.0.0.191 "GET /v2.0/extensions/security-groups-remote-address-group HTTP/1.1" status: 200 len: 448 time: 0.0045788
2026-04-02 18:11:44.413 9 INFO neutron.api.wsgi [None req-126c38e3-ee1a-4e50-84bc-ba3e2b502c29 3b99cb1b04cf462783eb65fbb10b9f9b 43b0c014483d4c82a9d7687898bb65f0 - - default default] 10.0.0.191 "GET /v2.0/extensions/security-groups-rules-belongs-to-default-sg HTTP/1.1" status: 200 len: 508 time: 0.0043967
2026-04-02 18:11:44.429 10 INFO neutron.api.wsgi [None req-7b31b699-992b-4137-b14b-9791ccae2764 3b99cb1b04cf462783eb65fbb10b9f9b 43b0c014483d4c82a9d7687898bb65f0 - - default default] 10.0.0.191 "GET /v2.0/extensions/security-groups-shared-filtering HTTP/1.1" status: 200 len: 435 time: 0.0090852
2026-04-02 18:11:44.437 10 INFO neutron.api.wsgi [None req-5b594307-e454-4518-98a4-562c80165ba7 3b99cb1b04cf462783eb65fbb10b9f9b 43b0c014483d4c82a9d7687898bb65f0 - - default default] 10.0.0.191 "GET /v2.0/extensions/security-group HTTP/1.1" status: 200 len: 364 time: 0.0042694
2026-04-02 18:11:44.443 10 INFO neutron.api.wsgi [None req-45594705-e229-44b9-a843-ee52f64476a7 3b99cb1b04cf462783eb65fbb10b9f9b 43b0c014483d4c82a9d7687898bb65f0 - - default default] 10.0.0.191 "GET /v2.0/extensions/segment HTTP/1.1" status: 200 len: 339 time: 0.0033891
2026-04-02 18:11:44.452 10 INFO neutron.api.wsgi [None req-429173d7-9bac-4fd4-956c-988b54dcbe0b 3b99cb1b04cf462783eb65fbb10b9f9b 43b0c014483d4c82a9d7687898bb65f0 - - default default] 10.0.0.191 "GET /v2.0/extensions/segments-peer-subnet-host-routes HTTP/1.1" status: 200 len: 427 time: 0.0041971
2026-04-02 18:11:44.458 10 INFO neutron.api.wsgi [None req-7140baac-30e3-483a-ad61-04089db5a9a9 3b99cb1b04cf462783eb65fbb10b9f9b 43b0c014483d4c82a9d7687898bb65f0 - - default default] 10.0.0.191 "GET /v2.0/extensions/service-type HTTP/1.1" status: 200 len: 415 time: 0.0035717
2026-04-02 18:11:44.465 10 INFO neutron.api.wsgi [None req-f4d0d2cc-0b3f-4404-8371-6707fbdbc3b0 3b99cb1b04cf462783eb65fbb10b9f9b 43b0c014483d4c82a9d7687898bb65f0 - - default default] 10.0.0.191 "GET /v2.0/extensions/sorting HTTP/1.1" status: 200 len: 377 time: 0.0027652
2026-04-02 18:11:44.472 10 INFO neutron.api.wsgi [None req-43c4861b-7bda-4b88-8e90-de3457e0bbc9 3b99cb1b04cf462783eb65fbb10b9f9b 43b0c014483d4c82a9d7687898bb65f0 - - default default] 10.0.0.191 "GET /v2.0/extensions/standard-attr-segment HTTP/1.1" status: 200 len: 406 time: 0.0035689
2026-04-02 18:11:44.479 10 INFO neutron.api.wsgi [None req-303a68c3-992f-4b06-ad27-875d88f3edcd 3b99cb1b04cf462783eb65fbb10b9f9b 43b0c014483d4c82a9d7687898bb65f0 - - default default] 10.0.0.191 "GET /v2.0/extensions/standard-attr-description HTTP/1.1" status: 200 len: 408 time: 0.0037801
2026-04-02 18:11:44.487 10 INFO neutron.api.wsgi [None req-fac3f5e3-cced-49fd-99cf-3d81360c43ee 3b99cb1b04cf462783eb65fbb10b9f9b 43b0c014483d4c82a9d7687898bb65f0 - - default default] 10.0.0.191 "GET /v2.0/extensions/stateful-security-group HTTP/1.1" status: 200 len: 402 time: 0.0035634
2026-04-02 18:11:44.498 10 INFO neutron.api.wsgi [None req-456fce4d-66f9-4f83-bf1a-0d9876ba7da8 3b99cb1b04cf462783eb65fbb10b9f9b 43b0c014483d4c82a9d7687898bb65f0 - - default default] 10.0.0.191 "GET /v2.0/extensions/subnet-dns-publish-fixed-ip HTTP/1.1" status: 200 len: 421 time: 0.0034919
2026-04-02 18:11:44.506 10 INFO neutron.api.wsgi [None req-1071057f-86ad-4286-be62-fe80c9b3dcf9 3b99cb1b04cf462783eb65fbb10b9f9b 43b0c014483d4c82a9d7687898bb65f0 - - default default] 10.0.0.191 "GET /v2.0/extensions/subnet-external-network HTTP/1.1" status: 200 len: 418 time: 0.0034485
2026-04-02 18:11:44.513 10 INFO neutron.api.wsgi [None req-5af532e3-2d7e-4362-98b8-d9d886a6f886 3b99cb1b04cf462783eb65fbb10b9f9b 43b0c014483d4c82a9d7687898bb65f0 - - default default] 10.0.0.191 "GET /v2.0/extensions/subnet-segmentid-writable HTTP/1.1" status: 200 len: 421 time: 0.0038586
2026-04-02 18:11:44.520 10 INFO neutron.api.wsgi [None req-db85a542-4037-4748-9e57-8be944076afa 3b99cb1b04cf462783eb65fbb10b9f9b 43b0c014483d4c82a9d7687898bb65f0 - - default default] 10.0.0.191 "GET /v2.0/extensions/subnet-service-types HTTP/1.1" status: 200 len: 400 time: 0.0035505
2026-04-02 18:11:44.529 10 INFO neutron.api.wsgi [None req-501d0aa9-5c1f-4483-9aec-85ba76ae100f 3b99cb1b04cf462783eb65fbb10b9f9b 43b0c014483d4c82a9d7687898bb65f0 - - default default] 10.0.0.191 "GET /v2.0/extensions/subnet_allocation HTTP/1.1" status: 200 len: 388 time: 0.0040088
2026-04-02 18:11:44.536 10 INFO neutron.api.wsgi [None req-035e810e-2c22-4f0c-8f8a-8238942bd37c 3b99cb1b04cf462783eb65fbb10b9f9b 43b0c014483d4c82a9d7687898bb65f0 - - default default] 10.0.0.191 "GET /v2.0/extensions/subnetpool-prefix-ops HTTP/1.1" status: 200 len: 418 time: 0.0037084
2026-04-02 18:11:44.546 10 INFO neutron.api.wsgi [None req-35c8e18b-8f92-4323-b1ef-687e49cf538a 3b99cb1b04cf462783eb65fbb10b9f9b 43b0c014483d4c82a9d7687898bb65f0 - - default default] 10.0.0.191 "GET /v2.0/extensions/tag-creation HTTP/1.1" status: 200 len: 384 time: 0.0039420
2026-04-02 18:11:44.553 10 INFO neutron.api.wsgi [None req-918e5fe8-85fd-4193-a150-c5c1ee7b2ba1 3b99cb1b04cf462783eb65fbb10b9f9b 43b0c014483d4c82a9d7687898bb65f0 - - default default] 10.0.0.191 "GET /v2.0/extensions/standard-attr-tag HTTP/1.1" status: 200 len: 537 time: 0.0037010
2026-04-02 18:11:44.561 10 INFO neutron.api.wsgi [None req-6a8eb30f-94b6-41f0-a3cc-81f84e2e44a4 3b99cb1b04cf462783eb65fbb10b9f9b 43b0c014483d4c82a9d7687898bb65f0 - - default default] 10.0.0.191 "GET /v2.0/extensions/standard-attr-timestamp HTTP/1.1" status: 200 len: 449 time: 0.0036738
2026-04-02 18:11:44.568 10 INFO neutron.api.wsgi [None req-c38aba70-6e90-4eb8-a6f4-c01649bdeb09 3b99cb1b04cf462783eb65fbb10b9f9b 43b0c014483d4c82a9d7687898bb65f0 - - default default] 10.0.0.191 "GET /v2.0/extensions/trunk HTTP/1.1" status: 200 len: 358 time: 0.0037477
2026-04-02 18:11:44.580 9 INFO neutron.api.wsgi [None req-9ac82562-9683-4ca6-8a1e-994f53df5a70 3b99cb1b04cf462783eb65fbb10b9f9b 43b0c014483d4c82a9d7687898bb65f0 - - default default] 10.0.0.191 "GET /v2.0/extensions/trunk-details HTTP/1.1" status: 200 len: 362 time: 0.0065956
2026-04-02 18:11:44.587 9 INFO neutron.api.wsgi [None req-85d2c658-1322-4239-871e-81253d79c2c2 3b99cb1b04cf462783eb65fbb10b9f9b 43b0c014483d4c82a9d7687898bb65f0 - - default default] 10.0.0.191 "GET /v2.0/extensions/vpn-agent-scheduler HTTP/1.1" status: 200 len: 393 time: 0.0040939
2026-04-02 18:11:44.602 10 INFO neutron.api.wsgi [None req-7dc20225-05df-4dea-9ff0-7a9964aeb9da 3b99cb1b04cf462783eb65fbb10b9f9b 43b0c014483d4c82a9d7687898bb65f0 - - default default] 10.0.0.191 "GET /v2.0/extensions/vpn-endpoint-groups HTTP/1.1" status: 200 len: 371 time: 0.0108964
2026-04-02 18:11:44.615 9 INFO neutron.api.wsgi [None req-d6697f66-262a-4750-b7b8-531c9ee3e5c4 3b99cb1b04cf462783eb65fbb10b9f9b 43b0c014483d4c82a9d7687898bb65f0 - - default default] 10.0.0.191 "GET /v2.0/extensions/vpn-flavors HTTP/1.1" status: 200 len: 376 time: 0.0071030
2026-04-02 18:11:44.623 9 INFO neutron.api.wsgi [None req-53d2271b-c98e-43c0-8fb7-b51723ab534b 3b99cb1b04cf462783eb65fbb10b9f9b 43b0c014483d4c82a9d7687898bb65f0 - - default default] 10.0.0.191 "GET /v2.0/extensions/vpnaas HTTP/1.1" status: 200 len: 348 time: 0.0040460
2026-04-02 18:11:44.672 10 INFO neutron.api.wsgi [req-08c68b01-925b-4072-85b5-ce242e41a67c req-b3ecb2cf-1470-466e-8146-a37926aaeed3 f6a1016047494aafad7855a80a1a53af cfc04783a1744ece84690a375357168d - - default default] 10.0.0.14 "GET /v2.0/ports?device_id=c5453ebf-d302-4d88-9891-51473c140585 HTTP/1.1" status: 200 len: 1400 time: 0.0795059
2026-04-02 18:11:44.714 10 INFO neutron.api.wsgi [req-08c68b01-925b-4072-85b5-ce242e41a67c req-8b8766d2-b8e9-4fc5-84f5-ffbebe3fda21 f6a1016047494aafad7855a80a1a53af cfc04783a1744ece84690a375357168d - - default default] 10.0.0.14 "GET /v2.0/security-groups?id=a2ad8762-b8a9-4da3-9357-e2d0dcdd37b0&fields=id&fields=name HTTP/1.1" status: 200 len: 311 time: 0.0344813
2026-04-02 18:11:44.832 9 INFO neutron.api.wsgi [None req-ee5a640c-558e-4530-aedd-1b87ac58e3ee f6a1016047494aafad7855a80a1a53af cfc04783a1744ece84690a375357168d - - default default] 10.0.0.191 "GET /v2.0/ports?network_id=87900399-4c73-4481-ae10-986d27a38d33&mac_address=fa%3A16%3A3e%3A00%3Aed%3A53 HTTP/1.1" status: 200 len: 1395 time: 0.0924773
2026-04-02 18:11:44.844 10 WARNING neutron_lib.context [None req-f2706858-9e35-42d9-87eb-7e1d8bad4598 f6a1016047494aafad7855a80a1a53af cfc04783a1744ece84690a375357168d - - default default] Method 'is_advsvc' is deprecated since 2023.2 release (neutron-lib 3.8.0) and will be removed once support for the old RBAC API policies will be removed from Neutron. Please use method 'is_service_role' instead.
2026-04-02 18:11:45.048 10 WARNING neutron.scheduler.dhcp_agent_scheduler [None req-f2706858-9e35-42d9-87eb-7e1d8bad4598 f6a1016047494aafad7855a80a1a53af cfc04783a1744ece84690a375357168d - - default default] No more DHCP agents
2026-04-02 18:11:45.049 10 WARNING neutron.api.rpc.agentnotifiers.dhcp_rpc_agent_api [None req-f2706858-9e35-42d9-87eb-7e1d8bad4598 f6a1016047494aafad7855a80a1a53af cfc04783a1744ece84690a375357168d - - default default] Unable to schedule network 01cd64d3-5f44-49a4-af49-91bcc888d368: no agents available; will retry on subsequent port and subnet creation events.
2026-04-02 18:11:45.387 10 INFO neutron.db.ovn_revision_numbers_db [None req-808b3909-fdef-4ad5-aca3-8bb5ee300f12 15ac08b292f84221bdb7fa15f1fca821 64192436849b41b8b4ae850920ef1780 - - default default] Successfully bumped revision number for resource 797610e2-1f6f-498c-83fb-9d505aaba874 (type: security_groups) to 1
2026-04-02 18:11:45.403 10 INFO neutron.db.ovn_revision_numbers_db [None req-808b3909-fdef-4ad5-aca3-8bb5ee300f12 15ac08b292f84221bdb7fa15f1fca821 64192436849b41b8b4ae850920ef1780 - - default default] Successfully bumped revision number for resource 43d50467-4af7-457b-b9dc-1c97e1efb91f (type: security_group_rules) to 0
2026-04-02 18:11:45.422 10 INFO neutron.db.ovn_revision_numbers_db [None req-808b3909-fdef-4ad5-aca3-8bb5ee300f12 15ac08b292f84221bdb7fa15f1fca821 64192436849b41b8b4ae850920ef1780 - - default default] Successfully bumped revision number for resource afaacbfb-3d85-468e-80fa-f4ab452c8028 (type: security_group_rules) to 0
2026-04-02 18:11:45.435 10 INFO neutron.db.ovn_revision_numbers_db [None req-808b3909-fdef-4ad5-aca3-8bb5ee300f12 15ac08b292f84221bdb7fa15f1fca821 64192436849b41b8b4ae850920ef1780 - - default default] Successfully bumped revision number for resource e70b8262-103a-47c9-8fec-a9e353ead221 (type: security_group_rules) to 0
2026-04-02 18:11:45.453 10 INFO neutron.db.ovn_revision_numbers_db [None req-808b3909-fdef-4ad5-aca3-8bb5ee300f12 15ac08b292f84221bdb7fa15f1fca821 64192436849b41b8b4ae850920ef1780 - - default default] Successfully bumped revision number for resource ee4193b4-2a3d-4d23-96ad-a39c68ac9033 (type: security_group_rules) to 0
2026-04-02 18:11:45.492 10 INFO neutron.api.wsgi [None req-808b3909-fdef-4ad5-aca3-8bb5ee300f12 15ac08b292f84221bdb7fa15f1fca821 64192436849b41b8b4ae850920ef1780 - - default default] 10.0.0.191 "GET /v2.0/security-groups?tenant_id=43b0c014483d4c82a9d7687898bb65f0&name=default HTTP/1.1" status: 200 len: 3120 time: 0.4297130
2026-04-02 18:11:45.707 9 INFO neutron.api.wsgi [None req-43ed5441-42d5-4ce0-b210-f9f4ca152087 15ac08b292f84221bdb7fa15f1fca821 64192436849b41b8b4ae850920ef1780 - - default default] 10.0.0.191 "DELETE /v2.0/security-groups/797610e2-1f6f-498c-83fb-9d505aaba874 HTTP/1.1" status: 204 len: 168 time: 0.2092221
2026-04-02 18:11:45.761 10 INFO neutron.db.ovn_revision_numbers_db [None req-f2706858-9e35-42d9-87eb-7e1d8bad4598 f6a1016047494aafad7855a80a1a53af cfc04783a1744ece84690a375357168d - - default default] Successfully bumped revision number for resource 26268fff-d0d0-4554-a613-f7ce390e7eb4 (type: floatingips) to -1
2026-04-02 18:11:45.913 10 INFO neutron.db.ovn_revision_numbers_db [None req-f2706858-9e35-42d9-87eb-7e1d8bad4598 f6a1016047494aafad7855a80a1a53af cfc04783a1744ece84690a375357168d - - default default] Successfully bumped revision number for resource 26268fff-d0d0-4554-a613-f7ce390e7eb4 (type: floatingips) to 1
2026-04-02 18:11:45.913 10 INFO neutron.db.l3_db [None req-f2706858-9e35-42d9-87eb-7e1d8bad4598 f6a1016047494aafad7855a80a1a53af cfc04783a1744ece84690a375357168d - - default default] Floating IP 26268fff-d0d0-4554-a613-f7ce390e7eb4 associated. External IP: 10.96.250.207, port: af29a601-3cf1-44d3-b47b-cc1678fb9d7e.
2026-04-02 18:11:45.969 10 INFO neutron.api.wsgi [None req-f2706858-9e35-42d9-87eb-7e1d8bad4598 f6a1016047494aafad7855a80a1a53af cfc04783a1744ece84690a375357168d - - default default] 10.0.0.191 "POST /v2.0/floatingips HTTP/1.1" status: 201 len: 1054 time: 1.1287265
2026-04-02 18:11:46.011 10 INFO neutron.notifiers.nova [-] Nova event matching ['req-0ceaec4c-2b5c-4657-a0f3-1e8e42fd0297'] response: {'name': 'network-changed', 'server_uuid': 'c5453ebf-d302-4d88-9891-51473c140585', 'tag': 'af29a601-3cf1-44d3-b47b-cc1678fb9d7e', 'status': 'completed', 'code': 200}
2026-04-02 18:11:46.105 10 INFO neutron.api.wsgi [req-6ccd3dbe-54c7-482e-927b-e7fc7a114361 req-d4ab93d4-99ce-4390-bc4f-6fa3805818eb f6a1016047494aafad7855a80a1a53af cfc04783a1744ece84690a375357168d - - default default] 10.0.0.14 "GET /v2.0/security-groups?name=tempest-lb_member_SG-1123148710&fields=id&tenant_id=cfc04783a1744ece84690a375357168d HTTP/1.1" status: 200 len: 267 time: 0.0597119
