2026-04-02 18:12:45.803 9 INFO neutron.db.ovn_revision_numbers_db [None req-79b8c604-3d16-496c-a694-6490789ccc28 bca44d86e2b64e43b13f0b75fdd7f404 8f920763e483415cb6ee1b07fce82c01 - - default default] Successfully bumped revision number for resource 14bafaa8-b8d1-4f30-9d8e-9c47fa122d98 (type: ports) to 1
2026-04-02 18:12:45.828 9 INFO neutron.api.wsgi [None req-79b8c604-3d16-496c-a694-6490789ccc28 bca44d86e2b64e43b13f0b75fdd7f404 8f920763e483415cb6ee1b07fce82c01 - - default default] 10.0.0.191 "POST /v2.0/networks HTTP/1.1" status: 201 len: 831 time: 0.5077193
2026-04-02 18:12:45.840 9 WARNING neutron_lib.context [None req-5772eba2-ffa3-45c1-8319-10d6e898ea33 bca44d86e2b64e43b13f0b75fdd7f404 8f920763e483415cb6ee1b07fce82c01 - - default default] Method 'is_advsvc' is deprecated since 2023.2 release (neutron-lib 3.8.0) and will be removed once support for the old RBAC API policies will be removed from Neutron. Please use method 'is_service_role' instead.
2026-04-02 18:12:45.952 9 INFO neutron.db.segments_db [None req-5772eba2-ffa3-45c1-8319-10d6e898ea33 bca44d86e2b64e43b13f0b75fdd7f404 8f920763e483415cb6ee1b07fce82c01 - - default default] Added segment 0566055d-3b68-429e-bf52-009204dfb3f8 of type geneve for network 5d641ef1-4a7c-49f3-a15d-d12a960e40c1
2026-04-02 18:12:46.105 9 INFO neutron.db.ovn_revision_numbers_db [None req-5772eba2-ffa3-45c1-8319-10d6e898ea33 bca44d86e2b64e43b13f0b75fdd7f404 8f920763e483415cb6ee1b07fce82c01 - - default default] Successfully bumped revision number for resource 5d641ef1-4a7c-49f3-a15d-d12a960e40c1 (type: networks) to 1
2026-04-02 18:12:46.289 9 WARNING neutron.scheduler.dhcp_agent_scheduler [None req-5772eba2-ffa3-45c1-8319-10d6e898ea33 bca44d86e2b64e43b13f0b75fdd7f404 8f920763e483415cb6ee1b07fce82c01 - - default default] No more DHCP agents
2026-04-02 18:12:46.290 9 WARNING neutron.api.rpc.agentnotifiers.dhcp_rpc_agent_api [None req-5772eba2-ffa3-45c1-8319-10d6e898ea33 bca44d86e2b64e43b13f0b75fdd7f404 8f920763e483415cb6ee1b07fce82c01 - - default default] Unable to schedule network 5d641ef1-4a7c-49f3-a15d-d12a960e40c1: no agents available; will retry on subsequent port and subnet creation events.
2026-04-02 18:12:46.353 9 INFO neutron.db.ovn_revision_numbers_db [None req-5772eba2-ffa3-45c1-8319-10d6e898ea33 bca44d86e2b64e43b13f0b75fdd7f404 8f920763e483415cb6ee1b07fce82c01 - - default default] Successfully bumped revision number for resource 9c1907f3-1b13-497d-90cd-7d91ad37f074 (type: ports) to 1
2026-04-02 18:12:46.389 9 INFO neutron.api.wsgi [None req-5772eba2-ffa3-45c1-8319-10d6e898ea33 bca44d86e2b64e43b13f0b75fdd7f404 8f920763e483415cb6ee1b07fce82c01 - - default default] 10.0.0.191 "POST /v2.0/networks HTTP/1.1" status: 201 len: 831 time: 0.5529113
2026-04-02 18:12:46.398 9 WARNING neutron_lib.context [None req-e6d4c8fa-dbf5-49cc-a84d-1899f43ac148 bca44d86e2b64e43b13f0b75fdd7f404 8f920763e483415cb6ee1b07fce82c01 - - default default] Method 'is_advsvc' is deprecated since 2023.2 release (neutron-lib 3.8.0) and will be removed once support for the old RBAC API policies will be removed from Neutron. Please use method 'is_service_role' instead.
2026-04-02 18:12:46.505 9 INFO neutron.db.segments_db [None req-e6d4c8fa-dbf5-49cc-a84d-1899f43ac148 bca44d86e2b64e43b13f0b75fdd7f404 8f920763e483415cb6ee1b07fce82c01 - - default default] Added segment 24c5a555-b033-45b1-8e1a-b208bf108ab9 of type geneve for network c730596b-09ae-4e6b-8fc8-671ce8753a53
2026-04-02 18:12:46.940 9 INFO neutron.db.ovn_revision_numbers_db [None req-e6d4c8fa-dbf5-49cc-a84d-1899f43ac148 bca44d86e2b64e43b13f0b75fdd7f404 8f920763e483415cb6ee1b07fce82c01 - - default default] Successfully bumped revision number for resource c730596b-09ae-4e6b-8fc8-671ce8753a53 (type: networks) to 1
2026-04-02 18:12:47.137 9 WARNING neutron.scheduler.dhcp_agent_scheduler [None req-e6d4c8fa-dbf5-49cc-a84d-1899f43ac148 bca44d86e2b64e43b13f0b75fdd7f404 8f920763e483415cb6ee1b07fce82c01 - - default default] No more DHCP agents
2026-04-02 18:12:47.139 9 WARNING neutron.api.rpc.agentnotifiers.dhcp_rpc_agent_api [None req-e6d4c8fa-dbf5-49cc-a84d-1899f43ac148 bca44d86e2b64e43b13f0b75fdd7f404 8f920763e483415cb6ee1b07fce82c01 - - default default] Unable to schedule network c730596b-09ae-4e6b-8fc8-671ce8753a53: no agents available; will retry on subsequent port and subnet creation events.
2026-04-02 18:12:47.198 9 INFO neutron.db.ovn_revision_numbers_db [None req-e6d4c8fa-dbf5-49cc-a84d-1899f43ac148 bca44d86e2b64e43b13f0b75fdd7f404 8f920763e483415cb6ee1b07fce82c01 - - default default] Successfully bumped revision number for resource e1d57c24-bb22-4d6c-a8cf-f178e1a19809 (type: ports) to 1
2026-04-02 18:12:47.211 9 INFO neutron.api.wsgi [-] 10.0.0.48 "GET / HTTP/1.1" status: 200 len: 247 time: 0.0011973
2026-04-02 18:12:47.213 9 INFO neutron.api.wsgi [-] 10.0.0.48 "GET / HTTP/1.1" status: 200 len: 247 time: 0.0010834
2026-04-02 18:12:47.225 9 INFO neutron.api.wsgi [None req-e6d4c8fa-dbf5-49cc-a84d-1899f43ac148 bca44d86e2b64e43b13f0b75fdd7f404 8f920763e483415cb6ee1b07fce82c01 - - default default] 10.0.0.191 "POST /v2.0/networks HTTP/1.1" status: 201 len: 830 time: 0.8311484
2026-04-02 18:12:47.263 9 INFO neutron.api.wsgi [None req-8d97280a-2ea6-4524-ad80-05c112b3734b bca44d86e2b64e43b13f0b75fdd7f404 8f920763e483415cb6ee1b07fce82c01 - - default default] 10.0.0.191 "PUT /v2.0/networks/3802c92f-7c98-4777-817e-dc08915e3b36/tags HTTP/1.1" status: 200 len: 210 time: 0.0328383
2026-04-02 18:12:47.305 9 INFO neutron.api.wsgi [None req-c0badfb2-8d0a-47ea-ba42-e98398cb5e59 bca44d86e2b64e43b13f0b75fdd7f404 8f920763e483415cb6ee1b07fce82c01 - - default default] 10.0.0.191 "PUT /v2.0/networks/5fef8139-3090-4745-b39a-22b1d8eeb3b3/tags HTTP/1.1" status: 200 len: 218 time: 0.0362420
2026-04-02 18:12:47.352 9 INFO neutron.api.wsgi [None req-63f411df-6a90-436c-a082-c76701a36648 bca44d86e2b64e43b13f0b75fdd7f404 8f920763e483415cb6ee1b07fce82c01 - - default default] 10.0.0.191 "PUT /v2.0/networks/89e00840-0636-4574-ba90-416758a306b1/tags HTTP/1.1" status: 200 len: 227 time: 0.0422113
2026-04-02 18:12:47.389 9 INFO neutron.api.wsgi [None req-2a7266b0-eaa2-46f4-89d4-378966c5cf9c bca44d86e2b64e43b13f0b75fdd7f404 8f920763e483415cb6ee1b07fce82c01 - - default default] 10.0.0.191 "PUT /v2.0/networks/5d641ef1-4a7c-49f3-a15d-d12a960e40c1/tags HTTP/1.1" status: 200 len: 212 time: 0.0328963
2026-04-02 18:12:47.434 9 INFO neutron.api.wsgi [None req-cd5f2ea4-8ab9-473b-8fc7-869d6625a253 bca44d86e2b64e43b13f0b75fdd7f404 8f920763e483415cb6ee1b07fce82c01 - - default default] 10.0.0.191 "GET /v2.0/networks?tags=red HTTP/1.1" status: 200 len: 2069 time: 0.0391083
2026-04-02 18:12:47.480 9 INFO neutron.api.wsgi [None req-f4058938-4d2e-4219-a6b1-7e0762cfc121 bca44d86e2b64e43b13f0b75fdd7f404 8f920763e483415cb6ee1b07fce82c01 - - default default] 10.0.0.191 "GET /v2.0/networks?tags=red%2Cblue HTTP/1.1" status: 200 len: 1456 time: 0.0419400
2026-04-02 18:12:47.522 9 INFO neutron.api.wsgi [None req-f784d488-fb91-4e8d-9791-63a9e4f4e4e9 bca44d86e2b64e43b13f0b75fdd7f404 8f920763e483415cb6ee1b07fce82c01 - - default default] 10.0.0.191 "GET /v2.0/networks?tags-any=blue HTTP/1.1" status: 200 len: 1456 time: 0.0357280
2026-04-02 18:12:47.560 9 INFO neutron.api.wsgi [None req-16302b4d-ebf5-4b45-82af-93d4d3d4f5f3 bca44d86e2b64e43b13f0b75fdd7f404 8f920763e483415cb6ee1b07fce82c01 - - default default] 10.0.0.191 "GET /v2.0/networks?tags-any=red%2Cblue HTTP/1.1" status: 200 len: 2069 time: 0.0333805
2026-04-02 18:12:47.611 9 INFO neutron.api.wsgi [None req-b4ee1f10-2288-4cba-931c-5a49816325b4 bca44d86e2b64e43b13f0b75fdd7f404 8f920763e483415cb6ee1b07fce82c01 - - default default] 10.0.0.191 "GET /v2.0/networks?not-tags=red HTTP/1.1" status: 200 len: 2068 time: 0.0468512
2026-04-02 18:12:47.663 9 INFO neutron.api.wsgi [None req-e63babe0-3cc1-45b2-b952-5a4bf3a64a84 bca44d86e2b64e43b13f0b75fdd7f404 8f920763e483415cb6ee1b07fce82c01 - - default default] 10.0.0.191 "GET /v2.0/networks?not-tags=red%2Cblue HTTP/1.1" status: 200 len: 2681 time: 0.0466535
2026-04-02 18:12:47.731 9 INFO neutron.api.wsgi [None req-52ca1ae2-2d58-4a19-b89c-ebf594816223 bca44d86e2b64e43b13f0b75fdd7f404 8f920763e483415cb6ee1b07fce82c01 - - default default] 10.0.0.191 "GET /v2.0/networks?not-tags-any=blue HTTP/1.1" status: 200 len: 2681 time: 0.0632968
2026-04-02 18:12:47.777 9 INFO neutron.api.wsgi [None req-bd733281-cfda-4c5a-80e2-5112d2765320 bca44d86e2b64e43b13f0b75fdd7f404 8f920763e483415cb6ee1b07fce82c01 - - default default] 10.0.0.191 "GET /v2.0/networks?not-tags-any=red%2Cblue HTTP/1.1" status: 200 len: 2068 time: 0.0405536
2026-04-02 18:12:48.067 9 INFO neutron.services.segments.plugin [-] Segment 1fb8173c-9ec6-42b5-a54b-293c5eb98fa5 resource provider aggregate not found
2026-04-02 18:12:48.072 9 INFO neutron.services.segments.plugin [-] Segment 1fb8173c-9ec6-42b5-a54b-293c5eb98fa5 resource provider aggregate not found
2026-04-02 18:12:48.083 9 INFO neutron.services.segments.plugin [-] Segment 1fb8173c-9ec6-42b5-a54b-293c5eb98fa5 resource provider not found; error: Placement Client Error (4xx): {"errors": [{"status": 404, "title": "Not Found", "detail": "The resource could not be found.\n\n No resource provider with uuid 1fb8173c-9ec6-42b5-a54b-293c5eb98fa5 found for delete ", "request_id": "req-983d9dc8-131c-40d4-a8b4-14cbf9cf6478"}]}
2026-04-02 18:12:48.085 9 INFO neutron.services.segments.plugin [-] Segment 1fb8173c-9ec6-42b5-a54b-293c5eb98fa5 resource provider not found; error: Placement Client Error (4xx): {"errors": [{"status": 404, "title": "Not Found", "detail": "The resource could not be found.\n\n No resource provider with uuid 1fb8173c-9ec6-42b5-a54b-293c5eb98fa5 found for delete ", "request_id": "req-5f29eee2-c089-4ae1-8c53-089380264e67"}]}
2026-04-02 18:12:48.110 9 INFO neutron.api.wsgi [None req-8af1a453-29e1-4425-b139-512d053068ea bca44d86e2b64e43b13f0b75fdd7f404 8f920763e483415cb6ee1b07fce82c01 - - default default] 10.0.0.191 "DELETE /v2.0/networks/3802c92f-7c98-4777-817e-dc08915e3b36 HTTP/1.1" status: 204 len: 168 time: 0.3263350
2026-04-02 18:12:48.440 9 INFO neutron.api.wsgi [None req-7b279691-e26c-47ed-9fc2-40567e28952c bca44d86e2b64e43b13f0b75fdd7f404 8f920763e483415cb6ee1b07fce82c01 - - default default] 10.0.0.191 "DELETE /v2.0/networks/5fef8139-3090-4745-b39a-22b1d8eeb3b3 HTTP/1.1" status: 204 len: 168 time: 0.3246946
2026-04-02 18:12:48.699 10 WARNING neutron_lib.context [None req-4dc33be2-166b-4d7a-aad4-1aaf6e2472b4 18ec4a6d7d0a4f628c3c0d6fc0e02924 fa88295abcc64f759adcb198c6b51512 - - default default] Method 'is_advsvc' is deprecated since 2023.2 release (neutron-lib 3.8.0) and will be removed once support for the old RBAC API policies will be removed from Neutron. Please use method 'is_service_role' instead.
2026-04-02 18:12:48.786 10 INFO neutron.api.wsgi [None req-7ad159b0-42c1-4b30-841d-34e03f6ff885 15ac08b292f84221bdb7fa15f1fca821 64192436849b41b8b4ae850920ef1780 - - default default] 10.0.0.244 "GET /v2.0/routers HTTP/1.1" status: 200 len: 3065 time: 0.1944838
2026-04-02 18:12:48.790 9 INFO neutron.api.wsgi [None req-ab92c68f-2ab6-4b9e-bbc2-0e635f173288 bca44d86e2b64e43b13f0b75fdd7f404 8f920763e483415cb6ee1b07fce82c01 - - default default] 10.0.0.191 "DELETE /v2.0/networks/89e00840-0636-4574-ba90-416758a306b1 HTTP/1.1" status: 204 len: 168 time: 0.3443151
2026-04-02 18:12:48.801 10 INFO neutron.api.wsgi [None req-a5ca7d79-a2b4-4209-a636-6efaa42ba675 15ac08b292f84221bdb7fa15f1fca821 64192436849b41b8b4ae850920ef1780 - - default default] 10.0.0.244 "GET /v2.0/agents?binary=ovn-controller HTTP/1.1" status: 200 len: 591 time: 0.0140042
2026-04-02 18:12:48.853 10 INFO neutron.api.wsgi [None req-94403904-a8dc-490e-91f8-506032a105fe 15ac08b292f84221bdb7fa15f1fca821 64192436849b41b8b4ae850920ef1780 - - default default] 10.0.0.244 "GET /v2.0/subnets HTTP/1.1" status: 200 len: 7041 time: 0.0477726
2026-04-02 18:12:48.865 10 INFO neutron.api.wsgi [None req-6d07d5de-6bea-4da6-b019-875ca9a9c6df 15ac08b292f84221bdb7fa15f1fca821 64192436849b41b8b4ae850920ef1780 - - default default] 10.0.0.244 "GET /v2.0/subnetpools HTTP/1.1" status: 200 len: 193 time: 0.0091262
2026-04-02 18:12:48.955 10 INFO neutron.api.wsgi [None req-98afff84-231d-4834-9aac-23450fa37018 15ac08b292f84221bdb7fa15f1fca821 64192436849b41b8b4ae850920ef1780 - - default default] 10.0.0.244 "GET /v2.0/ports HTTP/1.1" status: 200 len: 30342 time: 0.0890615
2026-04-02 18:12:48.970 10 INFO neutron.db.ovn_revision_numbers_db [None req-4dc33be2-166b-4d7a-aad4-1aaf6e2472b4 18ec4a6d7d0a4f628c3c0d6fc0e02924 fa88295abcc64f759adcb198c6b51512 - - default default] Successfully bumped revision number for resource ae3297f8-ef38-46b6-81f3-f5967aecf89b (type: security_groups) to 1
2026-04-02 18:12:48.987 10 INFO neutron.api.wsgi [None req-4c63ffb8-e63e-4a53-8738-9162d02fe85f 15ac08b292f84221bdb7fa15f1fca821 64192436849b41b8b4ae850920ef1780 - - default default] 10.0.0.244 "GET /v2.0/agents HTTP/1.1" status: 200 len: 1390 time: 0.0152929
2026-04-02 18:12:48.992 10 INFO neutron.db.ovn_revision_numbers_db [None req-4dc33be2-166b-4d7a-aad4-1aaf6e2472b4 18ec4a6d7d0a4f628c3c0d6fc0e02924 fa88295abcc64f759adcb198c6b51512 - - default default] Successfully bumped revision number for resource 4c61f3bb-d801-4355-a825-636b64a47773 (type: security_group_rules) to 0
2026-04-02 18:12:49.005 10 INFO neutron.api.wsgi [None req-c45f95f5-bf4e-4c08-9f25-4814a2e96a9a 15ac08b292f84221bdb7fa15f1fca821 64192436849b41b8b4ae850920ef1780 - - default default] 10.0.0.244 "GET /v2.0/network-ip-availabilities HTTP/1.1" status: 200 len: 4839 time: 0.0168643
2026-04-02 18:12:49.006 10 INFO neutron.db.ovn_revision_numbers_db [None req-4dc33be2-166b-4d7a-aad4-1aaf6e2472b4 18ec4a6d7d0a4f628c3c0d6fc0e02924 fa88295abcc64f759adcb198c6b51512 - - default default] Successfully bumped revision number for resource 529507aa-7371-4639-845b-9f99671d2ee6 (type: security_group_rules) to 0
2026-04-02 18:12:49.031 10 INFO neutron.db.ovn_revision_numbers_db [None req-4dc33be2-166b-4d7a-aad4-1aaf6e2472b4 18ec4a6d7d0a4f628c3c0d6fc0e02924 fa88295abcc64f759adcb198c6b51512 - - default default] Successfully bumped revision number for resource 64115302-ce34-4da9-9a46-a66eb1e44cfd (type: security_group_rules) to 0
2026-04-02 18:12:49.045 10 INFO neutron.api.wsgi [None req-b8ce4c15-2ff4-42c4-b8e8-0b4b7f3e040a 15ac08b292f84221bdb7fa15f1fca821 64192436849b41b8b4ae850920ef1780 - - default default] 10.0.0.244 "GET /v2.0/floatingips HTTP/1.1" status: 200 len: 2723 time: 0.0371156
2026-04-02 18:12:49.047 10 INFO neutron.db.ovn_revision_numbers_db [None req-4dc33be2-166b-4d7a-aad4-1aaf6e2472b4 18ec4a6d7d0a4f628c3c0d6fc0e02924 fa88295abcc64f759adcb198c6b51512 - - default default] Successfully bumped revision number for resource 848020f3-d32d-4444-9a10-cf844acb29ae (type: security_group_rules) to 0
2026-04-02 18:12:49.095 10 INFO neutron.api.wsgi [None req-bf2bcf73-3157-4eee-af77-9721d48f01c2 15ac08b292f84221bdb7fa15f1fca821 64192436849b41b8b4ae850920ef1780 - - default default] 10.0.0.244 "GET /v2.0/subnets HTTP/1.1" status: 200 len: 7041 time: 0.0425580
2026-04-02 18:12:49.172 10 INFO neutron.api.wsgi [None req-46371ebd-bfbb-4667-baa3-26c524dbd87b 15ac08b292f84221bdb7fa15f1fca821 64192436849b41b8b4ae850920ef1780 - - default default] 10.0.0.244 "GET /v2.0/networks HTTP/1.1" status: 200 len: 7647 time: 0.0746610
2026-04-02 18:12:49.175 10 INFO neutron.db.segments_db [None req-4dc33be2-166b-4d7a-aad4-1aaf6e2472b4 18ec4a6d7d0a4f628c3c0d6fc0e02924 fa88295abcc64f759adcb198c6b51512 - - default default] Added segment 6815636b-27e5-4f9a-bb5d-2db5a7682d4c of type geneve for network dad3a89e-96b8-429a-bc9a-dd46d7a55361
2026-04-02 18:12:49.182 9 INFO neutron.api.wsgi [None req-89c8fe9b-7123-4b65-aae6-6d27429f5b24 bca44d86e2b64e43b13f0b75fdd7f404 8f920763e483415cb6ee1b07fce82c01 - - default default] 10.0.0.191 "DELETE /v2.0/networks/5d641ef1-4a7c-49f3-a15d-d12a960e40c1 HTTP/1.1" status: 204 len: 168 time: 0.3866980
2026-04-02 18:12:49.239 10 INFO neutron.api.wsgi [None req-9252a960-933f-4ed1-9593-0c1c47ecc9cc 15ac08b292f84221bdb7fa15f1fca821 64192436849b41b8b4ae850920ef1780 - - default default] 10.0.0.244 "GET /v2.0/security-groups HTTP/1.1" status: 200 len: 50246 time: 0.0614500
2026-04-02 18:12:49.356 10 INFO neutron.db.ovn_revision_numbers_db [None req-4dc33be2-166b-4d7a-aad4-1aaf6e2472b4 18ec4a6d7d0a4f628c3c0d6fc0e02924 fa88295abcc64f759adcb198c6b51512 - - default default] Successfully bumped revision number for resource dad3a89e-96b8-429a-bc9a-dd46d7a55361 (type: networks) to 1
2026-04-02 18:12:49.504 10 WARNING neutron.scheduler.dhcp_agent_scheduler [None req-4dc33be2-166b-4d7a-aad4-1aaf6e2472b4 18ec4a6d7d0a4f628c3c0d6fc0e02924 fa88295abcc64f759adcb198c6b51512 - - default default] No more DHCP agents
2026-04-02 18:12:49.506 10 WARNING neutron.api.rpc.agentnotifiers.dhcp_rpc_agent_api [None req-4dc33be2-166b-4d7a-aad4-1aaf6e2472b4 18ec4a6d7d0a4f628c3c0d6fc0e02924 fa88295abcc64f759adcb198c6b51512 - - default default] Unable to schedule network dad3a89e-96b8-429a-bc9a-dd46d7a55361: no agents available; will retry on subsequent port and subnet creation events.
2026-04-02 18:12:49.543 9 INFO neutron.api.wsgi [None req-3eda5a42-f638-4a79-8097-72a38cc92c48 bca44d86e2b64e43b13f0b75fdd7f404 8f920763e483415cb6ee1b07fce82c01 - - default default] 10.0.0.191 "DELETE /v2.0/networks/c730596b-09ae-4e6b-8fc8-671ce8753a53 HTTP/1.1" status: 204 len: 168 time: 0.3563554
2026-04-02 18:12:49.584 10 INFO neutron.db.ovn_revision_numbers_db [None req-4dc33be2-166b-4d7a-aad4-1aaf6e2472b4 18ec4a6d7d0a4f628c3c0d6fc0e02924 fa88295abcc64f759adcb198c6b51512 - - default default] Successfully bumped revision number for resource 51a1abba-52e8-4f2e-b990-fbb5e47945c4 (type: ports) to 1
2026-04-02 18:12:49.606 10 INFO neutron.api.wsgi [None req-4dc33be2-166b-4d7a-aad4-1aaf6e2472b4 18ec4a6d7d0a4f628c3c0d6fc0e02924 fa88295abcc64f759adcb198c6b51512 - - default default] 10.0.0.191 "POST /v2.0/networks HTTP/1.1" status: 201 len: 830 time: 0.9497244
2026-04-02 18:12:49.617 10 WARNING neutron_lib.context [None req-a9688a4e-86ab-4317-85cc-f2acac5715a5 18ec4a6d7d0a4f628c3c0d6fc0e02924 fa88295abcc64f759adcb198c6b51512 - - default default] Method 'is_advsvc' is deprecated since 2023.2 release (neutron-lib 3.8.0) and will be removed once support for the old RBAC API policies will be removed from Neutron. Please use method 'is_service_role' instead.
2026-04-02 18:12:49.705 10 INFO neutron.db.segments_db [None req-a9688a4e-86ab-4317-85cc-f2acac5715a5 18ec4a6d7d0a4f628c3c0d6fc0e02924 fa88295abcc64f759adcb198c6b51512 - - default default] Added segment f7b9614b-354b-4ba0-a01a-a931faad17f8 of type geneve for network 8be731c3-55bd-433f-a5ac-19ccce4528c5
2026-04-02 18:12:49.831 10 INFO neutron.db.ovn_revision_numbers_db [None req-a9688a4e-86ab-4317-85cc-f2acac5715a5 18ec4a6d7d0a4f628c3c0d6fc0e02924 fa88295abcc64f759adcb198c6b51512 - - default default] Successfully bumped revision number for resource 8be731c3-55bd-433f-a5ac-19ccce4528c5 (type: networks) to 1
2026-04-02 18:12:50.024 10 WARNING neutron.scheduler.dhcp_agent_scheduler [None req-a9688a4e-86ab-4317-85cc-f2acac5715a5 18ec4a6d7d0a4f628c3c0d6fc0e02924 fa88295abcc64f759adcb198c6b51512 - - default default] No more DHCP agents
2026-04-02 18:12:50.025 10 WARNING neutron.api.rpc.agentnotifiers.dhcp_rpc_agent_api [None req-a9688a4e-86ab-4317-85cc-f2acac5715a5 18ec4a6d7d0a4f628c3c0d6fc0e02924 fa88295abcc64f759adcb198c6b51512 - - default default] Unable to schedule network 8be731c3-55bd-433f-a5ac-19ccce4528c5: no agents available; will retry on subsequent port and subnet creation events.
2026-04-02 18:12:50.086 10 INFO neutron.db.ovn_revision_numbers_db [None req-a9688a4e-86ab-4317-85cc-f2acac5715a5 18ec4a6d7d0a4f628c3c0d6fc0e02924 fa88295abcc64f759adcb198c6b51512 - - default default] Successfully bumped revision number for resource 253515b1-aa20-4ff1-9fb4-20f68774da65 (type: ports) to 1
2026-04-02 18:12:50.107 9 INFO neutron.services.segments.plugin [-] Segment 75e81d75-a817-4194-8f62-2bf6371cdbe1 resource provider aggregate not found
2026-04-02 18:12:50.113 9 INFO neutron.services.segments.plugin [-] Segment 75e81d75-a817-4194-8f62-2bf6371cdbe1 resource provider aggregate not found
2026-04-02 18:12:50.117 10 INFO neutron.api.wsgi [None req-a9688a4e-86ab-4317-85cc-f2acac5715a5 18ec4a6d7d0a4f628c3c0d6fc0e02924 fa88295abcc64f759adcb198c6b51512 - - default default] 10.0.0.191 "POST /v2.0/networks HTTP/1.1" status: 201 len: 830 time: 0.5049486
2026-04-02 18:12:50.124 9 INFO neutron.services.segments.plugin [-] Segment 75e81d75-a817-4194-8f62-2bf6371cdbe1 resource provider not found; error: Placement Client Error (4xx): {"errors": [{"status": 404, "title": "Not Found", "detail": "The resource could not be found.\n\n No resource provider with uuid 75e81d75-a817-4194-8f62-2bf6371cdbe1 found for delete ", "request_id": "req-98056db8-1c14-4e7f-8911-f2b2279a2e81"}]}
2026-04-02 18:12:50.134 9 INFO neutron.services.segments.plugin [-] Segment 75e81d75-a817-4194-8f62-2bf6371cdbe1 resource provider not found; error: Placement Client Error (4xx): {"errors": [{"status": 404, "title": "Not Found", "detail": "The resource could not be found.\n\n No resource provider with uuid 75e81d75-a817-4194-8f62-2bf6371cdbe1 found for delete ", "request_id": "req-c07069b7-2c05-4aa7-afaa-0990eb61b951"}]}
2026-04-02 18:12:50.146 9 INFO neutron.services.segments.plugin [-] Segment be9310dc-8e48-484c-8d06-dd51d4321122 resource provider aggregate not found
2026-04-02 18:12:50.154 9 INFO neutron.services.segments.plugin [-] Segment be9310dc-8e48-484c-8d06-dd51d4321122 resource provider aggregate not found
2026-04-02 18:12:50.161 9 INFO neutron.services.segments.plugin [-] Segment be9310dc-8e48-484c-8d06-dd51d4321122 resource provider not found; error: Placement Client Error (4xx): {"errors": [{"status": 404, "title": "Not Found", "detail": "The resource could not be found.\n\n No resource provider with uuid be9310dc-8e48-484c-8d06-dd51d4321122 found for delete ", "request_id": "req-01693cda-3f98-4e98-a050-6e01e2076812"}]}
2026-04-02 18:12:50.171 9 INFO neutron.services.segments.plugin [-] Segment be9310dc-8e48-484c-8d06-dd51d4321122 resource provider not found; error: Placement Client Error (4xx): {"errors": [{"status": 404, "title": "Not Found", "detail": "The resource could not be found.\n\n No resource provider with uuid be9310dc-8e48-484c-8d06-dd51d4321122 found for delete ", "request_id": "req-a2e411eb-dd44-44d1-98dc-40e07d5beccc"}]}
2026-04-02 18:12:50.174 9 INFO neutron.services.segments.plugin [-] Segment 0566055d-3b68-429e-bf52-009204dfb3f8 resource provider aggregate not found
2026-04-02 18:12:50.184 9 INFO neutron.services.segments.plugin [-] Segment 0566055d-3b68-429e-bf52-009204dfb3f8 resource provider aggregate not found
2026-04-02 18:12:50.190 9 INFO neutron.services.segments.plugin [-] Segment 0566055d-3b68-429e-bf52-009204dfb3f8 resource provider not found; error: Placement Client Error (4xx): {"errors": [{"status": 404, "title": "Not Found", "detail": "The resource could not be found.\n\n No resource provider with uuid 0566055d-3b68-429e-bf52-009204dfb3f8 found for delete ", "request_id": "req-5f6ce8e5-8c5a-4817-8f94-dda7aacf136c"}]}
2026-04-02 18:12:50.196 9 INFO neutron.api.wsgi [None req-88108131-b1b2-41a7-9997-a418ec8372e8 18ec4a6d7d0a4f628c3c0d6fc0e02924 fa88295abcc64f759adcb198c6b51512 - - default default] 10.0.0.191 "PUT /v2.0/networks/dad3a89e-96b8-429a-bc9a-dd46d7a55361/tags HTTP/1.1" status: 200 len: 218 time: 0.0734808
2026-04-02 18:12:50.205 9 INFO neutron.services.segments.plugin [-] Segment 24c5a555-b033-45b1-8e1a-b208bf108ab9 resource provider aggregate not found
2026-04-02 18:12:50.209 9 INFO neutron.services.segments.plugin [-] Segment 0566055d-3b68-429e-bf52-009204dfb3f8 resource provider not found; error: Placement Client Error (4xx): {"errors": [{"status": 404, "title": "Not Found", "detail": "The resource could not be found.\n\n No resource provider with uuid 0566055d-3b68-429e-bf52-009204dfb3f8 found for delete ", "request_id": "req-4f781cd4-3c84-4a5c-9b0d-9c44c1d0a889"}]}
2026-04-02 18:12:50.225 9 INFO neutron.services.segments.plugin [-] Segment 24c5a555-b033-45b1-8e1a-b208bf108ab9 resource provider aggregate not found
2026-04-02 18:12:50.232 9 INFO neutron.services.segments.plugin [-] Segment 24c5a555-b033-45b1-8e1a-b208bf108ab9 resource provider not found; error: Placement Client Error (4xx): {"errors": [{"status": 404, "title": "Not Found", "detail": "The resource could not be found.\n\n No resource provider with uuid 24c5a555-b033-45b1-8e1a-b208bf108ab9 found for delete ", "request_id": "req-1148f569-c88f-4655-8d36-04b42432bda8"}]}
2026-04-02 18:12:50.235 9 INFO neutron.services.segments.plugin [-] Segment 24c5a555-b033-45b1-8e1a-b208bf108ab9 resource provider not found; error: Placement Client Error (4xx): {"errors": [{"status": 404, "title": "Not Found", "detail": "The resource could not be found.\n\n No resource provider with uuid 24c5a555-b033-45b1-8e1a-b208bf108ab9 found for delete ", "request_id": "req-c1f84dd9-c93a-4882-aa4b-7267881bbcef"}]}
2026-04-02 18:12:50.241 9 INFO neutron.api.wsgi [None req-8238f2f5-abd4-4f9d-ade7-7f7b2bd2dcdb 18ec4a6d7d0a4f628c3c0d6fc0e02924 fa88295abcc64f759adcb198c6b51512 - - default default] 10.0.0.191 "GET /v2.0/networks/dad3a89e-96b8-429a-bc9a-dd46d7a55361/tags HTTP/1.1" status: 200 len: 218 time: 0.0391784
2026-04-02 18:12:50.286 9 INFO neutron.api.wsgi [None req-cb89df65-2ff4-475b-a09b-6eb4af29b6bf 18ec4a6d7d0a4f628c3c0d6fc0e02924 fa88295abcc64f759adcb198c6b51512 - - default default] 10.0.0.191 "PUT /v2.0/networks/8be731c3-55bd-433f-a5ac-19ccce4528c5/tags HTTP/1.1" status: 200 len: 210 time: 0.0412695
2026-04-02 18:12:50.318 9 INFO neutron.api.wsgi [None req-261dfd20-fabe-47fe-ab16-1da1808c92e2 18ec4a6d7d0a4f628c3c0d6fc0e02924 fa88295abcc64f759adcb198c6b51512 - - default default] 10.0.0.191 "GET /v2.0/networks/8be731c3-55bd-433f-a5ac-19ccce4528c5/tags HTTP/1.1" status: 200 len: 210 time: 0.0270326
2026-04-02 18:12:50.368 9 INFO neutron.api.wsgi [None req-f558abdd-e460-49cc-a461-d63318024591 18ec4a6d7d0a4f628c3c0d6fc0e02924 fa88295abcc64f759adcb198c6b51512 - - default default] 10.0.0.191 "PUT /v2.0/networks/8be731c3-55bd-433f-a5ac-19ccce4528c5/tags HTTP/1.1" status: 200 len: 205 time: 0.0441921
2026-04-02 18:12:50.400 9 INFO neutron.api.wsgi [None req-a706cf3f-5627-4149-a68d-b7a5826277c4 18ec4a6d7d0a4f628c3c0d6fc0e02924 fa88295abcc64f759adcb198c6b51512 - - default default] 10.0.0.191 "GET /v2.0/networks/8be731c3-55bd-433f-a5ac-19ccce4528c5/tags HTTP/1.1" status: 200 len: 205 time: 0.0263140
2026-04-02 18:12:50.434 9 INFO neutron.api.wsgi [None req-833e0943-a184-46c4-ac92-bea54b7e25c1 18ec4a6d7d0a4f628c3c0d6fc0e02924 fa88295abcc64f759adcb198c6b51512 - - default default] 10.0.0.191 "GET /v2.0/networks/dad3a89e-96b8-429a-bc9a-dd46d7a55361/tags HTTP/1.1" status: 200 len: 218 time: 0.0277007
2026-04-02 18:12:50.568 10 INFO neutron.api.wsgi [None req-432eef6a-06e3-45d3-9509-081b68ffb388 15ac08b292f84221bdb7fa15f1fca821 64192436849b41b8b4ae850920ef1780 - - default default] 10.0.0.191 "GET /v2.0/security-groups?tenant_id=8f920763e483415cb6ee1b07fce82c01&name=default HTTP/1.1" status: 200 len: 3120 time: 0.2204473
2026-04-02 18:12:50.846 10 INFO neutron.api.wsgi [None req-6510afe7-c2a8-416e-90e2-ee8f1bd51dd0 15ac08b292f84221bdb7fa15f1fca821 64192436849b41b8b4ae850920ef1780 - - default default] 10.0.0.191 "DELETE /v2.0/security-groups/52f08d8e-6cf5-4258-bb4b-4bace798d934 HTTP/1.1" status: 204 len: 168 time: 0.2720132
2026-04-02 18:12:50.903 9 INFO neutron.api.wsgi [None req-65605474-96b6-47a1-8491-66543c892295 18ec4a6d7d0a4f628c3c0d6fc0e02924 fa88295abcc64f759adcb198c6b51512 - - default default] 10.0.0.191 "DELETE /v2.0/networks/dad3a89e-96b8-429a-bc9a-dd46d7a55361 HTTP/1.1" status: 204 len: 168 time: 0.4585979
2026-04-02 18:12:51.091 10 INFO neutron.db.ovn_revision_numbers_db [None req-974ab6bd-5e00-4c83-a7ad-23e377c0510e 15ac08b292f84221bdb7fa15f1fca821 64192436849b41b8b4ae850920ef1780 - - default default] Successfully bumped revision number for resource ab908b3a-45e4-4533-8c5a-af7efb7dae47 (type: security_groups) to 1
2026-04-02 18:12:51.113 10 INFO neutron.db.ovn_revision_numbers_db [None req-974ab6bd-5e00-4c83-a7ad-23e377c0510e 15ac08b292f84221bdb7fa15f1fca821 64192436849b41b8b4ae850920ef1780 - - default default] Successfully bumped revision number for resource 90769ae1-3828-47e8-a657-517d0bcfc984 (type: security_group_rules) to 0
2026-04-02 18:12:51.130 10 INFO neutron.db.ovn_revision_numbers_db [None req-974ab6bd-5e00-4c83-a7ad-23e377c0510e 15ac08b292f84221bdb7fa15f1fca821 64192436849b41b8b4ae850920ef1780 - - default default] Successfully bumped revision number for resource bd479300-68c2-4e68-a5e1-58f07cb3943f (type: security_group_rules) to 0
2026-04-02 18:12:51.145 10 INFO neutron.db.ovn_revision_numbers_db [None req-974ab6bd-5e00-4c83-a7ad-23e377c0510e 15ac08b292f84221bdb7fa15f1fca821 64192436849b41b8b4ae850920ef1780 - - default default] Successfully bumped revision number for resource cfaa5bf0-f93d-49cb-aa58-fa56e71938b4 (type: security_group_rules) to 0
2026-04-02 18:12:51.159 10 INFO neutron.db.ovn_revision_numbers_db [None req-974ab6bd-5e00-4c83-a7ad-23e377c0510e 15ac08b292f84221bdb7fa15f1fca821 64192436849b41b8b4ae850920ef1780 - - default default] Successfully bumped revision number for resource f4ea43c7-75ef-4ace-9b40-9ebcb495356a (type: security_group_rules) to 0
2026-04-02 18:12:51.196 10 INFO neutron.api.wsgi [None req-974ab6bd-5e00-4c83-a7ad-23e377c0510e 15ac08b292f84221bdb7fa15f1fca821 64192436849b41b8b4ae850920ef1780 - - default default] 10.0.0.191 "GET /v2.0/security-groups?tenant_id=dadb0c695fc6422587fdd11e1cea5c06&name=default HTTP/1.1" status: 200 len: 3120 time: 0.2194331
2026-04-02 18:12:51.274 9 INFO neutron.api.wsgi [None req-d3b06600-5a5d-48d8-a8d6-13c2d128d627 18ec4a6d7d0a4f628c3c0d6fc0e02924 fa88295abcc64f759adcb198c6b51512 - - default default] 10.0.0.191 "DELETE /v2.0/networks/8be731c3-55bd-433f-a5ac-19ccce4528c5 HTTP/1.1" status: 204 len: 168 time: 0.3646929
2026-04-02 18:12:51.411 10 INFO neutron.api.wsgi [None req-7af2298d-1c7d-4632-8076-ac52085cf0e7 15ac08b292f84221bdb7fa15f1fca821 64192436849b41b8b4ae850920ef1780 - - default default] 10.0.0.191 "DELETE /v2.0/security-groups/ab908b3a-45e4-4533-8c5a-af7efb7dae47 HTTP/1.1" status: 204 len: 168 time: 0.2099168
2026-04-02 18:12:51.718 10 INFO neutron.db.ovn_revision_numbers_db [None req-72ba785f-0279-4efb-942c-7eda9a2f0217 15ac08b292f84221bdb7fa15f1fca821 64192436849b41b8b4ae850920ef1780 - - default default] Successfully bumped revision number for resource d892b885-92d4-4f10-83cd-d8c297f5003f (type: security_groups) to 1
2026-04-02 18:12:51.729 10 INFO neutron.db.ovn_revision_numbers_db [None req-72ba785f-0279-4efb-942c-7eda9a2f0217 15ac08b292f84221bdb7fa15f1fca821 64192436849b41b8b4ae850920ef1780 - - default default] Successfully bumped revision number for resource 06e522e9-6249-4d2c-841a-cd5f03a96363 (type: security_group_rules) to 0
2026-04-02 18:12:51.742 10 INFO neutron.db.ovn_revision_numbers_db [None req-72ba785f-0279-4efb-942c-7eda9a2f0217 15ac08b292f84221bdb7fa15f1fca821 64192436849b41b8b4ae850920ef1780 - - default default] Successfully bumped revision number for resource 186555f9-87f1-4b60-88b5-1614bad49557 (type: security_group_rules) to 0
2026-04-02 18:12:51.756 10 INFO neutron.db.ovn_revision_numbers_db [None req-72ba785f-0279-4efb-942c-7eda9a2f0217 15ac08b292f84221bdb7fa15f1fca821 64192436849b41b8b4ae850920ef1780 - - default default] Successfully bumped revision number for resource 6858887e-fe7e-49e4-8397-8ff2134721cc (type: security_group_rules) to 0
2026-04-02 18:12:51.768 10 INFO neutron.db.ovn_revision_numbers_db [None req-72ba785f-0279-4efb-942c-7eda9a2f0217 15ac08b292f84221bdb7fa15f1fca821 64192436849b41b8b4ae850920ef1780 - - default default] Successfully bumped revision number for resource c969e8c2-c31e-4e7c-9add-ee31110a4081 (type: security_group_rules) to 0
2026-04-02 18:12:51.798 10 INFO neutron.api.wsgi [None req-72ba785f-0279-4efb-942c-7eda9a2f0217 15ac08b292f84221bdb7fa15f1fca821 64192436849b41b8b4ae850920ef1780 - - default default] 10.0.0.191 "GET /v2.0/security-groups?tenant_id=d32eca37cd134564aa522645c4611da8&name=default HTTP/1.1" status: 200 len: 3120 time: 0.2056766
2026-04-02 18:12:51.993 10 INFO neutron.api.wsgi [None req-0c21a407-907b-4469-9b57-b9b8919bb845 15ac08b292f84221bdb7fa15f1fca821 64192436849b41b8b4ae850920ef1780 - - default default] 10.0.0.191 "DELETE /v2.0/security-groups/d892b885-92d4-4f10-83cd-d8c297f5003f HTTP/1.1" status: 204 len: 168 time: 0.1895270
2026-04-02 18:12:52.251 9 INFO neutron.services.segments.plugin [-] Segment 6815636b-27e5-4f9a-bb5d-2db5a7682d4c resource provider aggregate not found
2026-04-02 18:12:52.255 9 INFO neutron.services.segments.plugin [-] Segment 6815636b-27e5-4f9a-bb5d-2db5a7682d4c resource provider aggregate not found
2026-04-02 18:12:52.265 9 INFO neutron.services.segments.plugin [-] Segment 6815636b-27e5-4f9a-bb5d-2db5a7682d4c resource provider not found; error: Placement Client Error (4xx): {"errors": [{"status": 404, "title": "Not Found", "detail": "The resource could not be found.\n\n No resource provider with uuid 6815636b-27e5-4f9a-bb5d-2db5a7682d4c found for delete ", "request_id": "req-be4a82d3-8868-47ad-b155-644ac6e4e646"}]}
2026-04-02 18:12:52.270 9 INFO neutron.services.segments.plugin [-] Segment 6815636b-27e5-4f9a-bb5d-2db5a7682d4c resource provider not found; error: Placement Client Error (4xx): {"errors": [{"status": 404, "title": "Not Found", "detail": "The resource could not be found.\n\n No resource provider with uuid 6815636b-27e5-4f9a-bb5d-2db5a7682d4c found for delete ", "request_id": "req-093e1bce-8629-4d0a-b1a9-77f328379924"}]}
2026-04-02 18:12:52.283 9 INFO neutron.services.segments.plugin [-] Segment f7b9614b-354b-4ba0-a01a-a931faad17f8 resource provider aggregate not found
2026-04-02 18:12:52.289 9 INFO neutron.services.segments.plugin [-] Segment f7b9614b-354b-4ba0-a01a-a931faad17f8 resource provider aggregate not found
2026-04-02 18:12:52.295 9 INFO neutron.services.segments.plugin [-] Segment f7b9614b-354b-4ba0-a01a-a931faad17f8 resource provider not found; error: Placement Client Error (4xx): {"errors": [{"status": 404, "title": "Not Found", "detail": "The resource could not be found.\n\n No resource provider with uuid f7b9614b-354b-4ba0-a01a-a931faad17f8 found for delete ", "request_id": "req-10e4cc51-33e4-437d-a43b-3a5927b6cab1"}]}
2026-04-02 18:12:52.309 9 INFO neutron.services.segments.plugin [-] Segment f7b9614b-354b-4ba0-a01a-a931faad17f8 resource provider not found; error: Placement Client Error (4xx): {"errors": [{"status": 404, "title": "Not Found", "detail": "The resource could not be found.\n\n No resource provider with uuid f7b9614b-354b-4ba0-a01a-a931faad17f8 found for delete ", "request_id": "req-38124aa8-3297-4958-a2c1-663d7b115e4a"}]}
2026-04-02 18:12:52.394 10 INFO neutron.db.ovn_revision_numbers_db [None req-a4ce2e9d-0200-4237-805a-b2592e0971ff 15ac08b292f84221bdb7fa15f1fca821 64192436849b41b8b4ae850920ef1780 - - default default] Successfully bumped revision number for resource ac74c018-6b79-462d-9dff-2911ada0d177 (type: security_groups) to 1
2026-04-02 18:12:52.407 10 INFO neutron.db.ovn_revision_numbers_db [None req-a4ce2e9d-0200-4237-805a-b2592e0971ff 15ac08b292f84221bdb7fa15f1fca821 64192436849b41b8b4ae850920ef1780 - - default default] Successfully bumped revision number for resource 18f960a3-ec12-4d34-afec-660048226ddd (type: security_group_rules) to 0
2026-04-02 18:12:52.419 10 INFO neutron.db.ovn_revision_numbers_db [None req-a4ce2e9d-0200-4237-805a-b2592e0971ff 15ac08b292f84221bdb7fa15f1fca821 64192436849b41b8b4ae850920ef1780 - - default default] Successfully bumped revision number for resource 2e5e0f99-122d-4d61-911a-0694e72a5189 (type: security_group_rules) to 0
2026-04-02 18:12:52.434 10 INFO neutron.db.ovn_revision_numbers_db [None req-a4ce2e9d-0200-4237-805a-b2592e0971ff 15ac08b292f84221bdb7fa15f1fca821 64192436849b41b8b4ae850920ef1780 - - default default] Successfully bumped revision number for resource 3d21af65-ed83-41ba-afc0-95151604e2f6 (type: security_group_rules) to 0
2026-04-02 18:12:52.450 10 INFO neutron.db.ovn_revision_numbers_db [None req-a4ce2e9d-0200-4237-805a-b2592e0971ff 15ac08b292f84221bdb7fa15f1fca821 64192436849b41b8b4ae850920ef1780 - - default default] Successfully bumped revision number for resource f240fccb-c611-409e-91ba-312bd7a1f85d (type: security_group_rules) to 0
2026-04-02 18:12:52.535 10 INFO neutron.api.wsgi [None req-a4ce2e9d-0200-4237-805a-b2592e0971ff 15ac08b292f84221bdb7fa15f1fca821 64192436849b41b8b4ae850920ef1780 - - default default] 10.0.0.191 "GET /v2.0/security-groups?tenant_id=8cca24af9369487497da83ba84cb3496&name=default HTTP/1.1" status: 200 len: 3120 time: 0.5273468
2026-04-02 18:12:52.729 10 INFO neutron.api.wsgi [None req-b74978f5-10b9-4154-9a75-75312b39c0bb 15ac08b292f84221bdb7fa15f1fca821 64192436849b41b8b4ae850920ef1780 - - default default] 10.0.0.191 "DELETE /v2.0/security-groups/ac74c018-6b79-462d-9dff-2911ada0d177 HTTP/1.1" status: 204 len: 168 time: 0.1896379
2026-04-02 18:12:52.860 10 INFO neutron.api.wsgi [None req-3705a2d6-c7dd-4ef8-a06d-5e82ca7cecaf 15ac08b292f84221bdb7fa15f1fca821 64192436849b41b8b4ae850920ef1780 - - default default] 10.0.0.191 "GET /v2.0/security-groups?tenant_id=fa88295abcc64f759adcb198c6b51512&name=default HTTP/1.1" status: 200 len: 3120 time: 0.0398691
2026-04-02 18:12:52.904 9 INFO neutron.api.wsgi [req-e08250ad-67ba-4579-9d2b-2373b1229a9d req-3f542e13-ded5-42bd-acdb-ea25c47fe658 cb3a7c50735540e59a30a2dea359c3b2 a6ae57d2ff4541ec9e4f8340ffca550a - - default default] 10.0.0.14 "GET /v2.0/ports?device_id=2db6516e-613e-4f42-8dd4-1f529b02b0b7 HTTP/1.1" status: 200 len: 1214 time: 0.0805321
2026-04-02 18:12:52.945 9 INFO neutron.api.wsgi [req-e08250ad-67ba-4579-9d2b-2373b1229a9d req-70837102-ca2c-43bd-8f57-4c94d3d37905 cb3a7c50735540e59a30a2dea359c3b2 a6ae57d2ff4541ec9e4f8340ffca550a - - default default] 10.0.0.14 "GET /v2.0/security-groups?id=33f97081-d5fe-46f1-8652-81772d67e854&id=27393c60-82aa-4856-b281-b516d6d30b13&fields=id&fields=name HTTP/1.1" status: 200 len: 404 time: 0.0354576
2026-04-02 18:12:53.126 10 INFO neutron.api.wsgi [None req-8ef27e2f-c453-4b39-8749-6edfd1e0f42f 15ac08b292f84221bdb7fa15f1fca821 64192436849b41b8b4ae850920ef1780 - - default default] 10.0.0.191 "DELETE /v2.0/security-groups/ae3297f8-ef38-46b6-81f3-f5967aecf89b HTTP/1.1" status: 204 len: 168 time: 0.2607472
2026-04-02 18:12:53.195 9 INFO neutron.api.wsgi [None req-96650248-2e5f-4072-928d-aa1dcdbf63a9 c1e85a0dba0e4eb3bd3004d204d3bd5f 6256f2d469674bc593fec3cca2f2cd98 - - default default] 10.0.0.191 "GET /v2.0/ports?device_id=2db6516e-613e-4f42-8dd4-1f529b02b0b7 HTTP/1.1" status: 200 len: 1447 time: 0.2250566
2026-04-02 18:12:53.275 9 INFO neutron.api.wsgi [None req-619a7ae6-f680-4f08-9235-c3b5757cff25 cb3a7c50735540e59a30a2dea359c3b2 a6ae57d2ff4541ec9e4f8340ffca550a - - default default] 10.0.0.191 "GET /v2.0/floatingips?floating_network_id=01cd64d3-5f44-49a4-af49-91bcc888d368&port_id=e670abb3-459c-4d85-aa0c-eaf6ae8acc6e HTTP/1.1" status: 200 len: 1055 time: 0.0748549
2026-04-02 18:12:53.669 9 INFO neutron.api.wsgi [req-7c928be2-08f2-4cef-8982-14cbff0f7865 req-631e0fb9-58c8-4d79-bb52-890da23d66dd 613f559da1814c56a288b8c617095f66 7c9d33315b5a4682b8fd10e638a7ce86 - - fc6e22571bdd4990a4cb50c180567519 fc6e22571bdd4990a4cb50c180567519] 10.0.0.197 "GET /v2.0/ports?device_id=2db6516e-613e-4f42-8dd4-1f529b02b0b7 HTTP/1.1" status: 200 len: 1452 time: 0.0361876
2026-04-02 18:12:53.714 9 INFO neutron.api.wsgi [req-7c928be2-08f2-4cef-8982-14cbff0f7865 req-01b19b59-95e1-40f6-8d7b-93911ff5a070 613f559da1814c56a288b8c617095f66 7c9d33315b5a4682b8fd10e638a7ce86 - - fc6e22571bdd4990a4cb50c180567519 fc6e22571bdd4990a4cb50c180567519] 10.0.0.197 "GET /v2.0/security-groups?id=33f97081-d5fe-46f1-8652-81772d67e854&id=27393c60-82aa-4856-b281-b516d6d30b13&fields=id&fields=name HTTP/1.1" status: 200 len: 404 time: 0.0409102
2026-04-02 18:12:55.882 10 INFO neutron.api.wsgi [req-b6989cf3-9307-4297-adfd-b2d5e638501e req-26eb3594-67c0-4789-b1b8-04f746435114 cb3a7c50735540e59a30a2dea359c3b2 a6ae57d2ff4541ec9e4f8340ffca550a - - default default] 10.0.0.14 "GET /v2.0/ports?device_id=2db6516e-613e-4f42-8dd4-1f529b02b0b7 HTTP/1.1" status: 200 len: 1214 time: 0.0798070
2026-04-02 18:12:55.925 10 INFO neutron.api.wsgi [req-b6989cf3-9307-4297-adfd-b2d5e638501e req-0485a05d-2241-45ad-8db5-3d2fd97ed040 cb3a7c50735540e59a30a2dea359c3b2 a6ae57d2ff4541ec9e4f8340ffca550a - - default default] 10.0.0.14 "GET /v2.0/security-groups?id=33f97081-d5fe-46f1-8652-81772d67e854&id=27393c60-82aa-4856-b281-b516d6d30b13&fields=id&fields=name HTTP/1.1" status: 200 len: 404 time: 0.0353527
2026-04-02 18:12:56.379 9 INFO neutron.plugins.ml2.drivers.ovn.mech_driver.mech_driver [None req-c00039cb-4701-4088-b65e-8cc50cb72296 - - - - - -] OVN reports status down for port: e670abb3-459c-4d85-aa0c-eaf6ae8acc6e
2026-04-02 18:12:56.528 9 INFO neutron.notifiers.nova [-] Nova event matching ['req-ac15c3c6-f134-4ce1-8e97-f54747d78790'] response: {'server_uuid': '2db6516e-613e-4f42-8dd4-1f529b02b0b7', 'name': 'network-vif-unplugged', 'status': 'completed', 'tag': 'e670abb3-459c-4d85-aa0c-eaf6ae8acc6e', 'code': 200}
2026-04-02 18:12:56.610 9 WARNING neutron_lib.context [None req-813817ea-401f-4ec8-9425-9c6b591b06bd ce8459c3931142368223a4fa466e5b98 a3a25c9905a140e1bc61f2b96ed3139f - - default default] Method 'is_advsvc' is deprecated since 2023.2 release (neutron-lib 3.8.0) and will be removed once support for the old RBAC API policies will be removed from Neutron. Please use method 'is_service_role' instead.
2026-04-02 18:12:56.670 9 INFO neutron.db.ovn_revision_numbers_db [None req-c00039cb-4701-4088-b65e-8cc50cb72296 - - - - - -] Successfully bumped revision number for resource e670abb3-459c-4d85-aa0c-eaf6ae8acc6e (type: ports) to 6
2026-04-02 18:12:56.783 9 INFO neutron.db.ovn_revision_numbers_db [None req-813817ea-401f-4ec8-9425-9c6b591b06bd ce8459c3931142368223a4fa466e5b98 a3a25c9905a140e1bc61f2b96ed3139f - - default default] Successfully bumped revision number for resource 559de76f-b26a-4032-9f53-f6203d2e1dbc (type: routers) to 1
2026-04-02 18:12:56.813 9 INFO neutron.api.wsgi [None req-813817ea-401f-4ec8-9425-9c6b591b06bd ce8459c3931142368223a4fa466e5b98 a3a25c9905a140e1bc61f2b96ed3139f - - default default] 10.0.0.191 "POST /v2.0/routers HTTP/1.1" status: 201 len: 769 time: 0.3993220 /var/lib/openstack/lib/python3.12/site-packages/pycadf/identifier.py:71: UserWarning: Invalid uuid: neutron. To ensure interoperability, identifiers should be a valid uuid. warnings.warn(('Invalid uuid: %s. To ensure interoperability, '
2026-04-02 18:12:56.822 9 WARNING neutron_lib.context [None req-f849ce9e-b62b-4d8e-97cb-a9791dc2ef25 ce8459c3931142368223a4fa466e5b98 a3a25c9905a140e1bc61f2b96ed3139f - - default default] Method 'is_advsvc' is deprecated since 2023.2 release (neutron-lib 3.8.0) and will be removed once support for the old RBAC API policies will be removed from Neutron. Please use method 'is_service_role' instead.
2026-04-02 18:12:56.938 9 INFO neutron.db.ovn_revision_numbers_db [None req-f849ce9e-b62b-4d8e-97cb-a9791dc2ef25 ce8459c3931142368223a4fa466e5b98 a3a25c9905a140e1bc61f2b96ed3139f - - default default] Successfully bumped revision number for resource c324683d-a8f2-4c5b-aab3-ef2a65dfb3df (type: routers) to 1
2026-04-02 18:12:56.976 9 INFO neutron.api.wsgi [None req-f849ce9e-b62b-4d8e-97cb-a9791dc2ef25 ce8459c3931142368223a4fa466e5b98 a3a25c9905a140e1bc61f2b96ed3139f - - default default] 10.0.0.191 "POST /v2.0/routers HTTP/1.1" status: 201 len: 769 time: 0.1587415
2026-04-02 18:12:56.987 10 WARNING neutron_lib.context [None req-2386e496-41c7-44fa-9628-7dac7d332585 ce8459c3931142368223a4fa466e5b98 a3a25c9905a140e1bc61f2b96ed3139f - - default default] Method 'is_advsvc' is deprecated since 2023.2 release (neutron-lib 3.8.0) and will be removed once support for the old RBAC API policies will be removed from Neutron. Please use method 'is_service_role' instead.
2026-04-02 18:12:57.028 10 INFO neutron.api.wsgi [req-eef5f9e3-e4a5-4479-a9b5-23756f932336 req-ae9e0b48-d717-4085-b774-cafe9e6575a1 cb3a7c50735540e59a30a2dea359c3b2 a6ae57d2ff4541ec9e4f8340ffca550a - - default default] 10.0.0.14 "GET /v2.0/ports?device_id=2db6516e-613e-4f42-8dd4-1f529b02b0b7 HTTP/1.1" status: 200 len: 1212 time: 0.0370376
2026-04-02 18:12:57.113 10 INFO neutron.api.wsgi [req-eef5f9e3-e4a5-4479-a9b5-23756f932336 req-3d6695f8-77de-40e8-8e16-dd6f70e86326 cb3a7c50735540e59a30a2dea359c3b2 a6ae57d2ff4541ec9e4f8340ffca550a - - default default] 10.0.0.14 "GET /v2.0/security-groups?id=33f97081-d5fe-46f1-8652-81772d67e854&id=27393c60-82aa-4856-b281-b516d6d30b13&fields=id&fields=name HTTP/1.1" status: 200 len: 404 time: 0.0747106
2026-04-02 18:12:57.123 10 INFO neutron.db.ovn_revision_numbers_db [None req-2386e496-41c7-44fa-9628-7dac7d332585 ce8459c3931142368223a4fa466e5b98 a3a25c9905a140e1bc61f2b96ed3139f - - default default] Successfully bumped revision number for resource 72ac1344-2080-4075-8baf-cbb78551534a (type: routers) to 1
2026-04-02 18:12:57.143 10 INFO neutron.api.wsgi [None req-2386e496-41c7-44fa-9628-7dac7d332585 ce8459c3931142368223a4fa466e5b98 a3a25c9905a140e1bc61f2b96ed3139f - - default default] 10.0.0.191 "POST /v2.0/routers HTTP/1.1" status: 201 len: 769 time: 0.1625628
2026-04-02 18:12:57.175 9 WARNING neutron_lib.context [None req-0b25304e-870f-4885-8caf-a1bb46350ffa ce8459c3931142368223a4fa466e5b98 a3a25c9905a140e1bc61f2b96ed3139f - - default default] Method 'is_advsvc' is deprecated since 2023.2 release (neutron-lib 3.8.0) and will be removed once support for the old RBAC API policies will be removed from Neutron. Please use method 'is_service_role' instead.
2026-04-02 18:12:57.285 9 INFO neutron.db.ovn_revision_numbers_db [None req-0b25304e-870f-4885-8caf-a1bb46350ffa ce8459c3931142368223a4fa466e5b98 a3a25c9905a140e1bc61f2b96ed3139f - - default default] Successfully bumped revision number for resource 758e04a5-1312-471e-8052-524d5283e218 (type: routers) to 1
2026-04-02 18:12:57.302 9 INFO neutron.api.wsgi [None req-0b25304e-870f-4885-8caf-a1bb46350ffa ce8459c3931142368223a4fa466e5b98 a3a25c9905a140e1bc61f2b96ed3139f - - default default] 10.0.0.191 "POST /v2.0/routers HTTP/1.1" status: 201 len: 769 time: 0.1323669
2026-04-02 18:12:57.310 9 WARNING neutron_lib.context [None req-1d5c1ec1-bfd8-494f-993e-5b2c1bda808f ce8459c3931142368223a4fa466e5b98 a3a25c9905a140e1bc61f2b96ed3139f - - default default] Method 'is_advsvc' is deprecated since 2023.2 release (neutron-lib 3.8.0) and will be removed once support for the old RBAC API policies will be removed from Neutron. Please use method 'is_service_role' instead.
2026-04-02 18:12:57.410 9 INFO neutron.db.ovn_revision_numbers_db [None req-1d5c1ec1-bfd8-494f-993e-5b2c1bda808f ce8459c3931142368223a4fa466e5b98 a3a25c9905a140e1bc61f2b96ed3139f - - default default] Successfully bumped revision number for resource 166c30e9-9870-41f6-bd85-252a7acdd521 (type: routers) to 1
2026-04-02 18:12:57.439 9 INFO neutron.api.wsgi [None req-1d5c1ec1-bfd8-494f-993e-5b2c1bda808f ce8459c3931142368223a4fa466e5b98 a3a25c9905a140e1bc61f2b96ed3139f - - default default] 10.0.0.191 "POST /v2.0/routers HTTP/1.1" status: 201 len: 769 time: 0.1331975
2026-04-02 18:12:57.496 9 INFO neutron.api.wsgi [None req-5f8cdbf5-ddb0-4c7c-876c-0341e32fb111 ce8459c3931142368223a4fa466e5b98 a3a25c9905a140e1bc61f2b96ed3139f - - default default] 10.0.0.191 "PUT /v2.0/routers/559de76f-b26a-4032-9f53-f6203d2e1dbc/tags HTTP/1.1" status: 200 len: 210 time: 0.0518208
2026-04-02 18:12:57.548 9 INFO neutron.api.wsgi [None req-d6dba817-a519-463e-a740-89d4c5b215ed ce8459c3931142368223a4fa466e5b98 a3a25c9905a140e1bc61f2b96ed3139f - - default default] 10.0.0.191 "PUT /v2.0/routers/c324683d-a8f2-4c5b-aab3-ef2a65dfb3df/tags HTTP/1.1" status: 200 len: 218 time: 0.0475643
2026-04-02 18:12:57.593 10 INFO neutron.api.wsgi [req-3acd29bb-2e1a-4f31-bd3c-17bb0da46880 req-a1d2f9bc-2075-43d3-a1c4-8cf863c532bd cb3a7c50735540e59a30a2dea359c3b2 a6ae57d2ff4541ec9e4f8340ffca550a - - default default] 199.19.213.133 "GET /v2.0/ports?device_id=2db6516e-613e-4f42-8dd4-1f529b02b0b7 HTTP/1.1" status: 200 len: 1212 time: 0.0432327
2026-04-02 18:12:57.606 9 INFO neutron.api.wsgi [None req-4569d417-012a-4781-87cf-cf727eeedd90 ce8459c3931142368223a4fa466e5b98 a3a25c9905a140e1bc61f2b96ed3139f - - default default] 10.0.0.191 "PUT /v2.0/routers/72ac1344-2080-4075-8baf-cbb78551534a/tags HTTP/1.1" status: 200 len: 227 time: 0.0530252
2026-04-02 18:12:57.658 9 INFO neutron.api.wsgi [None req-cdf7356f-eb25-4050-833b-377ed6f18a08 ce8459c3931142368223a4fa466e5b98 a3a25c9905a140e1bc61f2b96ed3139f - - default default] 10.0.0.191 "PUT /v2.0/routers/758e04a5-1312-471e-8052-524d5283e218/tags HTTP/1.1" status: 200 len: 212 time: 0.0480397
2026-04-02 18:12:57.712 9 INFO neutron.api.wsgi [None req-7ea2e5fd-2c92-42b9-aeb5-34c31493d02b ce8459c3931142368223a4fa466e5b98 a3a25c9905a140e1bc61f2b96ed3139f - - default default] 10.0.0.191 "GET /v2.0/routers?tags=red HTTP/1.1" status: 200 len: 1946 time: 0.0496719
2026-04-02 18:12:57.773 9 INFO neutron.api.wsgi [None req-66904d7d-550e-40e3-8048-475fef559a05 ce8459c3931142368223a4fa466e5b98 a3a25c9905a140e1bc61f2b96ed3139f - - default default] 10.0.0.191 "GET /v2.0/routers?tags=red%2Cblue HTTP/1.1" status: 200 len: 1375 time: 0.0566206
2026-04-02 18:12:57.831 9 INFO neutron.api.wsgi [None req-cff4bb8d-70e1-4d5d-8edb-d543f285333b ce8459c3931142368223a4fa466e5b98 a3a25c9905a140e1bc61f2b96ed3139f - - default default] 10.0.0.191 "GET /v2.0/routers?tags-any=blue HTTP/1.1" status: 200 len: 1375 time: 0.0502284
2026-04-02 18:12:57.872 9 INFO neutron.api.wsgi [None req-869ffe7a-bd2e-4b47-9c1c-4d91c1f91ad3 ce8459c3931142368223a4fa466e5b98 a3a25c9905a140e1bc61f2b96ed3139f - - default default] 10.0.0.191 "GET /v2.0/routers?tags-any=red%2Cblue HTTP/1.1" status: 200 len: 1946 time: 0.0354106
