2026-04-02 18:11:10.416 9 INFO neutron.db.ovn_revision_numbers_db [None req-7a7fb167-3780-4124-bbf5-93b4b533ad21 15ac08b292f84221bdb7fa15f1fca821 64192436849b41b8b4ae850920ef1780 - - default default] Successfully bumped revision number for resource 1c544ef2-8ea9-481c-bfd5-40057842d8bc (type: router_ports) to 1
2026-04-02 18:11:10.423 9 INFO neutron.api.wsgi [None req-7a7fb167-3780-4124-bbf5-93b4b533ad21 15ac08b292f84221bdb7fa15f1fca821 64192436849b41b8b4ae850920ef1780 - - default default] 10.0.0.191 "PUT /v2.0/routers/b46f0196-038d-469c-9bc1-aa23d7f0d8ec/add_router_interface HTTP/1.1" status: 200 len: 503 time: 2.0188479
2026-04-02 18:11:10.790 9 INFO neutron.db.ovn_revision_numbers_db [None req-742bcf06-b150-4b9f-bd9e-26d28b60e440 15ac08b292f84221bdb7fa15f1fca821 64192436849b41b8b4ae850920ef1780 - - default default] Successfully bumped revision number for resource d37f9d56-a416-4220-bf1a-d446cee57207 (type: security_groups) to 1
2026-04-02 18:11:10.814 9 INFO neutron.db.ovn_revision_numbers_db [None req-742bcf06-b150-4b9f-bd9e-26d28b60e440 15ac08b292f84221bdb7fa15f1fca821 64192436849b41b8b4ae850920ef1780 - - default default] Successfully bumped revision number for resource 07fa7adc-5642-4220-a61b-f0a7b704dff3 (type: security_group_rules) to 0
2026-04-02 18:11:10.827 9 INFO neutron.db.ovn_revision_numbers_db [None req-742bcf06-b150-4b9f-bd9e-26d28b60e440 15ac08b292f84221bdb7fa15f1fca821 64192436849b41b8b4ae850920ef1780 - - default default] Successfully bumped revision number for resource 45605a82-57f6-4bc6-bc33-628636f82783 (type: security_group_rules) to 0
2026-04-02 18:11:10.840 9 INFO neutron.db.ovn_revision_numbers_db [None req-742bcf06-b150-4b9f-bd9e-26d28b60e440 15ac08b292f84221bdb7fa15f1fca821 64192436849b41b8b4ae850920ef1780 - - default default] Successfully bumped revision number for resource bbcf5258-91b0-4ad7-88b5-24cc134a32e3 (type: security_group_rules) to 0
2026-04-02 18:11:10.856 9 INFO neutron.db.ovn_revision_numbers_db [None req-742bcf06-b150-4b9f-bd9e-26d28b60e440 15ac08b292f84221bdb7fa15f1fca821 64192436849b41b8b4ae850920ef1780 - - default default] Successfully bumped revision number for resource de89817f-9aed-4c82-8ebb-19746ac326ef (type: security_group_rules) to 0
2026-04-02 18:11:10.906 9 INFO neutron.api.wsgi [None req-742bcf06-b150-4b9f-bd9e-26d28b60e440 15ac08b292f84221bdb7fa15f1fca821 64192436849b41b8b4ae850920ef1780 - - default default] 10.0.0.191 "GET /v2.0/security-groups?tenant_id=e6d73677881e4cc991a0b3390122388a&name=default HTTP/1.1" status: 200 len: 3120 time: 0.5235281
2026-04-02 18:11:10.931 10 INFO neutron.api.wsgi [req-ebca612f-9d77-4b78-b21a-e18133b819ab req-d477ccb5-cbf1-4e74-b607-ed686e5c8b2b a7404e6199e5417e966ec3de44c5b6c3 cffe542baeae48e0adffb47a1a892e00 - - default default] 10.0.0.14 "GET /v2.0/ports?device_id=8e4a7531-9864-44ff-944c-9fef24dfeacb HTTP/1.1" status: 200 len: 1170 time: 0.0709610
2026-04-02 18:11:10.983 10 INFO neutron.api.wsgi [req-ebca612f-9d77-4b78-b21a-e18133b819ab req-328ed190-38f5-49ec-aab3-d14eecc7b33f a7404e6199e5417e966ec3de44c5b6c3 cffe542baeae48e0adffb47a1a892e00 - - default default] 10.0.0.14 "GET /v2.0/security-groups?id=c597efb9-8d70-4867-8291-426504b2e6e2&fields=id&fields=name HTTP/1.1" status: 200 len: 313 time: 0.0471146
2026-04-02 18:11:11.134 9 INFO neutron.api.wsgi [None req-1741cb1c-731f-40eb-893d-593fff157bdb 15ac08b292f84221bdb7fa15f1fca821 64192436849b41b8b4ae850920ef1780 - - default default] 10.0.0.191 "DELETE /v2.0/security-groups/d37f9d56-a416-4220-bf1a-d446cee57207 HTTP/1.1" status: 204 len: 168 time: 0.2217658
2026-04-02 18:11:11.489 9 INFO neutron.api.wsgi [req-cbd7c2fa-8119-4555-8bc3-9034b35db90b req-b056ef21-0a69-4d24-9676-4aaf27af0d4e a7404e6199e5417e966ec3de44c5b6c3 cffe542baeae48e0adffb47a1a892e00 - - default default] 199.19.213.133 "GET /v2.0/ports?device_id=8e4a7531-9864-44ff-944c-9fef24dfeacb HTTP/1.1" status: 200 len: 1170 time: 0.0320621
2026-04-02 18:11:11.823 9 INFO neutron.db.l3_db [req-cbd7c2fa-8119-4555-8bc3-9034b35db90b req-6566b756-3328-406a-84b6-d56b63f4b7c8 a7404e6199e5417e966ec3de44c5b6c3 cffe542baeae48e0adffb47a1a892e00 - - default default] Floating IP 7e4262cf-286d-45ec-8c72-71d72da029cc disassociated. External IP: 10.96.250.209, port: 8eb81940-bdb6-4806-a4b0-8b48f5a343cf.
2026-04-02 18:11:11.914 9 INFO neutron.api.wsgi [req-cbd7c2fa-8119-4555-8bc3-9034b35db90b req-6566b756-3328-406a-84b6-d56b63f4b7c8 a7404e6199e5417e966ec3de44c5b6c3 cffe542baeae48e0adffb47a1a892e00 - - default default] 199.19.213.133 "DELETE /v2.0/ports/8eb81940-bdb6-4806-a4b0-8b48f5a343cf HTTP/1.1" status: 204 len: 173 time: 0.4218130
2026-04-02 18:11:11.947 9 INFO neutron.notifiers.nova [-] Nova event matching ['req-b6e8d57b-54ed-44e5-9a23-9c12da2ee7c3'] response: {'server_uuid': '8e4a7531-9864-44ff-944c-9fef24dfeacb', 'name': 'network-vif-deleted', 'tag': '8eb81940-bdb6-4806-a4b0-8b48f5a343cf', 'status': 'completed', 'code': 200}
2026-04-02 18:11:12.070 10 INFO neutron.api.wsgi [req-46bf3709-8e67-452e-81ab-897756764913 req-78ae370c-040e-4afa-a0fe-a81b6d07ce94 a7404e6199e5417e966ec3de44c5b6c3 cffe542baeae48e0adffb47a1a892e00 - - default default] 10.0.0.14 "GET /v2.0/ports?device_id=8e4a7531-9864-44ff-944c-9fef24dfeacb HTTP/1.1" status: 200 len: 210 time: 0.0184820
2026-04-02 18:11:12.641 9 INFO neutron.api.wsgi [req-d26b7ada-2bf8-473b-9082-ed01da08d877 req-28cb8dfd-0674-4195-876f-fe57ebcd1b31 3a82b60192a44ce692983d89ab1d8f71 0ee08e6d564b452db288604cc7189d60 - - default default] 10.0.0.14 "GET /v2.0/networks?id=5ff8952d-2eaa-4917-b750-023f734243fc HTTP/1.1" status: 200 len: 872 time: 0.0566533
2026-04-02 18:11:12.658 9 INFO neutron.api.wsgi [req-d26b7ada-2bf8-473b-9082-ed01da08d877 req-5a9e1755-b7b8-423d-a1d7-f23cec1889b6 3a82b60192a44ce692983d89ab1d8f71 0ee08e6d564b452db288604cc7189d60 - - default default] 10.0.0.14 "GET /v2.0/quotas/0ee08e6d564b452db288604cc7189d60 HTTP/1.1" status: 200 len: 491 time: 0.0104899
2026-04-02 18:11:12.736 9 INFO neutron.api.wsgi [req-d26b7ada-2bf8-473b-9082-ed01da08d877 req-a0791e08-966d-4ed1-8f35-93961ef194f2 3a82b60192a44ce692983d89ab1d8f71 0ee08e6d564b452db288604cc7189d60 - - default default] 10.0.0.14 "GET /v2.0/ports?tenant_id=0ee08e6d564b452db288604cc7189d60&fields=id HTTP/1.1" status: 200 len: 302 time: 0.0731194
2026-04-02 18:11:12.780 9 INFO neutron.api.wsgi [req-d26b7ada-2bf8-473b-9082-ed01da08d877 req-bf640c28-488b-4a2d-b020-1786b467b2cb 613f559da1814c56a288b8c617095f66 7c9d33315b5a4682b8fd10e638a7ce86 - - fc6e22571bdd4990a4cb50c180567519 fc6e22571bdd4990a4cb50c180567519] 10.0.0.14 "GET /v2.0/networks/5ff8952d-2eaa-4917-b750-023f734243fc?fields=segments HTTP/1.1" status: 200 len: 212 time: 0.0388696
2026-04-02 18:11:12.819 9 INFO neutron.api.wsgi [req-d26b7ada-2bf8-473b-9082-ed01da08d877 req-f0e72a7f-705a-44b6-bfe8-68877b33dc18 613f559da1814c56a288b8c617095f66 7c9d33315b5a4682b8fd10e638a7ce86 - - fc6e22571bdd4990a4cb50c180567519 fc6e22571bdd4990a4cb50c180567519] 10.0.0.14 "GET /v2.0/networks/5ff8952d-2eaa-4917-b750-023f734243fc?fields=provider%3Aphysical_network&fields=provider%3Anetwork_type HTTP/1.1" status: 200 len: 277 time: 0.0356648
2026-04-02 18:11:12.939 10 INFO neutron.api.wsgi [req-1fb9fa90-679f-45de-ae86-343ffd81d125 req-7911f3a7-c143-45ae-912c-7cc5df870512 3a82b60192a44ce692983d89ab1d8f71 0ee08e6d564b452db288604cc7189d60 - - default default] 10.0.0.14 "GET /v2.0/ports?device_id=09682153-21e0-45a5-be02-14ae5b0f59b3 HTTP/1.1" status: 200 len: 210 time: 0.0207243
2026-04-02 18:11:13.089 9 WARNING neutron_lib.context [None req-dcc878c6-337f-4498-9c34-857d030c0dfd f6a1016047494aafad7855a80a1a53af cfc04783a1744ece84690a375357168d - - default default] Method 'is_advsvc' is deprecated since 2023.2 release (neutron-lib 3.8.0) and will be removed once support for the old RBAC API policies will be removed from Neutron. Please use method 'is_service_role' instead.
2026-04-02 18:11:13.152 9 INFO neutron.api.wsgi [req-fee5e865-a7dc-402c-a3bf-d8fa958fc298 req-124b0da6-6389-4736-b6f5-bc3ebb25d026 a7404e6199e5417e966ec3de44c5b6c3 cffe542baeae48e0adffb47a1a892e00 - - default default] 10.0.0.14 "GET /v2.0/ports?device_id=8e4a7531-9864-44ff-944c-9fef24dfeacb HTTP/1.1" status: 200 len: 210 time: 0.0201073
2026-04-02 18:11:13.220 9 INFO neutron.db.ovn_revision_numbers_db [None req-dcc878c6-337f-4498-9c34-857d030c0dfd f6a1016047494aafad7855a80a1a53af cfc04783a1744ece84690a375357168d - - default default] Successfully bumped revision number for resource 54647b0d-17ad-465d-85e7-2e2ef05e0dd1 (type: security_groups) to 1
2026-04-02 18:11:13.234 9 INFO neutron.db.ovn_revision_numbers_db [None req-dcc878c6-337f-4498-9c34-857d030c0dfd f6a1016047494aafad7855a80a1a53af cfc04783a1744ece84690a375357168d - - default default] Successfully bumped revision number for resource 2bfcd786-80e9-4636-bc01-66727fdb1c37 (type: security_group_rules) to 0
2026-04-02 18:11:13.246 9 INFO neutron.db.ovn_revision_numbers_db [None req-dcc878c6-337f-4498-9c34-857d030c0dfd f6a1016047494aafad7855a80a1a53af cfc04783a1744ece84690a375357168d - - default default] Successfully bumped revision number for resource 46de9b81-4787-462c-b649-9fef201459cf (type: security_group_rules) to 0
2026-04-02 18:11:13.267 9 INFO neutron.db.ovn_revision_numbers_db [None req-dcc878c6-337f-4498-9c34-857d030c0dfd f6a1016047494aafad7855a80a1a53af cfc04783a1744ece84690a375357168d - - default default] Successfully bumped revision number for resource f2cd7d9f-42b6-4fc9-8c75-dce2a1290dd6 (type: security_group_rules) to 0
2026-04-02 18:11:13.280 9 INFO neutron.db.ovn_revision_numbers_db [None req-dcc878c6-337f-4498-9c34-857d030c0dfd f6a1016047494aafad7855a80a1a53af cfc04783a1744ece84690a375357168d - - default default] Successfully bumped revision number for resource f702e019-5740-41ee-b1a7-b4d899be6c5f (type: security_group_rules) to 0
2026-04-02 18:11:13.347 9 INFO neutron.db.segments_db [None req-dcc878c6-337f-4498-9c34-857d030c0dfd f6a1016047494aafad7855a80a1a53af cfc04783a1744ece84690a375357168d - - default default] Added segment f0be2fee-5299-49c8-883b-65f18136fd97 of type geneve for network 85e73ac0-dbc7-4b5e-923d-68ccaba2a15d
2026-04-02 18:11:13.469 9 INFO neutron.db.ovn_revision_numbers_db [None req-dcc878c6-337f-4498-9c34-857d030c0dfd f6a1016047494aafad7855a80a1a53af cfc04783a1744ece84690a375357168d - - default default] Successfully bumped revision number for resource 85e73ac0-dbc7-4b5e-923d-68ccaba2a15d (type: networks) to 1
2026-04-02 18:11:13.632 9 WARNING neutron.scheduler.dhcp_agent_scheduler [None req-dcc878c6-337f-4498-9c34-857d030c0dfd f6a1016047494aafad7855a80a1a53af cfc04783a1744ece84690a375357168d - - default default] No more DHCP agents
2026-04-02 18:11:13.633 9 WARNING neutron.api.rpc.agentnotifiers.dhcp_rpc_agent_api [None req-dcc878c6-337f-4498-9c34-857d030c0dfd f6a1016047494aafad7855a80a1a53af cfc04783a1744ece84690a375357168d - - default default] Unable to schedule network 85e73ac0-dbc7-4b5e-923d-68ccaba2a15d: no agents available; will retry on subsequent port and subnet creation events.
2026-04-02 18:11:13.693 9 INFO neutron.db.ovn_revision_numbers_db [None req-dcc878c6-337f-4498-9c34-857d030c0dfd f6a1016047494aafad7855a80a1a53af cfc04783a1744ece84690a375357168d - - default default] Successfully bumped revision number for resource cb18a79b-65e3-4da8-86cc-a4bb85b2dabf (type: ports) to 1
2026-04-02 18:11:13.717 9 INFO neutron.api.wsgi [None req-dcc878c6-337f-4498-9c34-857d030c0dfd f6a1016047494aafad7855a80a1a53af cfc04783a1744ece84690a375357168d - - default default] 10.0.0.191 "POST /v2.0/networks HTTP/1.1" status: 201 len: 839 time: 0.7767298
2026-04-02 18:11:13.728 9 WARNING neutron_lib.context [None req-d96b300a-858f-472e-9d97-68c81e259bb2 f6a1016047494aafad7855a80a1a53af cfc04783a1744ece84690a375357168d - - default default] Method 'is_advsvc' is deprecated since 2023.2 release (neutron-lib 3.8.0) and will be removed once support for the old RBAC API policies will be removed from Neutron. Please use method 'is_service_role' instead.
2026-04-02 18:11:13.897 9 WARNING neutron.scheduler.dhcp_agent_scheduler [None req-d96b300a-858f-472e-9d97-68c81e259bb2 f6a1016047494aafad7855a80a1a53af cfc04783a1744ece84690a375357168d - - default default] No more DHCP agents
2026-04-02 18:11:13.898 9 WARNING neutron.api.rpc.agentnotifiers.dhcp_rpc_agent_api [None req-d96b300a-858f-472e-9d97-68c81e259bb2 f6a1016047494aafad7855a80a1a53af cfc04783a1744ece84690a375357168d - - default default] Unable to schedule network 85e73ac0-dbc7-4b5e-923d-68ccaba2a15d: no agents available; will retry on subsequent port and subnet creation events.
2026-04-02 18:11:14.021 10 INFO neutron.api.wsgi [req-b40c74c2-0efe-4b67-88a7-114ee6293ae6 req-41f864f9-81f2-45e9-9944-9cad493ca02d 3a82b60192a44ce692983d89ab1d8f71 0ee08e6d564b452db288604cc7189d60 - - default default] 10.0.0.14 "GET /v2.0/ports?device_id=09682153-21e0-45a5-be02-14ae5b0f59b3 HTTP/1.1" status: 200 len: 210 time: 0.0224993
2026-04-02 18:11:14.153 10 WARNING neutron_lib.context [None req-f59fa1a7-1e76-437c-84be-11d4d1cbcaeb a056779da5a14e2abaac4bf165ad74df 4e12d25640b942c9a9e74725c7076069 - - default default] Method 'is_advsvc' is deprecated since 2023.2 release (neutron-lib 3.8.0) and will be removed once support for the old RBAC API policies will be removed from Neutron. Please use method 'is_service_role' instead.
2026-04-02 18:11:14.240 9 INFO neutron.api.wsgi [req-a2e163a0-a5ae-4c3f-808f-a9e88403577a req-e8982bbe-b82a-4d5e-8466-c8f7068e3057 a7404e6199e5417e966ec3de44c5b6c3 cffe542baeae48e0adffb47a1a892e00 - - default default] 10.0.0.14 "GET /v2.0/ports?device_id=8e4a7531-9864-44ff-944c-9fef24dfeacb HTTP/1.1" status: 200 len: 210 time: 0.0164876
2026-04-02 18:11:14.304 10 INFO neutron.db.ovn_revision_numbers_db [None req-f59fa1a7-1e76-437c-84be-11d4d1cbcaeb a056779da5a14e2abaac4bf165ad74df 4e12d25640b942c9a9e74725c7076069 - - default default] Successfully bumped revision number for resource 2bb00c98-3214-4b73-a75c-4c44e2c69822 (type: security_groups) to 1
2026-04-02 18:11:14.325 10 INFO neutron.db.ovn_revision_numbers_db [None req-f59fa1a7-1e76-437c-84be-11d4d1cbcaeb a056779da5a14e2abaac4bf165ad74df 4e12d25640b942c9a9e74725c7076069 - - default default] Successfully bumped revision number for resource 5bb4fc92-2144-448d-9508-30596d57f49f (type: security_group_rules) to 0
2026-04-02 18:11:14.333 9 INFO neutron.db.ovn_revision_numbers_db [None req-bb498b6b-1b67-4ec2-b81a-437fc01ec7a9 - - - - - -] Successfully bumped revision number for resource cb18a79b-65e3-4da8-86cc-a4bb85b2dabf (type: ports) to 2
2026-04-02 18:11:14.337 10 INFO neutron.db.ovn_revision_numbers_db [None req-f59fa1a7-1e76-437c-84be-11d4d1cbcaeb a056779da5a14e2abaac4bf165ad74df 4e12d25640b942c9a9e74725c7076069 - - default default] Successfully bumped revision number for resource 764a7c2f-23e8-4537-b526-23dc829ddb93 (type: security_group_rules) to 0
2026-04-02 18:11:14.351 10 INFO neutron.db.ovn_revision_numbers_db [None req-f59fa1a7-1e76-437c-84be-11d4d1cbcaeb a056779da5a14e2abaac4bf165ad74df 4e12d25640b942c9a9e74725c7076069 - - default default] Successfully bumped revision number for resource 9379e304-5f66-40f2-a404-f598c1cfd3a1 (type: security_group_rules) to 0
2026-04-02 18:11:14.361 9 INFO neutron.db.ovn_revision_numbers_db [None req-bb498b6b-1b67-4ec2-b81a-437fc01ec7a9 - - - - - -] Successfully bumped revision number for resource e29a9ef4-63a2-462e-8b08-be6c67b54f40 (type: subnets) to 0
2026-04-02 18:11:14.365 10 INFO neutron.db.ovn_revision_numbers_db [None req-f59fa1a7-1e76-437c-84be-11d4d1cbcaeb a056779da5a14e2abaac4bf165ad74df 4e12d25640b942c9a9e74725c7076069 - - default default] Successfully bumped revision number for resource d72c1666-9d5a-4184-b8c4-c3094b449bff (type: security_group_rules) to 0
2026-04-02 18:11:14.376 9 INFO neutron.api.wsgi [None req-d96b300a-858f-472e-9d97-68c81e259bb2 f6a1016047494aafad7855a80a1a53af cfc04783a1744ece84690a375357168d - - default default] 10.0.0.191 "POST /v2.0/subnets HTTP/1.1" status: 201 len: 857 time: 0.6523499
2026-04-02 18:11:14.433 10 WARNING neutron.plugins.ml2.drivers.ovn.mech_driver.ovsdb.ovn_client [None req-95c98dc0-741b-4178-b5de-d37110607a0d - - - - - -] No hosting information found for port 1c544ef2-8ea9-481c-bfd5-40057842d8bc: RuntimeError: No hosting information found for port 1c544ef2-8ea9-481c-bfd5-40057842d8bc
2026-04-02 18:11:14.433 10 INFO neutron.plugins.ml2.drivers.ovn.mech_driver.mech_driver [None req-95c98dc0-741b-4178-b5de-d37110607a0d - - - - - -] OVN reports status down for port: 8eb81940-bdb6-4806-a4b0-8b48f5a343cf
2026-04-02 18:11:14.447 10 INFO neutron.db.segments_db [None req-f59fa1a7-1e76-437c-84be-11d4d1cbcaeb a056779da5a14e2abaac4bf165ad74df 4e12d25640b942c9a9e74725c7076069 - - default default] Added segment 69854418-240b-4fbb-90e3-23b7ba682e40 of type geneve for network 044ded33-645a-4336-97af-fabd28b79bfc
2026-04-02 18:11:14.495 9 INFO neutron.api.wsgi [None req-8537bd86-da8a-4f57-80cb-6317b28c6c85 25dbc45cf26b427092bc54d00245dd4a bd6d68ff57c44423b77b677941995ce3 - - default default] 10.0.0.191 "GET /v2.0/subnetpools?name=shared-default-subnetpool-v6 HTTP/1.1" status: 200 len: 212 time: 0.1123750
2026-04-02 18:11:14.505 9 WARNING neutron_lib.context [None req-f8e626bb-26f1-4167-850c-0278fb70e4a4 f6a1016047494aafad7855a80a1a53af cfc04783a1744ece84690a375357168d - - default default] Method 'is_advsvc' is deprecated since 2023.2 release (neutron-lib 3.8.0) and will be removed once support for the old RBAC API policies will be removed from Neutron. Please use method 'is_service_role' instead.
2026-04-02 18:11:14.528 10 INFO neutron.db.ovn_revision_numbers_db [None req-95c98dc0-741b-4178-b5de-d37110607a0d - - - - - -] Successfully bumped revision number for resource 1c544ef2-8ea9-481c-bfd5-40057842d8bc (type: router_ports) to 2
2026-04-02 18:11:14.605 10 INFO neutron.db.ovn_revision_numbers_db [None req-f59fa1a7-1e76-437c-84be-11d4d1cbcaeb a056779da5a14e2abaac4bf165ad74df 4e12d25640b942c9a9e74725c7076069 - - default default] Successfully bumped revision number for resource 044ded33-645a-4336-97af-fabd28b79bfc (type: networks) to 1
2026-04-02 18:11:14.687 9 WARNING neutron.scheduler.dhcp_agent_scheduler [None req-f8e626bb-26f1-4167-850c-0278fb70e4a4 f6a1016047494aafad7855a80a1a53af cfc04783a1744ece84690a375357168d - - default default] No more DHCP agents
2026-04-02 18:11:14.688 9 WARNING neutron.api.rpc.agentnotifiers.dhcp_rpc_agent_api [None req-f8e626bb-26f1-4167-850c-0278fb70e4a4 f6a1016047494aafad7855a80a1a53af cfc04783a1744ece84690a375357168d - - default default] Unable to schedule network 85e73ac0-dbc7-4b5e-923d-68ccaba2a15d: no agents available; will retry on subsequent port and subnet creation events.
2026-04-02 18:11:14.719 9 INFO neutron.db.ovn_revision_numbers_db [None req-f8e626bb-26f1-4167-850c-0278fb70e4a4 f6a1016047494aafad7855a80a1a53af cfc04783a1744ece84690a375357168d - - default default] Successfully bumped revision number for resource 88af37da-d59a-41e6-886e-b8916e0d0c9e (type: subnets) to 0
2026-04-02 18:11:14.735 9 INFO neutron.api.wsgi [None req-f8e626bb-26f1-4167-850c-0278fb70e4a4 f6a1016047494aafad7855a80a1a53af cfc04783a1744ece84690a375357168d - - default default] 10.0.0.191 "POST /v2.0/subnets HTTP/1.1" status: 201 len: 930 time: 0.2353065
2026-04-02 18:11:14.746 9 WARNING neutron_lib.context [None req-6b080428-4540-426c-869a-59a316850723 f6a1016047494aafad7855a80a1a53af cfc04783a1744ece84690a375357168d - - default default] Method 'is_advsvc' is deprecated since 2023.2 release (neutron-lib 3.8.0) and will be removed once support for the old RBAC API policies will be removed from Neutron. Please use method 'is_service_role' instead.
2026-04-02 18:11:14.788 10 WARNING neutron.scheduler.dhcp_agent_scheduler [None req-f59fa1a7-1e76-437c-84be-11d4d1cbcaeb a056779da5a14e2abaac4bf165ad74df 4e12d25640b942c9a9e74725c7076069 - - default default] No more DHCP agents
2026-04-02 18:11:14.791 10 WARNING neutron.api.rpc.agentnotifiers.dhcp_rpc_agent_api [None req-f59fa1a7-1e76-437c-84be-11d4d1cbcaeb a056779da5a14e2abaac4bf165ad74df 4e12d25640b942c9a9e74725c7076069 - - default default] Unable to schedule network 044ded33-645a-4336-97af-fabd28b79bfc: no agents available; will retry on subsequent port and subnet creation events.
2026-04-02 18:11:14.834 9 INFO neutron.db.segments_db [None req-6b080428-4540-426c-869a-59a316850723 f6a1016047494aafad7855a80a1a53af cfc04783a1744ece84690a375357168d - - default default] Added segment d5cc32f9-52c1-4749-a9e5-523b48d3a0e8 of type geneve for network 87900399-4c73-4481-ae10-986d27a38d33
2026-04-02 18:11:14.856 10 INFO neutron.db.ovn_revision_numbers_db [None req-f59fa1a7-1e76-437c-84be-11d4d1cbcaeb a056779da5a14e2abaac4bf165ad74df 4e12d25640b942c9a9e74725c7076069 - - default default] Successfully bumped revision number for resource 14c825de-c30d-4d0d-8f97-d38442282815 (type: ports) to 1
2026-04-02 18:11:14.884 10 INFO neutron.api.wsgi [None req-f59fa1a7-1e76-437c-84be-11d4d1cbcaeb a056779da5a14e2abaac4bf165ad74df 4e12d25640b942c9a9e74725c7076069 - - default default] 10.0.0.191 "POST /v2.0/networks HTTP/1.1" status: 201 len: 831 time: 0.9429178 /var/lib/openstack/lib/python3.12/site-packages/pycadf/identifier.py:71: UserWarning: Invalid uuid: neutron. To ensure interoperability, identifiers should be a valid uuid. warnings.warn(('Invalid uuid: %s. To ensure interoperability, '
2026-04-02 18:11:14.898 10 WARNING neutron_lib.context [None req-ea066a7a-613c-4852-bf94-32760a72d852 a056779da5a14e2abaac4bf165ad74df 4e12d25640b942c9a9e74725c7076069 - - default default] Method 'is_advsvc' is deprecated since 2023.2 release (neutron-lib 3.8.0) and will be removed once support for the old RBAC API policies will be removed from Neutron. Please use method 'is_service_role' instead.
2026-04-02 18:11:14.950 9 INFO neutron.db.ovn_revision_numbers_db [None req-6b080428-4540-426c-869a-59a316850723 f6a1016047494aafad7855a80a1a53af cfc04783a1744ece84690a375357168d - - default default] Successfully bumped revision number for resource 87900399-4c73-4481-ae10-986d27a38d33 (type: networks) to 1
2026-04-02 18:11:15.093 10 INFO neutron.api.wsgi [req-965813f2-7b92-4961-bcbb-b31acbef80d2 req-4c008e32-e34a-4e45-9670-ed2f6e6ba2c7 3a82b60192a44ce692983d89ab1d8f71 0ee08e6d564b452db288604cc7189d60 - - default default] 10.0.0.14 "GET /v2.0/ports?device_id=09682153-21e0-45a5-be02-14ae5b0f59b3 HTTP/1.1" status: 200 len: 210 time: 0.0145085
2026-04-02 18:11:15.106 9 WARNING neutron.scheduler.dhcp_agent_scheduler [None req-6b080428-4540-426c-869a-59a316850723 f6a1016047494aafad7855a80a1a53af cfc04783a1744ece84690a375357168d - - default default] No more DHCP agents
2026-04-02 18:11:15.108 9 WARNING neutron.api.rpc.agentnotifiers.dhcp_rpc_agent_api [None req-6b080428-4540-426c-869a-59a316850723 f6a1016047494aafad7855a80a1a53af cfc04783a1744ece84690a375357168d - - default default] Unable to schedule network 87900399-4c73-4481-ae10-986d27a38d33: no agents available; will retry on subsequent port and subnet creation events.
2026-04-02 18:11:15.167 9 INFO neutron.db.ovn_revision_numbers_db [None req-6b080428-4540-426c-869a-59a316850723 f6a1016047494aafad7855a80a1a53af cfc04783a1744ece84690a375357168d - - default default] Successfully bumped revision number for resource 51ca91ad-81dd-4174-98ab-220a3de7ead1 (type: ports) to 1
2026-04-02 18:11:15.191 9 INFO neutron.api.wsgi [None req-6b080428-4540-426c-869a-59a316850723 f6a1016047494aafad7855a80a1a53af cfc04783a1744ece84690a375357168d - - default default] 10.0.0.191 "POST /v2.0/networks HTTP/1.1" status: 201 len: 836 time: 0.4489577
2026-04-02 18:11:15.201 9 WARNING neutron_lib.context [None req-90e67e03-c5a9-42b0-a5a8-be0779c8a08b f6a1016047494aafad7855a80a1a53af cfc04783a1744ece84690a375357168d - - default default] Method 'is_advsvc' is deprecated since 2023.2 release (neutron-lib 3.8.0) and will be removed once support for the old RBAC API policies will be removed from Neutron. Please use method 'is_service_role' instead.
2026-04-02 18:11:15.291 10 WARNING neutron.scheduler.dhcp_agent_scheduler [None req-ea066a7a-613c-4852-bf94-32760a72d852 a056779da5a14e2abaac4bf165ad74df 4e12d25640b942c9a9e74725c7076069 - - default default] No more DHCP agents
2026-04-02 18:11:15.292 10 WARNING neutron.api.rpc.agentnotifiers.dhcp_rpc_agent_api [None req-ea066a7a-613c-4852-bf94-32760a72d852 a056779da5a14e2abaac4bf165ad74df 4e12d25640b942c9a9e74725c7076069 - - default default] Unable to schedule network 01cd64d3-5f44-49a4-af49-91bcc888d368: no agents available; will retry on subsequent port and subnet creation events.
2026-04-02 18:11:15.332 9 INFO neutron.api.wsgi [req-b58f649f-b0d2-41ed-b3be-51da64319370 req-bce26423-eeb8-4efe-b29a-9f625c503430 a7404e6199e5417e966ec3de44c5b6c3 cffe542baeae48e0adffb47a1a892e00 - - default default] 10.0.0.14 "GET /v2.0/ports?device_id=8e4a7531-9864-44ff-944c-9fef24dfeacb HTTP/1.1" status: 200 len: 210 time: 0.0191014
2026-04-02 18:11:15.379 9 WARNING neutron.scheduler.dhcp_agent_scheduler [None req-90e67e03-c5a9-42b0-a5a8-be0779c8a08b f6a1016047494aafad7855a80a1a53af cfc04783a1744ece84690a375357168d - - default default] No more DHCP agents
2026-04-02 18:11:15.380 9 WARNING neutron.api.rpc.agentnotifiers.dhcp_rpc_agent_api [None req-90e67e03-c5a9-42b0-a5a8-be0779c8a08b f6a1016047494aafad7855a80a1a53af cfc04783a1744ece84690a375357168d - - default default] Unable to schedule network 87900399-4c73-4481-ae10-986d27a38d33: no agents available; will retry on subsequent port and subnet creation events.
2026-04-02 18:11:15.422 10 INFO neutron.db.ovn_revision_numbers_db [None req-ea066a7a-613c-4852-bf94-32760a72d852 a056779da5a14e2abaac4bf165ad74df 4e12d25640b942c9a9e74725c7076069 - - default default] Successfully bumped revision number for resource 9f4b67f5-3f51-4292-b900-013e63671fb3 (type: ports) to 1
2026-04-02 18:11:15.801 9 INFO neutron.db.ovn_revision_numbers_db [None req-17b9cc43-4f32-4feb-91a3-af69f6ab08b0 - - - - - -] Successfully bumped revision number for resource 51ca91ad-81dd-4174-98ab-220a3de7ead1 (type: ports) to 2
2026-04-02 18:11:15.833 9 INFO neutron.db.ovn_revision_numbers_db [None req-17b9cc43-4f32-4feb-91a3-af69f6ab08b0 - - - - - -] Successfully bumped revision number for resource 8c45ed59-497d-4266-a838-9e71bf9da6a8 (type: subnets) to 0
2026-04-02 18:11:15.847 9 INFO neutron.api.wsgi [None req-90e67e03-c5a9-42b0-a5a8-be0779c8a08b f6a1016047494aafad7855a80a1a53af cfc04783a1744ece84690a375357168d - - default default] 10.0.0.191 "POST /v2.0/subnets HTTP/1.1" status: 201 len: 854 time: 0.6506186
2026-04-02 18:11:15.855 9 WARNING neutron_lib.context [None req-f2de8c97-660d-445d-9af6-ca885a350b1c f6a1016047494aafad7855a80a1a53af cfc04783a1744ece84690a375357168d - - default default] Method 'is_advsvc' is deprecated since 2023.2 release (neutron-lib 3.8.0) and will be removed once support for the old RBAC API policies will be removed from Neutron. Please use method 'is_service_role' instead.
2026-04-02 18:11:15.943 10 INFO neutron.plugins.ml2.drivers.ovn.mech_driver.ovsdb.commands [None req-a500e351-2feb-4399-ab09-998e3b26f4ac - - - - - -] Schedule LRP lrp-9f4b67f5-3f51-4292-b900-013e63671fb3 on gateway 6e34f127-4aeb-4395-bca0-4bf18ef541b5 with priority 1
2026-04-02 18:11:15.961 9 INFO neutron.plugins.ml2.drivers.ovn.mech_driver.mech_driver [None req-b4901e0c-03bf-410e-8857-74d5ce193ef2 - - - - - -] OVN reports status up for port: 9f4b67f5-3f51-4292-b900-013e63671fb3
2026-04-02 18:11:15.975 9 INFO neutron.plugins.ml2.plugin [None req-b4901e0c-03bf-410e-8857-74d5ce193ef2 - - - - - -] Attempt 1 to provision port 9f4b67f5-3f51-4292-b900-013e63671fb3
2026-04-02 18:11:15.981 10 INFO neutron.plugins.ml2.drivers.ovn.mech_driver.ovsdb.ovsdb_monitor [None req-0c2bd810-3ad4-4c4a-bb80-444e94c1103f - - - - - -] Router c19bae20-61d4-4afb-8ce4-76c4f231d90a is bound to host instance
2026-04-02 18:11:16.007 10 INFO neutron.db.ovn_revision_numbers_db [None req-ea066a7a-613c-4852-bf94-32760a72d852 a056779da5a14e2abaac4bf165ad74df 4e12d25640b942c9a9e74725c7076069 - - default default] Successfully bumped revision number for resource 9f4b67f5-3f51-4292-b900-013e63671fb3 (type: router_ports) to 1
2026-04-02 18:11:16.103 9 WARNING neutron.scheduler.dhcp_agent_scheduler [None req-f2de8c97-660d-445d-9af6-ca885a350b1c f6a1016047494aafad7855a80a1a53af cfc04783a1744ece84690a375357168d - - default default] No more DHCP agents
2026-04-02 18:11:16.104 9 WARNING neutron.api.rpc.agentnotifiers.dhcp_rpc_agent_api [None req-f2de8c97-660d-445d-9af6-ca885a350b1c f6a1016047494aafad7855a80a1a53af cfc04783a1744ece84690a375357168d - - default default] Unable to schedule network 87900399-4c73-4481-ae10-986d27a38d33: no agents available; will retry on subsequent port and subnet creation events.
2026-04-02 18:11:16.106 10 INFO neutron.db.ovn_revision_numbers_db [None req-ea066a7a-613c-4852-bf94-32760a72d852 a056779da5a14e2abaac4bf165ad74df 4e12d25640b942c9a9e74725c7076069 - - default default] Successfully bumped revision number for resource c19bae20-61d4-4afb-8ce4-76c4f231d90a (type: routers) to 2
2026-04-02 18:11:16.132 10 INFO neutron.api.wsgi [None req-ea066a7a-613c-4852-bf94-32760a72d852 a056779da5a14e2abaac4bf165ad74df 4e12d25640b942c9a9e74725c7076069 - - default default] 10.0.0.191 "POST /v2.0/routers HTTP/1.1" status: 201 len: 1154 time: 1.2418747
2026-04-02 18:11:16.138 9 INFO neutron.db.ovn_revision_numbers_db [None req-f2de8c97-660d-445d-9af6-ca885a350b1c f6a1016047494aafad7855a80a1a53af cfc04783a1744ece84690a375357168d - - default default] Successfully bumped revision number for resource bb8f4977-1cf3-4548-9497-ea9fa9bf9e06 (type: subnets) to 0
2026-04-02 18:11:16.155 9 INFO neutron.api.wsgi [None req-f2de8c97-660d-445d-9af6-ca885a350b1c f6a1016047494aafad7855a80a1a53af cfc04783a1744ece84690a375357168d - - default default] 10.0.0.191 "POST /v2.0/subnets HTTP/1.1" status: 201 len: 924 time: 0.3036945
2026-04-02 18:11:16.166 9 WARNING neutron_lib.context [None req-f1d93c5d-7a3e-49f6-aa99-321e92add611 f6a1016047494aafad7855a80a1a53af cfc04783a1744ece84690a375357168d - - default default] Method 'is_advsvc' is deprecated since 2023.2 release (neutron-lib 3.8.0) and will be removed once support for the old RBAC API policies will be removed from Neutron. Please use method 'is_service_role' instead.
2026-04-02 18:11:16.186 10 INFO neutron.api.wsgi [req-b13486b9-184e-4c0a-9331-74e2644981eb req-f5aa8220-4e36-406f-aeed-89e311b3342a 3a82b60192a44ce692983d89ab1d8f71 0ee08e6d564b452db288604cc7189d60 - - default default] 10.0.0.14 "GET /v2.0/ports?device_id=09682153-21e0-45a5-be02-14ae5b0f59b3 HTTP/1.1" status: 200 len: 210 time: 0.0275562
2026-04-02 18:11:16.189 10 INFO neutron.api.wsgi [None req-1a7d279d-fe85-447f-919c-e8095d80f349 34ab94b8e2774d50a18d77ee3f4f1279 d7f5dba98f2a4562ad3e11983ff7271a - - default default] 10.0.0.191 "GET /v2.0/subnets?project_id=4e12d25640b942c9a9e74725c7076069&cidr=10.100.0.0%2F28 HTTP/1.1" status: 200 len: 207 time: 0.0507684
2026-04-02 18:11:16.262 10 INFO neutron.api.wsgi [None req-cc5dcd89-e7cf-4388-ab93-9cd7ae646f6f 34ab94b8e2774d50a18d77ee3f4f1279 d7f5dba98f2a4562ad3e11983ff7271a - - default default] 10.0.0.191 "GET /v2.0/networks?router%3Aexternal=True HTTP/1.1" status: 200 len: 947 time: 0.0631764
2026-04-02 18:11:16.267 9 INFO neutron.db.segments_db [None req-f1d93c5d-7a3e-49f6-aa99-321e92add611 f6a1016047494aafad7855a80a1a53af cfc04783a1744ece84690a375357168d - - default default] Added segment cd76f581-0c1f-4d5c-b7a1-cc9f05edb466 of type geneve for network f970b661-44e7-4939-8b64-8415fd3aec27
2026-04-02 18:11:16.290 9 INFO neutron.api.wsgi [None req-183d4ed4-4d72-4ef2-a6ea-f1ef40ef3609 34ab94b8e2774d50a18d77ee3f4f1279 d7f5dba98f2a4562ad3e11983ff7271a - - default default] 10.0.0.191 "GET /v2.0/subnets?network_id=01cd64d3-5f44-49a4-af49-91bcc888d368&cidr=10.100.0.0%2F28 HTTP/1.1" status: 200 len: 207 time: 0.0216038
2026-04-02 18:11:16.299 9 WARNING neutron_lib.context [None req-b5f1d2ad-6795-43b7-a2b6-a38da93c5375 a056779da5a14e2abaac4bf165ad74df 4e12d25640b942c9a9e74725c7076069 - - default default] Method 'is_advsvc' is deprecated since 2023.2 release (neutron-lib 3.8.0) and will be removed once support for the old RBAC API policies will be removed from Neutron. Please use method 'is_service_role' instead.
2026-04-02 18:11:16.427 9 INFO neutron.api.wsgi [req-0bff2915-12dc-435f-b67e-c0b40ec9017e req-0c2ab42e-fcb5-4730-a1d2-45a244962285 a7404e6199e5417e966ec3de44c5b6c3 cffe542baeae48e0adffb47a1a892e00 - - default default] 10.0.0.14 "GET /v2.0/ports?device_id=8e4a7531-9864-44ff-944c-9fef24dfeacb HTTP/1.1" status: 200 len: 210 time: 0.0259953
2026-04-02 18:11:16.429 9 INFO neutron.db.ovn_revision_numbers_db [None req-f1d93c5d-7a3e-49f6-aa99-321e92add611 f6a1016047494aafad7855a80a1a53af cfc04783a1744ece84690a375357168d - - default default] Successfully bumped revision number for resource f970b661-44e7-4939-8b64-8415fd3aec27 (type: networks) to 1
2026-04-02 18:11:16.480 10 INFO neutron.db.ovn_revision_numbers_db [None req-77aae097-2a4f-471e-9d26-e1d81f0c4686 - - - - - -] Successfully bumped revision number for resource 9f4b67f5-3f51-4292-b900-013e63671fb3 (type: ports) to 1
2026-04-02 18:11:16.543 9 WARNING neutron.scheduler.dhcp_agent_scheduler [None req-b5f1d2ad-6795-43b7-a2b6-a38da93c5375 a056779da5a14e2abaac4bf165ad74df 4e12d25640b942c9a9e74725c7076069 - - default default] No more DHCP agents
2026-04-02 18:11:16.545 9 WARNING neutron.api.rpc.agentnotifiers.dhcp_rpc_agent_api [None req-b5f1d2ad-6795-43b7-a2b6-a38da93c5375 a056779da5a14e2abaac4bf165ad74df 4e12d25640b942c9a9e74725c7076069 - - default default] Unable to schedule network 044ded33-645a-4336-97af-fabd28b79bfc: no agents available; will retry on subsequent port and subnet creation events.
2026-04-02 18:11:16.610 9 WARNING neutron.scheduler.dhcp_agent_scheduler [None req-f1d93c5d-7a3e-49f6-aa99-321e92add611 f6a1016047494aafad7855a80a1a53af cfc04783a1744ece84690a375357168d - - default default] No more DHCP agents
2026-04-02 18:11:16.611 9 WARNING neutron.api.rpc.agentnotifiers.dhcp_rpc_agent_api [None req-f1d93c5d-7a3e-49f6-aa99-321e92add611 f6a1016047494aafad7855a80a1a53af cfc04783a1744ece84690a375357168d - - default default] Unable to schedule network f970b661-44e7-4939-8b64-8415fd3aec27: no agents available; will retry on subsequent port and subnet creation events.
2026-04-02 18:11:16.691 9 INFO neutron.db.ovn_revision_numbers_db [None req-f1d93c5d-7a3e-49f6-aa99-321e92add611 f6a1016047494aafad7855a80a1a53af cfc04783a1744ece84690a375357168d - - default default] Successfully bumped revision number for resource 31d63566-f2a0-4d2d-b0cc-6107f07bf962 (type: ports) to 1
2026-04-02 18:11:16.720 9 INFO neutron.api.wsgi [None req-f1d93c5d-7a3e-49f6-aa99-321e92add611 f6a1016047494aafad7855a80a1a53af cfc04783a1744ece84690a375357168d - - default default] 10.0.0.191 "POST /v2.0/networks HTTP/1.1" status: 201 len: 837 time: 0.5593138
2026-04-02 18:11:16.730 9 WARNING neutron_lib.context [None req-b2a9d9d0-f6ad-41c2-b97c-395c778f3913 f6a1016047494aafad7855a80a1a53af cfc04783a1744ece84690a375357168d - - default default] Method 'is_advsvc' is deprecated since 2023.2 release (neutron-lib 3.8.0) and will be removed once support for the old RBAC API policies will be removed from Neutron. Please use method 'is_service_role' instead.
2026-04-02 18:11:16.771 10 INFO neutron.db.ovn_revision_numbers_db [None req-77aae097-2a4f-471e-9d26-e1d81f0c4686 - - - - - -] Successfully bumped revision number for resource 9f4b67f5-3f51-4292-b900-013e63671fb3 (type: ports) to 4
2026-04-02 18:11:16.943 9 WARNING neutron.scheduler.dhcp_agent_scheduler [None req-b2a9d9d0-f6ad-41c2-b97c-395c778f3913 f6a1016047494aafad7855a80a1a53af cfc04783a1744ece84690a375357168d - - default default] No more DHCP agents
2026-04-02 18:11:16.946 9 WARNING neutron.api.rpc.agentnotifiers.dhcp_rpc_agent_api [None req-b2a9d9d0-f6ad-41c2-b97c-395c778f3913 f6a1016047494aafad7855a80a1a53af cfc04783a1744ece84690a375357168d - - default default] Unable to schedule network f970b661-44e7-4939-8b64-8415fd3aec27: no agents available; will retry on subsequent port and subnet creation events.
2026-04-02 18:11:17.023 9 INFO neutron.db.ovn_revision_numbers_db [None req-b3c41ca3-ad85-42b4-907d-48c677eaf727 - - - - - -] Successfully bumped revision number for resource 14c825de-c30d-4d0d-8f97-d38442282815 (type: ports) to 2
2026-04-02 18:11:17.054 10 INFO neutron.db.ovn_revision_numbers_db [None req-77aae097-2a4f-471e-9d26-e1d81f0c4686 - - - - - -] Successfully bumped revision number for resource 9f4b67f5-3f51-4292-b900-013e63671fb3 (type: ports) to 5
2026-04-02 18:11:17.062 9 INFO neutron.db.ovn_revision_numbers_db [None req-b3c41ca3-ad85-42b4-907d-48c677eaf727 - - - - - -] Successfully bumped revision number for resource 086d661b-183f-4004-a954-826024c16b62 (type: subnets) to 0
2026-04-02 18:11:17.079 9 INFO neutron.api.wsgi [None req-b5f1d2ad-6795-43b7-a2b6-a38da93c5375 a056779da5a14e2abaac4bf165ad74df 4e12d25640b942c9a9e74725c7076069 - - default default] 10.0.0.191 "POST /v2.0/subnets HTTP/1.1" status: 201 len: 856 time: 0.7835412
2026-04-02 18:11:17.212 10 INFO neutron.api.wsgi [-] 10.0.0.48 "GET / HTTP/1.1" status: 200 len: 247 time: 0.0017285
2026-04-02 18:11:17.265 10 INFO neutron.api.wsgi [req-c0a91f59-7b59-4101-8509-ab0f1cb3e83b req-1469ea44-7ef8-4d8a-b122-8ee577e3a8e8 3a82b60192a44ce692983d89ab1d8f71 0ee08e6d564b452db288604cc7189d60 - - default default] 10.0.0.14 "GET /v2.0/ports?device_id=09682153-21e0-45a5-be02-14ae5b0f59b3 HTTP/1.1" status: 200 len: 210 time: 0.0203514
2026-04-02 18:11:17.443 9 INFO neutron.api.wsgi [-] 10.0.0.48 "GET / HTTP/1.1" status: 200 len: 247 time: 0.2326536
2026-04-02 18:11:17.581 10 WARNING neutron.scheduler.dhcp_agent_scheduler [None req-ee568cb9-2156-4398-906b-09e00423071f a056779da5a14e2abaac4bf165ad74df 4e12d25640b942c9a9e74725c7076069 - - default default] No more DHCP agents
2026-04-02 18:11:17.582 10 WARNING neutron.api.rpc.agentnotifiers.dhcp_rpc_agent_api [None req-ee568cb9-2156-4398-906b-09e00423071f a056779da5a14e2abaac4bf165ad74df 4e12d25640b942c9a9e74725c7076069 - - default default] Unable to schedule network 044ded33-645a-4336-97af-fabd28b79bfc: no agents available; will retry on subsequent port and subnet creation events.
2026-04-02 18:11:17.644 9 INFO neutron.api.wsgi [None req-eb73248f-7d34-4967-9346-db103ca01de8 a7404e6199e5417e966ec3de44c5b6c3 cffe542baeae48e0adffb47a1a892e00 - - default default] 10.0.0.191 "DELETE /v2.0/security-groups/c597efb9-8d70-4867-8291-426504b2e6e2 HTTP/1.1" status: 204 len: 168 time: 0.1421750
2026-04-02 18:11:17.657 9 INFO neutron.api.v2.resource [None req-129304ea-6943-4ff7-a558-cfa304ee0c07 a7404e6199e5417e966ec3de44c5b6c3 cffe542baeae48e0adffb47a1a892e00 - - default default] show failed (client error): The resource could not be found.
2026-04-02 18:11:17.658 9 INFO neutron.api.wsgi [None req-129304ea-6943-4ff7-a558-cfa304ee0c07 a7404e6199e5417e966ec3de44c5b6c3 cffe542baeae48e0adffb47a1a892e00 - - default default] 10.0.0.191 "GET /v2.0/security-groups/c597efb9-8d70-4867-8291-426504b2e6e2 HTTP/1.1" status: 404 len: 347 time: 0.0083301
2026-04-02 18:11:17.659 9 INFO neutron.db.ovn_revision_numbers_db [None req-4b71b6c5-e928-42a3-950c-0a95cba6185a - - - - - -] Successfully bumped revision number for resource 31d63566-f2a0-4d2d-b0cc-6107f07bf962 (type: ports) to 2
2026-04-02 18:11:17.708 9 INFO neutron.db.ovn_revision_numbers_db [None req-4b71b6c5-e928-42a3-950c-0a95cba6185a - - - - - -] Successfully bumped revision number for resource 8bbb0d5a-d5cb-476b-9bc3-879f65bb1255 (type: subnets) to 0
2026-04-02 18:11:17.731 9 INFO neutron.api.wsgi [None req-b2a9d9d0-f6ad-41c2-b97c-395c778f3913 f6a1016047494aafad7855a80a1a53af cfc04783a1744ece84690a375357168d - - default default] 10.0.0.191 "POST /v2.0/subnets HTTP/1.1" status: 201 len: 855 time: 1.0053813
2026-04-02 18:11:17.738 10 INFO neutron.db.ovn_revision_numbers_db [None req-ee568cb9-2156-4398-906b-09e00423071f a056779da5a14e2abaac4bf165ad74df 4e12d25640b942c9a9e74725c7076069 - - default default] Successfully bumped revision number for resource ac245794-2a4d-4695-a633-68ab6e9d5ddb (type: ports) to 1
2026-04-02 18:11:17.740 9 WARNING neutron_lib.context [None req-b3a313ce-97dd-450a-82be-b9b2f663c644 f6a1016047494aafad7855a80a1a53af cfc04783a1744ece84690a375357168d - - default default] Method 'is_advsvc' is deprecated since 2023.2 release (neutron-lib 3.8.0) and will be removed once support for the old RBAC API policies will be removed from Neutron. Please use method 'is_service_role' instead.
2026-04-02 18:11:18.032 9 WARNING neutron.scheduler.dhcp_agent_scheduler [None req-b3a313ce-97dd-450a-82be-b9b2f663c644 f6a1016047494aafad7855a80a1a53af cfc04783a1744ece84690a375357168d - - default default] No more DHCP agents
2026-04-02 18:11:18.036 9 INFO neutron.api.wsgi [None req-90c305b3-a639-480e-8f31-87839e44c891 a7404e6199e5417e966ec3de44c5b6c3 cffe542baeae48e0adffb47a1a892e00 - - default default] 10.0.0.191 "DELETE /v2.0/floatingips/7e4262cf-286d-45ec-8c72-71d72da029cc HTTP/1.1" status: 204 len: 168 time: 0.3752117
2026-04-02 18:11:18.037 9 WARNING neutron.api.rpc.agentnotifiers.dhcp_rpc_agent_api [None req-b3a313ce-97dd-450a-82be-b9b2f663c644 f6a1016047494aafad7855a80a1a53af cfc04783a1744ece84690a375357168d - - default default] Unable to schedule network f970b661-44e7-4939-8b64-8415fd3aec27: no agents available; will retry on subsequent port and subnet creation events.
2026-04-02 18:11:18.088 9 INFO neutron.db.ovn_revision_numbers_db [None req-b3a313ce-97dd-450a-82be-b9b2f663c644 f6a1016047494aafad7855a80a1a53af cfc04783a1744ece84690a375357168d - - default default] Successfully bumped revision number for resource 35d2f3ac-12fc-47c3-b461-d24fc66bf59a (type: subnets) to 0
2026-04-02 18:11:18.103 9 INFO neutron.api.wsgi [None req-b3a313ce-97dd-450a-82be-b9b2f663c644 f6a1016047494aafad7855a80a1a53af cfc04783a1744ece84690a375357168d - - default default] 10.0.0.191 "POST /v2.0/subnets HTTP/1.1" status: 201 len: 928 time: 0.3663030
2026-04-02 18:11:18.113 9 WARNING neutron_lib.context [None req-abfb9af6-0297-4583-a8c4-ab64e5aac103 f6a1016047494aafad7855a80a1a53af cfc04783a1744ece84690a375357168d - - default default] Method 'is_advsvc' is deprecated since 2023.2 release (neutron-lib 3.8.0) and will be removed once support for the old RBAC API policies will be removed from Neutron. Please use method 'is_service_role' instead.
2026-04-02 18:11:18.345 9 INFO neutron.api.wsgi [req-27a6535e-3853-412a-813f-a4a712919eaf req-ed853dd1-1e84-4a0f-ba5c-062c366e880e 3a82b60192a44ce692983d89ab1d8f71 0ee08e6d564b452db288604cc7189d60 - - default default] 10.0.0.14 "GET /v2.0/ports?device_id=09682153-21e0-45a5-be02-14ae5b0f59b3 HTTP/1.1" status: 200 len: 210 time: 0.0215721
2026-04-02 18:11:18.401 9 INFO neutron.plugins.ml2.drivers.ovn.mech_driver.mech_driver [None req-b4901e0c-03bf-410e-8857-74d5ce193ef2 - - - - - -] OVN reports status up for port: ac245794-2a4d-4695-a633-68ab6e9d5ddb
2026-04-02 18:11:18.414 9 INFO neutron.plugins.ml2.plugin [None req-b4901e0c-03bf-410e-8857-74d5ce193ef2 - - - - - -] Attempt 1 to provision port ac245794-2a4d-4695-a633-68ab6e9d5ddb
2026-04-02 18:11:18.419 10 INFO neutron.db.ovn_revision_numbers_db [None req-ee568cb9-2156-4398-906b-09e00423071f a056779da5a14e2abaac4bf165ad74df 4e12d25640b942c9a9e74725c7076069 - - default default] Successfully bumped revision number for resource ac245794-2a4d-4695-a633-68ab6e9d5ddb (type: ports) to 1
2026-04-02 18:11:18.497 10 WARNING neutron.scheduler.dhcp_agent_scheduler [None req-ee568cb9-2156-4398-906b-09e00423071f a056779da5a14e2abaac4bf165ad74df 4e12d25640b942c9a9e74725c7076069 - - default default] No more DHCP agents
2026-04-02 18:11:18.498 10 WARNING neutron.api.rpc.agentnotifiers.dhcp_rpc_agent_api [None req-ee568cb9-2156-4398-906b-09e00423071f a056779da5a14e2abaac4bf165ad74df 4e12d25640b942c9a9e74725c7076069 - - default default] Unable to schedule network 044ded33-645a-4336-97af-fabd28b79bfc: no agents available; will retry on subsequent port and subnet creation events.
2026-04-02 18:11:18.623 9 WARNING neutron.scheduler.dhcp_agent_scheduler [None req-abfb9af6-0297-4583-a8c4-ab64e5aac103 f6a1016047494aafad7855a80a1a53af cfc04783a1744ece84690a375357168d - - default default] No more DHCP agents
2026-04-02 18:11:18.624 9 WARNING neutron.api.rpc.agentnotifiers.dhcp_rpc_agent_api [None req-abfb9af6-0297-4583-a8c4-ab64e5aac103 f6a1016047494aafad7855a80a1a53af cfc04783a1744ece84690a375357168d - - default default] Unable to schedule network 01cd64d3-5f44-49a4-af49-91bcc888d368: no agents available; will retry on subsequent port and subnet creation events.
2026-04-02 18:11:18.812 9 INFO neutron.db.ovn_revision_numbers_db [None req-abfb9af6-0297-4583-a8c4-ab64e5aac103 f6a1016047494aafad7855a80a1a53af cfc04783a1744ece84690a375357168d - - default default] Successfully bumped revision number for resource 3e13e1e7-295d-4f87-9c7a-32ad54b98df0 (type: ports) to 1
2026-04-02 18:11:18.844 10 INFO neutron.db.ovn_revision_numbers_db [None req-ee568cb9-2156-4398-906b-09e00423071f a056779da5a14e2abaac4bf165ad74df 4e12d25640b942c9a9e74725c7076069 - - default default] Successfully bumped revision number for resource ac245794-2a4d-4695-a633-68ab6e9d5ddb (type: router_ports) to 1
2026-04-02 18:11:18.849 10 INFO neutron.api.wsgi [None req-ee568cb9-2156-4398-906b-09e00423071f a056779da5a14e2abaac4bf165ad74df 4e12d25640b942c9a9e74725c7076069 - - default default] 10.0.0.191 "PUT /v2.0/routers/c19bae20-61d4-4afb-8ce4-76c4f231d90a/add_router_interface HTTP/1.1" status: 200 len: 503 time: 1.7668018
2026-04-02 18:11:18.917 10 INFO neutron.api.wsgi [None req-a093612a-d50a-471c-bc83-f90bf664e7d2 34ab94b8e2774d50a18d77ee3f4f1279 d7f5dba98f2a4562ad3e11983ff7271a - - default default] 10.0.0.191 "GET /v2.0/networks HTTP/1.1" status: 200 len: 7002 time: 0.0607014
2026-04-02 18:11:18.970 10 INFO neutron.api.wsgi [None req-1e05deae-2527-46cf-9ce6-abe3d5a39fe1 34ab94b8e2774d50a18d77ee3f4f1279 d7f5dba98f2a4562ad3e11983ff7271a - - default default] 10.0.0.191 "GET /v2.0/subnets HTTP/1.1" status: 200 len: 7728 time: 0.0465581
2026-04-02 18:11:19.036 10 INFO neutron.api.wsgi [None req-6ec60280-bad2-4588-8795-f245009375cf 34ab94b8e2774d50a18d77ee3f4f1279 d7f5dba98f2a4562ad3e11983ff7271a - - default default] 10.0.0.191 "GET /v2.0/routers HTTP/1.1" status: 200 len: 4044 time: 0.0624382
2026-04-02 18:11:19.092 10 WARNING neutron_lib.context [None req-abb04a82-0852-49f7-bb6d-5849c3492590 a056779da5a14e2abaac4bf165ad74df 4e12d25640b942c9a9e74725c7076069 - - default default] Method 'is_advsvc' is deprecated since 2023.2 release (neutron-lib 3.8.0) and will be removed once support for the old RBAC API policies will be removed from Neutron. Please use method 'is_service_role' instead.
2026-04-02 18:11:19.127 9 INFO neutron.api.wsgi [req-d26b7ada-2bf8-473b-9082-ed01da08d877 req-8ed191d2-599e-4537-9e63-ab9570767474 3a82b60192a44ce692983d89ab1d8f71 0ee08e6d564b452db288604cc7189d60 - - default default] 199.19.213.133 "GET /v2.0/networks?id=5ff8952d-2eaa-4917-b750-023f734243fc HTTP/1.1" status: 200 len: 872 time: 0.1632223
2026-04-02 18:11:19.148 9 WARNING neutron_lib.context [req-d26b7ada-2bf8-473b-9082-ed01da08d877 req-39ea88f1-5ab9-413e-9d8b-158fa904a8ee 3a82b60192a44ce692983d89ab1d8f71 0ee08e6d564b452db288604cc7189d60 - - default default] Method 'is_advsvc' is deprecated since 2023.2 release (neutron-lib 3.8.0) and will be removed once support for the old RBAC API policies will be removed from Neutron. Please use method 'is_service_role' instead.
2026-04-02 18:11:19.194 9 INFO neutron.db.ovn_revision_numbers_db [None req-b4901e0c-03bf-410e-8857-74d5ce193ef2 - - - - - -] Successfully bumped revision number for resource ac245794-2a4d-4695-a633-68ab6e9d5ddb (type: ports) to 2
2026-04-02 18:11:19.214 10 INFO neutron.db.ovn_revision_numbers_db [None req-abb04a82-0852-49f7-bb6d-5849c3492590 a056779da5a14e2abaac4bf165ad74df 4e12d25640b942c9a9e74725c7076069 - - default default] Successfully bumped revision number for resource 2d546fc9-70c6-430b-80f6-ac4dfefd5d94 (type: security_groups) to 1
2026-04-02 18:11:19.225 10 INFO neutron.db.ovn_revision_numbers_db [None req-abb04a82-0852-49f7-bb6d-5849c3492590 a056779da5a14e2abaac4bf165ad74df 4e12d25640b942c9a9e74725c7076069 - - default default] Successfully bumped revision number for resource 0b010bef-98ab-45e8-b17e-59d583660752 (type: security_group_rules) to 0
2026-04-02 18:11:19.239 10 INFO neutron.db.ovn_revision_numbers_db [None req-abb04a82-0852-49f7-bb6d-5849c3492590 a056779da5a14e2abaac4bf165ad74df 4e12d25640b942c9a9e74725c7076069 - - default default] Successfully bumped revision number for resource b624db3b-a632-4afa-9b3a-fc344f3859d9 (type: security_group_rules) to 0
2026-04-02 18:11:19.276 10 INFO neutron.api.wsgi [None req-abb04a82-0852-49f7-bb6d-5849c3492590 a056779da5a14e2abaac4bf165ad74df 4e12d25640b942c9a9e74725c7076069 - - default default] 10.0.0.191 "POST /v2.0/security-groups HTTP/1.1" status: 201 len: 1875 time: 0.1897988
2026-04-02 18:11:19.285 10 WARNING neutron_lib.context [None req-9d8c9f84-b0b6-4876-813a-6c3b40ab672e a056779da5a14e2abaac4bf165ad74df 4e12d25640b942c9a9e74725c7076069 - - default default] Method 'is_advsvc' is deprecated since 2023.2 release (neutron-lib 3.8.0) and will be removed once support for the old RBAC API policies will be removed from Neutron. Please use method 'is_service_role' instead.
2026-04-02 18:11:19.410 10 INFO neutron.db.ovn_revision_numbers_db [None req-9d8c9f84-b0b6-4876-813a-6c3b40ab672e a056779da5a14e2abaac4bf165ad74df 4e12d25640b942c9a9e74725c7076069 - - default default] Successfully bumped revision number for resource 3ba64278-5137-4ece-874c-1bf3ce438c6f (type: security_group_rules) to 0
2026-04-02 18:11:19.436 9 INFO neutron.api.wsgi [req-2e37c338-1e87-4a3c-ae5c-ec2fc8894bac req-e3174874-5bb9-4885-90d3-142972263498 3a82b60192a44ce692983d89ab1d8f71 0ee08e6d564b452db288604cc7189d60 - - default default] 10.0.0.14 "GET /v2.0/ports?device_id=09682153-21e0-45a5-be02-14ae5b0f59b3 HTTP/1.1" status: 200 len: 210 time: 0.0291429
