2026-04-02 18:13:51.836 9 INFO neutron.db.ovn_revision_numbers_db [None req-ecd4747f-657f-4a16-b051-89e5f56b2b8d 08237c7375924e98ac3c18d3a60a2a75 4fc3164e2db44371b06afe5f7c9cf666 - - default default] Successfully bumped revision number for resource d91d4dd6-87d1-4fa5-96a9-c48018ba74a7 (type: security_group_rules) to 0
2026-04-02 18:13:51.850 10 INFO neutron.db.ovn_revision_numbers_db [None req-ffb70d57-dd17-408b-af5f-5d3970939ec0 - - - - - -] Successfully bumped revision number for resource 72741eea-c163-4e33-aa47-4d22f37130b6 (type: subnets) to 0
2026-04-02 18:13:51.852 9 INFO neutron.db.ovn_revision_numbers_db [None req-ecd4747f-657f-4a16-b051-89e5f56b2b8d 08237c7375924e98ac3c18d3a60a2a75 4fc3164e2db44371b06afe5f7c9cf666 - - default default] Successfully bumped revision number for resource f368621f-a242-4484-8cc9-da3da648203f (type: security_group_rules) to 0
2026-04-02 18:13:51.867 10 INFO neutron.api.wsgi [None req-ac8958d0-507b-438d-8887-6fdc37cdeaee 021bf16c90f34839995dc4ce7a938a4a 6826b6cf57374e6db400fe52b3d21e8d - - default default] 10.0.0.191 "POST /v2.0/subnets HTTP/1.1" status: 201 len: 828 time: 0.8085430
2026-04-02 18:13:51.875 10 WARNING neutron_lib.context [None req-4423b80d-1b11-416f-84f8-22d39f98f625 021bf16c90f34839995dc4ce7a938a4a 6826b6cf57374e6db400fe52b3d21e8d - - default default] Method 'is_advsvc' is deprecated since 2023.2 release (neutron-lib 3.8.0) and will be removed once support for the old RBAC API policies will be removed from Neutron. Please use method 'is_service_role' instead.
2026-04-02 18:13:51.995 9 INFO neutron.db.ovn_revision_numbers_db [None req-ecd4747f-657f-4a16-b051-89e5f56b2b8d 08237c7375924e98ac3c18d3a60a2a75 4fc3164e2db44371b06afe5f7c9cf666 - - default default] Successfully bumped revision number for resource 93cb873c-fb9b-4c20-9344-1cec27cb63f3 (type: security_groups) to 1
2026-04-02 18:13:52.009 9 INFO neutron.db.ovn_revision_numbers_db [None req-ecd4747f-657f-4a16-b051-89e5f56b2b8d 08237c7375924e98ac3c18d3a60a2a75 4fc3164e2db44371b06afe5f7c9cf666 - - default default] Successfully bumped revision number for resource 2cad6e46-e3c3-4b18-b9c9-92c7fcce2983 (type: security_group_rules) to 0
2026-04-02 18:13:52.024 9 INFO neutron.db.ovn_revision_numbers_db [None req-ecd4747f-657f-4a16-b051-89e5f56b2b8d 08237c7375924e98ac3c18d3a60a2a75 4fc3164e2db44371b06afe5f7c9cf666 - - default default] Successfully bumped revision number for resource d100f84a-b17c-4bf9-b6b8-d7b96532c974 (type: security_group_rules) to 0
2026-04-02 18:13:52.080 9 INFO neutron.api.wsgi [None req-ecd4747f-657f-4a16-b051-89e5f56b2b8d 08237c7375924e98ac3c18d3a60a2a75 4fc3164e2db44371b06afe5f7c9cf666 - - default default] 10.0.0.191 "POST /v2.0/security-groups HTTP/1.1" status: 201 len: 1803 time: 0.6622505
2026-04-02 18:13:52.120 9 INFO neutron.api.wsgi [None req-92865228-29d4-4558-83b6-74c83f3d51e9 08237c7375924e98ac3c18d3a60a2a75 4fc3164e2db44371b06afe5f7c9cf666 - - default default] 10.0.0.191 "PUT /v2.0/security-groups/93cb873c-fb9b-4c20-9344-1cec27cb63f3/tags HTTP/1.1" status: 200 len: 218 time: 0.0335121
2026-04-02 18:13:52.146 9 INFO neutron.api.wsgi [None req-6908655c-faf9-406c-81a1-2a3db53823ed 08237c7375924e98ac3c18d3a60a2a75 4fc3164e2db44371b06afe5f7c9cf666 - - default default] 10.0.0.191 "GET /v2.0/security-groups/93cb873c-fb9b-4c20-9344-1cec27cb63f3/tags HTTP/1.1" status: 200 len: 218 time: 0.0189488
2026-04-02 18:13:52.186 9 INFO neutron.api.wsgi [None req-14d69eb5-6b4e-4da2-a8e1-05521a8af4eb 08237c7375924e98ac3c18d3a60a2a75 4fc3164e2db44371b06afe5f7c9cf666 - - default default] 10.0.0.191 "PUT /v2.0/security-groups/93cb873c-fb9b-4c20-9344-1cec27cb63f3/tags/green HTTP/1.1" status: 201 len: 201 time: 0.0352211
2026-04-02 18:13:52.213 9 INFO neutron.api.wsgi [None req-31684a6f-13a5-4c51-9d33-90311b0f2ec6 08237c7375924e98ac3c18d3a60a2a75 4fc3164e2db44371b06afe5f7c9cf666 - - default default] 10.0.0.191 "GET /v2.0/security-groups/93cb873c-fb9b-4c20-9344-1cec27cb63f3/tags HTTP/1.1" status: 200 len: 227 time: 0.0219581
2026-04-02 18:13:52.240 9 INFO neutron.api.wsgi [None req-fcb5ce02-472a-4831-8a14-99d37165421a 08237c7375924e98ac3c18d3a60a2a75 4fc3164e2db44371b06afe5f7c9cf666 - - default default] 10.0.0.191 "PUT /v2.0/security-groups/93cb873c-fb9b-4c20-9344-1cec27cb63f3/tags/red HTTP/1.1" status: 201 len: 201 time: 0.0206633
2026-04-02 18:13:52.248 10 WARNING neutron.scheduler.dhcp_agent_scheduler [None req-4423b80d-1b11-416f-84f8-22d39f98f625 021bf16c90f34839995dc4ce7a938a4a 6826b6cf57374e6db400fe52b3d21e8d - - default default] No more DHCP agents
2026-04-02 18:13:52.249 10 WARNING neutron.api.rpc.agentnotifiers.dhcp_rpc_agent_api [None req-4423b80d-1b11-416f-84f8-22d39f98f625 021bf16c90f34839995dc4ce7a938a4a 6826b6cf57374e6db400fe52b3d21e8d - - default default] Unable to schedule network 01cd64d3-5f44-49a4-af49-91bcc888d368: no agents available; will retry on subsequent port and subnet creation events.
2026-04-02 18:13:52.262 9 INFO neutron.api.wsgi [None req-88d92ffb-a60f-4176-8c5a-36c977432b57 08237c7375924e98ac3c18d3a60a2a75 4fc3164e2db44371b06afe5f7c9cf666 - - default default] 10.0.0.191 "GET /v2.0/security-groups/93cb873c-fb9b-4c20-9344-1cec27cb63f3/tags HTTP/1.1" status: 200 len: 227 time: 0.0164318
2026-04-02 18:13:52.302 9 INFO neutron.api.wsgi [None req-d02d77fc-b243-4a38-b505-3ab43c237bbe 08237c7375924e98ac3c18d3a60a2a75 4fc3164e2db44371b06afe5f7c9cf666 - - default default] 10.0.0.191 "PUT /v2.0/security-groups/93cb873c-fb9b-4c20-9344-1cec27cb63f3/tags/black.or.white HTTP/1.1" status: 201 len: 201 time: 0.0352552
2026-04-02 18:13:52.325 9 INFO neutron.api.wsgi [None req-a5037190-751f-4f0e-8653-4e68efb598b2 08237c7375924e98ac3c18d3a60a2a75 4fc3164e2db44371b06afe5f7c9cf666 - - default default] 10.0.0.191 "GET /v2.0/security-groups/93cb873c-fb9b-4c20-9344-1cec27cb63f3/tags HTTP/1.1" status: 200 len: 245 time: 0.0179996
2026-04-02 18:13:52.366 9 INFO neutron.api.wsgi [None req-e1afb9b2-9734-4ae7-8a06-2351a9e4c69a 08237c7375924e98ac3c18d3a60a2a75 4fc3164e2db44371b06afe5f7c9cf666 - - default default] 10.0.0.191 "PUT /v2.0/security-groups/93cb873c-fb9b-4c20-9344-1cec27cb63f3/tags HTTP/1.1" status: 200 len: 230 time: 0.0341916
2026-04-02 18:13:52.375 10 INFO neutron.db.ovn_revision_numbers_db [None req-4423b80d-1b11-416f-84f8-22d39f98f625 021bf16c90f34839995dc4ce7a938a4a 6826b6cf57374e6db400fe52b3d21e8d - - default default] Successfully bumped revision number for resource 4259e9d4-f2cc-4f86-8d96-a112024aa70d (type: ports) to 1
2026-04-02 18:13:52.390 9 INFO neutron.api.wsgi [None req-929ccd5c-27a5-4664-8743-b4bf90a217ee 08237c7375924e98ac3c18d3a60a2a75 4fc3164e2db44371b06afe5f7c9cf666 - - default default] 10.0.0.191 "GET /v2.0/security-groups/93cb873c-fb9b-4c20-9344-1cec27cb63f3/tags HTTP/1.1" status: 200 len: 230 time: 0.0183067
2026-04-02 18:13:52.420 10 INFO neutron.api.wsgi [None req-b98a5327-79de-470f-91b6-b513e386bbe2 08237c7375924e98ac3c18d3a60a2a75 4fc3164e2db44371b06afe5f7c9cf666 - - default default] 10.0.0.191 "GET /v2.0/security-groups/93cb873c-fb9b-4c20-9344-1cec27cb63f3/tags/red HTTP/1.1" status: 204 len: 168 time: 0.0250261
2026-04-02 18:13:52.444 9 INFO neutron.api.v2.resource [None req-7e5243e8-0f23-4204-acd2-8f5207b4928d 08237c7375924e98ac3c18d3a60a2a75 4fc3164e2db44371b06afe5f7c9cf666 - - default default] show failed (client error): The resource could not be found.
2026-04-02 18:13:52.445 9 INFO neutron.api.wsgi [None req-7e5243e8-0f23-4204-acd2-8f5207b4928d 08237c7375924e98ac3c18d3a60a2a75 4fc3164e2db44371b06afe5f7c9cf666 - - default default] 10.0.0.191 "GET /v2.0/security-groups/93cb873c-fb9b-4c20-9344-1cec27cb63f3/tags/green HTTP/1.1" status: 404 len: 299 time: 0.0198350
2026-04-02 18:13:52.478 9 INFO neutron.api.wsgi [None req-aa49f43f-cdf6-4922-a48b-c97f61a85479 08237c7375924e98ac3c18d3a60a2a75 4fc3164e2db44371b06afe5f7c9cf666 - - default default] 10.0.0.191 "DELETE /v2.0/security-groups/93cb873c-fb9b-4c20-9344-1cec27cb63f3/tags/red HTTP/1.1" status: 204 len: 168 time: 0.0290706
2026-04-02 18:13:52.501 9 INFO neutron.api.wsgi [None req-6317b66f-37e0-4d18-ad6f-c32cfedb9e81 08237c7375924e98ac3c18d3a60a2a75 4fc3164e2db44371b06afe5f7c9cf666 - - default default] 10.0.0.191 "GET /v2.0/security-groups/93cb873c-fb9b-4c20-9344-1cec27cb63f3/tags HTTP/1.1" status: 200 len: 223 time: 0.0178304
2026-04-02 18:13:52.526 9 INFO neutron.api.v2.resource [None req-428f578a-ded4-4d6f-ba58-5ac114c89f94 08237c7375924e98ac3c18d3a60a2a75 4fc3164e2db44371b06afe5f7c9cf666 - - default default] delete failed (client error): The resource could not be found.
2026-04-02 18:13:52.527 9 INFO neutron.api.wsgi [None req-428f578a-ded4-4d6f-ba58-5ac114c89f94 08237c7375924e98ac3c18d3a60a2a75 4fc3164e2db44371b06afe5f7c9cf666 - - default default] 10.0.0.191 "DELETE /v2.0/security-groups/93cb873c-fb9b-4c20-9344-1cec27cb63f3/tags/green HTTP/1.1" status: 404 len: 299 time: 0.0204718
2026-04-02 18:13:52.566 9 INFO neutron.api.wsgi [None req-cdf4275d-6ba8-4686-8f02-ea3170a66c60 08237c7375924e98ac3c18d3a60a2a75 4fc3164e2db44371b06afe5f7c9cf666 - - default default] 10.0.0.191 "DELETE /v2.0/security-groups/93cb873c-fb9b-4c20-9344-1cec27cb63f3/tags HTTP/1.1" status: 204 len: 168 time: 0.0332146
2026-04-02 18:13:52.588 9 INFO neutron.api.wsgi [None req-ad9ade4b-e16f-458e-aa39-53a6d6e2d228 08237c7375924e98ac3c18d3a60a2a75 4fc3164e2db44371b06afe5f7c9cf666 - - default default] 10.0.0.191 "GET /v2.0/security-groups/93cb873c-fb9b-4c20-9344-1cec27cb63f3/tags HTTP/1.1" status: 200 len: 205 time: 0.0174191
2026-04-02 18:13:52.941 10 INFO neutron.api.wsgi [None req-30ee3e0f-99b4-46d0-a7a9-67362333799b 08237c7375924e98ac3c18d3a60a2a75 4fc3164e2db44371b06afe5f7c9cf666 - - default default] 10.0.0.191 "DELETE /v2.0/security-groups/93cb873c-fb9b-4c20-9344-1cec27cb63f3 HTTP/1.1" status: 204 len: 168 time: 0.3440366
2026-04-02 18:13:53.187 10 INFO neutron.plugins.ml2.drivers.ovn.mech_driver.ovsdb.commands [None req-a500e351-2feb-4399-ab09-998e3b26f4ac - - - - - -] Schedule LRP lrp-4259e9d4-f2cc-4f86-8d96-a112024aa70d on gateway 6e34f127-4aeb-4395-bca0-4bf18ef541b5 with priority 1
2026-04-02 18:13:53.206 10 INFO neutron.plugins.ml2.drivers.ovn.mech_driver.mech_driver [None req-56c17846-7155-4281-b180-17ca86f06139 - - - - - -] OVN reports status up for port: 4259e9d4-f2cc-4f86-8d96-a112024aa70d
2026-04-02 18:13:53.217 10 INFO neutron.plugins.ml2.plugin [None req-56c17846-7155-4281-b180-17ca86f06139 - - - - - -] Attempt 1 to provision port 4259e9d4-f2cc-4f86-8d96-a112024aa70d
2026-04-02 18:13:53.231 10 INFO neutron.db.ovn_revision_numbers_db [None req-4423b80d-1b11-416f-84f8-22d39f98f625 021bf16c90f34839995dc4ce7a938a4a 6826b6cf57374e6db400fe52b3d21e8d - - default default] Successfully bumped revision number for resource 4259e9d4-f2cc-4f86-8d96-a112024aa70d (type: router_ports) to 1
2026-04-02 18:13:53.311 10 INFO neutron.db.ovn_revision_numbers_db [None req-4423b80d-1b11-416f-84f8-22d39f98f625 021bf16c90f34839995dc4ce7a938a4a 6826b6cf57374e6db400fe52b3d21e8d - - default default] Successfully bumped revision number for resource 16ab3989-0149-4c7c-8603-bbbc6f408f7d (type: routers) to 2
2026-04-02 18:13:53.329 10 INFO neutron.api.wsgi [None req-4423b80d-1b11-416f-84f8-22d39f98f625 021bf16c90f34839995dc4ce7a938a4a 6826b6cf57374e6db400fe52b3d21e8d - - default default] 10.0.0.191 "POST /v2.0/routers HTTP/1.1" status: 201 len: 1136 time: 1.4581771
2026-04-02 18:13:53.622 9 INFO neutron.api.wsgi [None req-450e225e-9c6b-4b58-8c83-2a99c4eec69e 15ac08b292f84221bdb7fa15f1fca821 64192436849b41b8b4ae850920ef1780 - - default default] 10.0.0.71 "GET /v2.0/extensions/security-group HTTP/1.1" status: 200 len: 369 time: 0.0040178
2026-04-02 18:13:53.633 9 INFO neutron.api.wsgi [None req-0daa098d-d5ea-4adf-992c-7cea2ea8b15c 15ac08b292f84221bdb7fa15f1fca821 64192436849b41b8b4ae850920ef1780 - - default default] 10.0.0.71 "GET /v2.0/extensions/dns-integration HTTP/1.1" status: 200 len: 371 time: 0.0037978
2026-04-02 18:13:53.644 9 INFO neutron.api.wsgi [None req-1a74a07a-068f-46d8-a960-4959ea195b1e 15ac08b292f84221bdb7fa15f1fca821 64192436849b41b8b4ae850920ef1780 - - default default] 10.0.0.71 "GET /v2.0/extensions/qos HTTP/1.1" status: 200 len: 365 time: 0.0054507
2026-04-02 18:13:53.653 9 INFO neutron.api.wsgi [None req-ef7e32fd-6edf-42df-bed0-b380d5c5c8f4 15ac08b292f84221bdb7fa15f1fca821 64192436849b41b8b4ae850920ef1780 - - default default] 10.0.0.71 "GET /v2.0/extensions/allowed-address-pairs HTTP/1.1" status: 200 len: 383 time: 0.0028641
2026-04-02 18:13:53.863 9 WARNING neutron.scheduler.dhcp_agent_scheduler [None req-bc08f06e-5e94-4c42-bca8-f66af70de9ae 021bf16c90f34839995dc4ce7a938a4a 6826b6cf57374e6db400fe52b3d21e8d - - default default] No more DHCP agents
2026-04-02 18:13:53.866 9 WARNING neutron.api.rpc.agentnotifiers.dhcp_rpc_agent_api [None req-bc08f06e-5e94-4c42-bca8-f66af70de9ae 021bf16c90f34839995dc4ce7a938a4a 6826b6cf57374e6db400fe52b3d21e8d - - default default] Unable to schedule network 1ffd67db-7f56-4184-86f3-ba2921128392: no agents available; will retry on subsequent port and subnet creation events.
2026-04-02 18:13:53.873 9 INFO neutron.db.ovn_revision_numbers_db [None req-0d3ab28f-b505-4055-8263-dbcb1c126dde 15ac08b292f84221bdb7fa15f1fca821 64192436849b41b8b4ae850920ef1780 - - default default] Successfully bumped revision number for resource 18b99397-6c7f-4973-9cba-5a523bb3db30 (type: security_groups) to 1
2026-04-02 18:13:53.886 9 INFO neutron.db.ovn_revision_numbers_db [None req-0d3ab28f-b505-4055-8263-dbcb1c126dde 15ac08b292f84221bdb7fa15f1fca821 64192436849b41b8b4ae850920ef1780 - - default default] Successfully bumped revision number for resource 2be85d8c-ad02-4f65-9479-020679f189d6 (type: security_group_rules) to 0
2026-04-02 18:13:53.902 9 INFO neutron.db.ovn_revision_numbers_db [None req-0d3ab28f-b505-4055-8263-dbcb1c126dde 15ac08b292f84221bdb7fa15f1fca821 64192436849b41b8b4ae850920ef1780 - - default default] Successfully bumped revision number for resource 7b3930fd-fe1a-42fb-b950-728eed34c5bd (type: security_group_rules) to 0
2026-04-02 18:13:53.916 9 INFO neutron.db.ovn_revision_numbers_db [None req-0d3ab28f-b505-4055-8263-dbcb1c126dde 15ac08b292f84221bdb7fa15f1fca821 64192436849b41b8b4ae850920ef1780 - - default default] Successfully bumped revision number for resource 7ef9749a-8d9b-40cb-a145-2fd6d4c8c181 (type: security_group_rules) to 0
2026-04-02 18:13:53.930 9 INFO neutron.db.ovn_revision_numbers_db [None req-0d3ab28f-b505-4055-8263-dbcb1c126dde 15ac08b292f84221bdb7fa15f1fca821 64192436849b41b8b4ae850920ef1780 - - default default] Successfully bumped revision number for resource ab9c60d2-3969-4caa-a41c-5254c79c4276 (type: security_group_rules) to 0
2026-04-02 18:13:53.978 9 INFO neutron.api.wsgi [None req-0d3ab28f-b505-4055-8263-dbcb1c126dde 15ac08b292f84221bdb7fa15f1fca821 64192436849b41b8b4ae850920ef1780 - - default default] 10.0.0.191 "GET /v2.0/security-groups?tenant_id=101f9d0e96224b1084ea8a2b99fb2123&name=default HTTP/1.1" status: 200 len: 3124 time: 0.3678348
2026-04-02 18:13:53.992 9 INFO neutron.api.wsgi [-] 10.0.0.71 "GET / HTTP/1.1" status: 200 len: 284 time: 0.0016136
2026-04-02 18:13:53.992 9 INFO neutron.db.ovn_revision_numbers_db [None req-bc08f06e-5e94-4c42-bca8-f66af70de9ae 021bf16c90f34839995dc4ce7a938a4a 6826b6cf57374e6db400fe52b3d21e8d - - default default] Successfully bumped revision number for resource 05c96e87-724e-429d-819e-9263d09585b2 (type: ports) to 1
2026-04-02 18:13:54.045 9 INFO neutron.api.wsgi [None req-2b5c851a-aee0-4bd0-a1a6-14c860c96afc f6a1016047494aafad7855a80a1a53af cfc04783a1744ece84690a375357168d - - default default] 10.0.0.71 "GET /v2.0/subnets/8c45ed59-497d-4266-a838-9e71bf9da6a8 HTTP/1.1" status: 200 len: 854 time: 0.0332084
2026-04-02 18:13:54.181 10 INFO neutron.api.wsgi [None req-f0158a48-9549-4a86-9250-ea5c00723660 15ac08b292f84221bdb7fa15f1fca821 64192436849b41b8b4ae850920ef1780 - - default default] 10.0.0.191 "DELETE /v2.0/security-groups/18b99397-6c7f-4973-9cba-5a523bb3db30 HTTP/1.1" status: 204 len: 168 time: 0.1967528
2026-04-02 18:13:54.339 9 INFO neutron.api.wsgi [None req-e297472c-03e9-4862-90a1-928429281b1e 15ac08b292f84221bdb7fa15f1fca821 64192436849b41b8b4ae850920ef1780 - - default default] 10.0.0.191 "GET /v2.0/security-groups?tenant_id=4fc3164e2db44371b06afe5f7c9cf666&name=default HTTP/1.1" status: 200 len: 3124 time: 0.0444038
2026-04-02 18:13:54.601 9 INFO neutron.api.wsgi [None req-c7e4bc5e-b7a4-4962-a6f9-3c3a3b118c97 15ac08b292f84221bdb7fa15f1fca821 64192436849b41b8b4ae850920ef1780 - - default default] 10.0.0.191 "DELETE /v2.0/security-groups/69ccc3c0-6778-47fb-a4e0-e22d6ebeb800 HTTP/1.1" status: 204 len: 168 time: 0.2560112
2026-04-02 18:13:54.680 9 INFO neutron.plugins.ml2.drivers.ovn.mech_driver.mech_driver [None req-be4b8981-e633-4f5b-a0c8-29347f7dc561 - - - - - -] OVN reports status up for port: 05c96e87-724e-429d-819e-9263d09585b2
2026-04-02 18:13:54.689 9 INFO neutron.plugins.ml2.plugin [None req-be4b8981-e633-4f5b-a0c8-29347f7dc561 - - - - - -] Attempt 1 to provision port 05c96e87-724e-429d-819e-9263d09585b2
2026-04-02 18:13:54.699 9 INFO neutron.db.ovn_revision_numbers_db [None req-bc08f06e-5e94-4c42-bca8-f66af70de9ae 021bf16c90f34839995dc4ce7a938a4a 6826b6cf57374e6db400fe52b3d21e8d - - default default] Successfully bumped revision number for resource 05c96e87-724e-429d-819e-9263d09585b2 (type: ports) to 1
2026-04-02 18:13:54.752 9 WARNING neutron.scheduler.dhcp_agent_scheduler [None req-bc08f06e-5e94-4c42-bca8-f66af70de9ae 021bf16c90f34839995dc4ce7a938a4a 6826b6cf57374e6db400fe52b3d21e8d - - default default] No more DHCP agents
2026-04-02 18:13:54.756 9 WARNING neutron.api.rpc.agentnotifiers.dhcp_rpc_agent_api [None req-bc08f06e-5e94-4c42-bca8-f66af70de9ae 021bf16c90f34839995dc4ce7a938a4a 6826b6cf57374e6db400fe52b3d21e8d - - default default] Unable to schedule network 1ffd67db-7f56-4184-86f3-ba2921128392: no agents available; will retry on subsequent port and subnet creation events.
2026-04-02 18:13:55.039 9 INFO neutron.api.wsgi [None req-3c1a94bf-234a-488a-8d28-50b9232d88c8 15ac08b292f84221bdb7fa15f1fca821 64192436849b41b8b4ae850920ef1780 - - default default] 199.19.213.133 "GET /v2.0/extensions/security-group HTTP/1.1" status: 200 len: 369 time: 0.0046358
2026-04-02 18:13:55.048 9 INFO neutron.api.wsgi [None req-db2483c4-5a0f-4d79-8ef5-3d88067b3656 15ac08b292f84221bdb7fa15f1fca821 64192436849b41b8b4ae850920ef1780 - - default default] 199.19.213.133 "GET /v2.0/extensions/dns-integration HTTP/1.1" status: 200 len: 371 time: 0.0040860
2026-04-02 18:13:55.057 9 INFO neutron.api.wsgi [None req-114e14d0-1f0a-42c1-bf2a-935c8a7f046f 15ac08b292f84221bdb7fa15f1fca821 64192436849b41b8b4ae850920ef1780 - - default default] 199.19.213.133 "GET /v2.0/extensions/qos HTTP/1.1" status: 200 len: 365 time: 0.0035861
2026-04-02 18:13:55.069 9 INFO neutron.api.wsgi [None req-1262e896-1726-4526-b85b-bfe4dde3682b 15ac08b292f84221bdb7fa15f1fca821 64192436849b41b8b4ae850920ef1780 - - default default] 199.19.213.133 "GET /v2.0/extensions/allowed-address-pairs HTTP/1.1" status: 200 len: 383 time: 0.0037444
2026-04-02 18:13:55.109 9 INFO neutron.api.wsgi [None req-67f41d87-761f-46de-9587-2fb79d202c5d 15ac08b292f84221bdb7fa15f1fca821 64192436849b41b8b4ae850920ef1780 - - default default] 199.19.213.133 "GET /v2.0/subnets/8c45ed59-497d-4266-a838-9e71bf9da6a8 HTTP/1.1" status: 200 len: 872 time: 0.0325055
2026-04-02 18:13:55.126 9 INFO neutron.db.ovn_revision_numbers_db [None req-be4b8981-e633-4f5b-a0c8-29347f7dc561 - - - - - -] Successfully bumped revision number for resource 05c96e87-724e-429d-819e-9263d09585b2 (type: ports) to 2
2026-04-02 18:13:55.170 9 INFO neutron.api.wsgi [None req-a529b261-f56e-41b0-98ae-c609ae79bc69 15ac08b292f84221bdb7fa15f1fca821 64192436849b41b8b4ae850920ef1780 - - default default] 199.19.213.133 "GET /v2.0/ports?device_id=e7732eb5-4910-49ee-b6ac-364f3258e6d6 HTTP/1.1" status: 200 len: 2728 time: 0.0543149
2026-04-02 18:13:55.231 9 INFO neutron.db.ovn_revision_numbers_db [None req-bc08f06e-5e94-4c42-bca8-f66af70de9ae 021bf16c90f34839995dc4ce7a938a4a 6826b6cf57374e6db400fe52b3d21e8d - - default default] Successfully bumped revision number for resource 05c96e87-724e-429d-819e-9263d09585b2 (type: router_ports) to 1
2026-04-02 18:13:55.235 9 INFO neutron.api.wsgi [None req-bc08f06e-5e94-4c42-bca8-f66af70de9ae 021bf16c90f34839995dc4ce7a938a4a 6826b6cf57374e6db400fe52b3d21e8d - - default default] 10.0.0.191 "PUT /v2.0/routers/16ab3989-0149-4c7c-8603-bbbc6f408f7d/add_router_interface HTTP/1.1" status: 200 len: 503 time: 1.8991604
2026-04-02 18:13:55.244 9 WARNING neutron_lib.context [None req-5160ccda-45a3-4fd4-9f3d-4d3898cd4850 021bf16c90f34839995dc4ce7a938a4a 6826b6cf57374e6db400fe52b3d21e8d - - default default] Method 'is_advsvc' is deprecated since 2023.2 release (neutron-lib 3.8.0) and will be removed once support for the old RBAC API policies will be removed from Neutron. Please use method 'is_service_role' instead.
2026-04-02 18:13:55.311 9 INFO neutron.api.wsgi [None req-c541d1ea-612f-4865-b158-9f149552e708 15ac08b292f84221bdb7fa15f1fca821 64192436849b41b8b4ae850920ef1780 - - default default] 199.19.213.133 "GET /v2.0/extensions/security-group HTTP/1.1" status: 200 len: 369 time: 0.0068707
2026-04-02 18:13:55.320 9 INFO neutron.api.wsgi [None req-9f14b9b3-97d1-4066-a863-370bcaa3992b 15ac08b292f84221bdb7fa15f1fca821 64192436849b41b8b4ae850920ef1780 - - default default] 199.19.213.133 "GET /v2.0/extensions/dns-integration HTTP/1.1" status: 200 len: 371 time: 0.0055387
2026-04-02 18:13:55.326 9 INFO neutron.api.wsgi [None req-8c885ecd-51fc-447e-a0b2-9b6b1ee8748f 15ac08b292f84221bdb7fa15f1fca821 64192436849b41b8b4ae850920ef1780 - - default default] 199.19.213.133 "GET /v2.0/extensions/qos HTTP/1.1" status: 200 len: 365 time: 0.0027270
2026-04-02 18:13:55.611 9 INFO neutron.api.wsgi [None req-9bcb77d6-b0c8-4228-8b59-23e925284253 15ac08b292f84221bdb7fa15f1fca821 64192436849b41b8b4ae850920ef1780 - - default default] 199.19.213.133 "GET /v2.0/extensions/allowed-address-pairs HTTP/1.1" status: 200 len: 383 time: 0.0048425
2026-04-02 18:13:55.966 9 WARNING neutron.scheduler.dhcp_agent_scheduler [None req-102f02a6-c8dd-453c-9961-8fb6d8c2a4fb - - - - - -] No more DHCP agents
2026-04-02 18:13:55.967 9 WARNING neutron.api.rpc.agentnotifiers.dhcp_rpc_agent_api [None req-102f02a6-c8dd-453c-9961-8fb6d8c2a4fb - - - - - -] Unable to schedule network 01cd64d3-5f44-49a4-af49-91bcc888d368: no agents available; will retry on subsequent port and subnet creation events.
2026-04-02 18:13:56.094 9 INFO neutron.db.ovn_revision_numbers_db [None req-102f02a6-c8dd-453c-9961-8fb6d8c2a4fb - - - - - -] Successfully bumped revision number for resource a6a6876e-0f41-46b3-ae67-531af64fd036 (type: ports) to 1
2026-04-02 18:13:56.333 9 INFO neutron.db.ovn_revision_numbers_db [None req-102f02a6-c8dd-453c-9961-8fb6d8c2a4fb - - - - - -] Successfully bumped revision number for resource a6a6876e-0f41-46b3-ae67-531af64fd036 (type: ports) to 3
2026-04-02 18:13:56.401 9 INFO neutron.db.segments_db [None req-102f02a6-c8dd-453c-9961-8fb6d8c2a4fb - - - - - -] Added segment 6d14b83b-7276-4f1a-9bf8-8215dd3ef2b7 of type geneve for network bd43f199-4410-490b-ba70-3a4f429d39ad
2026-04-02 18:13:56.537 9 INFO neutron.db.ovn_revision_numbers_db [None req-a9abe8b4-4c94-4ad1-8709-d6bb69c233d8 - - - - - -] Successfully bumped revision number for resource bd43f199-4410-490b-ba70-3a4f429d39ad (type: networks) to 1
2026-04-02 18:13:56.696 9 WARNING neutron.scheduler.dhcp_agent_scheduler [None req-a9abe8b4-4c94-4ad1-8709-d6bb69c233d8 - - - - - -] No more DHCP agents
2026-04-02 18:13:56.702 9 WARNING neutron.api.rpc.agentnotifiers.dhcp_rpc_agent_api [None req-a9abe8b4-4c94-4ad1-8709-d6bb69c233d8 - - - - - -] Unable to schedule network bd43f199-4410-490b-ba70-3a4f429d39ad: no agents available; will retry on subsequent port and subnet creation events.
2026-04-02 18:13:56.722 10 INFO neutron.api.wsgi [req-c4609eed-83c6-4806-8723-28b076c8a6f8 req-829c77cc-fc1f-4fae-8d1a-dc9eede123b1 613f559da1814c56a288b8c617095f66 7c9d33315b5a4682b8fd10e638a7ce86 - - fc6e22571bdd4990a4cb50c180567519 fc6e22571bdd4990a4cb50c180567519] 199.19.213.133 "GET /v2.0/networks/87900399-4c73-4481-ae10-986d27a38d33?fields=segments HTTP/1.1" status: 200 len: 212 time: 0.0435984
2026-04-02 18:13:56.790 10 INFO neutron.api.wsgi [req-c4609eed-83c6-4806-8723-28b076c8a6f8 req-f0b19f96-2157-4e7c-b8ae-04daf2cc5ba0 613f559da1814c56a288b8c617095f66 7c9d33315b5a4682b8fd10e638a7ce86 - - fc6e22571bdd4990a4cb50c180567519 fc6e22571bdd4990a4cb50c180567519] 199.19.213.133 "GET /v2.0/networks/87900399-4c73-4481-ae10-986d27a38d33?fields=provider%3Aphysical_network&fields=provider%3Anetwork_type HTTP/1.1" status: 200 len: 277 time: 0.0628688
2026-04-02 18:13:56.816 9 INFO neutron.db.ovn_revision_numbers_db [None req-a9abe8b4-4c94-4ad1-8709-d6bb69c233d8 - - - - - -] Successfully bumped revision number for resource 3ecb5e6a-b461-4347-acdf-708512254f6b (type: ports) to 1
2026-04-02 18:13:56.980 9 WARNING neutron.scheduler.dhcp_agent_scheduler [None req-a9abe8b4-4c94-4ad1-8709-d6bb69c233d8 - - - - - -] No more DHCP agents
2026-04-02 18:13:56.982 9 WARNING neutron.api.rpc.agentnotifiers.dhcp_rpc_agent_api [None req-a9abe8b4-4c94-4ad1-8709-d6bb69c233d8 - - - - - -] Unable to schedule network bd43f199-4410-490b-ba70-3a4f429d39ad: no agents available; will retry on subsequent port and subnet creation events.
2026-04-02 18:13:57.010 9 INFO neutron.db.ovn_revision_numbers_db [None req-a9abe8b4-4c94-4ad1-8709-d6bb69c233d8 - - - - - -] Successfully bumped revision number for resource 20b01af7-623a-47ba-8215-70253c9c7f23 (type: subnets) to 0
2026-04-02 18:13:57.346 10 INFO neutron.api.wsgi [req-c4609eed-83c6-4806-8723-28b076c8a6f8 req-e0798f3d-3240-4fab-af5d-abe2473df957 15ac08b292f84221bdb7fa15f1fca821 64192436849b41b8b4ae850920ef1780 - - default default] 199.19.213.133 "GET /v2.0/networks?id=87900399-4c73-4481-ae10-986d27a38d33 HTTP/1.1" status: 200 len: 1002 time: 0.0444000
2026-04-02 18:13:57.442 9 WARNING neutron.scheduler.dhcp_agent_scheduler [None req-a9abe8b4-4c94-4ad1-8709-d6bb69c233d8 - - - - - -] No more DHCP agents
2026-04-02 18:13:57.443 9 WARNING neutron.api.rpc.agentnotifiers.dhcp_rpc_agent_api [None req-a9abe8b4-4c94-4ad1-8709-d6bb69c233d8 - - - - - -] Unable to schedule network bd43f199-4410-490b-ba70-3a4f429d39ad: no agents available; will retry on subsequent port and subnet creation events.
2026-04-02 18:13:57.573 9 INFO neutron.db.ovn_revision_numbers_db [None req-a9abe8b4-4c94-4ad1-8709-d6bb69c233d8 - - - - - -] Successfully bumped revision number for resource 0df99d72-3744-4379-a615-513603c19c55 (type: ports) to 1
2026-04-02 18:13:57.625 10 WARNING neutron.scheduler.dhcp_agent_scheduler [req-c4609eed-83c6-4806-8723-28b076c8a6f8 req-6960de2d-ae35-41d8-9c7c-6d5ffe550d92 15ac08b292f84221bdb7fa15f1fca821 64192436849b41b8b4ae850920ef1780 - - default default] No more DHCP agents
2026-04-02 18:13:57.626 10 WARNING neutron.api.rpc.agentnotifiers.dhcp_rpc_agent_api [req-c4609eed-83c6-4806-8723-28b076c8a6f8 req-6960de2d-ae35-41d8-9c7c-6d5ffe550d92 15ac08b292f84221bdb7fa15f1fca821 64192436849b41b8b4ae850920ef1780 - - default default] Unable to schedule network 87900399-4c73-4481-ae10-986d27a38d33: no agents available; will retry on subsequent port and subnet creation events.
2026-04-02 18:13:57.751 10 INFO neutron.db.ovn_revision_numbers_db [req-c4609eed-83c6-4806-8723-28b076c8a6f8 req-6960de2d-ae35-41d8-9c7c-6d5ffe550d92 15ac08b292f84221bdb7fa15f1fca821 64192436849b41b8b4ae850920ef1780 - - default default] Successfully bumped revision number for resource beeacad7-4e80-4370-8ea6-d07796c4cf8b (type: ports) to 1
2026-04-02 18:13:57.775 10 INFO neutron.api.wsgi [req-c4609eed-83c6-4806-8723-28b076c8a6f8 req-6960de2d-ae35-41d8-9c7c-6d5ffe550d92 15ac08b292f84221bdb7fa15f1fca821 64192436849b41b8b4ae850920ef1780 - - default default] 199.19.213.133 "POST /v2.0/ports HTTP/1.1" status: 201 len: 1504 time: 0.4237390 /var/lib/openstack/lib/python3.12/site-packages/pycadf/identifier.py:71: UserWarning: Invalid uuid: neutron. To ensure interoperability, identifiers should be a valid uuid. warnings.warn(('Invalid uuid: %s. To ensure interoperability, '
2026-04-02 18:13:58.108 10 INFO neutron.db.ovn_revision_numbers_db [req-c4609eed-83c6-4806-8723-28b076c8a6f8 req-9d9a6c37-83a3-499d-b595-f505fa9fe498 613f559da1814c56a288b8c617095f66 7c9d33315b5a4682b8fd10e638a7ce86 - - fc6e22571bdd4990a4cb50c180567519 fc6e22571bdd4990a4cb50c180567519] Successfully bumped revision number for resource beeacad7-4e80-4370-8ea6-d07796c4cf8b (type: ports) to 2
2026-04-02 18:13:58.202 9 INFO neutron.db.ovn_revision_numbers_db [None req-a9abe8b4-4c94-4ad1-8709-d6bb69c233d8 - - - - - -] Successfully bumped revision number for resource 0df99d72-3744-4379-a615-513603c19c55 (type: ports) to 1
2026-04-02 18:13:58.244 10 WARNING neutron.plugins.ml2.drivers.ovn.mech_driver.ovsdb.ovn_client [None req-56c17846-7155-4281-b180-17ca86f06139 - - - - - -] No hosting information found for port 4259e9d4-f2cc-4f86-8d96-a112024aa70d: RuntimeError: No hosting information found for port 4259e9d4-f2cc-4f86-8d96-a112024aa70d
2026-04-02 18:13:58.245 10 INFO neutron.plugins.ml2.drivers.ovn.mech_driver.mech_driver [None req-56c17846-7155-4281-b180-17ca86f06139 - - - - - -] OVN reports status up for port: 0df99d72-3744-4379-a615-513603c19c55
2026-04-02 18:13:58.250 10 INFO neutron.plugins.ml2.plugin [None req-56c17846-7155-4281-b180-17ca86f06139 - - - - - -] Attempt 1 to provision port 0df99d72-3744-4379-a615-513603c19c55
2026-04-02 18:13:58.278 9 WARNING neutron.scheduler.dhcp_agent_scheduler [None req-a9abe8b4-4c94-4ad1-8709-d6bb69c233d8 - - - - - -] No more DHCP agents
2026-04-02 18:13:58.280 9 WARNING neutron.api.rpc.agentnotifiers.dhcp_rpc_agent_api [None req-a9abe8b4-4c94-4ad1-8709-d6bb69c233d8 - - - - - -] Unable to schedule network bd43f199-4410-490b-ba70-3a4f429d39ad: no agents available; will retry on subsequent port and subnet creation events.
2026-04-02 18:13:58.346 10 INFO neutron.db.ovn_revision_numbers_db [req-c4609eed-83c6-4806-8723-28b076c8a6f8 req-9d9a6c37-83a3-499d-b595-f505fa9fe498 613f559da1814c56a288b8c617095f66 7c9d33315b5a4682b8fd10e638a7ce86 - - fc6e22571bdd4990a4cb50c180567519 fc6e22571bdd4990a4cb50c180567519] Successfully bumped revision number for resource beeacad7-4e80-4370-8ea6-d07796c4cf8b (type: ports) to 4
2026-04-02 18:13:58.369 10 INFO neutron.api.wsgi [req-c4609eed-83c6-4806-8723-28b076c8a6f8 req-9d9a6c37-83a3-499d-b595-f505fa9fe498 613f559da1814c56a288b8c617095f66 7c9d33315b5a4682b8fd10e638a7ce86 - - fc6e22571bdd4990a4cb50c180567519 fc6e22571bdd4990a4cb50c180567519] 199.19.213.133 "PUT /v2.0/ports/beeacad7-4e80-4370-8ea6-d07796c4cf8b HTTP/1.1" status: 200 len: 1629 time: 0.5880845
2026-04-02 18:13:58.407 10 INFO neutron.notifiers.nova [-] Nova event matching ['req-5973693d-2d27-4e60-9b71-505fcf5ae2a3'] response: {'name': 'network-changed', 'server_uuid': 'e7732eb5-4910-49ee-b6ac-364f3258e6d6', 'tag': 'beeacad7-4e80-4370-8ea6-d07796c4cf8b', 'status': 'completed', 'code': 200}
2026-04-02 18:13:58.592 10 INFO neutron.db.ovn_revision_numbers_db [None req-56c17846-7155-4281-b180-17ca86f06139 - - - - - -] Successfully bumped revision number for resource 0df99d72-3744-4379-a615-513603c19c55 (type: ports) to 2 /var/lib/openstack/lib/python3.12/site-packages/pycadf/identifier.py:71: UserWarning: Invalid uuid: neutron. To ensure interoperability, identifiers should be a valid uuid. warnings.warn(('Invalid uuid: %s. To ensure interoperability, '
2026-04-02 18:13:58.962 10 INFO neutron.api.wsgi [req-5a6dd5c1-8130-4f58-bc67-126bc645a120 req-037464d3-1e1f-4732-a267-b7fd680a8660 613f559da1814c56a288b8c617095f66 7c9d33315b5a4682b8fd10e638a7ce86 - - fc6e22571bdd4990a4cb50c180567519 fc6e22571bdd4990a4cb50c180567519] 199.19.213.133 "GET /v2.0/ports?tenant_id=64192436849b41b8b4ae850920ef1780&device_id=e7732eb5-4910-49ee-b6ac-364f3258e6d6 HTTP/1.1" status: 200 len: 4149 time: 0.0450695
2026-04-02 18:13:59.016 10 INFO neutron.api.wsgi [req-5a6dd5c1-8130-4f58-bc67-126bc645a120 req-d4eea8df-7406-4e55-bf9c-dba4b020a577 613f559da1814c56a288b8c617095f66 7c9d33315b5a4682b8fd10e638a7ce86 - - fc6e22571bdd4990a4cb50c180567519 fc6e22571bdd4990a4cb50c180567519] 199.19.213.133 "GET /v2.0/networks?id=87900399-4c73-4481-ae10-986d27a38d33 HTTP/1.1" status: 200 len: 1002 time: 0.0460291
2026-04-02 18:13:59.042 10 INFO neutron.api.wsgi [req-5a6dd5c1-8130-4f58-bc67-126bc645a120 req-f1c4de56-59a1-487d-9930-59ea6b024cc4 613f559da1814c56a288b8c617095f66 7c9d33315b5a4682b8fd10e638a7ce86 - - fc6e22571bdd4990a4cb50c180567519 fc6e22571bdd4990a4cb50c180567519] 199.19.213.133 "GET /v2.0/floatingips?fixed_ip_address=10.2.1.237&port_id=beeacad7-4e80-4370-8ea6-d07796c4cf8b HTTP/1.1" status: 200 len: 217 time: 0.0200624
2026-04-02 18:13:59.058 9 INFO neutron.db.ovn_revision_numbers_db [None req-a9abe8b4-4c94-4ad1-8709-d6bb69c233d8 - - - - - -] Successfully bumped revision number for resource 0df99d72-3744-4379-a615-513603c19c55 (type: router_ports) to 1
2026-04-02 18:13:59.062 10 INFO neutron.api.wsgi [req-5a6dd5c1-8130-4f58-bc67-126bc645a120 req-4b5aad04-a431-44d2-938c-91f303a1a4b8 613f559da1814c56a288b8c617095f66 7c9d33315b5a4682b8fd10e638a7ce86 - - fc6e22571bdd4990a4cb50c180567519 fc6e22571bdd4990a4cb50c180567519] 199.19.213.133 "GET /v2.0/floatingips?fixed_ip_address=fd7b%3Af9f7%3Afff%3A4eca%3A%3Ac2&port_id=beeacad7-4e80-4370-8ea6-d07796c4cf8b HTTP/1.1" status: 200 len: 217 time: 0.0148807
2026-04-02 18:13:59.103 10 INFO neutron.api.wsgi [req-5a6dd5c1-8130-4f58-bc67-126bc645a120 req-ff0118e5-f245-4d7a-a4de-7fe6e0cde402 613f559da1814c56a288b8c617095f66 7c9d33315b5a4682b8fd10e638a7ce86 - - fc6e22571bdd4990a4cb50c180567519 fc6e22571bdd4990a4cb50c180567519] 199.19.213.133 "GET /v2.0/subnets?id=8c45ed59-497d-4266-a838-9e71bf9da6a8&id=bb8f4977-1cf3-4548-9497-ea9fa9bf9e06 HTTP/1.1" status: 200 len: 1609 time: 0.0354927
2026-04-02 18:13:59.127 10 INFO neutron.api.wsgi [req-5a6dd5c1-8130-4f58-bc67-126bc645a120 req-2b58b6e5-4bc1-4a5b-a306-fb6bb816c3cd 613f559da1814c56a288b8c617095f66 7c9d33315b5a4682b8fd10e638a7ce86 - - fc6e22571bdd4990a4cb50c180567519 fc6e22571bdd4990a4cb50c180567519] 199.19.213.133 "GET /v2.0/ports?network_id=87900399-4c73-4481-ae10-986d27a38d33&device_owner=network%3Adhcp HTTP/1.1" status: 200 len: 210 time: 0.0183754
2026-04-02 18:13:59.149 10 INFO neutron.api.wsgi [req-5a6dd5c1-8130-4f58-bc67-126bc645a120 req-927fa7d3-cc25-48f1-a09e-3386a3797f68 613f559da1814c56a288b8c617095f66 7c9d33315b5a4682b8fd10e638a7ce86 - - fc6e22571bdd4990a4cb50c180567519 fc6e22571bdd4990a4cb50c180567519] 199.19.213.133 "GET /v2.0/ports?network_id=87900399-4c73-4481-ae10-986d27a38d33&device_owner=network%3Adhcp HTTP/1.1" status: 200 len: 210 time: 0.0154097
2026-04-02 18:13:59.218 10 INFO neutron.api.wsgi [req-5a6dd5c1-8130-4f58-bc67-126bc645a120 req-19eb5610-4886-425c-9168-31e98fbadd92 613f559da1814c56a288b8c617095f66 7c9d33315b5a4682b8fd10e638a7ce86 - - fc6e22571bdd4990a4cb50c180567519 fc6e22571bdd4990a4cb50c180567519] 199.19.213.133 "GET /v2.0/networks/87900399-4c73-4481-ae10-986d27a38d33?fields=segments HTTP/1.1" status: 200 len: 212 time: 0.0631182
2026-04-02 18:13:59.256 10 INFO neutron.api.wsgi [req-5a6dd5c1-8130-4f58-bc67-126bc645a120 req-3a2c13d6-dd8c-4cf1-b780-e4e87d92c741 613f559da1814c56a288b8c617095f66 7c9d33315b5a4682b8fd10e638a7ce86 - - fc6e22571bdd4990a4cb50c180567519 fc6e22571bdd4990a4cb50c180567519] 199.19.213.133 "GET /v2.0/networks/87900399-4c73-4481-ae10-986d27a38d33?fields=provider%3Aphysical_network&fields=provider%3Anetwork_type HTTP/1.1" status: 200 len: 277 time: 0.0322905
2026-04-02 18:13:59.313 9 WARNING neutron.scheduler.dhcp_agent_scheduler [None req-a9abe8b4-4c94-4ad1-8709-d6bb69c233d8 - - - - - -] No more DHCP agents
2026-04-02 18:13:59.316 9 WARNING neutron.api.rpc.agentnotifiers.dhcp_rpc_agent_api [None req-a9abe8b4-4c94-4ad1-8709-d6bb69c233d8 - - - - - -] Unable to schedule network bd43f199-4410-490b-ba70-3a4f429d39ad: no agents available; will retry on subsequent port and subnet creation events.
2026-04-02 18:13:59.464 9 INFO neutron.db.ovn_revision_numbers_db [None req-a9abe8b4-4c94-4ad1-8709-d6bb69c233d8 - - - - - -] Successfully bumped revision number for resource 5aa68a31-f8d2-4414-82a6-d39a5733b83d (type: ports) to 1
2026-04-02 18:13:59.689 9 INFO neutron.db.ovn_revision_numbers_db [None req-a9abe8b4-4c94-4ad1-8709-d6bb69c233d8 - - - - - -] Successfully bumped revision number for resource 5aa68a31-f8d2-4414-82a6-d39a5733b83d (type: ports) to 3
2026-04-02 18:13:59.730 12 ERROR oslo_messaging.rpc.server [None req-dee7f0fa-4eb1-4bca-901c-7a7ad899792b 021bf16c90f34839995dc4ce7a938a4a 6826b6cf57374e6db400fe52b3d21e8d - - default default] Exception during message handling: sqlalchemy.exc.PendingRollbackError: This Session's transaction has been rolled back due to a previous exception during flush. To begin a new transaction with this Session, first issue Session.rollback(). Original exception was: (pymysql.err.IntegrityError) (1062, "Duplicate entry '16ab3989-0149-4c7c-8603-bbbc6f408f7d-bcbb75d8-9916-5a5c-8d59-7a6' for key 'routervpnagentbindings.PRIMARY'") [SQL: INSERT INTO routervpnagentbindings (router_id, vpn_agent_id) VALUES (%(router_id)s, %(vpn_agent_id)s)] [parameters: {'router_id': '16ab3989-0149-4c7c-8603-bbbc6f408f7d', 'vpn_agent_id': 'bcbb75d8-9916-5a5c-8d59-7a63730a2b90'}] (Background on this error at: https://sqlalche.me/e/20/gkpj) (Background on this error at: https://sqlalche.me/e/20/7s2a)
2026-04-02 18:13:59.730 12 ERROR oslo_messaging.rpc.server
Traceback (most recent call last):
2026-04-02 18:13:59.730 12 ERROR oslo_messaging.rpc.server
File "/var/lib/openstack/lib/python3.12/site-packages/oslo_messaging/rpc/server.py", line 172, in _process_incoming
2026-04-02 18:13:59.730 12 ERROR oslo_messaging.rpc.server res = self.dispatcher.dispatch(message)
2026-04-02 18:13:59.730 12 ERROR oslo_messaging.rpc.server ^^^^^^^^^^^^^^^^^^^^^^^^^^^^^^^^^
2026-04-02 18:13:59.730 12 ERROR oslo_messaging.rpc.server
File "/var/lib/openstack/lib/python3.12/site-packages/oslo_messaging/rpc/dispatcher.py", line 309, in dispatch
2026-04-02 18:13:59.730 12 ERROR oslo_messaging.rpc.server return self._do_dispatch(endpoint, method, ctxt, args)
2026-04-02 18:13:59.730 12 ERROR oslo_messaging.rpc.server ^^^^^^^^^^^^^^^^^^^^^^^^^^^^^^^^^^^^^^^^^^^^^^^
2026-04-02 18:13:59.730 12 ERROR oslo_messaging.rpc.server
File "/var/lib/openstack/lib/python3.12/site-packages/oslo_messaging/rpc/dispatcher.py", line 229, in _do_dispatch
2026-04-02 18:13:59.730 12 ERROR oslo_messaging.rpc.server result = func(ctxt, **new_args)
2026-04-02 18:13:59.730 12 ERROR oslo_messaging.rpc.server ^^^^^^^^^^^^^^^^^^^^^^
2026-04-02 18:13:59.730 12 ERROR oslo_messaging.rpc.server
File "/var/lib/openstack/lib/python3.12/site-packages/oslo_db/sqlalchemy/enginefacade.py", line 998, in wrapper
2026-04-02 18:13:59.730 12 ERROR oslo_messaging.rpc.server return fn(*args, **kwargs)
2026-04-02 18:13:59.730 12 ERROR oslo_messaging.rpc.server ^^^^^^^^^^^^^^^^^^^
2026-04-02 18:13:59.730 12 ERROR oslo_messaging.rpc.server
File "/var/lib/openstack/lib/python3.12/site-packages/neutron_vpnaas/services/vpn/service_drivers/base_ipsec.py", line 80, in get_vpn_services_on_host
2026-04-02 18:13:59.730 12 ERROR oslo_messaging.rpc.server local_cidr_map = plugin._build_local_subnet_cidr_map(context)
2026-04-02 18:13:59.730 12 ERROR oslo_messaging.rpc.server ^^^^^^^^^^^^^^^^^^^^^^^^^^^^^^^^^^^^^^^^^^^^
2026-04-02 18:13:59.730 12 ERROR oslo_messaging.rpc.server
File "/var/lib/openstack/lib/python3.12/site-packages/neutron_vpnaas/db/vpn/vpn_db.py", line 731, in _build_local_subnet_cidr_map
2026-04-02 18:13:59.730 12 ERROR oslo_messaging.rpc.server return {sn.id: sn.cidr for sn in query.all()}
2026-04-02 18:13:59.730 12 ERROR oslo_messaging.rpc.server ^^^^^^^^^^^
2026-04-02 18:13:59.730 12 ERROR oslo_messaging.rpc.server
File "/var/lib/openstack/lib/python3.12/site-packages/sqlalchemy/orm/query.py", line 2673, in all
2026-04-02 18:13:59.730 12 ERROR oslo_messaging.rpc.server return self._iter().all() # type: ignore
2026-04-02 18:13:59.730 12 ERROR oslo_messaging.rpc.server ^^^^^^^^^^^^
2026-04-02 18:13:59.730 12 ERROR oslo_messaging.rpc.server
File "/var/lib/openstack/lib/python3.12/site-packages/sqlalchemy/orm/query.py", line 2827, in _iter
2026-04-02 18:13:59.730 12 ERROR oslo_messaging.rpc.server result: Union[ScalarResult[_T], Result[_T]] = self.session.execute(
2026-04-02 18:13:59.730 12 ERROR oslo_messaging.rpc.server ^^^^^^^^^^^^^^^^^^^^^
2026-04-02 18:13:59.730 12 ERROR oslo_messaging.rpc.server
File "/var/lib/openstack/lib/python3.12/site-packages/sqlalchemy/orm/session.py", line 2362, in execute
2026-04-02 18:13:59.730 12 ERROR oslo_messaging.rpc.server return self._execute_internal(
2026-04-02 18:13:59.730 12 ERROR oslo_messaging.rpc.server ^^^^^^^^^^^^^^^^^^^^^^^
2026-04-02 18:13:59.730 12 ERROR oslo_messaging.rpc.server
File "/var/lib/openstack/lib/python3.12/site-packages/sqlalchemy/orm/session.py", line 2237, in _execute_internal
2026-04-02 18:13:59.730 12 ERROR oslo_messaging.rpc.server conn = self._connection_for_bind(bind)
2026-04-02 18:13:59.730 12 ERROR oslo_messaging.rpc.server ^^^^^^^^^^^^^^^^^^^^^^^^^^^^^^^
2026-04-02 18:13:59.730 12 ERROR oslo_messaging.rpc.server
File "/var/lib/openstack/lib/python3.12/site-packages/sqlalchemy/orm/session.py", line 2106, in _connection_for_bind
2026-04-02 18:13:59.730 12 ERROR oslo_messaging.rpc.server return trans._connection_for_bind(engine, execution_options)
2026-04-02 18:13:59.730 12 ERROR oslo_messaging.rpc.server ^^^^^^^^^^^^^^^^^^^^^^^^^^^^^^^^^^^^^^^^^^^^^^^^^^^^^
2026-04-02 18:13:59.730 12 ERROR oslo_messaging.rpc.server File "", line 2, in _connection_for_bind
2026-04-02 18:13:59.730 12 ERROR oslo_messaging.rpc.server
File "/var/lib/openstack/lib/python3.12/site-packages/sqlalchemy/orm/state_changes.py", line 103, in _go
2026-04-02 18:13:59.730 12 ERROR oslo_messaging.rpc.server self._raise_for_prerequisite_state(fn.__name__, current_state)
2026-04-02 18:13:59.730 12 ERROR oslo_messaging.rpc.server
File "/var/lib/openstack/lib/python3.12/site-packages/sqlalchemy/orm/session.py", line 973, in _raise_for_prerequisite_state
2026-04-02 18:13:59.730 12 ERROR oslo_messaging.rpc.server raise sa_exc.PendingRollbackError(
2026-04-02 18:13:59.730 12 ERROR oslo_messaging.rpc.server sqlalchemy.exc.PendingRollbackError: This Session's transaction has been rolled back due to a previous exception during flush. To begin a new transaction with this Session, first issue Session.rollback(). Original exception was: (pymysql.err.IntegrityError) (1062, "Duplicate entry '16ab3989-0149-4c7c-8603-bbbc6f408f7d-bcbb75d8-9916-5a5c-8d59-7a6' for key 'routervpnagentbindings.PRIMARY'")
2026-04-02 18:13:59.730 12 ERROR oslo_messaging.rpc.server [SQL: INSERT INTO routervpnagentbindings (router_id, vpn_agent_id) VALUES (%(router_id)s, %(vpn_agent_id)s)]
2026-04-02 18:13:59.730 12 ERROR oslo_messaging.rpc.server [parameters: {'router_id': '16ab3989-0149-4c7c-8603-bbbc6f408f7d', 'vpn_agent_id': 'bcbb75d8-9916-5a5c-8d59-7a63730a2b90'}]
2026-04-02 18:13:59.730 12 ERROR oslo_messaging.rpc.server (Background on this error at: https://sqlalche.me/e/20/gkpj) (Background on this error at: https://sqlalche.me/e/20/7s2a)
2026-04-02 18:13:59.730 12 ERROR oslo_messaging.rpc.server
2026-04-02 18:13:59.862 9 INFO neutron.api.wsgi [None req-5160ccda-45a3-4fd4-9f3d-4d3898cd4850 021bf16c90f34839995dc4ce7a938a4a 6826b6cf57374e6db400fe52b3d21e8d - - default default] 10.0.0.191 "POST /v2.0/vpn/vpnservices HTTP/1.1" status: 201 len: 657 time: 4.6222477
2026-04-02 18:13:59.885 9 INFO neutron.api.wsgi [None req-8baa3d86-6113-4473-88bc-889212663272 021bf16c90f34839995dc4ce7a938a4a 6826b6cf57374e6db400fe52b3d21e8d - - default default] 10.0.0.191 "GET /v2.0/vpn/vpnservices HTTP/1.1" status: 200 len: 1501 time: 0.0129499
2026-04-02 18:14:00.314 10 INFO neutron.api.wsgi [req-c4609eed-83c6-4806-8723-28b076c8a6f8 req-56c63209-123a-4f07-8023-7356145f3026 613f559da1814c56a288b8c617095f66 7c9d33315b5a4682b8fd10e638a7ce86 - - fc6e22571bdd4990a4cb50c180567519 fc6e22571bdd4990a4cb50c180567519] 199.19.213.133 "GET /v2.0/ports?tenant_id=64192436849b41b8b4ae850920ef1780&device_id=e7732eb5-4910-49ee-b6ac-364f3258e6d6 HTTP/1.1" status: 200 len: 4149 time: 0.0457814
2026-04-02 18:14:00.341 10 INFO neutron.api.wsgi [req-c4609eed-83c6-4806-8723-28b076c8a6f8 req-0dfc6564-a33e-4e65-99ef-3b2c925e9009 613f559da1814c56a288b8c617095f66 7c9d33315b5a4682b8fd10e638a7ce86 - - fc6e22571bdd4990a4cb50c180567519 fc6e22571bdd4990a4cb50c180567519] 199.19.213.133 "GET /v2.0/floatingips?fixed_ip_address=172.24.2.171&port_id=ad3e5e4e-b084-4c3d-bdb1-70113baf4dac HTTP/1.1" status: 200 len: 217 time: 0.0175591
2026-04-02 18:14:00.374 10 INFO neutron.api.wsgi [req-c4609eed-83c6-4806-8723-28b076c8a6f8 req-efb059c7-1525-47a1-b4bb-ec34f5c520f1 613f559da1814c56a288b8c617095f66 7c9d33315b5a4682b8fd10e638a7ce86 - - fc6e22571bdd4990a4cb50c180567519 fc6e22571bdd4990a4cb50c180567519] 199.19.213.133 "GET /v2.0/subnets?id=9b06ea8d-b201-4045-b36d-5d822aaf07e5 HTTP/1.1" status: 200 len: 853 time: 0.0267200
2026-04-02 18:14:00.396 10 INFO neutron.api.wsgi [req-c4609eed-83c6-4806-8723-28b076c8a6f8 req-7c38f6b2-a1b9-455c-99d6-8e20789e0236 613f559da1814c56a288b8c617095f66 7c9d33315b5a4682b8fd10e638a7ce86 - - fc6e22571bdd4990a4cb50c180567519 fc6e22571bdd4990a4cb50c180567519] 199.19.213.133 "GET /v2.0/ports?network_id=24538630-0f54-4d52-9953-55751ed668dd&device_owner=network%3Adhcp HTTP/1.1" status: 200 len: 210 time: 0.0161343
2026-04-02 18:14:00.438 10 INFO neutron.api.wsgi [req-c4609eed-83c6-4806-8723-28b076c8a6f8 req-76c2f92a-bce9-43bc-a4bc-84c4b7095d45 613f559da1814c56a288b8c617095f66 7c9d33315b5a4682b8fd10e638a7ce86 - - fc6e22571bdd4990a4cb50c180567519 fc6e22571bdd4990a4cb50c180567519] 199.19.213.133 "GET /v2.0/networks/24538630-0f54-4d52-9953-55751ed668dd?fields=segments HTTP/1.1" status: 200 len: 212 time: 0.0365489
2026-04-02 18:14:00.484 10 INFO neutron.api.wsgi [req-c4609eed-83c6-4806-8723-28b076c8a6f8 req-f69bc819-f49b-4ed0-99c0-2e7edfc2ad4e 613f559da1814c56a288b8c617095f66 7c9d33315b5a4682b8fd10e638a7ce86 - - fc6e22571bdd4990a4cb50c180567519 fc6e22571bdd4990a4cb50c180567519] 199.19.213.133 "GET /v2.0/networks/24538630-0f54-4d52-9953-55751ed668dd?fields=provider%3Aphysical_network&fields=provider%3Anetwork_type HTTP/1.1" status: 200 len: 277 time: 0.0402086
2026-04-02 18:14:00.504 10 INFO neutron.api.wsgi [req-c4609eed-83c6-4806-8723-28b076c8a6f8 req-edf82aed-7d0c-4a2e-b394-b7dd5c4530b0 613f559da1814c56a288b8c617095f66 7c9d33315b5a4682b8fd10e638a7ce86 - - fc6e22571bdd4990a4cb50c180567519 fc6e22571bdd4990a4cb50c180567519] 199.19.213.133 "GET /v2.0/floatingips?fixed_ip_address=10.1.1.145&port_id=f44cfacb-7ba9-418b-b8d0-f73711413e4b HTTP/1.1" status: 200 len: 217 time: 0.0153456
2026-04-02 18:14:00.532 10 INFO neutron.api.wsgi [req-c4609eed-83c6-4806-8723-28b076c8a6f8 req-af7f38d2-6a09-4c88-8a5d-4b0ab69345f6 613f559da1814c56a288b8c617095f66 7c9d33315b5a4682b8fd10e638a7ce86 - - fc6e22571bdd4990a4cb50c180567519 fc6e22571bdd4990a4cb50c180567519] 199.19.213.133 "GET /v2.0/subnets?id=e29a9ef4-63a2-462e-8b08-be6c67b54f40 HTTP/1.1" status: 200 len: 878 time: 0.0222466
2026-04-02 18:14:00.551 10 INFO neutron.api.wsgi [req-c4609eed-83c6-4806-8723-28b076c8a6f8 req-ad2f71cf-efbf-4981-a238-f9ab589ecc98 613f559da1814c56a288b8c617095f66 7c9d33315b5a4682b8fd10e638a7ce86 - - fc6e22571bdd4990a4cb50c180567519 fc6e22571bdd4990a4cb50c180567519] 199.19.213.133 "GET /v2.0/ports?network_id=85e73ac0-dbc7-4b5e-923d-68ccaba2a15d&device_owner=network%3Adhcp HTTP/1.1" status: 200 len: 210 time: 0.0139129
2026-04-02 18:14:00.592 10 INFO neutron.api.wsgi [req-c4609eed-83c6-4806-8723-28b076c8a6f8 req-a65cca55-676c-4d4b-acd2-b033e28203fe 613f559da1814c56a288b8c617095f66 7c9d33315b5a4682b8fd10e638a7ce86 - - fc6e22571bdd4990a4cb50c180567519 fc6e22571bdd4990a4cb50c180567519] 199.19.213.133 "GET /v2.0/networks/85e73ac0-dbc7-4b5e-923d-68ccaba2a15d?fields=segments HTTP/1.1" status: 200 len: 212 time: 0.0351238
2026-04-02 18:14:00.635 10 INFO neutron.api.wsgi [req-c4609eed-83c6-4806-8723-28b076c8a6f8 req-427bf8bf-68b8-49d9-a9cd-64680ec990d2 613f559da1814c56a288b8c617095f66 7c9d33315b5a4682b8fd10e638a7ce86 - - fc6e22571bdd4990a4cb50c180567519 fc6e22571bdd4990a4cb50c180567519] 199.19.213.133 "GET /v2.0/networks/85e73ac0-dbc7-4b5e-923d-68ccaba2a15d?fields=provider%3Aphysical_network&fields=provider%3Anetwork_type HTTP/1.1" status: 200 len: 277 time: 0.0386262
2026-04-02 18:14:00.659 10 INFO neutron.api.wsgi [req-c4609eed-83c6-4806-8723-28b076c8a6f8 req-cee4139d-54e5-4ec6-a534-b5815ab6564e 613f559da1814c56a288b8c617095f66 7c9d33315b5a4682b8fd10e638a7ce86 - - fc6e22571bdd4990a4cb50c180567519 fc6e22571bdd4990a4cb50c180567519] 199.19.213.133 "GET /v2.0/floatingips?fixed_ip_address=10.2.1.237&port_id=beeacad7-4e80-4370-8ea6-d07796c4cf8b HTTP/1.1" status: 200 len: 217 time: 0.0189841
2026-04-02 18:14:00.672 9 WARNING neutron.plugins.ml2.drivers.ovn.mech_driver.ovsdb.ovn_client [None req-eabd8006-6354-4399-bd5b-477a7073f506 - - - - - -] No hosting information found for port 05c96e87-724e-429d-819e-9263d09585b2: RuntimeError: No hosting information found for port 05c96e87-724e-429d-819e-9263d09585b2
2026-04-02 18:14:00.683 10 INFO neutron.api.wsgi [req-c4609eed-83c6-4806-8723-28b076c8a6f8 req-04fd1019-837e-40cb-aead-47c4416b75d8 613f559da1814c56a288b8c617095f66 7c9d33315b5a4682b8fd10e638a7ce86 - - fc6e22571bdd4990a4cb50c180567519 fc6e22571bdd4990a4cb50c180567519] 199.19.213.133 "GET /v2.0/floatingips?fixed_ip_address=fd7b%3Af9f7%3Afff%3A4eca%3A%3Ac2&port_id=beeacad7-4e80-4370-8ea6-d07796c4cf8b HTTP/1.1" status: 200 len: 217 time: 0.0155883
