2026-04-02 18:12:01.371 10 INFO neutron.db.ovn_revision_numbers_db [None req-6157e23b-4a9b-4b98-88a0-95129bd5e4b4 15ac08b292f84221bdb7fa15f1fca821 64192436849b41b8b4ae850920ef1780 - - default default] Successfully bumped revision number for resource 2428d67b-3cfc-4c02-87ca-1d9d5f23ee62 (type: security_group_rules) to 0
2026-04-02 18:12:01.387 10 INFO neutron.db.ovn_revision_numbers_db [None req-6157e23b-4a9b-4b98-88a0-95129bd5e4b4 15ac08b292f84221bdb7fa15f1fca821 64192436849b41b8b4ae850920ef1780 - - default default] Successfully bumped revision number for resource 2d06b24d-ad5f-4b4a-9038-28ec02246c42 (type: security_group_rules) to 0
2026-04-02 18:12:01.406 10 INFO neutron.db.ovn_revision_numbers_db [None req-6157e23b-4a9b-4b98-88a0-95129bd5e4b4 15ac08b292f84221bdb7fa15f1fca821 64192436849b41b8b4ae850920ef1780 - - default default] Successfully bumped revision number for resource 2db62994-8dca-47ca-a6a0-dc414e8074e1 (type: security_group_rules) to 0
2026-04-02 18:12:01.422 9 INFO neutron.db.ovn_revision_numbers_db [req-c32bca81-34b1-493f-94c5-f87f21b223fe req-c24ad98a-133d-44a2-b341-2c4c81bf0d78 a056779da5a14e2abaac4bf165ad74df 4e12d25640b942c9a9e74725c7076069 - - default default] Successfully bumped revision number for resource a6776ed2-dae4-48b5-9dbc-ead148961681 (type: ports) to 1
2026-04-02 18:12:01.443 10 INFO neutron.api.wsgi [None req-6157e23b-4a9b-4b98-88a0-95129bd5e4b4 15ac08b292f84221bdb7fa15f1fca821 64192436849b41b8b4ae850920ef1780 - - default default] 10.0.0.191 "GET /v2.0/security-groups?tenant_id=93346e50b07d42da9cfb59a353bf93d3&name=default HTTP/1.1" status: 200 len: 3120 time: 0.3766642 /var/lib/openstack/lib/python3.12/site-packages/pycadf/identifier.py:71: UserWarning: Invalid uuid: neutron. To ensure interoperability, identifiers should be a valid uuid. warnings.warn(('Invalid uuid: %s. To ensure interoperability, '
2026-04-02 18:12:01.474 9 INFO neutron.api.wsgi [req-c32bca81-34b1-493f-94c5-f87f21b223fe req-c24ad98a-133d-44a2-b341-2c4c81bf0d78 a056779da5a14e2abaac4bf165ad74df 4e12d25640b942c9a9e74725c7076069 - - default default] 199.19.213.133 "POST /v2.0/ports HTTP/1.1" status: 201 len: 1158 time: 0.5635982
2026-04-02 18:12:01.715 9 INFO neutron.db.ovn_revision_numbers_db [None req-bace3d50-34ee-4789-adeb-b22046bfd31a - - - - - -] Successfully bumped revision number for resource 7ad2e671-8413-4bb4-915d-96aa5d748859 (type: ports) to 2
2026-04-02 18:12:01.767 9 INFO neutron.db.ovn_revision_numbers_db [None req-bace3d50-34ee-4789-adeb-b22046bfd31a - - - - - -] Successfully bumped revision number for resource ada3d2fb-c64d-43fd-9624-8852901fe4e5 (type: subnets) to 0
2026-04-02 18:12:01.794 9 INFO neutron.api.wsgi [None req-69af9e2e-35f7-4f27-9dbb-bfabd5ebcea6 2032f72c11044da782c41bc0b453c480 087eac4f933b40b199ffd773ad98713c - - default default] 10.0.0.191 "POST /v2.0/subnets HTTP/1.1" status: 201 len: 828 time: 0.9100668
2026-04-02 18:12:01.802 9 INFO neutron.api.wsgi [None req-b43e011e-b2bd-478a-898d-30368057645c 15ac08b292f84221bdb7fa15f1fca821 64192436849b41b8b4ae850920ef1780 - - default default] 10.0.0.191 "DELETE /v2.0/security-groups/7231d0af-5396-4e47-805d-21f7655053ee HTTP/1.1" status: 204 len: 168 time: 0.3541398
2026-04-02 18:12:01.855 10 INFO neutron.api.wsgi [None req-de0c315f-4891-4a0e-ae72-9c70455967f3 2032f72c11044da782c41bc0b453c480 087eac4f933b40b199ffd773ad98713c - - default default] 10.0.0.191 "PUT /v2.0/subnets/3e8fc2f6-93e3-4ed4-bec9-63567da71cea/tags HTTP/1.1" status: 200 len: 210 time: 0.0532687
2026-04-02 18:12:01.896 10 INFO neutron.api.wsgi [None req-e236fffc-e456-4379-b9b6-de012fd402db 2032f72c11044da782c41bc0b453c480 087eac4f933b40b199ffd773ad98713c - - default default] 10.0.0.191 "PUT /v2.0/subnets/2393485b-f251-4fd5-b6d0-bc100c1de56e/tags HTTP/1.1" status: 200 len: 218 time: 0.0339711 /var/lib/openstack/lib/python3.12/site-packages/pycadf/identifier.py:71: UserWarning: Invalid uuid: neutron. To ensure interoperability, identifiers should be a valid uuid. warnings.warn(('Invalid uuid: %s. To ensure interoperability, '
2026-04-02 18:12:01.936 10 INFO neutron.api.wsgi [None req-f8386eff-bc64-4f22-8285-554271335b4c 2032f72c11044da782c41bc0b453c480 087eac4f933b40b199ffd773ad98713c - - default default] 10.0.0.191 "PUT /v2.0/subnets/031bf5ac-5717-40f4-9ca0-1524715d9df1/tags HTTP/1.1" status: 200 len: 227 time: 0.0352364
2026-04-02 18:12:01.984 10 INFO neutron.api.wsgi [None req-8447d9bb-bcef-46b3-99ec-198d843e73e4 2032f72c11044da782c41bc0b453c480 087eac4f933b40b199ffd773ad98713c - - default default] 10.0.0.191 "PUT /v2.0/subnets/e071d2b4-08cd-4d86-9b23-32e4b6d77a8d/tags HTTP/1.1" status: 200 len: 212 time: 0.0432134
2026-04-02 18:12:01.996 9 INFO neutron.api.wsgi [req-f31fafb1-a75c-416e-8f3f-ea528ca50268 req-0d7b9745-7e6b-4fd4-8e4d-15cf953c38ff a056779da5a14e2abaac4bf165ad74df 4e12d25640b942c9a9e74725c7076069 - - default default] 10.0.0.14 "GET /v2.0/ports?device_id=ea782aa4-749c-4f1d-b51a-9f80200ca633 HTTP/1.1" status: 200 len: 1168 time: 0.1020944
2026-04-02 18:12:02.011 9 INFO neutron.db.ovn_revision_numbers_db [req-c32bca81-34b1-493f-94c5-f87f21b223fe req-11e7d4b2-f056-4742-9a98-d7cd8a5f21dc 613f559da1814c56a288b8c617095f66 7c9d33315b5a4682b8fd10e638a7ce86 - - fc6e22571bdd4990a4cb50c180567519 fc6e22571bdd4990a4cb50c180567519] Successfully bumped revision number for resource a6776ed2-dae4-48b5-9dbc-ead148961681 (type: ports) to 2
2026-04-02 18:12:02.046 10 INFO neutron.api.wsgi [None req-b755d6b3-53e9-4b43-825b-04a2f382ec86 2032f72c11044da782c41bc0b453c480 087eac4f933b40b199ffd773ad98713c - - default default] 10.0.0.191 "GET /v2.0/subnets?tags=red HTTP/1.1" status: 200 len: 2099 time: 0.0488698
2026-04-02 18:12:02.050 9 INFO neutron.api.wsgi [req-f31fafb1-a75c-416e-8f3f-ea528ca50268 req-ec639a0a-8330-430e-a1fa-7b65efe540a8 a056779da5a14e2abaac4bf165ad74df 4e12d25640b942c9a9e74725c7076069 - - default default] 10.0.0.14 "GET /v2.0/security-groups?id=40e786d5-6aae-414e-b5f5-0efd9e733b57&fields=id&fields=name HTTP/1.1" status: 200 len: 313 time: 0.0484445
2026-04-02 18:12:02.096 10 INFO neutron.api.wsgi [None req-def6797a-cbf0-417c-a185-65a18ff48a84 2032f72c11044da782c41bc0b453c480 087eac4f933b40b199ffd773ad98713c - - default default] 10.0.0.191 "GET /v2.0/subnets?tags=red%2Cblue HTTP/1.1" status: 200 len: 1478 time: 0.0444572
2026-04-02 18:12:02.104 9 INFO neutron.db.ovn_revision_numbers_db [None req-ba792c62-3a41-4980-a614-454a1d4f8f56 15ac08b292f84221bdb7fa15f1fca821 64192436849b41b8b4ae850920ef1780 - - default default] Successfully bumped revision number for resource 051afd11-fcec-4d62-9507-c5befa9be6f5 (type: security_groups) to 1
2026-04-02 18:12:02.124 9 INFO neutron.db.ovn_revision_numbers_db [None req-ba792c62-3a41-4980-a614-454a1d4f8f56 15ac08b292f84221bdb7fa15f1fca821 64192436849b41b8b4ae850920ef1780 - - default default] Successfully bumped revision number for resource 527e4c05-3784-400b-886f-046f7f0ba3d1 (type: security_group_rules) to 0
2026-04-02 18:12:02.134 10 INFO neutron.api.wsgi [req-ede163df-c621-48aa-b298-272ac3b2340c req-835e8b0e-912d-443a-a9d1-57a32891cd4d f6a1016047494aafad7855a80a1a53af cfc04783a1744ece84690a375357168d - - default default] 10.0.0.14 "GET /v2.0/ports?device_id=d5c4d722-e75f-43e5-b135-8cbe666c28e3 HTTP/1.1" status: 200 len: 1400 time: 0.1089528
2026-04-02 18:12:02.139 10 INFO neutron.api.wsgi [None req-b671d5e3-03eb-4299-b109-ced829d96dc6 2032f72c11044da782c41bc0b453c480 087eac4f933b40b199ffd773ad98713c - - default default] 10.0.0.191 "GET /v2.0/subnets?tags-any=blue HTTP/1.1" status: 200 len: 1478 time: 0.0394564
2026-04-02 18:12:02.143 9 INFO neutron.db.ovn_revision_numbers_db [None req-ba792c62-3a41-4980-a614-454a1d4f8f56 15ac08b292f84221bdb7fa15f1fca821 64192436849b41b8b4ae850920ef1780 - - default default] Successfully bumped revision number for resource 54f8af04-611b-49aa-b204-70e36076416b (type: security_group_rules) to 0
2026-04-02 18:12:02.164 9 INFO neutron.db.ovn_revision_numbers_db [None req-ba792c62-3a41-4980-a614-454a1d4f8f56 15ac08b292f84221bdb7fa15f1fca821 64192436849b41b8b4ae850920ef1780 - - default default] Successfully bumped revision number for resource 7374202b-31fa-4703-b3ec-5d285442b153 (type: security_group_rules) to 0
2026-04-02 18:12:02.184 10 INFO neutron.api.wsgi [None req-78bc4977-ccc6-4953-b6e0-b25fa75d2fb7 2032f72c11044da782c41bc0b453c480 087eac4f933b40b199ffd773ad98713c - - default default] 10.0.0.191 "GET /v2.0/subnets?tags-any=red%2Cblue HTTP/1.1" status: 200 len: 2099 time: 0.0398788
2026-04-02 18:12:02.186 9 INFO neutron.db.ovn_revision_numbers_db [None req-ba792c62-3a41-4980-a614-454a1d4f8f56 15ac08b292f84221bdb7fa15f1fca821 64192436849b41b8b4ae850920ef1780 - - default default] Successfully bumped revision number for resource fac485d0-d469-4698-8641-4d735a6708b4 (type: security_group_rules) to 0
2026-04-02 18:12:02.187 10 INFO neutron.api.wsgi [req-ede163df-c621-48aa-b298-272ac3b2340c req-ec8f7012-f2ce-4592-8c62-7ddaf17f572b f6a1016047494aafad7855a80a1a53af cfc04783a1744ece84690a375357168d - - default default] 10.0.0.14 "GET /v2.0/security-groups?id=a2ad8762-b8a9-4da3-9357-e2d0dcdd37b0&fields=id&fields=name HTTP/1.1" status: 200 len: 311 time: 0.0476859 /var/lib/openstack/lib/python3.12/site-packages/pycadf/identifier.py:71: UserWarning: Invalid uuid: neutron. To ensure interoperability, identifiers should be a valid uuid. warnings.warn(('Invalid uuid: %s. To ensure interoperability, '
2026-04-02 18:12:02.199 10 INFO neutron.api.wsgi [req-fab822da-68bd-4a04-ad65-78b33e55ddf2 req-bbf31fd9-0d37-4ddf-bfff-5d33b648d410 613f559da1814c56a288b8c617095f66 7c9d33315b5a4682b8fd10e638a7ce86 - - fc6e22571bdd4990a4cb50c180567519 fc6e22571bdd4990a4cb50c180567519] 199.19.213.133 "GET /v2.0/ports?device_id=1ffd65de-4406-4084-909d-a927a4a85e84&fields=binding%3Ahost_id&fields=binding%3Avif_type HTTP/1.1" status: 200 len: 265 time: 0.0353529
2026-04-02 18:12:02.212 10 INFO neutron.api.wsgi [-] 10.0.0.48 "GET / HTTP/1.1" status: 200 len: 247 time: 0.0022771
2026-04-02 18:12:02.213 9 INFO neutron.api.wsgi [-] 10.0.0.48 "GET / HTTP/1.1" status: 200 len: 247 time: 0.0012484
2026-04-02 18:12:02.243 9 INFO neutron.api.wsgi [None req-9aaa0794-4697-4af4-a394-a6efa7a0ba85 2032f72c11044da782c41bc0b453c480 087eac4f933b40b199ffd773ad98713c - - default default] 10.0.0.191 "GET /v2.0/subnets?not-tags=red HTTP/1.1" status: 200 len: 2089 time: 0.0534444
2026-04-02 18:12:02.264 10 INFO neutron.api.wsgi [None req-b29bceaa-cbbb-42a6-8f5e-33ea21a73c55 f6a1016047494aafad7855a80a1a53af cfc04783a1744ece84690a375357168d - - default default] 10.0.0.191 "GET /v2.0/ports?network_id=f970b661-44e7-4939-8b64-8415fd3aec27&mac_address=fa%3A16%3A3e%3A17%3Ad9%3A78 HTTP/1.1" status: 200 len: 1395 time: 0.0475688
2026-04-02 18:12:02.272 9 INFO neutron.api.wsgi [None req-ba792c62-3a41-4980-a614-454a1d4f8f56 15ac08b292f84221bdb7fa15f1fca821 64192436849b41b8b4ae850920ef1780 - - default default] 10.0.0.191 "GET /v2.0/security-groups?tenant_id=abafd1add4bf4173857fd3d9e31c9877&name=default HTTP/1.1" status: 200 len: 3120 time: 0.3667748
2026-04-02 18:12:02.273 10 WARNING neutron_lib.context [None req-ecf83324-4ee3-4fe1-9a16-721b07460843 f6a1016047494aafad7855a80a1a53af cfc04783a1744ece84690a375357168d - - default default] Method 'is_advsvc' is deprecated since 2023.2 release (neutron-lib 3.8.0) and will be removed once support for the old RBAC API policies will be removed from Neutron. Please use method 'is_service_role' instead.
2026-04-02 18:12:02.315 9 INFO neutron.api.wsgi [None req-98f73e53-3ade-4b48-9c37-59ec73828253 2032f72c11044da782c41bc0b453c480 087eac4f933b40b199ffd773ad98713c - - default default] 10.0.0.191 "GET /v2.0/subnets?not-tags=red%2Cblue HTTP/1.1" status: 200 len: 2710 time: 0.0646360
2026-04-02 18:12:02.316 9 INFO neutron.db.ovn_revision_numbers_db [req-c32bca81-34b1-493f-94c5-f87f21b223fe req-11e7d4b2-f056-4742-9a98-d7cd8a5f21dc 613f559da1814c56a288b8c617095f66 7c9d33315b5a4682b8fd10e638a7ce86 - - fc6e22571bdd4990a4cb50c180567519 fc6e22571bdd4990a4cb50c180567519] Successfully bumped revision number for resource a6776ed2-dae4-48b5-9dbc-ead148961681 (type: ports) to 4
2026-04-02 18:12:02.338 9 INFO neutron.api.wsgi [req-c32bca81-34b1-493f-94c5-f87f21b223fe req-11e7d4b2-f056-4742-9a98-d7cd8a5f21dc 613f559da1814c56a288b8c617095f66 7c9d33315b5a4682b8fd10e638a7ce86 - - fc6e22571bdd4990a4cb50c180567519 fc6e22571bdd4990a4cb50c180567519] 199.19.213.133 "PUT /v2.0/ports/a6776ed2-dae4-48b5-9dbc-ead148961681 HTTP/1.1" status: 200 len: 1404 time: 0.8567495
2026-04-02 18:12:02.365 10 INFO neutron.api.wsgi [None req-5e174b1a-5d8a-4ad0-a7ab-02dc5a941a45 2032f72c11044da782c41bc0b453c480 087eac4f933b40b199ffd773ad98713c - - default default] 10.0.0.191 "GET /v2.0/subnets?not-tags-any=blue HTTP/1.1" status: 200 len: 2710 time: 0.0447147
2026-04-02 18:12:02.374 9 INFO neutron.notifiers.nova [-] Nova event matching ['req-835219c3-310c-4aef-9a2e-36c6614a2fba'] response: {'name': 'network-changed', 'server_uuid': 'ea782aa4-749c-4f1d-b51a-9f80200ca633', 'tag': 'a6776ed2-dae4-48b5-9dbc-ead148961681', 'status': 'completed', 'code': 200}
2026-04-02 18:12:02.403 10 INFO neutron.api.wsgi [None req-168612de-3d7b-4654-84b1-75fa9262d9f6 2032f72c11044da782c41bc0b453c480 087eac4f933b40b199ffd773ad98713c - - default default] 10.0.0.191 "GET /v2.0/subnets?not-tags-any=red%2Cblue HTTP/1.1" status: 200 len: 2089 time: 0.0329268
2026-04-02 18:12:02.490 9 INFO neutron.api.wsgi [None req-3ae83a17-8d28-4d9c-8716-2e46504c0045 15ac08b292f84221bdb7fa15f1fca821 64192436849b41b8b4ae850920ef1780 - - default default] 10.0.0.191 "DELETE /v2.0/security-groups/051afd11-fcec-4d62-9507-c5befa9be6f5 HTTP/1.1" status: 204 len: 168 time: 0.2137752
2026-04-02 18:12:02.541 10 WARNING neutron.scheduler.dhcp_agent_scheduler [None req-ecf83324-4ee3-4fe1-9a16-721b07460843 f6a1016047494aafad7855a80a1a53af cfc04783a1744ece84690a375357168d - - default default] No more DHCP agents
2026-04-02 18:12:02.543 10 WARNING neutron.api.rpc.agentnotifiers.dhcp_rpc_agent_api [None req-ecf83324-4ee3-4fe1-9a16-721b07460843 f6a1016047494aafad7855a80a1a53af cfc04783a1744ece84690a375357168d - - default default] Unable to schedule network 01cd64d3-5f44-49a4-af49-91bcc888d368: no agents available; will retry on subsequent port and subnet creation events.
2026-04-02 18:12:02.595 10 INFO neutron.api.wsgi [None req-43383339-a3c5-4bdb-aa4c-4a617e3c36e6 2032f72c11044da782c41bc0b453c480 087eac4f933b40b199ffd773ad98713c - - default default] 10.0.0.191 "DELETE /v2.0/subnets/3e8fc2f6-93e3-4ed4-bec9-63567da71cea HTTP/1.1" status: 204 len: 168 time: 0.1850860
2026-04-02 18:12:02.784 10 INFO neutron.api.wsgi [None req-1a260106-bfb0-490c-88ff-91f1eccbe411 2032f72c11044da782c41bc0b453c480 087eac4f933b40b199ffd773ad98713c - - default default] 10.0.0.191 "DELETE /v2.0/subnets/2393485b-f251-4fd5-b6d0-bc100c1de56e HTTP/1.1" status: 204 len: 168 time: 0.1828415
2026-04-02 18:12:02.919 9 INFO neutron.api.wsgi [req-cc202ab5-4c3b-45fa-8495-c9387663cf51 req-dc46cf14-2110-4d6c-859b-06564d82a836 613f559da1814c56a288b8c617095f66 7c9d33315b5a4682b8fd10e638a7ce86 - - fc6e22571bdd4990a4cb50c180567519 fc6e22571bdd4990a4cb50c180567519] 199.19.213.133 "GET /v2.0/ports?tenant_id=4e12d25640b942c9a9e74725c7076069&device_id=ea782aa4-749c-4f1d-b51a-9f80200ca633 HTTP/1.1" status: 200 len: 1407 time: 0.0374465
2026-04-02 18:12:02.985 9 INFO neutron.api.wsgi [req-cc202ab5-4c3b-45fa-8495-c9387663cf51 req-f77d5cd4-8d5e-446e-a08f-6dadd5b83191 613f559da1814c56a288b8c617095f66 7c9d33315b5a4682b8fd10e638a7ce86 - - fc6e22571bdd4990a4cb50c180567519 fc6e22571bdd4990a4cb50c180567519] 199.19.213.133 "GET /v2.0/networks?tenant_id=4e12d25640b942c9a9e74725c7076069&shared=False HTTP/1.1" status: 200 len: 958 time: 0.0540824
2026-04-02 18:12:02.989 9 INFO neutron.api.wsgi [None req-33b9c7f9-7682-46c5-983b-757ecb84cf0b 2032f72c11044da782c41bc0b453c480 087eac4f933b40b199ffd773ad98713c - - default default] 10.0.0.191 "DELETE /v2.0/subnets/031bf5ac-5717-40f4-9ca0-1524715d9df1 HTTP/1.1" status: 204 len: 168 time: 0.1976104
2026-04-02 18:12:03.040 9 INFO neutron.api.wsgi [req-cc202ab5-4c3b-45fa-8495-c9387663cf51 req-c49865e6-861d-480e-b4e4-2ca3bc00a60b 613f559da1814c56a288b8c617095f66 7c9d33315b5a4682b8fd10e638a7ce86 - - fc6e22571bdd4990a4cb50c180567519 fc6e22571bdd4990a4cb50c180567519] 199.19.213.133 "GET /v2.0/networks?shared=True HTTP/1.1" status: 200 len: 952 time: 0.0479758
2026-04-02 18:12:03.231 10 INFO neutron.api.wsgi [req-4a67cc8b-5227-4b98-8ffd-de31b6375066 req-7518677b-4e59-4096-8bf2-f79f9a5ba9e7 a056779da5a14e2abaac4bf165ad74df 4e12d25640b942c9a9e74725c7076069 - - default default] 10.0.0.14 "GET /v2.0/ports?device_id=ea782aa4-749c-4f1d-b51a-9f80200ca633 HTTP/1.1" status: 200 len: 1168 time: 0.1151991
2026-04-02 18:12:03.245 10 INFO neutron.api.wsgi [None req-084e6194-081e-4f25-bb4b-4d7db8fad4a4 2032f72c11044da782c41bc0b453c480 087eac4f933b40b199ffd773ad98713c - - default default] 10.0.0.191 "DELETE /v2.0/subnets/e071d2b4-08cd-4d86-9b23-32e4b6d77a8d HTTP/1.1" status: 204 len: 168 time: 0.2504108
2026-04-02 18:12:03.248 9 INFO neutron.api.wsgi [req-fab822da-68bd-4a04-ad65-78b33e55ddf2 req-05969900-929f-46a6-a011-50cf77b251f5 613f559da1814c56a288b8c617095f66 7c9d33315b5a4682b8fd10e638a7ce86 - - fc6e22571bdd4990a4cb50c180567519 fc6e22571bdd4990a4cb50c180567519] 199.19.213.133 "GET /v2.0/ports?tenant_id=4e12d25640b942c9a9e74725c7076069&device_id=1ffd65de-4406-4084-909d-a927a4a85e84 HTTP/1.1" status: 200 len: 1409 time: 0.0332353
2026-04-02 18:12:03.279 10 INFO neutron.api.wsgi [req-4a67cc8b-5227-4b98-8ffd-de31b6375066 req-0c949351-5d1b-459b-973f-5e8bff8fda23 a056779da5a14e2abaac4bf165ad74df 4e12d25640b942c9a9e74725c7076069 - - default default] 10.0.0.14 "GET /v2.0/security-groups?id=40e786d5-6aae-414e-b5f5-0efd9e733b57&fields=id&fields=name HTTP/1.1" status: 200 len: 313 time: 0.0421200
2026-04-02 18:12:03.310 10 INFO neutron.db.ovn_revision_numbers_db [None req-ecf83324-4ee3-4fe1-9a16-721b07460843 f6a1016047494aafad7855a80a1a53af cfc04783a1744ece84690a375357168d - - default default] Successfully bumped revision number for resource e4b5403a-691c-465c-9099-2a7c49c8844f (type: floatingips) to -1
2026-04-02 18:12:03.419 10 INFO neutron.db.ovn_revision_numbers_db [None req-ecf83324-4ee3-4fe1-9a16-721b07460843 f6a1016047494aafad7855a80a1a53af cfc04783a1744ece84690a375357168d - - default default] Successfully bumped revision number for resource e4b5403a-691c-465c-9099-2a7c49c8844f (type: floatingips) to 1
2026-04-02 18:12:03.420 10 INFO neutron.db.l3_db [None req-ecf83324-4ee3-4fe1-9a16-721b07460843 f6a1016047494aafad7855a80a1a53af cfc04783a1744ece84690a375357168d - - default default] Floating IP e4b5403a-691c-465c-9099-2a7c49c8844f associated. External IP: 10.96.250.205, port: 97adb63f-bcd9-4209-8016-d91df6efdfa7.
2026-04-02 18:12:03.450 9 INFO neutron.api.wsgi [None req-e112d2c3-e65d-4554-b45c-cabcbacf2d95 2032f72c11044da782c41bc0b453c480 087eac4f933b40b199ffd773ad98713c - - default default] 10.0.0.191 "DELETE /v2.0/subnets/ada3d2fb-c64d-43fd-9624-8852901fe4e5 HTTP/1.1" status: 204 len: 168 time: 0.1984601
2026-04-02 18:12:03.456 10 INFO neutron.api.wsgi [None req-ecf83324-4ee3-4fe1-9a16-721b07460843 f6a1016047494aafad7855a80a1a53af cfc04783a1744ece84690a375357168d - - default default] 10.0.0.191 "POST /v2.0/floatingips HTTP/1.1" status: 201 len: 1054 time: 1.1874261 /var/lib/openstack/lib/python3.12/site-packages/pycadf/identifier.py:71: UserWarning: Invalid uuid: neutron. To ensure interoperability, identifiers should be a valid uuid. warnings.warn(('Invalid uuid: %s. To ensure interoperability, '
2026-04-02 18:12:03.487 10 INFO neutron.notifiers.nova [-] Nova event matching ['req-180cadc4-f7c0-45a8-b73a-45641d55f053'] response: {'name': 'network-changed', 'server_uuid': 'd5c4d722-e75f-43e5-b135-8cbe666c28e3', 'tag': '97adb63f-bcd9-4209-8016-d91df6efdfa7', 'status': 'completed', 'code': 200}
2026-04-02 18:12:03.733 9 INFO neutron.services.segments.plugin [-] Segment 48d447e2-211b-4edb-a843-4b7cc4cc4024 resource provider aggregate not found
2026-04-02 18:12:03.737 9 INFO neutron.services.segments.plugin [-] Segment 48d447e2-211b-4edb-a843-4b7cc4cc4024 resource provider aggregate not found
2026-04-02 18:12:03.746 9 INFO neutron.services.segments.plugin [-] Segment 48d447e2-211b-4edb-a843-4b7cc4cc4024 resource provider not found; error: Placement Client Error (4xx): {"errors": [{"status": 404, "title": "Not Found", "detail": "The resource could not be found.\n\n No resource provider with uuid 48d447e2-211b-4edb-a843-4b7cc4cc4024 found for delete ", "request_id": "req-de350263-4e4c-4d80-9b95-fabefc92c9dd"}]}
2026-04-02 18:12:03.749 9 INFO neutron.services.segments.plugin [-] Segment 48d447e2-211b-4edb-a843-4b7cc4cc4024 resource provider not found; error: Placement Client Error (4xx): {"errors": [{"status": 404, "title": "Not Found", "detail": "The resource could not be found.\n\n No resource provider with uuid 48d447e2-211b-4edb-a843-4b7cc4cc4024 found for delete ", "request_id": "req-f270cecc-a5a0-465a-a63a-b4640bef44ee"}]}
2026-04-02 18:12:03.772 9 INFO neutron.api.wsgi [None req-893946b5-2105-4a6a-b1d2-5025be91ec2d 2032f72c11044da782c41bc0b453c480 087eac4f933b40b199ffd773ad98713c - - default default] 10.0.0.191 "DELETE /v2.0/networks/2e1b8552-7dce-4cf0-9a04-b49710416889 HTTP/1.1" status: 204 len: 168 time: 0.3154738
2026-04-02 18:12:03.818 9 INFO neutron.api.wsgi [req-fab822da-68bd-4a04-ad65-78b33e55ddf2 req-fe33a3c6-7cb2-4ee2-9493-06692f3c4937 613f559da1814c56a288b8c617095f66 7c9d33315b5a4682b8fd10e638a7ce86 - - fc6e22571bdd4990a4cb50c180567519 fc6e22571bdd4990a4cb50c180567519] 199.19.213.133 "GET /v2.0/networks?id=044ded33-645a-4336-97af-fabd28b79bfc HTTP/1.1" status: 200 len: 958 time: 0.0565286
2026-04-02 18:12:03.847 9 INFO neutron.api.wsgi [req-fab822da-68bd-4a04-ad65-78b33e55ddf2 req-c3c04f66-6715-47d8-bb59-922a9a536d9b 613f559da1814c56a288b8c617095f66 7c9d33315b5a4682b8fd10e638a7ce86 - - fc6e22571bdd4990a4cb50c180567519 fc6e22571bdd4990a4cb50c180567519] 199.19.213.133 "GET /v2.0/floatingips?fixed_ip_address=10.100.0.7&port_id=becb77ee-2c18-4c6f-88a0-e12e61e3d1a1 HTTP/1.1" status: 200 len: 217 time: 0.0209725
2026-04-02 18:12:03.883 9 INFO neutron.api.wsgi [req-fab822da-68bd-4a04-ad65-78b33e55ddf2 req-758d5f93-dc0c-4740-a4b1-f6104c9b1cb6 613f559da1814c56a288b8c617095f66 7c9d33315b5a4682b8fd10e638a7ce86 - - fc6e22571bdd4990a4cb50c180567519 fc6e22571bdd4990a4cb50c180567519] 199.19.213.133 "GET /v2.0/subnets?id=086d661b-183f-4004-a954-826024c16b62 HTTP/1.1" status: 200 len: 877 time: 0.0302403
2026-04-02 18:12:03.901 9 INFO neutron.api.wsgi [req-fab822da-68bd-4a04-ad65-78b33e55ddf2 req-b23b6daa-c7fc-422f-b0f1-6b350f0ca497 613f559da1814c56a288b8c617095f66 7c9d33315b5a4682b8fd10e638a7ce86 - - fc6e22571bdd4990a4cb50c180567519 fc6e22571bdd4990a4cb50c180567519] 199.19.213.133 "GET /v2.0/ports?network_id=044ded33-645a-4336-97af-fabd28b79bfc&device_owner=network%3Adhcp HTTP/1.1" status: 200 len: 210 time: 0.0141141
2026-04-02 18:12:03.947 9 INFO neutron.api.wsgi [req-fab822da-68bd-4a04-ad65-78b33e55ddf2 req-1dc9b680-22b0-4216-828f-58af57923b8e 613f559da1814c56a288b8c617095f66 7c9d33315b5a4682b8fd10e638a7ce86 - - fc6e22571bdd4990a4cb50c180567519 fc6e22571bdd4990a4cb50c180567519] 199.19.213.133 "GET /v2.0/networks/044ded33-645a-4336-97af-fabd28b79bfc?fields=segments HTTP/1.1" status: 200 len: 212 time: 0.0411983
2026-04-02 18:12:03.994 9 INFO neutron.api.wsgi [req-fab822da-68bd-4a04-ad65-78b33e55ddf2 req-db7d2a73-5ff2-49db-8613-2f5705ebc26b 613f559da1814c56a288b8c617095f66 7c9d33315b5a4682b8fd10e638a7ce86 - - fc6e22571bdd4990a4cb50c180567519 fc6e22571bdd4990a4cb50c180567519] 199.19.213.133 "GET /v2.0/networks/044ded33-645a-4336-97af-fabd28b79bfc?fields=provider%3Aphysical_network&fields=provider%3Anetwork_type HTTP/1.1" status: 200 len: 277 time: 0.0394769
2026-04-02 18:12:04.037 10 INFO neutron.api.wsgi [req-3553d05d-2ae2-482d-b82b-0d79f7d40ea8 req-1d426d2e-7f23-41b3-ae64-ad60d307052e 613f559da1814c56a288b8c617095f66 7c9d33315b5a4682b8fd10e638a7ce86 - - fc6e22571bdd4990a4cb50c180567519 fc6e22571bdd4990a4cb50c180567519] 199.19.213.133 "GET /v2.0/ports?tenant_id=cfc04783a1744ece84690a375357168d&device_id=d5c4d722-e75f-43e5-b135-8cbe666c28e3 HTTP/1.1" status: 200 len: 1638 time: 0.0354884
2026-04-02 18:12:04.088 10 INFO neutron.api.wsgi [req-3553d05d-2ae2-482d-b82b-0d79f7d40ea8 req-0cd2c6fa-c040-42c7-992d-1ed46bac597b 613f559da1814c56a288b8c617095f66 7c9d33315b5a4682b8fd10e638a7ce86 - - fc6e22571bdd4990a4cb50c180567519 fc6e22571bdd4990a4cb50c180567519] 199.19.213.133 "GET /v2.0/networks?id=f970b661-44e7-4939-8b64-8415fd3aec27 HTTP/1.1" status: 200 len: 1003 time: 0.0420651
2026-04-02 18:12:04.098 9 INFO neutron.api.wsgi [req-c32bca81-34b1-493f-94c5-f87f21b223fe req-9b72028b-516f-45b2-8ea6-a6824fc27cb3 613f559da1814c56a288b8c617095f66 7c9d33315b5a4682b8fd10e638a7ce86 - - fc6e22571bdd4990a4cb50c180567519 fc6e22571bdd4990a4cb50c180567519] 199.19.213.133 "GET /v2.0/ports?tenant_id=4e12d25640b942c9a9e74725c7076069&device_id=ea782aa4-749c-4f1d-b51a-9f80200ca633 HTTP/1.1" status: 200 len: 1407 time: 0.0443087
2026-04-02 18:12:04.124 9 INFO neutron.api.wsgi [req-c32bca81-34b1-493f-94c5-f87f21b223fe req-0f79d0d3-8f30-49a5-a823-1a425838dab3 613f559da1814c56a288b8c617095f66 7c9d33315b5a4682b8fd10e638a7ce86 - - fc6e22571bdd4990a4cb50c180567519 fc6e22571bdd4990a4cb50c180567519] 199.19.213.133 "GET /v2.0/floatingips?fixed_ip_address=10.100.0.6&port_id=a6776ed2-dae4-48b5-9dbc-ead148961681 HTTP/1.1" status: 200 len: 217 time: 0.0229428
2026-04-02 18:12:04.150 10 INFO neutron.api.wsgi [req-3553d05d-2ae2-482d-b82b-0d79f7d40ea8 req-db90c719-ea86-47d2-81b9-a4adb111a12f 613f559da1814c56a288b8c617095f66 7c9d33315b5a4682b8fd10e638a7ce86 - - fc6e22571bdd4990a4cb50c180567519 fc6e22571bdd4990a4cb50c180567519] 199.19.213.133 "GET /v2.0/floatingips?fixed_ip_address=10.2.2.135&port_id=97adb63f-bcd9-4209-8016-d91df6efdfa7 HTTP/1.1" status: 200 len: 1059 time: 0.0563924
2026-04-02 18:12:04.172 10 INFO neutron.api.wsgi [req-3553d05d-2ae2-482d-b82b-0d79f7d40ea8 req-c72bcb38-b122-4fa5-afec-e51a3e1e3167 613f559da1814c56a288b8c617095f66 7c9d33315b5a4682b8fd10e638a7ce86 - - fc6e22571bdd4990a4cb50c180567519 fc6e22571bdd4990a4cb50c180567519] 199.19.213.133 "GET /v2.0/floatingips?fixed_ip_address=fd77%3A1457%3A4cf0%3A26a8%3A%3A61&port_id=97adb63f-bcd9-4209-8016-d91df6efdfa7 HTTP/1.1" status: 200 len: 217 time: 0.0173774
2026-04-02 18:12:04.208 10 INFO neutron.api.wsgi [req-3553d05d-2ae2-482d-b82b-0d79f7d40ea8 req-c9318e6a-82ff-4671-b1d7-9b6874cb3df7 613f559da1814c56a288b8c617095f66 7c9d33315b5a4682b8fd10e638a7ce86 - - fc6e22571bdd4990a4cb50c180567519 fc6e22571bdd4990a4cb50c180567519] 199.19.213.133 "GET /v2.0/subnets?id=35d2f3ac-12fc-47c3-b461-d24fc66bf59a&id=8bbb0d5a-d5cb-476b-9bc3-879f65bb1255 HTTP/1.1" status: 200 len: 1614 time: 0.0295246
2026-04-02 18:12:04.233 10 INFO neutron.api.wsgi [req-3553d05d-2ae2-482d-b82b-0d79f7d40ea8 req-2b5b96f1-4ec2-4ce4-92db-6c39c3706515 613f559da1814c56a288b8c617095f66 7c9d33315b5a4682b8fd10e638a7ce86 - - fc6e22571bdd4990a4cb50c180567519 fc6e22571bdd4990a4cb50c180567519] 199.19.213.133 "GET /v2.0/ports?network_id=f970b661-44e7-4939-8b64-8415fd3aec27&device_owner=network%3Adhcp HTTP/1.1" status: 200 len: 210 time: 0.0199907
2026-04-02 18:12:04.263 10 INFO neutron.api.wsgi [req-3553d05d-2ae2-482d-b82b-0d79f7d40ea8 req-5a2fc15f-5749-4be8-92f1-a89c74ede62c 613f559da1814c56a288b8c617095f66 7c9d33315b5a4682b8fd10e638a7ce86 - - fc6e22571bdd4990a4cb50c180567519 fc6e22571bdd4990a4cb50c180567519] 199.19.213.133 "GET /v2.0/ports?network_id=f970b661-44e7-4939-8b64-8415fd3aec27&device_owner=network%3Adhcp HTTP/1.1" status: 200 len: 210 time: 0.0169377
2026-04-02 18:12:04.313 10 INFO neutron.api.wsgi [req-3553d05d-2ae2-482d-b82b-0d79f7d40ea8 req-ee070724-4d60-4ae6-98ed-69779276e884 613f559da1814c56a288b8c617095f66 7c9d33315b5a4682b8fd10e638a7ce86 - - fc6e22571bdd4990a4cb50c180567519 fc6e22571bdd4990a4cb50c180567519] 199.19.213.133 "GET /v2.0/networks/f970b661-44e7-4939-8b64-8415fd3aec27?fields=segments HTTP/1.1" status: 200 len: 212 time: 0.0442326
2026-04-02 18:12:04.368 10 INFO neutron.api.wsgi [req-3553d05d-2ae2-482d-b82b-0d79f7d40ea8 req-edbce5ac-382b-425f-941e-e5b8d6eff847 613f559da1814c56a288b8c617095f66 7c9d33315b5a4682b8fd10e638a7ce86 - - fc6e22571bdd4990a4cb50c180567519 fc6e22571bdd4990a4cb50c180567519] 199.19.213.133 "GET /v2.0/networks/f970b661-44e7-4939-8b64-8415fd3aec27?fields=provider%3Aphysical_network&fields=provider%3Anetwork_type HTTP/1.1" status: 200 len: 277 time: 0.0508223
2026-04-02 18:12:04.383 10 INFO neutron.api.wsgi [req-106f98c9-65e4-401f-af50-02ecff78ca8e req-7b9bfa43-73d0-4d7d-8fcf-fd066a5854a1 a056779da5a14e2abaac4bf165ad74df 4e12d25640b942c9a9e74725c7076069 - - default default] 10.0.0.14 "GET /v2.0/ports?device_id=ea782aa4-749c-4f1d-b51a-9f80200ca633 HTTP/1.1" status: 200 len: 1168 time: 0.0334780
2026-04-02 18:12:04.418 9 INFO neutron.api.wsgi [req-c32bca81-34b1-493f-94c5-f87f21b223fe req-6307473f-8dc5-436e-b955-a1ade33539f4 613f559da1814c56a288b8c617095f66 7c9d33315b5a4682b8fd10e638a7ce86 - - fc6e22571bdd4990a4cb50c180567519 fc6e22571bdd4990a4cb50c180567519] 199.19.213.133 "GET /v2.0/subnets?id=086d661b-183f-4004-a954-826024c16b62 HTTP/1.1" status: 200 len: 877 time: 0.2891843
2026-04-02 18:12:04.423 10 INFO neutron.api.wsgi [req-106f98c9-65e4-401f-af50-02ecff78ca8e req-16cc8015-ea9c-45da-a262-f50476cf47a9 a056779da5a14e2abaac4bf165ad74df 4e12d25640b942c9a9e74725c7076069 - - default default] 10.0.0.14 "GET /v2.0/security-groups?id=40e786d5-6aae-414e-b5f5-0efd9e733b57&fields=id&fields=name HTTP/1.1" status: 200 len: 313 time: 0.0342550
2026-04-02 18:12:04.450 9 INFO neutron.api.wsgi [req-c32bca81-34b1-493f-94c5-f87f21b223fe req-1bb90072-94a9-448a-b129-3d79b04c9166 613f559da1814c56a288b8c617095f66 7c9d33315b5a4682b8fd10e638a7ce86 - - fc6e22571bdd4990a4cb50c180567519 fc6e22571bdd4990a4cb50c180567519] 199.19.213.133 "GET /v2.0/ports?network_id=044ded33-645a-4336-97af-fabd28b79bfc&device_owner=network%3Adhcp HTTP/1.1" status: 200 len: 210 time: 0.0245380
2026-04-02 18:12:04.482 9 INFO neutron.api.wsgi [None req-4326ac83-f52f-4794-b197-cce47240a641 2032f72c11044da782c41bc0b453c480 087eac4f933b40b199ffd773ad98713c - - default default] 10.0.0.191 "DELETE /v2.0/networks/2ac40af9-1788-45bc-8de6-0ccb0d2c5142 HTTP/1.1" status: 204 len: 168 time: 0.7059689
2026-04-02 18:12:04.507 9 INFO neutron.api.wsgi [req-c32bca81-34b1-493f-94c5-f87f21b223fe req-c4db0788-51eb-490b-9c40-f5017feb2b08 613f559da1814c56a288b8c617095f66 7c9d33315b5a4682b8fd10e638a7ce86 - - fc6e22571bdd4990a4cb50c180567519 fc6e22571bdd4990a4cb50c180567519] 199.19.213.133 "GET /v2.0/networks/044ded33-645a-4336-97af-fabd28b79bfc?fields=segments HTTP/1.1" status: 200 len: 212 time: 0.0514596
2026-04-02 18:12:04.565 9 INFO neutron.api.wsgi [req-c32bca81-34b1-493f-94c5-f87f21b223fe req-62d14f7d-4b85-4706-951b-e6cd403c9ee9 613f559da1814c56a288b8c617095f66 7c9d33315b5a4682b8fd10e638a7ce86 - - fc6e22571bdd4990a4cb50c180567519 fc6e22571bdd4990a4cb50c180567519] 199.19.213.133 "GET /v2.0/networks/044ded33-645a-4336-97af-fabd28b79bfc?fields=provider%3Aphysical_network&fields=provider%3Anetwork_type HTTP/1.1" status: 200 len: 277 time: 0.0514822
2026-04-02 18:12:04.822 9 INFO neutron.api.wsgi [None req-486f7668-d2cd-443c-b3c2-ef765a643f00 2032f72c11044da782c41bc0b453c480 087eac4f933b40b199ffd773ad98713c - - default default] 10.0.0.191 "DELETE /v2.0/networks/c3d12cdb-4971-4df5-994d-d432c16f10bc HTTP/1.1" status: 204 len: 168 time: 0.3326628
2026-04-02 18:12:05.023 9 INFO neutron.db.ovn_revision_numbers_db [None req-8fbc28f2-ddb3-4146-881e-3e6a241d91f8 15ac08b292f84221bdb7fa15f1fca821 64192436849b41b8b4ae850920ef1780 - - default default] Successfully bumped revision number for resource d2065912-3b5b-4922-9c3d-5798fedd3c56 (type: security_groups) to 1
2026-04-02 18:12:05.038 9 INFO neutron.db.ovn_revision_numbers_db [None req-8fbc28f2-ddb3-4146-881e-3e6a241d91f8 15ac08b292f84221bdb7fa15f1fca821 64192436849b41b8b4ae850920ef1780 - - default default] Successfully bumped revision number for resource 193f2a50-b319-49c4-a75e-067a9d7878e2 (type: security_group_rules) to 0
2026-04-02 18:12:05.060 9 INFO neutron.db.ovn_revision_numbers_db [None req-8fbc28f2-ddb3-4146-881e-3e6a241d91f8 15ac08b292f84221bdb7fa15f1fca821 64192436849b41b8b4ae850920ef1780 - - default default] Successfully bumped revision number for resource 86983558-3d72-443b-93d5-97a9d3dc0b81 (type: security_group_rules) to 0
2026-04-02 18:12:05.076 9 INFO neutron.db.ovn_revision_numbers_db [None req-8fbc28f2-ddb3-4146-881e-3e6a241d91f8 15ac08b292f84221bdb7fa15f1fca821 64192436849b41b8b4ae850920ef1780 - - default default] Successfully bumped revision number for resource a5f618ce-b3f2-4bff-af45-3878310dc27b (type: security_group_rules) to 0
2026-04-02 18:12:05.090 9 INFO neutron.db.ovn_revision_numbers_db [None req-8fbc28f2-ddb3-4146-881e-3e6a241d91f8 15ac08b292f84221bdb7fa15f1fca821 64192436849b41b8b4ae850920ef1780 - - default default] Successfully bumped revision number for resource d22b19d1-559f-4192-98b4-c1323bafced9 (type: security_group_rules) to 0
2026-04-02 18:12:05.133 9 INFO neutron.api.wsgi [None req-8fbc28f2-ddb3-4146-881e-3e6a241d91f8 15ac08b292f84221bdb7fa15f1fca821 64192436849b41b8b4ae850920ef1780 - - default default] 10.0.0.191 "GET /v2.0/security-groups?tenant_id=90f2664c537e4efc8636572164e61619&name=default HTTP/1.1" status: 200 len: 3120 time: 0.4023068
2026-04-02 18:12:05.208 9 INFO neutron.api.wsgi [None req-cf48a1d1-947b-4abb-8254-d057f365c7dd 2032f72c11044da782c41bc0b453c480 087eac4f933b40b199ffd773ad98713c - - default default] 10.0.0.191 "DELETE /v2.0/networks/7bc67939-2923-4c68-a3f6-f640ada2d867 HTTP/1.1" status: 204 len: 168 time: 0.3797255
2026-04-02 18:12:05.355 9 INFO neutron.api.wsgi [None req-3b878b34-139b-45f3-bfdc-d9c90fdaca30 15ac08b292f84221bdb7fa15f1fca821 64192436849b41b8b4ae850920ef1780 - - default default] 10.0.0.191 "DELETE /v2.0/security-groups/d2065912-3b5b-4922-9c3d-5798fedd3c56 HTTP/1.1" status: 204 len: 168 time: 0.2157822
2026-04-02 18:12:05.521 9 INFO neutron.api.wsgi [req-a460881d-d4b0-4e51-bcde-03014714685a req-86b961e7-e50f-43ea-9c4e-dc9483ec004f a056779da5a14e2abaac4bf165ad74df 4e12d25640b942c9a9e74725c7076069 - - default default] 10.0.0.14 "GET /v2.0/ports?device_id=ea782aa4-749c-4f1d-b51a-9f80200ca633 HTTP/1.1" status: 200 len: 1168 time: 0.0410521
2026-04-02 18:12:05.547 10 INFO neutron.services.segments.plugin [-] Segment e57e54f7-d34e-4f74-a922-776ceed6cbc1 resource provider aggregate not found
2026-04-02 18:12:05.552 10 INFO neutron.services.segments.plugin [-] Segment e57e54f7-d34e-4f74-a922-776ceed6cbc1 resource provider aggregate not found
2026-04-02 18:12:05.560 10 INFO neutron.services.segments.plugin [-] Segment e57e54f7-d34e-4f74-a922-776ceed6cbc1 resource provider not found; error: Placement Client Error (4xx): {"errors": [{"status": 404, "title": "Not Found", "detail": "The resource could not be found.\n\n No resource provider with uuid e57e54f7-d34e-4f74-a922-776ceed6cbc1 found for delete ", "request_id": "req-8996d5e0-4e2f-4c87-a244-41f7cea0fc1e"}]}
2026-04-02 18:12:05.567 9 INFO neutron.api.wsgi [req-a460881d-d4b0-4e51-bcde-03014714685a req-3d273906-4d90-4677-a0b6-848c9b107d00 a056779da5a14e2abaac4bf165ad74df 4e12d25640b942c9a9e74725c7076069 - - default default] 10.0.0.14 "GET /v2.0/security-groups?id=40e786d5-6aae-414e-b5f5-0efd9e733b57&fields=id&fields=name HTTP/1.1" status: 200 len: 313 time: 0.0389478
2026-04-02 18:12:05.567 10 INFO neutron.services.segments.plugin [-] Segment e57e54f7-d34e-4f74-a922-776ceed6cbc1 resource provider not found; error: Placement Client Error (4xx): {"errors": [{"status": 404, "title": "Not Found", "detail": "The resource could not be found.\n\n No resource provider with uuid e57e54f7-d34e-4f74-a922-776ceed6cbc1 found for delete ", "request_id": "req-dd2bbe83-63ca-4d2b-892e-f433da565416"}]}
2026-04-02 18:12:05.577 10 INFO neutron.api.wsgi [None req-ca18b331-b0f4-437e-aeb9-f872fec041a3 2032f72c11044da782c41bc0b453c480 087eac4f933b40b199ffd773ad98713c - - default default] 10.0.0.191 "DELETE /v2.0/networks/08357139-d8fc-4eb0-808a-86cb9bd9d6f9 HTTP/1.1" status: 204 len: 168 time: 0.3613050
2026-04-02 18:12:05.761 9 INFO neutron.services.segments.plugin [-] Segment 0b235e5d-83a9-466c-a771-4fde150ba860 resource provider aggregate not found
2026-04-02 18:12:05.767 9 INFO neutron.services.segments.plugin [-] Segment 0b235e5d-83a9-466c-a771-4fde150ba860 resource provider aggregate not found
2026-04-02 18:12:05.771 9 INFO neutron.services.segments.plugin [-] Segment 0b235e5d-83a9-466c-a771-4fde150ba860 resource provider not found; error: Placement Client Error (4xx): {"errors": [{"status": 404, "title": "Not Found", "detail": "The resource could not be found.\n\n No resource provider with uuid 0b235e5d-83a9-466c-a771-4fde150ba860 found for delete ", "request_id": "req-7b7ba1e3-1617-4027-b340-8d54e6bbb7af"}]}
2026-04-02 18:12:05.782 9 INFO neutron.services.segments.plugin [-] Segment 09981ac6-f952-44e5-a569-60c6a53872ac resource provider aggregate not found
2026-04-02 18:12:05.786 9 INFO neutron.services.segments.plugin [-] Segment 0b235e5d-83a9-466c-a771-4fde150ba860 resource provider not found; error: Placement Client Error (4xx): {"errors": [{"status": 404, "title": "Not Found", "detail": "The resource could not be found.\n\n No resource provider with uuid 0b235e5d-83a9-466c-a771-4fde150ba860 found for delete ", "request_id": "req-e8f53ace-f547-4771-82a3-f4052c4330f5"}]}
2026-04-02 18:12:05.801 9 INFO neutron.services.segments.plugin [-] Segment 09981ac6-f952-44e5-a569-60c6a53872ac resource provider not found; error: Placement Client Error (4xx): {"errors": [{"status": 404, "title": "Not Found", "detail": "The resource could not be found.\n\n No resource provider with uuid 09981ac6-f952-44e5-a569-60c6a53872ac found for delete ", "request_id": "req-022817ee-b539-4416-9093-7edc55e4055a"}]}
2026-04-02 18:12:05.804 9 INFO neutron.services.segments.plugin [-] Segment 09981ac6-f952-44e5-a569-60c6a53872ac resource provider aggregate not found
2026-04-02 18:12:05.818 9 INFO neutron.services.segments.plugin [-] Segment 8a598617-1bcc-4862-98af-5e19821fc589 resource provider aggregate not found
2026-04-02 18:12:05.822 9 INFO neutron.services.segments.plugin [-] Segment 09981ac6-f952-44e5-a569-60c6a53872ac resource provider not found; error: Placement Client Error (4xx): {"errors": [{"status": 404, "title": "Not Found", "detail": "The resource could not be found.\n\n No resource provider with uuid 09981ac6-f952-44e5-a569-60c6a53872ac found for delete ", "request_id": "req-7f688790-cd3a-44d5-a8fa-bb2714192f9d"}]}
2026-04-02 18:12:05.830 9 INFO neutron.services.segments.plugin [-] Segment 8a598617-1bcc-4862-98af-5e19821fc589 resource provider not found; error: Placement Client Error (4xx): {"errors": [{"status": 404, "title": "Not Found", "detail": "The resource could not be found.\n\n No resource provider with uuid 8a598617-1bcc-4862-98af-5e19821fc589 found for delete ", "request_id": "req-ccb941e4-7cd0-4c62-b078-10dbfcf48b7f"}]}
2026-04-02 18:12:05.839 9 INFO neutron.services.segments.plugin [-] Segment 8a598617-1bcc-4862-98af-5e19821fc589 resource provider aggregate not found
2026-04-02 18:12:05.858 9 INFO neutron.services.segments.plugin [-] Segment 8a598617-1bcc-4862-98af-5e19821fc589 resource provider not found; error: Placement Client Error (4xx): {"errors": [{"status": 404, "title": "Not Found", "detail": "The resource could not be found.\n\n No resource provider with uuid 8a598617-1bcc-4862-98af-5e19821fc589 found for delete ", "request_id": "req-695f1f37-aee5-4877-97f9-20a69f994ee9"}]}
2026-04-02 18:12:06.553 10 INFO neutron.api.wsgi [None req-5afc5d6a-8e73-4ce5-8319-63a9d87c5357 15ac08b292f84221bdb7fa15f1fca821 64192436849b41b8b4ae850920ef1780 - - default default] 10.0.0.191 "GET /v2.0/security-groups?tenant_id=087eac4f933b40b199ffd773ad98713c&name=default HTTP/1.1" status: 200 len: 3120 time: 0.1953313
2026-04-02 18:12:06.675 10 INFO neutron.api.wsgi [req-62d3ccf6-a817-4a1f-9a43-7d8c1ff63023 req-fed61236-a693-4da6-9fb9-4e5dbfa5b036 a056779da5a14e2abaac4bf165ad74df 4e12d25640b942c9a9e74725c7076069 - - default default] 10.0.0.14 "GET /v2.0/ports?device_id=ea782aa4-749c-4f1d-b51a-9f80200ca633 HTTP/1.1" status: 200 len: 1168 time: 0.0455637
2026-04-02 18:12:06.716 9 INFO neutron.plugins.ml2.drivers.ovn.mech_driver.mech_driver [None req-7ce26632-b0b3-4737-91a8-0fe0fab995c8 - - - - - -] OVN reports status up for port: a6776ed2-dae4-48b5-9dbc-ead148961681
2026-04-02 18:12:06.731 9 INFO neutron.plugins.ml2.plugin [None req-7ce26632-b0b3-4737-91a8-0fe0fab995c8 - - - - - -] Attempt 1 to provision port a6776ed2-dae4-48b5-9dbc-ead148961681
2026-04-02 18:12:06.738 10 INFO neutron.api.wsgi [req-62d3ccf6-a817-4a1f-9a43-7d8c1ff63023 req-fee39e87-8c68-4730-8ef1-df427a8651d5 a056779da5a14e2abaac4bf165ad74df 4e12d25640b942c9a9e74725c7076069 - - default default] 10.0.0.14 "GET /v2.0/security-groups?id=40e786d5-6aae-414e-b5f5-0efd9e733b57&fields=id&fields=name HTTP/1.1" status: 200 len: 313 time: 0.0562763
2026-04-02 18:12:06.813 10 INFO neutron.api.wsgi [None req-f07475c4-d6b1-405e-baf6-128b5a0652da 15ac08b292f84221bdb7fa15f1fca821 64192436849b41b8b4ae850920ef1780 - - default default] 10.0.0.191 "DELETE /v2.0/security-groups/98f9226d-6c43-4c00-a5f5-dc3bb524a6ca HTTP/1.1" status: 204 len: 168 time: 0.2546246
2026-04-02 18:12:06.860 9 INFO neutron.notifiers.nova [-] Nova event matching ['req-14fef3a7-4eb9-4240-a51e-66f44a238efc'] response: {'server_uuid': 'ea782aa4-749c-4f1d-b51a-9f80200ca633', 'name': 'network-vif-plugged', 'status': 'completed', 'tag': 'a6776ed2-dae4-48b5-9dbc-ead148961681', 'code': 200}
2026-04-02 18:12:06.977 9 INFO neutron.db.ovn_revision_numbers_db [None req-7ce26632-b0b3-4737-91a8-0fe0fab995c8 - - - - - -] Successfully bumped revision number for resource a6776ed2-dae4-48b5-9dbc-ead148961681 (type: ports) to 5
2026-04-02 18:12:07.079 10 INFO neutron.db.ovn_revision_numbers_db [None req-ce0c4b3e-6953-4686-b052-2d97a45f8d77 15ac08b292f84221bdb7fa15f1fca821 64192436849b41b8b4ae850920ef1780 - - default default] Successfully bumped revision number for resource d6382270-a6e0-4616-a5ad-54a4eaa36568 (type: security_groups) to 1
2026-04-02 18:12:07.094 10 INFO neutron.db.ovn_revision_numbers_db [None req-ce0c4b3e-6953-4686-b052-2d97a45f8d77 15ac08b292f84221bdb7fa15f1fca821 64192436849b41b8b4ae850920ef1780 - - default default] Successfully bumped revision number for resource 00e2bac0-6d3f-43bf-9e56-365b6775d413 (type: security_group_rules) to 0
2026-04-02 18:12:07.107 10 INFO neutron.db.ovn_revision_numbers_db [None req-ce0c4b3e-6953-4686-b052-2d97a45f8d77 15ac08b292f84221bdb7fa15f1fca821 64192436849b41b8b4ae850920ef1780 - - default default] Successfully bumped revision number for resource 86ea627b-163e-498d-9db2-809bfd166c7c (type: security_group_rules) to 0
2026-04-02 18:12:07.122 10 INFO neutron.db.ovn_revision_numbers_db [None req-ce0c4b3e-6953-4686-b052-2d97a45f8d77 15ac08b292f84221bdb7fa15f1fca821 64192436849b41b8b4ae850920ef1780 - - default default] Successfully bumped revision number for resource b27c75e2-f4af-42f8-ba3c-d77a8d2e479e (type: security_group_rules) to 0
2026-04-02 18:12:07.140 10 INFO neutron.db.ovn_revision_numbers_db [None req-ce0c4b3e-6953-4686-b052-2d97a45f8d77 15ac08b292f84221bdb7fa15f1fca821 64192436849b41b8b4ae850920ef1780 - - default default] Successfully bumped revision number for resource b95c6336-9ce4-49bc-9607-3bc6f6ddfadb (type: security_group_rules) to 0 /var/lib/openstack/lib/python3.12/site-packages/pycadf/identifier.py:71: UserWarning: Invalid uuid: neutron. To ensure interoperability, identifiers should be a valid uuid. warnings.warn(('Invalid uuid: %s. To ensure interoperability, '
2026-04-02 18:12:07.175 10 INFO neutron.api.wsgi [None req-ce0c4b3e-6953-4686-b052-2d97a45f8d77 15ac08b292f84221bdb7fa15f1fca821 64192436849b41b8b4ae850920ef1780 - - default default] 10.0.0.191 "GET /v2.0/security-groups?tenant_id=27631e3fc86a4e6f83737c0ff7efc795&name=default HTTP/1.1" status: 200 len: 3120 time: 0.2172420
2026-04-02 18:12:07.271 9 INFO neutron.db.ovn_revision_numbers_db [None req-400ff80c-f614-44ed-a4dc-4b1b7aa3b7d3 15ac08b292f84221bdb7fa15f1fca821 64192436849b41b8b4ae850920ef1780 - - default default] Successfully bumped revision number for resource 8abbad97-c926-4bbd-931e-d6ed25bf2e0d (type: security_groups) to 1
2026-04-02 18:12:07.284 9 INFO neutron.db.ovn_revision_numbers_db [None req-400ff80c-f614-44ed-a4dc-4b1b7aa3b7d3 15ac08b292f84221bdb7fa15f1fca821 64192436849b41b8b4ae850920ef1780 - - default default] Successfully bumped revision number for resource 175a7918-54e8-467e-8c24-f485817845a7 (type: security_group_rules) to 0
2026-04-02 18:12:07.297 9 INFO neutron.db.ovn_revision_numbers_db [None req-400ff80c-f614-44ed-a4dc-4b1b7aa3b7d3 15ac08b292f84221bdb7fa15f1fca821 64192436849b41b8b4ae850920ef1780 - - default default] Successfully bumped revision number for resource 80075396-e8ca-48e0-ba2a-ac3c78e4ee68 (type: security_group_rules) to 0
2026-04-02 18:12:07.313 9 INFO neutron.db.ovn_revision_numbers_db [None req-400ff80c-f614-44ed-a4dc-4b1b7aa3b7d3 15ac08b292f84221bdb7fa15f1fca821 64192436849b41b8b4ae850920ef1780 - - default default] Successfully bumped revision number for resource 88b99bf0-320b-4714-ac93-f0d9640900eb (type: security_group_rules) to 0
2026-04-02 18:12:07.331 9 INFO neutron.db.ovn_revision_numbers_db [None req-400ff80c-f614-44ed-a4dc-4b1b7aa3b7d3 15ac08b292f84221bdb7fa15f1fca821 64192436849b41b8b4ae850920ef1780 - - default default] Successfully bumped revision number for resource bdda51c6-d2b3-4a73-8850-3f3841d3358b (type: security_group_rules) to 0
2026-04-02 18:12:07.382 10 INFO neutron.api.wsgi [None req-adabbfda-bd69-4a47-8035-9d4b5869b0e7 15ac08b292f84221bdb7fa15f1fca821 64192436849b41b8b4ae850920ef1780 - - default default] 10.0.0.191 "DELETE /v2.0/security-groups/d6382270-a6e0-4616-a5ad-54a4eaa36568 HTTP/1.1" status: 204 len: 168 time: 0.2012074
2026-04-02 18:12:07.411 9 INFO neutron.db.segments_db [None req-400ff80c-f614-44ed-a4dc-4b1b7aa3b7d3 15ac08b292f84221bdb7fa15f1fca821 64192436849b41b8b4ae850920ef1780 - - default default] Added segment 5dd108e0-27eb-45e1-8627-4774f8dd6548 of type geneve for network 193e9672-7fc0-4f4a-8333-29658154d9a5
2026-04-02 18:12:07.542 9 INFO neutron.db.ovn_revision_numbers_db [None req-400ff80c-f614-44ed-a4dc-4b1b7aa3b7d3 15ac08b292f84221bdb7fa15f1fca821 64192436849b41b8b4ae850920ef1780 - - default default] Successfully bumped revision number for resource 193e9672-7fc0-4f4a-8333-29658154d9a5 (type: networks) to 1
2026-04-02 18:12:07.597 10 INFO neutron.db.ovn_revision_numbers_db [None req-f0449aea-6f75-4acc-a165-cf38d92a42b4 15ac08b292f84221bdb7fa15f1fca821 64192436849b41b8b4ae850920ef1780 - - default default] Successfully bumped revision number for resource fef3e041-059c-4921-9af4-bfa8175bfd81 (type: security_groups) to 1
2026-04-02 18:12:07.612 10 INFO neutron.db.ovn_revision_numbers_db [None req-f0449aea-6f75-4acc-a165-cf38d92a42b4 15ac08b292f84221bdb7fa15f1fca821 64192436849b41b8b4ae850920ef1780 - - default default] Successfully bumped revision number for resource 00c7fe90-af53-4947-b67d-ea7ed038f141 (type: security_group_rules) to 0
2026-04-02 18:12:07.631 10 INFO neutron.db.ovn_revision_numbers_db [None req-f0449aea-6f75-4acc-a165-cf38d92a42b4 15ac08b292f84221bdb7fa15f1fca821 64192436849b41b8b4ae850920ef1780 - - default default] Successfully bumped revision number for resource 21cc2d36-1771-495f-83a3-5e840c3699cd (type: security_group_rules) to 0
2026-04-02 18:12:07.644 10 INFO neutron.db.ovn_revision_numbers_db [None req-f0449aea-6f75-4acc-a165-cf38d92a42b4 15ac08b292f84221bdb7fa15f1fca821 64192436849b41b8b4ae850920ef1780 - - default default] Successfully bumped revision number for resource 2576283f-cbae-4e9f-975a-17a5f7e6df7b (type: security_group_rules) to 0
2026-04-02 18:12:07.661 10 INFO neutron.db.ovn_revision_numbers_db [None req-f0449aea-6f75-4acc-a165-cf38d92a42b4 15ac08b292f84221bdb7fa15f1fca821 64192436849b41b8b4ae850920ef1780 - - default default] Successfully bumped revision number for resource e1301313-09cb-44ea-80df-e39e40686828 (type: security_group_rules) to 0
2026-04-02 18:12:07.686 9 WARNING neutron.scheduler.dhcp_agent_scheduler [None req-400ff80c-f614-44ed-a4dc-4b1b7aa3b7d3 15ac08b292f84221bdb7fa15f1fca821 64192436849b41b8b4ae850920ef1780 - - default default] No more DHCP agents
2026-04-02 18:12:07.688 9 WARNING neutron.api.rpc.agentnotifiers.dhcp_rpc_agent_api [None req-400ff80c-f614-44ed-a4dc-4b1b7aa3b7d3 15ac08b292f84221bdb7fa15f1fca821 64192436849b41b8b4ae850920ef1780 - - default default] Unable to schedule network 193e9672-7fc0-4f4a-8333-29658154d9a5: no agents available; will retry on subsequent port and subnet creation events.
2026-04-02 18:12:07.700 10 INFO neutron.api.wsgi [None req-f0449aea-6f75-4acc-a165-cf38d92a42b4 15ac08b292f84221bdb7fa15f1fca821 64192436849b41b8b4ae850920ef1780 - - default default] 10.0.0.191 "GET /v2.0/security-groups?tenant_id=7a9a6aeb72c540e8ab56d397425dc084&name=default HTTP/1.1" status: 200 len: 3120 time: 0.2273772
2026-04-02 18:12:07.749 9 INFO neutron.db.ovn_revision_numbers_db [None req-400ff80c-f614-44ed-a4dc-4b1b7aa3b7d3 15ac08b292f84221bdb7fa15f1fca821 64192436849b41b8b4ae850920ef1780 - - default default] Successfully bumped revision number for resource 39467394-eaf4-4940-8002-95b7c998e45f (type: ports) to 1
2026-04-02 18:12:07.773 9 INFO neutron.api.wsgi [None req-400ff80c-f614-44ed-a4dc-4b1b7aa3b7d3 15ac08b292f84221bdb7fa15f1fca821 64192436849b41b8b4ae850920ef1780 - - default default] 10.0.0.191 "POST /v2.0/networks HTTP/1.1" status: 201 len: 942 time: 0.7559705
2026-04-02 18:12:07.857 10 INFO neutron.api.wsgi [req-921022f6-2e0a-4d80-9141-9460bc98e94e req-c11e230b-325e-402a-bd29-b766ba06130e a056779da5a14e2abaac4bf165ad74df 4e12d25640b942c9a9e74725c7076069 - - default default] 10.0.0.14 "GET /v2.0/ports?device_id=ea782aa4-749c-4f1d-b51a-9f80200ca633 HTTP/1.1" status: 200 len: 1170 time: 0.0430920
