2026-04-02 18:09:34.346 9 INFO neutron.db.ovn_revision_numbers_db [None req-7a179d00-6306-40ef-ab67-afa008ab38c6 - - - - - -] Successfully bumped revision number for resource f21073ba-9f63-4f66-a8cc-6125ccf32d9b (type: ports) to 2
2026-04-02 18:09:34.387 9 INFO neutron.db.ovn_revision_numbers_db [None req-7a179d00-6306-40ef-ab67-afa008ab38c6 - - - - - -] Successfully bumped revision number for resource 717f5674-3d02-41a5-9105-28d755f6ea0a (type: subnets) to 0
2026-04-02 18:09:34.400 9 INFO neutron.api.wsgi [None req-27addd6f-271d-4bb6-8398-f74fd6a36f43 15ac08b292f84221bdb7fa15f1fca821 64192436849b41b8b4ae850920ef1780 - - default default] 10.0.0.191 "POST /v2.0/subnets HTTP/1.1" status: 201 len: 884 time: 0.6573691
2026-04-02 18:09:34.426 10 INFO neutron.api.wsgi [req-3595ec6f-1a26-440e-9450-17b36fd67d46 req-ba18852e-4ebd-46be-b62d-1e9af105766d 17c0898e8e5b48e38b3fe24bdc1d9823 1f0f5ee9026d4ff8a7b692464313ac1c - - default default] 10.0.0.14 "GET /v2.0/ports?device_id=1be7b51b-9574-4b44-8b20-f597ae8856ef HTTP/1.1" status: 200 len: 1170 time: 0.0782475
2026-04-02 18:09:34.580 9 INFO neutron.api.wsgi [req-e2e42860-7f99-4a7a-bee2-6645139f59d1 req-592705c5-bcbd-4bb7-8841-c72311107bfd 17c0898e8e5b48e38b3fe24bdc1d9823 1f0f5ee9026d4ff8a7b692464313ac1c - - default default] 10.0.0.14 "GET /v2.0/ports/cf811fbf-f83f-4a20-80f2-b0d4a8558953 HTTP/1.1" status: 200 len: 1167 time: 0.1064382
2026-04-02 18:09:34.815 9 INFO neutron.plugins.ml2.drivers.ovn.mech_driver.mech_driver [None req-623462f3-7bed-4859-bc28-71c494c70825 - - - - - -] OVN reports status up for port: e03247a6-212e-40d7-be19-fb218a2b7ec7
2026-04-02 18:09:34.829 9 INFO neutron.plugins.ml2.plugin [None req-623462f3-7bed-4859-bc28-71c494c70825 - - - - - -] Attempt 1 to provision port e03247a6-212e-40d7-be19-fb218a2b7ec7
2026-04-02 18:09:34.913 9 WARNING neutron.scheduler.dhcp_agent_scheduler [None req-5f6bff8e-750f-44dc-b634-7d6a6be4f414 15ac08b292f84221bdb7fa15f1fca821 64192436849b41b8b4ae850920ef1780 - - default default] No more DHCP agents
2026-04-02 18:09:34.916 9 WARNING neutron.api.rpc.agentnotifiers.dhcp_rpc_agent_api [None req-5f6bff8e-750f-44dc-b634-7d6a6be4f414 15ac08b292f84221bdb7fa15f1fca821 64192436849b41b8b4ae850920ef1780 - - default default] Unable to schedule network 01cd64d3-5f44-49a4-af49-91bcc888d368: no agents available; will retry on subsequent port and subnet creation events.
2026-04-02 18:09:34.971 9 INFO neutron.notifiers.nova [-] Nova event matching ['req-09346157-0344-48b1-851b-e59d69dbaaac'] response: {'server_uuid': '68a162c3-9d3b-409b-b7c4-92e122db815b', 'name': 'network-vif-plugged', 'status': 'completed', 'tag': 'e03247a6-212e-40d7-be19-fb218a2b7ec7', 'code': 200}
2026-04-02 18:09:35.078 9 INFO neutron.db.ovn_revision_numbers_db [None req-5f6bff8e-750f-44dc-b634-7d6a6be4f414 15ac08b292f84221bdb7fa15f1fca821 64192436849b41b8b4ae850920ef1780 - - default default] Successfully bumped revision number for resource f6149586-8fc4-4658-9b20-3d09ca1207dc (type: ports) to 1
2026-04-02 18:09:35.126 9 INFO neutron.db.ovn_revision_numbers_db [None req-623462f3-7bed-4859-bc28-71c494c70825 - - - - - -] Successfully bumped revision number for resource e03247a6-212e-40d7-be19-fb218a2b7ec7 (type: ports) to 5
2026-04-02 18:09:35.245 10 INFO neutron.api.wsgi [req-ae7fbf02-1efd-4aac-8ed4-3fdc93637577 req-3abf4eae-5435-47ba-aaba-0d3d12f95b87 17c0898e8e5b48e38b3fe24bdc1d9823 1f0f5ee9026d4ff8a7b692464313ac1c - - default default] 199.19.213.133 "GET /v2.0/subnets?network_id=0676b085-69d6-4c2b-9a73-f84da7ce5e6c HTTP/1.1" status: 200 len: 883 time: 0.0498223
2026-04-02 18:09:35.251 10 INFO neutron.api.wsgi [req-71a22a60-96d6-4d30-b445-4d258203d98a req-fb2def93-68da-452e-a181-cca34a4b56de 76db712553b746d186f0ca59206ab5b7 05927a530ca84b19bfb7598cdc078626 - - default default] 10.0.0.14 "GET /v2.0/ports?device_id=68a162c3-9d3b-409b-b7c4-92e122db815b HTTP/1.1" status: 200 len: 1174 time: 0.0371003
2026-04-02 18:09:35.305 10 INFO neutron.api.wsgi [req-ae7fbf02-1efd-4aac-8ed4-3fdc93637577 req-11809b84-f86f-484d-8d6b-b62d1da33539 17c0898e8e5b48e38b3fe24bdc1d9823 1f0f5ee9026d4ff8a7b692464313ac1c - - default default] 199.19.213.133 "GET /v2.0/ports?device_id=1be7b51b-9574-4b44-8b20-f597ae8856ef&device_owner=compute%3Anova&network_id=0676b085-69d6-4c2b-9a73-f84da7ce5e6c HTTP/1.1" status: 200 len: 1170 time: 0.0532627
2026-04-02 18:09:35.318 10 INFO neutron.api.wsgi [req-71a22a60-96d6-4d30-b445-4d258203d98a req-88bc1a1f-eaed-4c82-8f06-c093abda5b8a 76db712553b746d186f0ca59206ab5b7 05927a530ca84b19bfb7598cdc078626 - - default default] 10.0.0.14 "GET /v2.0/security-groups?id=6515cef6-975c-4ca9-a6cf-725bcc809786&fields=id&fields=name HTTP/1.1" status: 200 len: 286 time: 0.0601144
2026-04-02 18:09:35.689 9 INFO neutron.plugins.ml2.drivers.ovn.mech_driver.ovsdb.commands [None req-b2ff25d3-91fa-48f2-b0df-3576c004384b - - - - - -] Schedule LRP lrp-f6149586-8fc4-4658-9b20-3d09ca1207dc on gateway 6e34f127-4aeb-4395-bca0-4bf18ef541b5 with priority 1
2026-04-02 18:09:35.702 10 INFO neutron.plugins.ml2.drivers.ovn.mech_driver.mech_driver [None req-5c6c0d56-3425-4ea7-8f56-ef5601937c73 - - - - - -] OVN reports status up for port: f6149586-8fc4-4658-9b20-3d09ca1207dc
2026-04-02 18:09:35.714 10 INFO neutron.plugins.ml2.plugin [None req-5c6c0d56-3425-4ea7-8f56-ef5601937c73 - - - - - -] Attempt 1 to provision port f6149586-8fc4-4658-9b20-3d09ca1207dc
2026-04-02 18:09:35.718 9 INFO neutron.plugins.ml2.drivers.ovn.mech_driver.ovsdb.ovsdb_monitor [None req-aa5de867-b9ca-47d6-8b74-a6c8d9ed4ff7 - - - - - -] Router 33820257-b2f3-43c8-9b43-404579a76cb7 is bound to host instance
2026-04-02 18:09:35.751 9 INFO neutron.db.ovn_revision_numbers_db [None req-5f6bff8e-750f-44dc-b634-7d6a6be4f414 15ac08b292f84221bdb7fa15f1fca821 64192436849b41b8b4ae850920ef1780 - - default default] Successfully bumped revision number for resource f6149586-8fc4-4658-9b20-3d09ca1207dc (type: router_ports) to 1
2026-04-02 18:09:35.826 9 INFO neutron.db.ovn_revision_numbers_db [None req-5f6bff8e-750f-44dc-b634-7d6a6be4f414 15ac08b292f84221bdb7fa15f1fca821 64192436849b41b8b4ae850920ef1780 - - default default] Successfully bumped revision number for resource 33820257-b2f3-43c8-9b43-404579a76cb7 (type: routers) to 2
2026-04-02 18:09:35.847 9 INFO neutron.api.wsgi [None req-5f6bff8e-750f-44dc-b634-7d6a6be4f414 15ac08b292f84221bdb7fa15f1fca821 64192436849b41b8b4ae850920ef1780 - - default default] 10.0.0.191 "POST /v2.0/routers HTTP/1.1" status: 201 len: 1162 time: 1.4426341 /var/lib/openstack/lib/python3.12/site-packages/pycadf/identifier.py:71: UserWarning: Invalid uuid: neutron. To ensure interoperability, identifiers should be a valid uuid. warnings.warn(('Invalid uuid: %s. To ensure interoperability, '
2026-04-02 18:09:35.984 10 INFO neutron.db.ovn_revision_numbers_db [req-ae7fbf02-1efd-4aac-8ed4-3fdc93637577 req-17e184ef-c402-4a83-9245-3ab99b339f90 17c0898e8e5b48e38b3fe24bdc1d9823 1f0f5ee9026d4ff8a7b692464313ac1c - - default default] Successfully bumped revision number for resource cf811fbf-f83f-4a20-80f2-b0d4a8558953 (type: ports) to 6
2026-04-02 18:09:35.996 10 INFO neutron.api.wsgi [req-ae7fbf02-1efd-4aac-8ed4-3fdc93637577 req-17e184ef-c402-4a83-9245-3ab99b339f90 17c0898e8e5b48e38b3fe24bdc1d9823 1f0f5ee9026d4ff8a7b692464313ac1c - - default default] 199.19.213.133 "PUT /v2.0/ports/cf811fbf-f83f-4a20-80f2-b0d4a8558953 HTTP/1.1" status: 200 len: 1345 time: 0.6879265
2026-04-02 18:09:36.043 10 INFO neutron.notifiers.nova [-] Nova event matching ['req-643a0a5e-0377-48cf-8060-1fe32b7f8802'] response: {'name': 'network-changed', 'server_uuid': '1be7b51b-9574-4b44-8b20-f597ae8856ef', 'tag': 'cf811fbf-f83f-4a20-80f2-b0d4a8558953', 'status': 'completed', 'code': 200}
2026-04-02 18:09:36.363 10 WARNING neutron.scheduler.dhcp_agent_scheduler [None req-585c12bf-75bd-4368-aa45-5cb182bdfdbd 15ac08b292f84221bdb7fa15f1fca821 64192436849b41b8b4ae850920ef1780 - - default default] No more DHCP agents
2026-04-02 18:09:36.364 10 WARNING neutron.api.rpc.agentnotifiers.dhcp_rpc_agent_api [None req-585c12bf-75bd-4368-aa45-5cb182bdfdbd 15ac08b292f84221bdb7fa15f1fca821 64192436849b41b8b4ae850920ef1780 - - default default] Unable to schedule network ec578ad8-361a-489e-b592-1e17641469b3: no agents available; will retry on subsequent port and subnet creation events. /var/lib/openstack/lib/python3.12/site-packages/pycadf/identifier.py:71: UserWarning: Invalid uuid: neutron. To ensure interoperability, identifiers should be a valid uuid. warnings.warn(('Invalid uuid: %s. To ensure interoperability, '
2026-04-02 18:09:36.430 9 INFO neutron.db.ovn_revision_numbers_db [None req-03dca9cb-aad6-4fcd-9943-96caa72cfb54 - - - - - -] Successfully bumped revision number for resource f6149586-8fc4-4658-9b20-3d09ca1207dc (type: ports) to 1
2026-04-02 18:09:36.500 10 INFO neutron.db.ovn_revision_numbers_db [None req-585c12bf-75bd-4368-aa45-5cb182bdfdbd 15ac08b292f84221bdb7fa15f1fca821 64192436849b41b8b4ae850920ef1780 - - default default] Successfully bumped revision number for resource 1e79a9d9-3048-4913-bbb6-fb038e8397f1 (type: ports) to 1
2026-04-02 18:09:36.501 9 INFO neutron.api.wsgi [req-59c00da7-cf29-4253-b141-702564c7e147 req-ee5fc678-36d6-438f-826c-1a371d158ad8 76db712553b746d186f0ca59206ab5b7 05927a530ca84b19bfb7598cdc078626 - - default default] 10.0.0.14 "GET /v2.0/ports?device_id=68a162c3-9d3b-409b-b7c4-92e122db815b HTTP/1.1" status: 200 len: 1174 time: 0.1139324
2026-04-02 18:09:36.544 9 INFO neutron.api.wsgi [req-59c00da7-cf29-4253-b141-702564c7e147 req-c96a8cb7-2230-44d0-982d-371104928ec7 76db712553b746d186f0ca59206ab5b7 05927a530ca84b19bfb7598cdc078626 - - default default] 10.0.0.14 "GET /v2.0/security-groups?id=6515cef6-975c-4ca9-a6cf-725bcc809786&fields=id&fields=name HTTP/1.1" status: 200 len: 286 time: 0.0395319
2026-04-02 18:09:36.545 10 INFO neutron.api.wsgi [req-ae7fbf02-1efd-4aac-8ed4-3fdc93637577 req-5d3e04cf-eac3-4f01-b32e-a437c85dd848 613f559da1814c56a288b8c617095f66 7c9d33315b5a4682b8fd10e638a7ce86 - - fc6e22571bdd4990a4cb50c180567519 fc6e22571bdd4990a4cb50c180567519] 199.19.213.133 "GET /v2.0/ports?tenant_id=1f0f5ee9026d4ff8a7b692464313ac1c&device_id=1be7b51b-9574-4b44-8b20-f597ae8856ef HTTP/1.1" status: 200 len: 1586 time: 0.0397012
2026-04-02 18:09:36.589 10 INFO neutron.api.wsgi [req-ae7fbf02-1efd-4aac-8ed4-3fdc93637577 req-55e4e532-96ad-4776-9e76-db6aee538218 613f559da1814c56a288b8c617095f66 7c9d33315b5a4682b8fd10e638a7ce86 - - fc6e22571bdd4990a4cb50c180567519 fc6e22571bdd4990a4cb50c180567519] 199.19.213.133 "GET /v2.0/networks?id=0676b085-69d6-4c2b-9a73-f84da7ce5e6c HTTP/1.1" status: 200 len: 982 time: 0.0412941
2026-04-02 18:09:36.626 10 INFO neutron.api.wsgi [req-ae7fbf02-1efd-4aac-8ed4-3fdc93637577 req-e09c5009-5d4c-4562-acb0-808addb3c06a 613f559da1814c56a288b8c617095f66 7c9d33315b5a4682b8fd10e638a7ce86 - - fc6e22571bdd4990a4cb50c180567519 fc6e22571bdd4990a4cb50c180567519] 199.19.213.133 "GET /v2.0/floatingips?fixed_ip_address=10.100.0.7&port_id=cf811fbf-f83f-4a20-80f2-b0d4a8558953 HTTP/1.1" status: 200 len: 1059 time: 0.0310192
2026-04-02 18:09:36.648 10 INFO neutron.api.wsgi [req-ae7fbf02-1efd-4aac-8ed4-3fdc93637577 req-8b572556-c708-424b-8ce8-bd7799d44723 613f559da1814c56a288b8c617095f66 7c9d33315b5a4682b8fd10e638a7ce86 - - fc6e22571bdd4990a4cb50c180567519 fc6e22571bdd4990a4cb50c180567519] 199.19.213.133 "GET /v2.0/floatingips?fixed_ip_address=10.100.0.8&port_id=cf811fbf-f83f-4a20-80f2-b0d4a8558953 HTTP/1.1" status: 200 len: 217 time: 0.0168438
2026-04-02 18:09:36.680 10 INFO neutron.api.wsgi [req-ae7fbf02-1efd-4aac-8ed4-3fdc93637577 req-bc4770dd-f223-452c-a097-1c6f9ece8ba7 613f559da1814c56a288b8c617095f66 7c9d33315b5a4682b8fd10e638a7ce86 - - fc6e22571bdd4990a4cb50c180567519 fc6e22571bdd4990a4cb50c180567519] 199.19.213.133 "GET /v2.0/subnets?id=e6e86aa4-d317-4788-bc67-407db0ce5c54 HTTP/1.1" status: 200 len: 901 time: 0.0262349
2026-04-02 18:09:36.707 10 INFO neutron.api.wsgi [req-ae7fbf02-1efd-4aac-8ed4-3fdc93637577 req-f21dc0ed-2e91-4ba4-aa8e-a483dfb71e03 613f559da1814c56a288b8c617095f66 7c9d33315b5a4682b8fd10e638a7ce86 - - fc6e22571bdd4990a4cb50c180567519 fc6e22571bdd4990a4cb50c180567519] 199.19.213.133 "GET /v2.0/ports?network_id=0676b085-69d6-4c2b-9a73-f84da7ce5e6c&device_owner=network%3Adhcp HTTP/1.1" status: 200 len: 210 time: 0.0183496
2026-04-02 18:09:36.818 9 INFO neutron.db.ovn_revision_numbers_db [None req-03dca9cb-aad6-4fcd-9943-96caa72cfb54 - - - - - -] Successfully bumped revision number for resource f6149586-8fc4-4658-9b20-3d09ca1207dc (type: ports) to 4
2026-04-02 18:09:36.953 10 INFO neutron.api.wsgi [req-ae7fbf02-1efd-4aac-8ed4-3fdc93637577 req-df16c755-4489-4420-a436-1cac2e06d164 613f559da1814c56a288b8c617095f66 7c9d33315b5a4682b8fd10e638a7ce86 - - fc6e22571bdd4990a4cb50c180567519 fc6e22571bdd4990a4cb50c180567519] 199.19.213.133 "GET /v2.0/networks/0676b085-69d6-4c2b-9a73-f84da7ce5e6c?fields=segments HTTP/1.1" status: 200 len: 212 time: 0.2332411
2026-04-02 18:09:37.004 9 INFO neutron.notifiers.nova [-] Nova event matching ['req-9360b40b-1e2e-49a7-bb12-99fc29d914e4'] response: {'server_uuid': '68a162c3-9d3b-409b-b7c4-92e122db815b', 'name': 'network-vif-plugged', 'status': 'completed', 'tag': 'e03247a6-212e-40d7-be19-fb218a2b7ec7', 'code': 200}
2026-04-02 18:09:37.009 10 INFO neutron.api.wsgi [req-ae7fbf02-1efd-4aac-8ed4-3fdc93637577 req-e033f0d7-f209-43ec-a072-a79c9dba89b2 613f559da1814c56a288b8c617095f66 7c9d33315b5a4682b8fd10e638a7ce86 - - fc6e22571bdd4990a4cb50c180567519 fc6e22571bdd4990a4cb50c180567519] 199.19.213.133 "GET /v2.0/networks/0676b085-69d6-4c2b-9a73-f84da7ce5e6c?fields=provider%3Aphysical_network&fields=provider%3Anetwork_type HTTP/1.1" status: 200 len: 277 time: 0.0477300
2026-04-02 18:09:37.146 9 INFO neutron.db.ovn_revision_numbers_db [None req-03dca9cb-aad6-4fcd-9943-96caa72cfb54 - - - - - -] Successfully bumped revision number for resource f6149586-8fc4-4658-9b20-3d09ca1207dc (type: ports) to 5
2026-04-02 18:09:37.344 10 INFO neutron.db.ovn_revision_numbers_db [None req-585c12bf-75bd-4368-aa45-5cb182bdfdbd 15ac08b292f84221bdb7fa15f1fca821 64192436849b41b8b4ae850920ef1780 - - default default] Successfully bumped revision number for resource 1e79a9d9-3048-4913-bbb6-fb038e8397f1 (type: ports) to 1
2026-04-02 18:09:37.397 10 WARNING neutron.scheduler.dhcp_agent_scheduler [None req-585c12bf-75bd-4368-aa45-5cb182bdfdbd 15ac08b292f84221bdb7fa15f1fca821 64192436849b41b8b4ae850920ef1780 - - default default] No more DHCP agents
2026-04-02 18:09:37.398 10 WARNING neutron.api.rpc.agentnotifiers.dhcp_rpc_agent_api [None req-585c12bf-75bd-4368-aa45-5cb182bdfdbd 15ac08b292f84221bdb7fa15f1fca821 64192436849b41b8b4ae850920ef1780 - - default default] Unable to schedule network ec578ad8-361a-489e-b592-1e17641469b3: no agents available; will retry on subsequent port and subnet creation events.
2026-04-02 18:09:37.642 9 INFO neutron.api.wsgi [req-f972eeec-8932-4776-910b-b0100169fc00 req-8a5a7998-a13f-4021-b2a6-a738e2a68b05 76db712553b746d186f0ca59206ab5b7 05927a530ca84b19bfb7598cdc078626 - - default default] 10.0.0.14 "GET /v2.0/ports?device_id=68a162c3-9d3b-409b-b7c4-92e122db815b HTTP/1.1" status: 200 len: 1174 time: 0.0363045
2026-04-02 18:09:37.678 9 INFO neutron.api.wsgi [req-f972eeec-8932-4776-910b-b0100169fc00 req-7a205b0c-0c87-459f-be60-b159581e63e9 76db712553b746d186f0ca59206ab5b7 05927a530ca84b19bfb7598cdc078626 - - default default] 10.0.0.14 "GET /v2.0/security-groups?id=6515cef6-975c-4ca9-a6cf-725bcc809786&fields=id&fields=name HTTP/1.1" status: 200 len: 286 time: 0.0299444
2026-04-02 18:09:37.946 9 INFO neutron.api.wsgi [req-ea9dc525-ac6f-42d4-935f-5e43fc19496a req-2495d67c-8cec-447c-a0f0-c02c7a5b1e99 17c0898e8e5b48e38b3fe24bdc1d9823 1f0f5ee9026d4ff8a7b692464313ac1c - - default default] 10.0.0.14 "GET /v2.0/ports?device_id=1be7b51b-9574-4b44-8b20-f597ae8856ef HTTP/1.1" status: 200 len: 1348 time: 0.0317142
2026-04-02 18:09:37.992 9 INFO neutron.api.wsgi [req-ea9dc525-ac6f-42d4-935f-5e43fc19496a req-908a90d9-e08a-4511-a629-16bafd920caa 17c0898e8e5b48e38b3fe24bdc1d9823 1f0f5ee9026d4ff8a7b692464313ac1c - - default default] 10.0.0.14 "GET /v2.0/security-groups?id=73e51229-b91f-4d25-bde0-529a1f286ec1&fields=id&fields=name HTTP/1.1" status: 200 len: 312 time: 0.0397570
2026-04-02 18:09:38.059 10 INFO neutron.api.wsgi [req-8470d9d9-041e-4890-9f83-c54f9b447fcb req-184050f6-1c21-4d9d-ac05-31849feb6a61 613f559da1814c56a288b8c617095f66 7c9d33315b5a4682b8fd10e638a7ce86 - - fc6e22571bdd4990a4cb50c180567519 fc6e22571bdd4990a4cb50c180567519] 199.19.213.133 "GET /v2.0/ports?tenant_id=1f0f5ee9026d4ff8a7b692464313ac1c&device_id=1be7b51b-9574-4b44-8b20-f597ae8856ef HTTP/1.1" status: 200 len: 1586 time: 0.0338693
2026-04-02 18:09:38.202 10 INFO neutron.api.wsgi [req-8470d9d9-041e-4890-9f83-c54f9b447fcb req-4c6567b5-8f92-4fd5-9914-9af4fd6ab574 613f559da1814c56a288b8c617095f66 7c9d33315b5a4682b8fd10e638a7ce86 - - fc6e22571bdd4990a4cb50c180567519 fc6e22571bdd4990a4cb50c180567519] 199.19.213.133 "GET /v2.0/networks?id=0676b085-69d6-4c2b-9a73-f84da7ce5e6c HTTP/1.1" status: 200 len: 982 time: 0.1328683
2026-04-02 18:09:38.229 10 INFO neutron.api.wsgi [req-4b8b0023-6d2f-4baa-a597-5f2b9a11ebec req-768016cd-ab6e-4ff9-b37b-e2e1e72bff89 76db712553b746d186f0ca59206ab5b7 05927a530ca84b19bfb7598cdc078626 - - default default] 10.0.0.14 "GET /v2.0/ports?device_id=68a162c3-9d3b-409b-b7c4-92e122db815b HTTP/1.1" status: 200 len: 1174 time: 0.0971560
2026-04-02 18:09:38.255 10 INFO neutron.db.ovn_revision_numbers_db [None req-585c12bf-75bd-4368-aa45-5cb182bdfdbd 15ac08b292f84221bdb7fa15f1fca821 64192436849b41b8b4ae850920ef1780 - - default default] Successfully bumped revision number for resource 1e79a9d9-3048-4913-bbb6-fb038e8397f1 (type: router_ports) to 1
2026-04-02 18:09:38.260 10 INFO neutron.api.wsgi [None req-585c12bf-75bd-4368-aa45-5cb182bdfdbd 15ac08b292f84221bdb7fa15f1fca821 64192436849b41b8b4ae850920ef1780 - - default default] 10.0.0.191 "PUT /v2.0/routers/33820257-b2f3-43c8-9b43-404579a76cb7/add_router_interface HTTP/1.1" status: 200 len: 503 time: 2.4063938
2026-04-02 18:09:38.268 10 INFO neutron.api.wsgi [req-8470d9d9-041e-4890-9f83-c54f9b447fcb req-03f1abfd-943e-43db-9c88-a599bc904a35 613f559da1814c56a288b8c617095f66 7c9d33315b5a4682b8fd10e638a7ce86 - - fc6e22571bdd4990a4cb50c180567519 fc6e22571bdd4990a4cb50c180567519] 199.19.213.133 "GET /v2.0/floatingips?fixed_ip_address=10.100.0.7&port_id=cf811fbf-f83f-4a20-80f2-b0d4a8558953 HTTP/1.1" status: 200 len: 1059 time: 0.0547109
2026-04-02 18:09:38.294 10 INFO neutron.api.wsgi [req-8470d9d9-041e-4890-9f83-c54f9b447fcb req-f6f94c15-48a6-4873-92a0-23eb4a2a1d94 613f559da1814c56a288b8c617095f66 7c9d33315b5a4682b8fd10e638a7ce86 - - fc6e22571bdd4990a4cb50c180567519 fc6e22571bdd4990a4cb50c180567519] 199.19.213.133 "GET /v2.0/floatingips?fixed_ip_address=10.100.0.8&port_id=cf811fbf-f83f-4a20-80f2-b0d4a8558953 HTTP/1.1" status: 200 len: 217 time: 0.0192480
2026-04-02 18:09:38.298 10 INFO neutron.api.wsgi [req-4b8b0023-6d2f-4baa-a597-5f2b9a11ebec req-b6ecf82e-3073-4c69-a23e-3e644cfe8b0e 76db712553b746d186f0ca59206ab5b7 05927a530ca84b19bfb7598cdc078626 - - default default] 10.0.0.14 "GET /v2.0/security-groups?id=6515cef6-975c-4ca9-a6cf-725bcc809786&fields=id&fields=name HTTP/1.1" status: 200 len: 286 time: 0.0601273
2026-04-02 18:09:38.322 10 INFO neutron.api.wsgi [req-8470d9d9-041e-4890-9f83-c54f9b447fcb req-41eedc48-81e2-44a9-bfb9-bb9917c2d281 613f559da1814c56a288b8c617095f66 7c9d33315b5a4682b8fd10e638a7ce86 - - fc6e22571bdd4990a4cb50c180567519 fc6e22571bdd4990a4cb50c180567519] 199.19.213.133 "GET /v2.0/subnets?id=e6e86aa4-d317-4788-bc67-407db0ce5c54 HTTP/1.1" status: 200 len: 901 time: 0.0227768
2026-04-02 18:09:38.341 10 INFO neutron.api.wsgi [req-8470d9d9-041e-4890-9f83-c54f9b447fcb req-ec93f6f5-5b49-40f3-83ed-e8c706d1c843 613f559da1814c56a288b8c617095f66 7c9d33315b5a4682b8fd10e638a7ce86 - - fc6e22571bdd4990a4cb50c180567519 fc6e22571bdd4990a4cb50c180567519] 199.19.213.133 "GET /v2.0/ports?network_id=0676b085-69d6-4c2b-9a73-f84da7ce5e6c&device_owner=network%3Adhcp HTTP/1.1" status: 200 len: 210 time: 0.0155764
2026-04-02 18:09:38.388 10 INFO neutron.api.wsgi [req-8470d9d9-041e-4890-9f83-c54f9b447fcb req-a8a1694b-32b9-49f2-8478-c23985ea407c 613f559da1814c56a288b8c617095f66 7c9d33315b5a4682b8fd10e638a7ce86 - - fc6e22571bdd4990a4cb50c180567519 fc6e22571bdd4990a4cb50c180567519] 199.19.213.133 "GET /v2.0/networks/0676b085-69d6-4c2b-9a73-f84da7ce5e6c?fields=segments HTTP/1.1" status: 200 len: 212 time: 0.0395193
2026-04-02 18:09:38.431 10 INFO neutron.api.wsgi [req-8470d9d9-041e-4890-9f83-c54f9b447fcb req-63af0457-9e5d-4435-8953-4d7c9eb5507c 613f559da1814c56a288b8c617095f66 7c9d33315b5a4682b8fd10e638a7ce86 - - fc6e22571bdd4990a4cb50c180567519 fc6e22571bdd4990a4cb50c180567519] 199.19.213.133 "GET /v2.0/networks/0676b085-69d6-4c2b-9a73-f84da7ce5e6c?fields=provider%3Aphysical_network&fields=provider%3Anetwork_type HTTP/1.1" status: 200 len: 277 time: 0.0381796
2026-04-02 18:09:38.656 9 INFO neutron.plugins.ml2.drivers.ovn.mech_driver.mech_driver [None req-28e2dae2-4eae-4ed8-9679-ae6b7370ddc1 - - - - - -] OVN reports status down for port: e03247a6-212e-40d7-be19-fb218a2b7ec7
2026-04-02 18:09:38.673 10 INFO neutron.plugins.ml2.drivers.ovn.mech_driver.mech_driver [None req-5c6c0d56-3425-4ea7-8f56-ef5601937c73 - - - - - -] OVN reports status up for port: 1e79a9d9-3048-4913-bbb6-fb038e8397f1
2026-04-02 18:09:38.680 10 INFO neutron.plugins.ml2.plugin [None req-5c6c0d56-3425-4ea7-8f56-ef5601937c73 - - - - - -] Attempt 1 to provision port 1e79a9d9-3048-4913-bbb6-fb038e8397f1
2026-04-02 18:09:38.900 9 INFO neutron.db.ovn_revision_numbers_db [None req-28e2dae2-4eae-4ed8-9679-ae6b7370ddc1 - - - - - -] Successfully bumped revision number for resource e03247a6-212e-40d7-be19-fb218a2b7ec7 (type: ports) to 6 /var/lib/openstack/lib/python3.12/site-packages/pycadf/identifier.py:71: UserWarning: Invalid uuid: neutron. To ensure interoperability, identifiers should be a valid uuid. warnings.warn(('Invalid uuid: %s. To ensure interoperability, '
2026-04-02 18:09:38.960 9 WARNING neutron_lib.context [None req-df2aa4ae-a98e-433a-9630-46f183324a26 c6192f304d604874a35d25c6f7a605be 42059fa4659f453b9b83fecd9d2847c4 - - default default] Method 'is_advsvc' is deprecated since 2023.2 release (neutron-lib 3.8.0) and will be removed once support for the old RBAC API policies will be removed from Neutron. Please use method 'is_service_role' instead.
2026-04-02 18:09:39.006 10 INFO neutron.api.wsgi [req-83ea6ef7-3f8f-400e-999e-d928cc506739 req-4a749742-17d8-4c99-80aa-24b3a6e722e3 17c0898e8e5b48e38b3fe24bdc1d9823 1f0f5ee9026d4ff8a7b692464313ac1c - - default default] 199.19.213.133 "GET /v2.0/ports?device_id=1be7b51b-9574-4b44-8b20-f597ae8856ef&device_owner=compute%3Anova&fixed_ips=ip_address%3D10.100.0.8 HTTP/1.1" status: 200 len: 1348 time: 0.0680189
2026-04-02 18:09:39.051 9 INFO neutron.notifiers.nova [-] Nova event matching ['req-945a0477-022f-45fa-9b2b-f2a1e19c94b9'] response: {'server_uuid': '68a162c3-9d3b-409b-b7c4-92e122db815b', 'name': 'network-vif-unplugged', 'status': 'completed', 'tag': 'e03247a6-212e-40d7-be19-fb218a2b7ec7', 'code': 200}
2026-04-02 18:09:39.052 9 INFO neutron.notifiers.nova [-] Nova event matching ['req-945a0477-022f-45fa-9b2b-f2a1e19c94b9'] response: {'server_uuid': '68a162c3-9d3b-409b-b7c4-92e122db815b', 'name': 'network-vif-unplugged', 'status': 'completed', 'tag': 'e03247a6-212e-40d7-be19-fb218a2b7ec7', 'code': 200}
2026-04-02 18:09:39.082 9 INFO neutron.db.ovn_revision_numbers_db [None req-df2aa4ae-a98e-433a-9630-46f183324a26 c6192f304d604874a35d25c6f7a605be 42059fa4659f453b9b83fecd9d2847c4 - - default default] Successfully bumped revision number for resource 5d36496b-215c-4ee0-8757-0533243d6a3f (type: security_groups) to 1
2026-04-02 18:09:39.124 9 INFO neutron.db.ovn_revision_numbers_db [None req-df2aa4ae-a98e-433a-9630-46f183324a26 c6192f304d604874a35d25c6f7a605be 42059fa4659f453b9b83fecd9d2847c4 - - default default] Successfully bumped revision number for resource 6c217b76-5299-40e0-9c28-8a8d480f4876 (type: security_group_rules) to 0
2026-04-02 18:09:39.138 9 INFO neutron.db.ovn_revision_numbers_db [None req-df2aa4ae-a98e-433a-9630-46f183324a26 c6192f304d604874a35d25c6f7a605be 42059fa4659f453b9b83fecd9d2847c4 - - default default] Successfully bumped revision number for resource c22ecb70-8d9f-4c02-9014-b2dfbb72eb40 (type: security_group_rules) to 0
2026-04-02 18:09:39.164 10 INFO neutron.db.ovn_revision_numbers_db [None req-5c6c0d56-3425-4ea7-8f56-ef5601937c73 - - - - - -] Successfully bumped revision number for resource 1e79a9d9-3048-4913-bbb6-fb038e8397f1 (type: ports) to 2
2026-04-02 18:09:39.170 9 INFO neutron.api.wsgi [None req-df2aa4ae-a98e-433a-9630-46f183324a26 c6192f304d604874a35d25c6f7a605be 42059fa4659f453b9b83fecd9d2847c4 - - default default] 10.0.0.191 "POST /v2.0/security-groups HTTP/1.1" status: 201 len: 1860 time: 0.2161882
2026-04-02 18:09:39.181 9 WARNING neutron_lib.context [None req-ae53dff6-d904-44a2-88e9-61e4d76d415e c6192f304d604874a35d25c6f7a605be 42059fa4659f453b9b83fecd9d2847c4 - - default default] Method 'is_advsvc' is deprecated since 2023.2 release (neutron-lib 3.8.0) and will be removed once support for the old RBAC API policies will be removed from Neutron. Please use method 'is_service_role' instead.
2026-04-02 18:09:39.295 9 INFO neutron.db.ovn_revision_numbers_db [None req-ae53dff6-d904-44a2-88e9-61e4d76d415e c6192f304d604874a35d25c6f7a605be 42059fa4659f453b9b83fecd9d2847c4 - - default default] Successfully bumped revision number for resource be2a8962-45de-4992-a650-78cf22d08357 (type: security_group_rules) to 0
2026-04-02 18:09:39.322 9 INFO neutron.api.wsgi [None req-ae53dff6-d904-44a2-88e9-61e4d76d415e c6192f304d604874a35d25c6f7a605be 42059fa4659f453b9b83fecd9d2847c4 - - default default] 10.0.0.191 "POST /v2.0/security-group-rules HTTP/1.1" status: 201 len: 796 time: 0.1461475
2026-04-02 18:09:39.337 9 WARNING neutron_lib.context [None req-1876f294-a4fd-4fa7-b5b2-336998f83149 c6192f304d604874a35d25c6f7a605be 42059fa4659f453b9b83fecd9d2847c4 - - default default] Method 'is_advsvc' is deprecated since 2023.2 release (neutron-lib 3.8.0) and will be removed once support for the old RBAC API policies will be removed from Neutron. Please use method 'is_service_role' instead.
2026-04-02 18:09:39.415 10 INFO neutron.api.wsgi [req-37d21e70-af6a-4c43-94c8-639d2c9a456f req-834511f9-0fca-4d99-83da-f23d70d10620 76db712553b746d186f0ca59206ab5b7 05927a530ca84b19bfb7598cdc078626 - - default default] 10.0.0.14 "GET /v2.0/ports?device_id=68a162c3-9d3b-409b-b7c4-92e122db815b HTTP/1.1" status: 200 len: 1172 time: 0.0403907
2026-04-02 18:09:39.441 9 INFO neutron.db.ovn_revision_numbers_db [None req-1876f294-a4fd-4fa7-b5b2-336998f83149 c6192f304d604874a35d25c6f7a605be 42059fa4659f453b9b83fecd9d2847c4 - - default default] Successfully bumped revision number for resource 78396a3e-1b79-4de9-9468-3a4b56323287 (type: security_group_rules) to 0
2026-04-02 18:09:39.468 9 INFO neutron.api.wsgi [None req-1876f294-a4fd-4fa7-b5b2-336998f83149 c6192f304d604874a35d25c6f7a605be 42059fa4659f453b9b83fecd9d2847c4 - - default default] 10.0.0.191 "POST /v2.0/security-group-rules HTTP/1.1" status: 201 len: 801 time: 0.1360540
2026-04-02 18:09:39.471 10 INFO neutron.api.wsgi [req-37d21e70-af6a-4c43-94c8-639d2c9a456f req-e8b97cf9-f43f-40c4-a187-8c91759f603b 76db712553b746d186f0ca59206ab5b7 05927a530ca84b19bfb7598cdc078626 - - default default] 10.0.0.14 "GET /v2.0/security-groups?id=6515cef6-975c-4ca9-a6cf-725bcc809786&fields=id&fields=name HTTP/1.1" status: 200 len: 286 time: 0.0480738
2026-04-02 18:09:39.477 9 WARNING neutron_lib.context [None req-7583f165-7f4c-4250-a548-6ca522cf3790 c6192f304d604874a35d25c6f7a605be 42059fa4659f453b9b83fecd9d2847c4 - - default default] Method 'is_advsvc' is deprecated since 2023.2 release (neutron-lib 3.8.0) and will be removed once support for the old RBAC API policies will be removed from Neutron. Please use method 'is_service_role' instead.
2026-04-02 18:09:39.558 10 INFO neutron.db.ovn_revision_numbers_db [None req-27f3c261-7198-4aab-9576-9adabcfd7ecc 15ac08b292f84221bdb7fa15f1fca821 64192436849b41b8b4ae850920ef1780 - - default default] Successfully bumped revision number for resource f746a5d3-979b-489c-96c7-30a73c149462 (type: security_groups) to 1
2026-04-02 18:09:39.576 10 INFO neutron.db.ovn_revision_numbers_db [None req-27f3c261-7198-4aab-9576-9adabcfd7ecc 15ac08b292f84221bdb7fa15f1fca821 64192436849b41b8b4ae850920ef1780 - - default default] Successfully bumped revision number for resource 446f3699-ee0b-4d93-82b6-3e8a38c6cf59 (type: security_group_rules) to 0
2026-04-02 18:09:39.600 10 INFO neutron.db.ovn_revision_numbers_db [None req-27f3c261-7198-4aab-9576-9adabcfd7ecc 15ac08b292f84221bdb7fa15f1fca821 64192436849b41b8b4ae850920ef1780 - - default default] Successfully bumped revision number for resource 526b1591-f360-41ab-80a6-a90899f4db27 (type: security_group_rules) to 0
2026-04-02 18:09:39.625 10 INFO neutron.db.ovn_revision_numbers_db [None req-27f3c261-7198-4aab-9576-9adabcfd7ecc 15ac08b292f84221bdb7fa15f1fca821 64192436849b41b8b4ae850920ef1780 - - default default] Successfully bumped revision number for resource 8f6b5227-a9cd-4c74-8f1e-5967b10bdee1 (type: security_group_rules) to 0
2026-04-02 18:09:39.639 10 INFO neutron.db.ovn_revision_numbers_db [None req-27f3c261-7198-4aab-9576-9adabcfd7ecc 15ac08b292f84221bdb7fa15f1fca821 64192436849b41b8b4ae850920ef1780 - - default default] Successfully bumped revision number for resource eb835f96-2dda-4e47-9cb4-f8fd2d173c43 (type: security_group_rules) to 0
2026-04-02 18:09:39.647 10 INFO neutron.db.ovn_revision_numbers_db [req-83ea6ef7-3f8f-400e-999e-d928cc506739 req-0e788286-afe7-42ca-a573-fc35f5f8fae4 17c0898e8e5b48e38b3fe24bdc1d9823 1f0f5ee9026d4ff8a7b692464313ac1c - - default default] Successfully bumped revision number for resource cf811fbf-f83f-4a20-80f2-b0d4a8558953 (type: ports) to 7
2026-04-02 18:09:39.660 10 INFO neutron.api.wsgi [req-83ea6ef7-3f8f-400e-999e-d928cc506739 req-0e788286-afe7-42ca-a573-fc35f5f8fae4 17c0898e8e5b48e38b3fe24bdc1d9823 1f0f5ee9026d4ff8a7b692464313ac1c - - default default] 199.19.213.133 "PUT /v2.0/ports/cf811fbf-f83f-4a20-80f2-b0d4a8558953 HTTP/1.1" status: 200 len: 1167 time: 0.6477571
2026-04-02 18:09:39.678 10 INFO neutron.api.wsgi [None req-27f3c261-7198-4aab-9576-9adabcfd7ecc 15ac08b292f84221bdb7fa15f1fca821 64192436849b41b8b4ae850920ef1780 - - default default] 10.0.0.191 "GET /v2.0/security-groups?tenant_id=f8ec716bcdbc469c84bbb61fa0f517d5&name=default HTTP/1.1" status: 200 len: 3120 time: 0.4123712
2026-04-02 18:09:39.680 9 WARNING neutron.scheduler.dhcp_agent_scheduler [None req-7583f165-7f4c-4250-a548-6ca522cf3790 c6192f304d604874a35d25c6f7a605be 42059fa4659f453b9b83fecd9d2847c4 - - default default] No more DHCP agents
2026-04-02 18:09:39.681 9 WARNING neutron.api.rpc.agentnotifiers.dhcp_rpc_agent_api [None req-7583f165-7f4c-4250-a548-6ca522cf3790 c6192f304d604874a35d25c6f7a605be 42059fa4659f453b9b83fecd9d2847c4 - - default default] Unable to schedule network 01cd64d3-5f44-49a4-af49-91bcc888d368: no agents available; will retry on subsequent port and subnet creation events. /var/lib/openstack/lib/python3.12/site-packages/pycadf/identifier.py:71: UserWarning: Invalid uuid: neutron. To ensure interoperability, identifiers should be a valid uuid. warnings.warn(('Invalid uuid: %s. To ensure interoperability, '
2026-04-02 18:09:39.704 10 INFO neutron.notifiers.nova [-] Nova event matching ['req-2696f97a-f57e-4934-83e0-6a5922e3c454'] response: {'name': 'network-changed', 'server_uuid': '1be7b51b-9574-4b44-8b20-f597ae8856ef', 'tag': 'cf811fbf-f83f-4a20-80f2-b0d4a8558953', 'status': 'completed', 'code': 200}
2026-04-02 18:09:39.902 10 INFO neutron.api.wsgi [req-794b7d22-32f3-46b6-bba5-51aff9e0670f req-49e4843c-e9a0-4c14-be1c-d1f596cc5f9c 76db712553b746d186f0ca59206ab5b7 05927a530ca84b19bfb7598cdc078626 - - default default] 199.19.213.133 "GET /v2.0/ports?device_id=68a162c3-9d3b-409b-b7c4-92e122db815b HTTP/1.1" status: 200 len: 1172 time: 0.0343335
2026-04-02 18:09:39.905 10 INFO neutron.api.wsgi [None req-8cc9de87-50f7-4901-b531-d4b3db04f73b 15ac08b292f84221bdb7fa15f1fca821 64192436849b41b8b4ae850920ef1780 - - default default] 10.0.0.191 "DELETE /v2.0/security-groups/f746a5d3-979b-489c-96c7-30a73c149462 HTTP/1.1" status: 204 len: 168 time: 0.2225556
2026-04-02 18:09:39.959 9 INFO neutron.api.wsgi [None req-7583f165-7f4c-4250-a548-6ca522cf3790 c6192f304d604874a35d25c6f7a605be 42059fa4659f453b9b83fecd9d2847c4 - - default default] 10.0.0.191 "POST /v2.0/floatingips HTTP/1.1" status: 201 len: 751 time: 0.4871960
2026-04-02 18:09:40.124 10 INFO neutron.db.ovn_revision_numbers_db [None req-209243c8-c7d6-4b0b-8c46-f76ee6516fe1 15ac08b292f84221bdb7fa15f1fca821 64192436849b41b8b4ae850920ef1780 - - default default] Successfully bumped revision number for resource 59188a47-04e4-4b42-9a1d-b995869ffdd0 (type: security_groups) to 1
2026-04-02 18:09:40.144 10 INFO neutron.db.ovn_revision_numbers_db [None req-209243c8-c7d6-4b0b-8c46-f76ee6516fe1 15ac08b292f84221bdb7fa15f1fca821 64192436849b41b8b4ae850920ef1780 - - default default] Successfully bumped revision number for resource 4b99b9ff-b873-4bd2-a1db-959d6f197cdd (type: security_group_rules) to 0
2026-04-02 18:09:40.160 10 INFO neutron.db.ovn_revision_numbers_db [None req-209243c8-c7d6-4b0b-8c46-f76ee6516fe1 15ac08b292f84221bdb7fa15f1fca821 64192436849b41b8b4ae850920ef1780 - - default default] Successfully bumped revision number for resource 680c0925-ac75-4384-8ec3-09ee2c11d58f (type: security_group_rules) to 0
2026-04-02 18:09:40.172 10 INFO neutron.db.ovn_revision_numbers_db [None req-209243c8-c7d6-4b0b-8c46-f76ee6516fe1 15ac08b292f84221bdb7fa15f1fca821 64192436849b41b8b4ae850920ef1780 - - default default] Successfully bumped revision number for resource b84f5ecb-f1a4-49ef-ac5c-42ab51e292b8 (type: security_group_rules) to 0
2026-04-02 18:09:40.195 10 INFO neutron.api.wsgi [req-794b7d22-32f3-46b6-bba5-51aff9e0670f req-24399608-2ac6-47fe-b486-dba4dced734c 76db712553b746d186f0ca59206ab5b7 05927a530ca84b19bfb7598cdc078626 - - default default] 199.19.213.133 "DELETE /v2.0/ports/e03247a6-212e-40d7-be19-fb218a2b7ec7 HTTP/1.1" status: 204 len: 173 time: 0.2881663
2026-04-02 18:09:40.202 10 INFO neutron.db.ovn_revision_numbers_db [None req-209243c8-c7d6-4b0b-8c46-f76ee6516fe1 15ac08b292f84221bdb7fa15f1fca821 64192436849b41b8b4ae850920ef1780 - - default default] Successfully bumped revision number for resource cfc2900f-e20b-4b1d-9e53-6767f1dc7c36 (type: security_group_rules) to 0
2026-04-02 18:09:40.221 9 INFO neutron.api.wsgi [req-83ea6ef7-3f8f-400e-999e-d928cc506739 req-717b7266-7ae1-47d7-8199-e20c62941f8b 613f559da1814c56a288b8c617095f66 7c9d33315b5a4682b8fd10e638a7ce86 - - fc6e22571bdd4990a4cb50c180567519 fc6e22571bdd4990a4cb50c180567519] 199.19.213.133 "GET /v2.0/ports?tenant_id=1f0f5ee9026d4ff8a7b692464313ac1c&device_id=1be7b51b-9574-4b44-8b20-f597ae8856ef HTTP/1.1" status: 200 len: 1409 time: 0.0492034
2026-04-02 18:09:40.239 10 INFO neutron.api.wsgi [None req-209243c8-c7d6-4b0b-8c46-f76ee6516fe1 15ac08b292f84221bdb7fa15f1fca821 64192436849b41b8b4ae850920ef1780 - - default default] 10.0.0.191 "GET /v2.0/security-groups?tenant_id=7b6f1a828bd64d88b147c7fcca0d52f3&name=default HTTP/1.1" status: 200 len: 3120 time: 0.2424743
2026-04-02 18:09:40.262 9 INFO neutron.api.wsgi [req-83ea6ef7-3f8f-400e-999e-d928cc506739 req-7ef1ef43-518b-45a6-a36f-99714cf6ccb5 613f559da1814c56a288b8c617095f66 7c9d33315b5a4682b8fd10e638a7ce86 - - fc6e22571bdd4990a4cb50c180567519 fc6e22571bdd4990a4cb50c180567519] 199.19.213.133 "GET /v2.0/networks?id=0676b085-69d6-4c2b-9a73-f84da7ce5e6c HTTP/1.1" status: 200 len: 982 time: 0.0348172
2026-04-02 18:09:40.304 9 INFO neutron.api.wsgi [req-83ea6ef7-3f8f-400e-999e-d928cc506739 req-c8a20dff-88fb-4cc9-8303-4479daf134cb 613f559da1814c56a288b8c617095f66 7c9d33315b5a4682b8fd10e638a7ce86 - - fc6e22571bdd4990a4cb50c180567519 fc6e22571bdd4990a4cb50c180567519] 199.19.213.133 "GET /v2.0/floatingips?fixed_ip_address=10.100.0.7&port_id=cf811fbf-f83f-4a20-80f2-b0d4a8558953 HTTP/1.1" status: 200 len: 1059 time: 0.0357363
2026-04-02 18:09:40.330 9 INFO neutron.api.wsgi [req-83ea6ef7-3f8f-400e-999e-d928cc506739 req-078abfc2-43dd-40eb-a1a6-fa2faa0812bc 613f559da1814c56a288b8c617095f66 7c9d33315b5a4682b8fd10e638a7ce86 - - fc6e22571bdd4990a4cb50c180567519 fc6e22571bdd4990a4cb50c180567519] 199.19.213.133 "GET /v2.0/subnets?id=e6e86aa4-d317-4788-bc67-407db0ce5c54 HTTP/1.1" status: 200 len: 901 time: 0.0221605
2026-04-02 18:09:40.352 9 INFO neutron.api.wsgi [req-83ea6ef7-3f8f-400e-999e-d928cc506739 req-2eba42bc-6186-4d98-94bb-aae0cca8a501 613f559da1814c56a288b8c617095f66 7c9d33315b5a4682b8fd10e638a7ce86 - - fc6e22571bdd4990a4cb50c180567519 fc6e22571bdd4990a4cb50c180567519] 199.19.213.133 "GET /v2.0/ports?network_id=0676b085-69d6-4c2b-9a73-f84da7ce5e6c&device_owner=network%3Adhcp HTTP/1.1" status: 200 len: 210 time: 0.0180428
2026-04-02 18:09:40.398 9 INFO neutron.api.wsgi [req-733ff81f-1f31-4558-9edc-119be7e5e0be req-c1ae85a1-ab21-425d-b366-648c8bbc0b55 c6192f304d604874a35d25c6f7a605be 42059fa4659f453b9b83fecd9d2847c4 - - default default] 10.0.0.14 "GET /v2.0/security-groups?name=tempest-securitygroup--617229424&fields=id&tenant_id=42059fa4659f453b9b83fecd9d2847c4 HTTP/1.1" status: 200 len: 267 time: 0.0415764
2026-04-02 18:09:40.404 9 INFO neutron.api.wsgi [req-83ea6ef7-3f8f-400e-999e-d928cc506739 req-cc50169f-51cb-4398-b655-fdc02c33d6d0 613f559da1814c56a288b8c617095f66 7c9d33315b5a4682b8fd10e638a7ce86 - - fc6e22571bdd4990a4cb50c180567519 fc6e22571bdd4990a4cb50c180567519] 199.19.213.133 "GET /v2.0/networks/0676b085-69d6-4c2b-9a73-f84da7ce5e6c?fields=segments HTTP/1.1" status: 200 len: 212 time: 0.0424001
2026-04-02 18:09:40.442 10 INFO neutron.api.wsgi [None req-755d2aca-2c68-4cce-9a4c-dc73c5300751 15ac08b292f84221bdb7fa15f1fca821 64192436849b41b8b4ae850920ef1780 - - default default] 10.0.0.191 "DELETE /v2.0/security-groups/59188a47-04e4-4b42-9a1d-b995869ffdd0 HTTP/1.1" status: 204 len: 168 time: 0.1956222
2026-04-02 18:09:40.456 9 INFO neutron.api.wsgi [req-733ff81f-1f31-4558-9edc-119be7e5e0be req-88732fef-2772-4102-a2af-2a253a87d80f c6192f304d604874a35d25c6f7a605be 42059fa4659f453b9b83fecd9d2847c4 - - default default] 10.0.0.14 "GET /v2.0/networks?id=ec578ad8-361a-489e-b592-1e17641469b3 HTTP/1.1" status: 200 len: 869 time: 0.0502486
2026-04-02 18:09:40.460 9 INFO neutron.api.wsgi [req-83ea6ef7-3f8f-400e-999e-d928cc506739 req-6ff98642-9c7f-4a1b-b864-2c9fd27ca0cd 613f559da1814c56a288b8c617095f66 7c9d33315b5a4682b8fd10e638a7ce86 - - fc6e22571bdd4990a4cb50c180567519 fc6e22571bdd4990a4cb50c180567519] 199.19.213.133 "GET /v2.0/networks/0676b085-69d6-4c2b-9a73-f84da7ce5e6c?fields=provider%3Aphysical_network&fields=provider%3Anetwork_type HTTP/1.1" status: 200 len: 277 time: 0.0493076
2026-04-02 18:09:40.472 9 INFO neutron.api.wsgi [req-733ff81f-1f31-4558-9edc-119be7e5e0be req-f41c0084-f39f-444a-a427-2fd1242a09f3 c6192f304d604874a35d25c6f7a605be 42059fa4659f453b9b83fecd9d2847c4 - - default default] 10.0.0.14 "GET /v2.0/quotas/42059fa4659f453b9b83fecd9d2847c4 HTTP/1.1" status: 200 len: 491 time: 0.0080829
2026-04-02 18:09:40.542 10 INFO neutron.api.wsgi [req-05267adb-4e0b-4d8b-a9ba-1fc20c6a8c07 req-255418aa-4b93-415e-8cd8-a92b2ac34dc3 76db712553b746d186f0ca59206ab5b7 05927a530ca84b19bfb7598cdc078626 - - default default] 10.0.0.14 "GET /v2.0/ports?device_id=68a162c3-9d3b-409b-b7c4-92e122db815b HTTP/1.1" status: 200 len: 210 time: 0.0208268
2026-04-02 18:09:40.554 9 INFO neutron.api.wsgi [req-733ff81f-1f31-4558-9edc-119be7e5e0be req-0f69a544-a772-4c69-bd40-c67d616bfabd c6192f304d604874a35d25c6f7a605be 42059fa4659f453b9b83fecd9d2847c4 - - default default] 10.0.0.14 "GET /v2.0/ports?tenant_id=42059fa4659f453b9b83fecd9d2847c4&fields=id HTTP/1.1" status: 200 len: 302 time: 0.0765343
2026-04-02 18:09:40.608 9 INFO neutron.api.wsgi [req-733ff81f-1f31-4558-9edc-119be7e5e0be req-2ca3d26c-ae8a-4df3-82b8-45d5f821a4aa 613f559da1814c56a288b8c617095f66 7c9d33315b5a4682b8fd10e638a7ce86 - - fc6e22571bdd4990a4cb50c180567519 fc6e22571bdd4990a4cb50c180567519] 10.0.0.14 "GET /v2.0/networks/ec578ad8-361a-489e-b592-1e17641469b3?fields=segments HTTP/1.1" status: 200 len: 212 time: 0.0448105
2026-04-02 18:09:40.658 9 INFO neutron.api.wsgi [req-733ff81f-1f31-4558-9edc-119be7e5e0be req-f5371fe3-5ebe-4ca7-b077-16ad0065e139 613f559da1814c56a288b8c617095f66 7c9d33315b5a4682b8fd10e638a7ce86 - - fc6e22571bdd4990a4cb50c180567519 fc6e22571bdd4990a4cb50c180567519] 10.0.0.14 "GET /v2.0/networks/ec578ad8-361a-489e-b592-1e17641469b3?fields=provider%3Aphysical_network&fields=provider%3Anetwork_type HTTP/1.1" status: 200 len: 277 time: 0.0429327
2026-04-02 18:09:40.779 10 INFO neutron.api.wsgi [req-83a400f0-9b44-4fb1-8f41-443b945f42ba req-133fe491-b969-4aae-ad27-b905e6a7b917 c6192f304d604874a35d25c6f7a605be 42059fa4659f453b9b83fecd9d2847c4 - - default default] 10.0.0.14 "GET /v2.0/ports?device_id=d3eacc4d-8904-42c4-bb7d-71d0fedd37f2 HTTP/1.1" status: 200 len: 210 time: 0.0169117
2026-04-02 18:09:41.446 9 INFO neutron.api.wsgi [req-4292e44d-09c8-48ca-a661-20d9b5a4035f req-88fed268-8772-49b0-bfc6-92631344be9b 17c0898e8e5b48e38b3fe24bdc1d9823 1f0f5ee9026d4ff8a7b692464313ac1c - - default default] 10.0.0.14 "GET /v2.0/ports?device_id=1be7b51b-9574-4b44-8b20-f597ae8856ef HTTP/1.1" status: 200 len: 1170 time: 0.0702443
2026-04-02 18:09:41.482 9 INFO neutron.api.wsgi [req-4292e44d-09c8-48ca-a661-20d9b5a4035f req-dcd7b0db-ae1c-420f-b8a4-fdd53e3932cc 17c0898e8e5b48e38b3fe24bdc1d9823 1f0f5ee9026d4ff8a7b692464313ac1c - - default default] 10.0.0.14 "GET /v2.0/security-groups?id=73e51229-b91f-4d25-bde0-529a1f286ec1&fields=id&fields=name HTTP/1.1" status: 200 len: 312 time: 0.0302804
2026-04-02 18:09:41.512 9 INFO neutron.api.wsgi [req-376039ab-ba92-40e6-98b9-93d5f5a58a4f req-ffc2a9f3-1562-4691-99a6-fc5ebdcb5b95 613f559da1814c56a288b8c617095f66 7c9d33315b5a4682b8fd10e638a7ce86 - - fc6e22571bdd4990a4cb50c180567519 fc6e22571bdd4990a4cb50c180567519] 199.19.213.133 "GET /v2.0/ports?tenant_id=1f0f5ee9026d4ff8a7b692464313ac1c&device_id=1be7b51b-9574-4b44-8b20-f597ae8856ef HTTP/1.1" status: 200 len: 1409 time: 0.0285316
2026-04-02 18:09:41.555 9 INFO neutron.api.wsgi [req-376039ab-ba92-40e6-98b9-93d5f5a58a4f req-4ef32419-b72a-4e1d-b17c-2c50d1a42524 613f559da1814c56a288b8c617095f66 7c9d33315b5a4682b8fd10e638a7ce86 - - fc6e22571bdd4990a4cb50c180567519 fc6e22571bdd4990a4cb50c180567519] 199.19.213.133 "GET /v2.0/networks?id=0676b085-69d6-4c2b-9a73-f84da7ce5e6c HTTP/1.1" status: 200 len: 982 time: 0.0393829
2026-04-02 18:09:41.601 9 INFO neutron.api.wsgi [req-376039ab-ba92-40e6-98b9-93d5f5a58a4f req-893a239d-de4f-49b1-8255-10ec93ceff88 613f559da1814c56a288b8c617095f66 7c9d33315b5a4682b8fd10e638a7ce86 - - fc6e22571bdd4990a4cb50c180567519 fc6e22571bdd4990a4cb50c180567519] 199.19.213.133 "GET /v2.0/floatingips?fixed_ip_address=10.100.0.7&port_id=cf811fbf-f83f-4a20-80f2-b0d4a8558953 HTTP/1.1" status: 200 len: 1059 time: 0.0406942
2026-04-02 18:09:41.643 10 INFO neutron.api.wsgi [req-16ee506a-2136-4eeb-b380-70409a76a8ed req-ce802e3e-0320-4c09-995f-eaa49c242291 76db712553b746d186f0ca59206ab5b7 05927a530ca84b19bfb7598cdc078626 - - default default] 10.0.0.14 "GET /v2.0/ports?device_id=68a162c3-9d3b-409b-b7c4-92e122db815b HTTP/1.1" status: 200 len: 210 time: 0.0206056
2026-04-02 18:09:41.655 9 INFO neutron.api.wsgi [req-376039ab-ba92-40e6-98b9-93d5f5a58a4f req-c4896c4b-90e5-49ed-8b5f-52d9c8375815 613f559da1814c56a288b8c617095f66 7c9d33315b5a4682b8fd10e638a7ce86 - - fc6e22571bdd4990a4cb50c180567519 fc6e22571bdd4990a4cb50c180567519] 199.19.213.133 "GET /v2.0/subnets?id=e6e86aa4-d317-4788-bc67-407db0ce5c54 HTTP/1.1" status: 200 len: 901 time: 0.0472727
2026-04-02 18:09:41.675 9 INFO neutron.api.wsgi [req-376039ab-ba92-40e6-98b9-93d5f5a58a4f req-7c52e497-4efd-4bd0-bc5f-419e26b6769e 613f559da1814c56a288b8c617095f66 7c9d33315b5a4682b8fd10e638a7ce86 - - fc6e22571bdd4990a4cb50c180567519 fc6e22571bdd4990a4cb50c180567519] 199.19.213.133 "GET /v2.0/ports?network_id=0676b085-69d6-4c2b-9a73-f84da7ce5e6c&device_owner=network%3Adhcp HTTP/1.1" status: 200 len: 210 time: 0.0148814
2026-04-02 18:09:41.725 9 INFO neutron.api.wsgi [req-376039ab-ba92-40e6-98b9-93d5f5a58a4f req-2f97c711-e8f3-47ca-b669-b3ee27a8d98c 613f559da1814c56a288b8c617095f66 7c9d33315b5a4682b8fd10e638a7ce86 - - fc6e22571bdd4990a4cb50c180567519 fc6e22571bdd4990a4cb50c180567519] 199.19.213.133 "GET /v2.0/networks/0676b085-69d6-4c2b-9a73-f84da7ce5e6c?fields=segments HTTP/1.1" status: 200 len: 212 time: 0.0446250
2026-04-02 18:09:41.739 10 INFO neutron.notifiers.nova [-] Nova event matching ['req-8cd01c2b-5e83-47a8-ac96-f0b09abfb59e'] response: {'server_uuid': '68a162c3-9d3b-409b-b7c4-92e122db815b', 'name': 'network-vif-deleted', 'tag': 'e03247a6-212e-40d7-be19-fb218a2b7ec7', 'status': 'completed', 'code': 200}
2026-04-02 18:09:41.779 9 INFO neutron.api.wsgi [req-376039ab-ba92-40e6-98b9-93d5f5a58a4f req-c8152741-e4f7-4255-a0bb-dc4a8cfe5a4c 613f559da1814c56a288b8c617095f66 7c9d33315b5a4682b8fd10e638a7ce86 - - fc6e22571bdd4990a4cb50c180567519 fc6e22571bdd4990a4cb50c180567519] 199.19.213.133 "GET /v2.0/networks/0676b085-69d6-4c2b-9a73-f84da7ce5e6c?fields=provider%3Aphysical_network&fields=provider%3Anetwork_type HTTP/1.1" status: 200 len: 277 time: 0.0469031
2026-04-02 18:09:41.866 10 INFO neutron.api.wsgi [req-c81f20c1-1884-463a-b739-9ae578985de7 req-a2f41901-f194-4d2c-8345-43ae4f93dca4 c6192f304d604874a35d25c6f7a605be 42059fa4659f453b9b83fecd9d2847c4 - - default default] 10.0.0.14 "GET /v2.0/ports?device_id=d3eacc4d-8904-42c4-bb7d-71d0fedd37f2 HTTP/1.1" status: 200 len: 210 time: 0.0248063
2026-04-02 18:09:42.304 9 WARNING neutron_lib.context [None req-2b508c1d-46c8-4582-9a02-3882c6458dc9 275e483f70f148e4832dffae4be08c0d d2677a185b474cd2a357d6e6ebbae524 - - default default] Method 'is_advsvc' is deprecated since 2023.2 release (neutron-lib 3.8.0) and will be removed once support for the old RBAC API policies will be removed from Neutron. Please use method 'is_service_role' instead.
2026-04-02 18:09:42.432 9 INFO neutron.db.ovn_revision_numbers_db [None req-2b508c1d-46c8-4582-9a02-3882c6458dc9 275e483f70f148e4832dffae4be08c0d d2677a185b474cd2a357d6e6ebbae524 - - default default] Successfully bumped revision number for resource 62c48249-73cf-48f7-a60f-e4aa866df099 (type: security_groups) to 1
2026-04-02 18:09:42.445 9 INFO neutron.db.ovn_revision_numbers_db [None req-2b508c1d-46c8-4582-9a02-3882c6458dc9 275e483f70f148e4832dffae4be08c0d d2677a185b474cd2a357d6e6ebbae524 - - default default] Successfully bumped revision number for resource 385fc7ab-df8f-4b05-ab94-80ced9540a4f (type: security_group_rules) to 0
2026-04-02 18:09:42.457 9 INFO neutron.db.ovn_revision_numbers_db [None req-2b508c1d-46c8-4582-9a02-3882c6458dc9 275e483f70f148e4832dffae4be08c0d d2677a185b474cd2a357d6e6ebbae524 - - default default] Successfully bumped revision number for resource a8c2ce32-5f7f-42e2-8bd7-b76a8a957546 (type: security_group_rules) to 0
2026-04-02 18:09:42.468 9 INFO neutron.db.ovn_revision_numbers_db [None req-2b508c1d-46c8-4582-9a02-3882c6458dc9 275e483f70f148e4832dffae4be08c0d d2677a185b474cd2a357d6e6ebbae524 - - default default] Successfully bumped revision number for resource f6cafa15-078d-4601-a990-ee73cfba95b1 (type: security_group_rules) to 0
2026-04-02 18:09:42.479 9 INFO neutron.db.ovn_revision_numbers_db [None req-2b508c1d-46c8-4582-9a02-3882c6458dc9 275e483f70f148e4832dffae4be08c0d d2677a185b474cd2a357d6e6ebbae524 - - default default] Successfully bumped revision number for resource fe85b2bd-c7d1-461b-aa2d-fe19ec5b1db2 (type: security_group_rules) to 0
2026-04-02 18:09:42.544 9 INFO neutron.db.segments_db [None req-2b508c1d-46c8-4582-9a02-3882c6458dc9 275e483f70f148e4832dffae4be08c0d d2677a185b474cd2a357d6e6ebbae524 - - default default] Added segment 267afdf5-0713-4ef9-9173-bac5e0707e27 of type geneve for network 2f193a39-d07a-4caf-a596-6261d32f6ea8
2026-04-02 18:09:42.587 9 INFO neutron.api.wsgi [req-bd3ff75a-1c26-48bf-baa9-47a53f583a19 req-b7d0beb5-1a1c-4143-b133-238e5a0410d7 17c0898e8e5b48e38b3fe24bdc1d9823 1f0f5ee9026d4ff8a7b692464313ac1c - - default default] 10.0.0.14 "GET /v2.0/ports?device_id=1be7b51b-9574-4b44-8b20-f597ae8856ef HTTP/1.1" status: 200 len: 1170 time: 0.0405231
2026-04-02 18:09:42.632 9 INFO neutron.api.wsgi [req-bd3ff75a-1c26-48bf-baa9-47a53f583a19 req-2ad3df7a-ed4a-4a93-acab-57f202038d18 17c0898e8e5b48e38b3fe24bdc1d9823 1f0f5ee9026d4ff8a7b692464313ac1c - - default default] 10.0.0.14 "GET /v2.0/security-groups?id=73e51229-b91f-4d25-bde0-529a1f286ec1&fields=id&fields=name HTTP/1.1" status: 200 len: 312 time: 0.0380785
2026-04-02 18:09:42.674 9 INFO neutron.db.ovn_revision_numbers_db [None req-2b508c1d-46c8-4582-9a02-3882c6458dc9 275e483f70f148e4832dffae4be08c0d d2677a185b474cd2a357d6e6ebbae524 - - default default] Successfully bumped revision number for resource 2f193a39-d07a-4caf-a596-6261d32f6ea8 (type: networks) to 1
2026-04-02 18:09:42.724 10 INFO neutron.api.wsgi [req-44e428ba-184d-41b1-b1e6-79f057fb1d98 req-08c9fbc7-27cd-4aeb-b7b5-de5f2982f98a 76db712553b746d186f0ca59206ab5b7 05927a530ca84b19bfb7598cdc078626 - - default default] 10.0.0.14 "GET /v2.0/ports?device_id=68a162c3-9d3b-409b-b7c4-92e122db815b HTTP/1.1" status: 200 len: 210 time: 0.0176818
2026-04-02 18:09:42.859 9 WARNING neutron.scheduler.dhcp_agent_scheduler [None req-2b508c1d-46c8-4582-9a02-3882c6458dc9 275e483f70f148e4832dffae4be08c0d d2677a185b474cd2a357d6e6ebbae524 - - default default] No more DHCP agents
2026-04-02 18:09:42.860 9 WARNING neutron.api.rpc.agentnotifiers.dhcp_rpc_agent_api [None req-2b508c1d-46c8-4582-9a02-3882c6458dc9 275e483f70f148e4832dffae4be08c0d d2677a185b474cd2a357d6e6ebbae524 - - default default] Unable to schedule network 2f193a39-d07a-4caf-a596-6261d32f6ea8: no agents available; will retry on subsequent port and subnet creation events.
