2026-04-02 18:09:52.539 9 INFO neutron.api.wsgi [req-60432c7d-c4a8-4ceb-833a-c27346334a65 req-6a2ccb84-11e2-4115-a8ec-cda125e5621c c6192f304d604874a35d25c6f7a605be 42059fa4659f453b9b83fecd9d2847c4 - - default default] 10.0.0.14 "GET /v2.0/ports?device_id=d3eacc4d-8904-42c4-bb7d-71d0fedd37f2 HTTP/1.1" status: 200 len: 1174 time: 0.0347726
2026-04-02 18:09:52.582 9 INFO neutron.api.wsgi [req-60432c7d-c4a8-4ceb-833a-c27346334a65 req-0e53dcad-d9dc-4303-bebd-7f0bc97e544e c6192f304d604874a35d25c6f7a605be 42059fa4659f453b9b83fecd9d2847c4 - - default default] 10.0.0.14 "GET /v2.0/security-groups?id=5d36496b-215c-4ee0-8757-0533243d6a3f&fields=id&fields=name HTTP/1.1" status: 200 len: 312 time: 0.0387833
2026-04-02 18:09:52.804 9 INFO neutron.api.wsgi [None req-2ad18ccd-6c7f-473f-9194-66f9eacfa254 275e483f70f148e4832dffae4be08c0d d2677a185b474cd2a357d6e6ebbae524 - - default default] 10.0.0.191 "DELETE /v2.0/ports/69db3324-2e90-413f-8765-06d8c366978c HTTP/1.1" status: 204 len: 168 time: 0.3060653
2026-04-02 18:09:52.840 9 INFO neutron.api.wsgi [None req-20ad8524-7ad7-43c6-8775-f395082d45cb 275e483f70f148e4832dffae4be08c0d d2677a185b474cd2a357d6e6ebbae524 - - default default] 10.0.0.191 "GET /v2.0/ports?device_id=22c57a96-519f-4cc7-9b21-2260b1d51cdb HTTP/1.1" status: 200 len: 1140 time: 0.0317519
2026-04-02 18:09:52.914 9 WARNING neutron.plugins.ml2.drivers.ovn.mech_driver.ovsdb.ovn_client [None req-73f8fd77-0222-4121-8422-a902f0e9142b - - - - - -] No hosting information found for port eb8d3b73-4468-4b42-88eb-06e8a3bbbb27: RuntimeError: No hosting information found for port eb8d3b73-4468-4b42-88eb-06e8a3bbbb27
2026-04-02 18:09:53.002 9 INFO neutron.db.ovn_revision_numbers_db [None req-73f8fd77-0222-4121-8422-a902f0e9142b - - - - - -] Successfully bumped revision number for resource eb8d3b73-4468-4b42-88eb-06e8a3bbbb27 (type: router_ports) to 2
2026-04-02 18:09:53.464 10 INFO neutron.notifiers.nova [-] Nova event matching ['req-5f58729a-ad18-49f5-976c-21ea40c727fb'] response: {'server_uuid': 'd3eacc4d-8904-42c4-bb7d-71d0fedd37f2', 'name': 'network-vif-plugged', 'status': 'completed', 'tag': '3aaa1a1b-81a1-4e6d-a5dc-efde757b8c25', 'code': 200} /var/lib/openstack/lib/python3.12/site-packages/pycadf/identifier.py:71: UserWarning: Invalid uuid: neutron. To ensure interoperability, identifiers should be a valid uuid. warnings.warn(('Invalid uuid: %s. To ensure interoperability, '
2026-04-02 18:09:53.694 9 INFO neutron.api.wsgi [None req-7ba81e4d-51f9-4242-8c31-2c4b1c6445e8 275e483f70f148e4832dffae4be08c0d d2677a185b474cd2a357d6e6ebbae524 - - default default] 10.0.0.191 "PUT /v2.0/routers/22c57a96-519f-4cc7-9b21-2260b1d51cdb/remove_router_interface HTTP/1.1" status: 200 len: 503 time: 0.8472965 /var/lib/openstack/lib/python3.12/site-packages/pycadf/identifier.py:71: UserWarning: Invalid uuid: neutron. To ensure interoperability, identifiers should be a valid uuid. warnings.warn(('Invalid uuid: %s. To ensure interoperability, '
2026-04-02 18:09:53.755 9 INFO neutron.api.wsgi [req-a0d63dbb-ad5f-4c68-9381-8792ec0666da req-dc61b9f1-0741-4851-8723-6e6e6d3908c7 c6192f304d604874a35d25c6f7a605be 42059fa4659f453b9b83fecd9d2847c4 - - default default] 10.0.0.14 "GET /v2.0/ports?device_id=d3eacc4d-8904-42c4-bb7d-71d0fedd37f2 HTTP/1.1" status: 200 len: 1174 time: 0.1137431 /var/lib/openstack/lib/python3.12/site-packages/pycadf/identifier.py:71: UserWarning: Invalid uuid: neutron. To ensure interoperability, identifiers should be a valid uuid. warnings.warn(('Invalid uuid: %s. To ensure interoperability, '
2026-04-02 18:09:53.787 9 INFO neutron.api.wsgi [req-a0d63dbb-ad5f-4c68-9381-8792ec0666da req-6367b03b-01f2-467b-8aad-497cedf6ab3a c6192f304d604874a35d25c6f7a605be 42059fa4659f453b9b83fecd9d2847c4 - - default default] 10.0.0.14 "GET /v2.0/security-groups?id=5d36496b-215c-4ee0-8757-0533243d6a3f&fields=id&fields=name HTTP/1.1" status: 200 len: 312 time: 0.0259435
2026-04-02 18:09:53.892 10 INFO neutron.api.wsgi [req-edda89b6-ee60-42b9-97a7-9f42a352b06e req-b1739fc7-86f9-4788-b6d6-639819bc71f3 c6192f304d604874a35d25c6f7a605be 42059fa4659f453b9b83fecd9d2847c4 - - default default] 10.0.0.14 "GET /v2.0/ports?device_id=d3eacc4d-8904-42c4-bb7d-71d0fedd37f2 HTTP/1.1" status: 200 len: 1174 time: 0.0423357
2026-04-02 18:09:54.355 9 INFO neutron.db.ovn_revision_numbers_db [None req-f6132baa-9f0e-43f5-a7b6-92758cabf6bd c6192f304d604874a35d25c6f7a605be 42059fa4659f453b9b83fecd9d2847c4 - - default default] Successfully bumped revision number for resource 1a3c315c-cf0d-4683-8b4e-6cf68697d5c9 (type: floatingips) to 1
2026-04-02 18:09:54.478 9 INFO neutron.db.ovn_revision_numbers_db [None req-f6132baa-9f0e-43f5-a7b6-92758cabf6bd c6192f304d604874a35d25c6f7a605be 42059fa4659f453b9b83fecd9d2847c4 - - default default] Successfully bumped revision number for resource 1a3c315c-cf0d-4683-8b4e-6cf68697d5c9 (type: floatingips) to 2
2026-04-02 18:09:54.478 9 INFO neutron.db.l3_db [None req-f6132baa-9f0e-43f5-a7b6-92758cabf6bd c6192f304d604874a35d25c6f7a605be 42059fa4659f453b9b83fecd9d2847c4 - - default default] Floating IP 1a3c315c-cf0d-4683-8b4e-6cf68697d5c9 associated. External IP: 10.96.250.208, port: 3aaa1a1b-81a1-4e6d-a5dc-efde757b8c25.
2026-04-02 18:09:54.505 9 INFO neutron.api.wsgi [None req-f6132baa-9f0e-43f5-a7b6-92758cabf6bd c6192f304d604874a35d25c6f7a605be 42059fa4659f453b9b83fecd9d2847c4 - - default default] 10.0.0.191 "PUT /v2.0/floatingips/1a3c315c-cf0d-4683-8b4e-6cf68697d5c9 HTTP/1.1" status: 200 len: 1050 time: 0.6041775
2026-04-02 18:09:54.561 9 INFO neutron.notifiers.nova [-] Nova event matching ['req-51b9b3bb-440f-452a-add8-fcd0cb0e242c'] response: {'name': 'network-changed', 'server_uuid': 'd3eacc4d-8904-42c4-bb7d-71d0fedd37f2', 'tag': '3aaa1a1b-81a1-4e6d-a5dc-efde757b8c25', 'status': 'completed', 'code': 200}
2026-04-02 18:09:54.627 9 INFO neutron.api.wsgi [req-7e89a018-4bbf-4c00-be63-658a12d791d0 req-48492a10-b74f-42bb-9f35-37d368860b94 c6192f304d604874a35d25c6f7a605be 42059fa4659f453b9b83fecd9d2847c4 - - default default] 10.0.0.14 "GET /v2.0/ports?device_id=d3eacc4d-8904-42c4-bb7d-71d0fedd37f2 HTTP/1.1" status: 200 len: 1174 time: 0.0561886
2026-04-02 18:09:54.671 9 INFO neutron.api.wsgi [req-7e89a018-4bbf-4c00-be63-658a12d791d0 req-d502a42d-b4fa-4227-8c22-fbbed1c4ceb3 c6192f304d604874a35d25c6f7a605be 42059fa4659f453b9b83fecd9d2847c4 - - default default] 10.0.0.14 "GET /v2.0/security-groups?id=5d36496b-215c-4ee0-8757-0533243d6a3f&fields=id&fields=name HTTP/1.1" status: 200 len: 312 time: 0.0379555 /var/lib/openstack/lib/python3.12/site-packages/pycadf/identifier.py:71: UserWarning: Invalid uuid: neutron. To ensure interoperability, identifiers should be a valid uuid. warnings.warn(('Invalid uuid: %s. To ensure interoperability, '
2026-04-02 18:09:54.812 10 INFO neutron.api.wsgi [None req-5085b106-ef70-44a9-b285-5330a26c4b0c 275e483f70f148e4832dffae4be08c0d d2677a185b474cd2a357d6e6ebbae524 - - default default] 10.0.0.191 "DELETE /v2.0/routers/22c57a96-519f-4cc7-9b21-2260b1d51cdb HTTP/1.1" status: 204 len: 168 time: 1.1120489
2026-04-02 18:09:54.863 10 INFO neutron.db.ovn_revision_numbers_db [None req-1ccd44e5-6375-4e7d-a404-cad1718f9603 15ac08b292f84221bdb7fa15f1fca821 64192436849b41b8b4ae850920ef1780 - - default default] Successfully bumped revision number for resource a5041c7f-6f78-476f-98d5-7502f80ca461 (type: security_groups) to 1
2026-04-02 18:09:54.876 10 INFO neutron.db.ovn_revision_numbers_db [None req-1ccd44e5-6375-4e7d-a404-cad1718f9603 15ac08b292f84221bdb7fa15f1fca821 64192436849b41b8b4ae850920ef1780 - - default default] Successfully bumped revision number for resource 63db18f1-022a-4b3a-b096-6f2eb3e4195a (type: security_group_rules) to 0
2026-04-02 18:09:54.892 10 INFO neutron.db.ovn_revision_numbers_db [None req-1ccd44e5-6375-4e7d-a404-cad1718f9603 15ac08b292f84221bdb7fa15f1fca821 64192436849b41b8b4ae850920ef1780 - - default default] Successfully bumped revision number for resource 823a0b07-7a84-4d7f-a934-f26848189dca (type: security_group_rules) to 0
2026-04-02 18:09:54.921 10 INFO neutron.db.ovn_revision_numbers_db [None req-1ccd44e5-6375-4e7d-a404-cad1718f9603 15ac08b292f84221bdb7fa15f1fca821 64192436849b41b8b4ae850920ef1780 - - default default] Successfully bumped revision number for resource b6daa850-27e0-42f6-8756-d1f66e8494f8 (type: security_group_rules) to 0
2026-04-02 18:09:54.927 10 INFO neutron.api.wsgi [req-b361fc79-e064-468d-9031-7c83fefe6c10 req-72f8e28f-5d07-42ee-a1e2-6084ad225bd6 c6192f304d604874a35d25c6f7a605be 42059fa4659f453b9b83fecd9d2847c4 - - default default] 10.0.0.14 "GET /v2.0/ports?device_id=d3eacc4d-8904-42c4-bb7d-71d0fedd37f2 HTTP/1.1" status: 200 len: 1174 time: 0.0354340
2026-04-02 18:09:54.941 10 INFO neutron.db.ovn_revision_numbers_db [None req-1ccd44e5-6375-4e7d-a404-cad1718f9603 15ac08b292f84221bdb7fa15f1fca821 64192436849b41b8b4ae850920ef1780 - - default default] Successfully bumped revision number for resource c6f654ab-d734-4880-8de9-f35efa406d39 (type: security_group_rules) to 0
2026-04-02 18:09:54.972 10 INFO neutron.api.wsgi [req-b361fc79-e064-468d-9031-7c83fefe6c10 req-fe2b8c51-e638-4ff1-b302-b06d9fe5c45a c6192f304d604874a35d25c6f7a605be 42059fa4659f453b9b83fecd9d2847c4 - - default default] 10.0.0.14 "GET /v2.0/security-groups?id=5d36496b-215c-4ee0-8757-0533243d6a3f&fields=id&fields=name HTTP/1.1" status: 200 len: 312 time: 0.0390816
2026-04-02 18:09:54.978 10 INFO neutron.api.wsgi [None req-1ccd44e5-6375-4e7d-a404-cad1718f9603 15ac08b292f84221bdb7fa15f1fca821 64192436849b41b8b4ae850920ef1780 - - default default] 10.0.0.191 "GET /v2.0/security-groups?tenant_id=dfed12695f7f41d280f4d74fde4643df&name=default HTTP/1.1" status: 200 len: 3120 time: 0.5636299
2026-04-02 18:09:54.981 9 INFO neutron.api.wsgi [None req-43ac3628-a572-4e63-9209-8e055b4a0e99 275e483f70f148e4832dffae4be08c0d d2677a185b474cd2a357d6e6ebbae524 - - default default] 10.0.0.191 "DELETE /v2.0/subnets/430de5b8-6af4-433f-b9ec-a8340ebf06f1 HTTP/1.1" status: 204 len: 168 time: 0.1618891
2026-04-02 18:09:55.107 9 INFO neutron.api.wsgi [req-da9ffd56-a7ca-4bdf-b4e8-4d61f3cca001 req-fcc714fa-6ed6-4c33-a2d5-dcea1445c0de 613f559da1814c56a288b8c617095f66 7c9d33315b5a4682b8fd10e638a7ce86 - - fc6e22571bdd4990a4cb50c180567519 fc6e22571bdd4990a4cb50c180567519] 199.19.213.133 "GET /v2.0/ports?tenant_id=42059fa4659f453b9b83fecd9d2847c4&device_id=d3eacc4d-8904-42c4-bb7d-71d0fedd37f2 HTTP/1.1" status: 200 len: 1413 time: 0.0379670
2026-04-02 18:09:55.169 9 INFO neutron.api.wsgi [req-da9ffd56-a7ca-4bdf-b4e8-4d61f3cca001 req-85e03f78-2beb-46b4-9629-6cfb0270a199 613f559da1814c56a288b8c617095f66 7c9d33315b5a4682b8fd10e638a7ce86 - - fc6e22571bdd4990a4cb50c180567519 fc6e22571bdd4990a4cb50c180567519] 199.19.213.133 "GET /v2.0/networks?id=ec578ad8-361a-489e-b592-1e17641469b3 HTTP/1.1" status: 200 len: 968 time: 0.0579119
2026-04-02 18:09:55.214 9 INFO neutron.api.wsgi [req-da9ffd56-a7ca-4bdf-b4e8-4d61f3cca001 req-ac22eb79-fc14-4815-9c86-06d8067e40e2 613f559da1814c56a288b8c617095f66 7c9d33315b5a4682b8fd10e638a7ce86 - - fc6e22571bdd4990a4cb50c180567519 fc6e22571bdd4990a4cb50c180567519] 199.19.213.133 "GET /v2.0/floatingips?fixed_ip_address=10.100.0.11&port_id=3aaa1a1b-81a1-4e6d-a5dc-efde757b8c25 HTTP/1.1" status: 200 len: 1060 time: 0.0403738
2026-04-02 18:09:55.302 10 INFO neutron.services.segments.plugin [-] Segment 267afdf5-0713-4ef9-9173-bac5e0707e27 resource provider aggregate not found
2026-04-02 18:09:55.308 10 INFO neutron.services.segments.plugin [-] Segment 267afdf5-0713-4ef9-9173-bac5e0707e27 resource provider aggregate not found
2026-04-02 18:09:55.315 10 INFO neutron.services.segments.plugin [-] Segment 267afdf5-0713-4ef9-9173-bac5e0707e27 resource provider not found; error: Placement Client Error (4xx): {"errors": [{"status": 404, "title": "Not Found", "detail": "The resource could not be found.\n\n No resource provider with uuid 267afdf5-0713-4ef9-9173-bac5e0707e27 found for delete ", "request_id": "req-cc1705d0-e1d9-4d44-ac06-5efbd0260b22"}]}
2026-04-02 18:09:55.321 10 INFO neutron.services.segments.plugin [-] Segment 267afdf5-0713-4ef9-9173-bac5e0707e27 resource provider not found; error: Placement Client Error (4xx): {"errors": [{"status": 404, "title": "Not Found", "detail": "The resource could not be found.\n\n No resource provider with uuid 267afdf5-0713-4ef9-9173-bac5e0707e27 found for delete ", "request_id": "req-dfd637cd-2a40-4638-bf37-ca59b0f52eaf"}]}
2026-04-02 18:09:55.340 10 INFO neutron.api.wsgi [None req-07e04a0f-1387-49f1-b75d-46c7c9c21d35 275e483f70f148e4832dffae4be08c0d d2677a185b474cd2a357d6e6ebbae524 - - default default] 10.0.0.191 "DELETE /v2.0/networks/2f193a39-d07a-4caf-a596-6261d32f6ea8 HTTP/1.1" status: 204 len: 168 time: 0.3491752
2026-04-02 18:09:55.432 9 INFO neutron.api.wsgi [None req-0107d76d-68e5-4c52-b868-78c799f351b4 15ac08b292f84221bdb7fa15f1fca821 64192436849b41b8b4ae850920ef1780 - - default default] 10.0.0.191 "DELETE /v2.0/security-groups/a5041c7f-6f78-476f-98d5-7502f80ca461 HTTP/1.1" status: 204 len: 168 time: 0.4470131
2026-04-02 18:09:55.443 9 INFO neutron.api.wsgi [req-da9ffd56-a7ca-4bdf-b4e8-4d61f3cca001 req-37ecd269-3e41-49c1-818a-59ce628973f2 613f559da1814c56a288b8c617095f66 7c9d33315b5a4682b8fd10e638a7ce86 - - fc6e22571bdd4990a4cb50c180567519 fc6e22571bdd4990a4cb50c180567519] 199.19.213.133 "GET /v2.0/subnets?id=717f5674-3d02-41a5-9105-28d755f6ea0a HTTP/1.1" status: 200 len: 887 time: 0.2222545
2026-04-02 18:09:55.448 10 INFO neutron.plugins.ml2.drivers.ovn.mech_driver.mech_driver [None req-dc1e92ea-53cb-42f0-9e54-43039401d719 - - - - - -] OVN reports status down for port: 3aaa1a1b-81a1-4e6d-a5dc-efde757b8c25
2026-04-02 18:09:55.475 9 INFO neutron.api.wsgi [req-da9ffd56-a7ca-4bdf-b4e8-4d61f3cca001 req-cc6a5d79-49f0-47cb-85af-8b0f1097d5fb 613f559da1814c56a288b8c617095f66 7c9d33315b5a4682b8fd10e638a7ce86 - - fc6e22571bdd4990a4cb50c180567519 fc6e22571bdd4990a4cb50c180567519] 199.19.213.133 "GET /v2.0/ports?network_id=ec578ad8-361a-489e-b592-1e17641469b3&device_owner=network%3Adhcp HTTP/1.1" status: 200 len: 210 time: 0.0220826
2026-04-02 18:09:55.531 9 INFO neutron.api.wsgi [req-da9ffd56-a7ca-4bdf-b4e8-4d61f3cca001 req-a7f70ec0-c37f-42ec-82a3-af23ceeb4c3d 613f559da1814c56a288b8c617095f66 7c9d33315b5a4682b8fd10e638a7ce86 - - fc6e22571bdd4990a4cb50c180567519 fc6e22571bdd4990a4cb50c180567519] 199.19.213.133 "GET /v2.0/networks/ec578ad8-361a-489e-b592-1e17641469b3?fields=segments HTTP/1.1" status: 200 len: 212 time: 0.0510759
2026-04-02 18:09:55.566 10 INFO neutron.notifiers.nova [-] Nova event matching ['req-676c2bf2-0a41-4734-8139-f960b0e7d98e'] response: {'server_uuid': 'd3eacc4d-8904-42c4-bb7d-71d0fedd37f2', 'name': 'network-vif-unplugged', 'status': 'completed', 'tag': '3aaa1a1b-81a1-4e6d-a5dc-efde757b8c25', 'code': 200}
2026-04-02 18:09:55.605 9 INFO neutron.api.wsgi [req-da9ffd56-a7ca-4bdf-b4e8-4d61f3cca001 req-6101bcd0-3b1f-4227-8e47-15eacb03c163 613f559da1814c56a288b8c617095f66 7c9d33315b5a4682b8fd10e638a7ce86 - - fc6e22571bdd4990a4cb50c180567519 fc6e22571bdd4990a4cb50c180567519] 199.19.213.133 "GET /v2.0/networks/ec578ad8-361a-489e-b592-1e17641469b3?fields=provider%3Aphysical_network&fields=provider%3Anetwork_type HTTP/1.1" status: 200 len: 277 time: 0.0703883
2026-04-02 18:09:55.704 9 INFO neutron.db.ovn_revision_numbers_db [None req-fe86cf38-d4a8-4342-b753-0e99472c6019 15ac08b292f84221bdb7fa15f1fca821 64192436849b41b8b4ae850920ef1780 - - default default] Successfully bumped revision number for resource cd0cf339-42b5-473a-b06f-b61aa737ed25 (type: security_groups) to 1
2026-04-02 18:09:55.705 10 INFO neutron.db.ovn_revision_numbers_db [None req-dc1e92ea-53cb-42f0-9e54-43039401d719 - - - - - -] Successfully bumped revision number for resource 3aaa1a1b-81a1-4e6d-a5dc-efde757b8c25 (type: ports) to 6
2026-04-02 18:09:55.719 9 INFO neutron.db.ovn_revision_numbers_db [None req-fe86cf38-d4a8-4342-b753-0e99472c6019 15ac08b292f84221bdb7fa15f1fca821 64192436849b41b8b4ae850920ef1780 - - default default] Successfully bumped revision number for resource 3709873d-f302-4141-a382-405bdec141de (type: security_group_rules) to 0
2026-04-02 18:09:55.732 9 INFO neutron.db.ovn_revision_numbers_db [None req-fe86cf38-d4a8-4342-b753-0e99472c6019 15ac08b292f84221bdb7fa15f1fca821 64192436849b41b8b4ae850920ef1780 - - default default] Successfully bumped revision number for resource b3d5537b-326f-4e6e-9bbd-945e719df8aa (type: security_group_rules) to 0
2026-04-02 18:09:55.744 9 INFO neutron.db.ovn_revision_numbers_db [None req-fe86cf38-d4a8-4342-b753-0e99472c6019 15ac08b292f84221bdb7fa15f1fca821 64192436849b41b8b4ae850920ef1780 - - default default] Successfully bumped revision number for resource bc368ed5-364d-457b-9f3f-5161e9fd3ae4 (type: security_group_rules) to 0
2026-04-02 18:09:55.760 9 INFO neutron.db.ovn_revision_numbers_db [None req-fe86cf38-d4a8-4342-b753-0e99472c6019 15ac08b292f84221bdb7fa15f1fca821 64192436849b41b8b4ae850920ef1780 - - default default] Successfully bumped revision number for resource d41cadcf-1287-47b0-b99b-890cdac4aba3 (type: security_group_rules) to 0
2026-04-02 18:09:55.804 9 INFO neutron.api.wsgi [None req-fe86cf38-d4a8-4342-b753-0e99472c6019 15ac08b292f84221bdb7fa15f1fca821 64192436849b41b8b4ae850920ef1780 - - default default] 10.0.0.191 "GET /v2.0/security-groups?tenant_id=3826158a566848dd902223030c8e31c8&name=default HTTP/1.1" status: 200 len: 3120 time: 0.2426000 /var/lib/openstack/lib/python3.12/site-packages/pycadf/identifier.py:71: UserWarning: Invalid uuid: neutron. To ensure interoperability, identifiers should be a valid uuid. warnings.warn(('Invalid uuid: %s. To ensure interoperability, '
2026-04-02 18:09:55.889 9 INFO neutron.db.ovn_revision_numbers_db [None req-dec2da8b-78ab-4a83-98ce-f1a5db773308 15ac08b292f84221bdb7fa15f1fca821 64192436849b41b8b4ae850920ef1780 - - default default] Successfully bumped revision number for resource bf844d56-3540-4875-ad61-e046d5829aae (type: security_groups) to 1
2026-04-02 18:09:55.908 9 INFO neutron.db.ovn_revision_numbers_db [None req-dec2da8b-78ab-4a83-98ce-f1a5db773308 15ac08b292f84221bdb7fa15f1fca821 64192436849b41b8b4ae850920ef1780 - - default default] Successfully bumped revision number for resource 0309bceb-1c13-43e0-8f49-dfebbfdede2c (type: security_group_rules) to 0
2026-04-02 18:09:55.931 9 INFO neutron.db.ovn_revision_numbers_db [None req-dec2da8b-78ab-4a83-98ce-f1a5db773308 15ac08b292f84221bdb7fa15f1fca821 64192436849b41b8b4ae850920ef1780 - - default default] Successfully bumped revision number for resource 25dd49e1-dd9d-4551-b3d4-64b6eaff6e69 (type: security_group_rules) to 0
2026-04-02 18:09:55.959 9 INFO neutron.db.ovn_revision_numbers_db [None req-dec2da8b-78ab-4a83-98ce-f1a5db773308 15ac08b292f84221bdb7fa15f1fca821 64192436849b41b8b4ae850920ef1780 - - default default] Successfully bumped revision number for resource 8eb00797-f4c5-4e77-85af-bf6176bf66c4 (type: security_group_rules) to 0
2026-04-02 18:09:55.979 9 INFO neutron.db.ovn_revision_numbers_db [None req-dec2da8b-78ab-4a83-98ce-f1a5db773308 15ac08b292f84221bdb7fa15f1fca821 64192436849b41b8b4ae850920ef1780 - - default default] Successfully bumped revision number for resource b38640b2-8738-46ef-a730-ec616f06ca1b (type: security_group_rules) to 0
2026-04-02 18:09:56.031 9 INFO neutron.api.wsgi [None req-dec2da8b-78ab-4a83-98ce-f1a5db773308 15ac08b292f84221bdb7fa15f1fca821 64192436849b41b8b4ae850920ef1780 - - default default] 10.0.0.191 "GET /v2.0/security-groups?tenant_id=8fb58b56d5fb4bddb66214f43de26092&name=default HTTP/1.1" status: 200 len: 3120 time: 0.3617721
2026-04-02 18:09:56.061 10 INFO neutron.api.wsgi [None req-0c2fef38-c595-45c5-b73f-4e5e9a34155b 15ac08b292f84221bdb7fa15f1fca821 64192436849b41b8b4ae850920ef1780 - - default default] 10.0.0.191 "GET /v2.0/security-groups?tenant_id=d2677a185b474cd2a357d6e6ebbae524&name=default HTTP/1.1" status: 200 len: 3120 time: 0.1989493
2026-04-02 18:09:56.105 10 INFO neutron.api.wsgi [req-a68c8e85-0b2d-42a6-b173-d02fe0a386fa req-75df9eb3-561c-4ec7-bb27-80575b513dc8 c6192f304d604874a35d25c6f7a605be 42059fa4659f453b9b83fecd9d2847c4 - - default default] 10.0.0.14 "GET /v2.0/ports?device_id=d3eacc4d-8904-42c4-bb7d-71d0fedd37f2 HTTP/1.1" status: 200 len: 1172 time: 0.0574753
2026-04-02 18:09:56.110 10 INFO neutron.api.wsgi [None req-3c408ae6-3e50-405f-80bf-f57227d17320 15ac08b292f84221bdb7fa15f1fca821 64192436849b41b8b4ae850920ef1780 - - default default] 10.0.0.191 "DELETE /v2.0/security-groups/cd0cf339-42b5-473a-b06f-b61aa737ed25 HTTP/1.1" status: 204 len: 168 time: 0.3000908
2026-04-02 18:09:56.149 10 INFO neutron.api.wsgi [req-a68c8e85-0b2d-42a6-b173-d02fe0a386fa req-e359b0fe-ecfd-4466-870c-5e5ed19d9601 c6192f304d604874a35d25c6f7a605be 42059fa4659f453b9b83fecd9d2847c4 - - default default] 10.0.0.14 "GET /v2.0/security-groups?id=5d36496b-215c-4ee0-8757-0533243d6a3f&fields=id&fields=name HTTP/1.1" status: 200 len: 312 time: 0.0366614
2026-04-02 18:09:56.288 10 INFO neutron.api.wsgi [None req-f92d9979-6fad-4e77-9598-1401e0f67760 15ac08b292f84221bdb7fa15f1fca821 64192436849b41b8b4ae850920ef1780 - - default default] 10.0.0.191 "DELETE /v2.0/security-groups/bf844d56-3540-4875-ad61-e046d5829aae HTTP/1.1" status: 204 len: 168 time: 0.2502570
2026-04-02 18:09:56.324 9 INFO neutron.api.wsgi [None req-5bf14d5b-04e9-4070-8c9f-632af81b1398 15ac08b292f84221bdb7fa15f1fca821 64192436849b41b8b4ae850920ef1780 - - default default] 10.0.0.191 "DELETE /v2.0/security-groups/62c48249-73cf-48f7-a60f-e4aa866df099 HTTP/1.1" status: 204 len: 168 time: 0.2576401
2026-04-02 18:09:56.569 9 INFO neutron.db.ovn_revision_numbers_db [None req-29bb2895-bd79-4300-8367-ee917b85b157 15ac08b292f84221bdb7fa15f1fca821 64192436849b41b8b4ae850920ef1780 - - default default] Successfully bumped revision number for resource c0f23a98-5bda-4594-a9e0-ff46b89a974f (type: security_groups) to 1
2026-04-02 18:09:56.583 9 INFO neutron.db.ovn_revision_numbers_db [None req-29bb2895-bd79-4300-8367-ee917b85b157 15ac08b292f84221bdb7fa15f1fca821 64192436849b41b8b4ae850920ef1780 - - default default] Successfully bumped revision number for resource 07173669-fdc3-47af-b7d2-ab80841c6966 (type: security_group_rules) to 0
2026-04-02 18:09:56.600 9 INFO neutron.db.ovn_revision_numbers_db [None req-29bb2895-bd79-4300-8367-ee917b85b157 15ac08b292f84221bdb7fa15f1fca821 64192436849b41b8b4ae850920ef1780 - - default default] Successfully bumped revision number for resource 27f66b36-c620-4cf1-8919-e373ed19b45e (type: security_group_rules) to 0
2026-04-02 18:09:56.620 9 INFO neutron.db.ovn_revision_numbers_db [None req-29bb2895-bd79-4300-8367-ee917b85b157 15ac08b292f84221bdb7fa15f1fca821 64192436849b41b8b4ae850920ef1780 - - default default] Successfully bumped revision number for resource 92055257-0f03-4bd3-9947-3fd5976d59db (type: security_group_rules) to 0
2026-04-02 18:09:56.646 9 INFO neutron.db.ovn_revision_numbers_db [None req-29bb2895-bd79-4300-8367-ee917b85b157 15ac08b292f84221bdb7fa15f1fca821 64192436849b41b8b4ae850920ef1780 - - default default] Successfully bumped revision number for resource ca1a14a1-8588-4cb9-98d3-47f295c2184b (type: security_group_rules) to 0
2026-04-02 18:09:56.708 9 INFO neutron.api.wsgi [req-bb667bd5-ea82-4435-b196-b2201ec60cd8 req-318a37cd-3459-495a-8206-b531626ad181 c6192f304d604874a35d25c6f7a605be 42059fa4659f453b9b83fecd9d2847c4 - - default default] 199.19.213.133 "GET /v2.0/ports?device_id=d3eacc4d-8904-42c4-bb7d-71d0fedd37f2 HTTP/1.1" status: 200 len: 1172 time: 0.0594132
2026-04-02 18:09:56.712 9 INFO neutron.api.wsgi [None req-29bb2895-bd79-4300-8367-ee917b85b157 15ac08b292f84221bdb7fa15f1fca821 64192436849b41b8b4ae850920ef1780 - - default default] 10.0.0.191 "GET /v2.0/security-groups?tenant_id=0ec5db4ccc494ef9925ce8ae2198f225&name=default HTTP/1.1" status: 200 len: 3120 time: 0.2672098
2026-04-02 18:09:56.951 10 INFO neutron.api.wsgi [None req-f6d5aa9d-1faf-4251-85ac-d4afd5bd5fb1 15ac08b292f84221bdb7fa15f1fca821 64192436849b41b8b4ae850920ef1780 - - default default] 10.0.0.191 "DELETE /v2.0/security-groups/c0f23a98-5bda-4594-a9e0-ff46b89a974f HTTP/1.1" status: 204 len: 168 time: 0.2347848
2026-04-02 18:09:57.022 9 INFO neutron.db.l3_db [req-bb667bd5-ea82-4435-b196-b2201ec60cd8 req-d6d609e4-f238-4892-a2dd-62484eecc8ac c6192f304d604874a35d25c6f7a605be 42059fa4659f453b9b83fecd9d2847c4 - - default default] Floating IP 1a3c315c-cf0d-4683-8b4e-6cf68697d5c9 disassociated. External IP: 10.96.250.208, port: 3aaa1a1b-81a1-4e6d-a5dc-efde757b8c25.
2026-04-02 18:09:57.141 9 INFO neutron.api.wsgi [req-bb667bd5-ea82-4435-b196-b2201ec60cd8 req-d6d609e4-f238-4892-a2dd-62484eecc8ac c6192f304d604874a35d25c6f7a605be 42059fa4659f453b9b83fecd9d2847c4 - - default default] 199.19.213.133 "DELETE /v2.0/ports/3aaa1a1b-81a1-4e6d-a5dc-efde757b8c25 HTTP/1.1" status: 204 len: 173 time: 0.4292190
2026-04-02 18:09:57.189 9 INFO neutron.notifiers.nova [-] Nova event matching ['req-721fabb0-9e3b-43ce-9a95-07655057d420'] response: {'server_uuid': 'd3eacc4d-8904-42c4-bb7d-71d0fedd37f2', 'name': 'network-vif-deleted', 'tag': '3aaa1a1b-81a1-4e6d-a5dc-efde757b8c25', 'status': 'completed', 'code': 200} /var/lib/openstack/lib/python3.12/site-packages/pycadf/identifier.py:71: UserWarning: Invalid uuid: neutron. To ensure interoperability, identifiers should be a valid uuid. warnings.warn(('Invalid uuid: %s. To ensure interoperability, '
2026-04-02 18:09:57.222 10 INFO neutron.api.wsgi [req-503dc7ca-4e4e-49ac-8549-beefe6849f79 req-7974c683-4611-41db-91fc-0efeefeffca1 c6192f304d604874a35d25c6f7a605be 42059fa4659f453b9b83fecd9d2847c4 - - default default] 10.0.0.14 "GET /v2.0/ports?device_id=d3eacc4d-8904-42c4-bb7d-71d0fedd37f2 HTTP/1.1" status: 200 len: 210 time: 0.0196631
2026-04-02 18:09:57.613 10 INFO neutron.notifiers.nova [-] Nova event matching ['req-89845040-1ed8-4616-a255-3ff2d0166efe'] response: {'server_uuid': 'd3eacc4d-8904-42c4-bb7d-71d0fedd37f2', 'name': 'network-vif-unplugged', 'status': 'completed', 'tag': '3aaa1a1b-81a1-4e6d-a5dc-efde757b8c25', 'code': 200}
2026-04-02 18:09:58.220 9 WARNING neutron_lib.context [None req-88e9b185-0de9-40ab-85c1-524e88f91b8d dc425b6aea8742b2800f445925a5bb6a a21f520a61bb443abb2f01cc5f9e75b1 - - default default] Method 'is_advsvc' is deprecated since 2023.2 release (neutron-lib 3.8.0) and will be removed once support for the old RBAC API policies will be removed from Neutron. Please use method 'is_service_role' instead.
2026-04-02 18:09:58.303 10 INFO neutron.api.wsgi [req-b53fc964-1428-470a-a530-21c6718fd3d5 req-13dd9d45-69ff-47a8-b852-21ce844a7785 c6192f304d604874a35d25c6f7a605be 42059fa4659f453b9b83fecd9d2847c4 - - default default] 10.0.0.14 "GET /v2.0/ports?device_id=d3eacc4d-8904-42c4-bb7d-71d0fedd37f2 HTTP/1.1" status: 200 len: 210 time: 0.0165677
2026-04-02 18:09:58.353 9 INFO neutron.db.ovn_revision_numbers_db [None req-88e9b185-0de9-40ab-85c1-524e88f91b8d dc425b6aea8742b2800f445925a5bb6a a21f520a61bb443abb2f01cc5f9e75b1 - - default default] Successfully bumped revision number for resource d03833df-f01f-4060-9f7d-6805f9fe681b (type: security_groups) to 1
2026-04-02 18:09:58.367 9 INFO neutron.db.ovn_revision_numbers_db [None req-88e9b185-0de9-40ab-85c1-524e88f91b8d dc425b6aea8742b2800f445925a5bb6a a21f520a61bb443abb2f01cc5f9e75b1 - - default default] Successfully bumped revision number for resource 10c1e552-4a20-4efc-8d69-d26c5b5ce7ed (type: security_group_rules) to 0
2026-04-02 18:09:58.380 9 INFO neutron.db.ovn_revision_numbers_db [None req-88e9b185-0de9-40ab-85c1-524e88f91b8d dc425b6aea8742b2800f445925a5bb6a a21f520a61bb443abb2f01cc5f9e75b1 - - default default] Successfully bumped revision number for resource 4f6c8a0b-b5ed-4265-a069-0afa9ebc4381 (type: security_group_rules) to 0
2026-04-02 18:09:58.393 9 INFO neutron.db.ovn_revision_numbers_db [None req-88e9b185-0de9-40ab-85c1-524e88f91b8d dc425b6aea8742b2800f445925a5bb6a a21f520a61bb443abb2f01cc5f9e75b1 - - default default] Successfully bumped revision number for resource 69042d3c-3974-401d-a3c3-536d4027dfa0 (type: security_group_rules) to 0
2026-04-02 18:09:58.407 9 INFO neutron.db.ovn_revision_numbers_db [None req-88e9b185-0de9-40ab-85c1-524e88f91b8d dc425b6aea8742b2800f445925a5bb6a a21f520a61bb443abb2f01cc5f9e75b1 - - default default] Successfully bumped revision number for resource 817baf98-982c-4b75-8f13-f0fc4395338e (type: security_group_rules) to 0
2026-04-02 18:09:58.501 9 INFO neutron.db.segments_db [None req-88e9b185-0de9-40ab-85c1-524e88f91b8d dc425b6aea8742b2800f445925a5bb6a a21f520a61bb443abb2f01cc5f9e75b1 - - default default] Added segment a08af2b5-55a6-4cda-a809-8ab27dcb0202 of type geneve for network 68704c2f-a966-4763-85c2-22b15ac5686e
2026-04-02 18:09:58.621 9 INFO neutron.db.ovn_revision_numbers_db [None req-88e9b185-0de9-40ab-85c1-524e88f91b8d dc425b6aea8742b2800f445925a5bb6a a21f520a61bb443abb2f01cc5f9e75b1 - - default default] Successfully bumped revision number for resource 68704c2f-a966-4763-85c2-22b15ac5686e (type: networks) to 1
2026-04-02 18:09:58.775 9 WARNING neutron.scheduler.dhcp_agent_scheduler [None req-88e9b185-0de9-40ab-85c1-524e88f91b8d dc425b6aea8742b2800f445925a5bb6a a21f520a61bb443abb2f01cc5f9e75b1 - - default default] No more DHCP agents
2026-04-02 18:09:58.776 9 WARNING neutron.api.rpc.agentnotifiers.dhcp_rpc_agent_api [None req-88e9b185-0de9-40ab-85c1-524e88f91b8d dc425b6aea8742b2800f445925a5bb6a a21f520a61bb443abb2f01cc5f9e75b1 - - default default] Unable to schedule network 68704c2f-a966-4763-85c2-22b15ac5686e: no agents available; will retry on subsequent port and subnet creation events.
2026-04-02 18:09:58.835 9 INFO neutron.db.ovn_revision_numbers_db [None req-88e9b185-0de9-40ab-85c1-524e88f91b8d dc425b6aea8742b2800f445925a5bb6a a21f520a61bb443abb2f01cc5f9e75b1 - - default default] Successfully bumped revision number for resource 731b988c-a2b0-4a0c-8201-512dc25f379d (type: ports) to 1
2026-04-02 18:09:58.857 9 INFO neutron.api.wsgi [None req-88e9b185-0de9-40ab-85c1-524e88f91b8d dc425b6aea8742b2800f445925a5bb6a a21f520a61bb443abb2f01cc5f9e75b1 - - default default] 10.0.0.191 "POST /v2.0/networks HTTP/1.1" status: 201 len: 832 time: 0.7457032
2026-04-02 18:09:58.866 9 WARNING neutron_lib.context [None req-62ccf5cb-c053-4d3b-9087-4576e399e2fb dc425b6aea8742b2800f445925a5bb6a a21f520a61bb443abb2f01cc5f9e75b1 - - default default] Method 'is_advsvc' is deprecated since 2023.2 release (neutron-lib 3.8.0) and will be removed once support for the old RBAC API policies will be removed from Neutron. Please use method 'is_service_role' instead.
2026-04-02 18:09:58.952 9 INFO neutron.db.segments_db [None req-62ccf5cb-c053-4d3b-9087-4576e399e2fb dc425b6aea8742b2800f445925a5bb6a a21f520a61bb443abb2f01cc5f9e75b1 - - default default] Added segment 8ef09300-e2c3-4d13-9873-963c66853050 of type geneve for network a670c2e8-d8e9-4237-ba06-2a5fb9dca01f
2026-04-02 18:09:59.046 9 INFO neutron.api.wsgi [req-9faf3416-46ba-4cd9-aff2-2ddace4cce57 req-23930966-92aa-4d0a-896b-dded6aeba763 613f559da1814c56a288b8c617095f66 7c9d33315b5a4682b8fd10e638a7ce86 - - fc6e22571bdd4990a4cb50c180567519 fc6e22571bdd4990a4cb50c180567519] 199.19.213.133 "GET /v2.0/ports?device_id=d3eacc4d-8904-42c4-bb7d-71d0fedd37f2&fields=binding%3Ahost_id&fields=binding%3Avif_type HTTP/1.1" status: 200 len: 210 time: 0.0214846
2026-04-02 18:09:59.093 9 INFO neutron.db.ovn_revision_numbers_db [None req-62ccf5cb-c053-4d3b-9087-4576e399e2fb dc425b6aea8742b2800f445925a5bb6a a21f520a61bb443abb2f01cc5f9e75b1 - - default default] Successfully bumped revision number for resource a670c2e8-d8e9-4237-ba06-2a5fb9dca01f (type: networks) to 1
2026-04-02 18:09:59.257 9 WARNING neutron.scheduler.dhcp_agent_scheduler [None req-62ccf5cb-c053-4d3b-9087-4576e399e2fb dc425b6aea8742b2800f445925a5bb6a a21f520a61bb443abb2f01cc5f9e75b1 - - default default] No more DHCP agents
2026-04-02 18:09:59.259 9 WARNING neutron.api.rpc.agentnotifiers.dhcp_rpc_agent_api [None req-62ccf5cb-c053-4d3b-9087-4576e399e2fb dc425b6aea8742b2800f445925a5bb6a a21f520a61bb443abb2f01cc5f9e75b1 - - default default] Unable to schedule network a670c2e8-d8e9-4237-ba06-2a5fb9dca01f: no agents available; will retry on subsequent port and subnet creation events.
2026-04-02 18:09:59.327 9 INFO neutron.db.ovn_revision_numbers_db [None req-62ccf5cb-c053-4d3b-9087-4576e399e2fb dc425b6aea8742b2800f445925a5bb6a a21f520a61bb443abb2f01cc5f9e75b1 - - default default] Successfully bumped revision number for resource 3251fd39-dfda-4848-ad3c-af403125d688 (type: ports) to 1
2026-04-02 18:09:59.353 9 INFO neutron.api.wsgi [None req-62ccf5cb-c053-4d3b-9087-4576e399e2fb dc425b6aea8742b2800f445925a5bb6a a21f520a61bb443abb2f01cc5f9e75b1 - - default default] 10.0.0.191 "POST /v2.0/networks HTTP/1.1" status: 201 len: 832 time: 0.4908829
2026-04-02 18:09:59.366 10 WARNING neutron_lib.context [None req-a6a942f3-44a8-4293-8765-bdb4217ea01a dc425b6aea8742b2800f445925a5bb6a a21f520a61bb443abb2f01cc5f9e75b1 - - default default] Method 'is_advsvc' is deprecated since 2023.2 release (neutron-lib 3.8.0) and will be removed once support for the old RBAC API policies will be removed from Neutron. Please use method 'is_service_role' instead.
2026-04-02 18:09:59.406 9 INFO neutron.api.wsgi [req-0f06f62d-893f-40c6-88da-992189b8a357 req-0ad0616e-ab6f-49c8-829a-b1f3f52dde5e c6192f304d604874a35d25c6f7a605be 42059fa4659f453b9b83fecd9d2847c4 - - default default] 10.0.0.14 "GET /v2.0/ports?device_id=d3eacc4d-8904-42c4-bb7d-71d0fedd37f2 HTTP/1.1" status: 200 len: 210 time: 0.0242631
2026-04-02 18:09:59.588 10 WARNING neutron.scheduler.dhcp_agent_scheduler [None req-a6a942f3-44a8-4293-8765-bdb4217ea01a dc425b6aea8742b2800f445925a5bb6a a21f520a61bb443abb2f01cc5f9e75b1 - - default default] No more DHCP agents
2026-04-02 18:09:59.589 10 WARNING neutron.api.rpc.agentnotifiers.dhcp_rpc_agent_api [None req-a6a942f3-44a8-4293-8765-bdb4217ea01a dc425b6aea8742b2800f445925a5bb6a a21f520a61bb443abb2f01cc5f9e75b1 - - default default] Unable to schedule network 68704c2f-a966-4763-85c2-22b15ac5686e: no agents available; will retry on subsequent port and subnet creation events.
2026-04-02 18:09:59.617 10 INFO neutron.db.ovn_revision_numbers_db [None req-a6a942f3-44a8-4293-8765-bdb4217ea01a dc425b6aea8742b2800f445925a5bb6a a21f520a61bb443abb2f01cc5f9e75b1 - - default default] Successfully bumped revision number for resource 92dd1956-f8c4-49eb-8c86-351f24ca36e8 (type: subnets) to 0
2026-04-02 18:09:59.637 10 INFO neutron.api.wsgi [None req-a6a942f3-44a8-4293-8765-bdb4217ea01a dc425b6aea8742b2800f445925a5bb6a a21f520a61bb443abb2f01cc5f9e75b1 - - default default] 10.0.0.191 "POST /v2.0/subnets HTTP/1.1" status: 201 len: 845 time: 0.2784433
2026-04-02 18:09:59.649 10 WARNING neutron_lib.context [None req-8b6c1b7e-f2da-43aa-9b7a-cc1918d37bd4 dc425b6aea8742b2800f445925a5bb6a a21f520a61bb443abb2f01cc5f9e75b1 - - default default] Method 'is_advsvc' is deprecated since 2023.2 release (neutron-lib 3.8.0) and will be removed once support for the old RBAC API policies will be removed from Neutron. Please use method 'is_service_role' instead.
2026-04-02 18:09:59.887 10 WARNING neutron.scheduler.dhcp_agent_scheduler [None req-8b6c1b7e-f2da-43aa-9b7a-cc1918d37bd4 dc425b6aea8742b2800f445925a5bb6a a21f520a61bb443abb2f01cc5f9e75b1 - - default default] No more DHCP agents
2026-04-02 18:09:59.889 10 WARNING neutron.api.rpc.agentnotifiers.dhcp_rpc_agent_api [None req-8b6c1b7e-f2da-43aa-9b7a-cc1918d37bd4 dc425b6aea8742b2800f445925a5bb6a a21f520a61bb443abb2f01cc5f9e75b1 - - default default] Unable to schedule network a670c2e8-d8e9-4237-ba06-2a5fb9dca01f: no agents available; will retry on subsequent port and subnet creation events.
2026-04-02 18:09:59.931 10 INFO neutron.db.ovn_revision_numbers_db [None req-8b6c1b7e-f2da-43aa-9b7a-cc1918d37bd4 dc425b6aea8742b2800f445925a5bb6a a21f520a61bb443abb2f01cc5f9e75b1 - - default default] Successfully bumped revision number for resource ee507edb-5a76-4f7f-a515-c521a7e9e151 (type: subnets) to 0
2026-04-02 18:09:59.935 10 INFO neutron.db.ovn_revision_numbers_db [None req-3edd3161-bed6-4230-b245-7c608c6f85bd 15ac08b292f84221bdb7fa15f1fca821 64192436849b41b8b4ae850920ef1780 - - default default] Successfully bumped revision number for resource b5eddb11-cae4-49aa-9645-de6e91445279 (type: security_groups) to 1
2026-04-02 18:09:59.947 10 INFO neutron.api.wsgi [None req-8b6c1b7e-f2da-43aa-9b7a-cc1918d37bd4 dc425b6aea8742b2800f445925a5bb6a a21f520a61bb443abb2f01cc5f9e75b1 - - default default] 10.0.0.191 "POST /v2.0/subnets HTTP/1.1" status: 201 len: 854 time: 0.3034534
2026-04-02 18:09:59.951 10 INFO neutron.db.ovn_revision_numbers_db [None req-3edd3161-bed6-4230-b245-7c608c6f85bd 15ac08b292f84221bdb7fa15f1fca821 64192436849b41b8b4ae850920ef1780 - - default default] Successfully bumped revision number for resource 805eabbe-5afa-43da-9c44-067075775199 (type: security_group_rules) to 0
2026-04-02 18:09:59.960 9 WARNING neutron_lib.context [None req-2e7eafa4-fbab-4bf2-b07f-f158cca9bf26 dc425b6aea8742b2800f445925a5bb6a a21f520a61bb443abb2f01cc5f9e75b1 - - default default] Method 'is_advsvc' is deprecated since 2023.2 release (neutron-lib 3.8.0) and will be removed once support for the old RBAC API policies will be removed from Neutron. Please use method 'is_service_role' instead.
2026-04-02 18:09:59.961 10 INFO neutron.db.ovn_revision_numbers_db [None req-3edd3161-bed6-4230-b245-7c608c6f85bd 15ac08b292f84221bdb7fa15f1fca821 64192436849b41b8b4ae850920ef1780 - - default default] Successfully bumped revision number for resource 81f3415e-b618-4476-99be-1fe03d0e451c (type: security_group_rules) to 0
2026-04-02 18:09:59.974 10 INFO neutron.db.ovn_revision_numbers_db [None req-3edd3161-bed6-4230-b245-7c608c6f85bd 15ac08b292f84221bdb7fa15f1fca821 64192436849b41b8b4ae850920ef1780 - - default default] Successfully bumped revision number for resource abefd1ce-3147-4e38-964c-3dd093021f2c (type: security_group_rules) to 0
2026-04-02 18:09:59.988 10 INFO neutron.db.ovn_revision_numbers_db [None req-3edd3161-bed6-4230-b245-7c608c6f85bd 15ac08b292f84221bdb7fa15f1fca821 64192436849b41b8b4ae850920ef1780 - - default default] Successfully bumped revision number for resource db47d468-7211-4d78-a0cb-66fc2429e643 (type: security_group_rules) to 0
2026-04-02 18:10:00.028 10 INFO neutron.api.wsgi [None req-3edd3161-bed6-4230-b245-7c608c6f85bd 15ac08b292f84221bdb7fa15f1fca821 64192436849b41b8b4ae850920ef1780 - - default default] 10.0.0.191 "GET /v2.0/security-groups?tenant_id=31caac41a4eb4c11a96391b00b4c42b2&name=default HTTP/1.1" status: 200 len: 3120 time: 0.4506278
2026-04-02 18:10:00.060 9 INFO neutron.db.ovn_revision_numbers_db [None req-2e7eafa4-fbab-4bf2-b07f-f158cca9bf26 dc425b6aea8742b2800f445925a5bb6a a21f520a61bb443abb2f01cc5f9e75b1 - - default default] Successfully bumped revision number for resource 8195f5e3-4a9f-4791-820c-185a7b04e761 (type: routers) to 1
2026-04-02 18:10:00.084 9 INFO neutron.api.wsgi [req-9faf3416-46ba-4cd9-aff2-2ddace4cce57 req-db7e0e60-02cb-494a-a9d9-2b3486569669 613f559da1814c56a288b8c617095f66 7c9d33315b5a4682b8fd10e638a7ce86 - - fc6e22571bdd4990a4cb50c180567519 fc6e22571bdd4990a4cb50c180567519] 199.19.213.133 "GET /v2.0/ports?tenant_id=42059fa4659f453b9b83fecd9d2847c4&device_id=d3eacc4d-8904-42c4-bb7d-71d0fedd37f2 HTTP/1.1" status: 200 len: 210 time: 0.0179360
2026-04-02 18:10:00.087 9 INFO neutron.api.wsgi [None req-2e7eafa4-fbab-4bf2-b07f-f158cca9bf26 dc425b6aea8742b2800f445925a5bb6a a21f520a61bb443abb2f01cc5f9e75b1 - - default default] 10.0.0.191 "POST /v2.0/routers HTTP/1.1" status: 201 len: 806 time: 0.1336215
2026-04-02 18:10:00.247 10 INFO neutron.api.wsgi [None req-aa035065-59db-45f3-a67d-612b8b92f580 15ac08b292f84221bdb7fa15f1fca821 64192436849b41b8b4ae850920ef1780 - - default default] 10.0.0.191 "DELETE /v2.0/security-groups/b5eddb11-cae4-49aa-9645-de6e91445279 HTTP/1.1" status: 204 len: 168 time: 0.2144930
2026-04-02 18:10:00.480 9 WARNING neutron.scheduler.dhcp_agent_scheduler [None req-1d82dc6a-0176-4a5d-a55f-5c6f601268f5 dc425b6aea8742b2800f445925a5bb6a a21f520a61bb443abb2f01cc5f9e75b1 - - default default] No more DHCP agents
2026-04-02 18:10:00.490 9 WARNING neutron.api.rpc.agentnotifiers.dhcp_rpc_agent_api [None req-1d82dc6a-0176-4a5d-a55f-5c6f601268f5 dc425b6aea8742b2800f445925a5bb6a a21f520a61bb443abb2f01cc5f9e75b1 - - default default] Unable to schedule network 68704c2f-a966-4763-85c2-22b15ac5686e: no agents available; will retry on subsequent port and subnet creation events.
2026-04-02 18:10:00.531 10 INFO neutron.db.ovn_revision_numbers_db [None req-c317149f-a781-4acb-8750-e2a1f090267e 15ac08b292f84221bdb7fa15f1fca821 64192436849b41b8b4ae850920ef1780 - - default default] Successfully bumped revision number for resource b286ddb9-62f4-48f1-9fc1-5a0bc9559fb9 (type: security_groups) to 1
2026-04-02 18:10:00.548 10 INFO neutron.db.ovn_revision_numbers_db [None req-c317149f-a781-4acb-8750-e2a1f090267e 15ac08b292f84221bdb7fa15f1fca821 64192436849b41b8b4ae850920ef1780 - - default default] Successfully bumped revision number for resource 5dc8ba95-a3da-4579-830c-46081e9aa57e (type: security_group_rules) to 0
2026-04-02 18:10:00.600 10 INFO neutron.db.ovn_revision_numbers_db [None req-c317149f-a781-4acb-8750-e2a1f090267e 15ac08b292f84221bdb7fa15f1fca821 64192436849b41b8b4ae850920ef1780 - - default default] Successfully bumped revision number for resource 99797aa7-a516-4ace-9ba5-5bc1796ed2fa (type: security_group_rules) to 0
2026-04-02 18:10:00.611 9 INFO neutron.db.ovn_revision_numbers_db [None req-1d82dc6a-0176-4a5d-a55f-5c6f601268f5 dc425b6aea8742b2800f445925a5bb6a a21f520a61bb443abb2f01cc5f9e75b1 - - default default] Successfully bumped revision number for resource 064f119e-9c0e-4818-8261-31524d682c86 (type: ports) to 1
2026-04-02 18:10:00.618 10 INFO neutron.db.ovn_revision_numbers_db [None req-c317149f-a781-4acb-8750-e2a1f090267e 15ac08b292f84221bdb7fa15f1fca821 64192436849b41b8b4ae850920ef1780 - - default default] Successfully bumped revision number for resource a580fc40-c17c-47e3-9fbc-778559fdf0a7 (type: security_group_rules) to 0
2026-04-02 18:10:00.632 10 INFO neutron.db.ovn_revision_numbers_db [None req-c317149f-a781-4acb-8750-e2a1f090267e 15ac08b292f84221bdb7fa15f1fca821 64192436849b41b8b4ae850920ef1780 - - default default] Successfully bumped revision number for resource d8578818-de4d-4e14-b3f2-5ca0b205f03d (type: security_group_rules) to 0
2026-04-02 18:10:00.658 10 INFO neutron.api.wsgi [None req-e37da446-ffc1-40a9-b039-2d88880a2008 c6192f304d604874a35d25c6f7a605be 42059fa4659f453b9b83fecd9d2847c4 - - default default] 10.0.0.191 "DELETE /v2.0/security-groups/5d36496b-215c-4ee0-8757-0533243d6a3f HTTP/1.1" status: 204 len: 168 time: 0.1827378
2026-04-02 18:10:00.661 9 INFO neutron.api.wsgi [req-9faf3416-46ba-4cd9-aff2-2ddace4cce57 req-55498986-b51e-4a1d-b001-22c2b062d00b 613f559da1814c56a288b8c617095f66 7c9d33315b5a4682b8fd10e638a7ce86 - - fc6e22571bdd4990a4cb50c180567519 fc6e22571bdd4990a4cb50c180567519] 199.19.213.133 "GET /v2.0/networks?tenant_id=42059fa4659f453b9b83fecd9d2847c4&shared=False HTTP/1.1" status: 200 len: 968 time: 0.0705638
2026-04-02 18:10:00.672 10 INFO neutron.api.v2.resource [None req-dc7928d3-7249-487b-a475-69e4c622fb9d c6192f304d604874a35d25c6f7a605be 42059fa4659f453b9b83fecd9d2847c4 - - default default] show failed (client error): The resource could not be found.
2026-04-02 18:10:00.673 10 INFO neutron.api.wsgi [None req-dc7928d3-7249-487b-a475-69e4c622fb9d c6192f304d604874a35d25c6f7a605be 42059fa4659f453b9b83fecd9d2847c4 - - default default] 10.0.0.191 "GET /v2.0/security-groups/5d36496b-215c-4ee0-8757-0533243d6a3f HTTP/1.1" status: 404 len: 347 time: 0.0089295
2026-04-02 18:10:00.687 10 INFO neutron.api.wsgi [None req-c317149f-a781-4acb-8750-e2a1f090267e 15ac08b292f84221bdb7fa15f1fca821 64192436849b41b8b4ae850920ef1780 - - default default] 10.0.0.191 "GET /v2.0/security-groups?tenant_id=e7343e8f79be4f4ca909bdf1fab65c35&name=default HTTP/1.1" status: 200 len: 3120 time: 0.2914371
2026-04-02 18:10:00.753 9 INFO neutron.api.wsgi [req-9faf3416-46ba-4cd9-aff2-2ddace4cce57 req-9a7196dc-ff0b-4b1f-84cf-4b40eb5e5bb2 613f559da1814c56a288b8c617095f66 7c9d33315b5a4682b8fd10e638a7ce86 - - fc6e22571bdd4990a4cb50c180567519 fc6e22571bdd4990a4cb50c180567519] 199.19.213.133 "GET /v2.0/networks?shared=True HTTP/1.1" status: 200 len: 952 time: 0.0846767
2026-04-02 18:10:00.977 9 INFO neutron.api.wsgi [None req-c080509b-d4e0-454e-9534-441a59038a10 15ac08b292f84221bdb7fa15f1fca821 64192436849b41b8b4ae850920ef1780 - - default default] 10.0.0.191 "DELETE /v2.0/security-groups/b286ddb9-62f4-48f1-9fc1-5a0bc9559fb9 HTTP/1.1" status: 204 len: 168 time: 0.2835388
2026-04-02 18:10:01.020 10 INFO neutron.api.wsgi [None req-68583eec-2920-45a1-afd0-6f200080addf c6192f304d604874a35d25c6f7a605be 42059fa4659f453b9b83fecd9d2847c4 - - default default] 10.0.0.191 "DELETE /v2.0/floatingips/1a3c315c-cf0d-4683-8b4e-6cf68697d5c9 HTTP/1.1" status: 204 len: 168 time: 0.3427622
2026-04-02 18:10:01.118 10 INFO neutron.plugins.ml2.drivers.ovn.mech_driver.mech_driver [None req-52f27be6-4f7a-446c-8125-349eca7aa788 - - - - - -] OVN reports status up for port: 064f119e-9c0e-4818-8261-31524d682c86
2026-04-02 18:10:01.125 10 INFO neutron.plugins.ml2.plugin [None req-52f27be6-4f7a-446c-8125-349eca7aa788 - - - - - -] Attempt 1 to provision port 064f119e-9c0e-4818-8261-31524d682c86
2026-04-02 18:10:01.148 9 INFO neutron.db.ovn_revision_numbers_db [None req-1d82dc6a-0176-4a5d-a55f-5c6f601268f5 dc425b6aea8742b2800f445925a5bb6a a21f520a61bb443abb2f01cc5f9e75b1 - - default default] Successfully bumped revision number for resource 064f119e-9c0e-4818-8261-31524d682c86 (type: ports) to 1
2026-04-02 18:10:01.215 9 WARNING neutron.scheduler.dhcp_agent_scheduler [None req-1d82dc6a-0176-4a5d-a55f-5c6f601268f5 dc425b6aea8742b2800f445925a5bb6a a21f520a61bb443abb2f01cc5f9e75b1 - - default default] No more DHCP agents
2026-04-02 18:10:01.216 9 WARNING neutron.api.rpc.agentnotifiers.dhcp_rpc_agent_api [None req-1d82dc6a-0176-4a5d-a55f-5c6f601268f5 dc425b6aea8742b2800f445925a5bb6a a21f520a61bb443abb2f01cc5f9e75b1 - - default default] Unable to schedule network 68704c2f-a966-4763-85c2-22b15ac5686e: no agents available; will retry on subsequent port and subnet creation events.
2026-04-02 18:10:01.390 9 INFO neutron.db.ovn_revision_numbers_db [None req-1d82dc6a-0176-4a5d-a55f-5c6f601268f5 dc425b6aea8742b2800f445925a5bb6a a21f520a61bb443abb2f01cc5f9e75b1 - - default default] Successfully bumped revision number for resource 064f119e-9c0e-4818-8261-31524d682c86 (type: router_ports) to 1
2026-04-02 18:10:01.394 9 INFO neutron.api.wsgi [None req-1d82dc6a-0176-4a5d-a55f-5c6f601268f5 dc425b6aea8742b2800f445925a5bb6a a21f520a61bb443abb2f01cc5f9e75b1 - - default default] 10.0.0.191 "PUT /v2.0/routers/8195f5e3-4a9f-4791-820c-185a7b04e761/add_router_interface HTTP/1.1" status: 200 len: 503 time: 1.2969368
2026-04-02 18:10:01.466 9 INFO neutron.api.wsgi [None req-80344ff7-f488-4b3c-a6e1-5f39414c3868 dc425b6aea8742b2800f445925a5bb6a a21f520a61bb443abb2f01cc5f9e75b1 - - default default] 10.0.0.191 "GET /v2.0/ports/064f119e-9c0e-4818-8261-31524d682c86 HTTP/1.1" status: 200 len: 1141 time: 0.0625272
2026-04-02 18:10:01.597 10 INFO neutron.db.ovn_revision_numbers_db [None req-52f27be6-4f7a-446c-8125-349eca7aa788 - - - - - -] Successfully bumped revision number for resource 064f119e-9c0e-4818-8261-31524d682c86 (type: ports) to 2
2026-04-02 18:10:01.917 9 WARNING neutron.scheduler.dhcp_agent_scheduler [None req-3dccbee8-9478-43e9-bb8a-1a4e74ae793b dc425b6aea8742b2800f445925a5bb6a a21f520a61bb443abb2f01cc5f9e75b1 - - default default] No more DHCP agents
2026-04-02 18:10:01.918 9 WARNING neutron.api.rpc.agentnotifiers.dhcp_rpc_agent_api [None req-3dccbee8-9478-43e9-bb8a-1a4e74ae793b dc425b6aea8742b2800f445925a5bb6a a21f520a61bb443abb2f01cc5f9e75b1 - - default default] Unable to schedule network a670c2e8-d8e9-4237-ba06-2a5fb9dca01f: no agents available; will retry on subsequent port and subnet creation events.
2026-04-02 18:10:02.005 9 INFO neutron.db.ovn_revision_numbers_db [None req-3dccbee8-9478-43e9-bb8a-1a4e74ae793b dc425b6aea8742b2800f445925a5bb6a a21f520a61bb443abb2f01cc5f9e75b1 - - default default] Successfully bumped revision number for resource c610109f-2913-4c97-8206-0049a41e57a6 (type: ports) to 1
2026-04-02 18:10:02.137 10 INFO neutron.api.wsgi [None req-d1858973-fb95-4e2f-bf9c-e24d24c06dc8 15ac08b292f84221bdb7fa15f1fca821 64192436849b41b8b4ae850920ef1780 - - default default] 10.0.0.191 "PUT /v2.0/routers/33820257-b2f3-43c8-9b43-404579a76cb7/remove_router_interface HTTP/1.1" status: 200 len: 503 time: 1.1091084 /var/lib/openstack/lib/python3.12/site-packages/pycadf/identifier.py:71: UserWarning: Invalid uuid: neutron. To ensure interoperability, identifiers should be a valid uuid. warnings.warn(('Invalid uuid: %s. To ensure interoperability, '
2026-04-02 18:10:02.212 10 INFO neutron.api.wsgi [-] 10.0.0.48 "GET / HTTP/1.1" status: 200 len: 247 time: 0.0017569
2026-04-02 18:10:02.213 10 INFO neutron.api.wsgi [-] 10.0.0.48 "GET / HTTP/1.1" status: 200 len: 247 time: 0.0009189
2026-04-02 18:10:02.542 9 INFO neutron.db.ovn_revision_numbers_db [None req-3dccbee8-9478-43e9-bb8a-1a4e74ae793b dc425b6aea8742b2800f445925a5bb6a a21f520a61bb443abb2f01cc5f9e75b1 - - default default] Successfully bumped revision number for resource c610109f-2913-4c97-8206-0049a41e57a6 (type: ports) to 1
2026-04-02 18:10:02.550 15 INFO neutron.plugins.ml2.drivers.ovn.mech_driver.ovsdb.maintenance [None req-6bede0b1-09cd-454c-86b1-09bbd8120830 - - - - - -] Maintenance task: Synchronization completed (took 0.47 seconds)
2026-04-02 18:10:02.605 9 WARNING neutron.scheduler.dhcp_agent_scheduler [None req-3dccbee8-9478-43e9-bb8a-1a4e74ae793b dc425b6aea8742b2800f445925a5bb6a a21f520a61bb443abb2f01cc5f9e75b1 - - default default] No more DHCP agents
2026-04-02 18:10:02.607 9 WARNING neutron.api.rpc.agentnotifiers.dhcp_rpc_agent_api [None req-3dccbee8-9478-43e9-bb8a-1a4e74ae793b dc425b6aea8742b2800f445925a5bb6a a21f520a61bb443abb2f01cc5f9e75b1 - - default default] Unable to schedule network a670c2e8-d8e9-4237-ba06-2a5fb9dca01f: no agents available; will retry on subsequent port and subnet creation events.
