2026-04-02 18:11:53.079 9 INFO neutron.services.segments.plugin [-] Segment af19a387-b11f-4959-9d52-e6ecfba73065 resource provider not found; error: Placement Client Error (4xx): {"errors": [{"status": 404, "title": "Not Found", "detail": "The resource could not be found.\n\n No resource provider with uuid af19a387-b11f-4959-9d52-e6ecfba73065 found for delete ", "request_id": "req-d531417d-c8e6-4e70-aa4a-4c6147cbde4c"}]}
2026-04-02 18:11:53.083 9 INFO neutron.services.segments.plugin [-] Segment af19a387-b11f-4959-9d52-e6ecfba73065 resource provider not found; error: Placement Client Error (4xx): {"errors": [{"status": 404, "title": "Not Found", "detail": "The resource could not be found.\n\n No resource provider with uuid af19a387-b11f-4959-9d52-e6ecfba73065 found for delete ", "request_id": "req-32901c90-2f5f-45e3-922c-13d30a5f791d"}]}
2026-04-02 18:11:53.616 9 INFO neutron.api.wsgi [req-7d2679ab-4857-48e8-8627-05e02d8802a7 req-83e254aa-9041-4cdf-9742-f617729741db 613f559da1814c56a288b8c617095f66 7c9d33315b5a4682b8fd10e638a7ce86 - - fc6e22571bdd4990a4cb50c180567519 fc6e22571bdd4990a4cb50c180567519] 199.19.213.133 "GET /v2.0/ports?tenant_id=4e12d25640b942c9a9e74725c7076069&device_id=1ffd65de-4406-4084-909d-a927a4a85e84 HTTP/1.1" status: 200 len: 1409 time: 0.0372727
2026-04-02 18:11:53.657 9 INFO neutron.api.wsgi [req-7d2679ab-4857-48e8-8627-05e02d8802a7 req-07f55a31-3e32-4aa8-afc6-665375f2ed09 613f559da1814c56a288b8c617095f66 7c9d33315b5a4682b8fd10e638a7ce86 - - fc6e22571bdd4990a4cb50c180567519 fc6e22571bdd4990a4cb50c180567519] 199.19.213.133 "GET /v2.0/networks?id=044ded33-645a-4336-97af-fabd28b79bfc HTTP/1.1" status: 200 len: 958 time: 0.0377877
2026-04-02 18:11:53.681 9 INFO neutron.api.wsgi [req-7d2679ab-4857-48e8-8627-05e02d8802a7 req-27d7dfb9-420e-49e0-af72-7f11af8b282a 613f559da1814c56a288b8c617095f66 7c9d33315b5a4682b8fd10e638a7ce86 - - fc6e22571bdd4990a4cb50c180567519 fc6e22571bdd4990a4cb50c180567519] 199.19.213.133 "GET /v2.0/floatingips?fixed_ip_address=10.100.0.7&port_id=becb77ee-2c18-4c6f-88a0-e12e61e3d1a1 HTTP/1.1" status: 200 len: 217 time: 0.0165327
2026-04-02 18:11:53.715 9 INFO neutron.api.wsgi [req-7d2679ab-4857-48e8-8627-05e02d8802a7 req-cbc2b2db-3f92-43a0-bdee-2ddd4fff00c7 613f559da1814c56a288b8c617095f66 7c9d33315b5a4682b8fd10e638a7ce86 - - fc6e22571bdd4990a4cb50c180567519 fc6e22571bdd4990a4cb50c180567519] 199.19.213.133 "GET /v2.0/subnets?id=086d661b-183f-4004-a954-826024c16b62 HTTP/1.1" status: 200 len: 877 time: 0.0300374
2026-04-02 18:11:53.742 9 INFO neutron.api.wsgi [req-7d2679ab-4857-48e8-8627-05e02d8802a7 req-0bdd1fab-03e7-45a8-995c-fa64e22c033b 613f559da1814c56a288b8c617095f66 7c9d33315b5a4682b8fd10e638a7ce86 - - fc6e22571bdd4990a4cb50c180567519 fc6e22571bdd4990a4cb50c180567519] 199.19.213.133 "GET /v2.0/ports?network_id=044ded33-645a-4336-97af-fabd28b79bfc&device_owner=network%3Adhcp HTTP/1.1" status: 200 len: 210 time: 0.0208955
2026-04-02 18:11:53.802 9 INFO neutron.api.wsgi [req-7d2679ab-4857-48e8-8627-05e02d8802a7 req-8d19deed-69f5-47d5-a79c-8fef59101de5 613f559da1814c56a288b8c617095f66 7c9d33315b5a4682b8fd10e638a7ce86 - - fc6e22571bdd4990a4cb50c180567519 fc6e22571bdd4990a4cb50c180567519] 199.19.213.133 "GET /v2.0/networks/044ded33-645a-4336-97af-fabd28b79bfc?fields=segments HTTP/1.1" status: 200 len: 212 time: 0.0507073
2026-04-02 18:11:53.859 9 INFO neutron.api.wsgi [req-7d2679ab-4857-48e8-8627-05e02d8802a7 req-93b79bf4-ad44-46dd-82e3-2e1326b91a66 613f559da1814c56a288b8c617095f66 7c9d33315b5a4682b8fd10e638a7ce86 - - fc6e22571bdd4990a4cb50c180567519 fc6e22571bdd4990a4cb50c180567519] 199.19.213.133 "GET /v2.0/networks/044ded33-645a-4336-97af-fabd28b79bfc?fields=provider%3Aphysical_network&fields=provider%3Anetwork_type HTTP/1.1" status: 200 len: 277 time: 0.0499902
2026-04-02 18:11:54.007 9 INFO neutron.api.wsgi [req-6ccd3dbe-54c7-482e-927b-e7fc7a114361 req-6a3f4448-4a27-42e1-9aaa-f915a7c56824 613f559da1814c56a288b8c617095f66 7c9d33315b5a4682b8fd10e638a7ce86 - - fc6e22571bdd4990a4cb50c180567519 fc6e22571bdd4990a4cb50c180567519] 199.19.213.133 "GET /v2.0/ports?tenant_id=cfc04783a1744ece84690a375357168d&device_id=d5c4d722-e75f-43e5-b135-8cbe666c28e3 HTTP/1.1" status: 200 len: 1636 time: 0.0365498
2026-04-02 18:11:54.032 9 INFO neutron.api.wsgi [req-6ccd3dbe-54c7-482e-927b-e7fc7a114361 req-7a55066a-8434-4665-9ee3-f259350dcca4 613f559da1814c56a288b8c617095f66 7c9d33315b5a4682b8fd10e638a7ce86 - - fc6e22571bdd4990a4cb50c180567519 fc6e22571bdd4990a4cb50c180567519] 199.19.213.133 "GET /v2.0/floatingips?fixed_ip_address=10.2.2.135&port_id=97adb63f-bcd9-4209-8016-d91df6efdfa7 HTTP/1.1" status: 200 len: 217 time: 0.0160244
2026-04-02 18:11:54.054 9 INFO neutron.api.wsgi [req-6ccd3dbe-54c7-482e-927b-e7fc7a114361 req-1afc5604-32d6-423d-9a6f-60aaef6ab4d4 613f559da1814c56a288b8c617095f66 7c9d33315b5a4682b8fd10e638a7ce86 - - fc6e22571bdd4990a4cb50c180567519 fc6e22571bdd4990a4cb50c180567519] 199.19.213.133 "GET /v2.0/floatingips?fixed_ip_address=fd77%3A1457%3A4cf0%3A26a8%3A%3A61&port_id=97adb63f-bcd9-4209-8016-d91df6efdfa7 HTTP/1.1" status: 200 len: 217 time: 0.0154560
2026-04-02 18:11:54.093 9 INFO neutron.api.wsgi [req-6ccd3dbe-54c7-482e-927b-e7fc7a114361 req-dbfb9a1d-c2d0-496e-a173-5fa8c2c8960a 613f559da1814c56a288b8c617095f66 7c9d33315b5a4682b8fd10e638a7ce86 - - fc6e22571bdd4990a4cb50c180567519 fc6e22571bdd4990a4cb50c180567519] 199.19.213.133 "GET /v2.0/subnets?id=35d2f3ac-12fc-47c3-b461-d24fc66bf59a&id=8bbb0d5a-d5cb-476b-9bc3-879f65bb1255 HTTP/1.1" status: 200 len: 1614 time: 0.0333614
2026-04-02 18:11:54.115 9 INFO neutron.api.wsgi [req-6ccd3dbe-54c7-482e-927b-e7fc7a114361 req-7d3d7236-f609-4c3a-93b8-8a2137d41d13 613f559da1814c56a288b8c617095f66 7c9d33315b5a4682b8fd10e638a7ce86 - - fc6e22571bdd4990a4cb50c180567519 fc6e22571bdd4990a4cb50c180567519] 199.19.213.133 "GET /v2.0/ports?network_id=f970b661-44e7-4939-8b64-8415fd3aec27&device_owner=network%3Adhcp HTTP/1.1" status: 200 len: 210 time: 0.0159819
2026-04-02 18:11:54.134 9 INFO neutron.api.wsgi [req-6ccd3dbe-54c7-482e-927b-e7fc7a114361 req-15608e57-e484-41b0-8fdc-ff05c1063e82 613f559da1814c56a288b8c617095f66 7c9d33315b5a4682b8fd10e638a7ce86 - - fc6e22571bdd4990a4cb50c180567519 fc6e22571bdd4990a4cb50c180567519] 199.19.213.133 "GET /v2.0/ports?network_id=f970b661-44e7-4939-8b64-8415fd3aec27&device_owner=network%3Adhcp HTTP/1.1" status: 200 len: 210 time: 0.0153580 /var/lib/openstack/lib/python3.12/site-packages/pycadf/identifier.py:71: UserWarning: Invalid uuid: neutron. To ensure interoperability, identifiers should be a valid uuid. warnings.warn(('Invalid uuid: %s. To ensure interoperability, '
2026-04-02 18:11:54.147 10 WARNING neutron_lib.context [None req-c7a2bf08-e43e-4a9d-bd87-21afa15cb8a0 a056779da5a14e2abaac4bf165ad74df 4e12d25640b942c9a9e74725c7076069 - - default default] Method 'is_advsvc' is deprecated since 2023.2 release (neutron-lib 3.8.0) and will be removed once support for the old RBAC API policies will be removed from Neutron. Please use method 'is_service_role' instead.
2026-04-02 18:11:54.176 9 INFO neutron.api.wsgi [req-6ccd3dbe-54c7-482e-927b-e7fc7a114361 req-da50f8cf-fa07-47fb-a80e-bee474afef77 613f559da1814c56a288b8c617095f66 7c9d33315b5a4682b8fd10e638a7ce86 - - fc6e22571bdd4990a4cb50c180567519 fc6e22571bdd4990a4cb50c180567519] 199.19.213.133 "GET /v2.0/networks/f970b661-44e7-4939-8b64-8415fd3aec27?fields=segments HTTP/1.1" status: 200 len: 212 time: 0.0384152
2026-04-02 18:11:54.227 9 INFO neutron.api.wsgi [req-6ccd3dbe-54c7-482e-927b-e7fc7a114361 req-5f8345e8-2631-4457-95c4-19c841500318 613f559da1814c56a288b8c617095f66 7c9d33315b5a4682b8fd10e638a7ce86 - - fc6e22571bdd4990a4cb50c180567519 fc6e22571bdd4990a4cb50c180567519] 199.19.213.133 "GET /v2.0/networks/f970b661-44e7-4939-8b64-8415fd3aec27?fields=provider%3Aphysical_network&fields=provider%3Anetwork_type HTTP/1.1" status: 200 len: 277 time: 0.0457580
2026-04-02 18:11:54.284 10 INFO neutron.db.ovn_revision_numbers_db [None req-c7a2bf08-e43e-4a9d-bd87-21afa15cb8a0 a056779da5a14e2abaac4bf165ad74df 4e12d25640b942c9a9e74725c7076069 - - default default] Successfully bumped revision number for resource 40e786d5-6aae-414e-b5f5-0efd9e733b57 (type: security_groups) to 1
2026-04-02 18:11:54.300 10 INFO neutron.db.ovn_revision_numbers_db [None req-c7a2bf08-e43e-4a9d-bd87-21afa15cb8a0 a056779da5a14e2abaac4bf165ad74df 4e12d25640b942c9a9e74725c7076069 - - default default] Successfully bumped revision number for resource 1700a6b7-62e0-4efd-a81a-c2a596be496e (type: security_group_rules) to 0
2026-04-02 18:11:54.313 10 INFO neutron.db.ovn_revision_numbers_db [None req-c7a2bf08-e43e-4a9d-bd87-21afa15cb8a0 a056779da5a14e2abaac4bf165ad74df 4e12d25640b942c9a9e74725c7076069 - - default default] Successfully bumped revision number for resource 1cea387a-aa81-4508-9231-bf158d715055 (type: security_group_rules) to 0
2026-04-02 18:11:54.349 10 INFO neutron.api.wsgi [None req-c7a2bf08-e43e-4a9d-bd87-21afa15cb8a0 a056779da5a14e2abaac4bf165ad74df 4e12d25640b942c9a9e74725c7076069 - - default default] 10.0.0.191 "POST /v2.0/security-groups HTTP/1.1" status: 201 len: 1875 time: 0.2080598
2026-04-02 18:11:54.360 10 WARNING neutron_lib.context [None req-04c9d0cc-2185-4515-8183-ee0e9751a627 a056779da5a14e2abaac4bf165ad74df 4e12d25640b942c9a9e74725c7076069 - - default default] Method 'is_advsvc' is deprecated since 2023.2 release (neutron-lib 3.8.0) and will be removed once support for the old RBAC API policies will be removed from Neutron. Please use method 'is_service_role' instead.
2026-04-02 18:11:54.505 10 INFO neutron.db.ovn_revision_numbers_db [None req-04c9d0cc-2185-4515-8183-ee0e9751a627 a056779da5a14e2abaac4bf165ad74df 4e12d25640b942c9a9e74725c7076069 - - default default] Successfully bumped revision number for resource 66490670-c4c7-4579-8623-b530ccfbfd79 (type: security_group_rules) to 0
2026-04-02 18:11:54.535 10 INFO neutron.api.wsgi [None req-04c9d0cc-2185-4515-8183-ee0e9751a627 a056779da5a14e2abaac4bf165ad74df 4e12d25640b942c9a9e74725c7076069 - - default default] 10.0.0.191 "POST /v2.0/security-group-rules HTTP/1.1" status: 201 len: 796 time: 0.1800780
2026-04-02 18:11:54.544 9 WARNING neutron_lib.context [None req-46218b5f-99fd-4b3b-ada0-a965f72baeb7 a056779da5a14e2abaac4bf165ad74df 4e12d25640b942c9a9e74725c7076069 - - default default] Method 'is_advsvc' is deprecated since 2023.2 release (neutron-lib 3.8.0) and will be removed once support for the old RBAC API policies will be removed from Neutron. Please use method 'is_service_role' instead.
2026-04-02 18:11:54.674 9 INFO neutron.db.ovn_revision_numbers_db [None req-46218b5f-99fd-4b3b-ada0-a965f72baeb7 a056779da5a14e2abaac4bf165ad74df 4e12d25640b942c9a9e74725c7076069 - - default default] Successfully bumped revision number for resource 328fefb0-358e-4639-93f3-0084ffea0f15 (type: security_group_rules) to 0
2026-04-02 18:11:54.708 9 INFO neutron.api.wsgi [None req-46218b5f-99fd-4b3b-ada0-a965f72baeb7 a056779da5a14e2abaac4bf165ad74df 4e12d25640b942c9a9e74725c7076069 - - default default] 10.0.0.191 "POST /v2.0/security-group-rules HTTP/1.1" status: 201 len: 795 time: 0.1683099
2026-04-02 18:11:54.723 9 WARNING neutron_lib.context [None req-4e871fc0-16fb-4683-8c62-036af019b421 a056779da5a14e2abaac4bf165ad74df 4e12d25640b942c9a9e74725c7076069 - - default default] Method 'is_advsvc' is deprecated since 2023.2 release (neutron-lib 3.8.0) and will be removed once support for the old RBAC API policies will be removed from Neutron. Please use method 'is_service_role' instead.
2026-04-02 18:11:54.842 9 INFO neutron.db.ovn_revision_numbers_db [None req-4e871fc0-16fb-4683-8c62-036af019b421 a056779da5a14e2abaac4bf165ad74df 4e12d25640b942c9a9e74725c7076069 - - default default] Successfully bumped revision number for resource 0dc62b53-c4cc-4430-8868-7971194b2948 (type: security_group_rules) to 0
2026-04-02 18:11:54.853 10 WARNING neutron_lib.context [None req-6f70be21-9a92-4db3-98de-c5de7fe73ade 29224ba6280f4c1aa8edb8a16f408c8f 4fd82c14bc1e4e0da11ede63aef80f39 - - default default] Method 'is_advsvc' is deprecated since 2023.2 release (neutron-lib 3.8.0) and will be removed once support for the old RBAC API policies will be removed from Neutron. Please use method 'is_service_role' instead.
2026-04-02 18:11:54.875 9 INFO neutron.api.wsgi [None req-4e871fc0-16fb-4683-8c62-036af019b421 a056779da5a14e2abaac4bf165ad74df 4e12d25640b942c9a9e74725c7076069 - - default default] 10.0.0.191 "POST /v2.0/security-group-rules HTTP/1.1" status: 201 len: 801 time: 0.1577392
2026-04-02 18:11:54.884 9 WARNING neutron_lib.context [None req-595f94b2-2b7f-496a-a420-11560e3a5893 a056779da5a14e2abaac4bf165ad74df 4e12d25640b942c9a9e74725c7076069 - - default default] Method 'is_advsvc' is deprecated since 2023.2 release (neutron-lib 3.8.0) and will be removed once support for the old RBAC API policies will be removed from Neutron. Please use method 'is_service_role' instead.
2026-04-02 18:11:54.909 10 INFO neutron.api.wsgi [None req-6f70be21-9a92-4db3-98de-c5de7fe73ade 29224ba6280f4c1aa8edb8a16f408c8f 4fd82c14bc1e4e0da11ede63aef80f39 - - default default] 10.0.0.191 "POST /v2.0/subnetpools HTTP/1.1" status: 201 len: 747 time: 0.1678860
2026-04-02 18:11:54.936 9 INFO neutron.api.wsgi [None req-451b6c57-0dde-45d1-856d-f02afb599c13 29224ba6280f4c1aa8edb8a16f408c8f 4fd82c14bc1e4e0da11ede63aef80f39 - - default default] 10.0.0.191 "GET /v2.0/subnetpools/0a246409-5420-4424-bda9-872d3eb259fc HTTP/1.1" status: 200 len: 742 time: 0.0214729
2026-04-02 18:11:55.006 9 INFO neutron.api.wsgi [None req-6167922e-fb5c-49bc-8f8b-17061d8e30c8 29224ba6280f4c1aa8edb8a16f408c8f 4fd82c14bc1e4e0da11ede63aef80f39 - - default default] 10.0.0.191 "PUT /v2.0/subnetpools/0a246409-5420-4424-bda9-872d3eb259fc HTTP/1.1" status: 200 len: 694 time: 0.0654840
2026-04-02 18:11:55.036 9 INFO neutron.db.ovn_revision_numbers_db [None req-595f94b2-2b7f-496a-a420-11560e3a5893 a056779da5a14e2abaac4bf165ad74df 4e12d25640b942c9a9e74725c7076069 - - default default] Successfully bumped revision number for resource f3b3e090-7616-49aa-a0c7-6b18d4287374 (type: security_group_rules) to 0
2026-04-02 18:11:55.061 10 WARNING neutron_lib.context [None req-b49e2765-c38a-43f0-b22e-e0aa238039ff 2032f72c11044da782c41bc0b453c480 087eac4f933b40b199ffd773ad98713c - - default default] Method 'is_advsvc' is deprecated since 2023.2 release (neutron-lib 3.8.0) and will be removed once support for the old RBAC API policies will be removed from Neutron. Please use method 'is_service_role' instead.
2026-04-02 18:11:55.068 9 INFO neutron.api.wsgi [None req-595f94b2-2b7f-496a-a420-11560e3a5893 a056779da5a14e2abaac4bf165ad74df 4e12d25640b942c9a9e74725c7076069 - - default default] 10.0.0.191 "POST /v2.0/security-group-rules HTTP/1.1" status: 201 len: 800 time: 0.1879601
2026-04-02 18:11:55.077 9 WARNING neutron_lib.context [None req-d81aacfa-33e0-4a4b-88ee-edcbc4a93b30 a056779da5a14e2abaac4bf165ad74df 4e12d25640b942c9a9e74725c7076069 - - default default] Method 'is_advsvc' is deprecated since 2023.2 release (neutron-lib 3.8.0) and will be removed once support for the old RBAC API policies will be removed from Neutron. Please use method 'is_service_role' instead.
2026-04-02 18:11:55.083 10 INFO neutron.api.wsgi [None req-562af469-de29-47b5-93ed-8ac9f66ed3b1 29224ba6280f4c1aa8edb8a16f408c8f 4fd82c14bc1e4e0da11ede63aef80f39 - - default default] 10.0.0.191 "DELETE /v2.0/subnetpools/0a246409-5420-4424-bda9-872d3eb259fc HTTP/1.1" status: 204 len: 168 time: 0.0711043
2026-04-02 18:11:55.098 9 INFO neutron.api.v2.resource [None req-0d9003bb-55ad-493b-892c-65a6386f51d8 29224ba6280f4c1aa8edb8a16f408c8f 4fd82c14bc1e4e0da11ede63aef80f39 - - default default] show failed (client error): The resource could not be found.
2026-04-02 18:11:55.098 9 INFO neutron.api.wsgi [None req-0d9003bb-55ad-493b-892c-65a6386f51d8 29224ba6280f4c1aa8edb8a16f408c8f 4fd82c14bc1e4e0da11ede63aef80f39 - - default default] 10.0.0.191 "GET /v2.0/subnetpools/0a246409-5420-4424-bda9-872d3eb259fc HTTP/1.1" status: 404 len: 346 time: 0.0099545
2026-04-02 18:11:55.113 9 INFO neutron.api.v2.resource [None req-eb52de8b-b79e-4bb5-b106-a99e97061bdc 29224ba6280f4c1aa8edb8a16f408c8f 4fd82c14bc1e4e0da11ede63aef80f39 - - default default] delete failed (client error): The resource could not be found.
2026-04-02 18:11:55.114 9 INFO neutron.api.wsgi [None req-eb52de8b-b79e-4bb5-b106-a99e97061bdc 29224ba6280f4c1aa8edb8a16f408c8f 4fd82c14bc1e4e0da11ede63aef80f39 - - default default] 10.0.0.191 "DELETE /v2.0/subnetpools/0a246409-5420-4424-bda9-872d3eb259fc HTTP/1.1" status: 404 len: 346 time: 0.0101836
2026-04-02 18:11:55.115 9 INFO neutron.db.securitygroups_db [None req-d81aacfa-33e0-4a4b-88ee-edcbc4a93b30 a056779da5a14e2abaac4bf165ad74df 4e12d25640b942c9a9e74725c7076069 - - default default] Project 4e12d25640b942c9a9e74725c7076069 added a security group rule with legacy IPv6 ICMP protocol name icmp, ipv6-icmp should be used instead. It was automatically converted.
2026-04-02 18:11:55.226 10 INFO neutron.db.ovn_revision_numbers_db [None req-b49e2765-c38a-43f0-b22e-e0aa238039ff 2032f72c11044da782c41bc0b453c480 087eac4f933b40b199ffd773ad98713c - - default default] Successfully bumped revision number for resource 98f9226d-6c43-4c00-a5f5-dc3bb524a6ca (type: security_groups) to 1
2026-04-02 18:11:55.234 9 INFO neutron.db.ovn_revision_numbers_db [None req-d81aacfa-33e0-4a4b-88ee-edcbc4a93b30 a056779da5a14e2abaac4bf165ad74df 4e12d25640b942c9a9e74725c7076069 - - default default] Successfully bumped revision number for resource b0ec72ff-1b18-4fe9-94a9-19a760509e73 (type: security_group_rules) to 0
2026-04-02 18:11:55.239 10 INFO neutron.db.ovn_revision_numbers_db [None req-b49e2765-c38a-43f0-b22e-e0aa238039ff 2032f72c11044da782c41bc0b453c480 087eac4f933b40b199ffd773ad98713c - - default default] Successfully bumped revision number for resource 1130c9d6-d037-46c3-b2fa-d91b430d62db (type: security_group_rules) to 0
2026-04-02 18:11:55.251 10 INFO neutron.db.ovn_revision_numbers_db [None req-b49e2765-c38a-43f0-b22e-e0aa238039ff 2032f72c11044da782c41bc0b453c480 087eac4f933b40b199ffd773ad98713c - - default default] Successfully bumped revision number for resource 6aa49944-dbb2-406f-ac05-ad010d713f3f (type: security_group_rules) to 0
2026-04-02 18:11:55.263 10 INFO neutron.db.ovn_revision_numbers_db [None req-b49e2765-c38a-43f0-b22e-e0aa238039ff 2032f72c11044da782c41bc0b453c480 087eac4f933b40b199ffd773ad98713c - - default default] Successfully bumped revision number for resource 8bf90e2d-c004-4708-8740-1d4c0e71f18a (type: security_group_rules) to 0
2026-04-02 18:11:55.264 9 INFO neutron.api.wsgi [None req-d81aacfa-33e0-4a4b-88ee-edcbc4a93b30 a056779da5a14e2abaac4bf165ad74df 4e12d25640b942c9a9e74725c7076069 - - default default] 10.0.0.191 "POST /v2.0/security-group-rules HTTP/1.1" status: 201 len: 806 time: 0.1915541
2026-04-02 18:11:55.273 10 INFO neutron.db.ovn_revision_numbers_db [None req-b49e2765-c38a-43f0-b22e-e0aa238039ff 2032f72c11044da782c41bc0b453c480 087eac4f933b40b199ffd773ad98713c - - default default] Successfully bumped revision number for resource e2035010-46e5-4025-b634-7822af1c7f8a (type: security_group_rules) to 0
2026-04-02 18:11:55.274 9 WARNING neutron_lib.context [None req-d03aae54-7aa1-442a-a238-0a88c24b3ca8 a056779da5a14e2abaac4bf165ad74df 4e12d25640b942c9a9e74725c7076069 - - default default] Method 'is_advsvc' is deprecated since 2023.2 release (neutron-lib 3.8.0) and will be removed once support for the old RBAC API policies will be removed from Neutron. Please use method 'is_service_role' instead.
2026-04-02 18:11:55.306 9 INFO neutron.db.securitygroups_db [None req-d03aae54-7aa1-442a-a238-0a88c24b3ca8 a056779da5a14e2abaac4bf165ad74df 4e12d25640b942c9a9e74725c7076069 - - default default] Project 4e12d25640b942c9a9e74725c7076069 added a security group rule with legacy IPv6 ICMP protocol name icmp, ipv6-icmp should be used instead. It was automatically converted.
2026-04-02 18:11:55.357 10 INFO neutron.db.segments_db [None req-b49e2765-c38a-43f0-b22e-e0aa238039ff 2032f72c11044da782c41bc0b453c480 087eac4f933b40b199ffd773ad98713c - - default default] Added segment 48d447e2-211b-4edb-a843-4b7cc4cc4024 of type geneve for network 2e1b8552-7dce-4cf0-9a04-b49710416889
2026-04-02 18:11:55.399 9 INFO neutron.db.ovn_revision_numbers_db [None req-d03aae54-7aa1-442a-a238-0a88c24b3ca8 a056779da5a14e2abaac4bf165ad74df 4e12d25640b942c9a9e74725c7076069 - - default default] Successfully bumped revision number for resource 9c5648cf-5ac2-4d79-95f6-7f080d479ab0 (type: security_group_rules) to 0
2026-04-02 18:11:55.428 9 INFO neutron.api.wsgi [None req-d03aae54-7aa1-442a-a238-0a88c24b3ca8 a056779da5a14e2abaac4bf165ad74df 4e12d25640b942c9a9e74725c7076069 - - default default] 10.0.0.191 "POST /v2.0/security-group-rules HTTP/1.1" status: 201 len: 805 time: 0.1590471
2026-04-02 18:11:55.481 10 INFO neutron.db.ovn_revision_numbers_db [None req-b49e2765-c38a-43f0-b22e-e0aa238039ff 2032f72c11044da782c41bc0b453c480 087eac4f933b40b199ffd773ad98713c - - default default] Successfully bumped revision number for resource 2e1b8552-7dce-4cf0-9a04-b49710416889 (type: networks) to 1
2026-04-02 18:11:55.656 10 WARNING neutron.scheduler.dhcp_agent_scheduler [None req-b49e2765-c38a-43f0-b22e-e0aa238039ff 2032f72c11044da782c41bc0b453c480 087eac4f933b40b199ffd773ad98713c - - default default] No more DHCP agents
2026-04-02 18:11:55.657 10 WARNING neutron.api.rpc.agentnotifiers.dhcp_rpc_agent_api [None req-b49e2765-c38a-43f0-b22e-e0aa238039ff 2032f72c11044da782c41bc0b453c480 087eac4f933b40b199ffd773ad98713c - - default default] Unable to schedule network 2e1b8552-7dce-4cf0-9a04-b49710416889: no agents available; will retry on subsequent port and subnet creation events.
2026-04-02 18:11:55.723 10 INFO neutron.db.ovn_revision_numbers_db [None req-b49e2765-c38a-43f0-b22e-e0aa238039ff 2032f72c11044da782c41bc0b453c480 087eac4f933b40b199ffd773ad98713c - - default default] Successfully bumped revision number for resource 6ec0dbab-7c57-4f12-8c00-4bca9ee22457 (type: ports) to 1
2026-04-02 18:11:55.743 10 INFO neutron.api.wsgi [None req-b49e2765-c38a-43f0-b22e-e0aa238039ff 2032f72c11044da782c41bc0b453c480 087eac4f933b40b199ffd773ad98713c - - default default] 10.0.0.191 "POST /v2.0/networks HTTP/1.1" status: 201 len: 831 time: 0.7153044
2026-04-02 18:11:55.752 9 WARNING neutron_lib.context [None req-c67d5162-4ff2-446c-bee2-fa6730c87b35 2032f72c11044da782c41bc0b453c480 087eac4f933b40b199ffd773ad98713c - - default default] Method 'is_advsvc' is deprecated since 2023.2 release (neutron-lib 3.8.0) and will be removed once support for the old RBAC API policies will be removed from Neutron. Please use method 'is_service_role' instead.
2026-04-02 18:11:55.932 9 WARNING neutron.scheduler.dhcp_agent_scheduler [None req-c67d5162-4ff2-446c-bee2-fa6730c87b35 2032f72c11044da782c41bc0b453c480 087eac4f933b40b199ffd773ad98713c - - default default] No more DHCP agents
2026-04-02 18:11:55.932 10 INFO neutron.api.wsgi [None req-72fa3746-a875-4d66-878b-d6b4ba6dd232 a056779da5a14e2abaac4bf165ad74df 4e12d25640b942c9a9e74725c7076069 - - default default] 10.0.0.191 "GET /v2.0/networks HTTP/1.1" status: 200 len: 1492 time: 0.1473670
2026-04-02 18:11:55.934 9 WARNING neutron.api.rpc.agentnotifiers.dhcp_rpc_agent_api [None req-c67d5162-4ff2-446c-bee2-fa6730c87b35 2032f72c11044da782c41bc0b453c480 087eac4f933b40b199ffd773ad98713c - - default default] Unable to schedule network 2e1b8552-7dce-4cf0-9a04-b49710416889: no agents available; will retry on subsequent port and subnet creation events.
2026-04-02 18:11:55.965 9 INFO neutron.db.ovn_revision_numbers_db [None req-b8ffe0d6-d505-4fec-b673-d7b35927c833 15ac08b292f84221bdb7fa15f1fca821 64192436849b41b8b4ae850920ef1780 - - default default] Successfully bumped revision number for resource 23687752-8e3a-4e31-bae0-117147354a1a (type: security_groups) to 1
2026-04-02 18:11:55.981 9 INFO neutron.db.ovn_revision_numbers_db [None req-b8ffe0d6-d505-4fec-b673-d7b35927c833 15ac08b292f84221bdb7fa15f1fca821 64192436849b41b8b4ae850920ef1780 - - default default] Successfully bumped revision number for resource 33d994f7-ac5e-482e-ab17-c627a2e179f4 (type: security_group_rules) to 0
2026-04-02 18:11:55.997 9 INFO neutron.db.ovn_revision_numbers_db [None req-b8ffe0d6-d505-4fec-b673-d7b35927c833 15ac08b292f84221bdb7fa15f1fca821 64192436849b41b8b4ae850920ef1780 - - default default] Successfully bumped revision number for resource 90742302-8cca-4ddb-a0a5-f8c43a416321 (type: security_group_rules) to 0
2026-04-02 18:11:56.018 9 INFO neutron.db.ovn_revision_numbers_db [None req-b8ffe0d6-d505-4fec-b673-d7b35927c833 15ac08b292f84221bdb7fa15f1fca821 64192436849b41b8b4ae850920ef1780 - - default default] Successfully bumped revision number for resource e1592bd2-13aa-4f38-802c-ca0b9ac67bd7 (type: security_group_rules) to 0
2026-04-02 18:11:56.034 9 INFO neutron.db.ovn_revision_numbers_db [None req-b8ffe0d6-d505-4fec-b673-d7b35927c833 15ac08b292f84221bdb7fa15f1fca821 64192436849b41b8b4ae850920ef1780 - - default default] Successfully bumped revision number for resource eb324489-e699-43db-9392-7063dcc3a86c (type: security_group_rules) to 0
2026-04-02 18:11:56.041 10 INFO neutron.api.wsgi [req-c32bca81-34b1-493f-94c5-f87f21b223fe req-8f484abf-4a83-47ae-b3ae-51d9937c401d a056779da5a14e2abaac4bf165ad74df 4e12d25640b942c9a9e74725c7076069 - - default default] 10.0.0.14 "GET /v2.0/security-groups?name=tempest-secgroup-smoke-1474615714&fields=id&tenant_id=4e12d25640b942c9a9e74725c7076069 HTTP/1.1" status: 200 len: 267 time: 0.0311553
2026-04-02 18:11:56.075 9 INFO neutron.api.wsgi [None req-b8ffe0d6-d505-4fec-b673-d7b35927c833 15ac08b292f84221bdb7fa15f1fca821 64192436849b41b8b4ae850920ef1780 - - default default] 10.0.0.191 "GET /v2.0/security-groups?tenant_id=4fd82c14bc1e4e0da11ede63aef80f39&name=default HTTP/1.1" status: 200 len: 3120 time: 0.3381028
2026-04-02 18:11:56.089 10 INFO neutron.api.wsgi [req-c32bca81-34b1-493f-94c5-f87f21b223fe req-aac01432-22d0-4a7a-8cd6-df75c4fae1a8 a056779da5a14e2abaac4bf165ad74df 4e12d25640b942c9a9e74725c7076069 - - default default] 10.0.0.14 "GET /v2.0/networks?id=044ded33-645a-4336-97af-fabd28b79bfc HTTP/1.1" status: 200 len: 859 time: 0.0413337
2026-04-02 18:11:56.105 10 INFO neutron.api.wsgi [req-c32bca81-34b1-493f-94c5-f87f21b223fe req-c308bdc5-c0bf-42c9-813a-346cff3cd2ff a056779da5a14e2abaac4bf165ad74df 4e12d25640b942c9a9e74725c7076069 - - default default] 10.0.0.14 "GET /v2.0/quotas/4e12d25640b942c9a9e74725c7076069 HTTP/1.1" status: 200 len: 491 time: 0.0089264
2026-04-02 18:11:56.172 10 INFO neutron.api.wsgi [req-c32bca81-34b1-493f-94c5-f87f21b223fe req-a21f1524-0fca-4816-8fb5-4836130b9e6d a056779da5a14e2abaac4bf165ad74df 4e12d25640b942c9a9e74725c7076069 - - default default] 10.0.0.14 "GET /v2.0/ports?tenant_id=4e12d25640b942c9a9e74725c7076069&fields=id HTTP/1.1" status: 200 len: 348 time: 0.0631251
2026-04-02 18:11:56.239 10 INFO neutron.api.wsgi [req-c32bca81-34b1-493f-94c5-f87f21b223fe req-825302f5-4812-4b24-bd74-f2f61129a86b 613f559da1814c56a288b8c617095f66 7c9d33315b5a4682b8fd10e638a7ce86 - - fc6e22571bdd4990a4cb50c180567519 fc6e22571bdd4990a4cb50c180567519] 10.0.0.14 "GET /v2.0/networks/044ded33-645a-4336-97af-fabd28b79bfc?fields=segments HTTP/1.1" status: 200 len: 212 time: 0.0549102
2026-04-02 18:11:56.300 10 INFO neutron.api.wsgi [req-c32bca81-34b1-493f-94c5-f87f21b223fe req-687e71b5-3260-4251-8de2-c56569c1c786 613f559da1814c56a288b8c617095f66 7c9d33315b5a4682b8fd10e638a7ce86 - - fc6e22571bdd4990a4cb50c180567519 fc6e22571bdd4990a4cb50c180567519] 10.0.0.14 "GET /v2.0/networks/044ded33-645a-4336-97af-fabd28b79bfc?fields=provider%3Aphysical_network&fields=provider%3Anetwork_type HTTP/1.1" status: 200 len: 277 time: 0.0548232
2026-04-02 18:11:56.315 9 INFO neutron.api.wsgi [None req-5541808e-2dac-46b4-b0aa-fed80f49d85b 15ac08b292f84221bdb7fa15f1fca821 64192436849b41b8b4ae850920ef1780 - - default default] 10.0.0.191 "DELETE /v2.0/security-groups/23687752-8e3a-4e31-bae0-117147354a1a HTTP/1.1" status: 204 len: 168 time: 0.2343686
2026-04-02 18:11:56.391 9 INFO neutron.plugins.ml2.drivers.ovn.mech_driver.mech_driver [None req-e7f9f37f-6f98-4974-964e-a06553796275 - - - - - -] OVN reports status up for port: 97adb63f-bcd9-4209-8016-d91df6efdfa7
2026-04-02 18:11:56.432 9 INFO neutron.plugins.ml2.plugin [None req-e7f9f37f-6f98-4974-964e-a06553796275 - - - - - -] Attempt 1 to provision port 97adb63f-bcd9-4209-8016-d91df6efdfa7
2026-04-02 18:11:56.451 9 INFO neutron.api.wsgi [req-a99c039d-b9cb-4418-ade6-cfecc8c8b58a req-ed4fb2c7-0bd7-4869-895e-dfc1e9c614be a056779da5a14e2abaac4bf165ad74df 4e12d25640b942c9a9e74725c7076069 - - default default] 10.0.0.14 "GET /v2.0/ports?device_id=ea782aa4-749c-4f1d-b51a-9f80200ca633 HTTP/1.1" status: 200 len: 210 time: 0.0286758
2026-04-02 18:11:56.458 9 INFO neutron.db.ovn_revision_numbers_db [None req-0265e4d7-f34b-46a9-8d21-fd0aae8c0d36 - - - - - -] Successfully bumped revision number for resource 6ec0dbab-7c57-4f12-8c00-4bca9ee22457 (type: ports) to 2
2026-04-02 18:11:56.513 9 INFO neutron.db.ovn_revision_numbers_db [None req-0265e4d7-f34b-46a9-8d21-fd0aae8c0d36 - - - - - -] Successfully bumped revision number for resource 3e8fc2f6-93e3-4ed4-bec9-63567da71cea (type: subnets) to 0
2026-04-02 18:11:56.527 9 INFO neutron.api.wsgi [None req-c67d5162-4ff2-446c-bee2-fa6730c87b35 2032f72c11044da782c41bc0b453c480 087eac4f933b40b199ffd773ad98713c - - default default] 10.0.0.191 "POST /v2.0/subnets HTTP/1.1" status: 201 len: 825 time: 0.7803717
2026-04-02 18:11:56.542 9 WARNING neutron_lib.context [None req-4f6e1c54-38e1-4c22-b28c-081f24265e53 2032f72c11044da782c41bc0b453c480 087eac4f933b40b199ffd773ad98713c - - default default] Method 'is_advsvc' is deprecated since 2023.2 release (neutron-lib 3.8.0) and will be removed once support for the old RBAC API policies will be removed from Neutron. Please use method 'is_service_role' instead.
2026-04-02 18:11:56.590 9 INFO neutron.notifiers.nova [-] Nova event matching ['req-15544ed2-d957-44e9-9b66-2be5b7c26cbf'] response: {'server_uuid': 'd5c4d722-e75f-43e5-b135-8cbe666c28e3', 'name': 'network-vif-plugged', 'status': 'completed', 'tag': '97adb63f-bcd9-4209-8016-d91df6efdfa7', 'code': 200}
2026-04-02 18:11:56.635 9 INFO neutron.db.segments_db [None req-4f6e1c54-38e1-4c22-b28c-081f24265e53 2032f72c11044da782c41bc0b453c480 087eac4f933b40b199ffd773ad98713c - - default default] Added segment 0b235e5d-83a9-466c-a771-4fde150ba860 of type geneve for network 2ac40af9-1788-45bc-8de6-0ccb0d2c5142
2026-04-02 18:11:56.714 9 INFO neutron.db.ovn_revision_numbers_db [None req-e7f9f37f-6f98-4974-964e-a06553796275 - - - - - -] Successfully bumped revision number for resource 97adb63f-bcd9-4209-8016-d91df6efdfa7 (type: ports) to 5
2026-04-02 18:11:56.815 9 INFO neutron.db.ovn_revision_numbers_db [None req-4f6e1c54-38e1-4c22-b28c-081f24265e53 2032f72c11044da782c41bc0b453c480 087eac4f933b40b199ffd773ad98713c - - default default] Successfully bumped revision number for resource 2ac40af9-1788-45bc-8de6-0ccb0d2c5142 (type: networks) to 1 /var/lib/openstack/lib/python3.12/site-packages/pycadf/identifier.py:71: UserWarning: Invalid uuid: neutron. To ensure interoperability, identifiers should be a valid uuid. warnings.warn(('Invalid uuid: %s. To ensure interoperability, '
2026-04-02 18:11:56.915 9 INFO neutron.api.wsgi [req-2e2ae374-7f06-4d27-b3c3-660c89ccd65a req-9df5c7ab-71cb-4a80-bd96-954a48081859 f6a1016047494aafad7855a80a1a53af cfc04783a1744ece84690a375357168d - - default default] 10.0.0.14 "GET /v2.0/ports?device_id=d5c4d722-e75f-43e5-b135-8cbe666c28e3 HTTP/1.1" status: 200 len: 1400 time: 0.0901999
2026-04-02 18:11:56.959 9 INFO neutron.api.wsgi [req-2e2ae374-7f06-4d27-b3c3-660c89ccd65a req-3e18b6a7-22d8-40ee-91c4-a449003982db f6a1016047494aafad7855a80a1a53af cfc04783a1744ece84690a375357168d - - default default] 10.0.0.14 "GET /v2.0/security-groups?id=a2ad8762-b8a9-4da3-9357-e2d0dcdd37b0&fields=id&fields=name HTTP/1.1" status: 200 len: 311 time: 0.0377920
2026-04-02 18:11:56.991 9 WARNING neutron.scheduler.dhcp_agent_scheduler [None req-4f6e1c54-38e1-4c22-b28c-081f24265e53 2032f72c11044da782c41bc0b453c480 087eac4f933b40b199ffd773ad98713c - - default default] No more DHCP agents
2026-04-02 18:11:56.992 9 WARNING neutron.api.rpc.agentnotifiers.dhcp_rpc_agent_api [None req-4f6e1c54-38e1-4c22-b28c-081f24265e53 2032f72c11044da782c41bc0b453c480 087eac4f933b40b199ffd773ad98713c - - default default] Unable to schedule network 2ac40af9-1788-45bc-8de6-0ccb0d2c5142: no agents available; will retry on subsequent port and subnet creation events.
2026-04-02 18:11:57.051 9 INFO neutron.db.ovn_revision_numbers_db [None req-4f6e1c54-38e1-4c22-b28c-081f24265e53 2032f72c11044da782c41bc0b453c480 087eac4f933b40b199ffd773ad98713c - - default default] Successfully bumped revision number for resource b57d0858-c49e-4372-b742-546b35b4a6a1 (type: ports) to 1
2026-04-02 18:11:57.078 9 INFO neutron.api.wsgi [None req-4f6e1c54-38e1-4c22-b28c-081f24265e53 2032f72c11044da782c41bc0b453c480 087eac4f933b40b199ffd773ad98713c - - default default] 10.0.0.191 "POST /v2.0/networks HTTP/1.1" status: 201 len: 831 time: 0.5454497
2026-04-02 18:11:57.088 9 WARNING neutron_lib.context [None req-1ae602df-aa28-4296-85ff-4f1d05b66744 2032f72c11044da782c41bc0b453c480 087eac4f933b40b199ffd773ad98713c - - default default] Method 'is_advsvc' is deprecated since 2023.2 release (neutron-lib 3.8.0) and will be removed once support for the old RBAC API policies will be removed from Neutron. Please use method 'is_service_role' instead.
2026-04-02 18:11:57.310 9 WARNING neutron.scheduler.dhcp_agent_scheduler [None req-1ae602df-aa28-4296-85ff-4f1d05b66744 2032f72c11044da782c41bc0b453c480 087eac4f933b40b199ffd773ad98713c - - default default] No more DHCP agents
2026-04-02 18:11:57.315 9 WARNING neutron.api.rpc.agentnotifiers.dhcp_rpc_agent_api [None req-1ae602df-aa28-4296-85ff-4f1d05b66744 2032f72c11044da782c41bc0b453c480 087eac4f933b40b199ffd773ad98713c - - default default] Unable to schedule network 2ac40af9-1788-45bc-8de6-0ccb0d2c5142: no agents available; will retry on subsequent port and subnet creation events.
2026-04-02 18:11:57.528 9 INFO neutron.api.wsgi [req-fe8c7224-3cd5-49eb-ac80-f1a9832d4155 req-3f1ea407-fb0f-4f06-a0fa-1bc7244a2d24 a056779da5a14e2abaac4bf165ad74df 4e12d25640b942c9a9e74725c7076069 - - default default] 10.0.0.14 "GET /v2.0/ports?device_id=ea782aa4-749c-4f1d-b51a-9f80200ca633 HTTP/1.1" status: 200 len: 210 time: 0.0178926
2026-04-02 18:11:57.793 9 INFO neutron.db.ovn_revision_numbers_db [None req-77976d1f-dc60-42bc-8009-3612971d084c - - - - - -] Successfully bumped revision number for resource b57d0858-c49e-4372-b742-546b35b4a6a1 (type: ports) to 2
2026-04-02 18:11:57.837 9 INFO neutron.db.ovn_revision_numbers_db [None req-77976d1f-dc60-42bc-8009-3612971d084c - - - - - -] Successfully bumped revision number for resource 2393485b-f251-4fd5-b6d0-bc100c1de56e (type: subnets) to 0
2026-04-02 18:11:57.853 9 INFO neutron.api.wsgi [None req-1ae602df-aa28-4296-85ff-4f1d05b66744 2032f72c11044da782c41bc0b453c480 087eac4f933b40b199ffd773ad98713c - - default default] 10.0.0.191 "POST /v2.0/subnets HTTP/1.1" status: 201 len: 828 time: 0.7694945
2026-04-02 18:11:57.865 9 WARNING neutron_lib.context [None req-8c2c370b-f758-4a12-a142-564a27071532 2032f72c11044da782c41bc0b453c480 087eac4f933b40b199ffd773ad98713c - - default default] Method 'is_advsvc' is deprecated since 2023.2 release (neutron-lib 3.8.0) and will be removed once support for the old RBAC API policies will be removed from Neutron. Please use method 'is_service_role' instead.
2026-04-02 18:11:57.946 9 INFO neutron.db.segments_db [None req-8c2c370b-f758-4a12-a142-564a27071532 2032f72c11044da782c41bc0b453c480 087eac4f933b40b199ffd773ad98713c - - default default] Added segment 09981ac6-f952-44e5-a569-60c6a53872ac of type geneve for network c3d12cdb-4971-4df5-994d-d432c16f10bc
2026-04-02 18:11:58.108 9 INFO neutron.db.ovn_revision_numbers_db [None req-8c2c370b-f758-4a12-a142-564a27071532 2032f72c11044da782c41bc0b453c480 087eac4f933b40b199ffd773ad98713c - - default default] Successfully bumped revision number for resource c3d12cdb-4971-4df5-994d-d432c16f10bc (type: networks) to 1
2026-04-02 18:11:58.326 9 WARNING neutron.scheduler.dhcp_agent_scheduler [None req-8c2c370b-f758-4a12-a142-564a27071532 2032f72c11044da782c41bc0b453c480 087eac4f933b40b199ffd773ad98713c - - default default] No more DHCP agents
2026-04-02 18:11:58.328 9 WARNING neutron.api.rpc.agentnotifiers.dhcp_rpc_agent_api [None req-8c2c370b-f758-4a12-a142-564a27071532 2032f72c11044da782c41bc0b453c480 087eac4f933b40b199ffd773ad98713c - - default default] Unable to schedule network c3d12cdb-4971-4df5-994d-d432c16f10bc: no agents available; will retry on subsequent port and subnet creation events.
2026-04-02 18:11:58.406 9 INFO neutron.db.ovn_revision_numbers_db [None req-8c2c370b-f758-4a12-a142-564a27071532 2032f72c11044da782c41bc0b453c480 087eac4f933b40b199ffd773ad98713c - - default default] Successfully bumped revision number for resource 80b86d2f-87b0-440f-a094-ccac4eef8a0e (type: ports) to 1
2026-04-02 18:11:58.429 9 INFO neutron.api.wsgi [None req-8c2c370b-f758-4a12-a142-564a27071532 2032f72c11044da782c41bc0b453c480 087eac4f933b40b199ffd773ad98713c - - default default] 10.0.0.191 "POST /v2.0/networks HTTP/1.1" status: 201 len: 830 time: 0.5685744
2026-04-02 18:11:58.438 9 WARNING neutron_lib.context [None req-176f409e-17bf-410b-8ea5-664154f8312b 2032f72c11044da782c41bc0b453c480 087eac4f933b40b199ffd773ad98713c - - default default] Method 'is_advsvc' is deprecated since 2023.2 release (neutron-lib 3.8.0) and will be removed once support for the old RBAC API policies will be removed from Neutron. Please use method 'is_service_role' instead.
2026-04-02 18:11:58.618 9 INFO neutron.notifiers.nova [-] Nova event matching ['req-625fdd5c-bff2-468c-9c8b-d8170b1fedfd'] response: {'server_uuid': 'd5c4d722-e75f-43e5-b135-8cbe666c28e3', 'name': 'network-vif-plugged', 'status': 'completed', 'tag': '97adb63f-bcd9-4209-8016-d91df6efdfa7', 'code': 200}
2026-04-02 18:11:58.628 9 WARNING neutron.scheduler.dhcp_agent_scheduler [None req-176f409e-17bf-410b-8ea5-664154f8312b 2032f72c11044da782c41bc0b453c480 087eac4f933b40b199ffd773ad98713c - - default default] No more DHCP agents
2026-04-02 18:11:58.632 9 WARNING neutron.api.rpc.agentnotifiers.dhcp_rpc_agent_api [None req-176f409e-17bf-410b-8ea5-664154f8312b 2032f72c11044da782c41bc0b453c480 087eac4f933b40b199ffd773ad98713c - - default default] Unable to schedule network c3d12cdb-4971-4df5-994d-d432c16f10bc: no agents available; will retry on subsequent port and subnet creation events.
2026-04-02 18:11:58.647 10 INFO neutron.api.wsgi [req-edb227a9-51cc-4a3b-90eb-e0f4c4533449 req-3548f223-4cbb-4ed6-a15c-0305e74d9be7 a056779da5a14e2abaac4bf165ad74df 4e12d25640b942c9a9e74725c7076069 - - default default] 10.0.0.14 "GET /v2.0/ports?device_id=ea782aa4-749c-4f1d-b51a-9f80200ca633 HTTP/1.1" status: 200 len: 210 time: 0.0390265
2026-04-02 18:11:59.093 9 INFO neutron.db.ovn_revision_numbers_db [None req-0d87c544-5d8c-4e85-98ec-918c45fe5e7b - - - - - -] Successfully bumped revision number for resource 80b86d2f-87b0-440f-a094-ccac4eef8a0e (type: ports) to 2
2026-04-02 18:11:59.125 9 INFO neutron.db.ovn_revision_numbers_db [None req-0d87c544-5d8c-4e85-98ec-918c45fe5e7b - - - - - -] Successfully bumped revision number for resource 031bf5ac-5717-40f4-9ca0-1524715d9df1 (type: subnets) to 0
2026-04-02 18:11:59.154 9 INFO neutron.api.wsgi [None req-176f409e-17bf-410b-8ea5-664154f8312b 2032f72c11044da782c41bc0b453c480 087eac4f933b40b199ffd773ad98713c - - default default] 10.0.0.191 "POST /v2.0/subnets HTTP/1.1" status: 201 len: 828 time: 0.7204556
2026-04-02 18:11:59.165 9 WARNING neutron_lib.context [None req-13b955c7-4178-4e81-8603-ae5ec57ccba4 2032f72c11044da782c41bc0b453c480 087eac4f933b40b199ffd773ad98713c - - default default] Method 'is_advsvc' is deprecated since 2023.2 release (neutron-lib 3.8.0) and will be removed once support for the old RBAC API policies will be removed from Neutron. Please use method 'is_service_role' instead.
2026-04-02 18:11:59.242 9 INFO neutron.db.segments_db [None req-13b955c7-4178-4e81-8603-ae5ec57ccba4 2032f72c11044da782c41bc0b453c480 087eac4f933b40b199ffd773ad98713c - - default default] Added segment 8a598617-1bcc-4862-98af-5e19821fc589 of type geneve for network 7bc67939-2923-4c68-a3f6-f640ada2d867
2026-04-02 18:11:59.375 9 INFO neutron.db.ovn_revision_numbers_db [None req-13b955c7-4178-4e81-8603-ae5ec57ccba4 2032f72c11044da782c41bc0b453c480 087eac4f933b40b199ffd773ad98713c - - default default] Successfully bumped revision number for resource 7bc67939-2923-4c68-a3f6-f640ada2d867 (type: networks) to 1
2026-04-02 18:11:59.564 9 WARNING neutron.scheduler.dhcp_agent_scheduler [None req-13b955c7-4178-4e81-8603-ae5ec57ccba4 2032f72c11044da782c41bc0b453c480 087eac4f933b40b199ffd773ad98713c - - default default] No more DHCP agents
2026-04-02 18:11:59.566 9 WARNING neutron.api.rpc.agentnotifiers.dhcp_rpc_agent_api [None req-13b955c7-4178-4e81-8603-ae5ec57ccba4 2032f72c11044da782c41bc0b453c480 087eac4f933b40b199ffd773ad98713c - - default default] Unable to schedule network 7bc67939-2923-4c68-a3f6-f640ada2d867: no agents available; will retry on subsequent port and subnet creation events.
2026-04-02 18:11:59.652 9 INFO neutron.db.ovn_revision_numbers_db [None req-13b955c7-4178-4e81-8603-ae5ec57ccba4 2032f72c11044da782c41bc0b453c480 087eac4f933b40b199ffd773ad98713c - - default default] Successfully bumped revision number for resource f85d7682-7521-4c21-aca0-92021bae7ef9 (type: ports) to 1
2026-04-02 18:11:59.684 9 INFO neutron.api.wsgi [None req-13b955c7-4178-4e81-8603-ae5ec57ccba4 2032f72c11044da782c41bc0b453c480 087eac4f933b40b199ffd773ad98713c - - default default] 10.0.0.191 "POST /v2.0/networks HTTP/1.1" status: 201 len: 830 time: 0.5228508
2026-04-02 18:11:59.700 9 WARNING neutron_lib.context [None req-42e75180-90b1-4ce1-9d4a-6198e150d627 2032f72c11044da782c41bc0b453c480 087eac4f933b40b199ffd773ad98713c - - default default] Method 'is_advsvc' is deprecated since 2023.2 release (neutron-lib 3.8.0) and will be removed once support for the old RBAC API policies will be removed from Neutron. Please use method 'is_service_role' instead.
2026-04-02 18:11:59.739 9 INFO neutron.api.wsgi [req-9a88f5ac-a2ad-420a-982a-e07005e07b51 req-127e5209-ca0c-4091-8783-cf73572eb5ff a056779da5a14e2abaac4bf165ad74df 4e12d25640b942c9a9e74725c7076069 - - default default] 10.0.0.14 "GET /v2.0/ports?device_id=ea782aa4-749c-4f1d-b51a-9f80200ca633 HTTP/1.1" status: 200 len: 210 time: 0.0242660
2026-04-02 18:11:59.890 9 WARNING neutron.scheduler.dhcp_agent_scheduler [None req-42e75180-90b1-4ce1-9d4a-6198e150d627 2032f72c11044da782c41bc0b453c480 087eac4f933b40b199ffd773ad98713c - - default default] No more DHCP agents
2026-04-02 18:11:59.891 9 WARNING neutron.api.rpc.agentnotifiers.dhcp_rpc_agent_api [None req-42e75180-90b1-4ce1-9d4a-6198e150d627 2032f72c11044da782c41bc0b453c480 087eac4f933b40b199ffd773ad98713c - - default default] Unable to schedule network 7bc67939-2923-4c68-a3f6-f640ada2d867: no agents available; will retry on subsequent port and subnet creation events.
2026-04-02 18:12:00.319 9 INFO neutron.db.ovn_revision_numbers_db [None req-94843d55-05fd-4482-8464-cf5f89927e02 - - - - - -] Successfully bumped revision number for resource f85d7682-7521-4c21-aca0-92021bae7ef9 (type: ports) to 2
2026-04-02 18:12:00.349 9 INFO neutron.db.ovn_revision_numbers_db [None req-94843d55-05fd-4482-8464-cf5f89927e02 - - - - - -] Successfully bumped revision number for resource e071d2b4-08cd-4d86-9b23-32e4b6d77a8d (type: subnets) to 0
2026-04-02 18:12:00.373 9 INFO neutron.api.wsgi [None req-42e75180-90b1-4ce1-9d4a-6198e150d627 2032f72c11044da782c41bc0b453c480 087eac4f933b40b199ffd773ad98713c - - default default] 10.0.0.191 "POST /v2.0/subnets HTTP/1.1" status: 201 len: 828 time: 0.6799164
2026-04-02 18:12:00.384 9 WARNING neutron_lib.context [None req-46a0198d-c2d9-40ca-b759-181182f26562 2032f72c11044da782c41bc0b453c480 087eac4f933b40b199ffd773ad98713c - - default default] Method 'is_advsvc' is deprecated since 2023.2 release (neutron-lib 3.8.0) and will be removed once support for the old RBAC API policies will be removed from Neutron. Please use method 'is_service_role' instead.
2026-04-02 18:12:00.470 9 INFO neutron.db.segments_db [None req-46a0198d-c2d9-40ca-b759-181182f26562 2032f72c11044da782c41bc0b453c480 087eac4f933b40b199ffd773ad98713c - - default default] Added segment e57e54f7-d34e-4f74-a922-776ceed6cbc1 of type geneve for network 08357139-d8fc-4eb0-808a-86cb9bd9d6f9
2026-04-02 18:12:00.595 9 INFO neutron.db.ovn_revision_numbers_db [None req-46a0198d-c2d9-40ca-b759-181182f26562 2032f72c11044da782c41bc0b453c480 087eac4f933b40b199ffd773ad98713c - - default default] Successfully bumped revision number for resource 08357139-d8fc-4eb0-808a-86cb9bd9d6f9 (type: networks) to 1
2026-04-02 18:12:00.762 9 WARNING neutron.scheduler.dhcp_agent_scheduler [None req-46a0198d-c2d9-40ca-b759-181182f26562 2032f72c11044da782c41bc0b453c480 087eac4f933b40b199ffd773ad98713c - - default default] No more DHCP agents
2026-04-02 18:12:00.763 9 WARNING neutron.api.rpc.agentnotifiers.dhcp_rpc_agent_api [None req-46a0198d-c2d9-40ca-b759-181182f26562 2032f72c11044da782c41bc0b453c480 087eac4f933b40b199ffd773ad98713c - - default default] Unable to schedule network 08357139-d8fc-4eb0-808a-86cb9bd9d6f9: no agents available; will retry on subsequent port and subnet creation events.
2026-04-02 18:12:00.829 9 INFO neutron.api.wsgi [req-c32bca81-34b1-493f-94c5-f87f21b223fe req-1f988be2-1da0-4e19-82f3-33d3670fc9df a056779da5a14e2abaac4bf165ad74df 4e12d25640b942c9a9e74725c7076069 - - default default] 199.19.213.133 "GET /v2.0/networks?id=044ded33-645a-4336-97af-fabd28b79bfc HTTP/1.1" status: 200 len: 859 time: 0.0611646
2026-04-02 18:12:00.831 10 INFO neutron.api.wsgi [req-bd043bb5-f0ef-4745-aaa0-4cd22e6ce941 req-e8d84c34-bd11-48ec-a887-6bf4a2d48eaa a056779da5a14e2abaac4bf165ad74df 4e12d25640b942c9a9e74725c7076069 - - default default] 10.0.0.14 "GET /v2.0/ports?device_id=ea782aa4-749c-4f1d-b51a-9f80200ca633 HTTP/1.1" status: 200 len: 210 time: 0.0151303
2026-04-02 18:12:00.839 9 INFO neutron.db.ovn_revision_numbers_db [None req-46a0198d-c2d9-40ca-b759-181182f26562 2032f72c11044da782c41bc0b453c480 087eac4f933b40b199ffd773ad98713c - - default default] Successfully bumped revision number for resource 7ad2e671-8413-4bb4-915d-96aa5d748859 (type: ports) to 1
2026-04-02 18:12:00.878 9 INFO neutron.api.wsgi [None req-46a0198d-c2d9-40ca-b759-181182f26562 2032f72c11044da782c41bc0b453c480 087eac4f933b40b199ffd773ad98713c - - default default] 10.0.0.191 "POST /v2.0/networks HTTP/1.1" status: 201 len: 830 time: 0.4984195
2026-04-02 18:12:00.888 9 WARNING neutron_lib.context [None req-69af9e2e-35f7-4f27-9dbb-bfabd5ebcea6 2032f72c11044da782c41bc0b453c480 087eac4f933b40b199ffd773ad98713c - - default default] Method 'is_advsvc' is deprecated since 2023.2 release (neutron-lib 3.8.0) and will be removed once support for the old RBAC API policies will be removed from Neutron. Please use method 'is_service_role' instead.
2026-04-02 18:12:00.906 9 INFO neutron.api.wsgi [req-c32bca81-34b1-493f-94c5-f87f21b223fe req-95e6dad2-8349-42c1-ae37-d85f88a6f604 a056779da5a14e2abaac4bf165ad74df 4e12d25640b942c9a9e74725c7076069 - - default default] 199.19.213.133 "GET /v2.0/security-groups?fields=id&fields=name&tenant_id=4e12d25640b942c9a9e74725c7076069 HTTP/1.1" status: 200 len: 473 time: 0.0717664
2026-04-02 18:12:00.915 9 WARNING neutron_lib.context [req-c32bca81-34b1-493f-94c5-f87f21b223fe req-c24ad98a-133d-44a2-b341-2c4c81bf0d78 a056779da5a14e2abaac4bf165ad74df 4e12d25640b942c9a9e74725c7076069 - - default default] Method 'is_advsvc' is deprecated since 2023.2 release (neutron-lib 3.8.0) and will be removed once support for the old RBAC API policies will be removed from Neutron. Please use method 'is_service_role' instead.
2026-04-02 18:12:01.147 9 WARNING neutron.scheduler.dhcp_agent_scheduler [None req-69af9e2e-35f7-4f27-9dbb-bfabd5ebcea6 2032f72c11044da782c41bc0b453c480 087eac4f933b40b199ffd773ad98713c - - default default] No more DHCP agents
2026-04-02 18:12:01.149 9 WARNING neutron.api.rpc.agentnotifiers.dhcp_rpc_agent_api [None req-69af9e2e-35f7-4f27-9dbb-bfabd5ebcea6 2032f72c11044da782c41bc0b453c480 087eac4f933b40b199ffd773ad98713c - - default default] Unable to schedule network 08357139-d8fc-4eb0-808a-86cb9bd9d6f9: no agents available; will retry on subsequent port and subnet creation events.
2026-04-02 18:12:01.269 9 WARNING neutron.scheduler.dhcp_agent_scheduler [req-c32bca81-34b1-493f-94c5-f87f21b223fe req-c24ad98a-133d-44a2-b341-2c4c81bf0d78 a056779da5a14e2abaac4bf165ad74df 4e12d25640b942c9a9e74725c7076069 - - default default] No more DHCP agents
2026-04-02 18:12:01.271 9 WARNING neutron.api.rpc.agentnotifiers.dhcp_rpc_agent_api [req-c32bca81-34b1-493f-94c5-f87f21b223fe req-c24ad98a-133d-44a2-b341-2c4c81bf0d78 a056779da5a14e2abaac4bf165ad74df 4e12d25640b942c9a9e74725c7076069 - - default default] Unable to schedule network 044ded33-645a-4336-97af-fabd28b79bfc: no agents available; will retry on subsequent port and subnet creation events.
2026-04-02 18:12:01.340 10 INFO neutron.db.ovn_revision_numbers_db [None req-6157e23b-4a9b-4b98-88a0-95129bd5e4b4 15ac08b292f84221bdb7fa15f1fca821 64192436849b41b8b4ae850920ef1780 - - default default] Successfully bumped revision number for resource 7231d0af-5396-4e47-805d-21f7655053ee (type: security_groups) to 1
2026-04-02 18:12:01.355 10 INFO neutron.db.ovn_revision_numbers_db [None req-6157e23b-4a9b-4b98-88a0-95129bd5e4b4 15ac08b292f84221bdb7fa15f1fca821 64192436849b41b8b4ae850920ef1780 - - default default] Successfully bumped revision number for resource 18b9f4aa-e306-4b0e-a2b2-58743d55d55d (type: security_group_rules) to 0
