2026-04-02 18:07:48.752 10 INFO neutron.api.wsgi [None req-6b8f8f98-6d46-40fc-9ca9-ede640e298d3 15ac08b292f84221bdb7fa15f1fca821 64192436849b41b8b4ae850920ef1780 - - default default] 10.0.0.244 "GET /v2.0/routers HTTP/1.1" status: 200 len: 189 time: 0.0169058
2026-04-02 18:07:48.762 10 INFO neutron.api.wsgi [None req-0c838d9d-5b4f-44c9-bdc9-d3a26260d3a4 15ac08b292f84221bdb7fa15f1fca821 64192436849b41b8b4ae850920ef1780 - - default default] 10.0.0.244 "GET /v2.0/agents?binary=ovn-controller HTTP/1.1" status: 200 len: 591 time: 0.0076950
2026-04-02 18:07:48.805 10 INFO neutron.api.wsgi [None req-8ad35fea-b628-4566-9aad-908fde63f7e9 15ac08b292f84221bdb7fa15f1fca821 64192436849b41b8b4ae850920ef1780 - - default default] 10.0.0.244 "GET /v2.0/networks HTTP/1.1" status: 200 len: 2349 time: 0.0421178
2026-04-02 18:07:48.829 10 INFO neutron.api.wsgi [None req-18753f03-5420-4515-bfcc-173f3eb77646 15ac08b292f84221bdb7fa15f1fca821 64192436849b41b8b4ae850920ef1780 - - default default] 10.0.0.244 "GET /v2.0/subnets HTTP/1.1" status: 200 len: 1484 time: 0.0224905
2026-04-02 18:07:48.845 10 INFO neutron.api.wsgi [None req-2dce8256-6b81-418f-8eb9-611a6872e6b4 15ac08b292f84221bdb7fa15f1fca821 64192436849b41b8b4ae850920ef1780 - - default default] 10.0.0.244 "GET /v2.0/floatingips HTTP/1.1" status: 200 len: 193 time: 0.0136182
2026-04-02 18:07:48.875 10 INFO neutron.api.wsgi [None req-c7b23ba1-2cba-4d2f-9a77-7cbc1d1e938e 15ac08b292f84221bdb7fa15f1fca821 64192436849b41b8b4ae850920ef1780 - - default default] 10.0.0.244 "GET /v2.0/subnets HTTP/1.1" status: 200 len: 1484 time: 0.0294421
2026-04-02 18:07:48.886 10 INFO neutron.api.wsgi [None req-e05b0bd7-b4f3-4fa6-a5bc-ac897ad4def2 15ac08b292f84221bdb7fa15f1fca821 64192436849b41b8b4ae850920ef1780 - - default default] 10.0.0.244 "GET /v2.0/subnetpools HTTP/1.1" status: 200 len: 193 time: 0.0094113
2026-04-02 18:07:57.045 9 INFO neutron.api.wsgi [None req-7d91c4d9-7c8e-4125-bc83-e048de679b8f 15ac08b292f84221bdb7fa15f1fca821 64192436849b41b8b4ae850920ef1780 - - default default] 199.19.213.133,10.0.0.48 "GET /v2.0/networks?name=public HTTP/1.1" status: 200 len: 928 time: 0.0795157
2026-04-02 18:08:02.213 9 INFO neutron.api.wsgi [-] 10.0.0.48 "GET / HTTP/1.1" status: 200 len: 247 time: 0.0024445
2026-04-02 18:08:02.213 10 INFO neutron.api.wsgi [-] 10.0.0.48 "GET / HTTP/1.1" status: 200 len: 247 time: 0.0025129
2026-04-02 18:08:17.214 10 INFO neutron.api.wsgi [-] 10.0.0.48 "GET / HTTP/1.1" status: 200 len: 247 time: 0.0031183
2026-04-02 18:08:17.217 10 INFO neutron.api.wsgi [-] 10.0.0.48 "GET / HTTP/1.1" status: 200 len: 247 time: 0.0025718
2026-04-02 18:08:32.213 9 INFO neutron.api.wsgi [-] 10.0.0.48 "GET / HTTP/1.1" status: 200 len: 247 time: 0.0021026
2026-04-02 18:08:32.236 9 INFO neutron.api.wsgi [-] 10.0.0.48 "GET / HTTP/1.1" status: 200 len: 247 time: 0.0225825
2026-04-02 18:08:35.921 9 INFO neutron.api.wsgi [None req-b2ba4f67-b4d0-4098-a305-c6f89eb65322 15ac08b292f84221bdb7fa15f1fca821 64192436849b41b8b4ae850920ef1780 - - default default] 10.0.0.191 "GET /v2.0/networks HTTP/1.1" status: 200 len: 2368 time: 0.1968555
2026-04-02 18:08:37.008 10 INFO neutron.api.wsgi [None req-68c7351b-31f0-41fb-8168-06fd24dd6c3a 15ac08b292f84221bdb7fa15f1fca821 64192436849b41b8b4ae850920ef1780 - - default default] 10.0.0.191 "GET /v2.0/floatingips HTTP/1.1" status: 200 len: 212 time: 0.0182633
2026-04-02 18:08:37.029 10 INFO neutron.api.wsgi [None req-8a2cb490-40ec-4a17-97a7-86d9a0e1a12f 15ac08b292f84221bdb7fa15f1fca821 64192436849b41b8b4ae850920ef1780 - - default default] 10.0.0.191 "GET /v2.0/routers HTTP/1.1" status: 200 len: 208 time: 0.0146909
2026-04-02 18:08:37.074 10 INFO neutron.api.wsgi [None req-60ef74f2-cc35-4f6b-a208-16a7ea08d594 15ac08b292f84221bdb7fa15f1fca821 64192436849b41b8b4ae850920ef1780 - - default default] 10.0.0.191 "GET /v2.0/ports HTTP/1.1" status: 200 len: 5362 time: 0.0386877
2026-04-02 18:08:37.102 10 INFO neutron.api.wsgi [None req-c783f19e-e5f0-497a-a743-cd996fbec783 15ac08b292f84221bdb7fa15f1fca821 64192436849b41b8b4ae850920ef1780 - - default default] 10.0.0.191 "GET /v2.0/subnets HTTP/1.1" status: 200 len: 1503 time: 0.0248709
2026-04-02 18:08:37.162 9 INFO neutron.api.wsgi [None req-05f42a8b-103c-44bd-8d74-29d26791596c 15ac08b292f84221bdb7fa15f1fca821 64192436849b41b8b4ae850920ef1780 - - default default] 10.0.0.191 "GET /v2.0/networks HTTP/1.1" status: 200 len: 2368 time: 0.0550499
2026-04-02 18:08:37.202 9 INFO neutron.api.wsgi [None req-07424810-a286-4ace-b321-dc3875e89eeb 15ac08b292f84221bdb7fa15f1fca821 64192436849b41b8b4ae850920ef1780 - - default default] 10.0.0.191 "GET /v2.0/security-groups HTTP/1.1" status: 200 len: 17589 time: 0.0358448
2026-04-02 18:08:37.214 9 INFO neutron.api.wsgi [None req-37b86c66-30c9-4567-a26e-6bcabe64e938 15ac08b292f84221bdb7fa15f1fca821 64192436849b41b8b4ae850920ef1780 - - default default] 10.0.0.191 "GET /v2.0/subnetpools HTTP/1.1" status: 200 len: 212 time: 0.0082812
2026-04-02 18:08:47.212 10 INFO neutron.api.wsgi [-] 10.0.0.48 "GET / HTTP/1.1" status: 200 len: 247 time: 0.0016892
2026-04-02 18:08:47.214 10 INFO neutron.api.wsgi [-] 10.0.0.48 "GET / HTTP/1.1" status: 200 len: 247 time: 0.0009525
2026-04-02 18:08:48.486 9 INFO neutron.db.ovn_revision_numbers_db [None req-b2f5410b-1ae7-426a-910c-7634ad9342c1 15ac08b292f84221bdb7fa15f1fca821 64192436849b41b8b4ae850920ef1780 - - default default] Successfully bumped revision number for resource 85c90b21-079f-49d7-b521-89b2db690bc2 (type: security_groups) to 1
2026-04-02 18:08:48.498 9 INFO neutron.db.ovn_revision_numbers_db [None req-b2f5410b-1ae7-426a-910c-7634ad9342c1 15ac08b292f84221bdb7fa15f1fca821 64192436849b41b8b4ae850920ef1780 - - default default] Successfully bumped revision number for resource 10859489-59ab-4930-ab27-c5624a11aebe (type: security_group_rules) to 0
2026-04-02 18:08:48.500 10 INFO neutron.db.ovn_revision_numbers_db [None req-2e088098-d893-4480-ad6b-682d45daa9ae 15ac08b292f84221bdb7fa15f1fca821 64192436849b41b8b4ae850920ef1780 - - default default] Successfully bumped revision number for resource cad49a93-04c3-421e-ad0e-06ef03612f74 (type: security_groups) to 1
2026-04-02 18:08:48.513 10 INFO neutron.db.ovn_revision_numbers_db [None req-2e088098-d893-4480-ad6b-682d45daa9ae 15ac08b292f84221bdb7fa15f1fca821 64192436849b41b8b4ae850920ef1780 - - default default] Successfully bumped revision number for resource 3c07f279-1782-4927-a75d-3943210ff146 (type: security_group_rules) to 0
2026-04-02 18:08:48.515 9 INFO neutron.db.ovn_revision_numbers_db [None req-b2f5410b-1ae7-426a-910c-7634ad9342c1 15ac08b292f84221bdb7fa15f1fca821 64192436849b41b8b4ae850920ef1780 - - default default] Successfully bumped revision number for resource 4c524ac3-b77e-4994-a924-5b74ef25ea3a (type: security_group_rules) to 0
2026-04-02 18:08:48.529 10 INFO neutron.db.ovn_revision_numbers_db [None req-2e088098-d893-4480-ad6b-682d45daa9ae 15ac08b292f84221bdb7fa15f1fca821 64192436849b41b8b4ae850920ef1780 - - default default] Successfully bumped revision number for resource 7a1f1d8a-7737-4cd6-aef8-69ee60b007ce (type: security_group_rules) to 0
2026-04-02 18:08:48.531 9 INFO neutron.db.ovn_revision_numbers_db [None req-b2f5410b-1ae7-426a-910c-7634ad9342c1 15ac08b292f84221bdb7fa15f1fca821 64192436849b41b8b4ae850920ef1780 - - default default] Successfully bumped revision number for resource 7dc7d8f6-3b59-4b1e-9310-832bffa69aeb (type: security_group_rules) to 0
2026-04-02 18:08:48.545 10 INFO neutron.db.ovn_revision_numbers_db [None req-2e088098-d893-4480-ad6b-682d45daa9ae 15ac08b292f84221bdb7fa15f1fca821 64192436849b41b8b4ae850920ef1780 - - default default] Successfully bumped revision number for resource e1bf96df-1dde-4b5d-81de-fb3b0e0c01d0 (type: security_group_rules) to 0
2026-04-02 18:08:48.557 9 INFO neutron.db.ovn_revision_numbers_db [None req-b2f5410b-1ae7-426a-910c-7634ad9342c1 15ac08b292f84221bdb7fa15f1fca821 64192436849b41b8b4ae850920ef1780 - - default default] Successfully bumped revision number for resource 8b54645e-ef4f-4e0b-ba83-59473b063391 (type: security_group_rules) to 0
2026-04-02 18:08:48.560 10 INFO neutron.db.ovn_revision_numbers_db [None req-2e088098-d893-4480-ad6b-682d45daa9ae 15ac08b292f84221bdb7fa15f1fca821 64192436849b41b8b4ae850920ef1780 - - default default] Successfully bumped revision number for resource e9322e75-8e24-42c1-bcc5-38a28a303fa3 (type: security_group_rules) to 0
2026-04-02 18:08:48.665 10 INFO neutron.db.segments_db [None req-2e088098-d893-4480-ad6b-682d45daa9ae 15ac08b292f84221bdb7fa15f1fca821 64192436849b41b8b4ae850920ef1780 - - default default] Added segment e125bc53-2d7c-4252-8a95-9d4a47d95d43 of type geneve for network 2de98291-2b8c-46af-96af-b2f8473585f9
2026-04-02 18:08:48.672 9 INFO neutron.db.segments_db [None req-b2f5410b-1ae7-426a-910c-7634ad9342c1 15ac08b292f84221bdb7fa15f1fca821 64192436849b41b8b4ae850920ef1780 - - default default] Added segment a6b059a5-fc26-46e0-89a5-cc743383dfa4 of type geneve for network 39f6e5bf-9c0b-405c-a121-ff3f93cd3b3f
2026-04-02 18:08:48.692 9 INFO neutron.db.ovn_revision_numbers_db [None req-b30a7393-ea75-47d7-975c-ff7665a74896 15ac08b292f84221bdb7fa15f1fca821 64192436849b41b8b4ae850920ef1780 - - default default] Successfully bumped revision number for resource c86b2fe6-50b3-4e49-9197-9def4af1e9d0 (type: security_groups) to 1
2026-04-02 18:08:48.718 9 INFO neutron.db.ovn_revision_numbers_db [None req-b30a7393-ea75-47d7-975c-ff7665a74896 15ac08b292f84221bdb7fa15f1fca821 64192436849b41b8b4ae850920ef1780 - - default default] Successfully bumped revision number for resource 1aa16906-5c43-4d22-b33a-c545df2b0dbf (type: security_group_rules) to 0
2026-04-02 18:08:48.735 9 INFO neutron.db.ovn_revision_numbers_db [None req-b30a7393-ea75-47d7-975c-ff7665a74896 15ac08b292f84221bdb7fa15f1fca821 64192436849b41b8b4ae850920ef1780 - - default default] Successfully bumped revision number for resource 331bc313-84de-4a65-9777-d0400576d3f6 (type: security_group_rules) to 0
2026-04-02 18:08:48.748 9 INFO neutron.db.ovn_revision_numbers_db [None req-b30a7393-ea75-47d7-975c-ff7665a74896 15ac08b292f84221bdb7fa15f1fca821 64192436849b41b8b4ae850920ef1780 - - default default] Successfully bumped revision number for resource 8b1e39c3-c0b6-4246-b889-8ef8102d9bd5 (type: security_group_rules) to 0
2026-04-02 18:08:48.765 9 INFO neutron.db.ovn_revision_numbers_db [None req-b30a7393-ea75-47d7-975c-ff7665a74896 15ac08b292f84221bdb7fa15f1fca821 64192436849b41b8b4ae850920ef1780 - - default default] Successfully bumped revision number for resource eae31e92-9fe6-4693-8221-ea4a4b23fcf2 (type: security_group_rules) to 0
2026-04-02 18:08:48.767 10 INFO neutron.db.ovn_revision_numbers_db [None req-2e088098-d893-4480-ad6b-682d45daa9ae 15ac08b292f84221bdb7fa15f1fca821 64192436849b41b8b4ae850920ef1780 - - default default] Successfully bumped revision number for resource 2de98291-2b8c-46af-96af-b2f8473585f9 (type: networks) to 1
2026-04-02 18:08:48.809 9 INFO neutron.db.ovn_revision_numbers_db [None req-b2f5410b-1ae7-426a-910c-7634ad9342c1 15ac08b292f84221bdb7fa15f1fca821 64192436849b41b8b4ae850920ef1780 - - default default] Successfully bumped revision number for resource 39f6e5bf-9c0b-405c-a121-ff3f93cd3b3f (type: networks) to 1
2026-04-02 18:08:48.844 9 INFO neutron.db.segments_db [None req-b30a7393-ea75-47d7-975c-ff7665a74896 15ac08b292f84221bdb7fa15f1fca821 64192436849b41b8b4ae850920ef1780 - - default default] Added segment c57b2e32-de57-48b0-9a88-b21705e9be94 of type geneve for network 0676b085-69d6-4c2b-9a73-f84da7ce5e6c
2026-04-02 18:08:48.884 10 INFO neutron.api.wsgi [None req-6128a2bf-90ff-45f1-bd77-13dd1aab6276 15ac08b292f84221bdb7fa15f1fca821 64192436849b41b8b4ae850920ef1780 - - default default] 10.0.0.244 "GET /v2.0/subnets HTTP/1.1" status: 200 len: 1484 time: 0.2531564
2026-04-02 18:08:48.905 10 INFO neutron.api.wsgi [None req-7006877a-1a1b-4641-84cb-f08dff708cd8 15ac08b292f84221bdb7fa15f1fca821 64192436849b41b8b4ae850920ef1780 - - default default] 10.0.0.244 "GET /v2.0/routers HTTP/1.1" status: 200 len: 189 time: 0.0194535
2026-04-02 18:08:48.922 10 INFO neutron.api.wsgi [None req-316e2ce1-fe34-4a09-93f6-4c82df6ebafb 15ac08b292f84221bdb7fa15f1fca821 64192436849b41b8b4ae850920ef1780 - - default default] 10.0.0.244 "GET /v2.0/agents?binary=ovn-controller HTTP/1.1" status: 200 len: 591 time: 0.0162668
2026-04-02 18:08:48.945 10 INFO neutron.api.wsgi [None req-b7b16ec5-4a2a-4e41-affc-27767739c16d 15ac08b292f84221bdb7fa15f1fca821 64192436849b41b8b4ae850920ef1780 - - default default] 10.0.0.244 "GET /v2.0/network-ip-availabilities HTTP/1.1" status: 200 len: 2148 time: 0.0214109
2026-04-02 18:08:48.966 10 INFO neutron.api.wsgi [None req-3aff0540-7875-457a-8537-e04d84e8ab3f 15ac08b292f84221bdb7fa15f1fca821 64192436849b41b8b4ae850920ef1780 - - default default] 10.0.0.244 "GET /v2.0/floatingips HTTP/1.1" status: 200 len: 193 time: 0.0201316
2026-04-02 18:08:49.002 10 WARNING neutron.scheduler.dhcp_agent_scheduler [None req-2e088098-d893-4480-ad6b-682d45daa9ae 15ac08b292f84221bdb7fa15f1fca821 64192436849b41b8b4ae850920ef1780 - - default default] No more DHCP agents
2026-04-02 18:08:49.004 10 WARNING neutron.api.rpc.agentnotifiers.dhcp_rpc_agent_api [None req-2e088098-d893-4480-ad6b-682d45daa9ae 15ac08b292f84221bdb7fa15f1fca821 64192436849b41b8b4ae850920ef1780 - - default default] Unable to schedule network 2de98291-2b8c-46af-96af-b2f8473585f9: no agents available; will retry on subsequent port and subnet creation events.
2026-04-02 18:08:49.008 9 INFO neutron.db.ovn_revision_numbers_db [None req-b30a7393-ea75-47d7-975c-ff7665a74896 15ac08b292f84221bdb7fa15f1fca821 64192436849b41b8b4ae850920ef1780 - - default default] Successfully bumped revision number for resource 0676b085-69d6-4c2b-9a73-f84da7ce5e6c (type: networks) to 1
2026-04-02 18:08:49.032 10 INFO neutron.api.wsgi [None req-2d85df11-6a35-4878-8dd5-ef53dfb9d584 15ac08b292f84221bdb7fa15f1fca821 64192436849b41b8b4ae850920ef1780 - - default default] 10.0.0.244 "GET /v2.0/networks HTTP/1.1" status: 200 len: 4534 time: 0.0643048
2026-04-02 18:08:49.057 9 WARNING neutron.scheduler.dhcp_agent_scheduler [None req-b2f5410b-1ae7-426a-910c-7634ad9342c1 15ac08b292f84221bdb7fa15f1fca821 64192436849b41b8b4ae850920ef1780 - - default default] No more DHCP agents
2026-04-02 18:08:49.061 9 WARNING neutron.api.rpc.agentnotifiers.dhcp_rpc_agent_api [None req-b2f5410b-1ae7-426a-910c-7634ad9342c1 15ac08b292f84221bdb7fa15f1fca821 64192436849b41b8b4ae850920ef1780 - - default default] Unable to schedule network 39f6e5bf-9c0b-405c-a121-ff3f93cd3b3f: no agents available; will retry on subsequent port and subnet creation events.
2026-04-02 18:08:49.071 10 INFO neutron.api.wsgi [None req-4a270bdd-8c86-489b-be31-a0b3ad53b840 15ac08b292f84221bdb7fa15f1fca821 64192436849b41b8b4ae850920ef1780 - - default default] 10.0.0.244 "GET /v2.0/subnets HTTP/1.1" status: 200 len: 1484 time: 0.0322566
2026-04-02 18:08:49.087 10 INFO neutron.api.wsgi [None req-1adad81e-acee-4c3d-a2c1-680ceff7e271 15ac08b292f84221bdb7fa15f1fca821 64192436849b41b8b4ae850920ef1780 - - default default] 10.0.0.244 "GET /v2.0/subnetpools HTTP/1.1" status: 200 len: 193 time: 0.0096390
2026-04-02 18:08:49.114 10 INFO neutron.db.ovn_revision_numbers_db [None req-2e088098-d893-4480-ad6b-682d45daa9ae 15ac08b292f84221bdb7fa15f1fca821 64192436849b41b8b4ae850920ef1780 - - default default] Successfully bumped revision number for resource 0c7a87bd-fd5a-4ea4-8657-168990adcc27 (type: ports) to 1
2026-04-02 18:08:49.142 10 INFO neutron.api.wsgi [None req-2e088098-d893-4480-ad6b-682d45daa9ae 15ac08b292f84221bdb7fa15f1fca821 64192436849b41b8b4ae850920ef1780 - - default default] 10.0.0.191 "POST /v2.0/networks HTTP/1.1" status: 201 len: 951 time: 0.9408085
2026-04-02 18:08:49.150 10 INFO neutron.api.wsgi [None req-cf678c30-86dc-4bda-bfb5-189a061148fe 15ac08b292f84221bdb7fa15f1fca821 64192436849b41b8b4ae850920ef1780 - - default default] 10.0.0.244 "GET /v2.0/security-groups HTTP/1.1" status: 200 len: 26270 time: 0.0599244
2026-04-02 18:08:49.191 9 INFO neutron.db.ovn_revision_numbers_db [None req-b2f5410b-1ae7-426a-910c-7634ad9342c1 15ac08b292f84221bdb7fa15f1fca821 64192436849b41b8b4ae850920ef1780 - - default default] Successfully bumped revision number for resource 3124ee40-a6da-456c-b1d2-a00f67cb28e4 (type: ports) to 1
2026-04-02 18:08:49.231 9 INFO neutron.api.wsgi [None req-b2f5410b-1ae7-426a-910c-7634ad9342c1 15ac08b292f84221bdb7fa15f1fca821 64192436849b41b8b4ae850920ef1780 - - default default] 10.0.0.191 "POST /v2.0/networks HTTP/1.1" status: 201 len: 949 time: 1.1492651
2026-04-02 18:08:49.262 9 WARNING neutron.scheduler.dhcp_agent_scheduler [None req-b30a7393-ea75-47d7-975c-ff7665a74896 15ac08b292f84221bdb7fa15f1fca821 64192436849b41b8b4ae850920ef1780 - - default default] No more DHCP agents
2026-04-02 18:08:49.264 9 WARNING neutron.api.rpc.agentnotifiers.dhcp_rpc_agent_api [None req-b30a7393-ea75-47d7-975c-ff7665a74896 15ac08b292f84221bdb7fa15f1fca821 64192436849b41b8b4ae850920ef1780 - - default default] Unable to schedule network 0676b085-69d6-4c2b-9a73-f84da7ce5e6c: no agents available; will retry on subsequent port and subnet creation events.
2026-04-02 18:08:49.273 10 INFO neutron.api.wsgi [None req-90b900d9-b026-4903-aab5-6bbb2db6f2eb 15ac08b292f84221bdb7fa15f1fca821 64192436849b41b8b4ae850920ef1780 - - default default] 10.0.0.244 "GET /v2.0/ports HTTP/1.1" status: 200 len: 7095 time: 0.1141891
2026-04-02 18:08:49.293 10 INFO neutron.api.wsgi [None req-487c27f3-8b36-4de0-884b-6b2aafff2049 15ac08b292f84221bdb7fa15f1fca821 64192436849b41b8b4ae850920ef1780 - - default default] 10.0.0.244 "GET /v2.0/agents HTTP/1.1" status: 200 len: 1390 time: 0.0133052
2026-04-02 18:08:49.301 10 INFO neutron.db.ovn_revision_numbers_db [None req-93b233d3-4090-4778-ab20-0c75176f0e0e 15ac08b292f84221bdb7fa15f1fca821 64192436849b41b8b4ae850920ef1780 - - default default] Successfully bumped revision number for resource ccb04b5d-aa44-4a70-8b98-dc0443145f98 (type: security_groups) to 1
2026-04-02 18:08:49.320 10 INFO neutron.db.ovn_revision_numbers_db [None req-93b233d3-4090-4778-ab20-0c75176f0e0e 15ac08b292f84221bdb7fa15f1fca821 64192436849b41b8b4ae850920ef1780 - - default default] Successfully bumped revision number for resource 30fdcd22-ddf6-43c9-829f-5870415ca42d (type: security_group_rules) to 0
2026-04-02 18:08:49.338 10 INFO neutron.db.ovn_revision_numbers_db [None req-93b233d3-4090-4778-ab20-0c75176f0e0e 15ac08b292f84221bdb7fa15f1fca821 64192436849b41b8b4ae850920ef1780 - - default default] Successfully bumped revision number for resource 63c7ec8e-b90e-4ffa-a4dd-c4441673bc49 (type: security_group_rules) to 0
2026-04-02 18:08:49.352 10 INFO neutron.db.ovn_revision_numbers_db [None req-93b233d3-4090-4778-ab20-0c75176f0e0e 15ac08b292f84221bdb7fa15f1fca821 64192436849b41b8b4ae850920ef1780 - - default default] Successfully bumped revision number for resource 7367a1e9-ebbc-4e35-a901-8f985126f91a (type: security_group_rules) to 0
2026-04-02 18:08:49.358 9 INFO neutron.db.ovn_revision_numbers_db [None req-b30a7393-ea75-47d7-975c-ff7665a74896 15ac08b292f84221bdb7fa15f1fca821 64192436849b41b8b4ae850920ef1780 - - default default] Successfully bumped revision number for resource 90dff89d-cfba-4722-bda4-0cde67fbf098 (type: ports) to 1
2026-04-02 18:08:49.382 10 INFO neutron.db.ovn_revision_numbers_db [None req-93b233d3-4090-4778-ab20-0c75176f0e0e 15ac08b292f84221bdb7fa15f1fca821 64192436849b41b8b4ae850920ef1780 - - default default] Successfully bumped revision number for resource b200fa1c-d8dd-401c-ae77-bdc8bfbf82ca (type: security_group_rules) to 0
2026-04-02 18:08:49.385 9 WARNING neutron.scheduler.dhcp_agent_scheduler [None req-d6ea30ed-db3b-43c8-97cb-5613db3050f1 15ac08b292f84221bdb7fa15f1fca821 64192436849b41b8b4ae850920ef1780 - - default default] No more DHCP agents
2026-04-02 18:08:49.387 9 WARNING neutron.api.rpc.agentnotifiers.dhcp_rpc_agent_api [None req-d6ea30ed-db3b-43c8-97cb-5613db3050f1 15ac08b292f84221bdb7fa15f1fca821 64192436849b41b8b4ae850920ef1780 - - default default] Unable to schedule network 2de98291-2b8c-46af-96af-b2f8473585f9: no agents available; will retry on subsequent port and subnet creation events.
2026-04-02 18:08:49.415 9 INFO neutron.api.wsgi [None req-b30a7393-ea75-47d7-975c-ff7665a74896 15ac08b292f84221bdb7fa15f1fca821 64192436849b41b8b4ae850920ef1780 - - default default] 10.0.0.191 "POST /v2.0/networks HTTP/1.1" status: 201 len: 954 time: 0.9417601
2026-04-02 18:08:49.437 10 INFO neutron.api.wsgi [None req-93b233d3-4090-4778-ab20-0c75176f0e0e 15ac08b292f84221bdb7fa15f1fca821 64192436849b41b8b4ae850920ef1780 - - default default] 10.0.0.191 "GET /v2.0/security-groups?tenant_id=03037a4ed23e46e99e930a17de4aab3b&name=default HTTP/1.1" status: 200 len: 3116 time: 0.5367718
2026-04-02 18:08:49.455 9 WARNING neutron.scheduler.dhcp_agent_scheduler [None req-2be79a36-bee8-41c8-b6fa-f9f9bf577478 15ac08b292f84221bdb7fa15f1fca821 64192436849b41b8b4ae850920ef1780 - - default default] No more DHCP agents
2026-04-02 18:08:49.460 9 WARNING neutron.api.rpc.agentnotifiers.dhcp_rpc_agent_api [None req-2be79a36-bee8-41c8-b6fa-f9f9bf577478 15ac08b292f84221bdb7fa15f1fca821 64192436849b41b8b4ae850920ef1780 - - default default] Unable to schedule network 39f6e5bf-9c0b-405c-a121-ff3f93cd3b3f: no agents available; will retry on subsequent port and subnet creation events.
2026-04-02 18:08:49.640 9 WARNING neutron.scheduler.dhcp_agent_scheduler [None req-590392f7-ad5b-4ae8-b027-6d37b61c9912 15ac08b292f84221bdb7fa15f1fca821 64192436849b41b8b4ae850920ef1780 - - default default] No more DHCP agents
2026-04-02 18:08:49.642 9 WARNING neutron.api.rpc.agentnotifiers.dhcp_rpc_agent_api [None req-590392f7-ad5b-4ae8-b027-6d37b61c9912 15ac08b292f84221bdb7fa15f1fca821 64192436849b41b8b4ae850920ef1780 - - default default] Unable to schedule network 0676b085-69d6-4c2b-9a73-f84da7ce5e6c: no agents available; will retry on subsequent port and subnet creation events.
2026-04-02 18:08:49.680 10 INFO neutron.api.wsgi [None req-992396bf-713e-4f02-b76f-69fa446ba33f 15ac08b292f84221bdb7fa15f1fca821 64192436849b41b8b4ae850920ef1780 - - default default] 10.0.0.191 "DELETE /v2.0/security-groups/ccb04b5d-aa44-4a70-8b98-dc0443145f98 HTTP/1.1" status: 204 len: 168 time: 0.2370467
2026-04-02 18:08:50.209 9 INFO neutron.db.ovn_revision_numbers_db [None req-045be3c5-055f-4ffb-9d51-7f16d4075380 - - - - - -] Successfully bumped revision number for resource 0c7a87bd-fd5a-4ea4-8657-168990adcc27 (type: ports) to 2
2026-04-02 18:08:50.261 9 INFO neutron.db.ovn_revision_numbers_db [None req-045be3c5-055f-4ffb-9d51-7f16d4075380 - - - - - -] Successfully bumped revision number for resource 9d733194-e560-4a41-97f8-92d85776c022 (type: subnets) to 0
2026-04-02 18:08:50.279 9 INFO neutron.api.wsgi [None req-d6ea30ed-db3b-43c8-97cb-5613db3050f1 15ac08b292f84221bdb7fa15f1fca821 64192436849b41b8b4ae850920ef1780 - - default default] 10.0.0.191 "POST /v2.0/subnets HTTP/1.1" status: 201 len: 895 time: 1.1301000
2026-04-02 18:08:50.303 9 INFO neutron.db.ovn_revision_numbers_db [None req-5db06958-51a4-4c62-93d6-70b13cc1adae - - - - - -] Successfully bumped revision number for resource 3124ee40-a6da-456c-b1d2-a00f67cb28e4 (type: ports) to 2
2026-04-02 18:08:50.335 9 INFO neutron.db.ovn_revision_numbers_db [None req-5db06958-51a4-4c62-93d6-70b13cc1adae - - - - - -] Successfully bumped revision number for resource 824f7ab7-5585-4c39-9952-0a675267f008 (type: subnets) to 0
2026-04-02 18:08:50.352 9 INFO neutron.api.wsgi [None req-2be79a36-bee8-41c8-b6fa-f9f9bf577478 15ac08b292f84221bdb7fa15f1fca821 64192436849b41b8b4ae850920ef1780 - - default default] 10.0.0.191 "POST /v2.0/subnets HTTP/1.1" status: 201 len: 893 time: 1.1149409
2026-04-02 18:08:50.401 9 INFO neutron.db.ovn_revision_numbers_db [None req-3356d256-3a81-474f-8a6d-ef0c265b4af5 - - - - - -] Successfully bumped revision number for resource 90dff89d-cfba-4722-bda4-0cde67fbf098 (type: ports) to 2
2026-04-02 18:08:50.513 9 INFO neutron.db.ovn_revision_numbers_db [None req-3356d256-3a81-474f-8a6d-ef0c265b4af5 - - - - - -] Successfully bumped revision number for resource e6e86aa4-d317-4788-bc67-407db0ce5c54 (type: subnets) to 0
2026-04-02 18:08:50.543 9 INFO neutron.api.wsgi [None req-590392f7-ad5b-4ae8-b027-6d37b61c9912 15ac08b292f84221bdb7fa15f1fca821 64192436849b41b8b4ae850920ef1780 - - default default] 10.0.0.191 "POST /v2.0/subnets HTTP/1.1" status: 201 len: 898 time: 1.1176853
2026-04-02 18:08:50.816 10 WARNING neutron.scheduler.dhcp_agent_scheduler [None req-c51acdf6-f1d4-442c-b19e-ed20d4ad3921 15ac08b292f84221bdb7fa15f1fca821 64192436849b41b8b4ae850920ef1780 - - default default] No more DHCP agents
2026-04-02 18:08:50.819 10 WARNING neutron.api.rpc.agentnotifiers.dhcp_rpc_agent_api [None req-c51acdf6-f1d4-442c-b19e-ed20d4ad3921 15ac08b292f84221bdb7fa15f1fca821 64192436849b41b8b4ae850920ef1780 - - default default] Unable to schedule network 01cd64d3-5f44-49a4-af49-91bcc888d368: no agents available; will retry on subsequent port and subnet creation events.
2026-04-02 18:08:50.837 9 WARNING neutron.scheduler.dhcp_agent_scheduler [None req-6f6861d7-f5bd-4f40-ad9a-c42c3d84b574 15ac08b292f84221bdb7fa15f1fca821 64192436849b41b8b4ae850920ef1780 - - default default] No more DHCP agents
2026-04-02 18:08:50.839 9 WARNING neutron.api.rpc.agentnotifiers.dhcp_rpc_agent_api [None req-6f6861d7-f5bd-4f40-ad9a-c42c3d84b574 15ac08b292f84221bdb7fa15f1fca821 64192436849b41b8b4ae850920ef1780 - - default default] Unable to schedule network 01cd64d3-5f44-49a4-af49-91bcc888d368: no agents available; will retry on subsequent port and subnet creation events.
2026-04-02 18:08:50.938 10 INFO neutron.db.ovn_revision_numbers_db [None req-c51acdf6-f1d4-442c-b19e-ed20d4ad3921 15ac08b292f84221bdb7fa15f1fca821 64192436849b41b8b4ae850920ef1780 - - default default] Successfully bumped revision number for resource a33d4ff8-dc8f-43cd-a952-70811a2f138b (type: ports) to 1
2026-04-02 18:08:50.948 9 INFO neutron.db.ovn_revision_numbers_db [None req-6f6861d7-f5bd-4f40-ad9a-c42c3d84b574 15ac08b292f84221bdb7fa15f1fca821 64192436849b41b8b4ae850920ef1780 - - default default] Successfully bumped revision number for resource 36a7ccab-fcf1-4a04-b9e7-d3c258c7da8e (type: ports) to 1
2026-04-02 18:08:51.001 10 WARNING neutron.scheduler.dhcp_agent_scheduler [None req-94886643-dd36-49b7-8a85-3a24e54642f0 15ac08b292f84221bdb7fa15f1fca821 64192436849b41b8b4ae850920ef1780 - - default default] No more DHCP agents
2026-04-02 18:08:51.003 10 WARNING neutron.api.rpc.agentnotifiers.dhcp_rpc_agent_api [None req-94886643-dd36-49b7-8a85-3a24e54642f0 15ac08b292f84221bdb7fa15f1fca821 64192436849b41b8b4ae850920ef1780 - - default default] Unable to schedule network 01cd64d3-5f44-49a4-af49-91bcc888d368: no agents available; will retry on subsequent port and subnet creation events.
2026-04-02 18:08:51.238 10 INFO neutron.db.ovn_revision_numbers_db [None req-94886643-dd36-49b7-8a85-3a24e54642f0 15ac08b292f84221bdb7fa15f1fca821 64192436849b41b8b4ae850920ef1780 - - default default] Successfully bumped revision number for resource 27ff2b49-423c-4b0e-8e16-bbef4ccc2144 (type: ports) to 1
2026-04-02 18:08:51.298 9 INFO neutron.plugins.ml2.drivers.ovn.mech_driver.ovsdb.extensions.qos [None req-6f6861d7-f5bd-4f40-ad9a-c42c3d84b574 15ac08b292f84221bdb7fa15f1fca821 64192436849b41b8b4ae850920ef1780 - - default default] Starting OVNClientQosExtension
2026-04-02 18:08:51.314 10 INFO neutron.plugins.ml2.drivers.ovn.mech_driver.ovsdb.extensions.qos [None req-c51acdf6-f1d4-442c-b19e-ed20d4ad3921 15ac08b292f84221bdb7fa15f1fca821 64192436849b41b8b4ae850920ef1780 - - default default] Starting OVNClientQosExtension
2026-04-02 18:08:51.594 9 INFO neutron.plugins.ml2.drivers.ovn.mech_driver.ovsdb.commands [None req-b2ff25d3-91fa-48f2-b0df-3576c004384b - - - - - -] Schedule LRP lrp-36a7ccab-fcf1-4a04-b9e7-d3c258c7da8e on gateway 6e34f127-4aeb-4395-bca0-4bf18ef541b5 with priority 1
2026-04-02 18:08:51.609 10 INFO neutron.plugins.ml2.drivers.ovn.mech_driver.mech_driver [None req-2a9ab226-0f01-4be6-907d-ab4c9f78ada3 - - - - - -] OVN reports status up for port: 36a7ccab-fcf1-4a04-b9e7-d3c258c7da8e
2026-04-02 18:08:51.632 10 INFO neutron.plugins.ml2.drivers.ovn.mech_driver.ovsdb.ovsdb_monitor [-] Router dea1529d-6a71-42df-a1bd-aa310c231f7a is bound to host instance
2026-04-02 18:08:51.639 9 INFO neutron.db.ovn_revision_numbers_db [None req-6f6861d7-f5bd-4f40-ad9a-c42c3d84b574 15ac08b292f84221bdb7fa15f1fca821 64192436849b41b8b4ae850920ef1780 - - default default] Successfully bumped revision number for resource 36a7ccab-fcf1-4a04-b9e7-d3c258c7da8e (type: router_ports) to 1
2026-04-02 18:08:51.678 10 INFO neutron.plugins.ml2.plugin [None req-2a9ab226-0f01-4be6-907d-ab4c9f78ada3 - - - - - -] Attempt 1 to provision port 36a7ccab-fcf1-4a04-b9e7-d3c258c7da8e
2026-04-02 18:08:51.708 9 INFO neutron.db.ovn_revision_numbers_db [None req-6f6861d7-f5bd-4f40-ad9a-c42c3d84b574 15ac08b292f84221bdb7fa15f1fca821 64192436849b41b8b4ae850920ef1780 - - default default] Successfully bumped revision number for resource dea1529d-6a71-42df-a1bd-aa310c231f7a (type: routers) to 2
2026-04-02 18:08:51.739 9 INFO neutron.api.wsgi [None req-6f6861d7-f5bd-4f40-ad9a-c42c3d84b574 15ac08b292f84221bdb7fa15f1fca821 64192436849b41b8b4ae850920ef1780 - - default default] 10.0.0.191 "POST /v2.0/routers HTTP/1.1" status: 201 len: 1171 time: 1.3810353
2026-04-02 18:08:51.794 10 INFO neutron.db.ovn_revision_numbers_db [None req-e8269409-2480-4d44-97f7-a577dd32121b 15ac08b292f84221bdb7fa15f1fca821 64192436849b41b8b4ae850920ef1780 - - default default] Successfully bumped revision number for resource a84ddac4-0d73-44b0-af02-b79346ba92be (type: security_groups) to 1
2026-04-02 18:08:51.835 10 INFO neutron.plugins.ml2.drivers.ovn.mech_driver.ovsdb.commands [None req-a500e351-2feb-4399-ab09-998e3b26f4ac - - - - - -] Schedule LRP lrp-a33d4ff8-dc8f-43cd-a952-70811a2f138b on gateway 6e34f127-4aeb-4395-bca0-4bf18ef541b5 with priority 1
2026-04-02 18:08:51.838 10 INFO neutron.db.ovn_revision_numbers_db [None req-e8269409-2480-4d44-97f7-a577dd32121b 15ac08b292f84221bdb7fa15f1fca821 64192436849b41b8b4ae850920ef1780 - - default default] Successfully bumped revision number for resource 1cc808c3-ba89-4819-a23b-c4161d4d588d (type: security_group_rules) to 0
2026-04-02 18:08:51.874 10 INFO neutron.db.ovn_revision_numbers_db [None req-e8269409-2480-4d44-97f7-a577dd32121b 15ac08b292f84221bdb7fa15f1fca821 64192436849b41b8b4ae850920ef1780 - - default default] Successfully bumped revision number for resource 34590adf-9b15-4937-b4df-eec8490961b9 (type: security_group_rules) to 0
2026-04-02 18:08:51.901 10 INFO neutron.db.ovn_revision_numbers_db [None req-e8269409-2480-4d44-97f7-a577dd32121b 15ac08b292f84221bdb7fa15f1fca821 64192436849b41b8b4ae850920ef1780 - - default default] Successfully bumped revision number for resource 7380e327-d9bd-4b23-8e2a-c456f65b338f (type: security_group_rules) to 0
2026-04-02 18:08:51.905 10 INFO neutron.db.ovn_revision_numbers_db [None req-c51acdf6-f1d4-442c-b19e-ed20d4ad3921 15ac08b292f84221bdb7fa15f1fca821 64192436849b41b8b4ae850920ef1780 - - default default] Successfully bumped revision number for resource a33d4ff8-dc8f-43cd-a952-70811a2f138b (type: router_ports) to 1
2026-04-02 18:08:51.933 10 INFO neutron.db.ovn_revision_numbers_db [None req-e8269409-2480-4d44-97f7-a577dd32121b 15ac08b292f84221bdb7fa15f1fca821 64192436849b41b8b4ae850920ef1780 - - default default] Successfully bumped revision number for resource f4db45e2-71ae-4a44-acc6-eb7e051ee162 (type: security_group_rules) to 0
2026-04-02 18:08:52.042 10 INFO neutron.db.ovn_revision_numbers_db [None req-c51acdf6-f1d4-442c-b19e-ed20d4ad3921 15ac08b292f84221bdb7fa15f1fca821 64192436849b41b8b4ae850920ef1780 - - default default] Successfully bumped revision number for resource 582aafca-796c-48e1-855d-f4375c58df85 (type: routers) to 2
2026-04-02 18:08:52.076 10 INFO neutron.db.segments_db [None req-e8269409-2480-4d44-97f7-a577dd32121b 15ac08b292f84221bdb7fa15f1fca821 64192436849b41b8b4ae850920ef1780 - - default default] Added segment 2fbb054e-f6a6-4549-942e-130aca74d1ba of type geneve for network e382b4fc-db52-4df2-b0e8-14e2de477cfb
2026-04-02 18:08:52.081 10 INFO neutron.api.wsgi [None req-c51acdf6-f1d4-442c-b19e-ed20d4ad3921 15ac08b292f84221bdb7fa15f1fca821 64192436849b41b8b4ae850920ef1780 - - default default] 10.0.0.191 "POST /v2.0/routers HTTP/1.1" status: 201 len: 1173 time: 1.7953424
2026-04-02 18:08:52.194 10 INFO neutron.plugins.ml2.drivers.ovn.mech_driver.ovsdb.commands [None req-a500e351-2feb-4399-ab09-998e3b26f4ac - - - - - -] Schedule LRP lrp-27ff2b49-423c-4b0e-8e16-bbef4ccc2144 on gateway 6e34f127-4aeb-4395-bca0-4bf18ef541b5 with priority 1
2026-04-02 18:08:52.224 9 INFO neutron.plugins.ml2.drivers.ovn.mech_driver.mech_driver [-] OVN reports status up for port: 27ff2b49-423c-4b0e-8e16-bbef4ccc2144
2026-04-02 18:08:52.226 9 INFO neutron.plugins.ml2.drivers.ovn.mech_driver.ovsdb.ovsdb_monitor [-] Router 33bf51b3-d3f5-4578-adf9-af38a34cb34a is bound to host instance
2026-04-02 18:08:52.245 9 INFO neutron.plugins.ml2.plugin [None req-7a3409ea-b333-4c29-8fd5-9bddd66f4fc7 - - - - - -] Attempt 1 to provision port 27ff2b49-423c-4b0e-8e16-bbef4ccc2144
2026-04-02 18:08:52.254 10 INFO neutron.db.ovn_revision_numbers_db [None req-94886643-dd36-49b7-8a85-3a24e54642f0 15ac08b292f84221bdb7fa15f1fca821 64192436849b41b8b4ae850920ef1780 - - default default] Successfully bumped revision number for resource 27ff2b49-423c-4b0e-8e16-bbef4ccc2144 (type: router_ports) to 1
2026-04-02 18:08:52.279 10 INFO neutron.db.ovn_revision_numbers_db [None req-e8269409-2480-4d44-97f7-a577dd32121b 15ac08b292f84221bdb7fa15f1fca821 64192436849b41b8b4ae850920ef1780 - - default default] Successfully bumped revision number for resource e382b4fc-db52-4df2-b0e8-14e2de477cfb (type: networks) to 1
2026-04-02 18:08:52.328 9 WARNING neutron.scheduler.dhcp_agent_scheduler [None req-6604a096-a421-4529-866b-2b1934a500e6 15ac08b292f84221bdb7fa15f1fca821 64192436849b41b8b4ae850920ef1780 - - default default] No more DHCP agents
2026-04-02 18:08:52.332 9 WARNING neutron.api.rpc.agentnotifiers.dhcp_rpc_agent_api [None req-6604a096-a421-4529-866b-2b1934a500e6 15ac08b292f84221bdb7fa15f1fca821 64192436849b41b8b4ae850920ef1780 - - default default] Unable to schedule network 39f6e5bf-9c0b-405c-a121-ff3f93cd3b3f: no agents available; will retry on subsequent port and subnet creation events.
2026-04-02 18:08:52.449 10 INFO neutron.db.ovn_revision_numbers_db [None req-94886643-dd36-49b7-8a85-3a24e54642f0 15ac08b292f84221bdb7fa15f1fca821 64192436849b41b8b4ae850920ef1780 - - default default] Successfully bumped revision number for resource 33bf51b3-d3f5-4578-adf9-af38a34cb34a (type: routers) to 2
2026-04-02 18:08:52.465 10 INFO neutron.api.wsgi [None req-94886643-dd36-49b7-8a85-3a24e54642f0 15ac08b292f84221bdb7fa15f1fca821 64192436849b41b8b4ae850920ef1780 - - default default] 10.0.0.191 "POST /v2.0/routers HTTP/1.1" status: 201 len: 1176 time: 1.9128318
2026-04-02 18:08:52.527 9 INFO neutron.db.ovn_revision_numbers_db [None req-6604a096-a421-4529-866b-2b1934a500e6 15ac08b292f84221bdb7fa15f1fca821 64192436849b41b8b4ae850920ef1780 - - default default] Successfully bumped revision number for resource f72c57cc-a02a-4f79-8200-ddda3a9b1236 (type: ports) to 1
2026-04-02 18:08:52.607 10 INFO neutron.db.ovn_revision_numbers_db [None req-ccbe9b33-6242-4f12-b36f-c027c3f6d009 - - - - - -] Successfully bumped revision number for resource 36a7ccab-fcf1-4a04-b9e7-d3c258c7da8e (type: ports) to 1
2026-04-02 18:08:52.630 10 WARNING neutron.scheduler.dhcp_agent_scheduler [None req-e8269409-2480-4d44-97f7-a577dd32121b 15ac08b292f84221bdb7fa15f1fca821 64192436849b41b8b4ae850920ef1780 - - default default] No more DHCP agents
2026-04-02 18:08:52.633 10 WARNING neutron.api.rpc.agentnotifiers.dhcp_rpc_agent_api [None req-e8269409-2480-4d44-97f7-a577dd32121b 15ac08b292f84221bdb7fa15f1fca821 64192436849b41b8b4ae850920ef1780 - - default default] Unable to schedule network e382b4fc-db52-4df2-b0e8-14e2de477cfb: no agents available; will retry on subsequent port and subnet creation events.
2026-04-02 18:08:52.731 10 INFO neutron.db.ovn_revision_numbers_db [None req-e8269409-2480-4d44-97f7-a577dd32121b 15ac08b292f84221bdb7fa15f1fca821 64192436849b41b8b4ae850920ef1780 - - default default] Successfully bumped revision number for resource 42db1c0a-5309-4d48-9c8a-53f0c0f6947f (type: ports) to 1
2026-04-02 18:08:52.763 10 INFO neutron.api.wsgi [None req-e8269409-2480-4d44-97f7-a577dd32121b 15ac08b292f84221bdb7fa15f1fca821 64192436849b41b8b4ae850920ef1780 - - default default] 10.0.0.191 "POST /v2.0/networks HTTP/1.1" status: 201 len: 946 time: 1.4190671
2026-04-02 18:08:52.942 9 WARNING neutron.scheduler.dhcp_agent_scheduler [None req-642e1b45-c2c6-421d-938c-d7bbaec61a10 15ac08b292f84221bdb7fa15f1fca821 64192436849b41b8b4ae850920ef1780 - - default default] No more DHCP agents
2026-04-02 18:08:52.945 9 WARNING neutron.api.rpc.agentnotifiers.dhcp_rpc_agent_api [None req-642e1b45-c2c6-421d-938c-d7bbaec61a10 15ac08b292f84221bdb7fa15f1fca821 64192436849b41b8b4ae850920ef1780 - - default default] Unable to schedule network 2de98291-2b8c-46af-96af-b2f8473585f9: no agents available; will retry on subsequent port and subnet creation events.
2026-04-02 18:08:53.000 10 WARNING neutron.scheduler.dhcp_agent_scheduler [None req-3b111330-91e7-45a8-8f61-fec66f3d804e 15ac08b292f84221bdb7fa15f1fca821 64192436849b41b8b4ae850920ef1780 - - default default] No more DHCP agents
2026-04-02 18:08:53.006 10 WARNING neutron.api.rpc.agentnotifiers.dhcp_rpc_agent_api [None req-3b111330-91e7-45a8-8f61-fec66f3d804e 15ac08b292f84221bdb7fa15f1fca821 64192436849b41b8b4ae850920ef1780 - - default default] Unable to schedule network e382b4fc-db52-4df2-b0e8-14e2de477cfb: no agents available; will retry on subsequent port and subnet creation events.
2026-04-02 18:08:53.071 9 INFO neutron.db.ovn_revision_numbers_db [None req-046630bc-6c3e-4ee1-a8f1-7a11f7be10a9 - - - - - -] Successfully bumped revision number for resource 27ff2b49-423c-4b0e-8e16-bbef4ccc2144 (type: ports) to 1
2026-04-02 18:08:53.109 10 INFO neutron.db.ovn_revision_numbers_db [None req-ccbe9b33-6242-4f12-b36f-c027c3f6d009 - - - - - -] Successfully bumped revision number for resource 36a7ccab-fcf1-4a04-b9e7-d3c258c7da8e (type: ports) to 4
2026-04-02 18:08:53.113 9 INFO neutron.db.ovn_revision_numbers_db [None req-642e1b45-c2c6-421d-938c-d7bbaec61a10 15ac08b292f84221bdb7fa15f1fca821 64192436849b41b8b4ae850920ef1780 - - default default] Successfully bumped revision number for resource 0431dad9-c92a-4c9c-b32c-6257a84c25e5 (type: ports) to 1
2026-04-02 18:08:53.144 10 WARNING neutron.scheduler.dhcp_agent_scheduler [None req-b61af2b3-2830-460d-afe4-4d991663c7a8 15ac08b292f84221bdb7fa15f1fca821 64192436849b41b8b4ae850920ef1780 - - default default] No more DHCP agents
2026-04-02 18:08:53.147 10 WARNING neutron.api.rpc.agentnotifiers.dhcp_rpc_agent_api [None req-b61af2b3-2830-460d-afe4-4d991663c7a8 15ac08b292f84221bdb7fa15f1fca821 64192436849b41b8b4ae850920ef1780 - - default default] Unable to schedule network 0676b085-69d6-4c2b-9a73-f84da7ce5e6c: no agents available; will retry on subsequent port and subnet creation events.
2026-04-02 18:08:53.348 10 INFO neutron.db.ovn_revision_numbers_db [None req-b61af2b3-2830-460d-afe4-4d991663c7a8 15ac08b292f84221bdb7fa15f1fca821 64192436849b41b8b4ae850920ef1780 - - default default] Successfully bumped revision number for resource db72fdf6-c446-4fe9-be0a-6a03dc447b26 (type: ports) to 1
2026-04-02 18:08:53.559 9 INFO neutron.db.ovn_revision_numbers_db [None req-6604a096-a421-4529-866b-2b1934a500e6 15ac08b292f84221bdb7fa15f1fca821 64192436849b41b8b4ae850920ef1780 - - default default] Successfully bumped revision number for resource f72c57cc-a02a-4f79-8200-ddda3a9b1236 (type: ports) to 1
2026-04-02 18:08:53.621 9 INFO neutron.db.ovn_revision_numbers_db [None req-046630bc-6c3e-4ee1-a8f1-7a11f7be10a9 - - - - - -] Successfully bumped revision number for resource 27ff2b49-423c-4b0e-8e16-bbef4ccc2144 (type: ports) to 4
2026-04-02 18:08:53.659 9 WARNING neutron.scheduler.dhcp_agent_scheduler [None req-6604a096-a421-4529-866b-2b1934a500e6 15ac08b292f84221bdb7fa15f1fca821 64192436849b41b8b4ae850920ef1780 - - default default] No more DHCP agents
2026-04-02 18:08:53.663 9 WARNING neutron.api.rpc.agentnotifiers.dhcp_rpc_agent_api [None req-6604a096-a421-4529-866b-2b1934a500e6 15ac08b292f84221bdb7fa15f1fca821 64192436849b41b8b4ae850920ef1780 - - default default] Unable to schedule network 39f6e5bf-9c0b-405c-a121-ff3f93cd3b3f: no agents available; will retry on subsequent port and subnet creation events.
2026-04-02 18:08:53.694 10 INFO neutron.db.ovn_revision_numbers_db [None req-ccbe9b33-6242-4f12-b36f-c027c3f6d009 - - - - - -] Successfully bumped revision number for resource 36a7ccab-fcf1-4a04-b9e7-d3c258c7da8e (type: ports) to 5
2026-04-02 18:08:53.861 10 INFO neutron.db.ovn_revision_numbers_db [None req-ec5d632a-f800-41f7-859b-40fd2cdced46 - - - - - -] Successfully bumped revision number for resource 42db1c0a-5309-4d48-9c8a-53f0c0f6947f (type: ports) to 2
2026-04-02 18:08:53.892 10 INFO neutron.plugins.ml2.drivers.ovn.mech_driver.ovsdb.ovsdb_monitor [None req-ccbe9b33-6242-4f12-b36f-c027c3f6d009 - - - - - -] Router 582aafca-796c-48e1-855d-f4375c58df85 is bound to host instance
2026-04-02 18:08:53.916 10 INFO neutron.db.ovn_revision_numbers_db [None req-ec5d632a-f800-41f7-859b-40fd2cdced46 - - - - - -] Successfully bumped revision number for resource 76375f53-b211-4347-8958-3207ec886f99 (type: subnets) to 0
2026-04-02 18:08:53.937 10 INFO neutron.api.wsgi [None req-3b111330-91e7-45a8-8f61-fec66f3d804e 15ac08b292f84221bdb7fa15f1fca821 64192436849b41b8b4ae850920ef1780 - - default default] 10.0.0.191 "POST /v2.0/subnets HTTP/1.1" status: 201 len: 890 time: 1.1672118
2026-04-02 18:08:54.157 9 INFO neutron.db.ovn_revision_numbers_db [None req-642e1b45-c2c6-421d-938c-d7bbaec61a10 15ac08b292f84221bdb7fa15f1fca821 64192436849b41b8b4ae850920ef1780 - - default default] Successfully bumped revision number for resource 0431dad9-c92a-4c9c-b32c-6257a84c25e5 (type: ports) to 1
2026-04-02 18:08:54.213 10 INFO neutron.db.ovn_revision_numbers_db [None req-b61af2b3-2830-460d-afe4-4d991663c7a8 15ac08b292f84221bdb7fa15f1fca821 64192436849b41b8b4ae850920ef1780 - - default default] Successfully bumped revision number for resource db72fdf6-c446-4fe9-be0a-6a03dc447b26 (type: ports) to 1
2026-04-02 18:08:54.280 10 WARNING neutron.scheduler.dhcp_agent_scheduler [None req-b61af2b3-2830-460d-afe4-4d991663c7a8 15ac08b292f84221bdb7fa15f1fca821 64192436849b41b8b4ae850920ef1780 - - default default] No more DHCP agents
2026-04-02 18:08:54.288 10 WARNING neutron.api.rpc.agentnotifiers.dhcp_rpc_agent_api [None req-b61af2b3-2830-460d-afe4-4d991663c7a8 15ac08b292f84221bdb7fa15f1fca821 64192436849b41b8b4ae850920ef1780 - - default default] Unable to schedule network 0676b085-69d6-4c2b-9a73-f84da7ce5e6c: no agents available; will retry on subsequent port and subnet creation events.
2026-04-02 18:08:54.301 9 WARNING neutron.scheduler.dhcp_agent_scheduler [None req-642e1b45-c2c6-421d-938c-d7bbaec61a10 15ac08b292f84221bdb7fa15f1fca821 64192436849b41b8b4ae850920ef1780 - - default default] No more DHCP agents
2026-04-02 18:08:54.306 9 WARNING neutron.api.rpc.agentnotifiers.dhcp_rpc_agent_api [None req-642e1b45-c2c6-421d-938c-d7bbaec61a10 15ac08b292f84221bdb7fa15f1fca821 64192436849b41b8b4ae850920ef1780 - - default default] Unable to schedule network 2de98291-2b8c-46af-96af-b2f8473585f9: no agents available; will retry on subsequent port and subnet creation events.
2026-04-02 18:08:54.355 9 INFO neutron.db.ovn_revision_numbers_db [None req-046630bc-6c3e-4ee1-a8f1-7a11f7be10a9 - - - - - -] Successfully bumped revision number for resource 27ff2b49-423c-4b0e-8e16-bbef4ccc2144 (type: ports) to 5
2026-04-02 18:08:54.430 10 INFO neutron.db.ovn_revision_numbers_db [None req-2388ab3d-d652-416f-8369-a326b86c927b - - - - - -] Successfully bumped revision number for resource a33d4ff8-dc8f-43cd-a952-70811a2f138b (type: ports) to 1
2026-04-02 18:08:54.657 10 INFO neutron.plugins.ml2.drivers.ovn.mech_driver.mech_driver [None req-2a9ab226-0f01-4be6-907d-ab4c9f78ada3 - - - - - -] OVN reports status up for port: a33d4ff8-dc8f-43cd-a952-70811a2f138b
2026-04-02 18:08:54.677 10 INFO neutron.plugins.ml2.plugin [None req-2a9ab226-0f01-4be6-907d-ab4c9f78ada3 - - - - - -] Attempt 1 to provision port a33d4ff8-dc8f-43cd-a952-70811a2f138b
2026-04-02 18:08:54.766 9 WARNING neutron.scheduler.dhcp_agent_scheduler [None req-980d69b2-45d1-41c5-85fc-1237b2af292f 15ac08b292f84221bdb7fa15f1fca821 64192436849b41b8b4ae850920ef1780 - - default default] No more DHCP agents
2026-04-02 18:08:54.769 9 WARNING neutron.api.rpc.agentnotifiers.dhcp_rpc_agent_api [None req-980d69b2-45d1-41c5-85fc-1237b2af292f 15ac08b292f84221bdb7fa15f1fca821 64192436849b41b8b4ae850920ef1780 - - default default] Unable to schedule network 01cd64d3-5f44-49a4-af49-91bcc888d368: no agents available; will retry on subsequent port and subnet creation events.
2026-04-02 18:08:54.925 9 INFO neutron.db.ovn_revision_numbers_db [None req-6604a096-a421-4529-866b-2b1934a500e6 15ac08b292f84221bdb7fa15f1fca821 64192436849b41b8b4ae850920ef1780 - - default default] Successfully bumped revision number for resource f72c57cc-a02a-4f79-8200-ddda3a9b1236 (type: router_ports) to 1
2026-04-02 18:08:54.930 9 INFO neutron.api.wsgi [None req-6604a096-a421-4529-866b-2b1934a500e6 15ac08b292f84221bdb7fa15f1fca821 64192436849b41b8b4ae850920ef1780 - - default default] 10.0.0.191 "PUT /v2.0/routers/dea1529d-6a71-42df-a1bd-aa310c231f7a/add_router_interface HTTP/1.1" status: 200 len: 503 time: 3.1861050
2026-04-02 18:08:54.950 9 INFO neutron.db.ovn_revision_numbers_db [None req-980d69b2-45d1-41c5-85fc-1237b2af292f 15ac08b292f84221bdb7fa15f1fca821 64192436849b41b8b4ae850920ef1780 - - default default] Successfully bumped revision number for resource 2bfdd4df-38d6-4a67-9769-7e51fa3217db (type: ports) to 1
2026-04-02 18:08:54.995 10 INFO neutron.db.ovn_revision_numbers_db [None req-2388ab3d-d652-416f-8369-a326b86c927b - - - - - -] Successfully bumped revision number for resource a33d4ff8-dc8f-43cd-a952-70811a2f138b (type: ports) to 4
2026-04-02 18:08:55.148 10 INFO neutron.db.ovn_revision_numbers_db [None req-2a9ab226-0f01-4be6-907d-ab4c9f78ada3 - - - - - -] Successfully bumped revision number for resource a33d4ff8-dc8f-43cd-a952-70811a2f138b (type: ports) to 5
2026-04-02 18:08:55.358 10 INFO neutron.plugins.ml2.drivers.ovn.mech_driver.mech_driver [None req-65b04274-1e78-4fe6-9feb-b3486f93a010 - - - - - -] OVN reports status up for port: f72c57cc-a02a-4f79-8200-ddda3a9b1236
2026-04-02 18:08:55.366 10 INFO neutron.db.ovn_revision_numbers_db [None req-b61af2b3-2830-460d-afe4-4d991663c7a8 15ac08b292f84221bdb7fa15f1fca821 64192436849b41b8b4ae850920ef1780 - - default default] Successfully bumped revision number for resource db72fdf6-c446-4fe9-be0a-6a03dc447b26 (type: router_ports) to 1
2026-04-02 18:08:55.372 10 INFO neutron.api.wsgi [None req-b61af2b3-2830-460d-afe4-4d991663c7a8 15ac08b292f84221bdb7fa15f1fca821 64192436849b41b8b4ae850920ef1780 - - default default] 10.0.0.191 "PUT /v2.0/routers/33bf51b3-d3f5-4578-adf9-af38a34cb34a/add_router_interface HTTP/1.1" status: 200 len: 503 time: 2.9008384
2026-04-02 18:08:55.378 10 INFO neutron.plugins.ml2.plugin [None req-65b04274-1e78-4fe6-9feb-b3486f93a010 - - - - - -] Attempt 1 to provision port f72c57cc-a02a-4f79-8200-ddda3a9b1236
2026-04-02 18:08:55.489 9 INFO neutron.db.ovn_revision_numbers_db [None req-642e1b45-c2c6-421d-938c-d7bbaec61a10 15ac08b292f84221bdb7fa15f1fca821 64192436849b41b8b4ae850920ef1780 - - default default] Successfully bumped revision number for resource 0431dad9-c92a-4c9c-b32c-6257a84c25e5 (type: router_ports) to 1
2026-04-02 18:08:55.493 9 INFO neutron.api.wsgi [None req-642e1b45-c2c6-421d-938c-d7bbaec61a10 15ac08b292f84221bdb7fa15f1fca821 64192436849b41b8b4ae850920ef1780 - - default default] 10.0.0.191 "PUT /v2.0/routers/582aafca-796c-48e1-855d-f4375c58df85/add_router_interface HTTP/1.1" status: 200 len: 503 time: 3.4009089
2026-04-02 18:08:55.501 10 WARNING neutron_lib.context [None req-0c98a4a2-b261-4c1b-a4b1-454c47591d5b 16ff421b08ae427f99cd791b5a509db1 9eee57f622b54bab9945426cb6e487f2 - - default default] Method 'is_advsvc' is deprecated since 2023.2 release (neutron-lib 3.8.0) and will be removed once support for the old RBAC API policies will be removed from Neutron. Please use method 'is_service_role' instead.
2026-04-02 18:08:55.634 10 INFO neutron.db.ovn_revision_numbers_db [None req-0c98a4a2-b261-4c1b-a4b1-454c47591d5b 16ff421b08ae427f99cd791b5a509db1 9eee57f622b54bab9945426cb6e487f2 - - default default] Successfully bumped revision number for resource e1f79abe-7534-4caf-b6d3-fb9fd8236913 (type: security_groups) to 1
2026-04-02 18:08:55.654 10 INFO neutron.db.ovn_revision_numbers_db [None req-0c98a4a2-b261-4c1b-a4b1-454c47591d5b 16ff421b08ae427f99cd791b5a509db1 9eee57f622b54bab9945426cb6e487f2 - - default default] Successfully bumped revision number for resource 2b29618a-90b7-47b3-9504-d92f6847f618 (type: security_group_rules) to 0
2026-04-02 18:08:55.668 10 INFO neutron.db.ovn_revision_numbers_db [None req-0c98a4a2-b261-4c1b-a4b1-454c47591d5b 16ff421b08ae427f99cd791b5a509db1 9eee57f622b54bab9945426cb6e487f2 - - default default] Successfully bumped revision number for resource c2214ccb-b0d3-44f9-a3fb-e0072e3bb9c3 (type: security_group_rules) to 0
2026-04-02 18:08:55.677 9 INFO neutron.plugins.ml2.drivers.ovn.mech_driver.ovsdb.commands [None req-b2ff25d3-91fa-48f2-b0df-3576c004384b - - - - - -] Schedule LRP lrp-2bfdd4df-38d6-4a67-9769-7e51fa3217db on gateway 6e34f127-4aeb-4395-bca0-4bf18ef541b5 with priority 1
2026-04-02 18:08:55.687 9 INFO neutron.plugins.ml2.drivers.ovn.mech_driver.mech_driver [None req-7a3409ea-b333-4c29-8fd5-9bddd66f4fc7 - - - - - -] OVN reports status up for port: 2bfdd4df-38d6-4a67-9769-7e51fa3217db
