2026-04-02 18:13:46.241 7 INFO placement.requestlog [None req-e7d9cd8a-4ec3-4548-b7dc-82000a2d20c3 613f559da1814c56a288b8c617095f66 7c9d33315b5a4682b8fd10e638a7ce86 - - fc6e22571bdd4990a4cb50c180567519 fc6e22571bdd4990a4cb50c180567519] 10.0.0.174 "GET /resource_providers/e6f88dd0-6a74-4d20-a5ff-5e52572ad5bb/aggregates" status: 404 len: 235 microversion: 1.1 [pid: 8|app: 0|req: 575/1153] 10.0.0.174 () {32 vars in 824 bytes} [Thu Apr 2 18:13:46 2026] GET /resource_providers/e6f88dd0-6a74-4d20-a5ff-5e52572ad5bb/aggregates => generated 235 bytes in 11 msecs (HTTP/1.1 404) 5 headers in 202 bytes (1 switches on core 0) [pid: 7|app: 0|req: 579/1154] 10.0.0.174 () {32 vars in 824 bytes} [Thu Apr 2 18:13:46 2026] GET /resource_providers/e6f88dd0-6a74-4d20-a5ff-5e52572ad5bb/aggregates => generated 235 bytes in 11 msecs (HTTP/1.1 404) 5 headers in 202 bytes (1 switches on core 0)
2026-04-02 18:13:46.255 8 INFO placement.requestlog [None req-30e22fc4-915b-4a3c-aa4c-ea86e86527b3 613f559da1814c56a288b8c617095f66 7c9d33315b5a4682b8fd10e638a7ce86 - - fc6e22571bdd4990a4cb50c180567519 fc6e22571bdd4990a4cb50c180567519] 10.0.0.174 "DELETE /resource_providers/e6f88dd0-6a74-4d20-a5ff-5e52572ad5bb" status: 404 len: 246 microversion: 1.1 [pid: 8|app: 0|req: 576/1155] 10.0.0.174 () {34 vars in 824 bytes} [Thu Apr 2 18:13:46 2026] DELETE /resource_providers/e6f88dd0-6a74-4d20-a5ff-5e52572ad5bb => generated 246 bytes in 9 msecs (HTTP/1.1 404) 6 headers in 231 bytes (1 switches on core 0)
2026-04-02 18:13:46.258 7 INFO placement.requestlog [None req-445cef8a-0219-43f1-96d5-ba2d3baa4767 613f559da1814c56a288b8c617095f66 7c9d33315b5a4682b8fd10e638a7ce86 - - fc6e22571bdd4990a4cb50c180567519 fc6e22571bdd4990a4cb50c180567519] 10.0.0.174 "DELETE /resource_providers/e6f88dd0-6a74-4d20-a5ff-5e52572ad5bb" status: 404 len: 246 microversion: 1.1 [pid: 7|app: 0|req: 580/1156] 10.0.0.174 () {34 vars in 824 bytes} [Thu Apr 2 18:13:46 2026] DELETE /resource_providers/e6f88dd0-6a74-4d20-a5ff-5e52572ad5bb => generated 246 bytes in 8 msecs (HTTP/1.1 404) 6 headers in 231 bytes (1 switches on core 0)
2026-04-02 18:13:46.561 8 INFO placement.requestlog [None req-623559de-9712-424f-81f9-63998cb18b1d 613f559da1814c56a288b8c617095f66 7c9d33315b5a4682b8fd10e638a7ce86 - - fc6e22571bdd4990a4cb50c180567519 fc6e22571bdd4990a4cb50c180567519] 10.0.0.174 "GET /resource_providers/fef3d1b6-b950-4f39-989c-7da99b69021e/aggregates" status: 404 len: 235 microversion: 1.1 [pid: 8|app: 0|req: 577/1157] 10.0.0.174 () {32 vars in 824 bytes} [Thu Apr 2 18:13:46 2026] GET /resource_providers/fef3d1b6-b950-4f39-989c-7da99b69021e/aggregates => generated 235 bytes in 6 msecs (HTTP/1.1 404) 5 headers in 202 bytes (1 switches on core 0)
2026-04-02 18:13:46.567 7 INFO placement.requestlog [None req-55334e86-1a6d-42c2-ba12-6a58fafbe9f6 613f559da1814c56a288b8c617095f66 7c9d33315b5a4682b8fd10e638a7ce86 - - fc6e22571bdd4990a4cb50c180567519 fc6e22571bdd4990a4cb50c180567519] 10.0.0.174 "GET /resource_providers/fef3d1b6-b950-4f39-989c-7da99b69021e/aggregates" status: 404 len: 235 microversion: 1.1 [pid: 7|app: 0|req: 581/1158] 10.0.0.174 () {32 vars in 824 bytes} [Thu Apr 2 18:13:46 2026] GET /resource_providers/fef3d1b6-b950-4f39-989c-7da99b69021e/aggregates => generated 235 bytes in 12 msecs (HTTP/1.1 404) 5 headers in 202 bytes (1 switches on core 0)
2026-04-02 18:13:46.580 8 INFO placement.requestlog [None req-ab6a82d1-4ef0-44ed-bf0f-a74bae9055d4 613f559da1814c56a288b8c617095f66 7c9d33315b5a4682b8fd10e638a7ce86 - - fc6e22571bdd4990a4cb50c180567519 fc6e22571bdd4990a4cb50c180567519] 10.0.0.174 "DELETE /resource_providers/fef3d1b6-b950-4f39-989c-7da99b69021e" status: 404 len: 246 microversion: 1.1 [pid: 8|app: 0|req: 578/1159] 10.0.0.174 () {34 vars in 824 bytes} [Thu Apr 2 18:13:46 2026] DELETE /resource_providers/fef3d1b6-b950-4f39-989c-7da99b69021e => generated 246 bytes in 12 msecs (HTTP/1.1 404) 6 headers in 231 bytes (1 switches on core 0)
2026-04-02 18:13:46.582 7 INFO placement.requestlog [None req-c01ef2d5-cee2-4a7b-8085-e75156d95ce3 613f559da1814c56a288b8c617095f66 7c9d33315b5a4682b8fd10e638a7ce86 - - fc6e22571bdd4990a4cb50c180567519 fc6e22571bdd4990a4cb50c180567519] 10.0.0.174 "DELETE /resource_providers/fef3d1b6-b950-4f39-989c-7da99b69021e" status: 404 len: 246 microversion: 1.1 [pid: 7|app: 0|req: 582/1160] 10.0.0.174 () {34 vars in 824 bytes} [Thu Apr 2 18:13:46 2026] DELETE /resource_providers/fef3d1b6-b950-4f39-989c-7da99b69021e => generated 246 bytes in 9 msecs (HTTP/1.1 404) 6 headers in 231 bytes (1 switches on core 0)
2026-04-02 18:13:53.779 7 INFO placement.requestlog [None req-7add99da-88ab-4cb4-bdbc-50500594bcbe - - - - - -] 10.0.0.48 "GET /" status: 200 len: 136 microversion: 1.0
2026-04-02 18:13:53.780 8 INFO placement.requestlog [None req-0f552712-58c6-42b5-b9fa-dc8ad9ce9f12 - - - - - -] 10.0.0.48 "GET /" status: 200 len: 136 microversion: 1.0
2026-04-02 18:14:02.594 8 INFO placement.requestlog [None req-941fda1c-1475-4e65-ab95-488b89090022 613f559da1814c56a288b8c617095f66 7c9d33315b5a4682b8fd10e638a7ce86 - - fc6e22571bdd4990a4cb50c180567519 fc6e22571bdd4990a4cb50c180567519] 10.0.0.174 "GET /resource_providers/6d14b83b-7276-4f1a-9bf8-8215dd3ef2b7/aggregates" status: 404 len: 235 microversion: 1.1 [pid: 8|app: 0|req: 580/1163] 10.0.0.174 () {32 vars in 824 bytes} [Thu Apr 2 18:14:02 2026] GET /resource_providers/6d14b83b-7276-4f1a-9bf8-8215dd3ef2b7/aggregates => generated 235 bytes in 261 msecs (HTTP/1.1 404) 5 headers in 202 bytes (1 switches on core 0)
2026-04-02 18:14:02.605 7 INFO placement.requestlog [None req-d6b97e15-25eb-43f4-89fd-fa07d7b212e2 613f559da1814c56a288b8c617095f66 7c9d33315b5a4682b8fd10e638a7ce86 - - fc6e22571bdd4990a4cb50c180567519 fc6e22571bdd4990a4cb50c180567519] 10.0.0.174 "GET /resource_providers/6d14b83b-7276-4f1a-9bf8-8215dd3ef2b7/aggregates" status: 404 len: 235 microversion: 1.1 [pid: 7|app: 0|req: 584/1164] 10.0.0.174 () {32 vars in 824 bytes} [Thu Apr 2 18:14:02 2026] GET /resource_providers/6d14b83b-7276-4f1a-9bf8-8215dd3ef2b7/aggregates => generated 235 bytes in 272 msecs (HTTP/1.1 404) 5 headers in 202 bytes (1 switches on core 0)
2026-04-02 18:14:02.609 8 INFO placement.requestlog [None req-d72078e6-d0bc-41e4-904e-7c798adc678a 613f559da1814c56a288b8c617095f66 7c9d33315b5a4682b8fd10e638a7ce86 - - fc6e22571bdd4990a4cb50c180567519 fc6e22571bdd4990a4cb50c180567519] 10.0.0.174 "DELETE /resource_providers/6d14b83b-7276-4f1a-9bf8-8215dd3ef2b7" status: 404 len: 246 microversion: 1.1 [pid: 8|app: 0|req: 581/1165] 10.0.0.174 () {34 vars in 824 bytes} [Thu Apr 2 18:14:02 2026] DELETE /resource_providers/6d14b83b-7276-4f1a-9bf8-8215dd3ef2b7 => generated 246 bytes in 10 msecs (HTTP/1.1 404) 6 headers in 231 bytes (1 switches on core 0)
2026-04-02 18:14:02.618 7 INFO placement.requestlog [None req-3de1a936-06b8-4d2f-95da-14cedf4bd697 613f559da1814c56a288b8c617095f66 7c9d33315b5a4682b8fd10e638a7ce86 - - fc6e22571bdd4990a4cb50c180567519 fc6e22571bdd4990a4cb50c180567519] 10.0.0.174 "DELETE /resource_providers/6d14b83b-7276-4f1a-9bf8-8215dd3ef2b7" status: 404 len: 246 microversion: 1.1 [pid: 7|app: 0|req: 585/1166] 10.0.0.174 () {34 vars in 824 bytes} [Thu Apr 2 18:14:02 2026] DELETE /resource_providers/6d14b83b-7276-4f1a-9bf8-8215dd3ef2b7 => generated 246 bytes in 8 msecs (HTTP/1.1 404) 6 headers in 231 bytes (1 switches on core 0)
2026-04-02 18:14:03.779 8 INFO placement.requestlog [None req-5f040249-927a-4a91-a50a-1b06666be78e - - - - - -] 10.0.0.48 "GET /" status: 200 len: 136 microversion: 1.0
2026-04-02 18:14:03.779 7 INFO placement.requestlog [None req-187320f4-aaa9-497d-9563-db5ca09ff458 - - - - - -] 10.0.0.48 "GET /" status: 200 len: 136 microversion: 1.0
2026-04-02 18:14:06.371 7 INFO placement.requestlog [None req-43651bc5-2cbb-484f-87e0-f6298f64f300 613f559da1814c56a288b8c617095f66 7c9d33315b5a4682b8fd10e638a7ce86 - - fc6e22571bdd4990a4cb50c180567519 fc6e22571bdd4990a4cb50c180567519] 10.0.0.174 "GET /resource_providers/4954cd52-f67c-480f-9bdb-d746dce94050/aggregates" status: 404 len: 235 microversion: 1.1 [pid: 7|app: 0|req: 587/1169] 10.0.0.174 () {32 vars in 824 bytes} [Thu Apr 2 18:14:06 2026] GET /resource_providers/4954cd52-f67c-480f-9bdb-d746dce94050/aggregates => generated 235 bytes in 9 msecs (HTTP/1.1 404) 5 headers in 202 bytes (1 switches on core 0)
2026-04-02 18:14:06.373 8 INFO placement.requestlog [None req-311a2767-7c15-4f58-bae8-35517f8424bc 613f559da1814c56a288b8c617095f66 7c9d33315b5a4682b8fd10e638a7ce86 - - fc6e22571bdd4990a4cb50c180567519 fc6e22571bdd4990a4cb50c180567519] 10.0.0.174 "GET /resource_providers/4954cd52-f67c-480f-9bdb-d746dce94050/aggregates" status: 404 len: 235 microversion: 1.1 [pid: 8|app: 0|req: 583/1170] 10.0.0.174 () {32 vars in 824 bytes} [Thu Apr 2 18:14:06 2026] GET /resource_providers/4954cd52-f67c-480f-9bdb-d746dce94050/aggregates => generated 235 bytes in 13 msecs (HTTP/1.1 404) 5 headers in 202 bytes (1 switches on core 0)
2026-04-02 18:14:06.395 8 INFO placement.requestlog [None req-5f49c8ee-5dfa-4a2b-92e5-9b13832f5013 613f559da1814c56a288b8c617095f66 7c9d33315b5a4682b8fd10e638a7ce86 - - fc6e22571bdd4990a4cb50c180567519 fc6e22571bdd4990a4cb50c180567519] 10.0.0.174 "DELETE /resource_providers/4954cd52-f67c-480f-9bdb-d746dce94050" status: 404 len: 246 microversion: 1.1 [pid: 8|app: 0|req: 584/1171] 10.0.0.174 () {34 vars in 824 bytes} [Thu Apr 2 18:14:06 2026] DELETE /resource_providers/4954cd52-f67c-480f-9bdb-d746dce94050 => generated 246 bytes in 11 msecs (HTTP/1.1 404) 6 headers in 231 bytes (1 switches on core 0)
2026-04-02 18:14:06.397 7 INFO placement.requestlog [None req-bef0a27f-476a-4f86-9150-0202187bbdf9 613f559da1814c56a288b8c617095f66 7c9d33315b5a4682b8fd10e638a7ce86 - - fc6e22571bdd4990a4cb50c180567519 fc6e22571bdd4990a4cb50c180567519] 10.0.0.174 "DELETE /resource_providers/4954cd52-f67c-480f-9bdb-d746dce94050" status: 404 len: 246 microversion: 1.1 [pid: 7|app: 0|req: 588/1172] 10.0.0.174 () {34 vars in 824 bytes} [Thu Apr 2 18:14:06 2026] DELETE /resource_providers/4954cd52-f67c-480f-9bdb-d746dce94050 => generated 246 bytes in 14 msecs (HTTP/1.1 404) 6 headers in 231 bytes (1 switches on core 0)
2026-04-02 18:14:10.476 8 INFO placement.requestlog [None req-b6e7f721-c812-4c9c-8128-9d33fb5bdb39 613f559da1814c56a288b8c617095f66 7c9d33315b5a4682b8fd10e638a7ce86 - - fc6e22571bdd4990a4cb50c180567519 fc6e22571bdd4990a4cb50c180567519] 10.0.0.174 "GET /resource_providers/cd44dee6-d4bb-4e5a-98bb-503105eb8606/aggregates" status: 404 len: 235 microversion: 1.1 [pid: 8|app: 0|req: 585/1173] 10.0.0.174 () {32 vars in 824 bytes} [Thu Apr 2 18:14:10 2026] GET /resource_providers/cd44dee6-d4bb-4e5a-98bb-503105eb8606/aggregates => generated 235 bytes in 11 msecs (HTTP/1.1 404) 5 headers in 202 bytes (1 switches on core 0)
2026-04-02 18:14:10.478 7 INFO placement.requestlog [None req-1379ccd9-b1ea-4708-b384-704c33557ae5 613f559da1814c56a288b8c617095f66 7c9d33315b5a4682b8fd10e638a7ce86 - - fc6e22571bdd4990a4cb50c180567519 fc6e22571bdd4990a4cb50c180567519] 10.0.0.174 "GET /resource_providers/cd44dee6-d4bb-4e5a-98bb-503105eb8606/aggregates" status: 404 len: 235 microversion: 1.1 [pid: 7|app: 0|req: 589/1174] 10.0.0.174 () {32 vars in 824 bytes} [Thu Apr 2 18:14:10 2026] GET /resource_providers/cd44dee6-d4bb-4e5a-98bb-503105eb8606/aggregates => generated 235 bytes in 11 msecs (HTTP/1.1 404) 5 headers in 202 bytes (1 switches on core 0)
2026-04-02 18:14:10.494 8 INFO placement.requestlog [None req-5d2b625c-7ad7-49fa-b920-e7674cb8b9cf 613f559da1814c56a288b8c617095f66 7c9d33315b5a4682b8fd10e638a7ce86 - - fc6e22571bdd4990a4cb50c180567519 fc6e22571bdd4990a4cb50c180567519] 10.0.0.174 "DELETE /resource_providers/cd44dee6-d4bb-4e5a-98bb-503105eb8606" status: 404 len: 246 microversion: 1.1 [pid: 8|app: 0|req: 586/1175] 10.0.0.174 () {34 vars in 824 bytes} [Thu Apr 2 18:14:10 2026] DELETE /resource_providers/cd44dee6-d4bb-4e5a-98bb-503105eb8606 => generated 246 bytes in 10 msecs (HTTP/1.1 404) 6 headers in 231 bytes (1 switches on core 0)
2026-04-02 18:14:10.504 7 INFO placement.requestlog [None req-3c4848e1-d4a5-44ef-b854-c9e7bde191cc 613f559da1814c56a288b8c617095f66 7c9d33315b5a4682b8fd10e638a7ce86 - - fc6e22571bdd4990a4cb50c180567519 fc6e22571bdd4990a4cb50c180567519] 10.0.0.174 "DELETE /resource_providers/cd44dee6-d4bb-4e5a-98bb-503105eb8606" status: 404 len: 246 microversion: 1.1 [pid: 7|app: 0|req: 590/1176] 10.0.0.174 () {34 vars in 824 bytes} [Thu Apr 2 18:14:10 2026] DELETE /resource_providers/cd44dee6-d4bb-4e5a-98bb-503105eb8606 => generated 246 bytes in 17 msecs (HTTP/1.1 404) 6 headers in 231 bytes (1 switches on core 0)
2026-04-02 18:14:13.778 7 INFO placement.requestlog [None req-7da894be-babc-42b9-a2a5-8d977f3ca3fc - - - - - -] 10.0.0.48 "GET /" status: 200 len: 136 microversion: 1.0
2026-04-02 18:14:13.779 8 INFO placement.requestlog [None req-48c3c399-b281-490a-a6b1-921a8cd22819 - - - - - -] 10.0.0.48 "GET /" status: 200 len: 136 microversion: 1.0
2026-04-02 18:14:18.929 8 INFO placement.requestlog [None req-e2f8a2c0-d964-4c8e-be85-1eecf12a690b 613f559da1814c56a288b8c617095f66 7c9d33315b5a4682b8fd10e638a7ce86 - - fc6e22571bdd4990a4cb50c180567519 fc6e22571bdd4990a4cb50c180567519] 10.0.0.174 "GET /resource_providers/19987a2d-a0e1-426b-ac7b-180cd68ceda1/aggregates" status: 404 len: 235 microversion: 1.1
2026-04-02 18:14:18.929 7 INFO placement.requestlog [None req-0b0674c0-9d95-45b3-b017-c86ba0338160 613f559da1814c56a288b8c617095f66 7c9d33315b5a4682b8fd10e638a7ce86 - - fc6e22571bdd4990a4cb50c180567519 fc6e22571bdd4990a4cb50c180567519] 10.0.0.174 "GET /resource_providers/19987a2d-a0e1-426b-ac7b-180cd68ceda1/aggregates" status: 404 len: 235 microversion: 1.1 [pid: 8|app: 0|req: 588/1179] 10.0.0.174 () {32 vars in 824 bytes} [Thu Apr 2 18:14:18 2026] GET /resource_providers/19987a2d-a0e1-426b-ac7b-180cd68ceda1/aggregates => generated 235 bytes in 16 msecs (HTTP/1.1 404) 5 headers in 202 bytes (1 switches on core 0) [pid: 7|app: 0|req: 592/1180] 10.0.0.174 () {32 vars in 824 bytes} [Thu Apr 2 18:14:18 2026] GET /resource_providers/19987a2d-a0e1-426b-ac7b-180cd68ceda1/aggregates => generated 235 bytes in 16 msecs (HTTP/1.1 404) 5 headers in 202 bytes (1 switches on core 0)
2026-04-02 18:14:18.950 8 INFO placement.requestlog [None req-52c32281-0e3a-47b9-a5bb-bf5d9792ae91 613f559da1814c56a288b8c617095f66 7c9d33315b5a4682b8fd10e638a7ce86 - - fc6e22571bdd4990a4cb50c180567519 fc6e22571bdd4990a4cb50c180567519] 10.0.0.174 "DELETE /resource_providers/19987a2d-a0e1-426b-ac7b-180cd68ceda1" status: 404 len: 246 microversion: 1.1 [pid: 8|app: 0|req: 589/1181] 10.0.0.174 () {34 vars in 824 bytes} [Thu Apr 2 18:14:18 2026] DELETE /resource_providers/19987a2d-a0e1-426b-ac7b-180cd68ceda1 => generated 246 bytes in 11 msecs (HTTP/1.1 404) 6 headers in 231 bytes (1 switches on core 0)
2026-04-02 18:14:18.952 7 INFO placement.requestlog [None req-24b594fe-04cb-4c99-b0b3-9c0a45ebfcc4 613f559da1814c56a288b8c617095f66 7c9d33315b5a4682b8fd10e638a7ce86 - - fc6e22571bdd4990a4cb50c180567519 fc6e22571bdd4990a4cb50c180567519] 10.0.0.174 "DELETE /resource_providers/19987a2d-a0e1-426b-ac7b-180cd68ceda1" status: 404 len: 246 microversion: 1.1 [pid: 7|app: 0|req: 593/1182] 10.0.0.174 () {34 vars in 824 bytes} [Thu Apr 2 18:14:18 2026] DELETE /resource_providers/19987a2d-a0e1-426b-ac7b-180cd68ceda1 => generated 246 bytes in 11 msecs (HTTP/1.1 404) 6 headers in 231 bytes (1 switches on core 0)
2026-04-02 18:14:19.207 8 INFO placement.requestlog [req-288d331b-0108-4fd5-8bbb-247f1fb90019 req-9e54ec0e-2755-450f-8ec4-aa515fb2563f 8953f10a009e4a69b2901cc688dd0e70 7c9d33315b5a4682b8fd10e638a7ce86 - - fc6e22571bdd4990a4cb50c180567519 fc6e22571bdd4990a4cb50c180567519] 199.19.213.133 "GET /resource_providers/843d796e-6a67-479e-8965-69c47e4e3fd4/allocations" status: 200 len: 340 microversion: 1.0 [pid: 8|app: 0|req: 590/1183] 199.19.213.133 () {32 vars in 856 bytes} [Thu Apr 2 18:14:19 2026] GET /resource_providers/843d796e-6a67-479e-8965-69c47e4e3fd4/allocations => generated 340 bytes in 22 msecs (HTTP/1.1 200) 6 headers in 224 bytes (1 switches on core 0)
2026-04-02 18:14:19.232 7 INFO placement.requestlog [req-288d331b-0108-4fd5-8bbb-247f1fb90019 req-97d3d718-74e3-4f08-8746-5a46e92ecfee 8953f10a009e4a69b2901cc688dd0e70 7c9d33315b5a4682b8fd10e638a7ce86 - - fc6e22571bdd4990a4cb50c180567519 fc6e22571bdd4990a4cb50c180567519] 199.19.213.133 "GET /resource_providers/843d796e-6a67-479e-8965-69c47e4e3fd4/allocations" status: 200 len: 340 microversion: 1.0 [pid: 7|app: 0|req: 594/1184] 199.19.213.133 () {32 vars in 856 bytes} [Thu Apr 2 18:14:19 2026] GET /resource_providers/843d796e-6a67-479e-8965-69c47e4e3fd4/allocations => generated 340 bytes in 18 msecs (HTTP/1.1 200) 6 headers in 224 bytes (1 switches on core 0)
2026-04-02 18:14:19.258 8 INFO placement.requestlog [req-288d331b-0108-4fd5-8bbb-247f1fb90019 req-f67c3bae-dfbb-413c-b5d3-148cc24f0e13 8953f10a009e4a69b2901cc688dd0e70 7c9d33315b5a4682b8fd10e638a7ce86 - - fc6e22571bdd4990a4cb50c180567519 fc6e22571bdd4990a4cb50c180567519] 199.19.213.133 "GET /allocations/e7732eb5-4910-49ee-b6ac-364f3258e6d6" status: 200 len: 245 microversion: 1.28 [pid: 8|app: 0|req: 591/1185] 199.19.213.133 () {34 vars in 862 bytes} [Thu Apr 2 18:14:19 2026] GET /allocations/e7732eb5-4910-49ee-b6ac-364f3258e6d6 => generated 245 bytes in 17 msecs (HTTP/1.1 200) 8 headers in 296 bytes (1 switches on core 0)
2026-04-02 18:14:19.327 8 INFO placement.requestlog [None req-af057590-672e-42f6-bf90-55ba0c817694 613f559da1814c56a288b8c617095f66 7c9d33315b5a4682b8fd10e638a7ce86 - - fc6e22571bdd4990a4cb50c180567519 fc6e22571bdd4990a4cb50c180567519] 10.0.0.174 "GET /resource_providers/4aec0e2d-07b4-4504-801b-efb2eac8c271/aggregates" status: 404 len: 235 microversion: 1.1 [pid: 8|app: 0|req: 592/1186] 10.0.0.174 () {32 vars in 824 bytes} [Thu Apr 2 18:14:19 2026] GET /resource_providers/4aec0e2d-07b4-4504-801b-efb2eac8c271/aggregates => generated 235 bytes in 64 msecs (HTTP/1.1 404) 5 headers in 202 bytes (1 switches on core 0)
2026-04-02 18:14:19.329 7 INFO placement.requestlog [None req-58a63e38-bc89-46bc-9655-5c626fec4f88 613f559da1814c56a288b8c617095f66 7c9d33315b5a4682b8fd10e638a7ce86 - - fc6e22571bdd4990a4cb50c180567519 fc6e22571bdd4990a4cb50c180567519] 10.0.0.174 "GET /resource_providers/4aec0e2d-07b4-4504-801b-efb2eac8c271/aggregates" status: 404 len: 235 microversion: 1.1 [pid: 7|app: 0|req: 595/1187] 10.0.0.174 () {32 vars in 824 bytes} [Thu Apr 2 18:14:19 2026] GET /resource_providers/4aec0e2d-07b4-4504-801b-efb2eac8c271/aggregates => generated 235 bytes in 67 msecs (HTTP/1.1 404) 5 headers in 202 bytes (1 switches on core 0)
2026-04-02 18:14:19.337 8 INFO placement.requestlog [req-288d331b-0108-4fd5-8bbb-247f1fb90019 req-41606548-bec2-4325-a22b-25a2492a7a11 8953f10a009e4a69b2901cc688dd0e70 7c9d33315b5a4682b8fd10e638a7ce86 - - fc6e22571bdd4990a4cb50c180567519 fc6e22571bdd4990a4cb50c180567519] 199.19.213.133 "GET /allocations/c5453ebf-d302-4d88-9891-51473c140585" status: 200 len: 258 microversion: 1.28 [pid: 8|app: 0|req: 593/1188] 199.19.213.133 () {34 vars in 862 bytes} [Thu Apr 2 18:14:19 2026] GET /allocations/c5453ebf-d302-4d88-9891-51473c140585 => generated 258 bytes in 9 msecs (HTTP/1.1 200) 8 headers in 296 bytes (1 switches on core 0)
2026-04-02 18:14:19.346 8 INFO placement.requestlog [None req-89118a17-97e7-4199-b508-a774868bfb64 613f559da1814c56a288b8c617095f66 7c9d33315b5a4682b8fd10e638a7ce86 - - fc6e22571bdd4990a4cb50c180567519 fc6e22571bdd4990a4cb50c180567519] 10.0.0.174 "DELETE /resource_providers/4aec0e2d-07b4-4504-801b-efb2eac8c271" status: 404 len: 246 microversion: 1.1 [pid: 8|app: 0|req: 594/1189] 10.0.0.174 () {34 vars in 824 bytes} [Thu Apr 2 18:14:19 2026] DELETE /resource_providers/4aec0e2d-07b4-4504-801b-efb2eac8c271 => generated 246 bytes in 5 msecs (HTTP/1.1 404) 6 headers in 231 bytes (1 switches on core 0)
2026-04-02 18:14:19.350 7 INFO placement.requestlog [None req-148facc8-b93c-4add-b562-568aaee80883 613f559da1814c56a288b8c617095f66 7c9d33315b5a4682b8fd10e638a7ce86 - - fc6e22571bdd4990a4cb50c180567519 fc6e22571bdd4990a4cb50c180567519] 10.0.0.174 "DELETE /resource_providers/4aec0e2d-07b4-4504-801b-efb2eac8c271" status: 404 len: 246 microversion: 1.1 [pid: 7|app: 0|req: 596/1190] 10.0.0.174 () {34 vars in 824 bytes} [Thu Apr 2 18:14:19 2026] DELETE /resource_providers/4aec0e2d-07b4-4504-801b-efb2eac8c271 => generated 246 bytes in 10 msecs (HTTP/1.1 404) 6 headers in 231 bytes (1 switches on core 0)
2026-04-02 18:14:19.356 8 INFO placement.requestlog [req-288d331b-0108-4fd5-8bbb-247f1fb90019 req-600a8130-4cb4-4111-8b96-b9a18aa845b9 8953f10a009e4a69b2901cc688dd0e70 7c9d33315b5a4682b8fd10e638a7ce86 - - fc6e22571bdd4990a4cb50c180567519 fc6e22571bdd4990a4cb50c180567519] 199.19.213.133 "GET /allocations/d5c4d722-e75f-43e5-b135-8cbe666c28e3" status: 200 len: 258 microversion: 1.28 [pid: 8|app: 0|req: 595/1191] 199.19.213.133 () {34 vars in 862 bytes} [Thu Apr 2 18:14:19 2026] GET /allocations/d5c4d722-e75f-43e5-b135-8cbe666c28e3 => generated 258 bytes in 9 msecs (HTTP/1.1 200) 8 headers in 296 bytes (1 switches on core 0)
2026-04-02 18:14:20.974 8 INFO placement.requestlog [None req-abf3576c-73d0-4b6e-8164-718c0decad0e 613f559da1814c56a288b8c617095f66 7c9d33315b5a4682b8fd10e638a7ce86 - - fc6e22571bdd4990a4cb50c180567519 fc6e22571bdd4990a4cb50c180567519] 10.0.0.174 "GET /resource_providers/fa937ee3-8330-407f-ba5c-8392c08d07c0/aggregates" status: 404 len: 235 microversion: 1.1 [pid: 8|app: 0|req: 596/1192] 10.0.0.174 () {32 vars in 824 bytes} [Thu Apr 2 18:14:20 2026] GET /resource_providers/fa937ee3-8330-407f-ba5c-8392c08d07c0/aggregates => generated 235 bytes in 13 msecs (HTTP/1.1 404) 5 headers in 202 bytes (1 switches on core 0)
2026-04-02 18:14:20.977 7 INFO placement.requestlog [None req-bd9fe250-bdc4-4002-a263-97fd40352271 613f559da1814c56a288b8c617095f66 7c9d33315b5a4682b8fd10e638a7ce86 - - fc6e22571bdd4990a4cb50c180567519 fc6e22571bdd4990a4cb50c180567519] 10.0.0.174 "GET /resource_providers/fa937ee3-8330-407f-ba5c-8392c08d07c0/aggregates" status: 404 len: 235 microversion: 1.1 [pid: 7|app: 0|req: 597/1193] 10.0.0.174 () {32 vars in 824 bytes} [Thu Apr 2 18:14:20 2026] GET /resource_providers/fa937ee3-8330-407f-ba5c-8392c08d07c0/aggregates => generated 235 bytes in 21 msecs (HTTP/1.1 404) 5 headers in 202 bytes (1 switches on core 0)
2026-04-02 18:14:20.991 8 INFO placement.requestlog [None req-0bebc008-6eef-46fc-85fc-7c93f570f9f1 613f559da1814c56a288b8c617095f66 7c9d33315b5a4682b8fd10e638a7ce86 - - fc6e22571bdd4990a4cb50c180567519 fc6e22571bdd4990a4cb50c180567519] 10.0.0.174 "DELETE /resource_providers/fa937ee3-8330-407f-ba5c-8392c08d07c0" status: 404 len: 246 microversion: 1.1 [pid: 8|app: 0|req: 597/1194] 10.0.0.174 () {34 vars in 824 bytes} [Thu Apr 2 18:14:20 2026] DELETE /resource_providers/fa937ee3-8330-407f-ba5c-8392c08d07c0 => generated 246 bytes in 10 msecs (HTTP/1.1 404) 6 headers in 231 bytes (1 switches on core 0)
2026-04-02 18:14:20.996 7 INFO placement.requestlog [None req-20eaced4-35f7-497b-bc8b-6d8e94a27c5f 613f559da1814c56a288b8c617095f66 7c9d33315b5a4682b8fd10e638a7ce86 - - fc6e22571bdd4990a4cb50c180567519 fc6e22571bdd4990a4cb50c180567519] 10.0.0.174 "DELETE /resource_providers/fa937ee3-8330-407f-ba5c-8392c08d07c0" status: 404 len: 246 microversion: 1.1 [pid: 7|app: 0|req: 598/1195] 10.0.0.174 () {34 vars in 824 bytes} [Thu Apr 2 18:14:20 2026] DELETE /resource_providers/fa937ee3-8330-407f-ba5c-8392c08d07c0 => generated 246 bytes in 10 msecs (HTTP/1.1 404) 6 headers in 231 bytes (1 switches on core 0)
2026-04-02 18:14:23.779 8 INFO placement.requestlog [None req-2f1bf383-a21f-427b-b274-ef0fc6178bcd - - - - - -] 10.0.0.48 "GET /" status: 200 len: 136 microversion: 1.0
2026-04-02 18:14:23.780 7 INFO placement.requestlog [None req-73b02d34-70c6-4066-b655-ce1a98e23e64 - - - - - -] 10.0.0.48 "GET /" status: 200 len: 136 microversion: 1.0
2026-04-02 18:14:33.779 7 INFO placement.requestlog [None req-9dd9e6d8-9cc3-4d31-997a-d1ae8976e74c - - - - - -] 10.0.0.48 "GET /" status: 200 len: 136 microversion: 1.0
2026-04-02 18:14:33.779 8 INFO placement.requestlog [None req-90d2b885-e5d5-4819-83b4-b2cb87d04ef4 - - - - - -] 10.0.0.48 "GET /" status: 200 len: 136 microversion: 1.0
2026-04-02 18:14:43.784 7 INFO placement.requestlog [None req-6f3be815-91c6-41ef-af86-13293941b91c - - - - - -] 10.0.0.48 "GET /" status: 200 len: 136 microversion: 1.0
2026-04-02 18:14:43.785 8 INFO placement.requestlog [None req-35761cf8-c19c-485b-bd68-0547f1b29b02 - - - - - -] 10.0.0.48 "GET /" status: 200 len: 136 microversion: 1.0
2026-04-02 18:14:53.778 7 INFO placement.requestlog [None req-3f56b459-c8b3-4fab-8147-d7d6d73206a1 - - - - - -] 10.0.0.48 "GET /" status: 200 len: 136 microversion: 1.0
2026-04-02 18:14:53.780 8 INFO placement.requestlog [None req-f581fe4c-a7a7-4d3f-85a8-624a11fae236 - - - - - -] 10.0.0.48 "GET /" status: 200 len: 136 microversion: 1.0
2026-04-02 18:15:03.779 8 INFO placement.requestlog [None req-5d09ff3b-f7af-471d-a42d-d4a331a5251e - - - - - -] 10.0.0.48 "GET /" status: 200 len: 136 microversion: 1.0
2026-04-02 18:15:03.780 7 INFO placement.requestlog [None req-d2abc9f9-18bb-4ad8-933f-91ef974b7896 - - - - - -] 10.0.0.48 "GET /" status: 200 len: 136 microversion: 1.0
2026-04-02 18:15:13.778 8 INFO placement.requestlog [None req-612b06ec-e626-46a4-b62c-42976038ea48 - - - - - -] 10.0.0.48 "GET /" status: 200 len: 136 microversion: 1.0
2026-04-02 18:15:13.779 7 INFO placement.requestlog [None req-27819183-6637-4c9c-94fe-c5f5e1cf9323 - - - - - -] 10.0.0.48 "GET /" status: 200 len: 136 microversion: 1.0
2026-04-02 18:15:17.232 8 INFO placement.requestlog [req-7a5e502b-508e-4ddd-a7f1-58fd777d3096 req-4a75b9eb-56f7-4f51-abe4-e0a82d7a6546 8953f10a009e4a69b2901cc688dd0e70 7c9d33315b5a4682b8fd10e638a7ce86 - - fc6e22571bdd4990a4cb50c180567519 fc6e22571bdd4990a4cb50c180567519] 199.19.213.133 "GET /resource_providers/843d796e-6a67-479e-8965-69c47e4e3fd4/allocations" status: 200 len: 340 microversion: 1.0 [pid: 8|app: 0|req: 604/1208] 199.19.213.133 () {32 vars in 856 bytes} [Thu Apr 2 18:15:17 2026] GET /resource_providers/843d796e-6a67-479e-8965-69c47e4e3fd4/allocations => generated 340 bytes in 15 msecs (HTTP/1.1 200) 6 headers in 224 bytes (1 switches on core 0)
2026-04-02 18:15:17.252 7 INFO placement.requestlog [req-7a5e502b-508e-4ddd-a7f1-58fd777d3096 req-2f9a39b3-7509-4c83-a1e9-6caa91c8a6d4 8953f10a009e4a69b2901cc688dd0e70 7c9d33315b5a4682b8fd10e638a7ce86 - - fc6e22571bdd4990a4cb50c180567519 fc6e22571bdd4990a4cb50c180567519] 199.19.213.133 "GET /allocations/e7732eb5-4910-49ee-b6ac-364f3258e6d6" status: 200 len: 245 microversion: 1.28 [pid: 7|app: 0|req: 605/1209] 199.19.213.133 () {34 vars in 862 bytes} [Thu Apr 2 18:15:17 2026] GET /allocations/e7732eb5-4910-49ee-b6ac-364f3258e6d6 => generated 245 bytes in 13 msecs (HTTP/1.1 200) 8 headers in 296 bytes (1 switches on core 0)
2026-04-02 18:15:17.281 8 INFO placement.requestlog [req-7a5e502b-508e-4ddd-a7f1-58fd777d3096 req-06baf66e-f2e8-45ca-9509-5c4c4a55a1e4 8953f10a009e4a69b2901cc688dd0e70 7c9d33315b5a4682b8fd10e638a7ce86 - - fc6e22571bdd4990a4cb50c180567519 fc6e22571bdd4990a4cb50c180567519] 199.19.213.133 "GET /allocations/c5453ebf-d302-4d88-9891-51473c140585" status: 200 len: 258 microversion: 1.28 [pid: 8|app: 0|req: 605/1210] 199.19.213.133 () {34 vars in 862 bytes} [Thu Apr 2 18:15:17 2026] GET /allocations/c5453ebf-d302-4d88-9891-51473c140585 => generated 258 bytes in 16 msecs (HTTP/1.1 200) 8 headers in 296 bytes (1 switches on core 0)
2026-04-02 18:15:17.302 7 INFO placement.requestlog [req-7a5e502b-508e-4ddd-a7f1-58fd777d3096 req-9e229a74-412f-47cc-a031-4b8c47177071 8953f10a009e4a69b2901cc688dd0e70 7c9d33315b5a4682b8fd10e638a7ce86 - - fc6e22571bdd4990a4cb50c180567519 fc6e22571bdd4990a4cb50c180567519] 199.19.213.133 "GET /allocations/d5c4d722-e75f-43e5-b135-8cbe666c28e3" status: 200 len: 258 microversion: 1.28 [pid: 7|app: 0|req: 606/1211] 199.19.213.133 () {34 vars in 862 bytes} [Thu Apr 2 18:15:17 2026] GET /allocations/d5c4d722-e75f-43e5-b135-8cbe666c28e3 => generated 258 bytes in 12 msecs (HTTP/1.1 200) 8 headers in 296 bytes (1 switches on core 0)
2026-04-02 18:15:18.346 8 INFO placement.requestlog [req-7a5e502b-508e-4ddd-a7f1-58fd777d3096 req-c03f62ec-3efd-40f9-b4b0-1fb5c1ee728e 8953f10a009e4a69b2901cc688dd0e70 7c9d33315b5a4682b8fd10e638a7ce86 - - fc6e22571bdd4990a4cb50c180567519 fc6e22571bdd4990a4cb50c180567519] 199.19.213.133 "DELETE /allocations/e7732eb5-4910-49ee-b6ac-364f3258e6d6" status: 204 len: 0 microversion: 1.0 [pid: 8|app: 0|req: 606/1212] 199.19.213.133 () {34 vars in 840 bytes} [Thu Apr 2 18:15:18 2026] DELETE /allocations/e7732eb5-4910-49ee-b6ac-364f3258e6d6 => generated 0 bytes in 21 msecs (HTTP/1.1 204) 5 headers in 198 bytes (1 switches on core 0)
2026-04-02 18:15:19.357 7 INFO placement.requestlog [req-2ad3ca0f-2857-444b-9d1f-da3e9e20dfc2 req-cdf8dade-4fbf-4b1f-93b7-c16eae140019 8953f10a009e4a69b2901cc688dd0e70 7c9d33315b5a4682b8fd10e638a7ce86 - - fc6e22571bdd4990a4cb50c180567519 fc6e22571bdd4990a4cb50c180567519] 199.19.213.133 "GET /resource_providers/843d796e-6a67-479e-8965-69c47e4e3fd4/allocations" status: 200 len: 253 microversion: 1.0 [pid: 7|app: 0|req: 607/1213] 199.19.213.133 () {32 vars in 856 bytes} [Thu Apr 2 18:15:19 2026] GET /resource_providers/843d796e-6a67-479e-8965-69c47e4e3fd4/allocations => generated 253 bytes in 15 msecs (HTTP/1.1 200) 6 headers in 224 bytes (1 switches on core 0)
2026-04-02 18:15:19.385 8 INFO placement.requestlog [req-2ad3ca0f-2857-444b-9d1f-da3e9e20dfc2 req-867f5db3-3300-491d-adb5-eb43bb498184 8953f10a009e4a69b2901cc688dd0e70 7c9d33315b5a4682b8fd10e638a7ce86 - - fc6e22571bdd4990a4cb50c180567519 fc6e22571bdd4990a4cb50c180567519] 199.19.213.133 "GET /resource_providers/843d796e-6a67-479e-8965-69c47e4e3fd4/allocations" status: 200 len: 253 microversion: 1.0 [pid: 8|app: 0|req: 607/1214] 199.19.213.133 () {32 vars in 856 bytes} [Thu Apr 2 18:15:19 2026] GET /resource_providers/843d796e-6a67-479e-8965-69c47e4e3fd4/allocations => generated 253 bytes in 18 msecs (HTTP/1.1 200) 6 headers in 224 bytes (1 switches on core 0)
2026-04-02 18:15:19.409 7 INFO placement.requestlog [req-2ad3ca0f-2857-444b-9d1f-da3e9e20dfc2 req-0c1ca2e6-ffe3-4081-9f9d-f05e0cc64009 8953f10a009e4a69b2901cc688dd0e70 7c9d33315b5a4682b8fd10e638a7ce86 - - fc6e22571bdd4990a4cb50c180567519 fc6e22571bdd4990a4cb50c180567519] 199.19.213.133 "GET /allocations/c5453ebf-d302-4d88-9891-51473c140585" status: 200 len: 258 microversion: 1.28 [pid: 7|app: 0|req: 608/1215] 199.19.213.133 () {34 vars in 862 bytes} [Thu Apr 2 18:15:19 2026] GET /allocations/c5453ebf-d302-4d88-9891-51473c140585 => generated 258 bytes in 16 msecs (HTTP/1.1 200) 8 headers in 296 bytes (1 switches on core 0)
2026-04-02 18:15:19.432 8 INFO placement.requestlog [req-2ad3ca0f-2857-444b-9d1f-da3e9e20dfc2 req-96056aae-d9f7-4745-9dde-bb3f74cd177d 8953f10a009e4a69b2901cc688dd0e70 7c9d33315b5a4682b8fd10e638a7ce86 - - fc6e22571bdd4990a4cb50c180567519 fc6e22571bdd4990a4cb50c180567519] 199.19.213.133 "GET /allocations/d5c4d722-e75f-43e5-b135-8cbe666c28e3" status: 200 len: 258 microversion: 1.28 [pid: 8|app: 0|req: 608/1216] 199.19.213.133 () {34 vars in 862 bytes} [Thu Apr 2 18:15:19 2026] GET /allocations/d5c4d722-e75f-43e5-b135-8cbe666c28e3 => generated 258 bytes in 16 msecs (HTTP/1.1 200) 8 headers in 296 bytes (1 switches on core 0)
2026-04-02 18:15:21.110 7 INFO placement.requestlog [req-22a0b8d3-b203-4c15-9998-410211c52c8f req-91994218-fbc3-4733-b94e-0213bba525fa 8953f10a009e4a69b2901cc688dd0e70 7c9d33315b5a4682b8fd10e638a7ce86 - - fc6e22571bdd4990a4cb50c180567519 fc6e22571bdd4990a4cb50c180567519] 199.19.213.133 "GET /resource_providers/843d796e-6a67-479e-8965-69c47e4e3fd4/allocations" status: 200 len: 253 microversion: 1.0 [pid: 7|app: 0|req: 609/1217] 199.19.213.133 () {32 vars in 856 bytes} [Thu Apr 2 18:15:21 2026] GET /resource_providers/843d796e-6a67-479e-8965-69c47e4e3fd4/allocations => generated 253 bytes in 16 msecs (HTTP/1.1 200) 6 headers in 224 bytes (1 switches on core 0)
2026-04-02 18:15:21.131 8 INFO placement.requestlog [req-22a0b8d3-b203-4c15-9998-410211c52c8f req-e3b04b96-16d4-4bd1-8800-e1f5df47e53a 8953f10a009e4a69b2901cc688dd0e70 7c9d33315b5a4682b8fd10e638a7ce86 - - fc6e22571bdd4990a4cb50c180567519 fc6e22571bdd4990a4cb50c180567519] 199.19.213.133 "GET /allocations/c5453ebf-d302-4d88-9891-51473c140585" status: 200 len: 258 microversion: 1.28 [pid: 8|app: 0|req: 609/1218] 199.19.213.133 () {34 vars in 862 bytes} [Thu Apr 2 18:15:21 2026] GET /allocations/c5453ebf-d302-4d88-9891-51473c140585 => generated 258 bytes in 15 msecs (HTTP/1.1 200) 8 headers in 296 bytes (1 switches on core 0)
2026-04-02 18:15:21.153 7 INFO placement.requestlog [req-22a0b8d3-b203-4c15-9998-410211c52c8f req-9fe11e4c-a461-44a6-a7aa-2ecd2c6f4c69 8953f10a009e4a69b2901cc688dd0e70 7c9d33315b5a4682b8fd10e638a7ce86 - - fc6e22571bdd4990a4cb50c180567519 fc6e22571bdd4990a4cb50c180567519] 199.19.213.133 "GET /allocations/d5c4d722-e75f-43e5-b135-8cbe666c28e3" status: 200 len: 258 microversion: 1.28 [pid: 7|app: 0|req: 610/1219] 199.19.213.133 () {34 vars in 862 bytes} [Thu Apr 2 18:15:21 2026] GET /allocations/d5c4d722-e75f-43e5-b135-8cbe666c28e3 => generated 258 bytes in 14 msecs (HTTP/1.1 200) 8 headers in 296 bytes (1 switches on core 0)
2026-04-02 18:15:22.205 8 INFO placement.requestlog [req-22a0b8d3-b203-4c15-9998-410211c52c8f req-018f7322-b1c2-4861-ac7b-022bef1e901d 8953f10a009e4a69b2901cc688dd0e70 7c9d33315b5a4682b8fd10e638a7ce86 - - fc6e22571bdd4990a4cb50c180567519 fc6e22571bdd4990a4cb50c180567519] 199.19.213.133 "DELETE /allocations/d5c4d722-e75f-43e5-b135-8cbe666c28e3" status: 204 len: 0 microversion: 1.0 [pid: 8|app: 0|req: 610/1220] 199.19.213.133 () {34 vars in 840 bytes} [Thu Apr 2 18:15:22 2026] DELETE /allocations/d5c4d722-e75f-43e5-b135-8cbe666c28e3 => generated 0 bytes in 24 msecs (HTTP/1.1 204) 5 headers in 198 bytes (1 switches on core 0)
2026-04-02 18:15:23.779 7 INFO placement.requestlog [None req-8aec41bf-ce02-4952-8d7e-bf80ec6cb3bb - - - - - -] 10.0.0.48 "GET /" status: 200 len: 136 microversion: 1.0
2026-04-02 18:15:23.780 8 INFO placement.requestlog [None req-f63cab27-a1dd-4c80-8517-cea986cddf7c - - - - - -] 10.0.0.48 "GET /" status: 200 len: 136 microversion: 1.0
2026-04-02 18:15:31.948 7 INFO placement.requestlog [req-50cecd2a-176f-4002-bd3e-c487cd8ae7ae req-cd3b43aa-ce2a-4c0b-afdf-11feac2f0090 8953f10a009e4a69b2901cc688dd0e70 7c9d33315b5a4682b8fd10e638a7ce86 - - fc6e22571bdd4990a4cb50c180567519 fc6e22571bdd4990a4cb50c180567519] 199.19.213.133 "GET /resource_providers/843d796e-6a67-479e-8965-69c47e4e3fd4/allocations" status: 200 len: 153 microversion: 1.0 [pid: 7|app: 0|req: 612/1223] 199.19.213.133 () {32 vars in 856 bytes} [Thu Apr 2 18:15:31 2026] GET /resource_providers/843d796e-6a67-479e-8965-69c47e4e3fd4/allocations => generated 153 bytes in 16 msecs (HTTP/1.1 200) 6 headers in 224 bytes (1 switches on core 0)
2026-04-02 18:15:31.969 8 INFO placement.requestlog [req-50cecd2a-176f-4002-bd3e-c487cd8ae7ae req-482ed8fd-b44f-402a-b490-9d3ad35a2872 8953f10a009e4a69b2901cc688dd0e70 7c9d33315b5a4682b8fd10e638a7ce86 - - fc6e22571bdd4990a4cb50c180567519 fc6e22571bdd4990a4cb50c180567519] 199.19.213.133 "GET /allocations/c5453ebf-d302-4d88-9891-51473c140585" status: 200 len: 258 microversion: 1.28 [pid: 8|app: 0|req: 612/1224] 199.19.213.133 () {34 vars in 862 bytes} [Thu Apr 2 18:15:31 2026] GET /allocations/c5453ebf-d302-4d88-9891-51473c140585 => generated 258 bytes in 15 msecs (HTTP/1.1 200) 8 headers in 296 bytes (1 switches on core 0)
2026-04-02 18:15:33.022 7 INFO placement.requestlog [req-50cecd2a-176f-4002-bd3e-c487cd8ae7ae req-22b30d44-6713-4ec6-a5a4-60cf41cb2914 8953f10a009e4a69b2901cc688dd0e70 7c9d33315b5a4682b8fd10e638a7ce86 - - fc6e22571bdd4990a4cb50c180567519 fc6e22571bdd4990a4cb50c180567519] 199.19.213.133 "DELETE /allocations/c5453ebf-d302-4d88-9891-51473c140585" status: 204 len: 0 microversion: 1.0 [pid: 7|app: 0|req: 613/1225] 199.19.213.133 () {34 vars in 840 bytes} [Thu Apr 2 18:15:32 2026] DELETE /allocations/c5453ebf-d302-4d88-9891-51473c140585 => generated 0 bytes in 27 msecs (HTTP/1.1 204) 5 headers in 198 bytes (1 switches on core 0)
2026-04-02 18:15:33.778 8 INFO placement.requestlog [None req-0fb20693-6cfe-4e04-8d18-f0d64d866f9d - - - - - -] 10.0.0.48 "GET /" status: 200 len: 136 microversion: 1.0
2026-04-02 18:15:33.779 7 INFO placement.requestlog [None req-f662f9e5-abc7-417f-a881-e86152974bbc - - - - - -] 10.0.0.48 "GET /" status: 200 len: 136 microversion: 1.0
2026-04-02 18:15:43.779 7 INFO placement.requestlog [None req-11e0f47e-c4e1-4f49-8947-5f2646fc62c2 - - - - - -] 10.0.0.48 "GET /" status: 200 len: 136 microversion: 1.0
2026-04-02 18:15:43.779 8 INFO placement.requestlog [None req-4d1a8ea6-03aa-4f70-9e8d-9264cc481760 - - - - - -] 10.0.0.48 "GET /" status: 200 len: 136 microversion: 1.0
2026-04-02 18:15:44.557 7 INFO placement.requestlog [None req-6443bf7b-0793-4dab-bdcc-ab85144267d7 613f559da1814c56a288b8c617095f66 7c9d33315b5a4682b8fd10e638a7ce86 - - fc6e22571bdd4990a4cb50c180567519 fc6e22571bdd4990a4cb50c180567519] 10.0.0.174 "GET /resource_providers/cd76f581-0c1f-4d5c-b7a1-cc9f05edb466/aggregates" status: 404 len: 235 microversion: 1.1 [pid: 7|app: 0|req: 616/1230] 10.0.0.174 () {32 vars in 824 bytes} [Thu Apr 2 18:15:44 2026] GET /resource_providers/cd76f581-0c1f-4d5c-b7a1-cc9f05edb466/aggregates => generated 235 bytes in 10 msecs (HTTP/1.1 404) 5 headers in 202 bytes (1 switches on core 0)
2026-04-02 18:15:44.580 7 INFO placement.requestlog [None req-196cdf9e-be29-4a1f-9681-cf3f0c83e401 613f559da1814c56a288b8c617095f66 7c9d33315b5a4682b8fd10e638a7ce86 - - fc6e22571bdd4990a4cb50c180567519 fc6e22571bdd4990a4cb50c180567519] 10.0.0.174 "DELETE /resource_providers/cd76f581-0c1f-4d5c-b7a1-cc9f05edb466" status: 404 len: 246 microversion: 1.1 [pid: 7|app: 0|req: 617/1231] 10.0.0.174 () {34 vars in 824 bytes} [Thu Apr 2 18:15:44 2026] DELETE /resource_providers/cd76f581-0c1f-4d5c-b7a1-cc9f05edb466 => generated 246 bytes in 14 msecs (HTTP/1.1 404) 6 headers in 231 bytes (1 switches on core 0)
2026-04-02 18:15:44.580 8 INFO placement.requestlog [None req-3db23b54-bfcf-41b3-a2b8-a7a3d66f2188 613f559da1814c56a288b8c617095f66 7c9d33315b5a4682b8fd10e638a7ce86 - - fc6e22571bdd4990a4cb50c180567519 fc6e22571bdd4990a4cb50c180567519] 10.0.0.174 "GET /resource_providers/cd76f581-0c1f-4d5c-b7a1-cc9f05edb466/aggregates" status: 404 len: 235 microversion: 1.1 [pid: 8|app: 0|req: 615/1232] 10.0.0.174 () {32 vars in 824 bytes} [Thu Apr 2 18:15:44 2026] GET /resource_providers/cd76f581-0c1f-4d5c-b7a1-cc9f05edb466/aggregates => generated 235 bytes in 35 msecs (HTTP/1.1 404) 5 headers in 202 bytes (1 switches on core 0)
2026-04-02 18:15:44.601 7 INFO placement.requestlog [None req-fbd19253-36ac-4488-9347-ca94cb62667d 613f559da1814c56a288b8c617095f66 7c9d33315b5a4682b8fd10e638a7ce86 - - fc6e22571bdd4990a4cb50c180567519 fc6e22571bdd4990a4cb50c180567519] 10.0.0.174 "DELETE /resource_providers/cd76f581-0c1f-4d5c-b7a1-cc9f05edb466" status: 404 len: 246 microversion: 1.1 [pid: 7|app: 0|req: 618/1233] 10.0.0.174 () {34 vars in 824 bytes} [Thu Apr 2 18:15:44 2026] DELETE /resource_providers/cd76f581-0c1f-4d5c-b7a1-cc9f05edb466 => generated 246 bytes in 13 msecs (HTTP/1.1 404) 6 headers in 231 bytes (1 switches on core 0)
2026-04-02 18:15:46.019 8 INFO placement.requestlog [None req-1a0dc332-6798-436c-bbdb-a634fd813a75 613f559da1814c56a288b8c617095f66 7c9d33315b5a4682b8fd10e638a7ce86 - - fc6e22571bdd4990a4cb50c180567519 fc6e22571bdd4990a4cb50c180567519] 10.0.0.174 "GET /resource_providers/f0be2fee-5299-49c8-883b-65f18136fd97/aggregates" status: 404 len: 235 microversion: 1.1 [pid: 8|app: 0|req: 616/1234] 10.0.0.174 () {32 vars in 824 bytes} [Thu Apr 2 18:15:46 2026] GET /resource_providers/f0be2fee-5299-49c8-883b-65f18136fd97/aggregates => generated 235 bytes in 11 msecs (HTTP/1.1 404) 5 headers in 202 bytes (1 switches on core 0)
2026-04-02 18:15:46.023 7 INFO placement.requestlog [None req-63d5c2cb-d21a-48f6-b202-d49240734b2e 613f559da1814c56a288b8c617095f66 7c9d33315b5a4682b8fd10e638a7ce86 - - fc6e22571bdd4990a4cb50c180567519 fc6e22571bdd4990a4cb50c180567519] 10.0.0.174 "GET /resource_providers/f0be2fee-5299-49c8-883b-65f18136fd97/aggregates" status: 404 len: 235 microversion: 1.1 [pid: 7|app: 0|req: 619/1235] 10.0.0.174 () {32 vars in 824 bytes} [Thu Apr 2 18:15:46 2026] GET /resource_providers/f0be2fee-5299-49c8-883b-65f18136fd97/aggregates => generated 235 bytes in 14 msecs (HTTP/1.1 404) 5 headers in 202 bytes (1 switches on core 0)
2026-04-02 18:15:46.044 8 INFO placement.requestlog [None req-ed5d1d4b-23a7-44dd-ac17-6405cec7be2c 613f559da1814c56a288b8c617095f66 7c9d33315b5a4682b8fd10e638a7ce86 - - fc6e22571bdd4990a4cb50c180567519 fc6e22571bdd4990a4cb50c180567519] 10.0.0.174 "DELETE /resource_providers/f0be2fee-5299-49c8-883b-65f18136fd97" status: 404 len: 246 microversion: 1.1 [pid: 8|app: 0|req: 617/1236] 10.0.0.174 () {34 vars in 824 bytes} [Thu Apr 2 18:15:46 2026] DELETE /resource_providers/f0be2fee-5299-49c8-883b-65f18136fd97 => generated 246 bytes in 20 msecs (HTTP/1.1 404) 6 headers in 231 bytes (1 switches on core 0)
2026-04-02 18:15:46.049 7 INFO placement.requestlog [None req-f25639f4-42ab-4921-8b34-447ad29485c0 613f559da1814c56a288b8c617095f66 7c9d33315b5a4682b8fd10e638a7ce86 - - fc6e22571bdd4990a4cb50c180567519 fc6e22571bdd4990a4cb50c180567519] 10.0.0.174 "DELETE /resource_providers/f0be2fee-5299-49c8-883b-65f18136fd97" status: 404 len: 246 microversion: 1.1 [pid: 7|app: 0|req: 620/1237] 10.0.0.174 () {34 vars in 824 bytes} [Thu Apr 2 18:15:46 2026] DELETE /resource_providers/f0be2fee-5299-49c8-883b-65f18136fd97 => generated 246 bytes in 17 msecs (HTTP/1.1 404) 6 headers in 231 bytes (1 switches on core 0)
2026-04-02 18:15:46.598 8 INFO placement.requestlog [None req-70ada02e-d0ef-4785-b179-c797c98631ad 613f559da1814c56a288b8c617095f66 7c9d33315b5a4682b8fd10e638a7ce86 - - fc6e22571bdd4990a4cb50c180567519 fc6e22571bdd4990a4cb50c180567519] 10.0.0.174 "GET /resource_providers/d5cc32f9-52c1-4749-a9e5-523b48d3a0e8/aggregates" status: 404 len: 235 microversion: 1.1 [pid: 8|app: 0|req: 618/1238] 10.0.0.174 () {32 vars in 824 bytes} [Thu Apr 2 18:15:46 2026] GET /resource_providers/d5cc32f9-52c1-4749-a9e5-523b48d3a0e8/aggregates => generated 235 bytes in 11 msecs (HTTP/1.1 404) 5 headers in 202 bytes (1 switches on core 0)
2026-04-02 18:15:46.615 8 INFO placement.requestlog [None req-e417f964-45cf-49ca-9f40-8f3522e21cbb 613f559da1814c56a288b8c617095f66 7c9d33315b5a4682b8fd10e638a7ce86 - - fc6e22571bdd4990a4cb50c180567519 fc6e22571bdd4990a4cb50c180567519] 10.0.0.174 "DELETE /resource_providers/d5cc32f9-52c1-4749-a9e5-523b48d3a0e8" status: 404 len: 246 microversion: 1.1 [pid: 8|app: 0|req: 619/1239] 10.0.0.174 () {34 vars in 824 bytes} [Thu Apr 2 18:15:46 2026] DELETE /resource_providers/d5cc32f9-52c1-4749-a9e5-523b48d3a0e8 => generated 246 bytes in 8 msecs (HTTP/1.1 404) 6 headers in 231 bytes (1 switches on core 0)
2026-04-02 18:15:46.617 7 INFO placement.requestlog [None req-60375568-dcb6-4f51-bab3-a1385805348b 613f559da1814c56a288b8c617095f66 7c9d33315b5a4682b8fd10e638a7ce86 - - fc6e22571bdd4990a4cb50c180567519 fc6e22571bdd4990a4cb50c180567519] 10.0.0.174 "GET /resource_providers/d5cc32f9-52c1-4749-a9e5-523b48d3a0e8/aggregates" status: 404 len: 235 microversion: 1.1 [pid: 7|app: 0|req: 621/1240] 10.0.0.174 () {32 vars in 824 bytes} [Thu Apr 2 18:15:46 2026] GET /resource_providers/d5cc32f9-52c1-4749-a9e5-523b48d3a0e8/aggregates => generated 235 bytes in 11 msecs (HTTP/1.1 404) 5 headers in 202 bytes (1 switches on core 0)
2026-04-02 18:15:46.630 8 INFO placement.requestlog [None req-e0597be4-e421-44e3-aa6e-7396cc03ed3b 613f559da1814c56a288b8c617095f66 7c9d33315b5a4682b8fd10e638a7ce86 - - fc6e22571bdd4990a4cb50c180567519 fc6e22571bdd4990a4cb50c180567519] 10.0.0.174 "DELETE /resource_providers/d5cc32f9-52c1-4749-a9e5-523b48d3a0e8" status: 404 len: 246 microversion: 1.1 [pid: 8|app: 0|req: 620/1241] 10.0.0.174 () {34 vars in 824 bytes} [Thu Apr 2 18:15:46 2026] DELETE /resource_providers/d5cc32f9-52c1-4749-a9e5-523b48d3a0e8 => generated 246 bytes in 9 msecs (HTTP/1.1 404) 6 headers in 231 bytes (1 switches on core 0)
2026-04-02 18:15:53.779 8 INFO placement.requestlog [None req-8993f134-cc98-480f-b799-ff93a040b8e3 - - - - - -] 10.0.0.48 "GET /" status: 200 len: 136 microversion: 1.0
2026-04-02 18:15:53.780 7 INFO placement.requestlog [None req-64590aea-1a26-4da8-9397-e6a1fa936b6b - - - - - -] 10.0.0.48 "GET /" status: 200 len: 136 microversion: 1.0
2026-04-02 18:16:02.218 8 INFO placement.requestlog [None req-3e85ca1f-10a5-4092-bc16-31827a261f63 613f559da1814c56a288b8c617095f66 7c9d33315b5a4682b8fd10e638a7ce86 - - fc6e22571bdd4990a4cb50c180567519 fc6e22571bdd4990a4cb50c180567519] 10.0.0.174 "GET /resource_providers/39ea5a70-4361-43ae-95cf-7f3d9bc8c9de/aggregates" status: 404 len: 235 microversion: 1.1 [pid: 8|app: 0|req: 622/1244] 10.0.0.174 () {32 vars in 824 bytes} [Thu Apr 2 18:16:02 2026] GET /resource_providers/39ea5a70-4361-43ae-95cf-7f3d9bc8c9de/aggregates => generated 235 bytes in 9 msecs (HTTP/1.1 404) 5 headers in 202 bytes (1 switches on core 0)
2026-04-02 18:16:02.220 7 INFO placement.requestlog [None req-bd6fca1e-18d6-4e80-a4c4-cc3193bf3af3 613f559da1814c56a288b8c617095f66 7c9d33315b5a4682b8fd10e638a7ce86 - - fc6e22571bdd4990a4cb50c180567519 fc6e22571bdd4990a4cb50c180567519] 10.0.0.174 "GET /resource_providers/39ea5a70-4361-43ae-95cf-7f3d9bc8c9de/aggregates" status: 404 len: 235 microversion: 1.1 [pid: 7|app: 0|req: 623/1245] 10.0.0.174 () {32 vars in 824 bytes} [Thu Apr 2 18:16:02 2026] GET /resource_providers/39ea5a70-4361-43ae-95cf-7f3d9bc8c9de/aggregates => generated 235 bytes in 10 msecs (HTTP/1.1 404) 5 headers in 202 bytes (1 switches on core 0)
2026-04-02 18:16:02.231 8 INFO placement.requestlog [None req-e6344225-f1d2-4c86-bfc6-67d7afdd6fcf 613f559da1814c56a288b8c617095f66 7c9d33315b5a4682b8fd10e638a7ce86 - - fc6e22571bdd4990a4cb50c180567519 fc6e22571bdd4990a4cb50c180567519] 10.0.0.174 "DELETE /resource_providers/39ea5a70-4361-43ae-95cf-7f3d9bc8c9de" status: 404 len: 246 microversion: 1.1 [pid: 8|app: 0|req: 623/1246] 10.0.0.174 () {34 vars in 824 bytes} [Thu Apr 2 18:16:02 2026] DELETE /resource_providers/39ea5a70-4361-43ae-95cf-7f3d9bc8c9de => generated 246 bytes in 7 msecs (HTTP/1.1 404) 6 headers in 231 bytes (1 switches on core 0)
2026-04-02 18:16:02.237 7 INFO placement.requestlog [None req-322818d1-558b-4cc0-9f4e-66a4edff0adb 613f559da1814c56a288b8c617095f66 7c9d33315b5a4682b8fd10e638a7ce86 - - fc6e22571bdd4990a4cb50c180567519 fc6e22571bdd4990a4cb50c180567519] 10.0.0.174 "DELETE /resource_providers/39ea5a70-4361-43ae-95cf-7f3d9bc8c9de" status: 404 len: 246 microversion: 1.1 [pid: 7|app: 0|req: 624/1247] 10.0.0.174 () {34 vars in 824 bytes} [Thu Apr 2 18:16:02 2026] DELETE /resource_providers/39ea5a70-4361-43ae-95cf-7f3d9bc8c9de => generated 246 bytes in 9 msecs (HTTP/1.1 404) 6 headers in 231 bytes (1 switches on core 0)
2026-04-02 18:16:03.779 7 INFO placement.requestlog [None req-d8ad78af-a19f-4a96-bc04-efb48221601e - - - - - -] 10.0.0.48 "GET /" status: 200 len: 136 microversion: 1.0
2026-04-02 18:16:03.779 8 INFO placement.requestlog [None req-007e2383-f46d-489d-9f63-a108b018a2d1 - - - - - -] 10.0.0.48 "GET /" status: 200 len: 136 microversion: 1.0
2026-04-02 18:16:04.248 7 INFO placement.requestlog [None req-a8850109-4b02-4867-baef-1d49555e23e5 613f559da1814c56a288b8c617095f66 7c9d33315b5a4682b8fd10e638a7ce86 - - fc6e22571bdd4990a4cb50c180567519 fc6e22571bdd4990a4cb50c180567519] 10.0.0.174 "GET /resource_providers/dc6a5e62-2595-4d62-a86b-1b061b930e06/aggregates" status: 404 len: 235 microversion: 1.1 [pid: 7|app: 0|req: 626/1250] 10.0.0.174 () {32 vars in 824 bytes} [Thu Apr 2 18:16:04 2026] GET /resource_providers/dc6a5e62-2595-4d62-a86b-1b061b930e06/aggregates => generated 235 bytes in 10 msecs (HTTP/1.1 404) 5 headers in 202 bytes (1 switches on core 0)
2026-04-02 18:16:04.260 7 INFO placement.requestlog [None req-140de2bf-23c4-4ca7-af0c-f4552c276762 613f559da1814c56a288b8c617095f66 7c9d33315b5a4682b8fd10e638a7ce86 - - fc6e22571bdd4990a4cb50c180567519 fc6e22571bdd4990a4cb50c180567519] 10.0.0.174 "DELETE /resource_providers/dc6a5e62-2595-4d62-a86b-1b061b930e06" status: 404 len: 246 microversion: 1.1 [pid: 7|app: 0|req: 627/1251] 10.0.0.174 () {34 vars in 824 bytes} [Thu Apr 2 18:16:04 2026] DELETE /resource_providers/dc6a5e62-2595-4d62-a86b-1b061b930e06 => generated 246 bytes in 8 msecs (HTTP/1.1 404) 6 headers in 231 bytes (1 switches on core 0)
2026-04-02 18:16:04.262 8 INFO placement.requestlog [None req-1f827c7e-b5b1-4777-9224-e2f93c5a8782 613f559da1814c56a288b8c617095f66 7c9d33315b5a4682b8fd10e638a7ce86 - - fc6e22571bdd4990a4cb50c180567519 fc6e22571bdd4990a4cb50c180567519] 10.0.0.174 "GET /resource_providers/dc6a5e62-2595-4d62-a86b-1b061b930e06/aggregates" status: 404 len: 235 microversion: 1.1 [pid: 8|app: 0|req: 625/1252] 10.0.0.174 () {32 vars in 824 bytes} [Thu Apr 2 18:16:04 2026] GET /resource_providers/dc6a5e62-2595-4d62-a86b-1b061b930e06/aggregates => generated 235 bytes in 18 msecs (HTTP/1.1 404) 5 headers in 202 bytes (1 switches on core 0)
2026-04-02 18:16:04.273 7 INFO placement.requestlog [None req-edaa0d4b-e81f-4438-90ad-bb7b4d5cdb72 613f559da1814c56a288b8c617095f66 7c9d33315b5a4682b8fd10e638a7ce86 - - fc6e22571bdd4990a4cb50c180567519 fc6e22571bdd4990a4cb50c180567519] 10.0.0.174 "GET /resource_providers/7f4be64f-49b0-494a-b129-8feafdcdf294/aggregates" status: 404 len: 235 microversion: 1.1 [pid: 7|app: 0|req: 628/1253] 10.0.0.174 () {32 vars in 824 bytes} [Thu Apr 2 18:16:04 2026] GET /resource_providers/7f4be64f-49b0-494a-b129-8feafdcdf294/aggregates => generated 235 bytes in 8 msecs (HTTP/1.1 404) 5 headers in 202 bytes (1 switches on core 0)
