2026-06-02 13:32:56.735 9 INFO neutron.db.ovn_revision_numbers_db [None req-8fc10fce-2cdf-41dc-818c-81f29d9645fe 1c32f0042a2a47ccaa4ccdccdec2a41e 761a8075165a4f7b9d3521cfa3668f12 - - default default] Successfully bumped revision number for resource cb59bb29-7ba7-41a6-868c-a1d387d1355f (type: security_group_rules) to 0
2026-06-02 13:32:56.770 9 INFO neutron.wsgi [None req-d5f402d2-769e-4e29-932d-e650df4a005c 0c30a91d923b4e87880f8dd9b0a1c882 8d6c285c4463467bafa338385d9d119f - - default default] 199.204.45.222 "GET /v2.0/ports/50434423-df25-4cc4-988b-c4a5642a7227 HTTP/1.1" status: 200 len: 1402 time: 0.0426757
2026-06-02 13:32:56.804 9 INFO neutron.db.segments_db [None req-8fc10fce-2cdf-41dc-818c-81f29d9645fe 1c32f0042a2a47ccaa4ccdccdec2a41e 761a8075165a4f7b9d3521cfa3668f12 - - default default] Added segment 4a1164d4-3288-46f7-941c-5307b1a12902 of type geneve for network a60b8bc9-ab2c-4bc7-b5b2-1a312761995e
2026-06-02 13:32:56.811 10 INFO neutron.wsgi [None req-b83a49b4-1ba9-4556-bdc4-39f8bb0cc427 0c30a91d923b4e87880f8dd9b0a1c882 8d6c285c4463467bafa338385d9d119f - - default default] 10.0.0.158 "DELETE /v2.0/security-groups/2bf2d3a4-4385-4743-9b20-d62bf9b3ef92 HTTP/1.1" status: 204 len: 168 time: 0.2114880
2026-06-02 13:32:57.009 9 INFO neutron.db.ovn_revision_numbers_db [None req-8fc10fce-2cdf-41dc-818c-81f29d9645fe 1c32f0042a2a47ccaa4ccdccdec2a41e 761a8075165a4f7b9d3521cfa3668f12 - - default default] Successfully bumped revision number for resource a60b8bc9-ab2c-4bc7-b5b2-1a312761995e (type: networks) to 1
2026-06-02 13:32:57.054 10 INFO neutron.db.ovn_revision_numbers_db [None req-06808a72-56a0-40a4-a963-4f2f905d33fa 0c30a91d923b4e87880f8dd9b0a1c882 8d6c285c4463467bafa338385d9d119f - - default default] Successfully bumped revision number for resource 08ed7f4f-6730-47c0-a4ca-ee2c54e24bac (type: security_groups) to 1
2026-06-02 13:32:57.066 10 INFO neutron.db.ovn_revision_numbers_db [None req-06808a72-56a0-40a4-a963-4f2f905d33fa 0c30a91d923b4e87880f8dd9b0a1c882 8d6c285c4463467bafa338385d9d119f - - default default] Successfully bumped revision number for resource a336e6b5-75b5-4ae3-b773-51819127519c (type: security_group_rules) to 0
2026-06-02 13:32:57.079 10 INFO neutron.db.ovn_revision_numbers_db [None req-06808a72-56a0-40a4-a963-4f2f905d33fa 0c30a91d923b4e87880f8dd9b0a1c882 8d6c285c4463467bafa338385d9d119f - - default default] Successfully bumped revision number for resource c236bfc6-603f-4098-9ecf-8c0fb974e8b6 (type: security_group_rules) to 0
2026-06-02 13:32:57.094 10 INFO neutron.db.ovn_revision_numbers_db [None req-06808a72-56a0-40a4-a963-4f2f905d33fa 0c30a91d923b4e87880f8dd9b0a1c882 8d6c285c4463467bafa338385d9d119f - - default default] Successfully bumped revision number for resource cc52a067-6fdd-4c50-b723-621bdbaddcd6 (type: security_group_rules) to 0
2026-06-02 13:32:57.109 10 INFO neutron.db.ovn_revision_numbers_db [None req-06808a72-56a0-40a4-a963-4f2f905d33fa 0c30a91d923b4e87880f8dd9b0a1c882 8d6c285c4463467bafa338385d9d119f - - default default] Successfully bumped revision number for resource fa9b341c-73d7-4ef1-978a-8dd6b094f887 (type: security_group_rules) to 0
2026-06-02 13:32:57.136 10 INFO neutron.wsgi [None req-06808a72-56a0-40a4-a963-4f2f905d33fa 0c30a91d923b4e87880f8dd9b0a1c882 8d6c285c4463467bafa338385d9d119f - - default default] 10.0.0.158 "GET /v2.0/security-groups?tenant_id=61300c5b6de04ecc8d5632954e65a1a0&name=default HTTP/1.1" status: 200 len: 2996 time: 0.2023902
2026-06-02 13:32:57.236 10 INFO neutron.wsgi [-] 10.0.0.23 "GET / HTTP/1.1" status: 200 len: 247 time: 0.0051188
2026-06-02 13:32:57.238 10 INFO neutron.wsgi [-] 10.0.0.23 "GET / HTTP/1.1" status: 200 len: 247 time: 0.0013418
2026-06-02 13:32:57.247 9 WARNING neutron.scheduler.dhcp_agent_scheduler [None req-8fc10fce-2cdf-41dc-818c-81f29d9645fe 1c32f0042a2a47ccaa4ccdccdec2a41e 761a8075165a4f7b9d3521cfa3668f12 - - default default] No more DHCP agents
2026-06-02 13:32:57.255 9 WARNING neutron.api.rpc.agentnotifiers.dhcp_rpc_agent_api [None req-8fc10fce-2cdf-41dc-818c-81f29d9645fe 1c32f0042a2a47ccaa4ccdccdec2a41e 761a8075165a4f7b9d3521cfa3668f12 - - default default] Unable to schedule network a60b8bc9-ab2c-4bc7-b5b2-1a312761995e: no agents available; will retry on subsequent port and subnet creation events.
2026-06-02 13:32:57.392 10 INFO neutron.wsgi [None req-497f79d0-ee7b-4a60-b974-0f319c7b856f 0c30a91d923b4e87880f8dd9b0a1c882 8d6c285c4463467bafa338385d9d119f - - default default] 10.0.0.158 "DELETE /v2.0/security-groups/08ed7f4f-6730-47c0-a4ca-ee2c54e24bac HTTP/1.1" status: 204 len: 168 time: 0.2483771
2026-06-02 13:32:57.394 9 INFO neutron.db.ovn_revision_numbers_db [None req-8fc10fce-2cdf-41dc-818c-81f29d9645fe 1c32f0042a2a47ccaa4ccdccdec2a41e 761a8075165a4f7b9d3521cfa3668f12 - - default default] Successfully bumped revision number for resource 4b44c552-591d-4ad3-9b23-15edf255d0e6 (type: ports) to 1
2026-06-02 13:32:57.431 9 INFO neutron.wsgi [None req-8fc10fce-2cdf-41dc-818c-81f29d9645fe 1c32f0042a2a47ccaa4ccdccdec2a41e 761a8075165a4f7b9d3521cfa3668f12 - - default default] 10.0.0.158 "POST /v2.0/networks HTTP/1.1" status: 201 len: 828 time: 1.1737914 /var/lib/openstack/lib/python3.10/site-packages/pycadf/identifier.py:71: UserWarning: Invalid uuid: neutron. To ensure interoperability, identifiers should be a valid uuid. warnings.warn(('Invalid uuid: %s. To ensure interoperability, '
2026-06-02 13:32:57.443 9 INFO neutron.db.ovn_revision_numbers_db [None req-c5f547b7-f071-4a5e-ae97-d7c1a3fd6a6f 0c30a91d923b4e87880f8dd9b0a1c882 8d6c285c4463467bafa338385d9d119f - - default default] Successfully bumped revision number for resource 50434423-df25-4cc4-988b-c4a5642a7227 (type: ports) to 6
2026-06-02 13:32:57.471 9 INFO neutron.services.segments.plugin [-] Segment 1370cc7f-d88e-427f-b75d-d3e709ebe29d resource provider aggregate not found
2026-06-02 13:32:57.481 9 INFO neutron.wsgi [None req-c5f547b7-f071-4a5e-ae97-d7c1a3fd6a6f 0c30a91d923b4e87880f8dd9b0a1c882 8d6c285c4463467bafa338385d9d119f - - default default] 199.204.45.222 "PUT /v2.0/ports/50434423-df25-4cc4-988b-c4a5642a7227 HTTP/1.1" status: 200 len: 1203 time: 0.7010577
2026-06-02 13:32:57.487 9 INFO neutron.services.segments.plugin [-] Segment 1370cc7f-d88e-427f-b75d-d3e709ebe29d resource provider aggregate not found
2026-06-02 13:32:57.492 9 INFO neutron.services.segments.plugin [-] Segment 1370cc7f-d88e-427f-b75d-d3e709ebe29d resource provider not found; error: Placement Client Error (4xx): {"errors": [{"status": 404, "title": "Not Found", "detail": "The resource could not be found.\n\n No resource provider with uuid 1370cc7f-d88e-427f-b75d-d3e709ebe29d found for delete ", "request_id": "req-743642f9-4b71-4aca-ba8a-09ff2f730874"}]}
2026-06-02 13:32:57.507 9 INFO neutron.services.segments.plugin [-] Segment 1370cc7f-d88e-427f-b75d-d3e709ebe29d resource provider not found; error: Placement Client Error (4xx): {"errors": [{"status": 404, "title": "Not Found", "detail": "The resource could not be found.\n\n No resource provider with uuid 1370cc7f-d88e-427f-b75d-d3e709ebe29d found for delete ", "request_id": "req-d609d5a4-c271-41f0-a471-4a7167c69947"}]}
2026-06-02 13:32:57.536 9 INFO neutron.wsgi [None req-8c6bd6cf-3b04-4efb-b525-0b8546b34608 1c32f0042a2a47ccaa4ccdccdec2a41e 761a8075165a4f7b9d3521cfa3668f12 - - default default] 10.0.0.158 "PUT /v2.0/networks/a60b8bc9-ab2c-4bc7-b5b2-1a312761995e/tags HTTP/1.1" status: 200 len: 218 time: 0.0991645
2026-06-02 13:32:57.551 9 INFO neutron.notifiers.nova [-] Nova event matching ['req-d0ef34a0-5b12-4c04-b44c-09d42c5bcd37'] response: {'name': 'network-changed', 'server_uuid': '81124438-4012-4302-8ddd-3be407109709', 'tag': '50434423-df25-4cc4-988b-c4a5642a7227', 'status': 'completed', 'code': 200}
2026-06-02 13:32:57.596 9 INFO neutron.wsgi [None req-ed42dae5-e9cf-4f1d-90e9-9126cf9347b5 0c30a91d923b4e87880f8dd9b0a1c882 8d6c285c4463467bafa338385d9d119f - - default default] 199.204.45.222 "GET /v2.0/networks/a13635a4-9db4-463b-8a13-86d04bab04b5 HTTP/1.1" status: 200 len: 999 time: 0.1035264
2026-06-02 13:32:57.626 9 INFO neutron.wsgi [None req-2b95b3c6-6a26-4d40-9806-0b202787a22a 1c32f0042a2a47ccaa4ccdccdec2a41e 761a8075165a4f7b9d3521cfa3668f12 - - default default] 10.0.0.158 "GET /v2.0/networks/a60b8bc9-ab2c-4bc7-b5b2-1a312761995e/tags HTTP/1.1" status: 200 len: 218 time: 0.0824776
2026-06-02 13:32:57.633 10 INFO neutron.wsgi [req-fe1467b7-5daf-473a-b235-898b642b873a req-7af86d26-f748-4a37-8fe4-2bc86d7bc201 8596af14fa624fbe84c1c1079a39e02b 2532fc06c16c45308850faae1ec5dfbe - - 03d0fd4c68764324974e6546d0ac0307 03d0fd4c68764324974e6546d0ac0307] 199.204.45.222 "GET /v2.0/ports?tenant_id=8d6c285c4463467bafa338385d9d119f&device_id=81124438-4012-4302-8ddd-3be407109709 HTTP/1.1" status: 200 len: 3750 time: 0.0442781
2026-06-02 13:32:57.650 9 INFO neutron.wsgi [None req-9a59714c-ea9c-4521-afcc-a97b79059442 0c30a91d923b4e87880f8dd9b0a1c882 8d6c285c4463467bafa338385d9d119f - - default default] 199.204.45.222 "GET /v2.0/ports?device_id=81124438-4012-4302-8ddd-3be407109709 HTTP/1.1" status: 200 len: 3750 time: 0.0424621
2026-06-02 13:32:57.707 9 INFO neutron.wsgi [None req-650abb13-90d2-477a-8b67-69f02b16d7f7 1c32f0042a2a47ccaa4ccdccdec2a41e 761a8075165a4f7b9d3521cfa3668f12 - - default default] 10.0.0.158 "PUT /v2.0/networks/a60b8bc9-ab2c-4bc7-b5b2-1a312761995e/tags/green HTTP/1.1" status: 201 len: 201 time: 0.0769296
2026-06-02 13:32:57.719 10 INFO neutron.wsgi [req-fe1467b7-5daf-473a-b235-898b642b873a req-01f09821-01de-4bd3-92b1-1993246824e4 8596af14fa624fbe84c1c1079a39e02b 2532fc06c16c45308850faae1ec5dfbe - - 03d0fd4c68764324974e6546d0ac0307 03d0fd4c68764324974e6546d0ac0307] 199.204.45.222 "GET /v2.0/networks?id=a13635a4-9db4-463b-8a13-86d04bab04b5 HTTP/1.1" status: 200 len: 1002 time: 0.0787103
2026-06-02 13:32:57.767 10 INFO neutron.db.ovn_revision_numbers_db [None req-62ce32a6-003d-4a55-abfa-5e9113ca461d 0c30a91d923b4e87880f8dd9b0a1c882 8d6c285c4463467bafa338385d9d119f - - default default] Successfully bumped revision number for resource 29d893e4-eefc-4ffe-902f-db39d08faa13 (type: security_groups) to 1
2026-06-02 13:32:57.781 9 INFO neutron.wsgi [None req-4e680f4c-39dd-45f2-bfb7-f320e3b6f7c2 1c32f0042a2a47ccaa4ccdccdec2a41e 761a8075165a4f7b9d3521cfa3668f12 - - default default] 10.0.0.158 "GET /v2.0/networks/a60b8bc9-ab2c-4bc7-b5b2-1a312761995e/tags HTTP/1.1" status: 200 len: 227 time: 0.0688517
2026-06-02 13:32:57.789 10 INFO neutron.wsgi [req-fe1467b7-5daf-473a-b235-898b642b873a req-9cb4d04f-6d76-4b63-ab2b-b8d1a2ff95de 8596af14fa624fbe84c1c1079a39e02b 2532fc06c16c45308850faae1ec5dfbe - - 03d0fd4c68764324974e6546d0ac0307 03d0fd4c68764324974e6546d0ac0307] 199.204.45.222 "GET /v2.0/networks/a13635a4-9db4-463b-8a13-86d04bab04b5?fields=segments HTTP/1.1" status: 200 len: 212 time: 0.0617726
2026-06-02 13:32:57.790 10 INFO neutron.db.ovn_revision_numbers_db [None req-62ce32a6-003d-4a55-abfa-5e9113ca461d 0c30a91d923b4e87880f8dd9b0a1c882 8d6c285c4463467bafa338385d9d119f - - default default] Successfully bumped revision number for resource 13e9b4cb-a8df-4d24-9621-2607d3ed32ee (type: security_group_rules) to 0
2026-06-02 13:32:57.812 9 INFO neutron.wsgi [None req-ade8149c-ee61-4134-afe0-f507dd537f6e 0c30a91d923b4e87880f8dd9b0a1c882 8d6c285c4463467bafa338385d9d119f - - default default] 199.204.45.222 "GET /v2.0/ports?device_id=81124438-4012-4302-8ddd-3be407109709 HTTP/1.1" status: 200 len: 3750 time: 0.0700316
2026-06-02 13:32:57.817 10 INFO neutron.db.ovn_revision_numbers_db [None req-62ce32a6-003d-4a55-abfa-5e9113ca461d 0c30a91d923b4e87880f8dd9b0a1c882 8d6c285c4463467bafa338385d9d119f - - default default] Successfully bumped revision number for resource 16c5b5c4-7a02-42db-878a-abe488fbd34a (type: security_group_rules) to 0
2026-06-02 13:32:57.845 10 INFO neutron.db.ovn_revision_numbers_db [None req-62ce32a6-003d-4a55-abfa-5e9113ca461d 0c30a91d923b4e87880f8dd9b0a1c882 8d6c285c4463467bafa338385d9d119f - - default default] Successfully bumped revision number for resource 46856453-1579-4b08-b12a-5b24aec4357c (type: security_group_rules) to 0
2026-06-02 13:32:57.859 9 INFO neutron.wsgi [None req-9e31e155-02ca-4c61-9748-a94823433b9b 1c32f0042a2a47ccaa4ccdccdec2a41e 761a8075165a4f7b9d3521cfa3668f12 - - default default] 10.0.0.158 "PUT /v2.0/networks/a60b8bc9-ab2c-4bc7-b5b2-1a312761995e/tags/red HTTP/1.1" status: 201 len: 201 time: 0.0705688
2026-06-02 13:32:57.863 10 INFO neutron.wsgi [req-fe1467b7-5daf-473a-b235-898b642b873a req-8fc096c1-715a-4d71-84ad-a867b8fbf14f 8596af14fa624fbe84c1c1079a39e02b 2532fc06c16c45308850faae1ec5dfbe - - 03d0fd4c68764324974e6546d0ac0307 03d0fd4c68764324974e6546d0ac0307] 199.204.45.222 "GET /v2.0/networks/a13635a4-9db4-463b-8a13-86d04bab04b5?fields=provider%3Aphysical_network&fields=provider%3Anetwork_type HTTP/1.1" status: 200 len: 277 time: 0.0658727
2026-06-02 13:32:57.864 10 INFO neutron.db.ovn_revision_numbers_db [None req-62ce32a6-003d-4a55-abfa-5e9113ca461d 0c30a91d923b4e87880f8dd9b0a1c882 8d6c285c4463467bafa338385d9d119f - - default default] Successfully bumped revision number for resource 618e2409-9964-401a-b0e9-268062fd27fa (type: security_group_rules) to 0
2026-06-02 13:32:57.883 10 INFO neutron.wsgi [None req-62ce32a6-003d-4a55-abfa-5e9113ca461d 0c30a91d923b4e87880f8dd9b0a1c882 8d6c285c4463467bafa338385d9d119f - - default default] 10.0.0.158 "GET /v2.0/security-groups?tenant_id=002b709fbefa4640a536501a47f88d12&name=default HTTP/1.1" status: 200 len: 2996 time: 0.2992635
2026-06-02 13:32:57.918 9 INFO neutron.wsgi [None req-3e9f0dd8-544f-49c8-a84c-bc4505c86bd9 1c32f0042a2a47ccaa4ccdccdec2a41e 761a8075165a4f7b9d3521cfa3668f12 - - default default] 10.0.0.158 "GET /v2.0/networks/a60b8bc9-ab2c-4bc7-b5b2-1a312761995e/tags HTTP/1.1" status: 200 len: 227 time: 0.0524318
2026-06-02 13:32:57.988 10 INFO neutron.wsgi [None req-acb05613-ffe5-4645-9299-72375c3bd340 1c32f0042a2a47ccaa4ccdccdec2a41e 761a8075165a4f7b9d3521cfa3668f12 - - default default] 10.0.0.158 "PUT /v2.0/networks/a60b8bc9-ab2c-4bc7-b5b2-1a312761995e/tags/black.or.white HTTP/1.1" status: 201 len: 201 time: 0.0657301
2026-06-02 13:32:58.056 10 INFO neutron.plugins.ml2.drivers.ovn.mech_driver.mech_driver [None req-fa7a0459-aa7f-4bb9-b037-665561982b0e - - - - - -] OVN reports status down for port: 50434423-df25-4cc4-988b-c4a5642a7227
2026-06-02 13:32:58.059 9 INFO neutron.wsgi [None req-8bb67f33-16c9-457f-a988-f45ac759474c 1c32f0042a2a47ccaa4ccdccdec2a41e 761a8075165a4f7b9d3521cfa3668f12 - - default default] 10.0.0.158 "GET /v2.0/networks/a60b8bc9-ab2c-4bc7-b5b2-1a312761995e/tags HTTP/1.1" status: 200 len: 245 time: 0.0637691
2026-06-02 13:32:58.124 9 INFO neutron.wsgi [None req-3fe52120-44f9-4d6c-a584-cf30dc3aa295 1c32f0042a2a47ccaa4ccdccdec2a41e 761a8075165a4f7b9d3521cfa3668f12 - - default default] 10.0.0.158 "PUT /v2.0/networks/a60b8bc9-ab2c-4bc7-b5b2-1a312761995e/tags HTTP/1.1" status: 200 len: 230 time: 0.0580997
2026-06-02 13:32:58.147 10 INFO neutron.wsgi [req-abbe468d-31ef-4699-980c-9d6d60803bb5 req-a7ac57a3-f246-4e12-8fc3-28de1782f541 8596af14fa624fbe84c1c1079a39e02b 2532fc06c16c45308850faae1ec5dfbe - - 03d0fd4c68764324974e6546d0ac0307 03d0fd4c68764324974e6546d0ac0307] 199.204.45.222 "GET /v2.0/ports/50434423-df25-4cc4-988b-c4a5642a7227 HTTP/1.1" status: 200 len: 1231 time: 0.0607040
2026-06-02 13:32:58.178 9 INFO neutron.wsgi [None req-54d0d21a-80e3-4ad4-9bab-05555f177101 1c32f0042a2a47ccaa4ccdccdec2a41e 761a8075165a4f7b9d3521cfa3668f12 - - default default] 10.0.0.158 "GET /v2.0/networks/a60b8bc9-ab2c-4bc7-b5b2-1a312761995e/tags HTTP/1.1" status: 200 len: 230 time: 0.0467732
2026-06-02 13:32:58.244 9 INFO neutron.wsgi [None req-0c632116-0247-4f46-bd01-3bdaee4fb06c 1c32f0042a2a47ccaa4ccdccdec2a41e 761a8075165a4f7b9d3521cfa3668f12 - - default default] 10.0.0.158 "GET /v2.0/networks/a60b8bc9-ab2c-4bc7-b5b2-1a312761995e/tags/red HTTP/1.1" status: 204 len: 168 time: 0.0607660
2026-06-02 13:32:58.288 10 INFO neutron.wsgi [None req-3cb919fd-671c-47eb-9662-d476894c53c3 0c30a91d923b4e87880f8dd9b0a1c882 8d6c285c4463467bafa338385d9d119f - - default default] 10.0.0.158 "DELETE /v2.0/security-groups/29d893e4-eefc-4ffe-902f-db39d08faa13 HTTP/1.1" status: 204 len: 168 time: 0.3999119
2026-06-02 13:32:58.300 10 INFO neutron.notifiers.nova [-] Nova event matching ['req-f9cc8844-267a-42d0-8b76-81b9633d9ff0'] response: {'server_uuid': '81124438-4012-4302-8ddd-3be407109709', 'name': 'network-vif-unplugged', 'status': 'completed', 'tag': '50434423-df25-4cc4-988b-c4a5642a7227', 'code': 200}
2026-06-02 13:32:58.308 9 INFO neutron.api.v2.resource [None req-f071baf7-ad98-4da5-98d9-153976a6a4db 1c32f0042a2a47ccaa4ccdccdec2a41e 761a8075165a4f7b9d3521cfa3668f12 - - default default] show failed (client error): The resource could not be found.
2026-06-02 13:32:58.310 9 INFO neutron.wsgi [None req-f071baf7-ad98-4da5-98d9-153976a6a4db 1c32f0042a2a47ccaa4ccdccdec2a41e 761a8075165a4f7b9d3521cfa3668f12 - - default default] 10.0.0.158 "GET /v2.0/networks/a60b8bc9-ab2c-4bc7-b5b2-1a312761995e/tags/green HTTP/1.1" status: 404 len: 299 time: 0.0586569
2026-06-02 13:32:58.379 9 INFO neutron.wsgi [None req-78325b58-1930-4e35-abee-e6e60fd84e03 1c32f0042a2a47ccaa4ccdccdec2a41e 761a8075165a4f7b9d3521cfa3668f12 - - default default] 10.0.0.158 "DELETE /v2.0/networks/a60b8bc9-ab2c-4bc7-b5b2-1a312761995e/tags/red HTTP/1.1" status: 204 len: 168 time: 0.0650802
2026-06-02 13:32:58.428 9 INFO neutron.wsgi [None req-6c7e0bb7-c96b-4d6b-8add-6ad2a03da019 1c32f0042a2a47ccaa4ccdccdec2a41e 761a8075165a4f7b9d3521cfa3668f12 - - default default] 10.0.0.158 "GET /v2.0/networks/a60b8bc9-ab2c-4bc7-b5b2-1a312761995e/tags HTTP/1.1" status: 200 len: 223 time: 0.0431130
2026-06-02 13:32:58.484 9 INFO neutron.api.v2.resource [None req-d6fe0a30-fc77-4505-8b11-d6205ae85eb9 1c32f0042a2a47ccaa4ccdccdec2a41e 761a8075165a4f7b9d3521cfa3668f12 - - default default] delete failed (client error): The resource could not be found.
2026-06-02 13:32:58.486 9 INFO neutron.wsgi [None req-d6fe0a30-fc77-4505-8b11-d6205ae85eb9 1c32f0042a2a47ccaa4ccdccdec2a41e 761a8075165a4f7b9d3521cfa3668f12 - - default default] 10.0.0.158 "DELETE /v2.0/networks/a60b8bc9-ab2c-4bc7-b5b2-1a312761995e/tags/green HTTP/1.1" status: 404 len: 299 time: 0.0504727
2026-06-02 13:32:58.555 9 INFO neutron.wsgi [None req-255f268d-d365-46e9-8aaa-aac6fbf54888 1c32f0042a2a47ccaa4ccdccdec2a41e 761a8075165a4f7b9d3521cfa3668f12 - - default default] 10.0.0.158 "DELETE /v2.0/networks/a60b8bc9-ab2c-4bc7-b5b2-1a312761995e/tags HTTP/1.1" status: 204 len: 168 time: 0.0623684
2026-06-02 13:32:58.612 9 INFO neutron.wsgi [None req-eeee3c80-4e2a-4ecd-b36f-ad12a24697cb 1c32f0042a2a47ccaa4ccdccdec2a41e 761a8075165a4f7b9d3521cfa3668f12 - - default default] 10.0.0.158 "GET /v2.0/networks/a60b8bc9-ab2c-4bc7-b5b2-1a312761995e/tags HTTP/1.1" status: 200 len: 205 time: 0.0505877
2026-06-02 13:32:58.886 9 INFO neutron.wsgi [None req-e81134cb-5ee4-407b-be2a-6e90856ece19 0c30a91d923b4e87880f8dd9b0a1c882 8d6c285c4463467bafa338385d9d119f - - default default] 199.204.45.222 "GET /v2.0/ports?device_id=81124438-4012-4302-8ddd-3be407109709 HTTP/1.1" status: 200 len: 3748 time: 0.0472987
2026-06-02 13:32:58.950 10 INFO neutron.db.ovn_revision_numbers_db [None req-fa7a0459-aa7f-4bb9-b037-665561982b0e - - - - - -] Successfully bumped revision number for resource 50434423-df25-4cc4-988b-c4a5642a7227 (type: ports) to 7
2026-06-02 13:32:58.965 10 ERROR ovsdbapp.backend.ovs_idl.command [None req-fa7a0459-aa7f-4bb9-b037-665561982b0e - - - - - -] Error executing command (LspGetUpCommand): ovsdbapp.backend.ovs_idl.idlutils.RowNotFound: Cannot find Logical_Switch_Port with name=50434423-df25-4cc4-988b-c4a5642a7227
2026-06-02 13:32:58.965 10 ERROR ovsdbapp.backend.ovs_idl.command
Traceback (most recent call last):
2026-06-02 13:32:58.965 10 ERROR ovsdbapp.backend.ovs_idl.command
File "/var/lib/openstack/lib/python3.10/site-packages/ovsdbapp/backend/ovs_idl/command.py", line 47, in execute
2026-06-02 13:32:58.965 10 ERROR ovsdbapp.backend.ovs_idl.command self.run_idl(None)
2026-06-02 13:32:58.965 10 ERROR ovsdbapp.backend.ovs_idl.command
File "/var/lib/openstack/lib/python3.10/site-packages/ovsdbapp/schema/ovn_northbound/commands.py", line 672, in run_idl
2026-06-02 13:32:58.965 10 ERROR ovsdbapp.backend.ovs_idl.command lsp = self.api.lookup('Logical_Switch_Port', self.port)
2026-06-02 13:32:58.965 10 ERROR ovsdbapp.backend.ovs_idl.command
File "/var/lib/openstack/lib/python3.10/site-packages/ovsdbapp/backend/ovs_idl/__init__.py", line 184, in lookup
2026-06-02 13:32:58.965 10 ERROR ovsdbapp.backend.ovs_idl.command return self._lookup(table, record)
2026-06-02 13:32:58.965 10 ERROR ovsdbapp.backend.ovs_idl.command
File "/var/lib/openstack/lib/python3.10/site-packages/ovsdbapp/backend/ovs_idl/__init__.py", line 235, in _lookup
2026-06-02 13:32:58.965 10 ERROR ovsdbapp.backend.ovs_idl.command row = idlutils.row_by_value(self, rl.table, rl.column, record)
2026-06-02 13:32:58.965 10 ERROR ovsdbapp.backend.ovs_idl.command
File "/var/lib/openstack/lib/python3.10/site-packages/ovsdbapp/backend/ovs_idl/idlutils.py", line 114, in row_by_value
2026-06-02 13:32:58.965 10 ERROR ovsdbapp.backend.ovs_idl.command raise RowNotFound(table=table, col=column, match=match)
2026-06-02 13:32:58.965 10 ERROR ovsdbapp.backend.ovs_idl.command ovsdbapp.backend.ovs_idl.idlutils.RowNotFound: Cannot find Logical_Switch_Port with name=50434423-df25-4cc4-988b-c4a5642a7227
2026-06-02 13:32:58.965 10 ERROR ovsdbapp.backend.ovs_idl.command 
2026-06-02 13:32:58.968 10 ERROR ovsdbapp.event [None req-fa7a0459-aa7f-4bb9-b037-665561982b0e - - - - - -] Unexpected exception in notify_loop: ovsdbapp.backend.ovs_idl.idlutils.RowNotFound: Cannot find Logical_Switch_Port with name=50434423-df25-4cc4-988b-c4a5642a7227
2026-06-02 13:32:58.968 10 ERROR ovsdbapp.event
Traceback (most recent call last):
2026-06-02 13:32:58.968 10 ERROR ovsdbapp.event
File "/var/lib/openstack/lib/python3.10/site-packages/ovsdbapp/event.py", line 177, in notify_loop
2026-06-02 13:32:58.968 10 ERROR ovsdbapp.event match.run(event, row, updates)
2026-06-02 13:32:58.968 10 ERROR ovsdbapp.event
File "/var/lib/openstack/lib/python3.10/site-packages/neutron/plugins/ml2/drivers/ovn/mech_driver/ovsdb/ovsdb_monitor.py", line 543, in run
2026-06-02 13:32:58.968 10 ERROR ovsdbapp.event self.driver.set_port_status_down(row.name)
2026-06-02 13:32:58.968 10 ERROR ovsdbapp.event
File "/var/lib/openstack/lib/python3.10/site-packages/neutron/plugins/ml2/drivers/ovn/mech_driver/mech_driver.py", line 1241, in set_port_status_down
2026-06-02 13:32:58.968 10 ERROR ovsdbapp.event self._ovn_client.update_lsp_host_info(
2026-06-02 13:32:58.968 10 ERROR ovsdbapp.event
File "/var/lib/openstack/lib/python3.10/site-packages/neutron/plugins/ml2/drivers/ovn/mech_driver/ovsdb/ovn_client.py", line 297, in update_lsp_host_info
2026-06-02 13:32:58.968 10 ERROR ovsdbapp.event port_up = self._nb_idl.lsp_get_up(db_port.id).execute(
2026-06-02 13:32:58.968 10 ERROR ovsdbapp.event
File "/var/lib/openstack/lib/python3.10/site-packages/ovsdbapp/backend/ovs_idl/command.py", line 47, in execute
2026-06-02 13:32:58.968 10 ERROR ovsdbapp.event self.run_idl(None)
2026-06-02 13:32:58.968 10 ERROR ovsdbapp.event
File "/var/lib/openstack/lib/python3.10/site-packages/ovsdbapp/schema/ovn_northbound/commands.py", line 672, in run_idl
2026-06-02 13:32:58.968 10 ERROR ovsdbapp.event lsp = self.api.lookup('Logical_Switch_Port', self.port)
2026-06-02 13:32:58.968 10 ERROR ovsdbapp.event
File "/var/lib/openstack/lib/python3.10/site-packages/ovsdbapp/backend/ovs_idl/__init__.py", line 184, in lookup
2026-06-02 13:32:58.968 10 ERROR ovsdbapp.event return self._lookup(table, record)
2026-06-02 13:32:58.968 10 ERROR ovsdbapp.event
File "/var/lib/openstack/lib/python3.10/site-packages/ovsdbapp/backend/ovs_idl/__init__.py", line 235, in _lookup
2026-06-02 13:32:58.968 10 ERROR ovsdbapp.event row = idlutils.row_by_value(self, rl.table, rl.column, record)
2026-06-02 13:32:58.968 10 ERROR ovsdbapp.event
File "/var/lib/openstack/lib/python3.10/site-packages/ovsdbapp/backend/ovs_idl/idlutils.py", line 114, in row_by_value
2026-06-02 13:32:58.968 10 ERROR ovsdbapp.event raise RowNotFound(table=table, col=column, match=match)
2026-06-02 13:32:58.968 10 ERROR ovsdbapp.event ovsdbapp.backend.ovs_idl.idlutils.RowNotFound: Cannot find Logical_Switch_Port with name=50434423-df25-4cc4-988b-c4a5642a7227
2026-06-02 13:32:58.968 10 ERROR ovsdbapp.event 
2026-06-02 13:32:58.994 10 INFO neutron.wsgi [req-abbe468d-31ef-4699-980c-9d6d60803bb5 req-8895f668-a196-4232-816a-9eba2f1dede0 0c30a91d923b4e87880f8dd9b0a1c882 8d6c285c4463467bafa338385d9d119f - - default default] 199.204.45.222 "DELETE /v2.0/ports/50434423-df25-4cc4-988b-c4a5642a7227 HTTP/1.1" status: 204 len: 173 time: 0.8420818
2026-06-02 13:32:59.081 9 INFO neutron.wsgi [None req-b1a6fac4-7ced-4107-9a4d-eaa0be9e8ca6 1c32f0042a2a47ccaa4ccdccdec2a41e 761a8075165a4f7b9d3521cfa3668f12 - - default default] 10.0.0.158 "DELETE /v2.0/networks/a60b8bc9-ab2c-4bc7-b5b2-1a312761995e HTTP/1.1" status: 204 len: 168 time: 0.4589133
2026-06-02 13:32:59.127 10 INFO neutron.wsgi [req-abbe468d-31ef-4699-980c-9d6d60803bb5 req-85e2886d-8dd7-425e-bca3-d072a6f0cd12 8596af14fa624fbe84c1c1079a39e02b 2532fc06c16c45308850faae1ec5dfbe - - 03d0fd4c68764324974e6546d0ac0307 03d0fd4c68764324974e6546d0ac0307] 199.204.45.222 "GET /v2.0/ports?tenant_id=8d6c285c4463467bafa338385d9d119f&device_id=81124438-4012-4302-8ddd-3be407109709 HTTP/1.1" status: 200 len: 2727 time: 0.0525692
2026-06-02 13:32:59.223 10 INFO neutron.wsgi [req-abbe468d-31ef-4699-980c-9d6d60803bb5 req-62480e77-c6cd-4170-baff-9dd5e0d33a91 8596af14fa624fbe84c1c1079a39e02b 2532fc06c16c45308850faae1ec5dfbe - - 03d0fd4c68764324974e6546d0ac0307 03d0fd4c68764324974e6546d0ac0307] 199.204.45.222 "GET /v2.0/networks?id=ab4f2344-1006-420f-bf16-14a329aff7f1&id=3db8e99d-b124-457b-b2ba-e1bbe908ea4d&id=a13635a4-9db4-463b-8a13-86d04bab04b5 HTTP/1.1" status: 200 len: 2517 time: 0.0860677
2026-06-02 13:32:59.258 10 INFO neutron.wsgi [req-abbe468d-31ef-4699-980c-9d6d60803bb5 req-180156bb-40ee-4baf-be3b-351e1cec3d8d 8596af14fa624fbe84c1c1079a39e02b 2532fc06c16c45308850faae1ec5dfbe - - 03d0fd4c68764324974e6546d0ac0307 03d0fd4c68764324974e6546d0ac0307] 199.204.45.222 "GET /v2.0/floatingips?fixed_ip_address=172.24.1.245&port_id=df0515bc-55a2-494c-9b01-8d6527aa764f HTTP/1.1" status: 200 len: 217 time: 0.0281832
2026-06-02 13:32:59.300 10 INFO neutron.wsgi [req-abbe468d-31ef-4699-980c-9d6d60803bb5 req-0e05a2e0-76c8-47f7-81c4-8d50b6eeedff 8596af14fa624fbe84c1c1079a39e02b 2532fc06c16c45308850faae1ec5dfbe - - 03d0fd4c68764324974e6546d0ac0307 03d0fd4c68764324974e6546d0ac0307] 199.204.45.222 "GET /v2.0/subnets?id=356397f8-e926-4c28-bf0c-3b9f7d552604 HTTP/1.1" status: 200 len: 829 time: 0.0367522
2026-06-02 13:32:59.328 10 INFO neutron.wsgi [req-abbe468d-31ef-4699-980c-9d6d60803bb5 req-afe628bb-71bb-4b6b-ba80-65d23d8d6683 8596af14fa624fbe84c1c1079a39e02b 2532fc06c16c45308850faae1ec5dfbe - - 03d0fd4c68764324974e6546d0ac0307 03d0fd4c68764324974e6546d0ac0307] 199.204.45.222 "GET /v2.0/ports?network_id=ab4f2344-1006-420f-bf16-14a329aff7f1&device_owner=network%3Adhcp HTTP/1.1" status: 200 len: 210 time: 0.0209951
2026-06-02 13:32:59.404 10 INFO neutron.wsgi [req-abbe468d-31ef-4699-980c-9d6d60803bb5 req-754d6fd3-0a33-4101-9ba3-f42dc90c6b7a 8596af14fa624fbe84c1c1079a39e02b 2532fc06c16c45308850faae1ec5dfbe - - 03d0fd4c68764324974e6546d0ac0307 03d0fd4c68764324974e6546d0ac0307] 199.204.45.222 "GET /v2.0/networks/ab4f2344-1006-420f-bf16-14a329aff7f1?fields=segments HTTP/1.1" status: 200 len: 212 time: 0.0672619
2026-06-02 13:32:59.488 10 INFO neutron.wsgi [req-abbe468d-31ef-4699-980c-9d6d60803bb5 req-2551717e-e982-4621-9c80-6d2bd9c47254 8596af14fa624fbe84c1c1079a39e02b 2532fc06c16c45308850faae1ec5dfbe - - 03d0fd4c68764324974e6546d0ac0307 03d0fd4c68764324974e6546d0ac0307] 199.204.45.222 "GET /v2.0/networks/ab4f2344-1006-420f-bf16-14a329aff7f1?fields=provider%3Aphysical_network&fields=provider%3Anetwork_type HTTP/1.1" status: 200 len: 277 time: 0.0762019
2026-06-02 13:32:59.517 10 INFO neutron.wsgi [req-abbe468d-31ef-4699-980c-9d6d60803bb5 req-b7be9a8d-bb77-4a2d-b5e2-19f0045b5eae 8596af14fa624fbe84c1c1079a39e02b 2532fc06c16c45308850faae1ec5dfbe - - 03d0fd4c68764324974e6546d0ac0307 03d0fd4c68764324974e6546d0ac0307] 199.204.45.222 "GET /v2.0/floatingips?fixed_ip_address=10.1.1.186&port_id=390c3968-4762-4619-b728-ce35789d0e0e HTTP/1.1" status: 200 len: 217 time: 0.0238261
2026-06-02 13:32:59.518 9 INFO neutron.services.segments.plugin [-] Segment 4a1164d4-3288-46f7-941c-5307b1a12902 resource provider aggregate not found
2026-06-02 13:32:59.532 9 INFO neutron.services.segments.plugin [-] Segment 4a1164d4-3288-46f7-941c-5307b1a12902 resource provider aggregate not found
2026-06-02 13:32:59.547 9 INFO neutron.services.segments.plugin [-] Segment 4a1164d4-3288-46f7-941c-5307b1a12902 resource provider not found; error: Placement Client Error (4xx): {"errors": [{"status": 404, "title": "Not Found", "detail": "The resource could not be found.\n\n No resource provider with uuid 4a1164d4-3288-46f7-941c-5307b1a12902 found for delete ", "request_id": "req-cee09fa3-9f57-4f7b-a20f-6d3bdcdb78c0"}]}
2026-06-02 13:32:59.566 10 INFO neutron.wsgi [req-abbe468d-31ef-4699-980c-9d6d60803bb5 req-9a2b2a95-8453-4cfa-a67b-c17b42f0c4b3 8596af14fa624fbe84c1c1079a39e02b 2532fc06c16c45308850faae1ec5dfbe - - 03d0fd4c68764324974e6546d0ac0307 03d0fd4c68764324974e6546d0ac0307] 199.204.45.222 "GET /v2.0/subnets?id=ee09bc6f-da3a-466f-9f8f-4b176e0356ed HTTP/1.1" status: 200 len: 854 time: 0.0397947
2026-06-02 13:32:59.567 9 INFO neutron.services.segments.plugin [-] Segment 4a1164d4-3288-46f7-941c-5307b1a12902 resource provider not found; error: Placement Client Error (4xx): {"errors": [{"status": 404, "title": "Not Found", "detail": "The resource could not be found.\n\n No resource provider with uuid 4a1164d4-3288-46f7-941c-5307b1a12902 found for delete ", "request_id": "req-f9d051dd-9447-4c8f-96b8-f9941b06988f"}]}
2026-06-02 13:32:59.592 10 INFO neutron.wsgi [req-abbe468d-31ef-4699-980c-9d6d60803bb5 req-2c5eda96-9a73-44d7-83f6-2860322c359d 8596af14fa624fbe84c1c1079a39e02b 2532fc06c16c45308850faae1ec5dfbe - - 03d0fd4c68764324974e6546d0ac0307 03d0fd4c68764324974e6546d0ac0307] 199.204.45.222 "GET /v2.0/ports?network_id=3db8e99d-b124-457b-b2ba-e1bbe908ea4d&device_owner=network%3Adhcp HTTP/1.1" status: 200 len: 210 time: 0.0195320
2026-06-02 13:32:59.661 10 INFO neutron.wsgi [req-abbe468d-31ef-4699-980c-9d6d60803bb5 req-19bd5879-aaff-45a6-b2f5-2920cc62ef80 8596af14fa624fbe84c1c1079a39e02b 2532fc06c16c45308850faae1ec5dfbe - - 03d0fd4c68764324974e6546d0ac0307 03d0fd4c68764324974e6546d0ac0307] 199.204.45.222 "GET /v2.0/networks/3db8e99d-b124-457b-b2ba-e1bbe908ea4d?fields=segments HTTP/1.1" status: 200 len: 212 time: 0.0634701
2026-06-02 13:32:59.723 10 INFO neutron.wsgi [req-abbe468d-31ef-4699-980c-9d6d60803bb5 req-279af34e-c822-4203-9ddc-b9db2ef3fae9 8596af14fa624fbe84c1c1079a39e02b 2532fc06c16c45308850faae1ec5dfbe - - 03d0fd4c68764324974e6546d0ac0307 03d0fd4c68764324974e6546d0ac0307] 199.204.45.222 "GET /v2.0/networks/3db8e99d-b124-457b-b2ba-e1bbe908ea4d?fields=provider%3Aphysical_network&fields=provider%3Anetwork_type HTTP/1.1" status: 200 len: 277 time: 0.0546274
2026-06-02 13:32:59.963 9 INFO neutron.wsgi [None req-90daa376-d9a6-4693-a706-7273e8351ae8 0c30a91d923b4e87880f8dd9b0a1c882 8d6c285c4463467bafa338385d9d119f - - default default] 199.204.45.222 "GET /v2.0/ports?device_id=81124438-4012-4302-8ddd-3be407109709 HTTP/1.1" status: 200 len: 2727 time: 0.0551167
2026-06-02 13:33:00.001 9 INFO neutron.pecan_wsgi.hooks.translation [None req-accea048-92ce-4c70-8a07-13f44d59400c 0c30a91d923b4e87880f8dd9b0a1c882 8d6c285c4463467bafa338385d9d119f - - default default] DELETE failed (client error): The resource could not be found.
2026-06-02 13:33:00.003 9 INFO neutron.wsgi [None req-accea048-92ce-4c70-8a07-13f44d59400c 0c30a91d923b4e87880f8dd9b0a1c882 8d6c285c4463467bafa338385d9d119f - - default default] 199.204.45.222 "DELETE /v2.0/ports/50434423-df25-4cc4-988b-c4a5642a7227 HTTP/1.1" status: 404 len: 338 time: 0.0265272
2026-06-02 13:33:00.049 10 INFO neutron.wsgi [None req-7a60a018-504e-4606-b8b1-e961d916a1cf 0c30a91d923b4e87880f8dd9b0a1c882 8d6c285c4463467bafa338385d9d119f - - default default] 10.0.0.158 "GET /v2.0/security-groups?tenant_id=761a8075165a4f7b9d3521cfa3668f12&name=default HTTP/1.1" status: 200 len: 2996 time: 0.2883928
2026-06-02 13:33:00.122 9 INFO neutron.wsgi [None req-189a9156-63ed-454a-937d-d225871dbfa1 0c30a91d923b4e87880f8dd9b0a1c882 8d6c285c4463467bafa338385d9d119f - - default default] 199.204.45.222 "GET /v2.0/extensions/security-group HTTP/1.1" status: 200 len: 369 time: 0.0064616
2026-06-02 13:33:00.134 9 INFO neutron.wsgi [None req-d120489a-911d-4c26-bf18-abf84b210f44 0c30a91d923b4e87880f8dd9b0a1c882 8d6c285c4463467bafa338385d9d119f - - default default] 199.204.45.222 "GET /v2.0/extensions/dns-integration HTTP/1.1" status: 200 len: 371 time: 0.0073259
2026-06-02 13:33:00.143 9 INFO neutron.wsgi [None req-325c4f1a-3e18-4ece-86e6-b3c636c68af4 0c30a91d923b4e87880f8dd9b0a1c882 8d6c285c4463467bafa338385d9d119f - - default default] 199.204.45.222 "GET /v2.0/extensions/qos HTTP/1.1" status: 200 len: 365 time: 0.0048921
2026-06-02 13:33:00.158 9 INFO neutron.wsgi [None req-098315cd-fa68-4403-9587-bbf147abcc83 0c30a91d923b4e87880f8dd9b0a1c882 8d6c285c4463467bafa338385d9d119f - - default default] 199.204.45.222 "GET /v2.0/extensions/allowed-address-pairs HTTP/1.1" status: 200 len: 383 time: 0.0102444
2026-06-02 13:33:00.211 9 INFO neutron.wsgi [None req-fe1cc412-c0de-4172-a792-28ad9fe1a29d 0c30a91d923b4e87880f8dd9b0a1c882 8d6c285c4463467bafa338385d9d119f - - default default] 199.204.45.222 "GET /v2.0/subnets/ee09bc6f-da3a-466f-9f8f-4b176e0356ed HTTP/1.1" status: 200 len: 851 time: 0.0471873
2026-06-02 13:33:00.242 10 INFO neutron.wsgi [None req-9cbd13f4-1120-447c-8597-90fb3be817bf 0c30a91d923b4e87880f8dd9b0a1c882 8d6c285c4463467bafa338385d9d119f - - default default] 10.0.0.158 "DELETE /v2.0/security-groups/896ac897-885f-462b-8d1a-6808a3a1c14d HTTP/1.1" status: 204 len: 168 time: 0.1851416
2026-06-02 13:33:00.272 9 INFO neutron.wsgi [None req-e359ddf8-86a5-4fd8-a192-fcdb57f0657d 0c30a91d923b4e87880f8dd9b0a1c882 8d6c285c4463467bafa338385d9d119f - - default default] 199.204.45.222 "GET /v2.0/ports/30844262-edbf-44bf-8d2a-94fdaffb73b8 HTTP/1.1" status: 200 len: 1336 time: 0.0440626
2026-06-02 13:33:00.320 9 INFO neutron.wsgi [None req-e3f08140-1032-4c06-b560-c347d20bc7ad 0c30a91d923b4e87880f8dd9b0a1c882 8d6c285c4463467bafa338385d9d119f - - default default] 199.204.45.222 "GET /v2.0/ports/390c3968-4762-4619-b728-ce35789d0e0e HTTP/1.1" status: 200 len: 1518 time: 0.0399680
2026-06-02 13:33:00.346 10 INFO neutron.notifiers.nova [-] Nova event matching ['req-e8a31b1a-9089-4a26-8ce9-580d97f436a6'] response: {'server_uuid': '81124438-4012-4302-8ddd-3be407109709', 'name': 'network-vif-plugged', 'status': 'completed', 'tag': '50434423-df25-4cc4-988b-c4a5642a7227', 'code': 200}
2026-06-02 13:33:00.347 10 INFO neutron.notifiers.nova [-] Nova event matching ['req-e8a31b1a-9089-4a26-8ce9-580d97f436a6'] response: {'server_uuid': '81124438-4012-4302-8ddd-3be407109709', 'name': 'network-vif-deleted', 'tag': '50434423-df25-4cc4-988b-c4a5642a7227', 'status': 'completed', 'code': 200}
2026-06-02 13:33:00.372 9 INFO neutron.wsgi [None req-2867d29a-61f8-4cbc-8175-e49d231b8124 0c30a91d923b4e87880f8dd9b0a1c882 8d6c285c4463467bafa338385d9d119f - - default default] 199.204.45.222 "GET /v2.0/subnets/ee09bc6f-da3a-466f-9f8f-4b176e0356ed HTTP/1.1" status: 200 len: 851 time: 0.0400808
2026-06-02 13:33:00.455 9 INFO neutron.wsgi [None req-bcda62ba-0bae-422e-9452-9f626f5e2f76 0c30a91d923b4e87880f8dd9b0a1c882 8d6c285c4463467bafa338385d9d119f - - default default] 199.204.45.222 "GET /v2.0/networks/3db8e99d-b124-457b-b2ba-e1bbe908ea4d HTTP/1.1" status: 200 len: 1000 time: 0.0744958
2026-06-02 13:33:00.510 9 INFO neutron.wsgi [None req-df9f8570-2edc-40eb-83c4-cf9ee2cb12a8 0c30a91d923b4e87880f8dd9b0a1c882 8d6c285c4463467bafa338385d9d119f - - default default] 199.204.45.222 "GET /v2.0/ports/30844262-edbf-44bf-8d2a-94fdaffb73b8 HTTP/1.1" status: 200 len: 1336 time: 0.0473986
2026-06-02 13:33:00.517 10 INFO neutron.db.ovn_revision_numbers_db [None req-6274c9bc-05d9-4516-9393-6c27c8b42d4c 0c30a91d923b4e87880f8dd9b0a1c882 8d6c285c4463467bafa338385d9d119f - - default default] Successfully bumped revision number for resource f469513b-9e0a-4ef7-a73b-738afd826e39 (type: security_groups) to 1
2026-06-02 13:33:00.537 10 INFO neutron.db.ovn_revision_numbers_db [None req-6274c9bc-05d9-4516-9393-6c27c8b42d4c 0c30a91d923b4e87880f8dd9b0a1c882 8d6c285c4463467bafa338385d9d119f - - default default] Successfully bumped revision number for resource 2d61cc2d-b885-4b42-b2a4-c94a48dbae9a (type: security_group_rules) to 0
2026-06-02 13:33:00.580 9 INFO neutron.wsgi [None req-e2d99b21-2984-4c2d-a59b-c3a6c43fe4c9 0c30a91d923b4e87880f8dd9b0a1c882 8d6c285c4463467bafa338385d9d119f - - default default] 199.204.45.222 "GET /v2.0/subnets/ee09bc6f-da3a-466f-9f8f-4b176e0356ed HTTP/1.1" status: 200 len: 851 time: 0.0595906
2026-06-02 13:33:00.587 10 INFO neutron.db.ovn_revision_numbers_db [None req-6274c9bc-05d9-4516-9393-6c27c8b42d4c 0c30a91d923b4e87880f8dd9b0a1c882 8d6c285c4463467bafa338385d9d119f - - default default] Successfully bumped revision number for resource 5f72c8c9-9a42-4acb-a21e-a8461f8f9c36 (type: security_group_rules) to 0
2026-06-02 13:33:00.603 10 INFO neutron.db.ovn_revision_numbers_db [None req-6274c9bc-05d9-4516-9393-6c27c8b42d4c 0c30a91d923b4e87880f8dd9b0a1c882 8d6c285c4463467bafa338385d9d119f - - default default] Successfully bumped revision number for resource 969b313e-38a5-4446-9f2b-812f38968d50 (type: security_group_rules) to 0
2026-06-02 13:33:00.624 10 INFO neutron.db.ovn_revision_numbers_db [None req-6274c9bc-05d9-4516-9393-6c27c8b42d4c 0c30a91d923b4e87880f8dd9b0a1c882 8d6c285c4463467bafa338385d9d119f - - default default] Successfully bumped revision number for resource db192609-f5be-476c-b8b8-ed8aa4399a13 (type: security_group_rules) to 0
2026-06-02 13:33:00.653 10 INFO neutron.wsgi [None req-6274c9bc-05d9-4516-9393-6c27c8b42d4c 0c30a91d923b4e87880f8dd9b0a1c882 8d6c285c4463467bafa338385d9d119f - - default default] 10.0.0.158 "GET /v2.0/security-groups?tenant_id=bdb1ca90e9544b98b57e2ad5a3f33ba3&name=default HTTP/1.1" status: 200 len: 2996 time: 0.2485082
2026-06-02 13:33:00.888 10 INFO neutron.wsgi [None req-2e85315a-3fb8-4c14-9fbf-c8027e17a506 0c30a91d923b4e87880f8dd9b0a1c882 8d6c285c4463467bafa338385d9d119f - - default default] 10.0.0.158 "DELETE /v2.0/security-groups/f469513b-9e0a-4ef7-a73b-738afd826e39 HTTP/1.1" status: 204 len: 168 time: 0.2315273
2026-06-02 13:33:02.865 10 WARNING neutron_lib.context [None req-0e9c34bd-5a2a-4cd0-ba53-df17b59b8477 91b7e5a3aee942bfa387b9f23f740421 b3c7d360b3844d34b3ffca52b7e6cd0f - - default default] Method 'is_advsvc' is deprecated since 2023.2 release (neutron-lib 3.8.0) and will be removed once support for the old RBAC API policies will be removed from Neutron. Please use method 'is_service_role' instead.
2026-06-02 13:33:03.004 10 INFO neutron.db.ovn_revision_numbers_db [None req-0e9c34bd-5a2a-4cd0-ba53-df17b59b8477 91b7e5a3aee942bfa387b9f23f740421 b3c7d360b3844d34b3ffca52b7e6cd0f - - default default] Successfully bumped revision number for resource a8705c7b-c010-4a9a-957e-786278840ee3 (type: security_groups) to 1
2026-06-02 13:33:03.033 10 INFO neutron.db.ovn_revision_numbers_db [None req-0e9c34bd-5a2a-4cd0-ba53-df17b59b8477 91b7e5a3aee942bfa387b9f23f740421 b3c7d360b3844d34b3ffca52b7e6cd0f - - default default] Successfully bumped revision number for resource 0ae52df0-aa3e-490a-8a28-a4e1925a2315 (type: security_group_rules) to 0
2026-06-02 13:33:03.056 10 INFO neutron.db.ovn_revision_numbers_db [None req-0e9c34bd-5a2a-4cd0-ba53-df17b59b8477 91b7e5a3aee942bfa387b9f23f740421 b3c7d360b3844d34b3ffca52b7e6cd0f - - default default] Successfully bumped revision number for resource 430cc136-b6c6-4fe3-a374-1b53b6406588 (type: security_group_rules) to 0
2026-06-02 13:33:03.082 10 INFO neutron.db.ovn_revision_numbers_db [None req-0e9c34bd-5a2a-4cd0-ba53-df17b59b8477 91b7e5a3aee942bfa387b9f23f740421 b3c7d360b3844d34b3ffca52b7e6cd0f - - default default] Successfully bumped revision number for resource 6f771abb-ca6b-411f-9874-a3c201de847a (type: security_group_rules) to 0
2026-06-02 13:33:03.109 10 INFO neutron.db.ovn_revision_numbers_db [None req-0e9c34bd-5a2a-4cd0-ba53-df17b59b8477 91b7e5a3aee942bfa387b9f23f740421 b3c7d360b3844d34b3ffca52b7e6cd0f - - default default] Successfully bumped revision number for resource 7c9dd5ea-b02c-424a-93d6-c2a172e745a9 (type: security_group_rules) to 0
2026-06-02 13:33:03.166 10 INFO neutron.db.segments_db [None req-0e9c34bd-5a2a-4cd0-ba53-df17b59b8477 91b7e5a3aee942bfa387b9f23f740421 b3c7d360b3844d34b3ffca52b7e6cd0f - - default default] Added segment ec21e6bf-e4a8-4a85-9ce0-a2f4e57ec726 of type geneve for network 31fa994e-a191-41ce-8e62-e7ebedecab41
2026-06-02 13:33:03.338 10 INFO neutron.db.ovn_revision_numbers_db [None req-0e9c34bd-5a2a-4cd0-ba53-df17b59b8477 91b7e5a3aee942bfa387b9f23f740421 b3c7d360b3844d34b3ffca52b7e6cd0f - - default default] Successfully bumped revision number for resource 31fa994e-a191-41ce-8e62-e7ebedecab41 (type: networks) to 1
2026-06-02 13:33:03.530 10 WARNING neutron.scheduler.dhcp_agent_scheduler [None req-0e9c34bd-5a2a-4cd0-ba53-df17b59b8477 91b7e5a3aee942bfa387b9f23f740421 b3c7d360b3844d34b3ffca52b7e6cd0f - - default default] No more DHCP agents
2026-06-02 13:33:03.534 10 WARNING neutron.api.rpc.agentnotifiers.dhcp_rpc_agent_api [None req-0e9c34bd-5a2a-4cd0-ba53-df17b59b8477 91b7e5a3aee942bfa387b9f23f740421 b3c7d360b3844d34b3ffca52b7e6cd0f - - default default] Unable to schedule network 31fa994e-a191-41ce-8e62-e7ebedecab41: no agents available; will retry on subsequent port and subnet creation events.
2026-06-02 13:33:03.618 10 INFO neutron.db.ovn_revision_numbers_db [None req-0e9c34bd-5a2a-4cd0-ba53-df17b59b8477 91b7e5a3aee942bfa387b9f23f740421 b3c7d360b3844d34b3ffca52b7e6cd0f - - default default] Successfully bumped revision number for resource 0a0097bd-fd63-40dc-a784-4d555c595d31 (type: ports) to 1
2026-06-02 13:33:03.642 10 INFO neutron.wsgi [None req-0e9c34bd-5a2a-4cd0-ba53-df17b59b8477 91b7e5a3aee942bfa387b9f23f740421 b3c7d360b3844d34b3ffca52b7e6cd0f - - default default] 10.0.0.158 "POST /v2.0/networks HTTP/1.1" status: 201 len: 831 time: 0.9999545
2026-06-02 13:33:03.653 10 WARNING neutron_lib.context [None req-151246c6-7409-44e1-a018-5ee11b9eb7a7 91b7e5a3aee942bfa387b9f23f740421 b3c7d360b3844d34b3ffca52b7e6cd0f - - default default] Method 'is_advsvc' is deprecated since 2023.2 release (neutron-lib 3.8.0) and will be removed once support for the old RBAC API policies will be removed from Neutron. Please use method 'is_service_role' instead.
2026-06-02 13:33:03.932 10 WARNING neutron.scheduler.dhcp_agent_scheduler [None req-151246c6-7409-44e1-a018-5ee11b9eb7a7 91b7e5a3aee942bfa387b9f23f740421 b3c7d360b3844d34b3ffca52b7e6cd0f - - default default] No more DHCP agents
2026-06-02 13:33:03.936 10 WARNING neutron.api.rpc.agentnotifiers.dhcp_rpc_agent_api [None req-151246c6-7409-44e1-a018-5ee11b9eb7a7 91b7e5a3aee942bfa387b9f23f740421 b3c7d360b3844d34b3ffca52b7e6cd0f - - default default] Unable to schedule network 31fa994e-a191-41ce-8e62-e7ebedecab41: no agents available; will retry on subsequent port and subnet creation events.
2026-06-02 13:33:04.048 10 INFO neutron.db.ovn_revision_numbers_db [None req-151246c6-7409-44e1-a018-5ee11b9eb7a7 91b7e5a3aee942bfa387b9f23f740421 b3c7d360b3844d34b3ffca52b7e6cd0f - - default default] Successfully bumped revision number for resource fa73a5fb-9bd4-4182-a9b9-9465aab0fee7 (type: ports) to 1
2026-06-02 13:33:04.082 10 INFO neutron.wsgi [None req-151246c6-7409-44e1-a018-5ee11b9eb7a7 91b7e5a3aee942bfa387b9f23f740421 b3c7d360b3844d34b3ffca52b7e6cd0f - - default default] 10.0.0.158 "POST /v2.0/ports HTTP/1.1" status: 201 len: 942 time: 0.4338121 /var/lib/openstack/lib/python3.10/site-packages/pycadf/identifier.py:71: UserWarning: Invalid uuid: neutron. To ensure interoperability, identifiers should be a valid uuid. warnings.warn(('Invalid uuid: %s. To ensure interoperability, '
2026-06-02 13:33:04.090 10 WARNING neutron_lib.context [None req-9b6534cf-b24a-488f-8ea0-5259e7f089f0 91b7e5a3aee942bfa387b9f23f740421 b3c7d360b3844d34b3ffca52b7e6cd0f - - default default] Method 'is_advsvc' is deprecated since 2023.2 release (neutron-lib 3.8.0) and will be removed once support for the old RBAC API policies will be removed from Neutron. Please use method 'is_service_role' instead.
2026-06-02 13:33:04.185 10 INFO neutron.db.segments_db [None req-9b6534cf-b24a-488f-8ea0-5259e7f089f0 91b7e5a3aee942bfa387b9f23f740421 b3c7d360b3844d34b3ffca52b7e6cd0f - - default default] Added segment 222e066f-5191-4b2a-9601-b0d9d251bca9 of type geneve for network cc04416e-f254-4011-807d-dc70fab160a6
2026-06-02 13:33:04.351 10 INFO neutron.db.ovn_revision_numbers_db [None req-9b6534cf-b24a-488f-8ea0-5259e7f089f0 91b7e5a3aee942bfa387b9f23f740421 b3c7d360b3844d34b3ffca52b7e6cd0f - - default default] Successfully bumped revision number for resource cc04416e-f254-4011-807d-dc70fab160a6 (type: networks) to 1
2026-06-02 13:33:04.516 9 WARNING neutron_lib.context [None req-b5240657-e90e-4822-a6a4-35e161db21f1 272614ec0348414290aca7c48e60ba84 6eb50546e4844df39146903b093c9686 - - default default] Method 'is_advsvc' is deprecated since 2023.2 release (neutron-lib 3.8.0) and will be removed once support for the old RBAC API policies will be removed from Neutron. Please use method 'is_service_role' instead.
2026-06-02 13:33:04.571 10 WARNING neutron.scheduler.dhcp_agent_scheduler [None req-9b6534cf-b24a-488f-8ea0-5259e7f089f0 91b7e5a3aee942bfa387b9f23f740421 b3c7d360b3844d34b3ffca52b7e6cd0f - - default default] No more DHCP agents
2026-06-02 13:33:04.575 10 WARNING neutron.api.rpc.agentnotifiers.dhcp_rpc_agent_api [None req-9b6534cf-b24a-488f-8ea0-5259e7f089f0 91b7e5a3aee942bfa387b9f23f740421 b3c7d360b3844d34b3ffca52b7e6cd0f - - default default] Unable to schedule network cc04416e-f254-4011-807d-dc70fab160a6: no agents available; will retry on subsequent port and subnet creation events.
2026-06-02 13:33:04.658 10 INFO neutron.db.ovn_revision_numbers_db [None req-9b6534cf-b24a-488f-8ea0-5259e7f089f0 91b7e5a3aee942bfa387b9f23f740421 b3c7d360b3844d34b3ffca52b7e6cd0f - - default default] Successfully bumped revision number for resource 9a69445c-5397-4d4c-8233-fbf2ef1a9ddc (type: ports) to 1
2026-06-02 13:33:04.684 10 INFO neutron.wsgi [None req-9b6534cf-b24a-488f-8ea0-5259e7f089f0 91b7e5a3aee942bfa387b9f23f740421 b3c7d360b3844d34b3ffca52b7e6cd0f - - default default] 10.0.0.158 "POST /v2.0/networks HTTP/1.1" status: 201 len: 830 time: 0.5981805
2026-06-02 13:33:04.694 10 WARNING neutron_lib.context [None req-c2070bd1-4a7b-4a46-b1b1-f5569a5f9298 91b7e5a3aee942bfa387b9f23f740421 b3c7d360b3844d34b3ffca52b7e6cd0f - - default default] Method 'is_advsvc' is deprecated since 2023.2 release (neutron-lib 3.8.0) and will be removed once support for the old RBAC API policies will be removed from Neutron. Please use method 'is_service_role' instead.
2026-06-02 13:33:04.943 10 WARNING neutron.scheduler.dhcp_agent_scheduler [None req-c2070bd1-4a7b-4a46-b1b1-f5569a5f9298 91b7e5a3aee942bfa387b9f23f740421 b3c7d360b3844d34b3ffca52b7e6cd0f - - default default] No more DHCP agents
2026-06-02 13:33:04.947 10 WARNING neutron.api.rpc.agentnotifiers.dhcp_rpc_agent_api [None req-c2070bd1-4a7b-4a46-b1b1-f5569a5f9298 91b7e5a3aee942bfa387b9f23f740421 b3c7d360b3844d34b3ffca52b7e6cd0f - - default default] Unable to schedule network cc04416e-f254-4011-807d-dc70fab160a6: no agents available; will retry on subsequent port and subnet creation events.
2026-06-02 13:33:05.039 10 INFO neutron.db.ovn_revision_numbers_db [None req-c2070bd1-4a7b-4a46-b1b1-f5569a5f9298 91b7e5a3aee942bfa387b9f23f740421 b3c7d360b3844d34b3ffca52b7e6cd0f - - default default] Successfully bumped revision number for resource b233cb4a-95b4-4350-b58c-690b608d98d4 (type: ports) to 1
2026-06-02 13:33:05.046 9 INFO neutron.db.ovn_revision_numbers_db [None req-b5240657-e90e-4822-a6a4-35e161db21f1 272614ec0348414290aca7c48e60ba84 6eb50546e4844df39146903b093c9686 - - default default] Successfully bumped revision number for resource a22fc169-1071-4a5e-a76f-4e2c53f6906d (type: routers) to 1
2026-06-02 13:33:05.064 9 INFO neutron.wsgi [None req-b5240657-e90e-4822-a6a4-35e161db21f1 272614ec0348414290aca7c48e60ba84 6eb50546e4844df39146903b093c9686 - - default default] 10.0.0.158 "POST /v2.0/routers HTTP/1.1" status: 201 len: 654 time: 0.7528377
2026-06-02 13:33:05.065 10 INFO neutron.wsgi [None req-c2070bd1-4a7b-4a46-b1b1-f5569a5f9298 91b7e5a3aee942bfa387b9f23f740421 b3c7d360b3844d34b3ffca52b7e6cd0f - - default default] 10.0.0.158 "POST /v2.0/ports HTTP/1.1" status: 201 len: 942 time: 0.3753715 /var/lib/openstack/lib/python3.10/site-packages/pycadf/identifier.py:71: UserWarning: Invalid uuid: neutron. To ensure interoperability, identifiers should be a valid uuid. warnings.warn(('Invalid uuid: %s. To ensure interoperability, '
2026-06-02 13:33:05.077 10 WARNING neutron_lib.context [None req-ab9231bc-32f8-4a38-81d7-ceebbd414f29 91b7e5a3aee942bfa387b9f23f740421 b3c7d360b3844d34b3ffca52b7e6cd0f - - default default] Method 'is_advsvc' is deprecated since 2023.2 release (neutron-lib 3.8.0) and will be removed once support for the old RBAC API policies will be removed from Neutron. Please use method 'is_service_role' instead.
2026-06-02 13:33:05.146 10 INFO neutron.wsgi [None req-335bafe8-ecbd-4a55-8d36-e98c02311b51 272614ec0348414290aca7c48e60ba84 6eb50546e4844df39146903b093c9686 - - default default] 10.0.0.158 "PUT /v2.0/routers/a22fc169-1071-4a5e-a76f-4e2c53f6906d/tags HTTP/1.1" status: 200 len: 218 time: 0.0735338
