2026-06-02 13:28:11.260 10 INFO neutron.wsgi [req-ff122a5c-09d4-4e7d-a01b-f819751957bf req-efab1e3d-0c4a-462e-8a9f-75867e46c625 8596af14fa624fbe84c1c1079a39e02b 2532fc06c16c45308850faae1ec5dfbe - - 03d0fd4c68764324974e6546d0ac0307 03d0fd4c68764324974e6546d0ac0307] 199.204.45.222 "GET /v2.0/networks/ea86cad2-87f5-41d5-a9b6-d1875a403f0a?fields=segments HTTP/1.1" status: 200 len: 212 time: 0.0971487
2026-06-02 13:28:11.347 10 INFO neutron.wsgi [req-ff122a5c-09d4-4e7d-a01b-f819751957bf req-d9d076ab-41c0-4a53-b151-346fbbe5127b 8596af14fa624fbe84c1c1079a39e02b 2532fc06c16c45308850faae1ec5dfbe - - 03d0fd4c68764324974e6546d0ac0307 03d0fd4c68764324974e6546d0ac0307] 199.204.45.222 "GET /v2.0/networks/ea86cad2-87f5-41d5-a9b6-d1875a403f0a?fields=provider%3Aphysical_network&fields=provider%3Anetwork_type HTTP/1.1" status: 200 len: 277 time: 0.0800023
2026-06-02 13:28:11.739 10 INFO neutron.wsgi [None req-3d6a9e29-d1d5-4a9b-a81b-f62995c41f76 0c30a91d923b4e87880f8dd9b0a1c882 8d6c285c4463467bafa338385d9d119f - - default default] 10.0.0.158 "DELETE /v2.0/networks/d895b04d-1cdc-4d1b-96d4-2721897a312c HTTP/1.1" status: 204 len: 168 time: 0.5466828
2026-06-02 13:28:11.816 9 WARNING neutron.plugins.ml2.drivers.ovn.mech_driver.ovsdb.ovn_client [None req-a75d0197-3311-46b9-a8ae-5e5b60bac344 - - - - - -] No port found with ID 4ffed193-37d8-41b0-8085-95a1d005b028: RuntimeError: No port found with ID 4ffed193-37d8-41b0-8085-95a1d005b028
2026-06-02 13:28:11.817 9 INFO neutron.plugins.ml2.drivers.ovn.mech_driver.mech_driver [None req-a75d0197-3311-46b9-a8ae-5e5b60bac344 - - - - - -] OVN reports status up for port: 1af710c5-8d53-453b-ba86-897cf96ce153
2026-06-02 13:28:11.832 9 INFO neutron.plugins.ml2.plugin [None req-a75d0197-3311-46b9-a8ae-5e5b60bac344 - - - - - -] Attempt 1 to provision port 1af710c5-8d53-453b-ba86-897cf96ce153
2026-06-02 13:28:11.941 9 INFO neutron.wsgi [None req-282e108b-09fd-46ea-891c-8dd7c8475b9e 0c30a91d923b4e87880f8dd9b0a1c882 8d6c285c4463467bafa338385d9d119f - - default default] 10.0.0.158 "GET /v2.0/security-groups?tenant_id=5421d4e4e94d4fc0b2cf80a985648cae&name=default HTTP/1.1" status: 200 len: 2992 time: 0.0640392
2026-06-02 13:28:11.992 9 INFO neutron.plugins.ml2.drivers.ovn.mech_driver.mech_driver [None req-a75d0197-3311-46b9-a8ae-5e5b60bac344 - - - - - -] OVN reports status up for port: 44fe1562-2be2-43bd-bea2-2dbe08fe856a
2026-06-02 13:28:12.007 9 INFO neutron.plugins.ml2.plugin [None req-a75d0197-3311-46b9-a8ae-5e5b60bac344 - - - - - -] Attempt 1 to provision port 44fe1562-2be2-43bd-bea2-2dbe08fe856a
2026-06-02 13:28:12.126 9 INFO neutron.wsgi [req-067a5d83-825f-48a3-b0c0-e200f6d27675 req-6d54b94b-0cdd-4445-9312-ba321572b4f3 37ddf375b2ad45648ff010756cc88117 1ec0998461f5410489642c9818d65bf0 - - default default] 10.0.0.94 "GET /v2.0/ports?device_id=2ac775d9-2f9b-4852-a4b0-b1b44212b3bf HTTP/1.1" status: 200 len: 1168 time: 0.0693209
2026-06-02 13:28:12.159 9 INFO neutron.wsgi [req-17ac35f4-b851-4059-9874-cdf4b01e034e req-92d6dd39-ed04-466d-98b2-8177b036c10e cae6f30a715547a0b1ad2c10d344c2a4 40f2688870b94ca093077fbb12349d1a - - default default] 10.0.0.94 "GET /v2.0/ports?device_id=f65d70c9-07e2-4f7e-8cb1-d06ed21a0432 HTTP/1.1" status: 200 len: 1168 time: 0.1597733
2026-06-02 13:28:12.199 10 INFO neutron.services.segments.plugin [-] Segment a71deb93-6990-41f3-a1e3-e782def5f5d9 resource provider aggregate not found
2026-06-02 13:28:12.208 10 INFO neutron.services.segments.plugin [-] Segment a71deb93-6990-41f3-a1e3-e782def5f5d9 resource provider aggregate not found
2026-06-02 13:28:12.218 10 INFO neutron.services.segments.plugin [-] Segment a71deb93-6990-41f3-a1e3-e782def5f5d9 resource provider not found; error: Placement Client Error (4xx): {"errors": [{"status": 404, "title": "Not Found", "detail": "The resource could not be found.\n\n No resource provider with uuid a71deb93-6990-41f3-a1e3-e782def5f5d9 found for delete ", "request_id": "req-e96d6cbe-22a9-4949-957a-cbbff9c7821d"}]}
2026-06-02 13:28:12.224 10 INFO neutron.services.segments.plugin [-] Segment a71deb93-6990-41f3-a1e3-e782def5f5d9 resource provider not found; error: Placement Client Error (4xx): {"errors": [{"status": 404, "title": "Not Found", "detail": "The resource could not be found.\n\n No resource provider with uuid a71deb93-6990-41f3-a1e3-e782def5f5d9 found for delete ", "request_id": "req-d8a41afd-86e3-4de4-8029-233ff9dd6931"}]}
2026-06-02 13:28:12.231 10 INFO neutron.wsgi [-] 10.0.0.23 "GET / HTTP/1.1" status: 200 len: 247 time: 0.0022418
2026-06-02 13:28:12.233 10 INFO neutron.wsgi [-] 10.0.0.23 "GET / HTTP/1.1" status: 200 len: 247 time: 0.0013032
2026-06-02 13:28:12.248 9 INFO neutron.wsgi [req-067a5d83-825f-48a3-b0c0-e200f6d27675 req-a1824c0f-8877-4930-83c0-5c73e3090996 37ddf375b2ad45648ff010756cc88117 1ec0998461f5410489642c9818d65bf0 - - default default] 10.0.0.94 "GET /v2.0/security-groups?id=0ad34f1b-3aa6-4a41-a519-96830625cc07&fields=id&fields=name HTTP/1.1" status: 200 len: 286 time: 0.1145356
2026-06-02 13:28:12.257 9 INFO neutron.wsgi [req-17ac35f4-b851-4059-9874-cdf4b01e034e req-6faf408e-ef88-45ce-b9a8-20b3d7caedf2 cae6f30a715547a0b1ad2c10d344c2a4 40f2688870b94ca093077fbb12349d1a - - default default] 10.0.0.94 "GET /v2.0/security-groups?id=c6dad07d-4475-4441-98cb-d728c1010211&fields=id&fields=name HTTP/1.1" status: 200 len: 311 time: 0.0857983
2026-06-02 13:28:12.365 9 INFO neutron.wsgi [None req-18cd95ec-d817-40a2-9063-b402a8b67986 0c30a91d923b4e87880f8dd9b0a1c882 8d6c285c4463467bafa338385d9d119f - - default default] 10.0.0.158 "DELETE /v2.0/security-groups/b8023132-50fe-48cd-b187-56b16dfea82b HTTP/1.1" status: 204 len: 168 time: 0.4195457
2026-06-02 13:28:12.436 9 INFO neutron.db.ovn_revision_numbers_db [None req-a75d0197-3311-46b9-a8ae-5e5b60bac344 - - - - - -] Successfully bumped revision number for resource 44fe1562-2be2-43bd-bea2-2dbe08fe856a (type: ports) to 2
2026-06-02 13:28:12.518 9 INFO neutron.db.ovn_revision_numbers_db [None req-a75d0197-3311-46b9-a8ae-5e5b60bac344 - - - - - -] Successfully bumped revision number for resource 44fe1562-2be2-43bd-bea2-2dbe08fe856a (type: router_ports) to 2
2026-06-02 13:28:12.738 10 INFO neutron.notifiers.nova [-] Nova event matching ['req-15de3f1d-9199-4767-b272-92e8f4529e3e'] response: {'name': 'network-changed', 'server_uuid': 'f65d70c9-07e2-4f7e-8cb1-d06ed21a0432', 'tag': '242f9470-f8b5-4584-8960-b9673efa4e07', 'status': 'completed', 'code': 200}
2026-06-02 13:28:12.819 10 INFO neutron.wsgi [req-15c830db-344e-4bf4-b295-c0995a0137f0 req-9c724b66-2926-49da-b578-ec1fcf67c9ec 8596af14fa624fbe84c1c1079a39e02b 2532fc06c16c45308850faae1ec5dfbe - - 03d0fd4c68764324974e6546d0ac0307 03d0fd4c68764324974e6546d0ac0307] 199.204.45.222 "GET /v2.0/ports?tenant_id=40f2688870b94ca093077fbb12349d1a&device_id=f65d70c9-07e2-4f7e-8cb1-d06ed21a0432 HTTP/1.1" status: 200 len: 1407 time: 0.0563538
2026-06-02 13:28:12.906 10 INFO neutron.wsgi [req-15c830db-344e-4bf4-b295-c0995a0137f0 req-cf8ab8df-9efd-403e-8c51-75b241828ee2 8596af14fa624fbe84c1c1079a39e02b 2532fc06c16c45308850faae1ec5dfbe - - 03d0fd4c68764324974e6546d0ac0307 03d0fd4c68764324974e6546d0ac0307] 199.204.45.222 "GET /v2.0/networks?id=9fefacf7-1b6f-4c86-9c1d-983672a4585e HTTP/1.1" status: 200 len: 981 time: 0.0752587
2026-06-02 13:28:12.942 10 INFO neutron.wsgi [req-15c830db-344e-4bf4-b295-c0995a0137f0 req-cbfa99af-1895-4f02-9784-ffff2a495a31 8596af14fa624fbe84c1c1079a39e02b 2532fc06c16c45308850faae1ec5dfbe - - 03d0fd4c68764324974e6546d0ac0307 03d0fd4c68764324974e6546d0ac0307] 199.204.45.222 "GET /v2.0/floatingips?fixed_ip_address=10.100.0.8&port_id=242f9470-f8b5-4584-8960-b9673efa4e07 HTTP/1.1" status: 200 len: 217 time: 0.0272312
2026-06-02 13:28:12.991 10 INFO neutron.wsgi [req-15c830db-344e-4bf4-b295-c0995a0137f0 req-f76a72f1-c9f9-4e2f-a88c-199074468956 8596af14fa624fbe84c1c1079a39e02b 2532fc06c16c45308850faae1ec5dfbe - - 03d0fd4c68764324974e6546d0ac0307 03d0fd4c68764324974e6546d0ac0307] 199.204.45.222 "GET /v2.0/subnets?id=4146c543-209e-4bca-929e-0250e440d79f HTTP/1.1" status: 200 len: 876 time: 0.0413084
2026-06-02 13:28:13.024 10 INFO neutron.wsgi [req-15c830db-344e-4bf4-b295-c0995a0137f0 req-2432ea1c-8060-40cf-9f24-ad6371a87bcd 8596af14fa624fbe84c1c1079a39e02b 2532fc06c16c45308850faae1ec5dfbe - - 03d0fd4c68764324974e6546d0ac0307 03d0fd4c68764324974e6546d0ac0307] 199.204.45.222 "GET /v2.0/ports?network_id=9fefacf7-1b6f-4c86-9c1d-983672a4585e&device_owner=network%3Adhcp HTTP/1.1" status: 200 len: 210 time: 0.0252862
2026-06-02 13:28:13.112 10 INFO neutron.wsgi [req-15c830db-344e-4bf4-b295-c0995a0137f0 req-5f97caa0-8c7c-4736-8910-9c7dd2b5af6f 8596af14fa624fbe84c1c1079a39e02b 2532fc06c16c45308850faae1ec5dfbe - - 03d0fd4c68764324974e6546d0ac0307 03d0fd4c68764324974e6546d0ac0307] 199.204.45.222 "GET /v2.0/networks/9fefacf7-1b6f-4c86-9c1d-983672a4585e?fields=segments HTTP/1.1" status: 200 len: 212 time: 0.0835760
2026-06-02 13:28:13.221 10 INFO neutron.wsgi [req-15c830db-344e-4bf4-b295-c0995a0137f0 req-9a3456c0-79a6-4c66-a975-e82c36027992 8596af14fa624fbe84c1c1079a39e02b 2532fc06c16c45308850faae1ec5dfbe - - 03d0fd4c68764324974e6546d0ac0307 03d0fd4c68764324974e6546d0ac0307] 199.204.45.222 "GET /v2.0/networks/9fefacf7-1b6f-4c86-9c1d-983672a4585e?fields=provider%3Aphysical_network&fields=provider%3Anetwork_type HTTP/1.1" status: 200 len: 277 time: 0.0995305
2026-06-02 13:28:13.430 9 INFO neutron.wsgi [req-fbd48e6b-c387-4687-9695-bd6967e8d991 req-1552b6c7-250b-4a67-bdeb-c9ec0aa6acdf cae6f30a715547a0b1ad2c10d344c2a4 40f2688870b94ca093077fbb12349d1a - - default default] 10.0.0.94 "GET /v2.0/ports?device_id=f65d70c9-07e2-4f7e-8cb1-d06ed21a0432 HTTP/1.1" status: 200 len: 1168 time: 0.0889614
2026-06-02 13:28:13.434 9 INFO neutron.wsgi [req-839fe9ef-0f9a-44c1-9238-86982ea7ec70 req-ad930223-4e12-45b6-8888-da0522883227 37ddf375b2ad45648ff010756cc88117 1ec0998461f5410489642c9818d65bf0 - - default default] 10.0.0.94 "GET /v2.0/ports?device_id=2ac775d9-2f9b-4852-a4b0-b1b44212b3bf HTTP/1.1" status: 200 len: 1168 time: 0.0964687
2026-06-02 13:28:13.495 9 INFO neutron.wsgi [req-839fe9ef-0f9a-44c1-9238-86982ea7ec70 req-0017df87-f1af-43ad-9fa1-6a29867f1bdb 37ddf375b2ad45648ff010756cc88117 1ec0998461f5410489642c9818d65bf0 - - default default] 10.0.0.94 "GET /v2.0/security-groups?id=0ad34f1b-3aa6-4a41-a519-96830625cc07&fields=id&fields=name HTTP/1.1" status: 200 len: 286 time: 0.0461383
2026-06-02 13:28:13.498 9 INFO neutron.wsgi [req-fbd48e6b-c387-4687-9695-bd6967e8d991 req-e0fe1d4b-ab7e-49ca-93dc-f12e9df05dd7 cae6f30a715547a0b1ad2c10d344c2a4 40f2688870b94ca093077fbb12349d1a - - default default] 10.0.0.94 "GET /v2.0/security-groups?id=c6dad07d-4475-4441-98cb-d728c1010211&fields=id&fields=name HTTP/1.1" status: 200 len: 311 time: 0.0579987
2026-06-02 13:28:13.593 10 INFO neutron.plugins.ml2.drivers.ovn.mech_driver.mech_driver [None req-fa7a0459-aa7f-4bb9-b037-665561982b0e - - - - - -] OVN reports status up for port: 242f9470-f8b5-4584-8960-b9673efa4e07
2026-06-02 13:28:13.630 10 INFO neutron.plugins.ml2.plugin [None req-fa7a0459-aa7f-4bb9-b037-665561982b0e - - - - - -] Attempt 1 to provision port 242f9470-f8b5-4584-8960-b9673efa4e07
2026-06-02 13:28:13.729 9 INFO neutron.wsgi [req-d33dab32-2493-41f6-bfb8-57aa03d9d367 req-55293497-d639-4b7d-9366-828070132b4c b7b4a5cdc15d44f9b2ceb6a680114b4f d97ed2d9680c4aac902eed570faad74b - - default default] 10.0.0.94 "GET /v2.0/security-groups?name=tempest-securitygroup--1359017362&fields=id&tenant_id=d97ed2d9680c4aac902eed570faad74b HTTP/1.1" status: 200 len: 267 time: 0.0660720
2026-06-02 13:28:13.824 9 INFO neutron.wsgi [req-d33dab32-2493-41f6-bfb8-57aa03d9d367 req-c1210ed2-abe1-4523-9415-fe3c8ff48c30 b7b4a5cdc15d44f9b2ceb6a680114b4f d97ed2d9680c4aac902eed570faad74b - - default default] 10.0.0.94 "GET /v2.0/networks?id=3944f0ad-228e-4cfc-bfcf-5ce5ce2081ba HTTP/1.1" status: 200 len: 879 time: 0.0876105
2026-06-02 13:28:13.845 9 INFO neutron.wsgi [req-d33dab32-2493-41f6-bfb8-57aa03d9d367 req-458eecfe-37f6-47c2-8cb2-5231a4f70b10 b7b4a5cdc15d44f9b2ceb6a680114b4f d97ed2d9680c4aac902eed570faad74b - - default default] 10.0.0.94 "GET /v2.0/quotas/d97ed2d9680c4aac902eed570faad74b HTTP/1.1" status: 200 len: 386 time: 0.0140548
2026-06-02 13:28:13.978 9 INFO neutron.wsgi [req-d33dab32-2493-41f6-bfb8-57aa03d9d367 req-433fe6ce-1fbd-4794-8ba7-e4d52e79552f b7b4a5cdc15d44f9b2ceb6a680114b4f d97ed2d9680c4aac902eed570faad74b - - default default] 10.0.0.94 "GET /v2.0/ports?tenant_id=d97ed2d9680c4aac902eed570faad74b&fields=id HTTP/1.1" status: 200 len: 302 time: 0.1258333
2026-06-02 13:28:14.167 10 INFO neutron.db.ovn_revision_numbers_db [None req-fa7a0459-aa7f-4bb9-b037-665561982b0e - - - - - -] Successfully bumped revision number for resource 242f9470-f8b5-4584-8960-b9673efa4e07 (type: ports) to 4 /var/lib/openstack/lib/python3.10/site-packages/pycadf/identifier.py:71: UserWarning: Invalid uuid: neutron. To ensure interoperability, identifiers should be a valid uuid. warnings.warn(('Invalid uuid: %s. To ensure interoperability, '
2026-06-02 13:28:14.431 9 INFO neutron.wsgi [req-d33dab32-2493-41f6-bfb8-57aa03d9d367 req-3cddb244-0507-46d8-bd8d-429f6a579cd0 8596af14fa624fbe84c1c1079a39e02b 2532fc06c16c45308850faae1ec5dfbe - - 03d0fd4c68764324974e6546d0ac0307 03d0fd4c68764324974e6546d0ac0307] 10.0.0.94 "GET /v2.0/extensions HTTP/1.1" status: 200 len: 16980 time: 0.0676820
2026-06-02 13:28:14.510 9 INFO neutron.wsgi [req-d33dab32-2493-41f6-bfb8-57aa03d9d367 req-bfe53d4e-d3bb-4464-b5a9-e2bde8c0a42d 8596af14fa624fbe84c1c1079a39e02b 2532fc06c16c45308850faae1ec5dfbe - - 03d0fd4c68764324974e6546d0ac0307 03d0fd4c68764324974e6546d0ac0307] 10.0.0.94 "GET /v2.0/networks/3944f0ad-228e-4cfc-bfcf-5ce5ce2081ba?fields=segments HTTP/1.1" status: 200 len: 212 time: 0.0731006
2026-06-02 13:28:14.584 10 INFO neutron.db.ovn_revision_numbers_db [None req-3538cd16-9754-46a1-9406-d517004b0d8b 0c30a91d923b4e87880f8dd9b0a1c882 8d6c285c4463467bafa338385d9d119f - - default default] Successfully bumped revision number for resource a06949dc-3c11-48e2-9905-91594aa55240 (type: security_groups) to 1
2026-06-02 13:28:14.600 10 INFO neutron.db.ovn_revision_numbers_db [None req-3538cd16-9754-46a1-9406-d517004b0d8b 0c30a91d923b4e87880f8dd9b0a1c882 8d6c285c4463467bafa338385d9d119f - - default default] Successfully bumped revision number for resource 194277ce-5e09-498b-90c7-ec75a7192c65 (type: security_group_rules) to 0
2026-06-02 13:28:14.602 9 INFO neutron.wsgi [req-d33dab32-2493-41f6-bfb8-57aa03d9d367 req-30ef964b-fd72-429f-ac0d-fcf62c000afc 8596af14fa624fbe84c1c1079a39e02b 2532fc06c16c45308850faae1ec5dfbe - - 03d0fd4c68764324974e6546d0ac0307 03d0fd4c68764324974e6546d0ac0307] 10.0.0.94 "GET /v2.0/networks/3944f0ad-228e-4cfc-bfcf-5ce5ce2081ba?fields=provider%3Aphysical_network&fields=provider%3Anetwork_type HTTP/1.1" status: 200 len: 277 time: 0.0798659
2026-06-02 13:28:14.627 10 INFO neutron.db.ovn_revision_numbers_db [None req-3538cd16-9754-46a1-9406-d517004b0d8b 0c30a91d923b4e87880f8dd9b0a1c882 8d6c285c4463467bafa338385d9d119f - - default default] Successfully bumped revision number for resource 2ea6e816-cd98-40bd-adeb-b3449571ca18 (type: security_group_rules) to 0
2026-06-02 13:28:14.631 9 INFO neutron.wsgi [req-8dca17c6-d922-4bcf-8a2f-9696d10ecf29 req-a79472f7-8ba3-45be-83a1-0d91d00c909a cae6f30a715547a0b1ad2c10d344c2a4 40f2688870b94ca093077fbb12349d1a - - default default] 10.0.0.94 "GET /v2.0/ports?device_id=f65d70c9-07e2-4f7e-8cb1-d06ed21a0432 HTTP/1.1" status: 200 len: 1170 time: 0.0448024
2026-06-02 13:28:14.669 10 INFO neutron.db.ovn_revision_numbers_db [None req-3538cd16-9754-46a1-9406-d517004b0d8b 0c30a91d923b4e87880f8dd9b0a1c882 8d6c285c4463467bafa338385d9d119f - - default default] Successfully bumped revision number for resource ca1c6cda-f196-4275-bb27-1d5ca6893ca3 (type: security_group_rules) to 0
2026-06-02 13:28:14.685 10 INFO neutron.db.ovn_revision_numbers_db [None req-3538cd16-9754-46a1-9406-d517004b0d8b 0c30a91d923b4e87880f8dd9b0a1c882 8d6c285c4463467bafa338385d9d119f - - default default] Successfully bumped revision number for resource e4b77091-8789-473f-86ee-5443e18f79a5 (type: security_group_rules) to 0
2026-06-02 13:28:14.693 9 INFO neutron.wsgi [req-8dca17c6-d922-4bcf-8a2f-9696d10ecf29 req-4dbe4160-070f-460f-99f8-159513f5c199 cae6f30a715547a0b1ad2c10d344c2a4 40f2688870b94ca093077fbb12349d1a - - default default] 10.0.0.94 "GET /v2.0/security-groups?id=c6dad07d-4475-4441-98cb-d728c1010211&fields=id&fields=name HTTP/1.1" status: 200 len: 311 time: 0.0524371
2026-06-02 13:28:14.750 10 INFO neutron.db.segments_db [None req-3538cd16-9754-46a1-9406-d517004b0d8b 0c30a91d923b4e87880f8dd9b0a1c882 8d6c285c4463467bafa338385d9d119f - - default default] Added segment c84294ec-8872-4adb-9724-1a9b2e827348 of type geneve for network 8aa4f73f-207b-4d25-aad3-d272abdc296e
2026-06-02 13:28:14.812 9 INFO neutron.wsgi [req-d3bab18f-e160-41b7-b714-505f715a873d req-cc04707e-8b53-4089-a10f-38676341389d 37ddf375b2ad45648ff010756cc88117 1ec0998461f5410489642c9818d65bf0 - - default default] 10.0.0.94 "GET /v2.0/ports?device_id=2ac775d9-2f9b-4852-a4b0-b1b44212b3bf HTTP/1.1" status: 200 len: 1168 time: 0.0535011
2026-06-02 13:28:14.868 9 INFO neutron.wsgi [req-d3bab18f-e160-41b7-b714-505f715a873d req-819f83c5-03b3-43c2-a03e-9310a09bacd6 37ddf375b2ad45648ff010756cc88117 1ec0998461f5410489642c9818d65bf0 - - default default] 10.0.0.94 "GET /v2.0/security-groups?id=0ad34f1b-3aa6-4a41-a519-96830625cc07&fields=id&fields=name HTTP/1.1" status: 200 len: 286 time: 0.0472112
2026-06-02 13:28:14.915 10 INFO neutron.db.ovn_revision_numbers_db [None req-3538cd16-9754-46a1-9406-d517004b0d8b 0c30a91d923b4e87880f8dd9b0a1c882 8d6c285c4463467bafa338385d9d119f - - default default] Successfully bumped revision number for resource 8aa4f73f-207b-4d25-aad3-d272abdc296e (type: networks) to 1
2026-06-02 13:28:14.928 10 INFO neutron.notifiers.nova [-] Nova event matching ['req-6679be70-cd1f-4257-8262-1505972c7cc9'] response: {'server_uuid': 'f65d70c9-07e2-4f7e-8cb1-d06ed21a0432', 'name': 'network-vif-plugged', 'status': 'completed', 'tag': '242f9470-f8b5-4584-8960-b9673efa4e07', 'code': 200}
2026-06-02 13:28:14.928 10 INFO neutron.notifiers.nova [-] Nova event matching ['req-6679be70-cd1f-4257-8262-1505972c7cc9'] response: {'server_uuid': 'f65d70c9-07e2-4f7e-8cb1-d06ed21a0432', 'name': 'network-vif-plugged', 'status': 'completed', 'tag': '242f9470-f8b5-4584-8960-b9673efa4e07', 'code': 200}
2026-06-02 13:28:14.985 9 INFO neutron.wsgi [req-d9cbd5a2-f09d-4b10-921c-2f61661027c8 req-89c6cea5-7be7-45cc-88c0-7355270a030d b7b4a5cdc15d44f9b2ceb6a680114b4f d97ed2d9680c4aac902eed570faad74b - - default default] 10.0.0.94 "GET /v2.0/ports?device_id=87a74a05-3f9d-44f5-ad6f-07ea749978b6 HTTP/1.1" status: 200 len: 210 time: 0.0282707
2026-06-02 13:28:15.093 10 WARNING neutron.scheduler.dhcp_agent_scheduler [None req-3538cd16-9754-46a1-9406-d517004b0d8b 0c30a91d923b4e87880f8dd9b0a1c882 8d6c285c4463467bafa338385d9d119f - - default default] No more DHCP agents
2026-06-02 13:28:15.095 10 WARNING neutron.api.rpc.agentnotifiers.dhcp_rpc_agent_api [None req-3538cd16-9754-46a1-9406-d517004b0d8b 0c30a91d923b4e87880f8dd9b0a1c882 8d6c285c4463467bafa338385d9d119f - - default default] Unable to schedule network 8aa4f73f-207b-4d25-aad3-d272abdc296e: no agents available; will retry on subsequent port and subnet creation events.
2026-06-02 13:28:15.180 10 INFO neutron.db.ovn_revision_numbers_db [None req-3538cd16-9754-46a1-9406-d517004b0d8b 0c30a91d923b4e87880f8dd9b0a1c882 8d6c285c4463467bafa338385d9d119f - - default default] Successfully bumped revision number for resource 7b870ec4-6e4c-4960-961d-d831fe0009df (type: ports) to 1
2026-06-02 13:28:15.215 10 INFO neutron.wsgi [None req-3538cd16-9754-46a1-9406-d517004b0d8b 0c30a91d923b4e87880f8dd9b0a1c882 8d6c285c4463467bafa338385d9d119f - - default default] 10.0.0.158 "POST /v2.0/networks HTTP/1.1" status: 201 len: 947 time: 0.8915057
2026-06-02 13:28:15.416 10 WARNING neutron.scheduler.dhcp_agent_scheduler [None req-0d93e9f4-bb2c-4f9a-ad09-4bc937d0fb45 0c30a91d923b4e87880f8dd9b0a1c882 8d6c285c4463467bafa338385d9d119f - - default default] No more DHCP agents
2026-06-02 13:28:15.417 10 WARNING neutron.api.rpc.agentnotifiers.dhcp_rpc_agent_api [None req-0d93e9f4-bb2c-4f9a-ad09-4bc937d0fb45 0c30a91d923b4e87880f8dd9b0a1c882 8d6c285c4463467bafa338385d9d119f - - default default] Unable to schedule network 8aa4f73f-207b-4d25-aad3-d272abdc296e: no agents available; will retry on subsequent port and subnet creation events.
2026-06-02 13:28:15.818 9 INFO neutron.wsgi [req-dc29f1cc-6d5a-44c6-9926-c036d5ff8f47 req-d879b43d-9f96-4eff-a31a-85cd0713a5b3 cae6f30a715547a0b1ad2c10d344c2a4 40f2688870b94ca093077fbb12349d1a - - default default] 10.0.0.94 "GET /v2.0/ports?device_id=f65d70c9-07e2-4f7e-8cb1-d06ed21a0432 HTTP/1.1" status: 200 len: 1170 time: 0.0483999
2026-06-02 13:28:15.886 9 INFO neutron.wsgi [req-dc29f1cc-6d5a-44c6-9926-c036d5ff8f47 req-9e90a7d3-69f9-44b2-86ad-f36bf935a224 cae6f30a715547a0b1ad2c10d344c2a4 40f2688870b94ca093077fbb12349d1a - - default default] 10.0.0.94 "GET /v2.0/security-groups?id=c6dad07d-4475-4441-98cb-d728c1010211&fields=id&fields=name HTTP/1.1" status: 200 len: 311 time: 0.0588443
2026-06-02 13:28:16.061 9 INFO neutron.wsgi [req-66f6fc32-3167-4d12-8076-403b3353b453 req-bc1eb0c3-ec0b-41d2-b6f7-7c3949183e33 cae6f30a715547a0b1ad2c10d344c2a4 40f2688870b94ca093077fbb12349d1a - - default default] 10.0.0.94 "GET /v2.0/ports?device_id=f65d70c9-07e2-4f7e-8cb1-d06ed21a0432 HTTP/1.1" status: 200 len: 1170 time: 0.0773208
2026-06-02 13:28:16.066 10 INFO neutron.db.ovn_revision_numbers_db [None req-0d93e9f4-bb2c-4f9a-ad09-4bc937d0fb45 0c30a91d923b4e87880f8dd9b0a1c882 8d6c285c4463467bafa338385d9d119f - - default default] Successfully bumped revision number for resource 7b870ec4-6e4c-4960-961d-d831fe0009df (type: ports) to 2
2026-06-02 13:28:16.111 10 INFO neutron.wsgi [req-d33dab32-2493-41f6-bfb8-57aa03d9d367 req-c6cba63b-9440-45b2-a4b3-9ed20e06568d b7b4a5cdc15d44f9b2ceb6a680114b4f d97ed2d9680c4aac902eed570faad74b - - default default] 199.204.45.222 "GET /v2.0/networks?id=3944f0ad-228e-4cfc-bfcf-5ce5ce2081ba HTTP/1.1" status: 200 len: 879 time: 0.1038766
2026-06-02 13:28:16.130 10 INFO neutron.db.ovn_revision_numbers_db [None req-0d93e9f4-bb2c-4f9a-ad09-4bc937d0fb45 0c30a91d923b4e87880f8dd9b0a1c882 8d6c285c4463467bafa338385d9d119f - - default default] Successfully bumped revision number for resource b591a3b1-2217-490b-a1f7-bf75629d8612 (type: subnets) to 0
2026-06-02 13:28:16.149 10 INFO neutron.wsgi [None req-0d93e9f4-bb2c-4f9a-ad09-4bc937d0fb45 0c30a91d923b4e87880f8dd9b0a1c882 8d6c285c4463467bafa338385d9d119f - - default default] 10.0.0.158 "POST /v2.0/subnets HTTP/1.1" status: 201 len: 867 time: 0.9266651
2026-06-02 13:28:16.164 9 INFO neutron.wsgi [req-43863af5-b2a7-4c23-96a3-91da33481e3d req-dc8a4405-a604-4aa0-91c4-5507055a1937 b7b4a5cdc15d44f9b2ceb6a680114b4f d97ed2d9680c4aac902eed570faad74b - - default default] 10.0.0.94 "GET /v2.0/ports?device_id=87a74a05-3f9d-44f5-ad6f-07ea749978b6 HTTP/1.1" status: 200 len: 210 time: 0.0450292
2026-06-02 13:28:16.170 10 INFO neutron.wsgi [req-d33dab32-2493-41f6-bfb8-57aa03d9d367 req-d76af07f-5b55-4e6a-b086-c2ba70e4a87f b7b4a5cdc15d44f9b2ceb6a680114b4f d97ed2d9680c4aac902eed570faad74b - - default default] 199.204.45.222 "GET /v2.0/security-groups?fields=id&fields=name&tenant_id=d97ed2d9680c4aac902eed570faad74b HTTP/1.1" status: 200 len: 380 time: 0.0505388
2026-06-02 13:28:16.179 10 WARNING neutron_lib.context [req-d33dab32-2493-41f6-bfb8-57aa03d9d367 req-22543106-7d7d-448c-9df4-09ad080f99ee b7b4a5cdc15d44f9b2ceb6a680114b4f d97ed2d9680c4aac902eed570faad74b - - default default] Method 'is_advsvc' is deprecated since 2023.2 release (neutron-lib 3.8.0) and will be removed once support for the old RBAC API policies will be removed from Neutron. Please use method 'is_service_role' instead.
2026-06-02 13:28:16.199 9 INFO neutron.wsgi [req-c1d9ccae-acc4-4fd6-b820-0095c209f0ca req-53807c28-4b2e-4e05-b12c-591bc9ef8656 37ddf375b2ad45648ff010756cc88117 1ec0998461f5410489642c9818d65bf0 - - default default] 10.0.0.94 "GET /v2.0/ports?device_id=2ac775d9-2f9b-4852-a4b0-b1b44212b3bf HTTP/1.1" status: 200 len: 1168 time: 0.2440960
2026-06-02 13:28:16.308 9 INFO neutron.wsgi [req-c1d9ccae-acc4-4fd6-b820-0095c209f0ca req-69f6373d-8189-4e3f-9b10-bdbcc41bf6c4 37ddf375b2ad45648ff010756cc88117 1ec0998461f5410489642c9818d65bf0 - - default default] 10.0.0.94 "GET /v2.0/security-groups?id=0ad34f1b-3aa6-4a41-a519-96830625cc07&fields=id&fields=name HTTP/1.1" status: 200 len: 286 time: 0.1001844
2026-06-02 13:28:16.665 10 WARNING neutron.scheduler.dhcp_agent_scheduler [req-d33dab32-2493-41f6-bfb8-57aa03d9d367 req-22543106-7d7d-448c-9df4-09ad080f99ee b7b4a5cdc15d44f9b2ceb6a680114b4f d97ed2d9680c4aac902eed570faad74b - - default default] No more DHCP agents
2026-06-02 13:28:16.668 10 WARNING neutron.api.rpc.agentnotifiers.dhcp_rpc_agent_api [req-d33dab32-2493-41f6-bfb8-57aa03d9d367 req-22543106-7d7d-448c-9df4-09ad080f99ee b7b4a5cdc15d44f9b2ceb6a680114b4f d97ed2d9680c4aac902eed570faad74b - - default default] Unable to schedule network 3944f0ad-228e-4cfc-bfcf-5ce5ce2081ba: no agents available; will retry on subsequent port and subnet creation events.
2026-06-02 13:28:16.724 10 WARNING neutron.scheduler.dhcp_agent_scheduler [None req-b4358264-da08-4526-8825-6de0cdf8a5c4 0c30a91d923b4e87880f8dd9b0a1c882 8d6c285c4463467bafa338385d9d119f - - default default] No more DHCP agents
2026-06-02 13:28:16.730 10 WARNING neutron.api.rpc.agentnotifiers.dhcp_rpc_agent_api [None req-b4358264-da08-4526-8825-6de0cdf8a5c4 0c30a91d923b4e87880f8dd9b0a1c882 8d6c285c4463467bafa338385d9d119f - - default default] Unable to schedule network d3336c6d-238f-48fb-bd6f-42aff5bd8ae5: no agents available; will retry on subsequent port and subnet creation events.
2026-06-02 13:28:16.742 9 INFO neutron.db.l3_db [None req-8af9cfd8-f52d-492f-b03d-319c06661408 cae6f30a715547a0b1ad2c10d344c2a4 40f2688870b94ca093077fbb12349d1a - - default default] Floating IP 33de5753-dd47-4120-ad82-a87665124391 associated. External IP: 10.96.250.209, port: 242f9470-f8b5-4584-8960-b9673efa4e07.
2026-06-02 13:28:16.912 10 INFO neutron.db.ovn_revision_numbers_db [req-d33dab32-2493-41f6-bfb8-57aa03d9d367 req-22543106-7d7d-448c-9df4-09ad080f99ee b7b4a5cdc15d44f9b2ceb6a680114b4f d97ed2d9680c4aac902eed570faad74b - - default default] Successfully bumped revision number for resource 1657857e-20f7-4fea-9cdd-7eaafa91846b (type: ports) to 1
2026-06-02 13:28:16.952 10 INFO neutron.wsgi [req-d33dab32-2493-41f6-bfb8-57aa03d9d367 req-22543106-7d7d-448c-9df4-09ad080f99ee b7b4a5cdc15d44f9b2ceb6a680114b4f d97ed2d9680c4aac902eed570faad74b - - default default] 199.204.45.222 "POST /v2.0/ports HTTP/1.1" status: 201 len: 1158 time: 0.7783148 /var/lib/openstack/lib/python3.10/site-packages/pycadf/identifier.py:71: UserWarning: Invalid uuid: neutron. To ensure interoperability, identifiers should be a valid uuid. warnings.warn(('Invalid uuid: %s. To ensure interoperability, '
2026-06-02 13:28:16.964 10 INFO neutron.db.ovn_revision_numbers_db [None req-b4358264-da08-4526-8825-6de0cdf8a5c4 0c30a91d923b4e87880f8dd9b0a1c882 8d6c285c4463467bafa338385d9d119f - - default default] Successfully bumped revision number for resource 9516291f-2fe4-4870-ad70-373f30ebc92f (type: ports) to 1
2026-06-02 13:28:17.039 9 INFO neutron.db.ovn_revision_numbers_db [None req-8af9cfd8-f52d-492f-b03d-319c06661408 cae6f30a715547a0b1ad2c10d344c2a4 40f2688870b94ca093077fbb12349d1a - - default default] Successfully bumped revision number for resource 33de5753-dd47-4120-ad82-a87665124391 (type: floatingips) to 1
2026-06-02 13:28:17.192 9 INFO neutron.db.ovn_revision_numbers_db [None req-8af9cfd8-f52d-492f-b03d-319c06661408 cae6f30a715547a0b1ad2c10d344c2a4 40f2688870b94ca093077fbb12349d1a - - default default] Successfully bumped revision number for resource 33de5753-dd47-4120-ad82-a87665124391 (type: floatingips) to 2
2026-06-02 13:28:17.244 9 INFO neutron.wsgi [None req-8af9cfd8-f52d-492f-b03d-319c06661408 cae6f30a715547a0b1ad2c10d344c2a4 40f2688870b94ca093077fbb12349d1a - - default default] 10.0.0.158 "PUT /v2.0/floatingips/33de5753-dd47-4120-ad82-a87665124391 HTTP/1.1" status: 200 len: 1049 time: 1.1676636
2026-06-02 13:28:17.302 9 INFO neutron.wsgi [req-68ea2059-e8f3-419b-91b9-701dee1ce294 req-2323bc9a-82d1-4345-875e-a7e03977c0f7 b7b4a5cdc15d44f9b2ceb6a680114b4f d97ed2d9680c4aac902eed570faad74b - - default default] 10.0.0.94 "GET /v2.0/ports?device_id=87a74a05-3f9d-44f5-ad6f-07ea749978b6 HTTP/1.1" status: 200 len: 1156 time: 0.0451512
2026-06-02 13:28:17.372 9 INFO neutron.wsgi [req-68ea2059-e8f3-419b-91b9-701dee1ce294 req-f82dedb9-5fdc-4bfc-9684-36431855c645 b7b4a5cdc15d44f9b2ceb6a680114b4f d97ed2d9680c4aac902eed570faad74b - - default default] 10.0.0.94 "GET /v2.0/security-groups?id=b9d15980-d139-4ea2-bb04-b768987de90c&fields=id&fields=name HTTP/1.1" status: 200 len: 313 time: 0.0615058
2026-06-02 13:28:17.404 9 INFO neutron.wsgi [req-51f373de-57bd-4e36-9d0c-e970969e5e67 req-da6a512a-ab27-4269-a921-0a75afd56eee cae6f30a715547a0b1ad2c10d344c2a4 40f2688870b94ca093077fbb12349d1a - - default default] 10.0.0.94 "GET /v2.0/ports?device_id=f65d70c9-07e2-4f7e-8cb1-d06ed21a0432 HTTP/1.1" status: 200 len: 1170 time: 0.1010177
2026-06-02 13:28:17.456 9 INFO neutron.wsgi [req-1a7e82a4-70d2-40d4-994d-1fa8716c646b req-651b1ad6-990d-475e-8d08-80a1d0eec4fa 37ddf375b2ad45648ff010756cc88117 1ec0998461f5410489642c9818d65bf0 - - default default] 10.0.0.94 "GET /v2.0/ports?device_id=2ac775d9-2f9b-4852-a4b0-b1b44212b3bf HTTP/1.1" status: 200 len: 1168 time: 0.0360155
2026-06-02 13:28:17.466 9 INFO neutron.wsgi [req-51f373de-57bd-4e36-9d0c-e970969e5e67 req-ea343ac7-012e-4951-8e12-b24d84fe0ad0 cae6f30a715547a0b1ad2c10d344c2a4 40f2688870b94ca093077fbb12349d1a - - default default] 10.0.0.94 "GET /v2.0/security-groups?id=c6dad07d-4475-4441-98cb-d728c1010211&fields=id&fields=name HTTP/1.1" status: 200 len: 311 time: 0.0553157
2026-06-02 13:28:17.512 9 INFO neutron.wsgi [req-1a7e82a4-70d2-40d4-994d-1fa8716c646b req-c3212051-7840-4ffb-8f5c-3d744ad88fb1 37ddf375b2ad45648ff010756cc88117 1ec0998461f5410489642c9818d65bf0 - - default default] 10.0.0.94 "GET /v2.0/security-groups?id=0ad34f1b-3aa6-4a41-a519-96830625cc07&fields=id&fields=name HTTP/1.1" status: 200 len: 286 time: 0.0445762
2026-06-02 13:28:17.654 9 WARNING neutron.plugins.ml2.drivers.ovn.mech_driver.ovsdb.ovn_client [None req-a75d0197-3311-46b9-a8ae-5e5b60bac344 - - - - - -] No hosting information found for port 44fe1562-2be2-43bd-bea2-2dbe08fe856a: RuntimeError: No hosting information found for port 44fe1562-2be2-43bd-bea2-2dbe08fe856a
2026-06-02 13:28:17.654 9 INFO neutron.plugins.ml2.drivers.ovn.mech_driver.mech_driver [None req-a75d0197-3311-46b9-a8ae-5e5b60bac344 - - - - - -] OVN reports status up for port: 63242fc3-7813-4c1e-81c5-5583346b8396
2026-06-02 13:28:17.666 9 INFO neutron.plugins.ml2.plugin [None req-a75d0197-3311-46b9-a8ae-5e5b60bac344 - - - - - -] Attempt 1 to provision port 63242fc3-7813-4c1e-81c5-5583346b8396
2026-06-02 13:28:17.686 10 INFO neutron.db.ovn_revision_numbers_db [req-d33dab32-2493-41f6-bfb8-57aa03d9d367 req-b75375b8-b546-4ce7-bceb-d073708a9a4e 8596af14fa624fbe84c1c1079a39e02b 2532fc06c16c45308850faae1ec5dfbe - - 03d0fd4c68764324974e6546d0ac0307 03d0fd4c68764324974e6546d0ac0307] Successfully bumped revision number for resource 1657857e-20f7-4fea-9cdd-7eaafa91846b (type: ports) to 2
2026-06-02 13:28:17.817 9 INFO neutron.notifiers.nova [-] Nova event matching ['req-f17ec68d-abc5-4a92-8e46-130f55f2bc0d'] response: {'name': 'network-changed', 'server_uuid': 'f65d70c9-07e2-4f7e-8cb1-d06ed21a0432', 'tag': '242f9470-f8b5-4584-8960-b9673efa4e07', 'status': 'completed', 'code': 200} /var/lib/openstack/lib/python3.10/site-packages/pycadf/identifier.py:71: UserWarning: Invalid uuid: neutron. To ensure interoperability, identifiers should be a valid uuid. warnings.warn(('Invalid uuid: %s. To ensure interoperability, '
2026-06-02 13:28:17.942 10 INFO neutron.wsgi [req-ceca3fae-5c8b-4d74-b716-2fc80c292d27 req-0b90a567-22b4-43c8-9f52-b781afdc8ce7 8596af14fa624fbe84c1c1079a39e02b 2532fc06c16c45308850faae1ec5dfbe - - 03d0fd4c68764324974e6546d0ac0307 03d0fd4c68764324974e6546d0ac0307] 199.204.45.222 "GET /v2.0/ports?tenant_id=40f2688870b94ca093077fbb12349d1a&device_id=f65d70c9-07e2-4f7e-8cb1-d06ed21a0432 HTTP/1.1" status: 200 len: 1409 time: 0.0876546
2026-06-02 13:28:17.999 9 INFO neutron.plugins.ml2.drivers.ovn.mech_driver.ovsdb.ovsdb_monitor [None req-33ccf797-2fde-48e5-9b99-fd25ef4788b1 - - - - - -] Router f99c479b-6d3a-45ac-987f-0414e569c564 is bound to host instance
2026-06-02 13:28:18.015 9 INFO neutron.db.ovn_revision_numbers_db [None req-a75d0197-3311-46b9-a8ae-5e5b60bac344 - - - - - -] Successfully bumped revision number for resource 63242fc3-7813-4c1e-81c5-5583346b8396 (type: ports) to 4
2026-06-02 13:28:18.049 10 INFO neutron.db.ovn_revision_numbers_db [None req-b4358264-da08-4526-8825-6de0cdf8a5c4 0c30a91d923b4e87880f8dd9b0a1c882 8d6c285c4463467bafa338385d9d119f - - default default] Successfully bumped revision number for resource 9516291f-2fe4-4870-ad70-373f30ebc92f (type: router_ports) to 1
2026-06-02 13:28:18.108 9 INFO neutron.plugins.ml2.drivers.ovn.mech_driver.mech_driver [None req-a75d0197-3311-46b9-a8ae-5e5b60bac344 - - - - - -] OVN reports status up for port: 9516291f-2fe4-4870-ad70-373f30ebc92f
2026-06-02 13:28:18.112 10 INFO neutron.wsgi [req-ceca3fae-5c8b-4d74-b716-2fc80c292d27 req-7b692de6-6c68-4d13-a4de-e6e58177c6cd 8596af14fa624fbe84c1c1079a39e02b 2532fc06c16c45308850faae1ec5dfbe - - 03d0fd4c68764324974e6546d0ac0307 03d0fd4c68764324974e6546d0ac0307] 199.204.45.222 "GET /v2.0/networks?id=9fefacf7-1b6f-4c86-9c1d-983672a4585e HTTP/1.1" status: 200 len: 981 time: 0.1577272
2026-06-02 13:28:18.120 9 INFO neutron.plugins.ml2.plugin [None req-a75d0197-3311-46b9-a8ae-5e5b60bac344 - - - - - -] Attempt 1 to provision port 9516291f-2fe4-4870-ad70-373f30ebc92f /var/lib/openstack/lib/python3.10/site-packages/pycadf/identifier.py:71: UserWarning: Invalid uuid: neutron. To ensure interoperability, identifiers should be a valid uuid. warnings.warn(('Invalid uuid: %s. To ensure interoperability, '
2026-06-02 13:28:18.158 10 INFO neutron.db.ovn_revision_numbers_db [req-d33dab32-2493-41f6-bfb8-57aa03d9d367 req-b75375b8-b546-4ce7-bceb-d073708a9a4e 8596af14fa624fbe84c1c1079a39e02b 2532fc06c16c45308850faae1ec5dfbe - - 03d0fd4c68764324974e6546d0ac0307 03d0fd4c68764324974e6546d0ac0307] Successfully bumped revision number for resource 1657857e-20f7-4fea-9cdd-7eaafa91846b (type: ports) to 2
2026-06-02 13:28:18.179 10 INFO neutron.db.ovn_revision_numbers_db [None req-b4358264-da08-4526-8825-6de0cdf8a5c4 0c30a91d923b4e87880f8dd9b0a1c882 8d6c285c4463467bafa338385d9d119f - - default default] Successfully bumped revision number for resource f99c479b-6d3a-45ac-987f-0414e569c564 (type: routers) to 2
2026-06-02 13:28:18.200 10 INFO neutron.wsgi [req-ceca3fae-5c8b-4d74-b716-2fc80c292d27 req-206bbed3-42dc-4a82-8daa-9a02225d3469 8596af14fa624fbe84c1c1079a39e02b 2532fc06c16c45308850faae1ec5dfbe - - 03d0fd4c68764324974e6546d0ac0307 03d0fd4c68764324974e6546d0ac0307] 199.204.45.222 "GET /v2.0/floatingips?fixed_ip_address=10.100.0.8&port_id=242f9470-f8b5-4584-8960-b9673efa4e07 HTTP/1.1" status: 200 len: 1059 time: 0.0795827
2026-06-02 13:28:18.210 10 INFO neutron.wsgi [req-d33dab32-2493-41f6-bfb8-57aa03d9d367 req-b75375b8-b546-4ce7-bceb-d073708a9a4e 8596af14fa624fbe84c1c1079a39e02b 2532fc06c16c45308850faae1ec5dfbe - - 03d0fd4c68764324974e6546d0ac0307 03d0fd4c68764324974e6546d0ac0307] 199.204.45.222 "PUT /v2.0/ports/1657857e-20f7-4fea-9cdd-7eaafa91846b HTTP/1.1" status: 200 len: 1376 time: 1.2521701
2026-06-02 13:28:18.229 10 INFO neutron.wsgi [None req-b4358264-da08-4526-8825-6de0cdf8a5c4 0c30a91d923b4e87880f8dd9b0a1c882 8d6c285c4463467bafa338385d9d119f - - default default] 10.0.0.158 "POST /v2.0/routers HTTP/1.1" status: 201 len: 878 time: 2.0740840
2026-06-02 13:28:18.274 10 INFO neutron.notifiers.nova [-] Nova event matching ['req-f1a8ba12-fad7-45a9-88c7-7362ff79324a'] response: {'name': 'network-changed', 'server_uuid': '87a74a05-3f9d-44f5-ad6f-07ea749978b6', 'tag': '1657857e-20f7-4fea-9cdd-7eaafa91846b', 'status': 'completed', 'code': 200}
2026-06-02 13:28:18.296 10 INFO neutron.wsgi [req-ceca3fae-5c8b-4d74-b716-2fc80c292d27 req-27ca2e8d-b2a0-4fb9-9f97-d8528e27612d 8596af14fa624fbe84c1c1079a39e02b 2532fc06c16c45308850faae1ec5dfbe - - 03d0fd4c68764324974e6546d0ac0307 03d0fd4c68764324974e6546d0ac0307] 199.204.45.222 "GET /v2.0/subnets?id=4146c543-209e-4bca-929e-0250e440d79f HTTP/1.1" status: 200 len: 876 time: 0.0794201 /var/lib/openstack/lib/python3.10/site-packages/pycadf/identifier.py:71: UserWarning: Invalid uuid: neutron. To ensure interoperability, identifiers should be a valid uuid. warnings.warn(('Invalid uuid: %s. To ensure interoperability, '
2026-06-02 13:28:18.514 9 INFO neutron.wsgi [req-8f1869f2-8276-4518-9f27-6de4787f5ba1 req-5f7c1090-6c6a-44ef-8551-e783473c9dfb b7b4a5cdc15d44f9b2ceb6a680114b4f d97ed2d9680c4aac902eed570faad74b - - default default] 10.0.0.94 "GET /v2.0/ports?device_id=87a74a05-3f9d-44f5-ad6f-07ea749978b6 HTTP/1.1" status: 200 len: 1168 time: 0.0714967
2026-06-02 13:28:18.517 10 INFO neutron.wsgi [req-d33dab32-2493-41f6-bfb8-57aa03d9d367 req-28e79097-e724-4419-b413-7565a67176af 8596af14fa624fbe84c1c1079a39e02b 2532fc06c16c45308850faae1ec5dfbe - - 03d0fd4c68764324974e6546d0ac0307 03d0fd4c68764324974e6546d0ac0307] 199.204.45.222 "GET /v2.0/ports?tenant_id=d97ed2d9680c4aac902eed570faad74b&device_id=87a74a05-3f9d-44f5-ad6f-07ea749978b6 HTTP/1.1" status: 200 len: 1407 time: 0.2722435
2026-06-02 13:28:18.528 10 INFO neutron.wsgi [req-ceca3fae-5c8b-4d74-b716-2fc80c292d27 req-28ea9f8f-b03b-43f9-8c75-503140415ec6 8596af14fa624fbe84c1c1079a39e02b 2532fc06c16c45308850faae1ec5dfbe - - 03d0fd4c68764324974e6546d0ac0307 03d0fd4c68764324974e6546d0ac0307] 199.204.45.222 "GET /v2.0/ports?network_id=9fefacf7-1b6f-4c86-9c1d-983672a4585e&device_owner=network%3Adhcp HTTP/1.1" status: 200 len: 210 time: 0.0310490
2026-06-02 13:28:18.559 10 INFO neutron.wsgi [req-d33dab32-2493-41f6-bfb8-57aa03d9d367 req-863594c6-485c-474a-8592-9b9eca1b1a72 8596af14fa624fbe84c1c1079a39e02b 2532fc06c16c45308850faae1ec5dfbe - - 03d0fd4c68764324974e6546d0ac0307 03d0fd4c68764324974e6546d0ac0307] 199.204.45.222 "GET /v2.0/floatingips?fixed_ip_address=10.100.0.9&port_id=1657857e-20f7-4fea-9cdd-7eaafa91846b HTTP/1.1" status: 200 len: 217 time: 0.0291443
2026-06-02 13:28:18.576 9 INFO neutron.wsgi [req-8f1869f2-8276-4518-9f27-6de4787f5ba1 req-28a96d5b-a2da-4176-976d-c079f6a29f48 b7b4a5cdc15d44f9b2ceb6a680114b4f d97ed2d9680c4aac902eed570faad74b - - default default] 10.0.0.94 "GET /v2.0/security-groups?id=b9d15980-d139-4ea2-bb04-b768987de90c&fields=id&fields=name HTTP/1.1" status: 200 len: 313 time: 0.0503888
2026-06-02 13:28:18.636 10 INFO neutron.wsgi [req-d33dab32-2493-41f6-bfb8-57aa03d9d367 req-56109c7c-d8eb-400a-a280-ed9d2f2c7e69 8596af14fa624fbe84c1c1079a39e02b 2532fc06c16c45308850faae1ec5dfbe - - 03d0fd4c68764324974e6546d0ac0307 03d0fd4c68764324974e6546d0ac0307] 199.204.45.222 "GET /v2.0/subnets?id=a045922a-f929-46c2-aca6-6e9be03ae032 HTTP/1.1" status: 200 len: 873 time: 0.0670867
2026-06-02 13:28:18.636 9 INFO neutron.wsgi [req-59b1eb09-fd7b-41db-9f43-7062cf348805 req-0b48be7b-6e8c-44c6-89b0-b05df23b7c8d 37ddf375b2ad45648ff010756cc88117 1ec0998461f5410489642c9818d65bf0 - - default default] 10.0.0.94 "GET /v2.0/ports?device_id=2ac775d9-2f9b-4852-a4b0-b1b44212b3bf HTTP/1.1" status: 200 len: 1170 time: 0.0440784
2026-06-02 13:28:18.664 10 INFO neutron.wsgi [req-d33dab32-2493-41f6-bfb8-57aa03d9d367 req-b32c9ae0-d02d-42e2-89c4-09a703bd33a8 8596af14fa624fbe84c1c1079a39e02b 2532fc06c16c45308850faae1ec5dfbe - - 03d0fd4c68764324974e6546d0ac0307 03d0fd4c68764324974e6546d0ac0307] 199.204.45.222 "GET /v2.0/ports?network_id=3944f0ad-228e-4cfc-bfcf-5ce5ce2081ba&device_owner=network%3Adhcp HTTP/1.1" status: 200 len: 210 time: 0.0235870
2026-06-02 13:28:18.667 10 INFO neutron.wsgi [req-ceca3fae-5c8b-4d74-b716-2fc80c292d27 req-e6996ce1-b1ce-4cb3-a617-1c1bccf9f2f7 8596af14fa624fbe84c1c1079a39e02b 2532fc06c16c45308850faae1ec5dfbe - - 03d0fd4c68764324974e6546d0ac0307 03d0fd4c68764324974e6546d0ac0307] 199.204.45.222 "GET /v2.0/networks/9fefacf7-1b6f-4c86-9c1d-983672a4585e?fields=segments HTTP/1.1" status: 200 len: 212 time: 0.1303191
2026-06-02 13:28:18.703 9 INFO neutron.wsgi [req-59b1eb09-fd7b-41db-9f43-7062cf348805 req-2f86b34c-2ffd-4eba-8493-ed9eaaa37f6d 37ddf375b2ad45648ff010756cc88117 1ec0998461f5410489642c9818d65bf0 - - default default] 10.0.0.94 "GET /v2.0/security-groups?id=0ad34f1b-3aa6-4a41-a519-96830625cc07&fields=id&fields=name HTTP/1.1" status: 200 len: 286 time: 0.0580621
2026-06-02 13:28:18.736 9 INFO neutron.db.ovn_revision_numbers_db [None req-33ccf797-2fde-48e5-9b99-fd25ef4788b1 - - - - - -] Successfully bumped revision number for resource 9516291f-2fe4-4870-ad70-373f30ebc92f (type: ports) to 1
2026-06-02 13:28:18.771 10 INFO neutron.wsgi [req-d33dab32-2493-41f6-bfb8-57aa03d9d367 req-b2758854-b39f-4b76-af83-8896839655e6 8596af14fa624fbe84c1c1079a39e02b 2532fc06c16c45308850faae1ec5dfbe - - 03d0fd4c68764324974e6546d0ac0307 03d0fd4c68764324974e6546d0ac0307] 199.204.45.222 "GET /v2.0/networks/3944f0ad-228e-4cfc-bfcf-5ce5ce2081ba?fields=segments HTTP/1.1" status: 200 len: 212 time: 0.0963666
2026-06-02 13:28:18.789 10 INFO neutron.wsgi [req-ceca3fae-5c8b-4d74-b716-2fc80c292d27 req-7c27eb27-8a82-4310-906f-51fc0ef04763 8596af14fa624fbe84c1c1079a39e02b 2532fc06c16c45308850faae1ec5dfbe - - 03d0fd4c68764324974e6546d0ac0307 03d0fd4c68764324974e6546d0ac0307] 199.204.45.222 "GET /v2.0/networks/9fefacf7-1b6f-4c86-9c1d-983672a4585e?fields=provider%3Aphysical_network&fields=provider%3Anetwork_type HTTP/1.1" status: 200 len: 277 time: 0.1147702
2026-06-02 13:28:18.845 10 INFO neutron.wsgi [req-d33dab32-2493-41f6-bfb8-57aa03d9d367 req-59d0e2ba-4935-46cc-9fd6-ff6b4967c3a5 8596af14fa624fbe84c1c1079a39e02b 2532fc06c16c45308850faae1ec5dfbe - - 03d0fd4c68764324974e6546d0ac0307 03d0fd4c68764324974e6546d0ac0307] 199.204.45.222 "GET /v2.0/networks/3944f0ad-228e-4cfc-bfcf-5ce5ce2081ba?fields=provider%3Aphysical_network&fields=provider%3Anetwork_type HTTP/1.1" status: 200 len: 277 time: 0.0664804
2026-06-02 13:28:18.934 10 INFO neutron.wsgi [req-fdaffe8d-3a10-4e65-a2ad-3dfdecd2d28b req-7e176b2a-949a-4cdf-b54e-ba6a941812f4 8596af14fa624fbe84c1c1079a39e02b 2532fc06c16c45308850faae1ec5dfbe - - 03d0fd4c68764324974e6546d0ac0307 03d0fd4c68764324974e6546d0ac0307] 199.204.45.222 "GET /v2.0/ports?device_id=f65d70c9-07e2-4f7e-8cb1-d06ed21a0432&fields=binding%3Ahost_id&fields=binding%3Avif_type HTTP/1.1" status: 200 len: 265 time: 0.0702920
2026-06-02 13:28:18.956 10 INFO neutron.wsgi [req-90044bb6-e124-4755-99aa-4fb2cf2a0c87 req-51e51fa0-90ed-4e83-8874-d0d79d45714d 8596af14fa624fbe84c1c1079a39e02b 2532fc06c16c45308850faae1ec5dfbe - - 03d0fd4c68764324974e6546d0ac0307 03d0fd4c68764324974e6546d0ac0307] 199.204.45.222 "GET /v2.0/ports?tenant_id=d97ed2d9680c4aac902eed570faad74b&device_id=87a74a05-3f9d-44f5-ad6f-07ea749978b6 HTTP/1.1" status: 200 len: 1407 time: 0.0657663
2026-06-02 13:28:19.020 9 INFO neutron.db.ovn_revision_numbers_db [None req-33ccf797-2fde-48e5-9b99-fd25ef4788b1 - - - - - -] Successfully bumped revision number for resource 9516291f-2fe4-4870-ad70-373f30ebc92f (type: router_ports) to 3
2026-06-02 13:28:19.042 10 INFO neutron.wsgi [req-fdaffe8d-3a10-4e65-a2ad-3dfdecd2d28b req-c6ffdd3f-5911-41f1-928a-8a5fe3a635d2 8596af14fa624fbe84c1c1079a39e02b 2532fc06c16c45308850faae1ec5dfbe - - 03d0fd4c68764324974e6546d0ac0307 03d0fd4c68764324974e6546d0ac0307] 199.204.45.222 "GET /v2.0/ports?tenant_id=40f2688870b94ca093077fbb12349d1a&device_id=f65d70c9-07e2-4f7e-8cb1-d06ed21a0432 HTTP/1.1" status: 200 len: 1409 time: 0.0569875
2026-06-02 13:28:19.063 10 INFO neutron.wsgi [req-90044bb6-e124-4755-99aa-4fb2cf2a0c87 req-5460cf24-fd83-466e-a132-dac905784e23 8596af14fa624fbe84c1c1079a39e02b 2532fc06c16c45308850faae1ec5dfbe - - 03d0fd4c68764324974e6546d0ac0307 03d0fd4c68764324974e6546d0ac0307] 199.204.45.222 "GET /v2.0/networks?id=3944f0ad-228e-4cfc-bfcf-5ce5ce2081ba HTTP/1.1" status: 200 len: 977 time: 0.0982773
2026-06-02 13:28:19.098 10 INFO neutron.wsgi [req-90044bb6-e124-4755-99aa-4fb2cf2a0c87 req-4f9b6815-708c-4de4-ab21-d2f0aae2b2e3 8596af14fa624fbe84c1c1079a39e02b 2532fc06c16c45308850faae1ec5dfbe - - 03d0fd4c68764324974e6546d0ac0307 03d0fd4c68764324974e6546d0ac0307] 199.204.45.222 "GET /v2.0/floatingips?fixed_ip_address=10.100.0.9&port_id=1657857e-20f7-4fea-9cdd-7eaafa91846b HTTP/1.1" status: 200 len: 217 time: 0.0269079
2026-06-02 13:28:19.155 10 INFO neutron.wsgi [req-90044bb6-e124-4755-99aa-4fb2cf2a0c87 req-b082eb0e-dbc1-41b3-9c08-429b1efa2369 8596af14fa624fbe84c1c1079a39e02b 2532fc06c16c45308850faae1ec5dfbe - - 03d0fd4c68764324974e6546d0ac0307 03d0fd4c68764324974e6546d0ac0307] 199.204.45.222 "GET /v2.0/subnets?id=a045922a-f929-46c2-aca6-6e9be03ae032 HTTP/1.1" status: 200 len: 873 time: 0.0480485
2026-06-02 13:28:19.167 10 INFO neutron.wsgi [req-fdaffe8d-3a10-4e65-a2ad-3dfdecd2d28b req-fd7edaf9-460c-4c77-8851-87d7482546c3 8596af14fa624fbe84c1c1079a39e02b 2532fc06c16c45308850faae1ec5dfbe - - 03d0fd4c68764324974e6546d0ac0307 03d0fd4c68764324974e6546d0ac0307] 199.204.45.222 "GET /v2.0/networks?id=9fefacf7-1b6f-4c86-9c1d-983672a4585e HTTP/1.1" status: 200 len: 981 time: 0.1030040
2026-06-02 13:28:19.198 10 INFO neutron.wsgi [req-90044bb6-e124-4755-99aa-4fb2cf2a0c87 req-388f9e24-0439-4dab-8068-107ffc7d2a98 8596af14fa624fbe84c1c1079a39e02b 2532fc06c16c45308850faae1ec5dfbe - - 03d0fd4c68764324974e6546d0ac0307 03d0fd4c68764324974e6546d0ac0307] 199.204.45.222 "GET /v2.0/ports?network_id=3944f0ad-228e-4cfc-bfcf-5ce5ce2081ba&device_owner=network%3Adhcp HTTP/1.1" status: 200 len: 210 time: 0.0356610
2026-06-02 13:28:19.224 10 WARNING neutron.scheduler.dhcp_agent_scheduler [None req-dfafd081-7d33-4d09-acf3-f56e01c028d5 0c30a91d923b4e87880f8dd9b0a1c882 8d6c285c4463467bafa338385d9d119f - - default default] No more DHCP agents
2026-06-02 13:28:19.231 10 WARNING neutron.api.rpc.agentnotifiers.dhcp_rpc_agent_api [None req-dfafd081-7d33-4d09-acf3-f56e01c028d5 0c30a91d923b4e87880f8dd9b0a1c882 8d6c285c4463467bafa338385d9d119f - - default default] Unable to schedule network 8aa4f73f-207b-4d25-aad3-d272abdc296e: no agents available; will retry on subsequent port and subnet creation events.
2026-06-02 13:28:19.249 10 INFO neutron.wsgi [req-fdaffe8d-3a10-4e65-a2ad-3dfdecd2d28b req-56234173-03f4-4590-bda2-e55d34384a7e 8596af14fa624fbe84c1c1079a39e02b 2532fc06c16c45308850faae1ec5dfbe - - 03d0fd4c68764324974e6546d0ac0307 03d0fd4c68764324974e6546d0ac0307] 199.204.45.222 "GET /v2.0/floatingips?fixed_ip_address=10.100.0.8&port_id=242f9470-f8b5-4584-8960-b9673efa4e07 HTTP/1.1" status: 200 len: 1059 time: 0.0744629
2026-06-02 13:28:19.310 10 INFO neutron.wsgi [req-fdaffe8d-3a10-4e65-a2ad-3dfdecd2d28b req-b0dae588-d9a5-4b56-bf65-b308473aeece 8596af14fa624fbe84c1c1079a39e02b 2532fc06c16c45308850faae1ec5dfbe - - 03d0fd4c68764324974e6546d0ac0307 03d0fd4c68764324974e6546d0ac0307] 199.204.45.222 "GET /v2.0/subnets?id=4146c543-209e-4bca-929e-0250e440d79f HTTP/1.1" status: 200 len: 876 time: 0.0505550
2026-06-02 13:28:19.315 10 INFO neutron.wsgi [req-90044bb6-e124-4755-99aa-4fb2cf2a0c87 req-077526b4-263d-437c-83c5-6f2669e13310 8596af14fa624fbe84c1c1079a39e02b 2532fc06c16c45308850faae1ec5dfbe - - 03d0fd4c68764324974e6546d0ac0307 03d0fd4c68764324974e6546d0ac0307] 199.204.45.222 "GET /v2.0/networks/3944f0ad-228e-4cfc-bfcf-5ce5ce2081ba?fields=segments HTTP/1.1" status: 200 len: 212 time: 0.1047509
2026-06-02 13:28:19.350 10 INFO neutron.wsgi [req-fdaffe8d-3a10-4e65-a2ad-3dfdecd2d28b req-1e8e7d66-1dd7-489c-81de-832c48e02cb6 8596af14fa624fbe84c1c1079a39e02b 2532fc06c16c45308850faae1ec5dfbe - - 03d0fd4c68764324974e6546d0ac0307 03d0fd4c68764324974e6546d0ac0307] 199.204.45.222 "GET /v2.0/ports?network_id=9fefacf7-1b6f-4c86-9c1d-983672a4585e&device_owner=network%3Adhcp HTTP/1.1" status: 200 len: 210 time: 0.0300939
2026-06-02 13:28:19.435 10 INFO neutron.wsgi [req-90044bb6-e124-4755-99aa-4fb2cf2a0c87 req-59c2fb64-3791-4554-8cb8-fdadb42c21ee 8596af14fa624fbe84c1c1079a39e02b 2532fc06c16c45308850faae1ec5dfbe - - 03d0fd4c68764324974e6546d0ac0307 03d0fd4c68764324974e6546d0ac0307] 199.204.45.222 "GET /v2.0/networks/3944f0ad-228e-4cfc-bfcf-5ce5ce2081ba?fields=provider%3Aphysical_network&fields=provider%3Anetwork_type HTTP/1.1" status: 200 len: 277 time: 0.1151390
2026-06-02 13:28:19.442 10 INFO neutron.wsgi [req-fdaffe8d-3a10-4e65-a2ad-3dfdecd2d28b req-a5ae2549-8b22-48c9-8169-f7be82218777 8596af14fa624fbe84c1c1079a39e02b 2532fc06c16c45308850faae1ec5dfbe - - 03d0fd4c68764324974e6546d0ac0307 03d0fd4c68764324974e6546d0ac0307] 199.204.45.222 "GET /v2.0/networks/9fefacf7-1b6f-4c86-9c1d-983672a4585e?fields=segments HTTP/1.1" status: 200 len: 212 time: 0.0874906
2026-06-02 13:28:19.475 9 INFO neutron.db.ovn_revision_numbers_db [None req-33ccf797-2fde-48e5-9b99-fd25ef4788b1 - - - - - -] Successfully bumped revision number for resource 9516291f-2fe4-4870-ad70-373f30ebc92f (type: ports) to 2
2026-06-02 13:28:19.508 10 INFO neutron.db.ovn_revision_numbers_db [None req-dfafd081-7d33-4d09-acf3-f56e01c028d5 0c30a91d923b4e87880f8dd9b0a1c882 8d6c285c4463467bafa338385d9d119f - - default default] Successfully bumped revision number for resource ee006bcb-178c-43aa-a993-dca5372d48e0 (type: ports) to 1
2026-06-02 13:28:19.524 10 INFO neutron.wsgi [req-fdaffe8d-3a10-4e65-a2ad-3dfdecd2d28b req-bb56e600-0b4f-40f4-853f-17fb9fbac9a7 8596af14fa624fbe84c1c1079a39e02b 2532fc06c16c45308850faae1ec5dfbe - - 03d0fd4c68764324974e6546d0ac0307 03d0fd4c68764324974e6546d0ac0307] 199.204.45.222 "GET /v2.0/networks/9fefacf7-1b6f-4c86-9c1d-983672a4585e?fields=provider%3Aphysical_network&fields=provider%3Anetwork_type HTTP/1.1" status: 200 len: 277 time: 0.0769141
