2026-06-02 13:31:35.007 10 INFO neutron.wsgi [None req-2f2cdbe1-c1fc-4518-a71d-99c6418d630a 0c30a91d923b4e87880f8dd9b0a1c882 8d6c285c4463467bafa338385d9d119f - - default default] 10.0.0.158 "PUT /v2.0/routers/3be83f34-d39f-41ef-91d3-d3066a308d85/remove_router_interface HTTP/1.1" status: 200 len: 503 time: 1.9036517
2026-06-02 13:31:35.361 10 INFO neutron.db.ovn_revision_numbers_db [req-ba95f761-0b3a-4a81-9e0b-daf03ee2da14 req-76229dde-7d1f-4f66-a80f-815a096c8b42 8596af14fa624fbe84c1c1079a39e02b 2532fc06c16c45308850faae1ec5dfbe - - 03d0fd4c68764324974e6546d0ac0307 03d0fd4c68764324974e6546d0ac0307] Successfully bumped revision number for resource e0621905-11a1-4e0b-9e7b-c7f22105edbc (type: ports) to 2
2026-06-02 13:31:35.665 10 INFO neutron.db.ovn_revision_numbers_db [req-ba95f761-0b3a-4a81-9e0b-daf03ee2da14 req-76229dde-7d1f-4f66-a80f-815a096c8b42 8596af14fa624fbe84c1c1079a39e02b 2532fc06c16c45308850faae1ec5dfbe - - 03d0fd4c68764324974e6546d0ac0307 03d0fd4c68764324974e6546d0ac0307] Successfully bumped revision number for resource e0621905-11a1-4e0b-9e7b-c7f22105edbc (type: ports) to 2
2026-06-02 13:31:35.696 10 INFO neutron.wsgi [req-ba95f761-0b3a-4a81-9e0b-daf03ee2da14 req-76229dde-7d1f-4f66-a80f-815a096c8b42 8596af14fa624fbe84c1c1079a39e02b 2532fc06c16c45308850faae1ec5dfbe - - 03d0fd4c68764324974e6546d0ac0307 03d0fd4c68764324974e6546d0ac0307] 199.204.45.222 "PUT /v2.0/ports/e0621905-11a1-4e0b-9e7b-c7f22105edbc HTTP/1.1" status: 200 len: 1376 time: 0.8927002
2026-06-02 13:31:35.746 10 INFO neutron.notifiers.nova [-] Nova event matching ['req-7ae7fdc8-8c57-4eea-9bc4-9a156fd583ee'] response: {'name': 'network-changed', 'server_uuid': 'e1a20d48-f097-446c-96b8-0f598bbdb821', 'tag': 'e0621905-11a1-4e0b-9e7b-c7f22105edbc', 'status': 'completed', 'code': 200} /var/lib/openstack/lib/python3.10/site-packages/pycadf/identifier.py:71: UserWarning: Invalid uuid: neutron. To ensure interoperability, identifiers should be a valid uuid. warnings.warn(('Invalid uuid: %s. To ensure interoperability, '
2026-06-02 13:31:35.800 10 INFO neutron.wsgi [req-ba95f761-0b3a-4a81-9e0b-daf03ee2da14 req-df0c8322-2967-4d3b-8748-be5d5556aed3 8596af14fa624fbe84c1c1079a39e02b 2532fc06c16c45308850faae1ec5dfbe - - 03d0fd4c68764324974e6546d0ac0307 03d0fd4c68764324974e6546d0ac0307] 199.204.45.222 "GET /v2.0/ports?tenant_id=78e68eb54daa41218c31bd3fd0ee34a4&device_id=e1a20d48-f097-446c-96b8-0f598bbdb821 HTTP/1.1" status: 200 len: 1407 time: 0.0437179
2026-06-02 13:31:35.841 10 INFO neutron.wsgi [req-ba95f761-0b3a-4a81-9e0b-daf03ee2da14 req-7948ab42-1b6c-4e1b-bb82-129a6b74fc89 8596af14fa624fbe84c1c1079a39e02b 2532fc06c16c45308850faae1ec5dfbe - - 03d0fd4c68764324974e6546d0ac0307 03d0fd4c68764324974e6546d0ac0307] 199.204.45.222 "GET /v2.0/floatingips?fixed_ip_address=10.100.0.8&port_id=e0621905-11a1-4e0b-9e7b-c7f22105edbc HTTP/1.1" status: 200 len: 217 time: 0.0320752
2026-06-02 13:31:35.891 10 INFO neutron.wsgi [req-ba95f761-0b3a-4a81-9e0b-daf03ee2da14 req-be0d3084-6d2d-4aa2-86a0-f6ce80aeb18d 8596af14fa624fbe84c1c1079a39e02b 2532fc06c16c45308850faae1ec5dfbe - - 03d0fd4c68764324974e6546d0ac0307 03d0fd4c68764324974e6546d0ac0307] 199.204.45.222 "GET /v2.0/subnets?id=979af418-439a-4f24-9e57-21021112c0fb HTTP/1.1" status: 200 len: 852 time: 0.0436039
2026-06-02 13:31:35.918 10 INFO neutron.wsgi [req-ba95f761-0b3a-4a81-9e0b-daf03ee2da14 req-16028677-f1b4-4ae0-8887-37d706ce285d 8596af14fa624fbe84c1c1079a39e02b 2532fc06c16c45308850faae1ec5dfbe - - 03d0fd4c68764324974e6546d0ac0307 03d0fd4c68764324974e6546d0ac0307] 199.204.45.222 "GET /v2.0/ports?network_id=631cf598-61b3-4b17-85c8-87f9dffe275b&device_owner=network%3Adhcp HTTP/1.1" status: 200 len: 210 time: 0.0207930
2026-06-02 13:31:35.999 10 INFO neutron.wsgi [req-ba95f761-0b3a-4a81-9e0b-daf03ee2da14 req-96ad187f-b88c-4e54-b159-5c6b0e994b9b 8596af14fa624fbe84c1c1079a39e02b 2532fc06c16c45308850faae1ec5dfbe - - 03d0fd4c68764324974e6546d0ac0307 03d0fd4c68764324974e6546d0ac0307] 199.204.45.222 "GET /v2.0/networks/631cf598-61b3-4b17-85c8-87f9dffe275b?fields=segments HTTP/1.1" status: 200 len: 212 time: 0.0709817
2026-06-02 13:31:36.077 10 INFO neutron.wsgi [req-ba95f761-0b3a-4a81-9e0b-daf03ee2da14 req-cc301026-07d4-42db-b2bd-90c92a595906 8596af14fa624fbe84c1c1079a39e02b 2532fc06c16c45308850faae1ec5dfbe - - 03d0fd4c68764324974e6546d0ac0307 03d0fd4c68764324974e6546d0ac0307] 199.204.45.222 "GET /v2.0/networks/631cf598-61b3-4b17-85c8-87f9dffe275b?fields=provider%3Aphysical_network&fields=provider%3Anetwork_type HTTP/1.1" status: 200 len: 277 time: 0.0708077
2026-06-02 13:31:36.170 9 INFO neutron.wsgi [req-523c575a-9cf2-4766-95bb-c7b136747123 req-1a7b4690-e516-4d65-99ad-36195b8cb133 166343b14eb5496ebb9335f9c04bb24a 78e68eb54daa41218c31bd3fd0ee34a4 - - default default] 10.0.0.94 "GET /v2.0/ports?device_id=e1a20d48-f097-446c-96b8-0f598bbdb821 HTTP/1.1" status: 200 len: 1168 time: 0.0633547
2026-06-02 13:31:36.183 10 INFO neutron.wsgi [req-994042ad-8aa8-4f04-a501-bbd9cea2146d req-699c177d-b669-475e-8f1b-a6ab8f03f27c 8596af14fa624fbe84c1c1079a39e02b 2532fc06c16c45308850faae1ec5dfbe - - 03d0fd4c68764324974e6546d0ac0307 03d0fd4c68764324974e6546d0ac0307] 199.204.45.222 "GET /v2.0/ports?tenant_id=78e68eb54daa41218c31bd3fd0ee34a4&device_id=e1a20d48-f097-446c-96b8-0f598bbdb821 HTTP/1.1" status: 200 len: 1407 time: 0.0542903
2026-06-02 13:31:36.252 9 INFO neutron.wsgi [req-523c575a-9cf2-4766-95bb-c7b136747123 req-976793d4-351a-40b4-9be7-28af7fba8c9c 166343b14eb5496ebb9335f9c04bb24a 78e68eb54daa41218c31bd3fd0ee34a4 - - default default] 10.0.0.94 "GET /v2.0/security-groups?id=f380047f-682c-42f0-ba3b-7fa9e1785e28&fields=id&fields=name HTTP/1.1" status: 200 len: 312 time: 0.0737138
2026-06-02 13:31:36.266 10 INFO neutron.wsgi [req-994042ad-8aa8-4f04-a501-bbd9cea2146d req-179c337d-3785-485f-99a7-f75ccd52e1af 8596af14fa624fbe84c1c1079a39e02b 2532fc06c16c45308850faae1ec5dfbe - - 03d0fd4c68764324974e6546d0ac0307 03d0fd4c68764324974e6546d0ac0307] 199.204.45.222 "GET /v2.0/networks?id=631cf598-61b3-4b17-85c8-87f9dffe275b HTTP/1.1" status: 200 len: 958 time: 0.0769401
2026-06-02 13:31:36.311 10 INFO neutron.wsgi [req-994042ad-8aa8-4f04-a501-bbd9cea2146d req-7125e97c-1b36-4e7d-862c-c448858c4b17 8596af14fa624fbe84c1c1079a39e02b 2532fc06c16c45308850faae1ec5dfbe - - 03d0fd4c68764324974e6546d0ac0307 03d0fd4c68764324974e6546d0ac0307] 199.204.45.222 "GET /v2.0/floatingips?fixed_ip_address=10.100.0.8&port_id=e0621905-11a1-4e0b-9e7b-c7f22105edbc HTTP/1.1" status: 200 len: 217 time: 0.0352066
2026-06-02 13:31:36.371 10 INFO neutron.wsgi [req-994042ad-8aa8-4f04-a501-bbd9cea2146d req-de14b340-bcf9-4d28-bf54-c72d31a24de9 8596af14fa624fbe84c1c1079a39e02b 2532fc06c16c45308850faae1ec5dfbe - - 03d0fd4c68764324974e6546d0ac0307 03d0fd4c68764324974e6546d0ac0307] 199.204.45.222 "GET /v2.0/subnets?id=979af418-439a-4f24-9e57-21021112c0fb HTTP/1.1" status: 200 len: 852 time: 0.0555351
2026-06-02 13:31:36.378 9 INFO neutron.plugins.ml2.drivers.ovn.mech_driver.mech_driver [None req-a75d0197-3311-46b9-a8ae-5e5b60bac344 - - - - - -] OVN reports status up for port: e0621905-11a1-4e0b-9e7b-c7f22105edbc
2026-06-02 13:31:36.408 10 INFO neutron.wsgi [req-994042ad-8aa8-4f04-a501-bbd9cea2146d req-6e6086e0-11b6-472e-a565-5f050febf7bf 8596af14fa624fbe84c1c1079a39e02b 2532fc06c16c45308850faae1ec5dfbe - - 03d0fd4c68764324974e6546d0ac0307 03d0fd4c68764324974e6546d0ac0307] 199.204.45.222 "GET /v2.0/ports?network_id=631cf598-61b3-4b17-85c8-87f9dffe275b&device_owner=network%3Adhcp HTTP/1.1" status: 200 len: 210 time: 0.0280678
2026-06-02 13:31:36.429 9 INFO neutron.plugins.ml2.plugin [None req-a75d0197-3311-46b9-a8ae-5e5b60bac344 - - - - - -] Attempt 1 to provision port e0621905-11a1-4e0b-9e7b-c7f22105edbc
2026-06-02 13:31:36.498 10 INFO neutron.wsgi [req-994042ad-8aa8-4f04-a501-bbd9cea2146d req-3720facb-5c0d-4d8d-afc5-af73717a6533 8596af14fa624fbe84c1c1079a39e02b 2532fc06c16c45308850faae1ec5dfbe - - 03d0fd4c68764324974e6546d0ac0307 03d0fd4c68764324974e6546d0ac0307] 199.204.45.222 "GET /v2.0/networks/631cf598-61b3-4b17-85c8-87f9dffe275b?fields=segments HTTP/1.1" status: 200 len: 212 time: 0.0707233
2026-06-02 13:31:36.582 10 INFO neutron.wsgi [req-994042ad-8aa8-4f04-a501-bbd9cea2146d req-b8987096-386f-4bd0-a767-b51960da5d20 8596af14fa624fbe84c1c1079a39e02b 2532fc06c16c45308850faae1ec5dfbe - - 03d0fd4c68764324974e6546d0ac0307 03d0fd4c68764324974e6546d0ac0307] 199.204.45.222 "GET /v2.0/networks/631cf598-61b3-4b17-85c8-87f9dffe275b?fields=provider%3Aphysical_network&fields=provider%3Anetwork_type HTTP/1.1" status: 200 len: 277 time: 0.0770299
2026-06-02 13:31:36.657 9 INFO neutron.notifiers.nova [-] Nova event matching ['req-77aee6df-2926-4b30-b769-52138054e181'] response: {'server_uuid': 'e1a20d48-f097-446c-96b8-0f598bbdb821', 'name': 'network-vif-plugged', 'status': 'completed', 'tag': 'e0621905-11a1-4e0b-9e7b-c7f22105edbc', 'code': 200}
2026-06-02 13:31:36.704 9 INFO neutron.wsgi [None req-06f95a09-15fa-4b68-b279-327635487e40 0c30a91d923b4e87880f8dd9b0a1c882 8d6c285c4463467bafa338385d9d119f - - default default] 10.0.0.158 "DELETE /v2.0/routers/3be83f34-d39f-41ef-91d3-d3066a308d85 HTTP/1.1" status: 204 len: 168 time: 1.6888170
2026-06-02 13:31:36.906 9 INFO neutron.db.ovn_revision_numbers_db [None req-a75d0197-3311-46b9-a8ae-5e5b60bac344 - - - - - -] Successfully bumped revision number for resource e0621905-11a1-4e0b-9e7b-c7f22105edbc (type: ports) to 4
2026-06-02 13:31:37.016 9 INFO neutron.wsgi [None req-ee7a9b9f-3f0d-4262-98a0-a8a1908e8c5d 0c30a91d923b4e87880f8dd9b0a1c882 8d6c285c4463467bafa338385d9d119f - - default default] 10.0.0.158 "DELETE /v2.0/subnets/8bd869da-60be-442c-b70c-15e6e5eb6d0e HTTP/1.1" status: 204 len: 168 time: 0.3037460 /var/lib/openstack/lib/python3.10/site-packages/pycadf/identifier.py:71: UserWarning: Invalid uuid: neutron. To ensure interoperability, identifiers should be a valid uuid. warnings.warn(('Invalid uuid: %s. To ensure interoperability, '
2026-06-02 13:31:37.449 9 INFO neutron.services.segments.plugin [-] Segment 48e1b94e-ef79-47bd-a919-366bcaa64526 resource provider aggregate not found
2026-06-02 13:31:37.468 9 INFO neutron.services.segments.plugin [-] Segment 48e1b94e-ef79-47bd-a919-366bcaa64526 resource provider aggregate not found
2026-06-02 13:31:37.484 9 INFO neutron.services.segments.plugin [-] Segment 48e1b94e-ef79-47bd-a919-366bcaa64526 resource provider not found; error: Placement Client Error (4xx): {"errors": [{"status": 404, "title": "Not Found", "detail": "The resource could not be found.\n\n No resource provider with uuid 48e1b94e-ef79-47bd-a919-366bcaa64526 found for delete ", "request_id": "req-58139590-6d7c-4ced-a5b0-f3b2e8680880"}]}
2026-06-02 13:31:37.488 9 INFO neutron.services.segments.plugin [-] Segment 48e1b94e-ef79-47bd-a919-366bcaa64526 resource provider not found; error: Placement Client Error (4xx): {"errors": [{"status": 404, "title": "Not Found", "detail": "The resource could not be found.\n\n No resource provider with uuid 48e1b94e-ef79-47bd-a919-366bcaa64526 found for delete ", "request_id": "req-4c37b8a1-159d-46d1-b3c6-28611f7778e7"}]}
2026-06-02 13:31:37.498 9 INFO neutron.wsgi [req-1a7e9da3-1445-42db-b357-2406d1493952 req-6f1f3350-dca8-4fe1-8b3c-411fcb16b631 166343b14eb5496ebb9335f9c04bb24a 78e68eb54daa41218c31bd3fd0ee34a4 - - default default] 10.0.0.94 "GET /v2.0/ports?device_id=e1a20d48-f097-446c-96b8-0f598bbdb821 HTTP/1.1" status: 200 len: 1170 time: 0.1692188
2026-06-02 13:31:37.525 9 INFO neutron.wsgi [None req-73d01395-609f-4b72-9b58-ee644384a72a 0c30a91d923b4e87880f8dd9b0a1c882 8d6c285c4463467bafa338385d9d119f - - default default] 10.0.0.158 "DELETE /v2.0/networks/09972a3a-bf55-484e-ab9c-01a39ea50d68 HTTP/1.1" status: 204 len: 168 time: 0.5011690
2026-06-02 13:31:37.559 9 INFO neutron.wsgi [req-1a7e9da3-1445-42db-b357-2406d1493952 req-8882492f-28ba-4c0e-9a3a-4be76f460917 166343b14eb5496ebb9335f9c04bb24a 78e68eb54daa41218c31bd3fd0ee34a4 - - default default] 10.0.0.94 "GET /v2.0/security-groups?id=f380047f-682c-42f0-ba3b-7fa9e1785e28&fields=id&fields=name HTTP/1.1" status: 200 len: 312 time: 0.0491836
2026-06-02 13:31:37.828 10 INFO neutron.wsgi [None req-653fcd2a-9c38-4c5c-9acb-0e4777652c2b 0c30a91d923b4e87880f8dd9b0a1c882 8d6c285c4463467bafa338385d9d119f - - default default] 10.0.0.158 "GET /v2.0/security-groups?tenant_id=c7a237a496044239b7bd85bbe2cff815&name=default HTTP/1.1" status: 200 len: 2996 time: 0.0534282
2026-06-02 13:31:38.061 10 INFO neutron.wsgi [None req-de65dc9c-3ccb-4cf6-9514-8e24b630ea19 0c30a91d923b4e87880f8dd9b0a1c882 8d6c285c4463467bafa338385d9d119f - - default default] 10.0.0.158 "DELETE /v2.0/security-groups/ee75d055-6669-467c-a31d-9b20b40eae3c HTTP/1.1" status: 204 len: 168 time: 0.2223406
2026-06-02 13:31:38.702 9 INFO neutron.notifiers.nova [-] Nova event matching ['req-7576337e-6baa-4a7a-843d-4e11bbeaeda2'] response: {'server_uuid': 'e1a20d48-f097-446c-96b8-0f598bbdb821', 'name': 'network-vif-plugged', 'status': 'completed', 'tag': 'e0621905-11a1-4e0b-9e7b-c7f22105edbc', 'code': 200}
2026-06-02 13:31:38.732 9 INFO neutron.wsgi [req-c4617027-07f5-4a3c-83f2-74c3194b0a8c req-9d86e145-c926-4d3a-ba98-d8137ca24e30 166343b14eb5496ebb9335f9c04bb24a 78e68eb54daa41218c31bd3fd0ee34a4 - - default default] 10.0.0.94 "GET /v2.0/ports?device_id=e1a20d48-f097-446c-96b8-0f598bbdb821 HTTP/1.1" status: 200 len: 1170 time: 0.0618289
2026-06-02 13:31:38.804 9 INFO neutron.wsgi [req-c4617027-07f5-4a3c-83f2-74c3194b0a8c req-8a0b426a-d821-48c0-98d4-01b996d26f2f 166343b14eb5496ebb9335f9c04bb24a 78e68eb54daa41218c31bd3fd0ee34a4 - - default default] 10.0.0.94 "GET /v2.0/security-groups?id=f380047f-682c-42f0-ba3b-7fa9e1785e28&fields=id&fields=name HTTP/1.1" status: 200 len: 312 time: 0.0622356
2026-06-02 13:31:38.941 9 INFO neutron.wsgi [req-7047c80b-c2dc-41e6-81db-de98a1eba99f req-5ebb3746-d9da-4f02-9691-18dc3db66c26 166343b14eb5496ebb9335f9c04bb24a 78e68eb54daa41218c31bd3fd0ee34a4 - - default default] 10.0.0.94 "GET /v2.0/ports?device_id=e1a20d48-f097-446c-96b8-0f598bbdb821 HTTP/1.1" status: 200 len: 1170 time: 0.0599689
2026-06-02 13:31:39.002 9 INFO neutron.wsgi [req-7047c80b-c2dc-41e6-81db-de98a1eba99f req-60364547-16d2-41e2-b202-9e71fe016ef0 166343b14eb5496ebb9335f9c04bb24a 78e68eb54daa41218c31bd3fd0ee34a4 - - default default] 10.0.0.94 "GET /v2.0/security-groups?id=f380047f-682c-42f0-ba3b-7fa9e1785e28&fields=id&fields=name HTTP/1.1" status: 200 len: 312 time: 0.0510483
2026-06-02 13:31:39.070 9 INFO neutron.wsgi [None req-a07f57bc-b788-49a7-8c32-a95c97f15d0f f4c443ad160848b0a84a3af6f1542c83 fe30d759a79949a995fe766fb1f6b770 - - default default] 10.0.0.158 "GET /v2.0/ports?device_id=e1a20d48-f097-446c-96b8-0f598bbdb821 HTTP/1.1" status: 200 len: 1404 time: 0.0447462
2026-06-02 13:31:39.082 9 WARNING neutron_lib.context [None req-8326a7c2-e954-4255-9215-3160a5f566f3 166343b14eb5496ebb9335f9c04bb24a 78e68eb54daa41218c31bd3fd0ee34a4 - - default default] Method 'is_advsvc' is deprecated since 2023.2 release (neutron-lib 3.8.0) and will be removed once support for the old RBAC API policies will be removed from Neutron. Please use method 'is_service_role' instead.
2026-06-02 13:31:39.441 9 WARNING neutron.scheduler.dhcp_agent_scheduler [None req-8326a7c2-e954-4255-9215-3160a5f566f3 166343b14eb5496ebb9335f9c04bb24a 78e68eb54daa41218c31bd3fd0ee34a4 - - default default] No more DHCP agents
2026-06-02 13:31:39.444 9 WARNING neutron.api.rpc.agentnotifiers.dhcp_rpc_agent_api [None req-8326a7c2-e954-4255-9215-3160a5f566f3 166343b14eb5496ebb9335f9c04bb24a 78e68eb54daa41218c31bd3fd0ee34a4 - - default default] Unable to schedule network d3336c6d-238f-48fb-bd6f-42aff5bd8ae5: no agents available; will retry on subsequent port and subnet creation events.
2026-06-02 13:31:39.979 9 INFO neutron.db.l3_db [None req-8326a7c2-e954-4255-9215-3160a5f566f3 166343b14eb5496ebb9335f9c04bb24a 78e68eb54daa41218c31bd3fd0ee34a4 - - default default] Floating IP 86fe09dc-1862-447c-b9c4-afcea87829d0 associated. External IP: 10.96.250.217, port: e0621905-11a1-4e0b-9e7b-c7f22105edbc.
2026-06-02 13:31:40.250 9 INFO neutron.db.ovn_revision_numbers_db [None req-8326a7c2-e954-4255-9215-3160a5f566f3 166343b14eb5496ebb9335f9c04bb24a 78e68eb54daa41218c31bd3fd0ee34a4 - - default default] Successfully bumped revision number for resource 86fe09dc-1862-447c-b9c4-afcea87829d0 (type: floatingips) to 0
2026-06-02 13:31:40.384 9 INFO neutron.db.ovn_revision_numbers_db [None req-8326a7c2-e954-4255-9215-3160a5f566f3 166343b14eb5496ebb9335f9c04bb24a 78e68eb54daa41218c31bd3fd0ee34a4 - - default default] Successfully bumped revision number for resource 86fe09dc-1862-447c-b9c4-afcea87829d0 (type: floatingips) to 1
2026-06-02 13:31:40.392 9 INFO neutron.db.ovn_revision_numbers_db [None req-1138b712-2f35-4226-a1e2-9f68aaf64e53 0c30a91d923b4e87880f8dd9b0a1c882 8d6c285c4463467bafa338385d9d119f - - default default] Successfully bumped revision number for resource 18557ada-b1bc-4cc0-82fb-8b763ec6a7c6 (type: security_groups) to 1
2026-06-02 13:31:40.416 9 INFO neutron.db.ovn_revision_numbers_db [None req-1138b712-2f35-4226-a1e2-9f68aaf64e53 0c30a91d923b4e87880f8dd9b0a1c882 8d6c285c4463467bafa338385d9d119f - - default default] Successfully bumped revision number for resource 4d5ef3e7-e519-46e1-88f1-90125bdb6f06 (type: security_group_rules) to 0
2026-06-02 13:31:40.429 9 INFO neutron.wsgi [None req-8326a7c2-e954-4255-9215-3160a5f566f3 166343b14eb5496ebb9335f9c04bb24a 78e68eb54daa41218c31bd3fd0ee34a4 - - default default] 10.0.0.158 "POST /v2.0/floatingips HTTP/1.1" status: 201 len: 1054 time: 1.3538809
2026-06-02 13:31:40.433 9 INFO neutron.db.ovn_revision_numbers_db [None req-1138b712-2f35-4226-a1e2-9f68aaf64e53 0c30a91d923b4e87880f8dd9b0a1c882 8d6c285c4463467bafa338385d9d119f - - default default] Successfully bumped revision number for resource 7f19af58-7e6d-4131-815d-347f0bd21e81 (type: security_group_rules) to 0
2026-06-02 13:31:40.521 9 INFO neutron.db.ovn_revision_numbers_db [None req-1138b712-2f35-4226-a1e2-9f68aaf64e53 0c30a91d923b4e87880f8dd9b0a1c882 8d6c285c4463467bafa338385d9d119f - - default default] Successfully bumped revision number for resource 816cc0ef-9b78-4b28-9f4e-d59c8fdee6eb (type: security_group_rules) to 0
2026-06-02 13:31:40.541 9 INFO neutron.wsgi [None req-823b19ee-9810-4d1e-90f0-e2e9bbfbda8f 166343b14eb5496ebb9335f9c04bb24a 78e68eb54daa41218c31bd3fd0ee34a4 - - default default] 10.0.0.158 "GET /v2.0/floatingips/86fe09dc-1862-447c-b9c4-afcea87829d0 HTTP/1.1" status: 200 len: 1051 time: 0.1062109
2026-06-02 13:31:40.543 9 INFO neutron.db.ovn_revision_numbers_db [None req-1138b712-2f35-4226-a1e2-9f68aaf64e53 0c30a91d923b4e87880f8dd9b0a1c882 8d6c285c4463467bafa338385d9d119f - - default default] Successfully bumped revision number for resource d2fa4832-6746-47e3-b4ea-0593d12b48d5 (type: security_group_rules) to 0
2026-06-02 13:31:40.594 9 INFO neutron.db.segments_db [None req-1138b712-2f35-4226-a1e2-9f68aaf64e53 0c30a91d923b4e87880f8dd9b0a1c882 8d6c285c4463467bafa338385d9d119f - - default default] Added segment c93fb8eb-4af4-4d2b-b74b-9c1b95cda10f of type geneve for network 7eb85e2b-5d62-4074-8d33-172f1dd74fe9
2026-06-02 13:31:41.147 9 INFO neutron.notifiers.nova [-] Nova event matching ['req-88938aff-87bf-41af-ba81-f625df17a121'] response: {'name': 'network-changed', 'server_uuid': 'e1a20d48-f097-446c-96b8-0f598bbdb821', 'tag': 'e0621905-11a1-4e0b-9e7b-c7f22105edbc', 'status': 'completed', 'code': 200} /var/lib/openstack/lib/python3.10/site-packages/pycadf/identifier.py:71: UserWarning: Invalid uuid: neutron. To ensure interoperability, identifiers should be a valid uuid. warnings.warn(('Invalid uuid: %s. To ensure interoperability, '
2026-06-02 13:31:41.223 10 INFO neutron.wsgi [req-6a317eca-7feb-408d-86d1-09fa20c1a14a req-6a18de47-1551-4d5a-bb00-63a2a64bd2eb 8596af14fa624fbe84c1c1079a39e02b 2532fc06c16c45308850faae1ec5dfbe - - 03d0fd4c68764324974e6546d0ac0307 03d0fd4c68764324974e6546d0ac0307] 199.204.45.222 "GET /v2.0/ports?tenant_id=78e68eb54daa41218c31bd3fd0ee34a4&device_id=e1a20d48-f097-446c-96b8-0f598bbdb821 HTTP/1.1" status: 200 len: 1409 time: 0.0526476
2026-06-02 13:31:41.268 9 INFO neutron.db.ovn_revision_numbers_db [None req-1138b712-2f35-4226-a1e2-9f68aaf64e53 0c30a91d923b4e87880f8dd9b0a1c882 8d6c285c4463467bafa338385d9d119f - - default default] Successfully bumped revision number for resource 7eb85e2b-5d62-4074-8d33-172f1dd74fe9 (type: networks) to 1
2026-06-02 13:31:41.294 10 INFO neutron.wsgi [req-6a317eca-7feb-408d-86d1-09fa20c1a14a req-b2892024-a510-44fd-9d2a-328e8ae8903c 8596af14fa624fbe84c1c1079a39e02b 2532fc06c16c45308850faae1ec5dfbe - - 03d0fd4c68764324974e6546d0ac0307 03d0fd4c68764324974e6546d0ac0307] 199.204.45.222 "GET /v2.0/networks?id=631cf598-61b3-4b17-85c8-87f9dffe275b HTTP/1.1" status: 200 len: 958 time: 0.0647957
2026-06-02 13:31:41.357 10 INFO neutron.wsgi [req-6a317eca-7feb-408d-86d1-09fa20c1a14a req-f4a98b30-025e-4742-be19-756a5626c67a 8596af14fa624fbe84c1c1079a39e02b 2532fc06c16c45308850faae1ec5dfbe - - 03d0fd4c68764324974e6546d0ac0307 03d0fd4c68764324974e6546d0ac0307] 199.204.45.222 "GET /v2.0/floatingips?fixed_ip_address=10.100.0.8&port_id=e0621905-11a1-4e0b-9e7b-c7f22105edbc HTTP/1.1" status: 200 len: 1059 time: 0.0566618
2026-06-02 13:31:41.401 10 INFO neutron.wsgi [req-6a317eca-7feb-408d-86d1-09fa20c1a14a req-d488e10a-3d9b-4eca-b040-74c5d91dca27 8596af14fa624fbe84c1c1079a39e02b 2532fc06c16c45308850faae1ec5dfbe - - 03d0fd4c68764324974e6546d0ac0307 03d0fd4c68764324974e6546d0ac0307] 199.204.45.222 "GET /v2.0/subnets?id=979af418-439a-4f24-9e57-21021112c0fb HTTP/1.1" status: 200 len: 852 time: 0.0354788
2026-06-02 13:31:41.432 10 INFO neutron.wsgi [req-6a317eca-7feb-408d-86d1-09fa20c1a14a req-8ecb99c6-bf5b-4bba-a79e-2a8bd1dac952 8596af14fa624fbe84c1c1079a39e02b 2532fc06c16c45308850faae1ec5dfbe - - 03d0fd4c68764324974e6546d0ac0307 03d0fd4c68764324974e6546d0ac0307] 199.204.45.222 "GET /v2.0/ports?network_id=631cf598-61b3-4b17-85c8-87f9dffe275b&device_owner=network%3Adhcp HTTP/1.1" status: 200 len: 210 time: 0.0219944
2026-06-02 13:31:41.500 10 INFO neutron.wsgi [req-6a317eca-7feb-408d-86d1-09fa20c1a14a req-9f16d5cd-7cec-4851-adda-4e0b333a09b1 8596af14fa624fbe84c1c1079a39e02b 2532fc06c16c45308850faae1ec5dfbe - - 03d0fd4c68764324974e6546d0ac0307 03d0fd4c68764324974e6546d0ac0307] 199.204.45.222 "GET /v2.0/networks/631cf598-61b3-4b17-85c8-87f9dffe275b?fields=segments HTTP/1.1" status: 200 len: 212 time: 0.0639396
2026-06-02 13:31:41.520 9 WARNING neutron.scheduler.dhcp_agent_scheduler [None req-1138b712-2f35-4226-a1e2-9f68aaf64e53 0c30a91d923b4e87880f8dd9b0a1c882 8d6c285c4463467bafa338385d9d119f - - default default] No more DHCP agents
2026-06-02 13:31:41.522 9 WARNING neutron.api.rpc.agentnotifiers.dhcp_rpc_agent_api [None req-1138b712-2f35-4226-a1e2-9f68aaf64e53 0c30a91d923b4e87880f8dd9b0a1c882 8d6c285c4463467bafa338385d9d119f - - default default] Unable to schedule network 7eb85e2b-5d62-4074-8d33-172f1dd74fe9: no agents available; will retry on subsequent port and subnet creation events.
2026-06-02 13:31:41.568 10 INFO neutron.wsgi [req-6a317eca-7feb-408d-86d1-09fa20c1a14a req-c8427ca7-2afe-40be-a943-605a3f1cd423 8596af14fa624fbe84c1c1079a39e02b 2532fc06c16c45308850faae1ec5dfbe - - 03d0fd4c68764324974e6546d0ac0307 03d0fd4c68764324974e6546d0ac0307] 199.204.45.222 "GET /v2.0/networks/631cf598-61b3-4b17-85c8-87f9dffe275b?fields=provider%3Aphysical_network&fields=provider%3Anetwork_type HTTP/1.1" status: 200 len: 277 time: 0.0573456
2026-06-02 13:31:41.626 9 INFO neutron.db.ovn_revision_numbers_db [None req-1138b712-2f35-4226-a1e2-9f68aaf64e53 0c30a91d923b4e87880f8dd9b0a1c882 8d6c285c4463467bafa338385d9d119f - - default default] Successfully bumped revision number for resource e9b40ec7-67da-401c-9c14-af8329b2c086 (type: ports) to 1
2026-06-02 13:31:41.654 9 INFO neutron.wsgi [None req-1138b712-2f35-4226-a1e2-9f68aaf64e53 0c30a91d923b4e87880f8dd9b0a1c882 8d6c285c4463467bafa338385d9d119f - - default default] 10.0.0.158 "POST /v2.0/networks HTTP/1.1" status: 201 len: 942 time: 1.6953583
2026-06-02 13:31:41.834 9 WARNING neutron.scheduler.dhcp_agent_scheduler [None req-f56362a4-4df9-4264-b2db-8eda890f25b4 0c30a91d923b4e87880f8dd9b0a1c882 8d6c285c4463467bafa338385d9d119f - - default default] No more DHCP agents
2026-06-02 13:31:41.839 9 WARNING neutron.api.rpc.agentnotifiers.dhcp_rpc_agent_api [None req-f56362a4-4df9-4264-b2db-8eda890f25b4 0c30a91d923b4e87880f8dd9b0a1c882 8d6c285c4463467bafa338385d9d119f - - default default] Unable to schedule network 7eb85e2b-5d62-4074-8d33-172f1dd74fe9: no agents available; will retry on subsequent port and subnet creation events.
2026-06-02 13:31:42.229 9 INFO neutron.wsgi [-] 10.0.0.23 "GET / HTTP/1.1" status: 200 len: 247 time: 0.0012496
2026-06-02 13:31:42.230 9 INFO neutron.wsgi [-] 10.0.0.23 "GET / HTTP/1.1" status: 200 len: 247 time: 0.0008686
2026-06-02 13:31:42.447 9 INFO neutron.db.ovn_revision_numbers_db [None req-f56362a4-4df9-4264-b2db-8eda890f25b4 0c30a91d923b4e87880f8dd9b0a1c882 8d6c285c4463467bafa338385d9d119f - - default default] Successfully bumped revision number for resource e9b40ec7-67da-401c-9c14-af8329b2c086 (type: ports) to 2
2026-06-02 13:31:42.484 9 INFO neutron.db.ovn_revision_numbers_db [None req-f56362a4-4df9-4264-b2db-8eda890f25b4 0c30a91d923b4e87880f8dd9b0a1c882 8d6c285c4463467bafa338385d9d119f - - default default] Successfully bumped revision number for resource d2278979-4862-4648-a391-da6400b600fe (type: subnets) to 0
2026-06-02 13:31:42.498 9 INFO neutron.wsgi [None req-f56362a4-4df9-4264-b2db-8eda890f25b4 0c30a91d923b4e87880f8dd9b0a1c882 8d6c285c4463467bafa338385d9d119f - - default default] 10.0.0.158 "POST /v2.0/subnets HTTP/1.1" status: 201 len: 862 time: 0.8359067
2026-06-02 13:31:42.657 10 INFO neutron.wsgi [None req-0afd6a15-2b2b-4d97-8af5-dc81889cd85a 0c30a91d923b4e87880f8dd9b0a1c882 8d6c285c4463467bafa338385d9d119f - - default default] 199.204.45.222 "GET /v2.0/extensions/security-group HTTP/1.1" status: 200 len: 369 time: 0.0106826
2026-06-02 13:31:42.668 10 INFO neutron.wsgi [None req-3a36a639-7825-4c99-a068-0847ddd2fb49 0c30a91d923b4e87880f8dd9b0a1c882 8d6c285c4463467bafa338385d9d119f - - default default] 199.204.45.222 "GET /v2.0/extensions/dns-integration HTTP/1.1" status: 200 len: 371 time: 0.0038881
2026-06-02 13:31:42.682 10 INFO neutron.wsgi [None req-0e071981-fa94-4b6f-8eb9-a23a20dced08 0c30a91d923b4e87880f8dd9b0a1c882 8d6c285c4463467bafa338385d9d119f - - default default] 199.204.45.222 "GET /v2.0/extensions/qos HTTP/1.1" status: 200 len: 365 time: 0.0087976
2026-06-02 13:31:42.693 10 INFO neutron.wsgi [None req-b5a5b82e-c742-485b-af52-679481a2ea8c 0c30a91d923b4e87880f8dd9b0a1c882 8d6c285c4463467bafa338385d9d119f - - default default] 199.204.45.222 "GET /v2.0/extensions/allowed-address-pairs HTTP/1.1" status: 200 len: 383 time: 0.0043387
2026-06-02 13:31:42.735 10 INFO neutron.wsgi [None req-90bf17c4-b258-4a23-ad26-b0c38644f57a 0c30a91d923b4e87880f8dd9b0a1c882 8d6c285c4463467bafa338385d9d119f - - default default] 199.204.45.222 "GET /v2.0/subnets/ee09bc6f-da3a-466f-9f8f-4b176e0356ed HTTP/1.1" status: 200 len: 851 time: 0.0384862
2026-06-02 13:31:42.797 10 INFO neutron.wsgi [None req-c505a3c7-4e3c-4dc9-8b4a-1d5e6bfdf342 0c30a91d923b4e87880f8dd9b0a1c882 8d6c285c4463467bafa338385d9d119f - - default default] 199.204.45.222 "GET /v2.0/ports?device_id=81124438-4012-4302-8ddd-3be407109709 HTTP/1.1" status: 200 len: 1417 time: 0.0430613
2026-06-02 13:31:43.012 9 WARNING neutron.scheduler.dhcp_agent_scheduler [None req-4c0ed378-a79f-432e-91fd-c12538195ead 0c30a91d923b4e87880f8dd9b0a1c882 8d6c285c4463467bafa338385d9d119f - - default default] No more DHCP agents
2026-06-02 13:31:43.016 9 WARNING neutron.api.rpc.agentnotifiers.dhcp_rpc_agent_api [None req-4c0ed378-a79f-432e-91fd-c12538195ead 0c30a91d923b4e87880f8dd9b0a1c882 8d6c285c4463467bafa338385d9d119f - - default default] Unable to schedule network d3336c6d-238f-48fb-bd6f-42aff5bd8ae5: no agents available; will retry on subsequent port and subnet creation events.
2026-06-02 13:31:43.135 10 WARNING neutron.scheduler.dhcp_agent_scheduler [None req-6f2a10eb-49a8-46a8-83e1-507e1441d3aa 0c30a91d923b4e87880f8dd9b0a1c882 8d6c285c4463467bafa338385d9d119f - - default default] No more DHCP agents
2026-06-02 13:31:43.138 10 WARNING neutron.api.rpc.agentnotifiers.dhcp_rpc_agent_api [None req-6f2a10eb-49a8-46a8-83e1-507e1441d3aa 0c30a91d923b4e87880f8dd9b0a1c882 8d6c285c4463467bafa338385d9d119f - - default default] Unable to schedule network 3db8e99d-b124-457b-b2ba-e1bbe908ea4d: no agents available; will retry on subsequent port and subnet creation events.
2026-06-02 13:31:43.211 9 INFO neutron.db.ovn_revision_numbers_db [None req-4c0ed378-a79f-432e-91fd-c12538195ead 0c30a91d923b4e87880f8dd9b0a1c882 8d6c285c4463467bafa338385d9d119f - - default default] Successfully bumped revision number for resource 8ae30466-1811-4102-9444-ea96385666c4 (type: ports) to 1
2026-06-02 13:31:43.326 10 INFO neutron.db.ovn_revision_numbers_db [None req-6f2a10eb-49a8-46a8-83e1-507e1441d3aa 0c30a91d923b4e87880f8dd9b0a1c882 8d6c285c4463467bafa338385d9d119f - - default default] Successfully bumped revision number for resource 390c3968-4762-4619-b728-ce35789d0e0e (type: ports) to 1
2026-06-02 13:31:43.350 10 INFO neutron.wsgi [None req-6f2a10eb-49a8-46a8-83e1-507e1441d3aa 0c30a91d923b4e87880f8dd9b0a1c882 8d6c285c4463467bafa338385d9d119f - - default default] 199.204.45.222 "POST /v2.0/ports HTTP/1.1" status: 201 len: 1302 time: 0.5429313
2026-06-02 13:31:43.459 9 INFO neutron.wsgi [req-7fc3cb45-05b7-4cf7-964d-cd9d6b78b5a0 req-22777f98-8c41-4088-9468-b0a21f4bf65f 0c30a91d923b4e87880f8dd9b0a1c882 8d6c285c4463467bafa338385d9d119f - - default default] 10.0.0.94 "GET /v2.0/ports/390c3968-4762-4619-b728-ce35789d0e0e HTTP/1.1" status: 200 len: 1297 time: 0.0462735
2026-06-02 13:31:43.477 9 INFO neutron.wsgi [req-7fc3cb45-05b7-4cf7-964d-cd9d6b78b5a0 req-a3452535-65df-45ad-b11e-4c2867c708d2 0c30a91d923b4e87880f8dd9b0a1c882 8d6c285c4463467bafa338385d9d119f - - default default] 10.0.0.94 "GET /v2.0/extensions HTTP/1.1" status: 200 len: 16980 time: 0.0076904 /var/lib/openstack/lib/python3.10/site-packages/pycadf/identifier.py:71: UserWarning: Invalid uuid: neutron. To ensure interoperability, identifiers should be a valid uuid. warnings.warn(('Invalid uuid: %s. To ensure interoperability, '
2026-06-02 13:31:43.616 10 INFO neutron.wsgi [req-7fc3cb45-05b7-4cf7-964d-cd9d6b78b5a0 req-c8c7cd7f-3cb5-4934-abe7-dc3182203a3b 8596af14fa624fbe84c1c1079a39e02b 2532fc06c16c45308850faae1ec5dfbe - - 03d0fd4c68764324974e6546d0ac0307 03d0fd4c68764324974e6546d0ac0307] 199.204.45.222 "GET /v2.0/ports/390c3968-4762-4619-b728-ce35789d0e0e?fields=binding%3Avnic_type&fields=binding%3Aprofile&fields=network_id&fields=resource_request&fields=numa_affinity_policy&fields=device_profile HTTP/1.1" status: 200 len: 335 time: 0.0398867
2026-06-02 13:31:43.699 10 INFO neutron.wsgi [req-7fc3cb45-05b7-4cf7-964d-cd9d6b78b5a0 req-235d11dc-1220-4951-8942-35197d7a8fbb 8596af14fa624fbe84c1c1079a39e02b 2532fc06c16c45308850faae1ec5dfbe - - 03d0fd4c68764324974e6546d0ac0307 03d0fd4c68764324974e6546d0ac0307] 199.204.45.222 "GET /v2.0/networks/3db8e99d-b124-457b-b2ba-e1bbe908ea4d?fields=segments HTTP/1.1" status: 200 len: 212 time: 0.0774682
2026-06-02 13:31:43.780 10 INFO neutron.wsgi [req-7fc3cb45-05b7-4cf7-964d-cd9d6b78b5a0 req-a9489f2b-8392-4d81-aba9-e44a3d27d189 8596af14fa624fbe84c1c1079a39e02b 2532fc06c16c45308850faae1ec5dfbe - - 03d0fd4c68764324974e6546d0ac0307 03d0fd4c68764324974e6546d0ac0307] 199.204.45.222 "GET /v2.0/networks/3db8e99d-b124-457b-b2ba-e1bbe908ea4d?fields=provider%3Aphysical_network&fields=provider%3Anetwork_type HTTP/1.1" status: 200 len: 277 time: 0.0738313
2026-06-02 13:31:43.840 10 INFO neutron.wsgi [req-7fc3cb45-05b7-4cf7-964d-cd9d6b78b5a0 req-b2d3434b-9407-45a7-b36e-ed2e1d78e640 8596af14fa624fbe84c1c1079a39e02b 2532fc06c16c45308850faae1ec5dfbe - - 03d0fd4c68764324974e6546d0ac0307 03d0fd4c68764324974e6546d0ac0307] 199.204.45.222 "GET /v2.0/ports/390c3968-4762-4619-b728-ce35789d0e0e HTTP/1.1" status: 200 len: 1297 time: 0.0383208
2026-06-02 13:31:43.902 10 INFO neutron.wsgi [req-7fc3cb45-05b7-4cf7-964d-cd9d6b78b5a0 req-4504d1b1-d238-41ef-8c0d-d5456239d961 0c30a91d923b4e87880f8dd9b0a1c882 8d6c285c4463467bafa338385d9d119f - - default default] 199.204.45.222 "GET /v2.0/networks?id=3db8e99d-b124-457b-b2ba-e1bbe908ea4d HTTP/1.1" status: 200 len: 1003 time: 0.0562479
2026-06-02 13:31:44.163 10 INFO neutron.plugins.ml2.drivers.ovn.mech_driver.mech_driver [None req-fa7a0459-aa7f-4bb9-b037-665561982b0e - - - - - -] OVN reports status up for port: 8ae30466-1811-4102-9444-ea96385666c4
2026-06-02 13:31:44.173 10 INFO neutron.plugins.ml2.drivers.ovn.mech_driver.ovsdb.ovsdb_monitor [None req-9d4e2ef2-0040-4888-a444-a2d85e755add - - - - - -] Router c90e3b14-4a8f-4e92-8cd1-ea017e5af760 is bound to host instance
2026-06-02 13:31:44.178 10 INFO neutron.plugins.ml2.plugin [None req-fa7a0459-aa7f-4bb9-b037-665561982b0e - - - - - -] Attempt 1 to provision port 8ae30466-1811-4102-9444-ea96385666c4
2026-06-02 13:31:44.188 9 INFO neutron.db.ovn_revision_numbers_db [None req-4c0ed378-a79f-432e-91fd-c12538195ead 0c30a91d923b4e87880f8dd9b0a1c882 8d6c285c4463467bafa338385d9d119f - - default default] Successfully bumped revision number for resource 8ae30466-1811-4102-9444-ea96385666c4 (type: router_ports) to 1
2026-06-02 13:31:44.268 9 INFO neutron.db.ovn_revision_numbers_db [None req-4c0ed378-a79f-432e-91fd-c12538195ead 0c30a91d923b4e87880f8dd9b0a1c882 8d6c285c4463467bafa338385d9d119f - - default default] Successfully bumped revision number for resource c90e3b14-4a8f-4e92-8cd1-ea017e5af760 (type: routers) to 2
2026-06-02 13:31:44.283 9 INFO neutron.wsgi [None req-4c0ed378-a79f-432e-91fd-c12538195ead 0c30a91d923b4e87880f8dd9b0a1c882 8d6c285c4463467bafa338385d9d119f - - default default] 10.0.0.158 "POST /v2.0/routers HTTP/1.1" status: 201 len: 873 time: 1.7798028
2026-06-02 13:31:44.465 10 INFO neutron.db.ovn_revision_numbers_db [req-7fc3cb45-05b7-4cf7-964d-cd9d6b78b5a0 req-c863d094-db76-4bfd-a7d2-4862ed0d6dcc 8596af14fa624fbe84c1c1079a39e02b 2532fc06c16c45308850faae1ec5dfbe - - 03d0fd4c68764324974e6546d0ac0307 03d0fd4c68764324974e6546d0ac0307] Successfully bumped revision number for resource 390c3968-4762-4619-b728-ce35789d0e0e (type: ports) to 2
2026-06-02 13:31:44.773 10 INFO neutron.db.ovn_revision_numbers_db [req-7fc3cb45-05b7-4cf7-964d-cd9d6b78b5a0 req-c863d094-db76-4bfd-a7d2-4862ed0d6dcc 8596af14fa624fbe84c1c1079a39e02b 2532fc06c16c45308850faae1ec5dfbe - - 03d0fd4c68764324974e6546d0ac0307 03d0fd4c68764324974e6546d0ac0307] Successfully bumped revision number for resource 390c3968-4762-4619-b728-ce35789d0e0e (type: ports) to 2
2026-06-02 13:31:44.777 9 WARNING neutron.scheduler.dhcp_agent_scheduler [None req-0343eb92-60ae-426b-9c58-1e3a1633a65b 0c30a91d923b4e87880f8dd9b0a1c882 8d6c285c4463467bafa338385d9d119f - - default default] No more DHCP agents
2026-06-02 13:31:44.780 9 WARNING neutron.api.rpc.agentnotifiers.dhcp_rpc_agent_api [None req-0343eb92-60ae-426b-9c58-1e3a1633a65b 0c30a91d923b4e87880f8dd9b0a1c882 8d6c285c4463467bafa338385d9d119f - - default default] Unable to schedule network 7eb85e2b-5d62-4074-8d33-172f1dd74fe9: no agents available; will retry on subsequent port and subnet creation events.
2026-06-02 13:31:44.793 10 INFO neutron.wsgi [req-7fc3cb45-05b7-4cf7-964d-cd9d6b78b5a0 req-c863d094-db76-4bfd-a7d2-4862ed0d6dcc 8596af14fa624fbe84c1c1079a39e02b 2532fc06c16c45308850faae1ec5dfbe - - 03d0fd4c68764324974e6546d0ac0307 03d0fd4c68764324974e6546d0ac0307] 199.204.45.222 "PUT /v2.0/ports/390c3968-4762-4619-b728-ce35789d0e0e HTTP/1.1" status: 200 len: 1428 time: 0.8813620
2026-06-02 13:31:44.838 10 INFO neutron.notifiers.nova [-] Nova event matching ['req-2260a5cf-ecef-4d05-aeaf-08cb5c07e79c'] response: {'name': 'network-changed', 'server_uuid': '81124438-4012-4302-8ddd-3be407109709', 'tag': '390c3968-4762-4619-b728-ce35789d0e0e', 'status': 'completed', 'code': 200} /var/lib/openstack/lib/python3.10/site-packages/pycadf/identifier.py:71: UserWarning: Invalid uuid: neutron. To ensure interoperability, identifiers should be a valid uuid. warnings.warn(('Invalid uuid: %s. To ensure interoperability, '
2026-06-02 13:31:44.882 10 INFO neutron.db.ovn_revision_numbers_db [None req-9d4e2ef2-0040-4888-a444-a2d85e755add - - - - - -] Successfully bumped revision number for resource 8ae30466-1811-4102-9444-ea96385666c4 (type: ports) to 1
2026-06-02 13:31:44.891 10 INFO neutron.wsgi [req-7fc3cb45-05b7-4cf7-964d-cd9d6b78b5a0 req-00098f96-cfdf-4c50-9c1a-da16ce3e9670 8596af14fa624fbe84c1c1079a39e02b 2532fc06c16c45308850faae1ec5dfbe - - 03d0fd4c68764324974e6546d0ac0307 03d0fd4c68764324974e6546d0ac0307] 199.204.45.222 "GET /v2.0/ports?tenant_id=8d6c285c4463467bafa338385d9d119f&device_id=81124438-4012-4302-8ddd-3be407109709 HTTP/1.1" status: 200 len: 2665 time: 0.0519044
2026-06-02 13:31:44.934 10 INFO neutron.wsgi [req-7fc3cb45-05b7-4cf7-964d-cd9d6b78b5a0 req-625f2449-7449-4fc1-8658-0902256a4775 8596af14fa624fbe84c1c1079a39e02b 2532fc06c16c45308850faae1ec5dfbe - - 03d0fd4c68764324974e6546d0ac0307 03d0fd4c68764324974e6546d0ac0307] 199.204.45.222 "GET /v2.0/floatingips?fixed_ip_address=172.24.1.245&port_id=df0515bc-55a2-494c-9b01-8d6527aa764f HTTP/1.1" status: 200 len: 217 time: 0.0327802
2026-06-02 13:31:44.955 9 INFO neutron.db.ovn_revision_numbers_db [None req-0343eb92-60ae-426b-9c58-1e3a1633a65b 0c30a91d923b4e87880f8dd9b0a1c882 8d6c285c4463467bafa338385d9d119f - - default default] Successfully bumped revision number for resource 60aa85f7-b4df-45b7-8efc-47b6c7ca8afa (type: ports) to 1
2026-06-02 13:31:44.983 10 INFO neutron.wsgi [req-7fc3cb45-05b7-4cf7-964d-cd9d6b78b5a0 req-fc7a2aed-de36-4a3b-b2ff-eba2710263d4 8596af14fa624fbe84c1c1079a39e02b 2532fc06c16c45308850faae1ec5dfbe - - 03d0fd4c68764324974e6546d0ac0307 03d0fd4c68764324974e6546d0ac0307] 199.204.45.222 "GET /v2.0/subnets?id=356397f8-e926-4c28-bf0c-3b9f7d552604 HTTP/1.1" status: 200 len: 829 time: 0.0411406
2026-06-02 13:31:45.010 10 INFO neutron.wsgi [req-7fc3cb45-05b7-4cf7-964d-cd9d6b78b5a0 req-f534f4bd-a0d3-4466-9023-6b91306e1a2c 8596af14fa624fbe84c1c1079a39e02b 2532fc06c16c45308850faae1ec5dfbe - - 03d0fd4c68764324974e6546d0ac0307 03d0fd4c68764324974e6546d0ac0307] 199.204.45.222 "GET /v2.0/ports?network_id=ab4f2344-1006-420f-bf16-14a329aff7f1&device_owner=network%3Adhcp HTTP/1.1" status: 200 len: 210 time: 0.0221546
2026-06-02 13:31:45.135 10 INFO neutron.wsgi [req-7fc3cb45-05b7-4cf7-964d-cd9d6b78b5a0 req-1f8a3e5f-49c0-4344-9423-e99b5d738055 8596af14fa624fbe84c1c1079a39e02b 2532fc06c16c45308850faae1ec5dfbe - - 03d0fd4c68764324974e6546d0ac0307 03d0fd4c68764324974e6546d0ac0307] 199.204.45.222 "GET /v2.0/networks/ab4f2344-1006-420f-bf16-14a329aff7f1?fields=segments HTTP/1.1" status: 200 len: 212 time: 0.1159766
2026-06-02 13:31:45.223 10 INFO neutron.wsgi [req-7fc3cb45-05b7-4cf7-964d-cd9d6b78b5a0 req-1ff96f80-f885-49a0-b68d-0c9f4605438b 8596af14fa624fbe84c1c1079a39e02b 2532fc06c16c45308850faae1ec5dfbe - - 03d0fd4c68764324974e6546d0ac0307 03d0fd4c68764324974e6546d0ac0307] 199.204.45.222 "GET /v2.0/networks/ab4f2344-1006-420f-bf16-14a329aff7f1?fields=provider%3Aphysical_network&fields=provider%3Anetwork_type HTTP/1.1" status: 200 len: 277 time: 0.0818839
2026-06-02 13:31:45.264 10 INFO neutron.wsgi [req-7fc3cb45-05b7-4cf7-964d-cd9d6b78b5a0 req-36502156-0554-4e7e-83c8-291bac5b33f7 8596af14fa624fbe84c1c1079a39e02b 2532fc06c16c45308850faae1ec5dfbe - - 03d0fd4c68764324974e6546d0ac0307 03d0fd4c68764324974e6546d0ac0307] 199.204.45.222 "GET /v2.0/floatingips?fixed_ip_address=10.1.1.186&port_id=390c3968-4762-4619-b728-ce35789d0e0e HTTP/1.1" status: 200 len: 217 time: 0.0334976
2026-06-02 13:31:45.391 9 INFO neutron.plugins.ml2.drivers.ovn.mech_driver.mech_driver [None req-a75d0197-3311-46b9-a8ae-5e5b60bac344 - - - - - -] OVN reports status up for port: 60aa85f7-b4df-45b7-8efc-47b6c7ca8afa
2026-06-02 13:31:45.400 9 INFO neutron.plugins.ml2.plugin [None req-a75d0197-3311-46b9-a8ae-5e5b60bac344 - - - - - -] Attempt 1 to provision port 60aa85f7-b4df-45b7-8efc-47b6c7ca8afa
2026-06-02 13:31:45.422 9 INFO neutron.db.ovn_revision_numbers_db [None req-0343eb92-60ae-426b-9c58-1e3a1633a65b 0c30a91d923b4e87880f8dd9b0a1c882 8d6c285c4463467bafa338385d9d119f - - default default] Successfully bumped revision number for resource 60aa85f7-b4df-45b7-8efc-47b6c7ca8afa (type: router_ports) to 1
2026-06-02 13:31:45.627 9 INFO neutron.db.ovn_revision_numbers_db [None req-0343eb92-60ae-426b-9c58-1e3a1633a65b 0c30a91d923b4e87880f8dd9b0a1c882 8d6c285c4463467bafa338385d9d119f - - default default] Successfully bumped revision number for resource 60aa85f7-b4df-45b7-8efc-47b6c7ca8afa (type: ports) to 1
2026-06-02 13:31:45.645 10 INFO neutron.wsgi [req-7fc3cb45-05b7-4cf7-964d-cd9d6b78b5a0 req-bd96d3c5-7cca-4ceb-986a-c4853a1500e6 8596af14fa624fbe84c1c1079a39e02b 2532fc06c16c45308850faae1ec5dfbe - - 03d0fd4c68764324974e6546d0ac0307 03d0fd4c68764324974e6546d0ac0307] 199.204.45.222 "GET /v2.0/subnets?id=ee09bc6f-da3a-466f-9f8f-4b176e0356ed HTTP/1.1" status: 200 len: 854 time: 0.3693759
2026-06-02 13:31:45.650 10 INFO neutron.db.ovn_revision_numbers_db [None req-9d4e2ef2-0040-4888-a444-a2d85e755add - - - - - -] Successfully bumped revision number for resource 8ae30466-1811-4102-9444-ea96385666c4 (type: router_ports) to 3
2026-06-02 13:31:45.679 10 INFO neutron.wsgi [req-7fc3cb45-05b7-4cf7-964d-cd9d6b78b5a0 req-a402fa08-2d16-4809-b811-79c87266dfe2 8596af14fa624fbe84c1c1079a39e02b 2532fc06c16c45308850faae1ec5dfbe - - 03d0fd4c68764324974e6546d0ac0307 03d0fd4c68764324974e6546d0ac0307] 199.204.45.222 "GET /v2.0/ports?network_id=3db8e99d-b124-457b-b2ba-e1bbe908ea4d&device_owner=network%3Adhcp HTTP/1.1" status: 200 len: 210 time: 0.0266047
2026-06-02 13:31:45.735 9 WARNING neutron.scheduler.dhcp_agent_scheduler [None req-0343eb92-60ae-426b-9c58-1e3a1633a65b 0c30a91d923b4e87880f8dd9b0a1c882 8d6c285c4463467bafa338385d9d119f - - default default] No more DHCP agents
2026-06-02 13:31:45.737 9 WARNING neutron.api.rpc.agentnotifiers.dhcp_rpc_agent_api [None req-0343eb92-60ae-426b-9c58-1e3a1633a65b 0c30a91d923b4e87880f8dd9b0a1c882 8d6c285c4463467bafa338385d9d119f - - default default] Unable to schedule network 7eb85e2b-5d62-4074-8d33-172f1dd74fe9: no agents available; will retry on subsequent port and subnet creation events.
2026-06-02 13:31:45.753 9 INFO neutron.db.ovn_revision_numbers_db [None req-a75d0197-3311-46b9-a8ae-5e5b60bac344 - - - - - -] Successfully bumped revision number for resource 60aa85f7-b4df-45b7-8efc-47b6c7ca8afa (type: ports) to 2
2026-06-02 13:31:45.767 10 INFO neutron.wsgi [req-7fc3cb45-05b7-4cf7-964d-cd9d6b78b5a0 req-7cea3976-e280-44f3-a649-d02192fbe85a 8596af14fa624fbe84c1c1079a39e02b 2532fc06c16c45308850faae1ec5dfbe - - 03d0fd4c68764324974e6546d0ac0307 03d0fd4c68764324974e6546d0ac0307] 199.204.45.222 "GET /v2.0/networks/3db8e99d-b124-457b-b2ba-e1bbe908ea4d?fields=segments HTTP/1.1" status: 200 len: 212 time: 0.0798733
2026-06-02 13:31:45.863 10 INFO neutron.wsgi [req-7fc3cb45-05b7-4cf7-964d-cd9d6b78b5a0 req-ad77d095-a5e3-487d-95ce-31421c6d472b 8596af14fa624fbe84c1c1079a39e02b 2532fc06c16c45308850faae1ec5dfbe - - 03d0fd4c68764324974e6546d0ac0307 03d0fd4c68764324974e6546d0ac0307] 199.204.45.222 "GET /v2.0/networks/3db8e99d-b124-457b-b2ba-e1bbe908ea4d?fields=provider%3Aphysical_network&fields=provider%3Anetwork_type HTTP/1.1" status: 200 len: 277 time: 0.0877900
2026-06-02 13:31:45.877 10 INFO neutron.db.ovn_revision_numbers_db [None req-9d4e2ef2-0040-4888-a444-a2d85e755add - - - - - -] Successfully bumped revision number for resource 8ae30466-1811-4102-9444-ea96385666c4 (type: ports) to 2
2026-06-02 13:31:45.891 9 INFO neutron.db.ovn_revision_numbers_db [None req-a75d0197-3311-46b9-a8ae-5e5b60bac344 - - - - - -] Successfully bumped revision number for resource 60aa85f7-b4df-45b7-8efc-47b6c7ca8afa (type: router_ports) to 2
2026-06-02 13:31:45.976 10 INFO neutron.wsgi [req-cd562256-dedb-4e5a-b32e-4a515c9d7c7c req-9900d7aa-3e73-4a33-a8d1-a99a794d7287 8596af14fa624fbe84c1c1079a39e02b 2532fc06c16c45308850faae1ec5dfbe - - 03d0fd4c68764324974e6546d0ac0307 03d0fd4c68764324974e6546d0ac0307] 199.204.45.222 "GET /v2.0/ports?tenant_id=8d6c285c4463467bafa338385d9d119f&device_id=81124438-4012-4302-8ddd-3be407109709 HTTP/1.1" status: 200 len: 2665 time: 0.0561838
2026-06-02 13:31:46.087 10 INFO neutron.wsgi [req-cd562256-dedb-4e5a-b32e-4a515c9d7c7c req-f074217f-ea60-4c2e-b9f3-c1733826d9dd 8596af14fa624fbe84c1c1079a39e02b 2532fc06c16c45308850faae1ec5dfbe - - 03d0fd4c68764324974e6546d0ac0307 03d0fd4c68764324974e6546d0ac0307] 199.204.45.222 "GET /v2.0/networks?id=3db8e99d-b124-457b-b2ba-e1bbe908ea4d HTTP/1.1" status: 200 len: 1003 time: 0.1001854
2026-06-02 13:31:46.121 10 INFO neutron.wsgi [req-cd562256-dedb-4e5a-b32e-4a515c9d7c7c req-2526e047-1f31-4917-8287-13ce988dbd5a 8596af14fa624fbe84c1c1079a39e02b 2532fc06c16c45308850faae1ec5dfbe - - 03d0fd4c68764324974e6546d0ac0307 03d0fd4c68764324974e6546d0ac0307] 199.204.45.222 "GET /v2.0/floatingips?fixed_ip_address=10.1.1.186&port_id=390c3968-4762-4619-b728-ce35789d0e0e HTTP/1.1" status: 200 len: 217 time: 0.0240667
2026-06-02 13:31:46.182 10 INFO neutron.wsgi [req-cd562256-dedb-4e5a-b32e-4a515c9d7c7c req-e4f20bf8-1340-4eb5-b4f5-9cd3b612e463 8596af14fa624fbe84c1c1079a39e02b 2532fc06c16c45308850faae1ec5dfbe - - 03d0fd4c68764324974e6546d0ac0307 03d0fd4c68764324974e6546d0ac0307] 199.204.45.222 "GET /v2.0/subnets?id=ee09bc6f-da3a-466f-9f8f-4b176e0356ed HTTP/1.1" status: 200 len: 854 time: 0.0529103
2026-06-02 13:31:46.193 9 INFO neutron.wsgi [req-7fc3cb45-05b7-4cf7-964d-cd9d6b78b5a0 req-8b1d4352-94ce-4a27-866c-0351b8b4e725 0c30a91d923b4e87880f8dd9b0a1c882 8d6c285c4463467bafa338385d9d119f - - default default] 10.0.0.94 "GET /v2.0/ports/390c3968-4762-4619-b728-ce35789d0e0e HTTP/1.1" status: 200 len: 1456 time: 0.0565536
2026-06-02 13:31:46.226 10 INFO neutron.wsgi [req-cd562256-dedb-4e5a-b32e-4a515c9d7c7c req-732b570e-ca6d-4402-9f9a-894601da47be 8596af14fa624fbe84c1c1079a39e02b 2532fc06c16c45308850faae1ec5dfbe - - 03d0fd4c68764324974e6546d0ac0307 03d0fd4c68764324974e6546d0ac0307] 199.204.45.222 "GET /v2.0/ports?network_id=3db8e99d-b124-457b-b2ba-e1bbe908ea4d&device_owner=network%3Adhcp HTTP/1.1" status: 200 len: 210 time: 0.0342648
2026-06-02 13:31:46.310 10 INFO neutron.db.ovn_revision_numbers_db [None req-9d4e2ef2-0040-4888-a444-a2d85e755add - - - - - -] Successfully bumped revision number for resource 8ae30466-1811-4102-9444-ea96385666c4 (type: ports) to 4
2026-06-02 13:31:46.325 10 INFO neutron.wsgi [req-cd562256-dedb-4e5a-b32e-4a515c9d7c7c req-b38b8425-2fdf-41e6-b721-489a3e01e0db 8596af14fa624fbe84c1c1079a39e02b 2532fc06c16c45308850faae1ec5dfbe - - 03d0fd4c68764324974e6546d0ac0307 03d0fd4c68764324974e6546d0ac0307] 199.204.45.222 "GET /v2.0/networks/3db8e99d-b124-457b-b2ba-e1bbe908ea4d?fields=segments HTTP/1.1" status: 200 len: 212 time: 0.0909021
2026-06-02 13:31:46.492 10 INFO neutron.wsgi [req-cd562256-dedb-4e5a-b32e-4a515c9d7c7c req-3de082ee-3969-419f-906c-8dc120e02864 8596af14fa624fbe84c1c1079a39e02b 2532fc06c16c45308850faae1ec5dfbe - - 03d0fd4c68764324974e6546d0ac0307 03d0fd4c68764324974e6546d0ac0307] 199.204.45.222 "GET /v2.0/networks/3db8e99d-b124-457b-b2ba-e1bbe908ea4d?fields=provider%3Aphysical_network&fields=provider%3Anetwork_type HTTP/1.1" status: 200 len: 277 time: 0.1590292
2026-06-02 13:31:46.682 10 INFO neutron.db.ovn_revision_numbers_db [None req-9d4e2ef2-0040-4888-a444-a2d85e755add - - - - - -] Successfully bumped revision number for resource 8ae30466-1811-4102-9444-ea96385666c4 (type: router_ports) to 4
2026-06-02 13:31:46.783 10 INFO neutron.db.ovn_revision_numbers_db [None req-d65e93ce-5440-4de8-88ab-740d0e0c1841 0c30a91d923b4e87880f8dd9b0a1c882 8d6c285c4463467bafa338385d9d119f - - default default] Successfully bumped revision number for resource 390c3968-4762-4619-b728-ce35789d0e0e (type: ports) to 4
2026-06-02 13:31:46.803 10 INFO neutron.wsgi [None req-d65e93ce-5440-4de8-88ab-740d0e0c1841 0c30a91d923b4e87880f8dd9b0a1c882 8d6c285c4463467bafa338385d9d119f - - default default] 199.204.45.222 "PUT /v2.0/ports/390c3968-4762-4619-b728-ce35789d0e0e HTTP/1.1" status: 200 len: 1488 time: 0.5906155 /var/lib/openstack/lib/python3.10/site-packages/pycadf/identifier.py:71: UserWarning: Invalid uuid: neutron. To ensure interoperability, identifiers should be a valid uuid. warnings.warn(('Invalid uuid: %s. To ensure interoperability, '
2026-06-02 13:31:46.815 10 INFO neutron.api.v2.resource [None req-42a6eff7-d901-4dc2-b21e-bde96f720b59 0c30a91d923b4e87880f8dd9b0a1c882 8d6c285c4463467bafa338385d9d119f - - default default] show failed (client error): The resource could not be found.
2026-06-02 13:31:46.817 10 INFO neutron.wsgi [None req-42a6eff7-d901-4dc2-b21e-bde96f720b59 0c30a91d923b4e87880f8dd9b0a1c882 8d6c285c4463467bafa338385d9d119f - - default default] 199.204.45.222 "GET /v2.0/security-groups/lb-baf53a19-7ca4-43b6-98fe-41176b34d3ff HTTP/1.1" status: 404 len: 355 time: 0.0097358
2026-06-02 13:31:46.855 9 INFO neutron.db.ovn_revision_numbers_db [None req-0343eb92-60ae-426b-9c58-1e3a1633a65b 0c30a91d923b4e87880f8dd9b0a1c882 8d6c285c4463467bafa338385d9d119f - - default default] Successfully bumped revision number for resource 60aa85f7-b4df-45b7-8efc-47b6c7ca8afa (type: router_ports) to 2
2026-06-02 13:31:46.859 9 INFO neutron.wsgi [None req-0343eb92-60ae-426b-9c58-1e3a1633a65b 0c30a91d923b4e87880f8dd9b0a1c882 8d6c285c4463467bafa338385d9d119f - - default default] 10.0.0.158 "PUT /v2.0/routers/c90e3b14-4a8f-4e92-8cd1-ea017e5af760/add_router_interface HTTP/1.1" status: 200 len: 503 time: 2.5702760
2026-06-02 13:31:46.872 10 INFO neutron.wsgi [None req-6ba5a9b3-2a0a-45a4-8b74-641f0dd5ad5b 0c30a91d923b4e87880f8dd9b0a1c882 8d6c285c4463467bafa338385d9d119f - - default default] 199.204.45.222 "GET /v2.0/security-groups?name=lb-baf53a19-7ca4-43b6-98fe-41176b34d3ff HTTP/1.1" status: 200 len: 1775 time: 0.0518498
