2026-06-02 13:29:04.545 9 WARNING neutron.api.rpc.agentnotifiers.dhcp_rpc_agent_api [None req-7ccabd01-5726-4fea-9259-92942007b3ae 0c30a91d923b4e87880f8dd9b0a1c882 8d6c285c4463467bafa338385d9d119f - - default default] Unable to schedule network 41b11c51-89a4-4cd9-b1eb-149962c338de: no agents available; will retry on subsequent port and subnet creation events.
2026-06-02 13:29:04.652 10 INFO neutron.services.segments.plugin [-] Segment 083eb3c4-0a20-4528-82f1-47af3debfe93 resource provider aggregate not found
2026-06-02 13:29:04.657 10 INFO neutron.services.segments.plugin [-] Segment 083eb3c4-0a20-4528-82f1-47af3debfe93 resource provider aggregate not found
2026-06-02 13:29:04.677 10 INFO neutron.services.segments.plugin [-] Segment 083eb3c4-0a20-4528-82f1-47af3debfe93 resource provider not found; error: Placement Client Error (4xx): {"errors": [{"status": 404, "title": "Not Found", "detail": "The resource could not be found.\n\n No resource provider with uuid 083eb3c4-0a20-4528-82f1-47af3debfe93 found for delete ", "request_id": "req-737139e1-7e04-4331-b79f-1d6159bd139c"}]}
2026-06-02 13:29:04.679 10 INFO neutron.services.segments.plugin [-] Segment 083eb3c4-0a20-4528-82f1-47af3debfe93 resource provider not found; error: Placement Client Error (4xx): {"errors": [{"status": 404, "title": "Not Found", "detail": "The resource could not be found.\n\n No resource provider with uuid 083eb3c4-0a20-4528-82f1-47af3debfe93 found for delete ", "request_id": "req-290b6cb7-7e72-4b3c-afe8-4edc88e6566f"}]}
2026-06-02 13:29:04.797 10 INFO neutron.db.l3_db [None req-b24fa5e7-6698-46f6-83cc-908e517bf2ad 140991e665e64e35b6cae4611fd5118e 729282fbaba74ebcbef27ce0b996f8b5 - - default default] Floating IP e64e2bf5-7c83-4ea9-a2f0-c0d42c20b006 associated. External IP: 10.96.250.209, port: ab0590a5-cd0a-43f9-9693-3d4490ac3339.
2026-06-02 13:29:04.855 9 INFO neutron.wsgi [req-6fa6b3c4-36cc-47e1-82a2-ded1b6f8a36c req-5e82198a-7560-4a58-a7bc-a0cfc3652073 eac910f3d20d400b9eeb857f77a7dbb3 52a63e6054c5459ea7af78ecf96c9580 - - default default] 10.0.0.94 "GET /v2.0/ports?device_id=beb41413-a6da-4dda-8f22-2e43bf2c052f HTTP/1.1" status: 200 len: 1168 time: 0.1234083
2026-06-02 13:29:04.938 9 INFO neutron.wsgi [req-6fa6b3c4-36cc-47e1-82a2-ded1b6f8a36c req-a69cb23b-6e7c-40c9-b40f-8a60ff18a5f0 eac910f3d20d400b9eeb857f77a7dbb3 52a63e6054c5459ea7af78ecf96c9580 - - default default] 10.0.0.94 "GET /v2.0/security-groups?id=a30eb6cc-3aa2-403d-a8e3-cd995de6e78d&fields=id&fields=name HTTP/1.1" status: 200 len: 312 time: 0.0698743
2026-06-02 13:29:05.025 10 INFO neutron.db.ovn_revision_numbers_db [None req-b24fa5e7-6698-46f6-83cc-908e517bf2ad 140991e665e64e35b6cae4611fd5118e 729282fbaba74ebcbef27ce0b996f8b5 - - default default] Successfully bumped revision number for resource e64e2bf5-7c83-4ea9-a2f0-c0d42c20b006 (type: floatingips) to 0
2026-06-02 13:29:05.117 9 INFO neutron.db.ovn_revision_numbers_db [None req-7ccabd01-5726-4fea-9259-92942007b3ae 0c30a91d923b4e87880f8dd9b0a1c882 8d6c285c4463467bafa338385d9d119f - - default default] Successfully bumped revision number for resource d2fa88c8-7240-444f-8134-a31c25378cd4 (type: ports) to 2
2026-06-02 13:29:05.147 10 INFO neutron.db.ovn_revision_numbers_db [None req-b24fa5e7-6698-46f6-83cc-908e517bf2ad 140991e665e64e35b6cae4611fd5118e 729282fbaba74ebcbef27ce0b996f8b5 - - default default] Successfully bumped revision number for resource e64e2bf5-7c83-4ea9-a2f0-c0d42c20b006 (type: floatingips) to 1
2026-06-02 13:29:05.153 9 INFO neutron.db.ovn_revision_numbers_db [None req-7ccabd01-5726-4fea-9259-92942007b3ae 0c30a91d923b4e87880f8dd9b0a1c882 8d6c285c4463467bafa338385d9d119f - - default default] Successfully bumped revision number for resource 50e51803-761c-4202-bbfd-e10ffa076227 (type: subnets) to 0
2026-06-02 13:29:05.170 9 INFO neutron.wsgi [None req-7ccabd01-5726-4fea-9259-92942007b3ae 0c30a91d923b4e87880f8dd9b0a1c882 8d6c285c4463467bafa338385d9d119f - - default default] 10.0.0.158 "POST /v2.0/subnets HTTP/1.1" status: 201 len: 865 time: 0.8071537
2026-06-02 13:29:05.189 10 INFO neutron.wsgi [None req-b24fa5e7-6698-46f6-83cc-908e517bf2ad 140991e665e64e35b6cae4611fd5118e 729282fbaba74ebcbef27ce0b996f8b5 - - default default] 10.0.0.158 "POST /v2.0/floatingips HTTP/1.1" status: 201 len: 1041 time: 1.6170855
2026-06-02 13:29:05.356 10 INFO neutron.db.l3_db [None req-9f7ea542-64fd-47c7-ba64-e1cfc167b396 140991e665e64e35b6cae4611fd5118e 729282fbaba74ebcbef27ce0b996f8b5 - - default default] Floating IP e64e2bf5-7c83-4ea9-a2f0-c0d42c20b006 disassociated. External IP: 10.96.250.209, port: ab0590a5-cd0a-43f9-9693-3d4490ac3339.
2026-06-02 13:29:05.400 10 INFO neutron.db.ovn_revision_numbers_db [None req-9f7ea542-64fd-47c7-ba64-e1cfc167b396 140991e665e64e35b6cae4611fd5118e 729282fbaba74ebcbef27ce0b996f8b5 - - default default] Successfully bumped revision number for resource e64e2bf5-7c83-4ea9-a2f0-c0d42c20b006 (type: floatingips) to 2
2026-06-02 13:29:05.474 10 INFO neutron.wsgi [None req-9f7ea542-64fd-47c7-ba64-e1cfc167b396 140991e665e64e35b6cae4611fd5118e 729282fbaba74ebcbef27ce0b996f8b5 - - default default] 10.0.0.158 "PUT /v2.0/floatingips/e64e2bf5-7c83-4ea9-a2f0-c0d42c20b006 HTTP/1.1" status: 200 len: 748 time: 0.2798274
2026-06-02 13:29:05.835 10 INFO neutron.wsgi [None req-9644893c-c3a2-458d-ad47-7dfbeae1bd7c 140991e665e64e35b6cae4611fd5118e 729282fbaba74ebcbef27ce0b996f8b5 - - default default] 10.0.0.158 "DELETE /v2.0/floatingips/e64e2bf5-7c83-4ea9-a2f0-c0d42c20b006 HTTP/1.1" status: 204 len: 168 time: 0.3527608
2026-06-02 13:29:05.851 9 WARNING neutron_lib.context [None req-5c472179-3b21-425e-9be3-1b5a54a90a19 140991e665e64e35b6cae4611fd5118e 729282fbaba74ebcbef27ce0b996f8b5 - - default default] Method 'is_advsvc' is deprecated since 2023.2 release (neutron-lib 3.8.0) and will be removed once support for the old RBAC API policies will be removed from Neutron. Please use method 'is_service_role' instead.
2026-06-02 13:29:05.958 10 WARNING neutron_lib.context [None req-9a3fa110-b837-42db-a344-ce6b04bb44ce e288e4799de747df82fc2c14faa1a096 be7e3042e369488fb8b30e084a6d1efb - - default default] Method 'is_advsvc' is deprecated since 2023.2 release (neutron-lib 3.8.0) and will be removed once support for the old RBAC API policies will be removed from Neutron. Please use method 'is_service_role' instead.
2026-06-02 13:29:06.028 9 WARNING neutron.scheduler.dhcp_agent_scheduler [None req-852eb66a-01b4-47f3-bb27-d285fce0aa88 0c30a91d923b4e87880f8dd9b0a1c882 8d6c285c4463467bafa338385d9d119f - - default default] No more DHCP agents
2026-06-02 13:29:06.038 9 WARNING neutron.api.rpc.agentnotifiers.dhcp_rpc_agent_api [None req-852eb66a-01b4-47f3-bb27-d285fce0aa88 0c30a91d923b4e87880f8dd9b0a1c882 8d6c285c4463467bafa338385d9d119f - - default default] Unable to schedule network d3336c6d-238f-48fb-bd6f-42aff5bd8ae5: no agents available; will retry on subsequent port and subnet creation events.
2026-06-02 13:29:06.070 9 INFO neutron.wsgi [req-11641a51-b128-4358-acd3-739cce517a72 req-de4e2eb5-368d-4269-9aa6-ece5a7f7e9e8 eac910f3d20d400b9eeb857f77a7dbb3 52a63e6054c5459ea7af78ecf96c9580 - - default default] 10.0.0.94 "GET /v2.0/ports?device_id=beb41413-a6da-4dda-8f22-2e43bf2c052f HTTP/1.1" status: 200 len: 1168 time: 0.0580778
2026-06-02 13:29:06.109 10 INFO neutron.db.ovn_revision_numbers_db [None req-9a3fa110-b837-42db-a344-ce6b04bb44ce e288e4799de747df82fc2c14faa1a096 be7e3042e369488fb8b30e084a6d1efb - - default default] Successfully bumped revision number for resource 91a67731-ac82-491a-8751-e7315cebb079 (type: security_groups) to 1
2026-06-02 13:29:06.123 10 INFO neutron.db.ovn_revision_numbers_db [None req-9a3fa110-b837-42db-a344-ce6b04bb44ce e288e4799de747df82fc2c14faa1a096 be7e3042e369488fb8b30e084a6d1efb - - default default] Successfully bumped revision number for resource 530b1435-2e90-426c-bc51-21ce5169bfb0 (type: security_group_rules) to 0
2026-06-02 13:29:06.137 10 INFO neutron.db.ovn_revision_numbers_db [None req-9a3fa110-b837-42db-a344-ce6b04bb44ce e288e4799de747df82fc2c14faa1a096 be7e3042e369488fb8b30e084a6d1efb - - default default] Successfully bumped revision number for resource 679ab9a7-f991-4cae-9831-5c063659053b (type: security_group_rules) to 0
2026-06-02 13:29:06.153 10 INFO neutron.db.ovn_revision_numbers_db [None req-9a3fa110-b837-42db-a344-ce6b04bb44ce e288e4799de747df82fc2c14faa1a096 be7e3042e369488fb8b30e084a6d1efb - - default default] Successfully bumped revision number for resource 94f7b541-9f7b-44e5-a283-b2d4e779feef (type: security_group_rules) to 0
2026-06-02 13:29:06.155 9 INFO neutron.wsgi [req-11641a51-b128-4358-acd3-739cce517a72 req-77a63c4e-e4d0-47fb-9cc0-0d2526f1903b eac910f3d20d400b9eeb857f77a7dbb3 52a63e6054c5459ea7af78ecf96c9580 - - default default] 10.0.0.94 "GET /v2.0/security-groups?id=a30eb6cc-3aa2-403d-a8e3-cd995de6e78d&fields=id&fields=name HTTP/1.1" status: 200 len: 312 time: 0.0765638
2026-06-02 13:29:06.171 10 INFO neutron.db.ovn_revision_numbers_db [None req-9a3fa110-b837-42db-a344-ce6b04bb44ce e288e4799de747df82fc2c14faa1a096 be7e3042e369488fb8b30e084a6d1efb - - default default] Successfully bumped revision number for resource afb1952b-4a62-439d-8ed8-d41fe9b38c45 (type: security_group_rules) to 0
2026-06-02 13:29:06.252 9 WARNING neutron.scheduler.dhcp_agent_scheduler [None req-5c472179-3b21-425e-9be3-1b5a54a90a19 140991e665e64e35b6cae4611fd5118e 729282fbaba74ebcbef27ce0b996f8b5 - - default default] No more DHCP agents
2026-06-02 13:29:06.262 9 WARNING neutron.api.rpc.agentnotifiers.dhcp_rpc_agent_api [None req-5c472179-3b21-425e-9be3-1b5a54a90a19 140991e665e64e35b6cae4611fd5118e 729282fbaba74ebcbef27ce0b996f8b5 - - default default] Unable to schedule network d3336c6d-238f-48fb-bd6f-42aff5bd8ae5: no agents available; will retry on subsequent port and subnet creation events.
2026-06-02 13:29:06.279 10 INFO neutron.db.ovn_revision_numbers_db [None req-9a3fa110-b837-42db-a344-ce6b04bb44ce e288e4799de747df82fc2c14faa1a096 be7e3042e369488fb8b30e084a6d1efb - - default default] Successfully bumped revision number for resource 47430eb9-3e42-4977-919e-5be811117c77 (type: security_groups) to 1
2026-06-02 13:29:06.291 9 INFO neutron.db.ovn_revision_numbers_db [None req-852eb66a-01b4-47f3-bb27-d285fce0aa88 0c30a91d923b4e87880f8dd9b0a1c882 8d6c285c4463467bafa338385d9d119f - - default default] Successfully bumped revision number for resource 183dad52-dc64-4e68-9746-bc1a8d2cf3d6 (type: ports) to 1
2026-06-02 13:29:06.317 10 INFO neutron.db.ovn_revision_numbers_db [None req-9a3fa110-b837-42db-a344-ce6b04bb44ce e288e4799de747df82fc2c14faa1a096 be7e3042e369488fb8b30e084a6d1efb - - default default] Successfully bumped revision number for resource 2b39dca4-cc32-4527-8d47-3d313d0a4f7d (type: security_group_rules) to 0
2026-06-02 13:29:06.338 10 INFO neutron.db.ovn_revision_numbers_db [None req-9a3fa110-b837-42db-a344-ce6b04bb44ce e288e4799de747df82fc2c14faa1a096 be7e3042e369488fb8b30e084a6d1efb - - default default] Successfully bumped revision number for resource 43d13783-fcd7-4a27-a4a6-c462d9555392 (type: security_group_rules) to 0
2026-06-02 13:29:06.364 10 INFO neutron.wsgi [None req-9a3fa110-b837-42db-a344-ce6b04bb44ce e288e4799de747df82fc2c14faa1a096 be7e3042e369488fb8b30e084a6d1efb - - default default] 10.0.0.158 "POST /v2.0/security-groups HTTP/1.1" status: 201 len: 1761 time: 0.5992250
2026-06-02 13:29:06.424 10 INFO neutron.wsgi [None req-8f4f7830-ca94-4f21-baa5-ace4bb3dfc43 e288e4799de747df82fc2c14faa1a096 be7e3042e369488fb8b30e084a6d1efb - - default default] 10.0.0.158 "GET /v2.0/security-groups HTTP/1.1" status: 200 len: 4539 time: 0.0522563
2026-06-02 13:29:06.542 10 INFO neutron.db.ovn_revision_numbers_db [None req-5c2c8512-0c5f-4f56-ba35-a4de58882d3c e288e4799de747df82fc2c14faa1a096 be7e3042e369488fb8b30e084a6d1efb - - default default] Successfully bumped revision number for resource 47430eb9-3e42-4977-919e-5be811117c77 (type: security_groups) to 2
2026-06-02 13:29:06.547 10 INFO neutron.wsgi [None req-5c2c8512-0c5f-4f56-ba35-a4de58882d3c e288e4799de747df82fc2c14faa1a096 be7e3042e369488fb8b30e084a6d1efb - - default default] 10.0.0.158 "PUT /v2.0/security-groups/47430eb9-3e42-4977-919e-5be811117c77 HTTP/1.1" status: 200 len: 1794 time: 0.1171415
2026-06-02 13:29:06.576 10 WARNING neutron.plugins.ml2.drivers.ovn.mech_driver.ovsdb.ovn_client [None req-fa7a0459-aa7f-4bb9-b037-665561982b0e - - - - - -] No hosting information found for port ca4caf74-2d6a-4f7e-ae5e-fe8859f7a67d: RuntimeError: No hosting information found for port ca4caf74-2d6a-4f7e-ae5e-fe8859f7a67d
2026-06-02 13:29:06.624 9 INFO neutron.wsgi [None req-af0dd40b-adf1-4151-ba29-073ebe5d50b7 e288e4799de747df82fc2c14faa1a096 be7e3042e369488fb8b30e084a6d1efb - - default default] 10.0.0.158 "GET /v2.0/security-groups/47430eb9-3e42-4977-919e-5be811117c77 HTTP/1.1" status: 200 len: 1794 time: 0.0705073
2026-06-02 13:29:06.757 10 INFO neutron.wsgi [None req-41558cef-4797-4486-9775-913f7799c765 e288e4799de747df82fc2c14faa1a096 be7e3042e369488fb8b30e084a6d1efb - - default default] 10.0.0.158 "DELETE /v2.0/security-groups/47430eb9-3e42-4977-919e-5be811117c77 HTTP/1.1" status: 204 len: 168 time: 0.1256154
2026-06-02 13:29:06.818 10 INFO neutron.wsgi [None req-5109c6ec-12d3-43a0-82c4-17787d364cde e288e4799de747df82fc2c14faa1a096 be7e3042e369488fb8b30e084a6d1efb - - default default] 10.0.0.158 "GET /v2.0/security-groups HTTP/1.1" status: 200 len: 2996 time: 0.0548465
2026-06-02 13:29:06.835 10 INFO neutron.api.v2.resource [None req-b1d51136-248d-43fe-a00e-ded8dfa38f57 e288e4799de747df82fc2c14faa1a096 be7e3042e369488fb8b30e084a6d1efb - - default default] delete failed (client error): The resource could not be found.
2026-06-02 13:29:06.836 10 INFO neutron.wsgi [None req-b1d51136-248d-43fe-a00e-ded8dfa38f57 e288e4799de747df82fc2c14faa1a096 be7e3042e369488fb8b30e084a6d1efb - - default default] 10.0.0.158 "DELETE /v2.0/security-groups/47430eb9-3e42-4977-919e-5be811117c77 HTTP/1.1" status: 404 len: 347 time: 0.0117905
2026-06-02 13:29:06.848 10 WARNING neutron_lib.context [None req-161c8a85-69b7-41f7-953d-0e38c153fffe e288e4799de747df82fc2c14faa1a096 be7e3042e369488fb8b30e084a6d1efb - - default default] Method 'is_advsvc' is deprecated since 2023.2 release (neutron-lib 3.8.0) and will be removed once support for the old RBAC API policies will be removed from Neutron. Please use method 'is_service_role' instead.
2026-06-02 13:29:06.940 9 INFO neutron.db.l3_db [None req-5c472179-3b21-425e-9be3-1b5a54a90a19 140991e665e64e35b6cae4611fd5118e 729282fbaba74ebcbef27ce0b996f8b5 - - default default] Floating IP 57c0a298-cdc6-4809-8de8-4285c1b5bcd0 associated. External IP: 10.96.250.220, port: b4edd013-1112-4c89-b171-445e5dc65328.
2026-06-02 13:29:06.972 10 INFO neutron.db.ovn_revision_numbers_db [None req-161c8a85-69b7-41f7-953d-0e38c153fffe e288e4799de747df82fc2c14faa1a096 be7e3042e369488fb8b30e084a6d1efb - - default default] Successfully bumped revision number for resource 43003423-7c11-4e66-a6ac-262b6c98c881 (type: security_groups) to 1
2026-06-02 13:29:06.986 10 INFO neutron.db.ovn_revision_numbers_db [None req-161c8a85-69b7-41f7-953d-0e38c153fffe e288e4799de747df82fc2c14faa1a096 be7e3042e369488fb8b30e084a6d1efb - - default default] Successfully bumped revision number for resource 2a125f5b-0cc6-429b-acec-aff26e217e27 (type: security_group_rules) to 0
2026-06-02 13:29:07.003 10 INFO neutron.db.ovn_revision_numbers_db [None req-161c8a85-69b7-41f7-953d-0e38c153fffe e288e4799de747df82fc2c14faa1a096 be7e3042e369488fb8b30e084a6d1efb - - default default] Successfully bumped revision number for resource 620fac2f-8b6d-4457-a4e6-c20df129e55d (type: security_group_rules) to 0
2026-06-02 13:29:07.023 10 INFO neutron.wsgi [None req-161c8a85-69b7-41f7-953d-0e38c153fffe e288e4799de747df82fc2c14faa1a096 be7e3042e369488fb8b30e084a6d1efb - - default default] 10.0.0.158 "POST /v2.0/security-groups HTTP/1.1" status: 201 len: 1761 time: 0.1796496
2026-06-02 13:29:07.034 10 WARNING neutron_lib.context [None req-6793762d-6aaa-40a1-9912-ad8447b108a4 e288e4799de747df82fc2c14faa1a096 be7e3042e369488fb8b30e084a6d1efb - - default default] Method 'is_advsvc' is deprecated since 2023.2 release (neutron-lib 3.8.0) and will be removed once support for the old RBAC API policies will be removed from Neutron. Please use method 'is_service_role' instead.
2026-06-02 13:29:07.121 10 INFO neutron.plugins.ml2.drivers.ovn.mech_driver.mech_driver [None req-fa7a0459-aa7f-4bb9-b037-665561982b0e - - - - - -] OVN reports status up for port: 183dad52-dc64-4e68-9746-bc1a8d2cf3d6
2026-06-02 13:29:07.137 10 INFO neutron.plugins.ml2.drivers.ovn.mech_driver.ovsdb.ovsdb_monitor [None req-9d4e2ef2-0040-4888-a444-a2d85e755add - - - - - -] Router b9dc4181-7e6c-4910-9bbc-c924ebc8dcb3 is bound to host instance
2026-06-02 13:29:07.159 10 INFO neutron.plugins.ml2.plugin [None req-fa7a0459-aa7f-4bb9-b037-665561982b0e - - - - - -] Attempt 1 to provision port 183dad52-dc64-4e68-9746-bc1a8d2cf3d6
2026-06-02 13:29:07.179 9 INFO neutron.db.ovn_revision_numbers_db [None req-852eb66a-01b4-47f3-bb27-d285fce0aa88 0c30a91d923b4e87880f8dd9b0a1c882 8d6c285c4463467bafa338385d9d119f - - default default] Successfully bumped revision number for resource 183dad52-dc64-4e68-9746-bc1a8d2cf3d6 (type: router_ports) to 1
2026-06-02 13:29:07.204 10 INFO neutron.db.ovn_revision_numbers_db [None req-6793762d-6aaa-40a1-9912-ad8447b108a4 e288e4799de747df82fc2c14faa1a096 be7e3042e369488fb8b30e084a6d1efb - - default default] Successfully bumped revision number for resource d9774bca-ae40-488d-a9c7-7ac5624ea7e6 (type: security_group_rules) to 0
2026-06-02 13:29:07.246 10 INFO neutron.wsgi [None req-6793762d-6aaa-40a1-9912-ad8447b108a4 e288e4799de747df82fc2c14faa1a096 be7e3042e369488fb8b30e084a6d1efb - - default default] 10.0.0.158 "POST /v2.0/security-group-rules HTTP/1.1" status: 201 len: 768 time: 0.2172782
2026-06-02 13:29:07.284 10 INFO neutron.wsgi [None req-12969446-acfd-419f-98da-a3dcb1ec9337 e288e4799de747df82fc2c14faa1a096 be7e3042e369488fb8b30e084a6d1efb - - default default] 10.0.0.158 "GET /v2.0/security-group-rules/d9774bca-ae40-488d-a9c7-7ac5624ea7e6 HTTP/1.1" status: 200 len: 763 time: 0.0282178
2026-06-02 13:29:07.358 10 INFO neutron.wsgi [None req-01bf19d4-7636-4f68-927d-466f8ce1ee2d e288e4799de747df82fc2c14faa1a096 be7e3042e369488fb8b30e084a6d1efb - - default default] 10.0.0.158 "GET /v2.0/security-group-rules HTTP/1.1" status: 200 len: 4113 time: 0.0680335
2026-06-02 13:29:07.544 9 INFO neutron.db.ovn_revision_numbers_db [None req-5c472179-3b21-425e-9be3-1b5a54a90a19 140991e665e64e35b6cae4611fd5118e 729282fbaba74ebcbef27ce0b996f8b5 - - default default] Successfully bumped revision number for resource 57c0a298-cdc6-4809-8de8-4285c1b5bcd0 (type: floatingips) to 0
2026-06-02 13:29:07.548 9 WARNING neutron.plugins.ml2.drivers.ovn.mech_driver.ovsdb.ovn_client [None req-a75d0197-3311-46b9-a8ae-5e5b60bac344 - - - - - -] No hosting information found for port beb65ecc-e71f-4e4c-a81b-2456240527a8: RuntimeError: No hosting information found for port beb65ecc-e71f-4e4c-a81b-2456240527a8
2026-06-02 13:29:07.548 9 INFO neutron.plugins.ml2.drivers.ovn.mech_driver.mech_driver [None req-a75d0197-3311-46b9-a8ae-5e5b60bac344 - - - - - -] OVN reports status up for port: 65e27176-ae02-4219-80fd-8d0d47772b70
2026-06-02 13:29:07.587 9 INFO neutron.wsgi [req-6e56d96d-20aa-4223-a27c-2ce5ecaf4e75 req-bef5343d-650f-49dc-ab40-39d1a58729f9 eac910f3d20d400b9eeb857f77a7dbb3 52a63e6054c5459ea7af78ecf96c9580 - - default default] 10.0.0.94 "GET /v2.0/ports?device_id=beb41413-a6da-4dda-8f22-2e43bf2c052f HTTP/1.1" status: 200 len: 1168 time: 0.0851266
2026-06-02 13:29:07.591 9 INFO neutron.plugins.ml2.plugin [None req-a75d0197-3311-46b9-a8ae-5e5b60bac344 - - - - - -] Attempt 1 to provision port 65e27176-ae02-4219-80fd-8d0d47772b70
2026-06-02 13:29:07.648 9 INFO neutron.db.ovn_revision_numbers_db [None req-852eb66a-01b4-47f3-bb27-d285fce0aa88 0c30a91d923b4e87880f8dd9b0a1c882 8d6c285c4463467bafa338385d9d119f - - default default] Successfully bumped revision number for resource b9dc4181-7e6c-4910-9bbc-c924ebc8dcb3 (type: routers) to 2
2026-06-02 13:29:07.680 9 INFO neutron.wsgi [None req-852eb66a-01b4-47f3-bb27-d285fce0aa88 0c30a91d923b4e87880f8dd9b0a1c882 8d6c285c4463467bafa338385d9d119f - - default default] 10.0.0.158 "POST /v2.0/routers HTTP/1.1" status: 201 len: 876 time: 2.4989998
2026-06-02 13:29:07.684 9 INFO neutron.wsgi [req-6e56d96d-20aa-4223-a27c-2ce5ecaf4e75 req-59f96062-f357-4610-aa1c-ca0d09d7ee7a eac910f3d20d400b9eeb857f77a7dbb3 52a63e6054c5459ea7af78ecf96c9580 - - default default] 10.0.0.94 "GET /v2.0/security-groups?id=a30eb6cc-3aa2-403d-a8e3-cd995de6e78d&fields=id&fields=name HTTP/1.1" status: 200 len: 312 time: 0.0891719
2026-06-02 13:29:07.785 9 INFO neutron.db.ovn_revision_numbers_db [None req-5c472179-3b21-425e-9be3-1b5a54a90a19 140991e665e64e35b6cae4611fd5118e 729282fbaba74ebcbef27ce0b996f8b5 - - default default] Successfully bumped revision number for resource 57c0a298-cdc6-4809-8de8-4285c1b5bcd0 (type: floatingips) to 1
2026-06-02 13:29:07.871 9 INFO neutron.notifiers.nova [-] Nova event matching ['req-5625ff0c-82f1-4c6f-a878-8b7612878783'] response: {'server_uuid': 'beb41413-a6da-4dda-8f22-2e43bf2c052f', 'name': 'network-vif-plugged', 'status': 'completed', 'tag': '65e27176-ae02-4219-80fd-8d0d47772b70', 'code': 200}
2026-06-02 13:29:07.876 9 INFO neutron.wsgi [None req-5c472179-3b21-425e-9be3-1b5a54a90a19 140991e665e64e35b6cae4611fd5118e 729282fbaba74ebcbef27ce0b996f8b5 - - default default] 10.0.0.158 "POST /v2.0/floatingips HTTP/1.1" status: 201 len: 1040 time: 2.0334682
2026-06-02 13:29:07.927 10 INFO neutron.wsgi [None req-02ee7e48-058f-4c8a-85af-cc117a6722da e288e4799de747df82fc2c14faa1a096 be7e3042e369488fb8b30e084a6d1efb - - default default] 10.0.0.158 "DELETE /v2.0/security-group-rules/d9774bca-ae40-488d-a9c7-7ac5624ea7e6 HTTP/1.1" status: 204 len: 168 time: 0.5610762
2026-06-02 13:29:07.989 9 INFO neutron.wsgi [None req-2c13f724-8202-4d25-8bb6-611903fe0f6f 140991e665e64e35b6cae4611fd5118e 729282fbaba74ebcbef27ce0b996f8b5 - - default default] 10.0.0.158 "GET /v2.0/floatingips/57c0a298-cdc6-4809-8de8-4285c1b5bcd0 HTTP/1.1" status: 200 len: 1037 time: 0.1031275
2026-06-02 13:29:08.000 10 INFO neutron.wsgi [None req-189661a9-237d-40cf-8c29-ec8d62b9afc5 e288e4799de747df82fc2c14faa1a096 be7e3042e369488fb8b30e084a6d1efb - - default default] 10.0.0.158 "GET /v2.0/security-group-rules HTTP/1.1" status: 200 len: 3567 time: 0.0614164
2026-06-02 13:29:08.015 10 WARNING neutron_lib.context [None req-4e6ced7c-76b1-4da1-8afc-3485e0d151d9 e288e4799de747df82fc2c14faa1a096 be7e3042e369488fb8b30e084a6d1efb - - default default] Method 'is_advsvc' is deprecated since 2023.2 release (neutron-lib 3.8.0) and will be removed once support for the old RBAC API policies will be removed from Neutron. Please use method 'is_service_role' instead.
2026-06-02 13:29:08.101 9 INFO neutron.wsgi [None req-f57f27d6-4d56-4495-a777-05a7d9ccea64 140991e665e64e35b6cae4611fd5118e 729282fbaba74ebcbef27ce0b996f8b5 - - default default] 10.0.0.158 "GET /v2.0/floatingips HTTP/1.1" status: 200 len: 1040 time: 0.1016107
2026-06-02 13:29:08.215 10 INFO neutron.db.ovn_revision_numbers_db [None req-9d4e2ef2-0040-4888-a444-a2d85e755add - - - - - -] Successfully bumped revision number for resource 183dad52-dc64-4e68-9746-bc1a8d2cf3d6 (type: ports) to 1
2026-06-02 13:29:08.220 10 INFO neutron.db.ovn_revision_numbers_db [None req-4e6ced7c-76b1-4da1-8afc-3485e0d151d9 e288e4799de747df82fc2c14faa1a096 be7e3042e369488fb8b30e084a6d1efb - - default default] Successfully bumped revision number for resource b7adb6cf-52b7-45bc-b557-5b8ad20cff86 (type: security_group_rules) to 0
2026-06-02 13:29:08.258 9 INFO neutron.db.ovn_revision_numbers_db [None req-a75d0197-3311-46b9-a8ae-5e5b60bac344 - - - - - -] Successfully bumped revision number for resource 65e27176-ae02-4219-80fd-8d0d47772b70 (type: ports) to 4
2026-06-02 13:29:08.281 10 INFO neutron.wsgi [None req-4e6ced7c-76b1-4da1-8afc-3485e0d151d9 e288e4799de747df82fc2c14faa1a096 be7e3042e369488fb8b30e084a6d1efb - - default default] 10.0.0.158 "POST /v2.0/security-group-rules HTTP/1.1" status: 201 len: 768 time: 0.2717342
2026-06-02 13:29:08.320 10 INFO neutron.wsgi [None req-f38f2436-a254-48e2-ab3e-712ecb339ac3 e288e4799de747df82fc2c14faa1a096 be7e3042e369488fb8b30e084a6d1efb - - default default] 10.0.0.158 "GET /v2.0/security-group-rules/b7adb6cf-52b7-45bc-b557-5b8ad20cff86 HTTP/1.1" status: 200 len: 763 time: 0.0319784 /var/lib/openstack/lib/python3.10/site-packages/pycadf/identifier.py:71: UserWarning: Invalid uuid: neutron. To ensure interoperability, identifiers should be a valid uuid. warnings.warn(('Invalid uuid: %s. To ensure interoperability, '
2026-06-02 13:29:08.518 10 INFO neutron.db.l3_db [None req-614e50a0-b326-4043-a85b-1e9f6ab9cbbe 140991e665e64e35b6cae4611fd5118e 729282fbaba74ebcbef27ce0b996f8b5 - - default default] Floating IP 57c0a298-cdc6-4809-8de8-4285c1b5bcd0 associated. External IP: 10.96.250.220, port: b4edd013-1112-4c89-b171-445e5dc65328.
2026-06-02 13:29:08.522 9 INFO neutron.wsgi [None req-941746ad-c435-4ae2-8044-d20efa711948 e288e4799de747df82fc2c14faa1a096 be7e3042e369488fb8b30e084a6d1efb - - default default] 10.0.0.158 "GET /v2.0/security-group-rules HTTP/1.1" status: 200 len: 4113 time: 0.1933162
2026-06-02 13:29:08.582 9 WARNING neutron.scheduler.dhcp_agent_scheduler [None req-1014d247-b7a0-46e3-b5b5-9f36d9ae44ba 0c30a91d923b4e87880f8dd9b0a1c882 8d6c285c4463467bafa338385d9d119f - - default default] No more DHCP agents
2026-06-02 13:29:08.585 9 WARNING neutron.api.rpc.agentnotifiers.dhcp_rpc_agent_api [None req-1014d247-b7a0-46e3-b5b5-9f36d9ae44ba 0c30a91d923b4e87880f8dd9b0a1c882 8d6c285c4463467bafa338385d9d119f - - default default] Unable to schedule network 41b11c51-89a4-4cd9-b1eb-149962c338de: no agents available; will retry on subsequent port and subnet creation events.
2026-06-02 13:29:08.612 10 INFO neutron.db.ovn_revision_numbers_db [None req-9d4e2ef2-0040-4888-a444-a2d85e755add - - - - - -] Successfully bumped revision number for resource 183dad52-dc64-4e68-9746-bc1a8d2cf3d6 (type: router_ports) to 3
2026-06-02 13:29:08.755 9 INFO neutron.db.ovn_revision_numbers_db [None req-1014d247-b7a0-46e3-b5b5-9f36d9ae44ba 0c30a91d923b4e87880f8dd9b0a1c882 8d6c285c4463467bafa338385d9d119f - - default default] Successfully bumped revision number for resource 927142bb-51c2-4140-ab7e-27cd9bb2e3a9 (type: ports) to 1 /var/lib/openstack/lib/python3.10/site-packages/pycadf/identifier.py:71: UserWarning: Invalid uuid: neutron. To ensure interoperability, identifiers should be a valid uuid. warnings.warn(('Invalid uuid: %s. To ensure interoperability, '
2026-06-02 13:29:08.816 9 INFO neutron.wsgi [req-f04e260e-5290-4664-b8b4-d927494f902e req-88c9d5a2-e8ca-45f1-a9b9-8484b8b061a5 eac910f3d20d400b9eeb857f77a7dbb3 52a63e6054c5459ea7af78ecf96c9580 - - default default] 10.0.0.94 "GET /v2.0/ports?device_id=beb41413-a6da-4dda-8f22-2e43bf2c052f HTTP/1.1" status: 200 len: 1170 time: 0.0575507
2026-06-02 13:29:08.836 10 INFO neutron.wsgi [None req-8935e516-4ad6-460d-861d-04485ad7e9e4 e288e4799de747df82fc2c14faa1a096 be7e3042e369488fb8b30e084a6d1efb - - default default] 10.0.0.158 "DELETE /v2.0/security-group-rules/b7adb6cf-52b7-45bc-b557-5b8ad20cff86 HTTP/1.1" status: 204 len: 168 time: 0.2988842
2026-06-02 13:29:08.891 9 INFO neutron.wsgi [req-f04e260e-5290-4664-b8b4-d927494f902e req-9912764d-8ec7-480e-9cad-719200370fa4 eac910f3d20d400b9eeb857f77a7dbb3 52a63e6054c5459ea7af78ecf96c9580 - - default default] 10.0.0.94 "GET /v2.0/security-groups?id=a30eb6cc-3aa2-403d-a8e3-cd995de6e78d&fields=id&fields=name HTTP/1.1" status: 200 len: 312 time: 0.0665698
2026-06-02 13:29:08.894 10 INFO neutron.db.ovn_revision_numbers_db [None req-614e50a0-b326-4043-a85b-1e9f6ab9cbbe 140991e665e64e35b6cae4611fd5118e 729282fbaba74ebcbef27ce0b996f8b5 - - default default] Successfully bumped revision number for resource 57c0a298-cdc6-4809-8de8-4285c1b5bcd0 (type: floatingips) to 2
2026-06-02 13:29:08.905 9 INFO neutron.wsgi [None req-76ffe3f4-ad02-4f4e-a5b3-afb626c6fd75 e288e4799de747df82fc2c14faa1a096 be7e3042e369488fb8b30e084a6d1efb - - default default] 10.0.0.158 "GET /v2.0/security-group-rules HTTP/1.1" status: 200 len: 3567 time: 0.0614672
2026-06-02 13:29:08.909 10 INFO neutron.db.ovn_revision_numbers_db [None req-9d4e2ef2-0040-4888-a444-a2d85e755add - - - - - -] Successfully bumped revision number for resource 183dad52-dc64-4e68-9746-bc1a8d2cf3d6 (type: ports) to 2
2026-06-02 13:29:08.922 9 WARNING neutron_lib.context [None req-12ef806b-945e-40b3-ac74-89da96bc2f0e e288e4799de747df82fc2c14faa1a096 be7e3042e369488fb8b30e084a6d1efb - - default default] Method 'is_advsvc' is deprecated since 2023.2 release (neutron-lib 3.8.0) and will be removed once support for the old RBAC API policies will be removed from Neutron. Please use method 'is_service_role' instead.
2026-06-02 13:29:09.009 10 INFO neutron.db.ovn_revision_numbers_db [None req-614e50a0-b326-4043-a85b-1e9f6ab9cbbe 140991e665e64e35b6cae4611fd5118e 729282fbaba74ebcbef27ce0b996f8b5 - - default default] Successfully bumped revision number for resource 57c0a298-cdc6-4809-8de8-4285c1b5bcd0 (type: floatingips) to 2
2026-06-02 13:29:09.013 9 INFO neutron.wsgi [req-9c33d8d6-5eac-4d9f-9423-91484f213378 req-58326b43-4ec0-4763-934b-2ea0821dbd74 eac910f3d20d400b9eeb857f77a7dbb3 52a63e6054c5459ea7af78ecf96c9580 - - default default] 10.0.0.94 "GET /v2.0/ports?device_id=beb41413-a6da-4dda-8f22-2e43bf2c052f HTTP/1.1" status: 200 len: 1170 time: 0.0508051
2026-06-02 13:29:09.110 9 INFO neutron.db.ovn_revision_numbers_db [None req-12ef806b-945e-40b3-ac74-89da96bc2f0e e288e4799de747df82fc2c14faa1a096 be7e3042e369488fb8b30e084a6d1efb - - default default] Successfully bumped revision number for resource 0fc9057f-4fc2-4a07-bc78-ad3afaa184da (type: security_group_rules) to 0
2026-06-02 13:29:09.122 10 INFO neutron.wsgi [None req-614e50a0-b326-4043-a85b-1e9f6ab9cbbe 140991e665e64e35b6cae4611fd5118e 729282fbaba74ebcbef27ce0b996f8b5 - - default default] 10.0.0.158 "PUT /v2.0/floatingips/57c0a298-cdc6-4809-8de8-4285c1b5bcd0 HTTP/1.1" status: 200 len: 1038 time: 1.0112493
2026-06-02 13:29:09.155 9 INFO neutron.wsgi [None req-12ef806b-945e-40b3-ac74-89da96bc2f0e e288e4799de747df82fc2c14faa1a096 be7e3042e369488fb8b30e084a6d1efb - - default default] 10.0.0.158 "POST /v2.0/security-group-rules HTTP/1.1" status: 201 len: 769 time: 0.2379422
2026-06-02 13:29:09.189 9 INFO neutron.wsgi [None req-4780e3d0-7933-46e4-8ea3-899b4231c9b1 e288e4799de747df82fc2c14faa1a096 be7e3042e369488fb8b30e084a6d1efb - - default default] 10.0.0.158 "GET /v2.0/security-group-rules/0fc9057f-4fc2-4a07-bc78-ad3afaa184da HTTP/1.1" status: 200 len: 764 time: 0.0297477
2026-06-02 13:29:09.265 9 INFO neutron.wsgi [None req-b265edc0-e9a7-4c38-9c36-5bafbaf96dbf e288e4799de747df82fc2c14faa1a096 be7e3042e369488fb8b30e084a6d1efb - - default default] 10.0.0.158 "GET /v2.0/security-group-rules HTTP/1.1" status: 200 len: 4114 time: 0.0646038
2026-06-02 13:29:09.362 10 INFO neutron.db.l3_db [None req-eee4f546-2e00-4533-8415-e7b86a8b5e97 eac910f3d20d400b9eeb857f77a7dbb3 52a63e6054c5459ea7af78ecf96c9580 - - default default] Floating IP 73a45856-9fe0-443b-b112-bbb688419999 associated. External IP: 10.96.250.212, port: 65e27176-ae02-4219-80fd-8d0d47772b70.
2026-06-02 13:29:09.365 10 INFO neutron.db.ovn_revision_numbers_db [None req-9d4e2ef2-0040-4888-a444-a2d85e755add - - - - - -] Successfully bumped revision number for resource 183dad52-dc64-4e68-9746-bc1a8d2cf3d6 (type: ports) to 4
2026-06-02 13:29:09.368 9 INFO neutron.db.l3_db [None req-d1c04960-531a-4f45-8d28-10d8a1212584 140991e665e64e35b6cae4611fd5118e 729282fbaba74ebcbef27ce0b996f8b5 - - default default] Floating IP 57c0a298-cdc6-4809-8de8-4285c1b5bcd0 disassociated. External IP: 10.96.250.220, port: ab0590a5-cd0a-43f9-9693-3d4490ac3339.
2026-06-02 13:29:09.414 9 INFO neutron.db.ovn_revision_numbers_db [None req-d1c04960-531a-4f45-8d28-10d8a1212584 140991e665e64e35b6cae4611fd5118e 729282fbaba74ebcbef27ce0b996f8b5 - - default default] Successfully bumped revision number for resource 57c0a298-cdc6-4809-8de8-4285c1b5bcd0 (type: floatingips) to 3
2026-06-02 13:29:09.427 9 INFO neutron.db.ovn_revision_numbers_db [None req-1014d247-b7a0-46e3-b5b5-9f36d9ae44ba 0c30a91d923b4e87880f8dd9b0a1c882 8d6c285c4463467bafa338385d9d119f - - default default] Successfully bumped revision number for resource 927142bb-51c2-4140-ab7e-27cd9bb2e3a9 (type: router_ports) to 1
2026-06-02 13:29:09.743 9 INFO neutron.wsgi [None req-d1c04960-531a-4f45-8d28-10d8a1212584 140991e665e64e35b6cae4611fd5118e 729282fbaba74ebcbef27ce0b996f8b5 - - default default] 10.0.0.158 "PUT /v2.0/floatingips/57c0a298-cdc6-4809-8de8-4285c1b5bcd0 HTTP/1.1" status: 200 len: 748 time: 0.6144204
2026-06-02 13:29:09.908 9 INFO neutron.db.ovn_revision_numbers_db [None req-1014d247-b7a0-46e3-b5b5-9f36d9ae44ba 0c30a91d923b4e87880f8dd9b0a1c882 8d6c285c4463467bafa338385d9d119f - - default default] Successfully bumped revision number for resource 927142bb-51c2-4140-ab7e-27cd9bb2e3a9 (type: ports) to 1
2026-06-02 13:29:09.912 9 INFO neutron.notifiers.nova [-] Nova event matching ['req-21805e72-15d6-4eb2-954b-0ea601fb985c'] response: {'server_uuid': 'beb41413-a6da-4dda-8f22-2e43bf2c052f', 'name': 'network-vif-plugged', 'status': 'completed', 'tag': '65e27176-ae02-4219-80fd-8d0d47772b70', 'code': 200}
2026-06-02 13:29:10.010 9 WARNING neutron.scheduler.dhcp_agent_scheduler [None req-1014d247-b7a0-46e3-b5b5-9f36d9ae44ba 0c30a91d923b4e87880f8dd9b0a1c882 8d6c285c4463467bafa338385d9d119f - - default default] No more DHCP agents
2026-06-02 13:29:10.012 9 WARNING neutron.api.rpc.agentnotifiers.dhcp_rpc_agent_api [None req-1014d247-b7a0-46e3-b5b5-9f36d9ae44ba 0c30a91d923b4e87880f8dd9b0a1c882 8d6c285c4463467bafa338385d9d119f - - default default] Unable to schedule network 41b11c51-89a4-4cd9-b1eb-149962c338de: no agents available; will retry on subsequent port and subnet creation events.
2026-06-02 13:29:10.037 10 INFO neutron.wsgi [None req-c0acda21-13a9-4df5-9f86-937b02b3aa14 e288e4799de747df82fc2c14faa1a096 be7e3042e369488fb8b30e084a6d1efb - - default default] 10.0.0.158 "DELETE /v2.0/security-group-rules/0fc9057f-4fc2-4a07-bc78-ad3afaa184da HTTP/1.1" status: 204 len: 168 time: 0.7589247
2026-06-02 13:29:10.133 10 INFO neutron.plugins.ml2.drivers.ovn.mech_driver.mech_driver [None req-fa7a0459-aa7f-4bb9-b037-665561982b0e - - - - - -] OVN reports status up for port: 927142bb-51c2-4140-ab7e-27cd9bb2e3a9
2026-06-02 13:29:10.151 9 INFO neutron.wsgi [None req-43cbff5b-d7ff-4367-a98d-199638a707d3 e288e4799de747df82fc2c14faa1a096 be7e3042e369488fb8b30e084a6d1efb - - default default] 10.0.0.158 "GET /v2.0/security-group-rules HTTP/1.1" status: 200 len: 3567 time: 0.1088312
2026-06-02 13:29:10.165 10 INFO neutron.plugins.ml2.plugin [None req-fa7a0459-aa7f-4bb9-b037-665561982b0e - - - - - -] Attempt 1 to provision port 927142bb-51c2-4140-ab7e-27cd9bb2e3a9 /var/lib/openstack/lib/python3.10/site-packages/pycadf/identifier.py:71: UserWarning: Invalid uuid: neutron. To ensure interoperability, identifiers should be a valid uuid. warnings.warn(('Invalid uuid: %s. To ensure interoperability, '
2026-06-02 13:29:10.274 9 INFO neutron.wsgi [None req-ccd89937-0b11-4b50-8420-7e2301d17ac0 140991e665e64e35b6cae4611fd5118e 729282fbaba74ebcbef27ce0b996f8b5 - - default default] 10.0.0.158 "DELETE /v2.0/floatingips/57c0a298-cdc6-4809-8de8-4285c1b5bcd0 HTTP/1.1" status: 204 len: 168 time: 0.5195243
2026-06-02 13:29:10.321 10 INFO neutron.api.v2.resource [None req-dc4a3934-58d5-49c8-97c2-eecc109d9f5f 140991e665e64e35b6cae4611fd5118e 729282fbaba74ebcbef27ce0b996f8b5 - - default default] delete failed (client error): The resource could not be found.
2026-06-02 13:29:10.322 10 INFO neutron.wsgi [None req-dc4a3934-58d5-49c8-97c2-eecc109d9f5f 140991e665e64e35b6cae4611fd5118e 729282fbaba74ebcbef27ce0b996f8b5 - - default default] 10.0.0.158 "DELETE /v2.0/floatingips/57c0a298-cdc6-4809-8de8-4285c1b5bcd0 HTTP/1.1" status: 404 len: 345 time: 0.0401335
2026-06-02 13:29:10.356 10 INFO neutron.db.ovn_revision_numbers_db [None req-eee4f546-2e00-4533-8415-e7b86a8b5e97 eac910f3d20d400b9eeb857f77a7dbb3 52a63e6054c5459ea7af78ecf96c9580 - - default default] Successfully bumped revision number for resource 73a45856-9fe0-443b-b112-bbb688419999 (type: floatingips) to 1
2026-06-02 13:29:10.429 10 INFO neutron.db.ovn_revision_numbers_db [None req-9d4e2ef2-0040-4888-a444-a2d85e755add - - - - - -] Successfully bumped revision number for resource 183dad52-dc64-4e68-9746-bc1a8d2cf3d6 (type: router_ports) to 4
2026-06-02 13:29:10.548 10 INFO neutron.wsgi [None req-400353fb-36a3-407a-88a2-226528885f58 e288e4799de747df82fc2c14faa1a096 be7e3042e369488fb8b30e084a6d1efb - - default default] 10.0.0.158 "DELETE /v2.0/security-groups/43003423-7c11-4e66-a6ac-262b6c98c881 HTTP/1.1" status: 204 len: 168 time: 0.3844502
2026-06-02 13:29:10.595 10 INFO neutron.db.ovn_revision_numbers_db [None req-eee4f546-2e00-4533-8415-e7b86a8b5e97 eac910f3d20d400b9eeb857f77a7dbb3 52a63e6054c5459ea7af78ecf96c9580 - - default default] Successfully bumped revision number for resource 73a45856-9fe0-443b-b112-bbb688419999 (type: floatingips) to 2
2026-06-02 13:29:10.618 10 INFO neutron.wsgi [None req-ff0f6714-ab66-4628-b871-118e2823618f e288e4799de747df82fc2c14faa1a096 be7e3042e369488fb8b30e084a6d1efb - - default default] 10.0.0.158 "GET /v2.0/security-groups HTTP/1.1" status: 200 len: 2996 time: 0.0604339
2026-06-02 13:29:10.637 10 INFO neutron.wsgi [None req-eee4f546-2e00-4533-8415-e7b86a8b5e97 eac910f3d20d400b9eeb857f77a7dbb3 52a63e6054c5459ea7af78ecf96c9580 - - default default] 10.0.0.158 "PUT /v2.0/floatingips/73a45856-9fe0-443b-b112-bbb688419999 HTTP/1.1" status: 200 len: 1049 time: 1.6076810
2026-06-02 13:29:10.694 10 INFO neutron.notifiers.nova [-] Nova event matching ['req-d9109b24-9d51-49c0-8998-6f75b0110f3a'] response: {'name': 'network-changed', 'server_uuid': 'beb41413-a6da-4dda-8f22-2e43bf2c052f', 'tag': '65e27176-ae02-4219-80fd-8d0d47772b70', 'status': 'completed', 'code': 200}
2026-06-02 13:29:10.702 10 INFO neutron.wsgi [None req-c3ad213c-9d06-44cc-9cfe-dba941796117 e288e4799de747df82fc2c14faa1a096 be7e3042e369488fb8b30e084a6d1efb - - default default] 10.0.0.158 "GET /v2.0/security-groups HTTP/1.1" status: 200 len: 2996 time: 0.0685320
2026-06-02 13:29:10.798 9 INFO neutron.wsgi [req-1044a5db-e2f7-49bb-a2dc-2e7902d527ba req-5da1b912-955f-4cd5-ba82-ebb9e5fe8b07 8596af14fa624fbe84c1c1079a39e02b 2532fc06c16c45308850faae1ec5dfbe - - 03d0fd4c68764324974e6546d0ac0307 03d0fd4c68764324974e6546d0ac0307] 199.204.45.222 "GET /v2.0/ports?tenant_id=52a63e6054c5459ea7af78ecf96c9580&device_id=beb41413-a6da-4dda-8f22-2e43bf2c052f HTTP/1.1" status: 200 len: 1409 time: 0.0811887
2026-06-02 13:29:10.802 10 INFO neutron.db.ovn_revision_numbers_db [None req-fa7a0459-aa7f-4bb9-b037-665561982b0e - - - - - -] Successfully bumped revision number for resource 927142bb-51c2-4140-ab7e-27cd9bb2e3a9 (type: ports) to 2
2026-06-02 13:29:10.886 10 INFO neutron.db.ovn_revision_numbers_db [None req-fa7a0459-aa7f-4bb9-b037-665561982b0e - - - - - -] Successfully bumped revision number for resource 927142bb-51c2-4140-ab7e-27cd9bb2e3a9 (type: router_ports) to 2
2026-06-02 13:29:10.925 9 INFO neutron.wsgi [None req-4d2f7b02-9b3a-4235-84d0-d69ffeb3cd6d 140991e665e64e35b6cae4611fd5118e 729282fbaba74ebcbef27ce0b996f8b5 - - default default] 10.0.0.158 "DELETE /v2.0/ports/ab0590a5-cd0a-43f9-9693-3d4490ac3339 HTTP/1.1" status: 204 len: 168 time: 0.5932424
2026-06-02 13:29:10.940 9 INFO neutron.wsgi [req-1044a5db-e2f7-49bb-a2dc-2e7902d527ba req-aee94c5a-3b9d-464b-8fc7-009d57bcac61 8596af14fa624fbe84c1c1079a39e02b 2532fc06c16c45308850faae1ec5dfbe - - 03d0fd4c68764324974e6546d0ac0307 03d0fd4c68764324974e6546d0ac0307] 199.204.45.222 "GET /v2.0/networks?id=8e95c5fe-ff2d-4406-b124-c09eccce9b09 HTTP/1.1" status: 200 len: 967 time: 0.1223979
2026-06-02 13:29:10.948 9 INFO neutron.wsgi [req-345f5de1-316b-4d86-bf77-185574f6955a req-55226933-de40-4d14-8760-5f932d013331 eac910f3d20d400b9eeb857f77a7dbb3 52a63e6054c5459ea7af78ecf96c9580 - - default default] 10.0.0.94 "GET /v2.0/ports?device_id=beb41413-a6da-4dda-8f22-2e43bf2c052f HTTP/1.1" status: 200 len: 1170 time: 0.2541807
2026-06-02 13:29:11.030 9 INFO neutron.wsgi [req-1044a5db-e2f7-49bb-a2dc-2e7902d527ba req-d3a5d997-01fb-4ca9-8efd-b5d4e81dd2da 8596af14fa624fbe84c1c1079a39e02b 2532fc06c16c45308850faae1ec5dfbe - - 03d0fd4c68764324974e6546d0ac0307 03d0fd4c68764324974e6546d0ac0307] 199.204.45.222 "GET /v2.0/floatingips?fixed_ip_address=10.100.0.8&port_id=65e27176-ae02-4219-80fd-8d0d47772b70 HTTP/1.1" status: 200 len: 1059 time: 0.0811019
2026-06-02 13:29:11.033 9 INFO neutron.wsgi [None req-1014d247-b7a0-46e3-b5b5-9f36d9ae44ba 0c30a91d923b4e87880f8dd9b0a1c882 8d6c285c4463467bafa338385d9d119f - - default default] 10.0.0.158 "PUT /v2.0/routers/b9dc4181-7e6c-4910-9bbc-c924ebc8dcb3/add_router_interface HTTP/1.1" status: 200 len: 503 time: 3.3403621
2026-06-02 13:29:11.036 9 INFO neutron.wsgi [req-345f5de1-316b-4d86-bf77-185574f6955a req-2ef9882c-27af-4580-8ef3-2c1e07c2a9c3 eac910f3d20d400b9eeb857f77a7dbb3 52a63e6054c5459ea7af78ecf96c9580 - - default default] 10.0.0.94 "GET /v2.0/security-groups?id=a30eb6cc-3aa2-403d-a8e3-cd995de6e78d&fields=id&fields=name HTTP/1.1" status: 200 len: 312 time: 0.0767560
2026-06-02 13:29:11.068 9 INFO neutron.wsgi [req-1044a5db-e2f7-49bb-a2dc-2e7902d527ba req-50561d3b-d02e-468c-83e1-931df2f025f1 8596af14fa624fbe84c1c1079a39e02b 2532fc06c16c45308850faae1ec5dfbe - - 03d0fd4c68764324974e6546d0ac0307 03d0fd4c68764324974e6546d0ac0307] 199.204.45.222 "GET /v2.0/subnets?id=75fd931b-0f8f-43ff-b880-cec127ea0d59 HTTP/1.1" status: 200 len: 862 time: 0.0316601
2026-06-02 13:29:11.093 9 INFO neutron.wsgi [req-1044a5db-e2f7-49bb-a2dc-2e7902d527ba req-d2e0b235-afa3-46f8-a17c-5594ed0aea6e 8596af14fa624fbe84c1c1079a39e02b 2532fc06c16c45308850faae1ec5dfbe - - 03d0fd4c68764324974e6546d0ac0307 03d0fd4c68764324974e6546d0ac0307] 199.204.45.222 "GET /v2.0/ports?network_id=8e95c5fe-ff2d-4406-b124-c09eccce9b09&device_owner=network%3Adhcp HTTP/1.1" status: 200 len: 210 time: 0.0202160
2026-06-02 13:29:11.158 9 INFO neutron.wsgi [req-1044a5db-e2f7-49bb-a2dc-2e7902d527ba req-ff454fc1-8576-4f65-b0d0-f3d5ede6d491 8596af14fa624fbe84c1c1079a39e02b 2532fc06c16c45308850faae1ec5dfbe - - 03d0fd4c68764324974e6546d0ac0307 03d0fd4c68764324974e6546d0ac0307] 199.204.45.222 "GET /v2.0/networks/8e95c5fe-ff2d-4406-b124-c09eccce9b09?fields=segments HTTP/1.1" status: 200 len: 212 time: 0.0603292
2026-06-02 13:29:11.223 9 INFO neutron.wsgi [req-1044a5db-e2f7-49bb-a2dc-2e7902d527ba req-8af64b9b-7caa-46ac-9052-3c485e6987ac 8596af14fa624fbe84c1c1079a39e02b 2532fc06c16c45308850faae1ec5dfbe - - 03d0fd4c68764324974e6546d0ac0307 03d0fd4c68764324974e6546d0ac0307] 199.204.45.222 "GET /v2.0/networks/8e95c5fe-ff2d-4406-b124-c09eccce9b09?fields=provider%3Aphysical_network&fields=provider%3Anetwork_type HTTP/1.1" status: 200 len: 277 time: 0.0599773
2026-06-02 13:29:11.373 10 INFO neutron.wsgi [None req-f0404111-4f11-4666-be3d-54616b2b8f46 140991e665e64e35b6cae4611fd5118e 729282fbaba74ebcbef27ce0b996f8b5 - - default default] 10.0.0.158 "DELETE /v2.0/ports/b4edd013-1112-4c89-b171-445e5dc65328 HTTP/1.1" status: 204 len: 168 time: 0.4430683
2026-06-02 13:29:11.379 9 INFO neutron.wsgi [req-f18d3ef9-00ec-4892-8a98-c535c3eea3bc req-356b26c8-efef-4a24-83ff-33777cf4515d eac910f3d20d400b9eeb857f77a7dbb3 52a63e6054c5459ea7af78ecf96c9580 - - default default] 10.0.0.94 "GET /v2.0/ports?device_id=beb41413-a6da-4dda-8f22-2e43bf2c052f HTTP/1.1" status: 200 len: 1170 time: 0.0523751
2026-06-02 13:29:11.402 9 INFO neutron.plugins.ml2.drivers.ovn.mech_driver.mech_driver [None req-a75d0197-3311-46b9-a8ae-5e5b60bac344 - - - - - -] OVN reports status down for port: 65e27176-ae02-4219-80fd-8d0d47772b70
2026-06-02 13:29:11.447 9 INFO neutron.wsgi [req-f18d3ef9-00ec-4892-8a98-c535c3eea3bc req-2a30490f-c5a6-4bda-a70c-f7ead7e0b3a6 eac910f3d20d400b9eeb857f77a7dbb3 52a63e6054c5459ea7af78ecf96c9580 - - default default] 10.0.0.94 "GET /v2.0/security-groups?id=a30eb6cc-3aa2-403d-a8e3-cd995de6e78d&fields=id&fields=name HTTP/1.1" status: 200 len: 312 time: 0.0606489
2026-06-02 13:29:11.523 10 INFO neutron.wsgi [None req-6fafb108-a052-4686-a48f-cdb398a02529 0c30a91d923b4e87880f8dd9b0a1c882 8d6c285c4463467bafa338385d9d119f - - default default] 10.0.0.158 "GET /v2.0/security-groups?tenant_id=be7e3042e369488fb8b30e084a6d1efb&name=default HTTP/1.1" status: 200 len: 2996 time: 0.2324135
2026-06-02 13:29:11.561 10 INFO neutron.wsgi [None req-526350ca-cd29-4593-9932-ea0ffa0589a5 140991e665e64e35b6cae4611fd5118e 729282fbaba74ebcbef27ce0b996f8b5 - - default default] 10.0.0.158 "GET /v2.0/ports?device_id=bc2cc39e-1cd1-4d3a-af3d-4c06a71cfcd6 HTTP/1.1" status: 200 len: 1140 time: 0.1818969
2026-06-02 13:29:11.689 10 WARNING neutron_lib.context [None req-f7143740-0454-465c-bef4-283a31e61af6 aeffc403120d427f85019fdb92fabe5b 5bdb3eaee55a49408e34ddeef498b3c7 - - default default] Method 'is_advsvc' is deprecated since 2023.2 release (neutron-lib 3.8.0) and will be removed once support for the old RBAC API policies will be removed from Neutron. Please use method 'is_service_role' instead.
2026-06-02 13:29:11.711 9 INFO neutron.wsgi [req-89cebb3e-99f7-4f66-b3ec-c5e886b43f17 req-cc331c31-1c92-4862-afb5-af4f01159116 eac910f3d20d400b9eeb857f77a7dbb3 52a63e6054c5459ea7af78ecf96c9580 - - default default] 199.204.45.222 "GET /v2.0/ports?device_id=beb41413-a6da-4dda-8f22-2e43bf2c052f HTTP/1.1" status: 200 len: 1168 time: 0.0448074
2026-06-02 13:29:11.783 9 INFO neutron.db.ovn_revision_numbers_db [None req-a75d0197-3311-46b9-a8ae-5e5b60bac344 - - - - - -] Successfully bumped revision number for resource 65e27176-ae02-4219-80fd-8d0d47772b70 (type: ports) to 5
2026-06-02 13:29:11.879 10 INFO neutron.db.ovn_revision_numbers_db [None req-f7143740-0454-465c-bef4-283a31e61af6 aeffc403120d427f85019fdb92fabe5b 5bdb3eaee55a49408e34ddeef498b3c7 - - default default] Successfully bumped revision number for resource 5eff0de1-c75d-40a8-8767-04e5cad66700 (type: security_groups) to 1
2026-06-02 13:29:11.897 10 INFO neutron.db.ovn_revision_numbers_db [None req-f7143740-0454-465c-bef4-283a31e61af6 aeffc403120d427f85019fdb92fabe5b 5bdb3eaee55a49408e34ddeef498b3c7 - - default default] Successfully bumped revision number for resource 6deafe40-fdc3-4336-aa49-905654c226db (type: security_group_rules) to 0
2026-06-02 13:29:11.925 10 INFO neutron.db.ovn_revision_numbers_db [None req-f7143740-0454-465c-bef4-283a31e61af6 aeffc403120d427f85019fdb92fabe5b 5bdb3eaee55a49408e34ddeef498b3c7 - - default default] Successfully bumped revision number for resource fc9feebb-03e6-4e17-9afe-0881091cca70 (type: security_group_rules) to 0
2026-06-02 13:29:11.953 10 INFO neutron.wsgi [None req-f7143740-0454-465c-bef4-283a31e61af6 aeffc403120d427f85019fdb92fabe5b 5bdb3eaee55a49408e34ddeef498b3c7 - - default default] 10.0.0.158 "POST /v2.0/security-groups HTTP/1.1" status: 201 len: 1797 time: 0.2705801
2026-06-02 13:29:11.966 10 WARNING neutron_lib.context [None req-bfdbb27e-9d8a-4968-b896-b58e849685a9 aeffc403120d427f85019fdb92fabe5b 5bdb3eaee55a49408e34ddeef498b3c7 - - default default] Method 'is_advsvc' is deprecated since 2023.2 release (neutron-lib 3.8.0) and will be removed once support for the old RBAC API policies will be removed from Neutron. Please use method 'is_service_role' instead.
2026-06-02 13:29:12.159 9 INFO neutron.notifiers.nova [-] Nova event matching ['req-bc71beee-a5a8-4bbe-bc07-41f6064e35be'] response: {'server_uuid': 'beb41413-a6da-4dda-8f22-2e43bf2c052f', 'name': 'network-vif-unplugged', 'status': 'completed', 'tag': '65e27176-ae02-4219-80fd-8d0d47772b70', 'code': 200}
2026-06-02 13:29:12.159 9 INFO neutron.notifiers.nova [-] Nova event matching ['req-bc71beee-a5a8-4bbe-bc07-41f6064e35be'] response: {'server_uuid': 'beb41413-a6da-4dda-8f22-2e43bf2c052f', 'name': 'network-vif-plugged', 'status': 'completed', 'tag': '65e27176-ae02-4219-80fd-8d0d47772b70', 'code': 200}
2026-06-02 13:29:12.183 10 INFO neutron.db.ovn_revision_numbers_db [None req-bfdbb27e-9d8a-4968-b896-b58e849685a9 aeffc403120d427f85019fdb92fabe5b 5bdb3eaee55a49408e34ddeef498b3c7 - - default default] Successfully bumped revision number for resource 016de352-0a2a-4f5a-a62b-b9711e6bb73e (type: security_group_rules) to 0
2026-06-02 13:29:12.200 9 INFO neutron.wsgi [None req-e9d97680-0c0d-43aa-82e1-2f182903430d 0c30a91d923b4e87880f8dd9b0a1c882 8d6c285c4463467bafa338385d9d119f - - default default] 10.0.0.158 "DELETE /v2.0/security-groups/91a67731-ac82-491a-8751-e7315cebb079 HTTP/1.1" status: 204 len: 168 time: 0.6692476
2026-06-02 13:29:12.230 9 INFO neutron.wsgi [-] 10.0.0.23 "GET / HTTP/1.1" status: 200 len: 247 time: 0.0019844
2026-06-02 13:29:12.232 9 INFO neutron.wsgi [-] 10.0.0.23 "GET / HTTP/1.1" status: 200 len: 247 time: 0.0016339
2026-06-02 13:29:12.232 10 INFO neutron.wsgi [None req-bfdbb27e-9d8a-4968-b896-b58e849685a9 aeffc403120d427f85019fdb92fabe5b 5bdb3eaee55a49408e34ddeef498b3c7 - - default default] 10.0.0.158 "POST /v2.0/security-group-rules HTTP/1.1" status: 201 len: 764 time: 0.2717440 /var/lib/openstack/lib/python3.10/site-packages/pycadf/identifier.py:71: UserWarning: Invalid uuid: neutron. To ensure interoperability, identifiers should be a valid uuid. warnings.warn(('Invalid uuid: %s. To ensure interoperability, '
2026-06-02 13:29:12.267 9 WARNING neutron_lib.context [None req-b799f518-de75-4555-84c7-a8b3ddc7bb0a aeffc403120d427f85019fdb92fabe5b 5bdb3eaee55a49408e34ddeef498b3c7 - - default default] Method 'is_advsvc' is deprecated since 2023.2 release (neutron-lib 3.8.0) and will be removed once support for the old RBAC API policies will be removed from Neutron. Please use method 'is_service_role' instead.
