2026-06-02 13:30:07.057 9 INFO neutron.services.segments.plugin [-] Segment 145d920e-2576-4fb0-aeef-657cbf831441 resource provider not found; error: Placement Client Error (4xx): {"errors": [{"status": 404, "title": "Not Found", "detail": "The resource could not be found.\n\n No resource provider with uuid 145d920e-2576-4fb0-aeef-657cbf831441 found for delete ", "request_id": "req-6f142d05-ac93-4e98-8ffb-7870ddf34108"}]}
2026-06-02 13:30:07.057 9 INFO neutron.services.segments.plugin [-] Segment 145d920e-2576-4fb0-aeef-657cbf831441 resource provider not found; error: Placement Client Error (4xx): {"errors": [{"status": 404, "title": "Not Found", "detail": "The resource could not be found.\n\n No resource provider with uuid 145d920e-2576-4fb0-aeef-657cbf831441 found for delete ", "request_id": "req-5b922d12-a706-4a28-b4ec-a6edfa673bf5"}]}
2026-06-02 13:30:07.145 10 INFO neutron.db.ovn_revision_numbers_db [None req-059f99b6-f7f5-43e6-9b14-d6172f677415 cf97476b4f9247d985f50fad056700a8 0fc492128c8c4bba9c9e6410e25bb331 - - default default] Successfully bumped revision number for resource 39475f45-c699-44d1-b3f5-f71d96e1b908 (type: security_group_rules) to 0
2026-06-02 13:30:07.174 10 INFO neutron.wsgi [None req-059f99b6-f7f5-43e6-9b14-d6172f677415 cf97476b4f9247d985f50fad056700a8 0fc492128c8c4bba9c9e6410e25bb331 - - default default] 10.0.0.158 "POST /v2.0/security-group-rules HTTP/1.1" status: 201 len: 764 time: 0.1760170
2026-06-02 13:30:07.185 10 WARNING neutron_lib.context [None req-7382878c-4d1f-4349-a118-4da1465e8104 cf97476b4f9247d985f50fad056700a8 0fc492128c8c4bba9c9e6410e25bb331 - - default default] Method 'is_advsvc' is deprecated since 2023.2 release (neutron-lib 3.8.0) and will be removed once support for the old RBAC API policies will be removed from Neutron. Please use method 'is_service_role' instead.
2026-06-02 13:30:07.311 10 INFO neutron.db.ovn_revision_numbers_db [None req-7382878c-4d1f-4349-a118-4da1465e8104 cf97476b4f9247d985f50fad056700a8 0fc492128c8c4bba9c9e6410e25bb331 - - default default] Successfully bumped revision number for resource 2b200f66-bcb2-4d72-a950-1aca6812f2a0 (type: security_group_rules) to 0
2026-06-02 13:30:07.339 10 INFO neutron.wsgi [None req-7382878c-4d1f-4349-a118-4da1465e8104 cf97476b4f9247d985f50fad056700a8 0fc492128c8c4bba9c9e6410e25bb331 - - default default] 10.0.0.158 "POST /v2.0/security-group-rules HTTP/1.1" status: 201 len: 764 time: 0.1598384
2026-06-02 13:30:07.350 10 WARNING neutron_lib.context [None req-8c018c3e-8e34-4297-ab63-9d5c3b05c7f8 cf97476b4f9247d985f50fad056700a8 0fc492128c8c4bba9c9e6410e25bb331 - - default default] Method 'is_advsvc' is deprecated since 2023.2 release (neutron-lib 3.8.0) and will be removed once support for the old RBAC API policies will be removed from Neutron. Please use method 'is_service_role' instead.
2026-06-02 13:30:07.482 10 INFO neutron.db.ovn_revision_numbers_db [None req-8c018c3e-8e34-4297-ab63-9d5c3b05c7f8 cf97476b4f9247d985f50fad056700a8 0fc492128c8c4bba9c9e6410e25bb331 - - default default] Successfully bumped revision number for resource 6c1b7e92-0836-4353-a76d-64e3596a317d (type: security_group_rules) to 0
2026-06-02 13:30:07.508 10 INFO neutron.wsgi [None req-8c018c3e-8e34-4297-ab63-9d5c3b05c7f8 cf97476b4f9247d985f50fad056700a8 0fc492128c8c4bba9c9e6410e25bb331 - - default default] 10.0.0.158 "POST /v2.0/security-group-rules HTTP/1.1" status: 201 len: 766 time: 0.1628234
2026-06-02 13:30:07.520 10 WARNING neutron_lib.context [None req-6cd2996a-17a0-435b-849d-a68c599d43d8 cf97476b4f9247d985f50fad056700a8 0fc492128c8c4bba9c9e6410e25bb331 - - default default] Method 'is_advsvc' is deprecated since 2023.2 release (neutron-lib 3.8.0) and will be removed once support for the old RBAC API policies will be removed from Neutron. Please use method 'is_service_role' instead.
2026-06-02 13:30:07.569 9 INFO neutron.wsgi [None req-dc420866-dc33-45b0-9088-9f7eb555d07f 0c30a91d923b4e87880f8dd9b0a1c882 8d6c285c4463467bafa338385d9d119f - - default default] 10.0.0.158 "GET /v2.0/security-groups?tenant_id=5bdb3eaee55a49408e34ddeef498b3c7&name=default HTTP/1.1" status: 200 len: 2996 time: 0.4998503
2026-06-02 13:30:07.657 10 INFO neutron.db.ovn_revision_numbers_db [None req-6cd2996a-17a0-435b-849d-a68c599d43d8 cf97476b4f9247d985f50fad056700a8 0fc492128c8c4bba9c9e6410e25bb331 - - default default] Successfully bumped revision number for resource 40efdbd1-587a-45a4-8143-209c27870003 (type: security_group_rules) to 0
2026-06-02 13:30:07.684 10 INFO neutron.wsgi [None req-6cd2996a-17a0-435b-849d-a68c599d43d8 cf97476b4f9247d985f50fad056700a8 0fc492128c8c4bba9c9e6410e25bb331 - - default default] 10.0.0.158 "POST /v2.0/security-group-rules HTTP/1.1" status: 201 len: 768 time: 0.1695752
2026-06-02 13:30:07.700 9 WARNING neutron_lib.context [None req-9524fa3a-2cb2-497a-b51b-c23cd69afb80 cf97476b4f9247d985f50fad056700a8 0fc492128c8c4bba9c9e6410e25bb331 - - default default] Method 'is_advsvc' is deprecated since 2023.2 release (neutron-lib 3.8.0) and will be removed once support for the old RBAC API policies will be removed from Neutron. Please use method 'is_service_role' instead.
2026-06-02 13:30:07.894 9 INFO neutron.wsgi [None req-89b13769-ce03-4aad-b0d8-307eb0dfa878 4a2c46e667d3422e8f569a0950338096 e16da7ae042f4e8f8b2707f4477425ed - - default default] 10.0.0.158 "DELETE /v2.0/ports/a3ef1f79-7cbd-4423-b418-eac8bb216db8 HTTP/1.1" status: 204 len: 168 time: 0.8497872
2026-06-02 13:30:07.952 9 INFO neutron.db.ovn_revision_numbers_db [None req-9524fa3a-2cb2-497a-b51b-c23cd69afb80 cf97476b4f9247d985f50fad056700a8 0fc492128c8c4bba9c9e6410e25bb331 - - default default] Successfully bumped revision number for resource 217dd1d9-e6a4-4791-bc7c-c4f7f5722de7 (type: security_group_rules) to 0
2026-06-02 13:30:07.975 9 INFO neutron.wsgi [None req-0f6d4817-292d-4cb4-8ed2-3db3e0c2306f 0c30a91d923b4e87880f8dd9b0a1c882 8d6c285c4463467bafa338385d9d119f - - default default] 10.0.0.158 "DELETE /v2.0/security-groups/0afae609-8ec0-499e-8d91-bcc2e66cb095 HTTP/1.1" status: 204 len: 168 time: 0.3963559
2026-06-02 13:30:07.990 9 INFO neutron.wsgi [None req-9524fa3a-2cb2-497a-b51b-c23cd69afb80 cf97476b4f9247d985f50fad056700a8 0fc492128c8c4bba9c9e6410e25bb331 - - default default] 10.0.0.158 "POST /v2.0/security-group-rules HTTP/1.1" status: 201 len: 768 time: 0.2988856
2026-06-02 13:30:08.002 9 WARNING neutron_lib.context [None req-509abab8-6311-4f60-8b0c-81a366dfca5d cf97476b4f9247d985f50fad056700a8 0fc492128c8c4bba9c9e6410e25bb331 - - default default] Method 'is_advsvc' is deprecated since 2023.2 release (neutron-lib 3.8.0) and will be removed once support for the old RBAC API policies will be removed from Neutron. Please use method 'is_service_role' instead.
2026-06-02 13:30:08.216 9 INFO neutron.db.ovn_revision_numbers_db [None req-509abab8-6311-4f60-8b0c-81a366dfca5d cf97476b4f9247d985f50fad056700a8 0fc492128c8c4bba9c9e6410e25bb331 - - default default] Successfully bumped revision number for resource fa6010ac-da05-450e-8d1b-0cb9de8bbf44 (type: security_group_rules) to 0
2026-06-02 13:30:08.246 9 INFO neutron.wsgi [None req-509abab8-6311-4f60-8b0c-81a366dfca5d cf97476b4f9247d985f50fad056700a8 0fc492128c8c4bba9c9e6410e25bb331 - - default default] 10.0.0.158 "POST /v2.0/security-group-rules HTTP/1.1" status: 201 len: 764 time: 0.2506468
2026-06-02 13:30:08.258 9 WARNING neutron_lib.context [None req-1a6d9101-02d0-4d8b-ae7a-830c22f1ae16 cf97476b4f9247d985f50fad056700a8 0fc492128c8c4bba9c9e6410e25bb331 - - default default] Method 'is_advsvc' is deprecated since 2023.2 release (neutron-lib 3.8.0) and will be removed once support for the old RBAC API policies will be removed from Neutron. Please use method 'is_service_role' instead.
2026-06-02 13:30:08.441 9 INFO neutron.db.ovn_revision_numbers_db [None req-1a6d9101-02d0-4d8b-ae7a-830c22f1ae16 cf97476b4f9247d985f50fad056700a8 0fc492128c8c4bba9c9e6410e25bb331 - - default default] Successfully bumped revision number for resource 72cd769c-9403-44ef-8eab-54f624e72fa1 (type: security_group_rules) to 0
2026-06-02 13:30:08.450 10 INFO neutron.services.segments.plugin [-] Segment ab8d4092-5623-4821-ac5b-3aa0d22ff7c6 resource provider aggregate not found
2026-06-02 13:30:08.461 10 INFO neutron.services.segments.plugin [-] Segment ab8d4092-5623-4821-ac5b-3aa0d22ff7c6 resource provider aggregate not found
2026-06-02 13:30:08.469 10 INFO neutron.services.segments.plugin [-] Segment ab8d4092-5623-4821-ac5b-3aa0d22ff7c6 resource provider not found; error: Placement Client Error (4xx): {"errors": [{"status": 404, "title": "Not Found", "detail": "The resource could not be found.\n\n No resource provider with uuid ab8d4092-5623-4821-ac5b-3aa0d22ff7c6 found for delete ", "request_id": "req-5195bedf-e957-4ff7-a29a-a13d2e875ddc"}]}
2026-06-02 13:30:08.480 9 INFO neutron.wsgi [None req-1a6d9101-02d0-4d8b-ae7a-830c22f1ae16 cf97476b4f9247d985f50fad056700a8 0fc492128c8c4bba9c9e6410e25bb331 - - default default] 10.0.0.158 "POST /v2.0/security-group-rules HTTP/1.1" status: 201 len: 764 time: 0.2268496
2026-06-02 13:30:08.488 10 INFO neutron.services.segments.plugin [-] Segment ab8d4092-5623-4821-ac5b-3aa0d22ff7c6 resource provider not found; error: Placement Client Error (4xx): {"errors": [{"status": 404, "title": "Not Found", "detail": "The resource could not be found.\n\n No resource provider with uuid ab8d4092-5623-4821-ac5b-3aa0d22ff7c6 found for delete ", "request_id": "req-9ae11244-e98e-4459-950b-b6d730e3723b"}]}
2026-06-02 13:30:08.497 10 WARNING neutron_lib.context [None req-3c71eb5e-5fc7-43d2-a348-0d73f5bbceeb cf97476b4f9247d985f50fad056700a8 0fc492128c8c4bba9c9e6410e25bb331 - - default default] Method 'is_advsvc' is deprecated since 2023.2 release (neutron-lib 3.8.0) and will be removed once support for the old RBAC API policies will be removed from Neutron. Please use method 'is_service_role' instead.
2026-06-02 13:30:08.525 10 INFO neutron.wsgi [None req-389d6998-eb2a-4fa4-a71b-d938079f63cb 4a2c46e667d3422e8f569a0950338096 e16da7ae042f4e8f8b2707f4477425ed - - default default] 10.0.0.158 "DELETE /v2.0/networks/41ffe315-5795-4165-95d9-ab49ea3c584b HTTP/1.1" status: 204 len: 168 time: 0.6249423
2026-06-02 13:30:08.681 10 INFO neutron.db.ovn_revision_numbers_db [None req-3c71eb5e-5fc7-43d2-a348-0d73f5bbceeb cf97476b4f9247d985f50fad056700a8 0fc492128c8c4bba9c9e6410e25bb331 - - default default] Successfully bumped revision number for resource 47b14e63-c15a-4e86-bf3f-f44e2110ca9d (type: security_group_rules) to 0
2026-06-02 13:30:08.711 10 INFO neutron.wsgi [None req-3c71eb5e-5fc7-43d2-a348-0d73f5bbceeb cf97476b4f9247d985f50fad056700a8 0fc492128c8c4bba9c9e6410e25bb331 - - default default] 10.0.0.158 "POST /v2.0/security-group-rules HTTP/1.1" status: 201 len: 764 time: 0.2206080
2026-06-02 13:30:08.725 10 WARNING neutron_lib.context [None req-5dc3a621-1e7e-497e-9e79-51f6b51f6782 cf97476b4f9247d985f50fad056700a8 0fc492128c8c4bba9c9e6410e25bb331 - - default default] Method 'is_advsvc' is deprecated since 2023.2 release (neutron-lib 3.8.0) and will be removed once support for the old RBAC API policies will be removed from Neutron. Please use method 'is_service_role' instead.
2026-06-02 13:30:08.896 10 INFO neutron.db.ovn_revision_numbers_db [None req-5dc3a621-1e7e-497e-9e79-51f6b51f6782 cf97476b4f9247d985f50fad056700a8 0fc492128c8c4bba9c9e6410e25bb331 - - default default] Successfully bumped revision number for resource 98b327f8-886b-4651-a603-716df4b6498f (type: security_group_rules) to 0
2026-06-02 13:30:08.934 10 INFO neutron.wsgi [None req-5dc3a621-1e7e-497e-9e79-51f6b51f6782 cf97476b4f9247d985f50fad056700a8 0fc492128c8c4bba9c9e6410e25bb331 - - default default] 10.0.0.158 "POST /v2.0/security-group-rules HTTP/1.1" status: 201 len: 766 time: 0.2152159
2026-06-02 13:30:08.945 10 WARNING neutron_lib.context [None req-681b8af9-a8cb-4530-aac9-7fcb7e5c0ab8 cf97476b4f9247d985f50fad056700a8 0fc492128c8c4bba9c9e6410e25bb331 - - default default] Method 'is_advsvc' is deprecated since 2023.2 release (neutron-lib 3.8.0) and will be removed once support for the old RBAC API policies will be removed from Neutron. Please use method 'is_service_role' instead.
2026-06-02 13:30:09.110 10 INFO neutron.db.ovn_revision_numbers_db [None req-681b8af9-a8cb-4530-aac9-7fcb7e5c0ab8 cf97476b4f9247d985f50fad056700a8 0fc492128c8c4bba9c9e6410e25bb331 - - default default] Successfully bumped revision number for resource ebb48842-f51a-4a35-850d-901386e8e199 (type: security_group_rules) to 0
2026-06-02 13:30:09.152 10 INFO neutron.wsgi [None req-681b8af9-a8cb-4530-aac9-7fcb7e5c0ab8 cf97476b4f9247d985f50fad056700a8 0fc492128c8c4bba9c9e6410e25bb331 - - default default] 10.0.0.158 "POST /v2.0/security-group-rules HTTP/1.1" status: 201 len: 768 time: 0.2115390
2026-06-02 13:30:09.168 10 WARNING neutron_lib.context [None req-e305d8d0-b98a-49f2-82ec-4a19f5fe6de1 cf97476b4f9247d985f50fad056700a8 0fc492128c8c4bba9c9e6410e25bb331 - - default default] Method 'is_advsvc' is deprecated since 2023.2 release (neutron-lib 3.8.0) and will be removed once support for the old RBAC API policies will be removed from Neutron. Please use method 'is_service_role' instead.
2026-06-02 13:30:09.242 9 INFO neutron.wsgi [None req-a72bd9d9-9110-4aab-87e9-bc55231f74f8 0c30a91d923b4e87880f8dd9b0a1c882 8d6c285c4463467bafa338385d9d119f - - default default] 10.0.0.158 "GET /v2.0/security-groups?tenant_id=e16da7ae042f4e8f8b2707f4477425ed&name=default HTTP/1.1" status: 200 len: 2996 time: 0.1680155
2026-06-02 13:30:09.358 10 INFO neutron.db.ovn_revision_numbers_db [None req-e305d8d0-b98a-49f2-82ec-4a19f5fe6de1 cf97476b4f9247d985f50fad056700a8 0fc492128c8c4bba9c9e6410e25bb331 - - default default] Successfully bumped revision number for resource dfa317d5-c154-404e-9162-2b98c8704ef7 (type: security_group_rules) to 0
2026-06-02 13:30:09.384 10 INFO neutron.wsgi [None req-e305d8d0-b98a-49f2-82ec-4a19f5fe6de1 cf97476b4f9247d985f50fad056700a8 0fc492128c8c4bba9c9e6410e25bb331 - - default default] 10.0.0.158 "POST /v2.0/security-group-rules HTTP/1.1" status: 201 len: 764 time: 0.2237673
2026-06-02 13:30:09.496 9 INFO neutron.wsgi [None req-5c48d404-034e-4188-9634-7e9bfc9ba45b 0c30a91d923b4e87880f8dd9b0a1c882 8d6c285c4463467bafa338385d9d119f - - default default] 10.0.0.158 "DELETE /v2.0/security-groups/18820057-6115-467a-9e79-1871e7d963a9 HTTP/1.1" status: 204 len: 168 time: 0.2468393
2026-06-02 13:30:09.789 9 INFO neutron.wsgi [req-d79419fb-a07d-41bf-a6b2-d5d9f572eed7 req-b8d059eb-7ca5-48d6-ba62-b72fb2631a97 cf97476b4f9247d985f50fad056700a8 0fc492128c8c4bba9c9e6410e25bb331 - - default default] 10.0.0.94 "GET /v2.0/security-groups?name=tempest-lb_member_SG-194524590&fields=id&tenant_id=0fc492128c8c4bba9c9e6410e25bb331 HTTP/1.1" status: 200 len: 267 time: 0.0473218
2026-06-02 13:30:09.893 9 INFO neutron.wsgi [req-d79419fb-a07d-41bf-a6b2-d5d9f572eed7 req-0a664274-9861-48ce-9447-f3291d7bf92c cf97476b4f9247d985f50fad056700a8 0fc492128c8c4bba9c9e6410e25bb331 - - default default] 10.0.0.94 "GET /v2.0/networks?id=a13635a4-9db4-463b-8a13-86d04bab04b5 HTTP/1.1" status: 200 len: 904 time: 0.0973537
2026-06-02 13:30:09.914 9 INFO neutron.wsgi [req-d79419fb-a07d-41bf-a6b2-d5d9f572eed7 req-fd89ac13-530a-4164-808c-0aeb02abeb4c cf97476b4f9247d985f50fad056700a8 0fc492128c8c4bba9c9e6410e25bb331 - - default default] 10.0.0.94 "GET /v2.0/quotas/0fc492128c8c4bba9c9e6410e25bb331 HTTP/1.1" status: 200 len: 386 time: 0.0141492
2026-06-02 13:30:10.185 9 INFO neutron.wsgi [req-d79419fb-a07d-41bf-a6b2-d5d9f572eed7 req-f53a1350-a061-4dea-9ec1-696c7a4d2980 cf97476b4f9247d985f50fad056700a8 0fc492128c8c4bba9c9e6410e25bb331 - - default default] 10.0.0.94 "GET /v2.0/ports?tenant_id=0fc492128c8c4bba9c9e6410e25bb331&fields=id HTTP/1.1" status: 200 len: 486 time: 0.2580414
2026-06-02 13:30:10.276 9 INFO neutron.wsgi [req-d79419fb-a07d-41bf-a6b2-d5d9f572eed7 req-c657e6f2-4fc2-40dc-b3e3-096341989973 8596af14fa624fbe84c1c1079a39e02b 2532fc06c16c45308850faae1ec5dfbe - - 03d0fd4c68764324974e6546d0ac0307 03d0fd4c68764324974e6546d0ac0307] 10.0.0.94 "GET /v2.0/networks/a13635a4-9db4-463b-8a13-86d04bab04b5?fields=segments HTTP/1.1" status: 200 len: 212 time: 0.0729277
2026-06-02 13:30:10.356 9 INFO neutron.wsgi [req-d79419fb-a07d-41bf-a6b2-d5d9f572eed7 req-84dd3bed-0c81-49a4-95c2-3acda0a0a8c7 8596af14fa624fbe84c1c1079a39e02b 2532fc06c16c45308850faae1ec5dfbe - - 03d0fd4c68764324974e6546d0ac0307 03d0fd4c68764324974e6546d0ac0307] 10.0.0.94 "GET /v2.0/networks/a13635a4-9db4-463b-8a13-86d04bab04b5?fields=provider%3Aphysical_network&fields=provider%3Anetwork_type HTTP/1.1" status: 200 len: 277 time: 0.0717595
2026-06-02 13:30:10.529 9 INFO neutron.wsgi [req-8d875e5b-dff3-4afd-9c91-68a40971762d req-fbfee988-ed69-4a7e-a995-f6e01687c55a cf97476b4f9247d985f50fad056700a8 0fc492128c8c4bba9c9e6410e25bb331 - - default default] 10.0.0.94 "GET /v2.0/ports?device_id=091a39cd-bfd7-430b-8c41-efe14170c07f HTTP/1.1" status: 200 len: 210 time: 0.0338764
2026-06-02 13:30:11.437 9 INFO neutron.wsgi [req-d79419fb-a07d-41bf-a6b2-d5d9f572eed7 req-db225b2c-eee6-4011-ab94-492efb5f4f07 cf97476b4f9247d985f50fad056700a8 0fc492128c8c4bba9c9e6410e25bb331 - - default default] 199.204.45.222 "GET /v2.0/networks?id=a13635a4-9db4-463b-8a13-86d04bab04b5 HTTP/1.1" status: 200 len: 904 time: 0.0975709
2026-06-02 13:30:11.518 9 INFO neutron.wsgi [req-d79419fb-a07d-41bf-a6b2-d5d9f572eed7 req-7d0f91a6-94a7-42d1-a77c-9784e121a5ba cf97476b4f9247d985f50fad056700a8 0fc492128c8c4bba9c9e6410e25bb331 - - default default] 199.204.45.222 "GET /v2.0/security-groups?fields=id&fields=name&tenant_id=0fc492128c8c4bba9c9e6410e25bb331 HTTP/1.1" status: 200 len: 377 time: 0.0702465
2026-06-02 13:30:11.549 9 WARNING neutron_lib.context [req-d79419fb-a07d-41bf-a6b2-d5d9f572eed7 req-d109a142-ea8e-47b7-9b6f-ed1862b2fb77 cf97476b4f9247d985f50fad056700a8 0fc492128c8c4bba9c9e6410e25bb331 - - default default] Method 'is_advsvc' is deprecated since 2023.2 release (neutron-lib 3.8.0) and will be removed once support for the old RBAC API policies will be removed from Neutron. Please use method 'is_service_role' instead.
2026-06-02 13:30:11.683 10 WARNING neutron.plugins.ml2.drivers.ovn.mech_driver.ovsdb.ovn_client [None req-fa7a0459-aa7f-4bb9-b037-665561982b0e - - - - - -] No hosting information found for port 0a96a76e-a770-4e23-b1e3-1aa9e9c87e80: RuntimeError: No hosting information found for port 0a96a76e-a770-4e23-b1e3-1aa9e9c87e80
2026-06-02 13:30:11.684 10 INFO neutron.plugins.ml2.drivers.ovn.mech_driver.mech_driver [None req-fa7a0459-aa7f-4bb9-b037-665561982b0e - - - - - -] OVN reports status up for port: 2beb1628-42d1-4409-a9fb-98b69aaf74e2
2026-06-02 13:30:11.692 10 INFO neutron.plugins.ml2.plugin [None req-fa7a0459-aa7f-4bb9-b037-665561982b0e - - - - - -] Attempt 1 to provision port 2beb1628-42d1-4409-a9fb-98b69aaf74e2
2026-06-02 13:30:11.926 9 WARNING neutron.scheduler.dhcp_agent_scheduler [req-d79419fb-a07d-41bf-a6b2-d5d9f572eed7 req-d109a142-ea8e-47b7-9b6f-ed1862b2fb77 cf97476b4f9247d985f50fad056700a8 0fc492128c8c4bba9c9e6410e25bb331 - - default default] No more DHCP agents
2026-06-02 13:30:11.947 9 WARNING neutron.api.rpc.agentnotifiers.dhcp_rpc_agent_api [req-d79419fb-a07d-41bf-a6b2-d5d9f572eed7 req-d109a142-ea8e-47b7-9b6f-ed1862b2fb77 cf97476b4f9247d985f50fad056700a8 0fc492128c8c4bba9c9e6410e25bb331 - - default default] Unable to schedule network a13635a4-9db4-463b-8a13-86d04bab04b5: no agents available; will retry on subsequent port and subnet creation events.
2026-06-02 13:30:12.142 9 INFO neutron.db.ovn_revision_numbers_db [req-d79419fb-a07d-41bf-a6b2-d5d9f572eed7 req-d109a142-ea8e-47b7-9b6f-ed1862b2fb77 cf97476b4f9247d985f50fad056700a8 0fc492128c8c4bba9c9e6410e25bb331 - - default default] Successfully bumped revision number for resource 47ddc4ba-9df1-45b6-a776-577c21774d52 (type: ports) to 1
2026-06-02 13:30:12.174 9 INFO neutron.wsgi [req-d79419fb-a07d-41bf-a6b2-d5d9f572eed7 req-d109a142-ea8e-47b7-9b6f-ed1862b2fb77 cf97476b4f9247d985f50fad056700a8 0fc492128c8c4bba9c9e6410e25bb331 - - default default] 199.204.45.222 "POST /v2.0/ports HTTP/1.1" status: 201 len: 1384 time: 0.6373396 /var/lib/openstack/lib/python3.10/site-packages/pycadf/identifier.py:71: UserWarning: Invalid uuid: neutron. To ensure interoperability, identifiers should be a valid uuid. warnings.warn(('Invalid uuid: %s. To ensure interoperability, '
2026-06-02 13:30:12.189 10 WARNING neutron_lib.context [None req-a06d462e-fa87-4288-93e6-33543b1919cf 1a5f2d1f251f4f16beb3dfa098b47210 24e601d9abef4d3fbb83ce6802f1199c - - default default] Method 'is_advsvc' is deprecated since 2023.2 release (neutron-lib 3.8.0) and will be removed once support for the old RBAC API policies will be removed from Neutron. Please use method 'is_service_role' instead.
2026-06-02 13:30:12.230 10 INFO neutron.wsgi [-] 10.0.0.23 "GET / HTTP/1.1" status: 200 len: 247 time: 0.0017316
2026-06-02 13:30:12.232 10 INFO neutron.wsgi [-] 10.0.0.23 "GET / HTTP/1.1" status: 200 len: 247 time: 0.0010111
2026-06-02 13:30:12.418 10 INFO neutron.db.ovn_revision_numbers_db [None req-a06d462e-fa87-4288-93e6-33543b1919cf 1a5f2d1f251f4f16beb3dfa098b47210 24e601d9abef4d3fbb83ce6802f1199c - - default default] Successfully bumped revision number for resource 805a0234-b0fb-4862-b264-22967c776fd6 (type: security_groups) to 1
2026-06-02 13:30:12.448 10 INFO neutron.db.ovn_revision_numbers_db [None req-a06d462e-fa87-4288-93e6-33543b1919cf 1a5f2d1f251f4f16beb3dfa098b47210 24e601d9abef4d3fbb83ce6802f1199c - - default default] Successfully bumped revision number for resource 147c9a1c-9a56-44a9-9c63-7b9a461096cd (type: security_group_rules) to 0
2026-06-02 13:30:12.484 10 INFO neutron.db.ovn_revision_numbers_db [None req-a06d462e-fa87-4288-93e6-33543b1919cf 1a5f2d1f251f4f16beb3dfa098b47210 24e601d9abef4d3fbb83ce6802f1199c - - default default] Successfully bumped revision number for resource 4bd0df40-101f-47cf-a790-af737928370a (type: security_group_rules) to 0
2026-06-02 13:30:12.503 10 INFO neutron.db.ovn_revision_numbers_db [None req-fa7a0459-aa7f-4bb9-b037-665561982b0e - - - - - -] Successfully bumped revision number for resource 2beb1628-42d1-4409-a9fb-98b69aaf74e2 (type: ports) to 2
2026-06-02 13:30:12.505 10 INFO neutron.db.ovn_revision_numbers_db [None req-a06d462e-fa87-4288-93e6-33543b1919cf 1a5f2d1f251f4f16beb3dfa098b47210 24e601d9abef4d3fbb83ce6802f1199c - - default default] Successfully bumped revision number for resource a4bdc834-987f-4800-a66a-0389be54c6fd (type: security_group_rules) to 0
2026-06-02 13:30:12.535 10 INFO neutron.db.ovn_revision_numbers_db [None req-a06d462e-fa87-4288-93e6-33543b1919cf 1a5f2d1f251f4f16beb3dfa098b47210 24e601d9abef4d3fbb83ce6802f1199c - - default default] Successfully bumped revision number for resource c979d4e7-7eeb-46ca-91c5-df751362c344 (type: security_group_rules) to 0
2026-06-02 13:30:12.594 9 INFO neutron.db.ovn_revision_numbers_db [None req-ab6e78a4-83c1-4de7-9d1d-061218c43e41 0c30a91d923b4e87880f8dd9b0a1c882 8d6c285c4463467bafa338385d9d119f - - default default] Successfully bumped revision number for resource 91887367-6745-4545-a791-fe617f863ec0 (type: security_groups) to 1
2026-06-02 13:30:12.595 10 INFO neutron.db.segments_db [None req-a06d462e-fa87-4288-93e6-33543b1919cf 1a5f2d1f251f4f16beb3dfa098b47210 24e601d9abef4d3fbb83ce6802f1199c - - default default] Added segment 4b74dd7a-be8e-4618-84bd-2304118523ad of type geneve for network 6aa39821-e06a-44ed-aa08-9a6f1a7d6b69
2026-06-02 13:30:12.598 10 INFO neutron.db.ovn_revision_numbers_db [None req-fa7a0459-aa7f-4bb9-b037-665561982b0e - - - - - -] Successfully bumped revision number for resource 2beb1628-42d1-4409-a9fb-98b69aaf74e2 (type: router_ports) to 2
2026-06-02 13:30:12.617 9 INFO neutron.db.ovn_revision_numbers_db [None req-ab6e78a4-83c1-4de7-9d1d-061218c43e41 0c30a91d923b4e87880f8dd9b0a1c882 8d6c285c4463467bafa338385d9d119f - - default default] Successfully bumped revision number for resource 629c513f-2eb1-45cf-bdfb-21571aaf9725 (type: security_group_rules) to 0
2026-06-02 13:30:12.638 9 INFO neutron.db.ovn_revision_numbers_db [None req-ab6e78a4-83c1-4de7-9d1d-061218c43e41 0c30a91d923b4e87880f8dd9b0a1c882 8d6c285c4463467bafa338385d9d119f - - default default] Successfully bumped revision number for resource 8f0fc8db-be71-4f11-a594-72ec2818be20 (type: security_group_rules) to 0
2026-06-02 13:30:12.665 9 INFO neutron.db.ovn_revision_numbers_db [None req-ab6e78a4-83c1-4de7-9d1d-061218c43e41 0c30a91d923b4e87880f8dd9b0a1c882 8d6c285c4463467bafa338385d9d119f - - default default] Successfully bumped revision number for resource a4456743-c9d9-40c2-9855-d2cd86778568 (type: security_group_rules) to 0
2026-06-02 13:30:12.686 9 INFO neutron.db.ovn_revision_numbers_db [None req-ab6e78a4-83c1-4de7-9d1d-061218c43e41 0c30a91d923b4e87880f8dd9b0a1c882 8d6c285c4463467bafa338385d9d119f - - default default] Successfully bumped revision number for resource d7009421-fc4b-4824-abb5-f350830230e9 (type: security_group_rules) to 0
2026-06-02 13:30:12.728 9 INFO neutron.wsgi [None req-ab6e78a4-83c1-4de7-9d1d-061218c43e41 0c30a91d923b4e87880f8dd9b0a1c882 8d6c285c4463467bafa338385d9d119f - - default default] 10.0.0.158 "GET /v2.0/security-groups?tenant_id=ab37a50097f741eba4be8c145712396e&name=default HTTP/1.1" status: 200 len: 2996 time: 0.6055365
2026-06-02 13:30:12.767 10 INFO neutron.db.ovn_revision_numbers_db [None req-a06d462e-fa87-4288-93e6-33543b1919cf 1a5f2d1f251f4f16beb3dfa098b47210 24e601d9abef4d3fbb83ce6802f1199c - - default default] Successfully bumped revision number for resource 6aa39821-e06a-44ed-aa08-9a6f1a7d6b69 (type: networks) to 1
2026-06-02 13:30:12.775 9 INFO neutron.db.ovn_revision_numbers_db [req-d79419fb-a07d-41bf-a6b2-d5d9f572eed7 req-30bd8d14-8059-4154-804e-eea2e67a4457 8596af14fa624fbe84c1c1079a39e02b 2532fc06c16c45308850faae1ec5dfbe - - 03d0fd4c68764324974e6546d0ac0307 03d0fd4c68764324974e6546d0ac0307] Successfully bumped revision number for resource 47ddc4ba-9df1-45b6-a776-577c21774d52 (type: ports) to 2
2026-06-02 13:30:12.957 10 WARNING neutron.scheduler.dhcp_agent_scheduler [None req-a06d462e-fa87-4288-93e6-33543b1919cf 1a5f2d1f251f4f16beb3dfa098b47210 24e601d9abef4d3fbb83ce6802f1199c - - default default] No more DHCP agents
2026-06-02 13:30:12.961 10 WARNING neutron.api.rpc.agentnotifiers.dhcp_rpc_agent_api [None req-a06d462e-fa87-4288-93e6-33543b1919cf 1a5f2d1f251f4f16beb3dfa098b47210 24e601d9abef4d3fbb83ce6802f1199c - - default default] Unable to schedule network 6aa39821-e06a-44ed-aa08-9a6f1a7d6b69: no agents available; will retry on subsequent port and subnet creation events.
2026-06-02 13:30:13.014 9 INFO neutron.db.ovn_revision_numbers_db [req-d79419fb-a07d-41bf-a6b2-d5d9f572eed7 req-30bd8d14-8059-4154-804e-eea2e67a4457 8596af14fa624fbe84c1c1079a39e02b 2532fc06c16c45308850faae1ec5dfbe - - 03d0fd4c68764324974e6546d0ac0307 03d0fd4c68764324974e6546d0ac0307] Successfully bumped revision number for resource 47ddc4ba-9df1-45b6-a776-577c21774d52 (type: ports) to 2
2026-06-02 13:30:13.037 9 INFO neutron.wsgi [req-d79419fb-a07d-41bf-a6b2-d5d9f572eed7 req-30bd8d14-8059-4154-804e-eea2e67a4457 8596af14fa624fbe84c1c1079a39e02b 2532fc06c16c45308850faae1ec5dfbe - - 03d0fd4c68764324974e6546d0ac0307 03d0fd4c68764324974e6546d0ac0307] 199.204.45.222 "PUT /v2.0/ports/47ddc4ba-9df1-45b6-a776-577c21774d52 HTTP/1.1" status: 200 len: 1601 time: 0.8517847
2026-06-02 13:30:13.063 10 INFO neutron.wsgi [None req-84344568-e577-4bda-b86d-cf3e35cd6ea5 0c30a91d923b4e87880f8dd9b0a1c882 8d6c285c4463467bafa338385d9d119f - - default default] 10.0.0.158 "DELETE /v2.0/security-groups/91887367-6745-4545-a791-fe617f863ec0 HTTP/1.1" status: 204 len: 168 time: 0.3281748
2026-06-02 13:30:13.075 10 INFO neutron.db.ovn_revision_numbers_db [None req-a06d462e-fa87-4288-93e6-33543b1919cf 1a5f2d1f251f4f16beb3dfa098b47210 24e601d9abef4d3fbb83ce6802f1199c - - default default] Successfully bumped revision number for resource 857db6b6-7aac-4183-998e-fc3c52a014d4 (type: ports) to 1
2026-06-02 13:30:13.076 9 INFO neutron.notifiers.nova [-] Nova event matching ['req-bb42f17a-8ff8-4b95-a546-9f5536432447'] response: {'name': 'network-changed', 'server_uuid': '091a39cd-bfd7-430b-8c41-efe14170c07f', 'tag': '47ddc4ba-9df1-45b6-a776-577c21774d52', 'status': 'completed', 'code': 200} /var/lib/openstack/lib/python3.10/site-packages/pycadf/identifier.py:71: UserWarning: Invalid uuid: neutron. To ensure interoperability, identifiers should be a valid uuid. warnings.warn(('Invalid uuid: %s. To ensure interoperability, '
2026-06-02 13:30:13.102 10 INFO neutron.wsgi [None req-a06d462e-fa87-4288-93e6-33543b1919cf 1a5f2d1f251f4f16beb3dfa098b47210 24e601d9abef4d3fbb83ce6802f1199c - - default default] 10.0.0.158 "POST /v2.0/networks HTTP/1.1" status: 201 len: 829 time: 1.6121624
2026-06-02 13:30:13.113 9 WARNING neutron_lib.context [None req-a1b6db09-92e1-4597-bc4d-7dcc21c5faea 1a5f2d1f251f4f16beb3dfa098b47210 24e601d9abef4d3fbb83ce6802f1199c - - default default] Method 'is_advsvc' is deprecated since 2023.2 release (neutron-lib 3.8.0) and will be removed once support for the old RBAC API policies will be removed from Neutron. Please use method 'is_service_role' instead.
2026-06-02 13:30:13.130 9 INFO neutron.wsgi [req-d79419fb-a07d-41bf-a6b2-d5d9f572eed7 req-e7beca47-21d8-4fc7-ba2f-e1ecb11f2312 8596af14fa624fbe84c1c1079a39e02b 2532fc06c16c45308850faae1ec5dfbe - - 03d0fd4c68764324974e6546d0ac0307 03d0fd4c68764324974e6546d0ac0307] 199.204.45.222 "GET /v2.0/ports?tenant_id=0fc492128c8c4bba9c9e6410e25bb331&device_id=091a39cd-bfd7-430b-8c41-efe14170c07f HTTP/1.1" status: 200 len: 1632 time: 0.0458651
2026-06-02 13:30:13.169 9 INFO neutron.wsgi [req-d79419fb-a07d-41bf-a6b2-d5d9f572eed7 req-b118acd7-6948-4230-aa44-12e2b064a5f5 8596af14fa624fbe84c1c1079a39e02b 2532fc06c16c45308850faae1ec5dfbe - - 03d0fd4c68764324974e6546d0ac0307 03d0fd4c68764324974e6546d0ac0307] 199.204.45.222 "GET /v2.0/floatingips?fixed_ip_address=10.2.1.46&port_id=47ddc4ba-9df1-45b6-a776-577c21774d52 HTTP/1.1" status: 200 len: 217 time: 0.0277073
2026-06-02 13:30:13.202 9 INFO neutron.wsgi [req-d79419fb-a07d-41bf-a6b2-d5d9f572eed7 req-83d883a4-36f7-4112-8748-2a58e3fc6596 8596af14fa624fbe84c1c1079a39e02b 2532fc06c16c45308850faae1ec5dfbe - - 03d0fd4c68764324974e6546d0ac0307 03d0fd4c68764324974e6546d0ac0307] 199.204.45.222 "GET /v2.0/floatingips?fixed_ip_address=fd7b%3Af9f7%3Afff%3A4eca%3A%3A384&port_id=47ddc4ba-9df1-45b6-a776-577c21774d52 HTTP/1.1" status: 200 len: 217 time: 0.0254190
2026-06-02 13:30:13.235 9 INFO neutron.db.segments_db [None req-a1b6db09-92e1-4597-bc4d-7dcc21c5faea 1a5f2d1f251f4f16beb3dfa098b47210 24e601d9abef4d3fbb83ce6802f1199c - - default default] Added segment 886ab525-f6f9-458a-9647-43d2a0376dd8 of type geneve for network 295bb0d0-94b2-4ccf-94fe-30ef4a5a4c3f
2026-06-02 13:30:13.266 9 INFO neutron.wsgi [req-d79419fb-a07d-41bf-a6b2-d5d9f572eed7 req-60ecec0e-5236-4a62-a1ca-36c07e8dfbe6 8596af14fa624fbe84c1c1079a39e02b 2532fc06c16c45308850faae1ec5dfbe - - 03d0fd4c68764324974e6546d0ac0307 03d0fd4c68764324974e6546d0ac0307] 199.204.45.222 "GET /v2.0/subnets?id=f4641a0a-4d16-40dd-8902-d4fa045c7b69&id=7f951691-69c9-4468-83de-921dc94b9b49 HTTP/1.1" status: 200 len: 1562 time: 0.0576069
2026-06-02 13:30:13.272 10 INFO neutron.db.ovn_revision_numbers_db [None req-333d5a0c-195c-4bd2-aede-b6329a61094a 0c30a91d923b4e87880f8dd9b0a1c882 8d6c285c4463467bafa338385d9d119f - - default default] Successfully bumped revision number for resource d710a7b2-397b-4302-b5f7-35cb403e7112 (type: security_groups) to 1
2026-06-02 13:30:13.306 10 INFO neutron.db.ovn_revision_numbers_db [None req-333d5a0c-195c-4bd2-aede-b6329a61094a 0c30a91d923b4e87880f8dd9b0a1c882 8d6c285c4463467bafa338385d9d119f - - default default] Successfully bumped revision number for resource 1586b37d-6449-4409-a6b9-6087626315a8 (type: security_group_rules) to 0
2026-06-02 13:30:13.309 10 INFO neutron.db.ovn_revision_numbers_db [None req-dd6f62fa-227c-4c12-b481-8363c41cb7fb 0c30a91d923b4e87880f8dd9b0a1c882 8d6c285c4463467bafa338385d9d119f - - default default] Successfully bumped revision number for resource 6ac1a6d2-f345-405a-beaf-8fa774a5d87d (type: security_groups) to 1
2026-06-02 13:30:13.312 9 INFO neutron.wsgi [req-d79419fb-a07d-41bf-a6b2-d5d9f572eed7 req-68fb9bd9-c7fe-4242-a786-249d372188c5 8596af14fa624fbe84c1c1079a39e02b 2532fc06c16c45308850faae1ec5dfbe - - 03d0fd4c68764324974e6546d0ac0307 03d0fd4c68764324974e6546d0ac0307] 199.204.45.222 "GET /v2.0/ports?network_id=a13635a4-9db4-463b-8a13-86d04bab04b5&device_owner=network%3Adhcp HTTP/1.1" status: 200 len: 210 time: 0.0366883
2026-06-02 13:30:13.323 10 INFO neutron.db.ovn_revision_numbers_db [None req-333d5a0c-195c-4bd2-aede-b6329a61094a 0c30a91d923b4e87880f8dd9b0a1c882 8d6c285c4463467bafa338385d9d119f - - default default] Successfully bumped revision number for resource 1e43ab04-d8c0-4877-8c9a-04852ddba6e6 (type: security_group_rules) to 0
2026-06-02 13:30:13.324 10 INFO neutron.db.ovn_revision_numbers_db [None req-dd6f62fa-227c-4c12-b481-8363c41cb7fb 0c30a91d923b4e87880f8dd9b0a1c882 8d6c285c4463467bafa338385d9d119f - - default default] Successfully bumped revision number for resource 47ebd27f-a645-4f59-be35-f83633664149 (type: security_group_rules) to 0
2026-06-02 13:30:13.344 10 INFO neutron.db.ovn_revision_numbers_db [None req-333d5a0c-195c-4bd2-aede-b6329a61094a 0c30a91d923b4e87880f8dd9b0a1c882 8d6c285c4463467bafa338385d9d119f - - default default] Successfully bumped revision number for resource 9b290acb-7e89-451a-b5a6-479725afeac6 (type: security_group_rules) to 0
2026-06-02 13:30:13.347 10 INFO neutron.db.ovn_revision_numbers_db [None req-dd6f62fa-227c-4c12-b481-8363c41cb7fb 0c30a91d923b4e87880f8dd9b0a1c882 8d6c285c4463467bafa338385d9d119f - - default default] Successfully bumped revision number for resource a51da6e5-6600-417c-8013-ddf9d543ebc5 (type: security_group_rules) to 0
2026-06-02 13:30:13.352 9 INFO neutron.wsgi [req-d79419fb-a07d-41bf-a6b2-d5d9f572eed7 req-3e5877b0-6e25-4392-a465-9a3526cb1421 8596af14fa624fbe84c1c1079a39e02b 2532fc06c16c45308850faae1ec5dfbe - - 03d0fd4c68764324974e6546d0ac0307 03d0fd4c68764324974e6546d0ac0307] 199.204.45.222 "GET /v2.0/ports?network_id=a13635a4-9db4-463b-8a13-86d04bab04b5&device_owner=network%3Adhcp HTTP/1.1" status: 200 len: 210 time: 0.0318563
2026-06-02 13:30:13.364 10 INFO neutron.db.ovn_revision_numbers_db [None req-333d5a0c-195c-4bd2-aede-b6329a61094a 0c30a91d923b4e87880f8dd9b0a1c882 8d6c285c4463467bafa338385d9d119f - - default default] Successfully bumped revision number for resource e4a2ec55-6643-4233-b89e-6c35f68e51d7 (type: security_group_rules) to 0
2026-06-02 13:30:13.368 10 INFO neutron.db.ovn_revision_numbers_db [None req-dd6f62fa-227c-4c12-b481-8363c41cb7fb 0c30a91d923b4e87880f8dd9b0a1c882 8d6c285c4463467bafa338385d9d119f - - default default] Successfully bumped revision number for resource d51a652c-802d-4cd8-ad67-417584589b9b (type: security_group_rules) to 0
2026-06-02 13:30:13.394 10 INFO neutron.wsgi [None req-333d5a0c-195c-4bd2-aede-b6329a61094a 0c30a91d923b4e87880f8dd9b0a1c882 8d6c285c4463467bafa338385d9d119f - - default default] 10.0.0.158 "GET /v2.0/security-groups?tenant_id=78adf63c1cfa4d318b96d005c1a03d8c&name=default HTTP/1.1" status: 200 len: 2996 time: 0.3807344
2026-06-02 13:30:13.401 10 INFO neutron.db.ovn_revision_numbers_db [None req-dd6f62fa-227c-4c12-b481-8363c41cb7fb 0c30a91d923b4e87880f8dd9b0a1c882 8d6c285c4463467bafa338385d9d119f - - default default] Successfully bumped revision number for resource d5ad58d7-d3a7-4a28-9061-291c5dad6c66 (type: security_group_rules) to 0
2026-06-02 13:30:13.447 10 INFO neutron.wsgi [None req-dd6f62fa-227c-4c12-b481-8363c41cb7fb 0c30a91d923b4e87880f8dd9b0a1c882 8d6c285c4463467bafa338385d9d119f - - default default] 10.0.0.158 "GET /v2.0/security-groups?tenant_id=87e0b07f21464390a1b1fab70cba604c&name=default HTTP/1.1" status: 200 len: 2996 time: 0.2771249
2026-06-02 13:30:13.451 9 INFO neutron.wsgi [req-d79419fb-a07d-41bf-a6b2-d5d9f572eed7 req-d1c7de19-332c-4707-bff0-6c182df96c61 8596af14fa624fbe84c1c1079a39e02b 2532fc06c16c45308850faae1ec5dfbe - - 03d0fd4c68764324974e6546d0ac0307 03d0fd4c68764324974e6546d0ac0307] 199.204.45.222 "GET /v2.0/networks/a13635a4-9db4-463b-8a13-86d04bab04b5?fields=segments HTTP/1.1" status: 200 len: 212 time: 0.0899408
2026-06-02 13:30:13.521 9 INFO neutron.db.ovn_revision_numbers_db [None req-a1b6db09-92e1-4597-bc4d-7dcc21c5faea 1a5f2d1f251f4f16beb3dfa098b47210 24e601d9abef4d3fbb83ce6802f1199c - - default default] Successfully bumped revision number for resource 295bb0d0-94b2-4ccf-94fe-30ef4a5a4c3f (type: networks) to 1
2026-06-02 13:30:13.559 9 INFO neutron.wsgi [req-d79419fb-a07d-41bf-a6b2-d5d9f572eed7 req-9ed38de8-24e8-4f0d-9950-9cde4e8329e4 8596af14fa624fbe84c1c1079a39e02b 2532fc06c16c45308850faae1ec5dfbe - - 03d0fd4c68764324974e6546d0ac0307 03d0fd4c68764324974e6546d0ac0307] 199.204.45.222 "GET /v2.0/networks/a13635a4-9db4-463b-8a13-86d04bab04b5?fields=provider%3Aphysical_network&fields=provider%3Anetwork_type HTTP/1.1" status: 200 len: 277 time: 0.0997417
2026-06-02 13:30:13.666 9 INFO neutron.wsgi [req-11b5a3f8-129e-4f1e-ad21-c6eb078a6278 req-b434e5ec-6daf-41b1-9794-2c597f41ddef 8596af14fa624fbe84c1c1079a39e02b 2532fc06c16c45308850faae1ec5dfbe - - 03d0fd4c68764324974e6546d0ac0307 03d0fd4c68764324974e6546d0ac0307] 199.204.45.222 "GET /v2.0/ports?tenant_id=0fc492128c8c4bba9c9e6410e25bb331&device_id=091a39cd-bfd7-430b-8c41-efe14170c07f HTTP/1.1" status: 200 len: 1632 time: 0.0542386
2026-06-02 13:30:13.708 10 INFO neutron.wsgi [None req-95dd425c-c059-4bcc-a615-bfe957206d0f 0c30a91d923b4e87880f8dd9b0a1c882 8d6c285c4463467bafa338385d9d119f - - default default] 10.0.0.158 "DELETE /v2.0/security-groups/d710a7b2-397b-4302-b5f7-35cb403e7112 HTTP/1.1" status: 204 len: 168 time: 0.3069677
2026-06-02 13:30:13.758 10 INFO neutron.wsgi [None req-6d10281c-4f01-4c65-a316-42c7cd65f010 0c30a91d923b4e87880f8dd9b0a1c882 8d6c285c4463467bafa338385d9d119f - - default default] 10.0.0.158 "DELETE /v2.0/security-groups/6ac1a6d2-f345-405a-beaf-8fa774a5d87d HTTP/1.1" status: 204 len: 168 time: 0.3059297
2026-06-02 13:30:13.788 9 INFO neutron.wsgi [req-11b5a3f8-129e-4f1e-ad21-c6eb078a6278 req-1bbd9f65-3bd7-4da3-af19-71dde4160b6b 8596af14fa624fbe84c1c1079a39e02b 2532fc06c16c45308850faae1ec5dfbe - - 03d0fd4c68764324974e6546d0ac0307 03d0fd4c68764324974e6546d0ac0307] 199.204.45.222 "GET /v2.0/networks?id=a13635a4-9db4-463b-8a13-86d04bab04b5 HTTP/1.1" status: 200 len: 1002 time: 0.1137431
2026-06-02 13:30:13.815 9 INFO neutron.plugins.ml2.drivers.ovn.mech_driver.mech_driver [None req-a75d0197-3311-46b9-a8ae-5e5b60bac344 - - - - - -] OVN reports status up for port: 47ddc4ba-9df1-45b6-a776-577c21774d52
2026-06-02 13:30:13.853 9 INFO neutron.wsgi [req-11b5a3f8-129e-4f1e-ad21-c6eb078a6278 req-3adc37cd-f20a-42e1-bac0-43037fbde40f 8596af14fa624fbe84c1c1079a39e02b 2532fc06c16c45308850faae1ec5dfbe - - 03d0fd4c68764324974e6546d0ac0307 03d0fd4c68764324974e6546d0ac0307] 199.204.45.222 "GET /v2.0/floatingips?fixed_ip_address=10.2.1.46&port_id=47ddc4ba-9df1-45b6-a776-577c21774d52 HTTP/1.1" status: 200 len: 217 time: 0.0461192
2026-06-02 13:30:13.861 9 INFO neutron.plugins.ml2.plugin [None req-a75d0197-3311-46b9-a8ae-5e5b60bac344 - - - - - -] Attempt 1 to provision port 47ddc4ba-9df1-45b6-a776-577c21774d52
2026-06-02 13:30:13.863 9 WARNING neutron.scheduler.dhcp_agent_scheduler [None req-a1b6db09-92e1-4597-bc4d-7dcc21c5faea 1a5f2d1f251f4f16beb3dfa098b47210 24e601d9abef4d3fbb83ce6802f1199c - - default default] No more DHCP agents
2026-06-02 13:30:14.074 10 INFO neutron.db.ovn_revision_numbers_db [None req-048b8a19-b6b8-4644-a0bc-baa4d9ae6a28 0c30a91d923b4e87880f8dd9b0a1c882 8d6c285c4463467bafa338385d9d119f - - default default] Successfully bumped revision number for resource 6e645770-e2c4-4e42-afa0-6b8f841cbefa (type: security_groups) to 1
2026-06-02 13:30:14.107 10 INFO neutron.db.ovn_revision_numbers_db [None req-048b8a19-b6b8-4644-a0bc-baa4d9ae6a28 0c30a91d923b4e87880f8dd9b0a1c882 8d6c285c4463467bafa338385d9d119f - - default default] Successfully bumped revision number for resource 06182de0-5869-434a-99c2-656a7060fa7d (type: security_group_rules) to 0
2026-06-02 13:30:14.128 10 INFO neutron.db.ovn_revision_numbers_db [None req-048b8a19-b6b8-4644-a0bc-baa4d9ae6a28 0c30a91d923b4e87880f8dd9b0a1c882 8d6c285c4463467bafa338385d9d119f - - default default] Successfully bumped revision number for resource 25a57bd2-9de9-49c8-b2e0-4cb06bc85ec9 (type: security_group_rules) to 0
2026-06-02 13:30:14.153 10 INFO neutron.db.ovn_revision_numbers_db [None req-048b8a19-b6b8-4644-a0bc-baa4d9ae6a28 0c30a91d923b4e87880f8dd9b0a1c882 8d6c285c4463467bafa338385d9d119f - - default default] Successfully bumped revision number for resource 29db97f6-0d78-4530-8b4e-8013fe0ea981 (type: security_group_rules) to 0
2026-06-02 13:30:14.180 10 INFO neutron.db.ovn_revision_numbers_db [None req-048b8a19-b6b8-4644-a0bc-baa4d9ae6a28 0c30a91d923b4e87880f8dd9b0a1c882 8d6c285c4463467bafa338385d9d119f - - default default] Successfully bumped revision number for resource d6b0b57c-6f96-47e7-91b4-21077ab89784 (type: security_group_rules) to 0
2026-06-02 13:30:14.212 10 INFO neutron.wsgi [None req-048b8a19-b6b8-4644-a0bc-baa4d9ae6a28 0c30a91d923b4e87880f8dd9b0a1c882 8d6c285c4463467bafa338385d9d119f - - default default] 10.0.0.158 "GET /v2.0/security-groups?tenant_id=c68bf2dc553949848e18fd8e2d9f2e3d&name=default HTTP/1.1" status: 200 len: 2996 time: 0.3001134
2026-06-02 13:30:14.298 9 WARNING neutron.api.rpc.agentnotifiers.dhcp_rpc_agent_api [None req-a1b6db09-92e1-4597-bc4d-7dcc21c5faea 1a5f2d1f251f4f16beb3dfa098b47210 24e601d9abef4d3fbb83ce6802f1199c - - default default] Unable to schedule network 295bb0d0-94b2-4ccf-94fe-30ef4a5a4c3f: no agents available; will retry on subsequent port and subnet creation events.
2026-06-02 13:30:14.329 9 INFO neutron.wsgi [req-11b5a3f8-129e-4f1e-ad21-c6eb078a6278 req-bca54685-12e8-4fb0-9448-0cb60febb2d4 8596af14fa624fbe84c1c1079a39e02b 2532fc06c16c45308850faae1ec5dfbe - - 03d0fd4c68764324974e6546d0ac0307 03d0fd4c68764324974e6546d0ac0307] 199.204.45.222 "GET /v2.0/floatingips?fixed_ip_address=fd7b%3Af9f7%3Afff%3A4eca%3A%3A384&port_id=47ddc4ba-9df1-45b6-a776-577c21774d52 HTTP/1.1" status: 200 len: 217 time: 0.4640007
2026-06-02 13:30:14.399 9 INFO neutron.wsgi [req-11b5a3f8-129e-4f1e-ad21-c6eb078a6278 req-27464e1b-5e66-477b-820e-e1f4add457e5 8596af14fa624fbe84c1c1079a39e02b 2532fc06c16c45308850faae1ec5dfbe - - 03d0fd4c68764324974e6546d0ac0307 03d0fd4c68764324974e6546d0ac0307] 199.204.45.222 "GET /v2.0/subnets?id=f4641a0a-4d16-40dd-8902-d4fa045c7b69&id=7f951691-69c9-4468-83de-921dc94b9b49 HTTP/1.1" status: 200 len: 1562 time: 0.0609353
2026-06-02 13:30:14.448 9 INFO neutron.wsgi [req-11b5a3f8-129e-4f1e-ad21-c6eb078a6278 req-5ba822c3-79cd-4a24-86ce-e6114abfff8a 8596af14fa624fbe84c1c1079a39e02b 2532fc06c16c45308850faae1ec5dfbe - - 03d0fd4c68764324974e6546d0ac0307 03d0fd4c68764324974e6546d0ac0307] 199.204.45.222 "GET /v2.0/ports?network_id=a13635a4-9db4-463b-8a13-86d04bab04b5&device_owner=network%3Adhcp HTTP/1.1" status: 200 len: 210 time: 0.0372427
2026-06-02 13:30:14.458 10 INFO neutron.wsgi [None req-a536a308-03b5-4b9f-8eba-061485c27c77 0c30a91d923b4e87880f8dd9b0a1c882 8d6c285c4463467bafa338385d9d119f - - default default] 10.0.0.158 "DELETE /v2.0/security-groups/6e645770-e2c4-4e42-afa0-6b8f841cbefa HTTP/1.1" status: 204 len: 168 time: 0.2341979
2026-06-02 13:30:14.481 9 INFO neutron.wsgi [req-11b5a3f8-129e-4f1e-ad21-c6eb078a6278 req-6f863246-d0c6-4637-8f40-c53008f5f0cf 8596af14fa624fbe84c1c1079a39e02b 2532fc06c16c45308850faae1ec5dfbe - - 03d0fd4c68764324974e6546d0ac0307 03d0fd4c68764324974e6546d0ac0307] 199.204.45.222 "GET /v2.0/ports?network_id=a13635a4-9db4-463b-8a13-86d04bab04b5&device_owner=network%3Adhcp HTTP/1.1" status: 200 len: 210 time: 0.0259953
2026-06-02 13:30:14.485 9 INFO neutron.db.ovn_revision_numbers_db [None req-a1b6db09-92e1-4597-bc4d-7dcc21c5faea 1a5f2d1f251f4f16beb3dfa098b47210 24e601d9abef4d3fbb83ce6802f1199c - - default default] Successfully bumped revision number for resource abdbb559-ea90-49f8-bb5d-3db406d6877f (type: ports) to 1
2026-06-02 13:30:14.549 9 INFO neutron.wsgi [None req-a1b6db09-92e1-4597-bc4d-7dcc21c5faea 1a5f2d1f251f4f16beb3dfa098b47210 24e601d9abef4d3fbb83ce6802f1199c - - default default] 10.0.0.158 "POST /v2.0/networks HTTP/1.1" status: 201 len: 829 time: 1.4419942
2026-06-02 13:30:14.565 10 WARNING neutron_lib.context [None req-06696385-4746-475d-be2d-1978a4244322 1a5f2d1f251f4f16beb3dfa098b47210 24e601d9abef4d3fbb83ce6802f1199c - - default default] Method 'is_advsvc' is deprecated since 2023.2 release (neutron-lib 3.8.0) and will be removed once support for the old RBAC API policies will be removed from Neutron. Please use method 'is_service_role' instead.
2026-06-02 13:30:14.603 9 INFO neutron.wsgi [req-11b5a3f8-129e-4f1e-ad21-c6eb078a6278 req-ec7bf600-adae-407c-a92b-c211e2ae9244 8596af14fa624fbe84c1c1079a39e02b 2532fc06c16c45308850faae1ec5dfbe - - 03d0fd4c68764324974e6546d0ac0307 03d0fd4c68764324974e6546d0ac0307] 199.204.45.222 "GET /v2.0/networks/a13635a4-9db4-463b-8a13-86d04bab04b5?fields=segments HTTP/1.1" status: 200 len: 212 time: 0.1103561
2026-06-02 13:30:14.707 9 INFO neutron.wsgi [req-11b5a3f8-129e-4f1e-ad21-c6eb078a6278 req-464dc9d7-621d-4169-a8a0-fdde102a4e2b 8596af14fa624fbe84c1c1079a39e02b 2532fc06c16c45308850faae1ec5dfbe - - 03d0fd4c68764324974e6546d0ac0307 03d0fd4c68764324974e6546d0ac0307] 199.204.45.222 "GET /v2.0/networks/a13635a4-9db4-463b-8a13-86d04bab04b5?fields=provider%3Aphysical_network&fields=provider%3Anetwork_type HTTP/1.1" status: 200 len: 277 time: 0.0956645
2026-06-02 13:30:14.791 9 INFO neutron.db.ovn_revision_numbers_db [None req-a75d0197-3311-46b9-a8ae-5e5b60bac344 - - - - - -] Successfully bumped revision number for resource 47ddc4ba-9df1-45b6-a776-577c21774d52 (type: ports) to 4
2026-06-02 13:30:14.825 10 WARNING neutron.scheduler.dhcp_agent_scheduler [None req-06696385-4746-475d-be2d-1978a4244322 1a5f2d1f251f4f16beb3dfa098b47210 24e601d9abef4d3fbb83ce6802f1199c - - default default] No more DHCP agents
2026-06-02 13:30:14.827 10 WARNING neutron.api.rpc.agentnotifiers.dhcp_rpc_agent_api [None req-06696385-4746-475d-be2d-1978a4244322 1a5f2d1f251f4f16beb3dfa098b47210 24e601d9abef4d3fbb83ce6802f1199c - - default default] Unable to schedule network 6aa39821-e06a-44ed-aa08-9a6f1a7d6b69: no agents available; will retry on subsequent port and subnet creation events.
2026-06-02 13:30:15.123 9 INFO neutron.notifiers.nova [-] Nova event matching ['req-3dae3573-3f47-42f0-b8c7-b64db0a99496'] response: {'server_uuid': '091a39cd-bfd7-430b-8c41-efe14170c07f', 'name': 'network-vif-plugged', 'status': 'completed', 'tag': '47ddc4ba-9df1-45b6-a776-577c21774d52', 'code': 200}
2026-06-02 13:30:15.123 9 INFO neutron.notifiers.nova [-] Nova event matching ['req-3dae3573-3f47-42f0-b8c7-b64db0a99496'] response: {'server_uuid': '091a39cd-bfd7-430b-8c41-efe14170c07f', 'name': 'network-vif-plugged', 'status': 'completed', 'tag': '47ddc4ba-9df1-45b6-a776-577c21774d52', 'code': 200}
2026-06-02 13:30:15.427 10 INFO neutron.db.ovn_revision_numbers_db [None req-06696385-4746-475d-be2d-1978a4244322 1a5f2d1f251f4f16beb3dfa098b47210 24e601d9abef4d3fbb83ce6802f1199c - - default default] Successfully bumped revision number for resource 857db6b6-7aac-4183-998e-fc3c52a014d4 (type: ports) to 2
2026-06-02 13:30:15.470 10 INFO neutron.db.ovn_revision_numbers_db [None req-06696385-4746-475d-be2d-1978a4244322 1a5f2d1f251f4f16beb3dfa098b47210 24e601d9abef4d3fbb83ce6802f1199c - - default default] Successfully bumped revision number for resource b59e4e21-7c50-4f7a-bde7-07af0c215f25 (type: subnets) to 0
2026-06-02 13:30:15.489 10 INFO neutron.wsgi [None req-06696385-4746-475d-be2d-1978a4244322 1a5f2d1f251f4f16beb3dfa098b47210 24e601d9abef4d3fbb83ce6802f1199c - - default default] 10.0.0.158 "POST /v2.0/subnets HTTP/1.1" status: 201 len: 801 time: 0.9327240
2026-06-02 13:30:15.509 10 WARNING neutron_lib.context [None req-08e3ade7-a1d0-49bd-bf6c-781068851185 1a5f2d1f251f4f16beb3dfa098b47210 24e601d9abef4d3fbb83ce6802f1199c - - default default] Method 'is_advsvc' is deprecated since 2023.2 release (neutron-lib 3.8.0) and will be removed once support for the old RBAC API policies will be removed from Neutron. Please use method 'is_service_role' instead. /var/lib/openstack/lib/python3.10/site-packages/pycadf/identifier.py:71: UserWarning: Invalid uuid: neutron. To ensure interoperability, identifiers should be a valid uuid. warnings.warn(('Invalid uuid: %s. To ensure interoperability, '
2026-06-02 13:30:15.745 9 INFO neutron.wsgi [req-b1d70f7e-ae7f-4d48-b585-7d93ad49f732 req-f55efb5b-c2a7-45fb-b973-9627c3d165f3 cf97476b4f9247d985f50fad056700a8 0fc492128c8c4bba9c9e6410e25bb331 - - default default] 10.0.0.94 "GET /v2.0/ports?device_id=091a39cd-bfd7-430b-8c41-efe14170c07f HTTP/1.1" status: 200 len: 1396 time: 0.1240306
2026-06-02 13:30:15.760 10 WARNING neutron.scheduler.dhcp_agent_scheduler [None req-08e3ade7-a1d0-49bd-bf6c-781068851185 1a5f2d1f251f4f16beb3dfa098b47210 24e601d9abef4d3fbb83ce6802f1199c - - default default] No more DHCP agents
2026-06-02 13:30:15.765 10 WARNING neutron.api.rpc.agentnotifiers.dhcp_rpc_agent_api [None req-08e3ade7-a1d0-49bd-bf6c-781068851185 1a5f2d1f251f4f16beb3dfa098b47210 24e601d9abef4d3fbb83ce6802f1199c - - default default] Unable to schedule network 295bb0d0-94b2-4ccf-94fe-30ef4a5a4c3f: no agents available; will retry on subsequent port and subnet creation events.
2026-06-02 13:30:15.799 9 INFO neutron.wsgi [req-b1d70f7e-ae7f-4d48-b585-7d93ad49f732 req-6310ad17-1921-4791-8d68-d1e47433103f cf97476b4f9247d985f50fad056700a8 0fc492128c8c4bba9c9e6410e25bb331 - - default default] 10.0.0.94 "GET /v2.0/security-groups?id=78d5d599-0f11-4021-9c60-914e0a9428d1&fields=id&fields=name HTTP/1.1" status: 200 len: 310 time: 0.0443475
