2026-06-02 13:28:04.374 10 INFO neutron.db.ovn_revision_numbers_db [None req-def01314-61bc-4ff6-8277-26a16ec285df cae6f30a715547a0b1ad2c10d344c2a4 40f2688870b94ca093077fbb12349d1a - - default default] Successfully bumped revision number for resource 1bb350b9-5603-4799-b3ac-5df253395eb7 (type: security_group_rules) to 0
2026-06-02 13:28:04.445 10 INFO neutron.db.ovn_revision_numbers_db [None req-def01314-61bc-4ff6-8277-26a16ec285df cae6f30a715547a0b1ad2c10d344c2a4 40f2688870b94ca093077fbb12349d1a - - default default] Successfully bumped revision number for resource 5cd11297-ed56-42af-8efe-719c28a7a5a0 (type: security_group_rules) to 0
2026-06-02 13:28:04.497 10 INFO neutron.wsgi [None req-def01314-61bc-4ff6-8277-26a16ec285df cae6f30a715547a0b1ad2c10d344c2a4 40f2688870b94ca093077fbb12349d1a - - default default] 10.0.0.158 "POST /v2.0/security-groups HTTP/1.1" status: 201 len: 1794 time: 0.3772194
2026-06-02 13:28:04.528 10 WARNING neutron_lib.context [None req-06882e3d-92de-4a4c-9b1e-b46fead3e478 cae6f30a715547a0b1ad2c10d344c2a4 40f2688870b94ca093077fbb12349d1a - - default default] Method 'is_advsvc' is deprecated since 2023.2 release (neutron-lib 3.8.0) and will be removed once support for the old RBAC API policies will be removed from Neutron. Please use method 'is_service_role' instead.
2026-06-02 13:28:04.550 9 INFO neutron.wsgi [req-0f7f26b8-b4ed-4995-8801-0bccaaa09589 req-b5882c02-bc26-4c67-8da8-1a45584a0d6e 37ddf375b2ad45648ff010756cc88117 1ec0998461f5410489642c9818d65bf0 - - default default] 10.0.0.94 "GET /v2.0/networks?id=ea86cad2-87f5-41d5-a9b6-d1875a403f0a HTTP/1.1" status: 200 len: 877 time: 0.1284211
2026-06-02 13:28:04.585 9 WARNING neutron_lib.context [req-3a1f35f5-95fd-43f4-b252-04fefc9a0749 req-7f1c91e7-f6cb-4ecd-b99f-bc1128554cbe cab65418e52342e9a6c0fc295b8b57f5 5421d4e4e94d4fc0b2cf80a985648cae - - default default] Method 'is_advsvc' is deprecated since 2023.2 release (neutron-lib 3.8.0) and will be removed once support for the old RBAC API policies will be removed from Neutron. Please use method 'is_service_role' instead.
2026-06-02 13:28:04.597 9 INFO neutron.wsgi [req-0f7f26b8-b4ed-4995-8801-0bccaaa09589 req-076258eb-10b2-47e6-9cae-0bed9acf2e32 37ddf375b2ad45648ff010756cc88117 1ec0998461f5410489642c9818d65bf0 - - default default] 10.0.0.94 "GET /v2.0/quotas/1ec0998461f5410489642c9818d65bf0 HTTP/1.1" status: 200 len: 386 time: 0.0385208
2026-06-02 13:28:04.635 10 INFO neutron.db.ovn_revision_numbers_db [None req-9d4e2ef2-0040-4888-a444-a2d85e755add - - - - - -] Successfully bumped revision number for resource 1af710c5-8d53-453b-ba86-897cf96ce153 (type: router_ports) to 4
2026-06-02 13:28:04.721 9 INFO neutron.wsgi [req-0f7f26b8-b4ed-4995-8801-0bccaaa09589 req-20aeed86-8b00-4d46-baed-633b88680a21 37ddf375b2ad45648ff010756cc88117 1ec0998461f5410489642c9818d65bf0 - - default default] 10.0.0.94 "GET /v2.0/ports?tenant_id=1ec0998461f5410489642c9818d65bf0&fields=id HTTP/1.1" status: 200 len: 302 time: 0.1151135
2026-06-02 13:28:04.766 10 INFO neutron.db.ovn_revision_numbers_db [None req-06882e3d-92de-4a4c-9b1e-b46fead3e478 cae6f30a715547a0b1ad2c10d344c2a4 40f2688870b94ca093077fbb12349d1a - - default default] Successfully bumped revision number for resource dea5a580-4aa2-4c0d-a534-668c325304b0 (type: security_group_rules) to 0
2026-06-02 13:28:04.771 9 INFO neutron.db.ovn_revision_numbers_db [req-3a1f35f5-95fd-43f4-b252-04fefc9a0749 req-7f1c91e7-f6cb-4ecd-b99f-bc1128554cbe cab65418e52342e9a6c0fc295b8b57f5 5421d4e4e94d4fc0b2cf80a985648cae - - default default] Successfully bumped revision number for resource f412650d-6718-45a0-9fdf-57c98b8c074d (type: security_groups) to 1
2026-06-02 13:28:04.784 9 INFO neutron.db.ovn_revision_numbers_db [req-3a1f35f5-95fd-43f4-b252-04fefc9a0749 req-7f1c91e7-f6cb-4ecd-b99f-bc1128554cbe cab65418e52342e9a6c0fc295b8b57f5 5421d4e4e94d4fc0b2cf80a985648cae - - default default] Successfully bumped revision number for resource 1bc5f8e2-b7df-4833-807f-48b3307d1615 (type: security_group_rules) to 0
2026-06-02 13:28:04.804 10 INFO neutron.wsgi [None req-06882e3d-92de-4a4c-9b1e-b46fead3e478 cae6f30a715547a0b1ad2c10d344c2a4 40f2688870b94ca093077fbb12349d1a - - default default] 10.0.0.158 "POST /v2.0/security-group-rules HTTP/1.1" status: 201 len: 764 time: 0.2859290
2026-06-02 13:28:04.809 9 INFO neutron.db.ovn_revision_numbers_db [req-3a1f35f5-95fd-43f4-b252-04fefc9a0749 req-7f1c91e7-f6cb-4ecd-b99f-bc1128554cbe cab65418e52342e9a6c0fc295b8b57f5 5421d4e4e94d4fc0b2cf80a985648cae - - default default] Successfully bumped revision number for resource f1e32b31-ad9f-4837-ad20-822ff5563583 (type: security_group_rules) to 0
2026-06-02 13:28:04.817 10 WARNING neutron_lib.context [None req-2b16f9ea-fab5-407d-a38c-1d9cd93e18e2 cae6f30a715547a0b1ad2c10d344c2a4 40f2688870b94ca093077fbb12349d1a - - default default] Method 'is_advsvc' is deprecated since 2023.2 release (neutron-lib 3.8.0) and will be removed once support for the old RBAC API policies will be removed from Neutron. Please use method 'is_service_role' instead.
2026-06-02 13:28:04.833 9 INFO neutron.wsgi [req-3a1f35f5-95fd-43f4-b252-04fefc9a0749 req-7f1c91e7-f6cb-4ecd-b99f-bc1128554cbe cab65418e52342e9a6c0fc295b8b57f5 5421d4e4e94d4fc0b2cf80a985648cae - - default default] 10.0.0.94 "POST /v2.0/security-groups HTTP/1.1" status: 201 len: 1826 time: 0.3351483
2026-06-02 13:28:04.889 9 INFO neutron.wsgi [req-3a9e9553-8ad8-454b-ad5e-340b711634ac req-62ba812a-3b9a-479f-b80a-59240bd84de4 cab65418e52342e9a6c0fc295b8b57f5 5421d4e4e94d4fc0b2cf80a985648cae - - default default] 10.0.0.94 "GET /v2.0/security-groups/f412650d-6718-45a0-9fdf-57c98b8c074d HTTP/1.1" status: 200 len: 1821 time: 0.0321333
2026-06-02 13:28:04.906 9 WARNING neutron_lib.context [req-3a9e9553-8ad8-454b-ad5e-340b711634ac req-31f19101-131a-4a7f-adea-7c60f0690394 cab65418e52342e9a6c0fc295b8b57f5 5421d4e4e94d4fc0b2cf80a985648cae - - default default] Method 'is_advsvc' is deprecated since 2023.2 release (neutron-lib 3.8.0) and will be removed once support for the old RBAC API policies will be removed from Neutron. Please use method 'is_service_role' instead.
2026-06-02 13:28:05.000 10 INFO neutron.db.ovn_revision_numbers_db [None req-2b16f9ea-fab5-407d-a38c-1d9cd93e18e2 cae6f30a715547a0b1ad2c10d344c2a4 40f2688870b94ca093077fbb12349d1a - - default default] Successfully bumped revision number for resource 90a9f6a8-9d21-40cf-bd65-dec47b478e48 (type: security_group_rules) to 0
2026-06-02 13:28:05.003 10 INFO neutron.db.ovn_revision_numbers_db [None req-0e618750-d8d1-4873-bf02-272e85ac9098 0c30a91d923b4e87880f8dd9b0a1c882 8d6c285c4463467bafa338385d9d119f - - default default] Successfully bumped revision number for resource 44fe1562-2be2-43bd-bea2-2dbe08fe856a (type: router_ports) to 1
2026-06-02 13:28:05.029 10 INFO neutron.wsgi [None req-2b16f9ea-fab5-407d-a38c-1d9cd93e18e2 cae6f30a715547a0b1ad2c10d344c2a4 40f2688870b94ca093077fbb12349d1a - - default default] 10.0.0.158 "POST /v2.0/security-group-rules HTTP/1.1" status: 201 len: 769 time: 0.2185726
2026-06-02 13:28:05.039 9 WARNING neutron_lib.context [None req-ed661bfe-85f6-431e-bdf5-d5f6c0de547c cae6f30a715547a0b1ad2c10d344c2a4 40f2688870b94ca093077fbb12349d1a - - default default] Method 'is_advsvc' is deprecated since 2023.2 release (neutron-lib 3.8.0) and will be removed once support for the old RBAC API policies will be removed from Neutron. Please use method 'is_service_role' instead.
2026-06-02 13:28:05.071 9 INFO neutron.db.ovn_revision_numbers_db [req-3a9e9553-8ad8-454b-ad5e-340b711634ac req-31f19101-131a-4a7f-adea-7c60f0690394 cab65418e52342e9a6c0fc295b8b57f5 5421d4e4e94d4fc0b2cf80a985648cae - - default default] Successfully bumped revision number for resource ae7d59c4-61a8-4298-956d-e5780530ad31 (type: security_group_rules) to 0
2026-06-02 13:28:05.134 9 INFO neutron.wsgi [req-3a9e9553-8ad8-454b-ad5e-340b711634ac req-31f19101-131a-4a7f-adea-7c60f0690394 cab65418e52342e9a6c0fc295b8b57f5 5421d4e4e94d4fc0b2cf80a985648cae - - default default] 10.0.0.94 "POST /v2.0/security-group-rules HTTP/1.1" status: 201 len: 786 time: 0.2372422
2026-06-02 13:28:05.146 9 INFO neutron.wsgi [req-0f7f26b8-b4ed-4995-8801-0bccaaa09589 req-8ace615e-b554-4cfe-a9f1-d8979dc6d3dc 8596af14fa624fbe84c1c1079a39e02b 2532fc06c16c45308850faae1ec5dfbe - - 03d0fd4c68764324974e6546d0ac0307 03d0fd4c68764324974e6546d0ac0307] 10.0.0.94 "GET /v2.0/extensions HTTP/1.1" status: 200 len: 16980 time: 0.0620036
2026-06-02 13:28:05.177 9 WARNING neutron_lib.context [req-85841368-0ec9-43f3-b6d0-69aa3730fbd8 req-8a188da1-6ee8-46b6-9a6a-b3098521ad0b cab65418e52342e9a6c0fc295b8b57f5 5421d4e4e94d4fc0b2cf80a985648cae - - default default] Method 'is_advsvc' is deprecated since 2023.2 release (neutron-lib 3.8.0) and will be removed once support for the old RBAC API policies will be removed from Neutron. Please use method 'is_service_role' instead.
2026-06-02 13:28:05.249 10 INFO neutron.db.ovn_revision_numbers_db [None req-0e618750-d8d1-4873-bf02-272e85ac9098 0c30a91d923b4e87880f8dd9b0a1c882 8d6c285c4463467bafa338385d9d119f - - default default] Successfully bumped revision number for resource 44fe1562-2be2-43bd-bea2-2dbe08fe856a (type: ports) to 1
2026-06-02 13:28:05.262 9 INFO neutron.wsgi [req-0f7f26b8-b4ed-4995-8801-0bccaaa09589 req-c249fb02-f0ee-417f-b1a3-b7fb496bb319 8596af14fa624fbe84c1c1079a39e02b 2532fc06c16c45308850faae1ec5dfbe - - 03d0fd4c68764324974e6546d0ac0307 03d0fd4c68764324974e6546d0ac0307] 10.0.0.94 "GET /v2.0/networks/ea86cad2-87f5-41d5-a9b6-d1875a403f0a?fields=segments HTTP/1.1" status: 200 len: 212 time: 0.1049111
2026-06-02 13:28:05.334 10 WARNING neutron.scheduler.dhcp_agent_scheduler [None req-0e618750-d8d1-4873-bf02-272e85ac9098 0c30a91d923b4e87880f8dd9b0a1c882 8d6c285c4463467bafa338385d9d119f - - default default] No more DHCP agents
2026-06-02 13:28:05.335 10 WARNING neutron.api.rpc.agentnotifiers.dhcp_rpc_agent_api [None req-0e618750-d8d1-4873-bf02-272e85ac9098 0c30a91d923b4e87880f8dd9b0a1c882 8d6c285c4463467bafa338385d9d119f - - default default] Unable to schedule network 3944f0ad-228e-4cfc-bfcf-5ce5ce2081ba: no agents available; will retry on subsequent port and subnet creation events.
2026-06-02 13:28:05.360 9 INFO neutron.wsgi [req-0f7f26b8-b4ed-4995-8801-0bccaaa09589 req-82ca541a-e549-4c53-a40c-8e9658ed8ab6 8596af14fa624fbe84c1c1079a39e02b 2532fc06c16c45308850faae1ec5dfbe - - 03d0fd4c68764324974e6546d0ac0307 03d0fd4c68764324974e6546d0ac0307] 10.0.0.94 "GET /v2.0/networks/ea86cad2-87f5-41d5-a9b6-d1875a403f0a?fields=provider%3Aphysical_network&fields=provider%3Anetwork_type HTTP/1.1" status: 200 len: 277 time: 0.0908577
2026-06-02 13:28:05.397 9 INFO neutron.db.ovn_revision_numbers_db [req-85841368-0ec9-43f3-b6d0-69aa3730fbd8 req-8a188da1-6ee8-46b6-9a6a-b3098521ad0b cab65418e52342e9a6c0fc295b8b57f5 5421d4e4e94d4fc0b2cf80a985648cae - - default default] Successfully bumped revision number for resource ce1ece23-5f4d-42c9-b651-7af27ba9bedc (type: security_groups) to 1
2026-06-02 13:28:05.412 9 INFO neutron.db.ovn_revision_numbers_db [req-85841368-0ec9-43f3-b6d0-69aa3730fbd8 req-8a188da1-6ee8-46b6-9a6a-b3098521ad0b cab65418e52342e9a6c0fc295b8b57f5 5421d4e4e94d4fc0b2cf80a985648cae - - default default] Successfully bumped revision number for resource 4b431f0d-0da4-4bc9-9d75-495d64a62907 (type: security_group_rules) to 0
2026-06-02 13:28:05.435 9 WARNING neutron.scheduler.dhcp_agent_scheduler [None req-ed661bfe-85f6-431e-bdf5-d5f6c0de547c cae6f30a715547a0b1ad2c10d344c2a4 40f2688870b94ca093077fbb12349d1a - - default default] No more DHCP agents
2026-06-02 13:28:05.436 9 INFO neutron.db.ovn_revision_numbers_db [req-85841368-0ec9-43f3-b6d0-69aa3730fbd8 req-8a188da1-6ee8-46b6-9a6a-b3098521ad0b cab65418e52342e9a6c0fc295b8b57f5 5421d4e4e94d4fc0b2cf80a985648cae - - default default] Successfully bumped revision number for resource b3e12028-bc5b-4081-9a23-37b7412932b2 (type: security_group_rules) to 0
2026-06-02 13:28:05.441 9 WARNING neutron.api.rpc.agentnotifiers.dhcp_rpc_agent_api [None req-ed661bfe-85f6-431e-bdf5-d5f6c0de547c cae6f30a715547a0b1ad2c10d344c2a4 40f2688870b94ca093077fbb12349d1a - - default default] Unable to schedule network d3336c6d-238f-48fb-bd6f-42aff5bd8ae5: no agents available; will retry on subsequent port and subnet creation events.
2026-06-02 13:28:05.462 9 INFO neutron.wsgi [req-85841368-0ec9-43f3-b6d0-69aa3730fbd8 req-8a188da1-6ee8-46b6-9a6a-b3098521ad0b cab65418e52342e9a6c0fc295b8b57f5 5421d4e4e94d4fc0b2cf80a985648cae - - default default] 10.0.0.94 "POST /v2.0/security-groups HTTP/1.1" status: 201 len: 1827 time: 0.2927024
2026-06-02 13:28:05.556 9 INFO neutron.wsgi [req-5185f638-e519-48d6-9b23-fd7599b8e293 req-3b3f457b-dd4e-4b16-b03c-cee4200bf528 cab65418e52342e9a6c0fc295b8b57f5 5421d4e4e94d4fc0b2cf80a985648cae - - default default] 10.0.0.94 "GET /v2.0/security-groups/ce1ece23-5f4d-42c9-b651-7af27ba9bedc HTTP/1.1" status: 200 len: 1822 time: 0.0688322
2026-06-02 13:28:05.569 9 WARNING neutron_lib.context [req-5185f638-e519-48d6-9b23-fd7599b8e293 req-00a0f5ea-ad3a-4f39-b8cf-6fb1613da799 cab65418e52342e9a6c0fc295b8b57f5 5421d4e4e94d4fc0b2cf80a985648cae - - default default] Method 'is_advsvc' is deprecated since 2023.2 release (neutron-lib 3.8.0) and will be removed once support for the old RBAC API policies will be removed from Neutron. Please use method 'is_service_role' instead.
2026-06-02 13:28:05.703 9 INFO neutron.wsgi [req-55957a44-faec-408e-ab5e-dd1f92f4e563 req-3e38970a-a0b4-4a21-b54e-c99b6b1cf98d 37ddf375b2ad45648ff010756cc88117 1ec0998461f5410489642c9818d65bf0 - - default default] 10.0.0.94 "GET /v2.0/ports?device_id=2ac775d9-2f9b-4852-a4b0-b1b44212b3bf HTTP/1.1" status: 200 len: 210 time: 0.0367646
2026-06-02 13:28:05.901 9 INFO neutron.db.ovn_revision_numbers_db [req-5185f638-e519-48d6-9b23-fd7599b8e293 req-00a0f5ea-ad3a-4f39-b8cf-6fb1613da799 cab65418e52342e9a6c0fc295b8b57f5 5421d4e4e94d4fc0b2cf80a985648cae - - default default] Successfully bumped revision number for resource 68c9c400-65d5-4363-ae96-cc862fba6f78 (type: security_group_rules) to 0
2026-06-02 13:28:05.945 9 INFO neutron.wsgi [req-5185f638-e519-48d6-9b23-fd7599b8e293 req-00a0f5ea-ad3a-4f39-b8cf-6fb1613da799 cab65418e52342e9a6c0fc295b8b57f5 5421d4e4e94d4fc0b2cf80a985648cae - - default default] 10.0.0.94 "POST /v2.0/security-group-rules HTTP/1.1" status: 201 len: 786 time: 0.3816848
2026-06-02 13:28:05.946 9 INFO neutron.db.ovn_revision_numbers_db [None req-ed661bfe-85f6-431e-bdf5-d5f6c0de547c cae6f30a715547a0b1ad2c10d344c2a4 40f2688870b94ca093077fbb12349d1a - - default default] Successfully bumped revision number for resource 33de5753-dd47-4120-ad82-a87665124391 (type: floatingips) to 0
2026-06-02 13:28:05.965 9 INFO neutron.wsgi [None req-ed661bfe-85f6-431e-bdf5-d5f6c0de547c cae6f30a715547a0b1ad2c10d344c2a4 40f2688870b94ca093077fbb12349d1a - - default default] 10.0.0.158 "POST /v2.0/floatingips HTTP/1.1" status: 201 len: 751 time: 0.9297597
2026-06-02 13:28:06.011 9 INFO neutron.wsgi [req-8c852e84-2e73-4bd1-99ad-02a7820cdba3 req-29db4aca-d031-42dd-ab22-bd4c5972e79e cab65418e52342e9a6c0fc295b8b57f5 5421d4e4e94d4fc0b2cf80a985648cae - - default default] 10.0.0.94 "GET /v2.0/security-groups/ce1ece23-5f4d-42c9-b651-7af27ba9bedc HTTP/1.1" status: 200 len: 2415 time: 0.0361409
2026-06-02 13:28:06.032 9 WARNING neutron_lib.context [req-8c852e84-2e73-4bd1-99ad-02a7820cdba3 req-924715a9-b02e-41c6-bec7-66b0abf0c322 cab65418e52342e9a6c0fc295b8b57f5 5421d4e4e94d4fc0b2cf80a985648cae - - default default] Method 'is_advsvc' is deprecated since 2023.2 release (neutron-lib 3.8.0) and will be removed once support for the old RBAC API policies will be removed from Neutron. Please use method 'is_service_role' instead.
2026-06-02 13:28:06.217 9 INFO neutron.db.ovn_revision_numbers_db [req-8c852e84-2e73-4bd1-99ad-02a7820cdba3 req-924715a9-b02e-41c6-bec7-66b0abf0c322 cab65418e52342e9a6c0fc295b8b57f5 5421d4e4e94d4fc0b2cf80a985648cae - - default default] Successfully bumped revision number for resource acb616e9-eb3b-4dd3-81f3-15bb09f2bd13 (type: security_group_rules) to 0
2026-06-02 13:28:06.263 9 INFO neutron.wsgi [req-8c852e84-2e73-4bd1-99ad-02a7820cdba3 req-924715a9-b02e-41c6-bec7-66b0abf0c322 cab65418e52342e9a6c0fc295b8b57f5 5421d4e4e94d4fc0b2cf80a985648cae - - default default] 10.0.0.94 "POST /v2.0/security-group-rules HTTP/1.1" status: 201 len: 791 time: 0.2364233
2026-06-02 13:28:06.302 10 INFO neutron.db.ovn_revision_numbers_db [None req-0e618750-d8d1-4873-bf02-272e85ac9098 0c30a91d923b4e87880f8dd9b0a1c882 8d6c285c4463467bafa338385d9d119f - - default default] Successfully bumped revision number for resource 44fe1562-2be2-43bd-bea2-2dbe08fe856a (type: router_ports) to 1
2026-06-02 13:28:06.304 10 INFO neutron.wsgi [None req-0e618750-d8d1-4873-bf02-272e85ac9098 0c30a91d923b4e87880f8dd9b0a1c882 8d6c285c4463467bafa338385d9d119f - - default default] 10.0.0.158 "PUT /v2.0/routers/fab82a85-dce9-44a7-a1de-42e66a627b0c/add_router_interface HTTP/1.1" status: 200 len: 503 time: 3.0173061
2026-06-02 13:28:06.328 9 INFO neutron.wsgi [req-d1ed3eec-8e04-4853-9908-a9c65f8fe098 req-7be844b3-2f01-4a13-a691-86726fa7f635 cab65418e52342e9a6c0fc295b8b57f5 5421d4e4e94d4fc0b2cf80a985648cae - - default default] 10.0.0.94 "GET /v2.0/security-groups/ce1ece23-5f4d-42c9-b651-7af27ba9bedc HTTP/1.1" status: 200 len: 3013 time: 0.0445292
2026-06-02 13:28:06.372 9 INFO neutron.wsgi [req-7fff91f8-b659-429a-a608-4761210fc3a9 req-43657e02-8828-4954-ad42-d451fee23dad cab65418e52342e9a6c0fc295b8b57f5 5421d4e4e94d4fc0b2cf80a985648cae - - default default] 10.0.0.94 "GET /v2.0/security-group-rules/acb616e9-eb3b-4dd3-81f3-15bb09f2bd13 HTTP/1.1" status: 200 len: 783 time: 0.0163763
2026-06-02 13:28:06.445 9 INFO neutron.wsgi [req-7fff91f8-b659-429a-a608-4761210fc3a9 req-adf91f6f-9246-4a45-a6fb-17acfdc2fba1 cab65418e52342e9a6c0fc295b8b57f5 5421d4e4e94d4fc0b2cf80a985648cae - - default default] 10.0.0.94 "GET /v2.0/security-groups/ce1ece23-5f4d-42c9-b651-7af27ba9bedc HTTP/1.1" status: 200 len: 3013 time: 0.0653455
2026-06-02 13:28:06.448 9 INFO neutron.wsgi [req-38dc3df6-0d2f-468d-9b75-42c5e3096ddf req-c1ca6099-023d-4a3e-97b0-a81595d0fad2 cae6f30a715547a0b1ad2c10d344c2a4 40f2688870b94ca093077fbb12349d1a - - default default] 10.0.0.94 "GET /v2.0/security-groups?name=tempest-securitygroup--32470237&fields=id&tenant_id=40f2688870b94ca093077fbb12349d1a HTTP/1.1" status: 200 len: 267 time: 0.0600643
2026-06-02 13:28:06.550 9 WARNING neutron.plugins.ml2.drivers.ovn.mech_driver.ovsdb.ovn_client [None req-a75d0197-3311-46b9-a8ae-5e5b60bac344 - - - - - -] No hosting information found for port b04a3c36-d1c8-49af-bf8b-0255da865f58: RuntimeError: No hosting information found for port b04a3c36-d1c8-49af-bf8b-0255da865f58
2026-06-02 13:28:06.550 9 INFO neutron.plugins.ml2.drivers.ovn.mech_driver.mech_driver [None req-a75d0197-3311-46b9-a8ae-5e5b60bac344 - - - - - -] OVN reports status up for port: 4ffed193-37d8-41b0-8085-95a1d005b028
2026-06-02 13:28:06.573 9 INFO neutron.plugins.ml2.plugin [None req-a75d0197-3311-46b9-a8ae-5e5b60bac344 - - - - - -] Attempt 1 to provision port 4ffed193-37d8-41b0-8085-95a1d005b028
2026-06-02 13:28:06.593 9 INFO neutron.wsgi [req-38dc3df6-0d2f-468d-9b75-42c5e3096ddf req-f1a87558-2758-4f8b-9765-38bef8a60132 cae6f30a715547a0b1ad2c10d344c2a4 40f2688870b94ca093077fbb12349d1a - - default default] 10.0.0.94 "GET /v2.0/networks?id=9fefacf7-1b6f-4c86-9c1d-983672a4585e HTTP/1.1" status: 200 len: 882 time: 0.1322865
2026-06-02 13:28:06.625 9 INFO neutron.wsgi [req-38dc3df6-0d2f-468d-9b75-42c5e3096ddf req-3a8172ab-311d-4e18-83dc-eb3cb29e1db7 cae6f30a715547a0b1ad2c10d344c2a4 40f2688870b94ca093077fbb12349d1a - - default default] 10.0.0.94 "GET /v2.0/quotas/40f2688870b94ca093077fbb12349d1a HTTP/1.1" status: 200 len: 386 time: 0.0240998
2026-06-02 13:28:06.761 9 INFO neutron.wsgi [req-38dc3df6-0d2f-468d-9b75-42c5e3096ddf req-9ebeba96-18d7-4e35-b2dd-c8e8df282003 cae6f30a715547a0b1ad2c10d344c2a4 40f2688870b94ca093077fbb12349d1a - - default default] 10.0.0.94 "GET /v2.0/ports?tenant_id=40f2688870b94ca093077fbb12349d1a&fields=id HTTP/1.1" status: 200 len: 302 time: 0.1270647
2026-06-02 13:28:06.768 9 INFO neutron.wsgi [req-7fff91f8-b659-429a-a608-4761210fc3a9 req-d82c45ae-21e8-43f2-9e3b-0231da0b34ed cab65418e52342e9a6c0fc295b8b57f5 5421d4e4e94d4fc0b2cf80a985648cae - - default default] 10.0.0.94 "DELETE /v2.0/security-group-rules/acb616e9-eb3b-4dd3-81f3-15bb09f2bd13 HTTP/1.1" status: 204 len: 173 time: 0.3161030
2026-06-02 13:28:06.857 9 INFO neutron.wsgi [req-38dc3df6-0d2f-468d-9b75-42c5e3096ddf req-ffb4f6a6-df28-478e-b84e-50a099490da4 8596af14fa624fbe84c1c1079a39e02b 2532fc06c16c45308850faae1ec5dfbe - - 03d0fd4c68764324974e6546d0ac0307 03d0fd4c68764324974e6546d0ac0307] 10.0.0.94 "GET /v2.0/networks/9fefacf7-1b6f-4c86-9c1d-983672a4585e?fields=segments HTTP/1.1" status: 200 len: 212 time: 0.0728164
2026-06-02 13:28:06.887 10 WARNING neutron_lib.context [None req-53dc733a-763f-4ad9-abb5-d9904385b152 b7b4a5cdc15d44f9b2ceb6a680114b4f d97ed2d9680c4aac902eed570faad74b - - default default] Method 'is_advsvc' is deprecated since 2023.2 release (neutron-lib 3.8.0) and will be removed once support for the old RBAC API policies will be removed from Neutron. Please use method 'is_service_role' instead.
2026-06-02 13:28:06.948 9 INFO neutron.wsgi [req-38dc3df6-0d2f-468d-9b75-42c5e3096ddf req-5a4a1fd8-5386-4b8f-b99d-756e65e7e9ce 8596af14fa624fbe84c1c1079a39e02b 2532fc06c16c45308850faae1ec5dfbe - - 03d0fd4c68764324974e6546d0ac0307 03d0fd4c68764324974e6546d0ac0307] 10.0.0.94 "GET /v2.0/networks/9fefacf7-1b6f-4c86-9c1d-983672a4585e?fields=provider%3Aphysical_network&fields=provider%3Anetwork_type HTTP/1.1" status: 200 len: 277 time: 0.0840216
2026-06-02 13:28:07.017 9 INFO neutron.wsgi [req-9d1e4d4b-2d68-495e-8290-890858bbab3a req-1a2df064-a4b0-4f79-89cc-a26030d0131a 37ddf375b2ad45648ff010756cc88117 1ec0998461f5410489642c9818d65bf0 - - default default] 10.0.0.94 "GET /v2.0/ports?device_id=2ac775d9-2f9b-4852-a4b0-b1b44212b3bf HTTP/1.1" status: 200 len: 210 time: 0.0273626
2026-06-02 13:28:07.035 9 INFO neutron.db.ovn_revision_numbers_db [None req-a75d0197-3311-46b9-a8ae-5e5b60bac344 - - - - - -] Successfully bumped revision number for resource 4ffed193-37d8-41b0-8085-95a1d005b028 (type: ports) to 2
2026-06-02 13:28:07.080 10 INFO neutron.db.ovn_revision_numbers_db [None req-53dc733a-763f-4ad9-abb5-d9904385b152 b7b4a5cdc15d44f9b2ceb6a680114b4f d97ed2d9680c4aac902eed570faad74b - - default default] Successfully bumped revision number for resource b9d15980-d139-4ea2-bb04-b768987de90c (type: security_groups) to 1
2026-06-02 13:28:07.111 10 INFO neutron.db.ovn_revision_numbers_db [None req-53dc733a-763f-4ad9-abb5-d9904385b152 b7b4a5cdc15d44f9b2ceb6a680114b4f d97ed2d9680c4aac902eed570faad74b - - default default] Successfully bumped revision number for resource 58a4d536-9506-4070-a340-8ca20c69b3c7 (type: security_group_rules) to 0
2026-06-02 13:28:07.112 9 INFO neutron.wsgi [req-3f620fe3-3174-499a-a2d5-f63244db6b70 req-c879072c-c496-44f1-bb7f-83de0684ad3d cae6f30a715547a0b1ad2c10d344c2a4 40f2688870b94ca093077fbb12349d1a - - default default] 10.0.0.94 "GET /v2.0/ports?device_id=f65d70c9-07e2-4f7e-8cb1-d06ed21a0432 HTTP/1.1" status: 200 len: 210 time: 0.0289400
2026-06-02 13:28:07.114 10 WARNING neutron.plugins.ml2.drivers.ovn.mech_driver.ovsdb.ovn_client [None req-fa7a0459-aa7f-4bb9-b037-665561982b0e - - - - - -] No hosting information found for port b486dc81-bad3-4a50-b9b8-1e682c6004a5: RuntimeError: No hosting information found for port b486dc81-bad3-4a50-b9b8-1e682c6004a5
2026-06-02 13:28:07.115 9 INFO neutron.wsgi [req-e57f4fbc-666c-4b46-9774-e6f03504b82b req-08e33d49-673e-40ea-b417-15dbb57b0b2e cab65418e52342e9a6c0fc295b8b57f5 5421d4e4e94d4fc0b2cf80a985648cae - - default default] 10.0.0.94 "GET /v2.0/security-groups/ce1ece23-5f4d-42c9-b651-7af27ba9bedc HTTP/1.1" status: 200 len: 2415 time: 0.0730989
2026-06-02 13:28:07.128 10 INFO neutron.db.ovn_revision_numbers_db [None req-53dc733a-763f-4ad9-abb5-d9904385b152 b7b4a5cdc15d44f9b2ceb6a680114b4f d97ed2d9680c4aac902eed570faad74b - - default default] Successfully bumped revision number for resource 815dce71-6101-4fee-ab35-43f7c368eae0 (type: security_group_rules) to 0
2026-06-02 13:28:07.150 10 INFO neutron.wsgi [None req-53dc733a-763f-4ad9-abb5-d9904385b152 b7b4a5cdc15d44f9b2ceb6a680114b4f d97ed2d9680c4aac902eed570faad74b - - default default] 10.0.0.158 "POST /v2.0/security-groups HTTP/1.1" status: 201 len: 1795 time: 0.2706959
2026-06-02 13:28:07.159 10 WARNING neutron_lib.context [None req-c69b902f-4a87-4a31-a293-0c30c7015f4c b7b4a5cdc15d44f9b2ceb6a680114b4f d97ed2d9680c4aac902eed570faad74b - - default default] Method 'is_advsvc' is deprecated since 2023.2 release (neutron-lib 3.8.0) and will be removed once support for the old RBAC API policies will be removed from Neutron. Please use method 'is_service_role' instead.
2026-06-02 13:28:07.160 9 INFO neutron.db.ovn_revision_numbers_db [None req-a75d0197-3311-46b9-a8ae-5e5b60bac344 - - - - - -] Successfully bumped revision number for resource 4ffed193-37d8-41b0-8085-95a1d005b028 (type: router_ports) to 2
2026-06-02 13:28:07.297 9 INFO neutron.wsgi [req-e57f4fbc-666c-4b46-9774-e6f03504b82b req-b6d2d9e2-1c7c-4ebc-9be2-3bdce4783935 cab65418e52342e9a6c0fc295b8b57f5 5421d4e4e94d4fc0b2cf80a985648cae - - default default] 10.0.0.94 "DELETE /v2.0/security-groups/ce1ece23-5f4d-42c9-b651-7af27ba9bedc HTTP/1.1" status: 204 len: 173 time: 0.1684203
2026-06-02 13:28:07.301 10 INFO neutron.db.ovn_revision_numbers_db [None req-c69b902f-4a87-4a31-a293-0c30c7015f4c b7b4a5cdc15d44f9b2ceb6a680114b4f d97ed2d9680c4aac902eed570faad74b - - default default] Successfully bumped revision number for resource 2c41579f-fdeb-402c-b588-459d9ecaabd4 (type: security_group_rules) to 0
2026-06-02 13:28:07.345 10 INFO neutron.wsgi [None req-c69b902f-4a87-4a31-a293-0c30c7015f4c b7b4a5cdc15d44f9b2ceb6a680114b4f d97ed2d9680c4aac902eed570faad74b - - default default] 10.0.0.158 "POST /v2.0/security-group-rules HTTP/1.1" status: 201 len: 764 time: 0.1902540
2026-06-02 13:28:07.358 9 WARNING neutron_lib.context [None req-b71ed2d8-974f-4fa6-8752-dcd8617c9625 b7b4a5cdc15d44f9b2ceb6a680114b4f d97ed2d9680c4aac902eed570faad74b - - default default] Method 'is_advsvc' is deprecated since 2023.2 release (neutron-lib 3.8.0) and will be removed once support for the old RBAC API policies will be removed from Neutron. Please use method 'is_service_role' instead.
2026-06-02 13:28:07.381 9 INFO neutron.wsgi [req-a9547936-7208-43ef-939a-af12f765531c req-814dab06-c01f-43aa-9715-821b5124900b cab65418e52342e9a6c0fc295b8b57f5 5421d4e4e94d4fc0b2cf80a985648cae - - default default] 10.0.0.94 "GET /v2.0/security-groups/f412650d-6718-45a0-9fdf-57c98b8c074d HTTP/1.1" status: 200 len: 2414 time: 0.0542085
2026-06-02 13:28:07.410 10 INFO neutron.wsgi [req-0f7f26b8-b4ed-4995-8801-0bccaaa09589 req-9cc18bd5-fb62-437d-abc9-100f11f3e6fa 37ddf375b2ad45648ff010756cc88117 1ec0998461f5410489642c9818d65bf0 - - default default] 199.204.45.222 "GET /v2.0/networks?id=ea86cad2-87f5-41d5-a9b6-d1875a403f0a HTTP/1.1" status: 200 len: 877 time: 0.1447661
2026-06-02 13:28:07.440 10 WARNING neutron_lib.context [req-0f7f26b8-b4ed-4995-8801-0bccaaa09589 req-d6877bf0-864c-4b7b-9038-dff697c71d6d 37ddf375b2ad45648ff010756cc88117 1ec0998461f5410489642c9818d65bf0 - - default default] Method 'is_advsvc' is deprecated since 2023.2 release (neutron-lib 3.8.0) and will be removed once support for the old RBAC API policies will be removed from Neutron. Please use method 'is_service_role' instead.
2026-06-02 13:28:07.568 9 INFO neutron.db.ovn_revision_numbers_db [None req-b71ed2d8-974f-4fa6-8752-dcd8617c9625 b7b4a5cdc15d44f9b2ceb6a680114b4f d97ed2d9680c4aac902eed570faad74b - - default default] Successfully bumped revision number for resource 5cdd78b4-680a-4122-bca3-184c0392ae42 (type: security_group_rules) to 0
2026-06-02 13:28:07.585 9 INFO neutron.wsgi [req-a9547936-7208-43ef-939a-af12f765531c req-71aa10b6-b8e5-4d6e-a5fc-8a0d5d938aa3 cab65418e52342e9a6c0fc295b8b57f5 5421d4e4e94d4fc0b2cf80a985648cae - - default default] 10.0.0.94 "DELETE /v2.0/security-groups/f412650d-6718-45a0-9fdf-57c98b8c074d HTTP/1.1" status: 204 len: 173 time: 0.1952262
2026-06-02 13:28:07.609 9 INFO neutron.wsgi [None req-b71ed2d8-974f-4fa6-8752-dcd8617c9625 b7b4a5cdc15d44f9b2ceb6a680114b4f d97ed2d9680c4aac902eed570faad74b - - default default] 10.0.0.158 "POST /v2.0/security-group-rules HTTP/1.1" status: 201 len: 769 time: 0.2594435
2026-06-02 13:28:07.624 10 WARNING neutron_lib.context [None req-cd9579a5-1b72-4a81-a50b-98839c9c1475 b7b4a5cdc15d44f9b2ceb6a680114b4f d97ed2d9680c4aac902eed570faad74b - - default default] Method 'is_advsvc' is deprecated since 2023.2 release (neutron-lib 3.8.0) and will be removed once support for the old RBAC API policies will be removed from Neutron. Please use method 'is_service_role' instead.
2026-06-02 13:28:08.132 10 WARNING neutron.scheduler.dhcp_agent_scheduler [None req-cd9579a5-1b72-4a81-a50b-98839c9c1475 b7b4a5cdc15d44f9b2ceb6a680114b4f d97ed2d9680c4aac902eed570faad74b - - default default] No more DHCP agents
2026-06-02 13:28:08.139 10 WARNING neutron.api.rpc.agentnotifiers.dhcp_rpc_agent_api [None req-cd9579a5-1b72-4a81-a50b-98839c9c1475 b7b4a5cdc15d44f9b2ceb6a680114b4f d97ed2d9680c4aac902eed570faad74b - - default default] Unable to schedule network d3336c6d-238f-48fb-bd6f-42aff5bd8ae5: no agents available; will retry on subsequent port and subnet creation events.
2026-06-02 13:28:08.197 10 INFO neutron.wsgi [req-38dc3df6-0d2f-468d-9b75-42c5e3096ddf req-f3694294-a351-49ef-820b-2441aa70507a cae6f30a715547a0b1ad2c10d344c2a4 40f2688870b94ca093077fbb12349d1a - - default default] 199.204.45.222 "GET /v2.0/networks?id=9fefacf7-1b6f-4c86-9c1d-983672a4585e HTTP/1.1" status: 200 len: 882 time: 0.1517265
2026-06-02 13:28:08.208 10 WARNING neutron.scheduler.dhcp_agent_scheduler [req-0f7f26b8-b4ed-4995-8801-0bccaaa09589 req-d6877bf0-864c-4b7b-9038-dff697c71d6d 37ddf375b2ad45648ff010756cc88117 1ec0998461f5410489642c9818d65bf0 - - default default] No more DHCP agents
2026-06-02 13:28:08.208 9 INFO neutron.wsgi [req-5d6db5b5-e0b0-4c79-bab1-2740ef1b7ca8 req-9ae9ce14-ad93-42ac-a312-760929782986 37ddf375b2ad45648ff010756cc88117 1ec0998461f5410489642c9818d65bf0 - - default default] 10.0.0.94 "GET /v2.0/ports?device_id=2ac775d9-2f9b-4852-a4b0-b1b44212b3bf HTTP/1.1" status: 200 len: 1156 time: 0.0659084
2026-06-02 13:28:08.213 10 WARNING neutron.api.rpc.agentnotifiers.dhcp_rpc_agent_api [req-0f7f26b8-b4ed-4995-8801-0bccaaa09589 req-d6877bf0-864c-4b7b-9038-dff697c71d6d 37ddf375b2ad45648ff010756cc88117 1ec0998461f5410489642c9818d65bf0 - - default default] Unable to schedule network ea86cad2-87f5-41d5-a9b6-d1875a403f0a: no agents available; will retry on subsequent port and subnet creation events. /var/lib/openstack/lib/python3.10/site-packages/pycadf/identifier.py:71: UserWarning: Invalid uuid: neutron. To ensure interoperability, identifiers should be a valid uuid. warnings.warn(('Invalid uuid: %s. To ensure interoperability, '
2026-06-02 13:28:08.320 10 INFO neutron.wsgi [req-38dc3df6-0d2f-468d-9b75-42c5e3096ddf req-1523bc7a-6964-4dbb-9be6-346d591956a5 cae6f30a715547a0b1ad2c10d344c2a4 40f2688870b94ca093077fbb12349d1a - - default default] 199.204.45.222 "GET /v2.0/security-groups?fields=id&fields=name&tenant_id=40f2688870b94ca093077fbb12349d1a HTTP/1.1" status: 200 len: 378 time: 0.1085901
2026-06-02 13:28:08.337 10 WARNING neutron_lib.context [req-38dc3df6-0d2f-468d-9b75-42c5e3096ddf req-ffac9238-cc86-4226-aca3-f6d954d06629 cae6f30a715547a0b1ad2c10d344c2a4 40f2688870b94ca093077fbb12349d1a - - default default] Method 'is_advsvc' is deprecated since 2023.2 release (neutron-lib 3.8.0) and will be removed once support for the old RBAC API policies will be removed from Neutron. Please use method 'is_service_role' instead.
2026-06-02 13:28:08.415 9 INFO neutron.wsgi [req-54ba2850-fe57-4add-8045-c93fffdb61f0 req-be591e6b-b98f-47c7-8f4d-270868347365 cae6f30a715547a0b1ad2c10d344c2a4 40f2688870b94ca093077fbb12349d1a - - default default] 10.0.0.94 "GET /v2.0/ports?device_id=f65d70c9-07e2-4f7e-8cb1-d06ed21a0432 HTTP/1.1" status: 200 len: 210 time: 0.2052789
2026-06-02 13:28:08.479 9 INFO neutron.wsgi [req-5d6db5b5-e0b0-4c79-bab1-2740ef1b7ca8 req-c05d676b-5e1e-4861-a95d-58b7ae5531e4 37ddf375b2ad45648ff010756cc88117 1ec0998461f5410489642c9818d65bf0 - - default default] 10.0.0.94 "GET /v2.0/security-groups?id=0ad34f1b-3aa6-4a41-a519-96830625cc07&fields=id&fields=name HTTP/1.1" status: 200 len: 286 time: 0.2581501
2026-06-02 13:28:08.508 10 INFO neutron.db.ovn_revision_numbers_db [req-0f7f26b8-b4ed-4995-8801-0bccaaa09589 req-d6877bf0-864c-4b7b-9038-dff697c71d6d 37ddf375b2ad45648ff010756cc88117 1ec0998461f5410489642c9818d65bf0 - - default default] Successfully bumped revision number for resource 63242fc3-7813-4c1e-81c5-5583346b8396 (type: ports) to 1
2026-06-02 13:28:08.549 10 INFO neutron.wsgi [req-0f7f26b8-b4ed-4995-8801-0bccaaa09589 req-d6877bf0-864c-4b7b-9038-dff697c71d6d 37ddf375b2ad45648ff010756cc88117 1ec0998461f5410489642c9818d65bf0 - - default default] 199.204.45.222 "POST /v2.0/ports HTTP/1.1" status: 201 len: 1158 time: 1.1127930
2026-06-02 13:28:08.565 10 INFO neutron.wsgi [req-0f7f26b8-b4ed-4995-8801-0bccaaa09589 req-22451556-1d97-467d-be84-0fcc71b70b8a 37ddf375b2ad45648ff010756cc88117 1ec0998461f5410489642c9818d65bf0 - - default default] 199.204.45.222 "GET /v2.0/extensions HTTP/1.1" status: 200 len: 16980 time: 0.0108013
2026-06-02 13:28:08.822 10 INFO neutron.db.ovn_revision_numbers_db [None req-cd9579a5-1b72-4a81-a50b-98839c9c1475 b7b4a5cdc15d44f9b2ceb6a680114b4f d97ed2d9680c4aac902eed570faad74b - - default default] Successfully bumped revision number for resource 8a44e613-8b0b-4d7a-85b6-371a423b79da (type: floatingips) to 0
2026-06-02 13:28:08.855 10 INFO neutron.wsgi [None req-cd9579a5-1b72-4a81-a50b-98839c9c1475 b7b4a5cdc15d44f9b2ceb6a680114b4f d97ed2d9680c4aac902eed570faad74b - - default default] 10.0.0.158 "POST /v2.0/floatingips HTTP/1.1" status: 201 len: 751 time: 1.2377050 /var/lib/openstack/lib/python3.10/site-packages/pycadf/identifier.py:71: UserWarning: Invalid uuid: neutron. To ensure interoperability, identifiers should be a valid uuid. warnings.warn(('Invalid uuid: %s. To ensure interoperability, '
2026-06-02 13:28:08.985 10 WARNING neutron.scheduler.dhcp_agent_scheduler [req-38dc3df6-0d2f-468d-9b75-42c5e3096ddf req-ffac9238-cc86-4226-aca3-f6d954d06629 cae6f30a715547a0b1ad2c10d344c2a4 40f2688870b94ca093077fbb12349d1a - - default default] No more DHCP agents
2026-06-02 13:28:08.990 10 WARNING neutron.api.rpc.agentnotifiers.dhcp_rpc_agent_api [req-38dc3df6-0d2f-468d-9b75-42c5e3096ddf req-ffac9238-cc86-4226-aca3-f6d954d06629 cae6f30a715547a0b1ad2c10d344c2a4 40f2688870b94ca093077fbb12349d1a - - default default] Unable to schedule network 9fefacf7-1b6f-4c86-9c1d-983672a4585e: no agents available; will retry on subsequent port and subnet creation events.
2026-06-02 13:28:09.192 10 INFO neutron.db.ovn_revision_numbers_db [req-38dc3df6-0d2f-468d-9b75-42c5e3096ddf req-ffac9238-cc86-4226-aca3-f6d954d06629 cae6f30a715547a0b1ad2c10d344c2a4 40f2688870b94ca093077fbb12349d1a - - default default] Successfully bumped revision number for resource 242f9470-f8b5-4584-8960-b9673efa4e07 (type: ports) to 1
2026-06-02 13:28:09.221 10 INFO neutron.wsgi [req-38dc3df6-0d2f-468d-9b75-42c5e3096ddf req-ffac9238-cc86-4226-aca3-f6d954d06629 cae6f30a715547a0b1ad2c10d344c2a4 40f2688870b94ca093077fbb12349d1a - - default default] 199.204.45.222 "POST /v2.0/ports HTTP/1.1" status: 201 len: 1158 time: 0.8904152 /var/lib/openstack/lib/python3.10/site-packages/pycadf/identifier.py:71: UserWarning: Invalid uuid: neutron. To ensure interoperability, identifiers should be a valid uuid. warnings.warn(('Invalid uuid: %s. To ensure interoperability, '
2026-06-02 13:28:09.442 9 INFO neutron.wsgi [None req-58678296-11e9-4129-8b72-e54086d6ca39 0c30a91d923b4e87880f8dd9b0a1c882 8d6c285c4463467bafa338385d9d119f - - default default] 10.0.0.158 "PUT /v2.0/routers/ba7f4bb6-95ff-4d89-927f-d0cd4bbba0a0/remove_router_interface HTTP/1.1" status: 200 len: 503 time: 1.8444819 /var/lib/openstack/lib/python3.10/site-packages/pycadf/identifier.py:71: UserWarning: Invalid uuid: neutron. To ensure interoperability, identifiers should be a valid uuid. warnings.warn(('Invalid uuid: %s. To ensure interoperability, '
2026-06-02 13:28:09.558 10 INFO neutron.db.ovn_revision_numbers_db [req-0f7f26b8-b4ed-4995-8801-0bccaaa09589 req-b989279b-69a2-45f6-8185-652212ae2a3b 8596af14fa624fbe84c1c1079a39e02b 2532fc06c16c45308850faae1ec5dfbe - - 03d0fd4c68764324974e6546d0ac0307 03d0fd4c68764324974e6546d0ac0307] Successfully bumped revision number for resource 63242fc3-7813-4c1e-81c5-5583346b8396 (type: ports) to 2
2026-06-02 13:28:09.565 9 INFO neutron.wsgi [req-76c3df14-da00-4160-a0f9-17d6719b4334 req-069a02dd-9d2b-45f4-a5b8-6abe165a2955 cae6f30a715547a0b1ad2c10d344c2a4 40f2688870b94ca093077fbb12349d1a - - default default] 10.0.0.94 "GET /v2.0/ports?device_id=f65d70c9-07e2-4f7e-8cb1-d06ed21a0432 HTTP/1.1" status: 200 len: 1156 time: 0.0722127
2026-06-02 13:28:09.631 9 INFO neutron.wsgi [req-f19dc240-0489-4210-ae74-ade7b86021ce req-a27d5911-79d0-4e6d-bc58-92900708ab17 37ddf375b2ad45648ff010756cc88117 1ec0998461f5410489642c9818d65bf0 - - default default] 10.0.0.94 "GET /v2.0/ports?device_id=2ac775d9-2f9b-4852-a4b0-b1b44212b3bf HTTP/1.1" status: 200 len: 1168 time: 0.0659351
2026-06-02 13:28:09.680 9 INFO neutron.wsgi [req-76c3df14-da00-4160-a0f9-17d6719b4334 req-c648ced4-59ab-4646-84d5-4ba6627bbf3f cae6f30a715547a0b1ad2c10d344c2a4 40f2688870b94ca093077fbb12349d1a - - default default] 10.0.0.94 "GET /v2.0/security-groups?id=c6dad07d-4475-4441-98cb-d728c1010211&fields=id&fields=name HTTP/1.1" status: 200 len: 311 time: 0.1050406
2026-06-02 13:28:09.700 9 INFO neutron.wsgi [req-f19dc240-0489-4210-ae74-ade7b86021ce req-77853cd8-cdef-4061-b0e8-f43d51b856e5 37ddf375b2ad45648ff010756cc88117 1ec0998461f5410489642c9818d65bf0 - - default default] 10.0.0.94 "GET /v2.0/security-groups?id=0ad34f1b-3aa6-4a41-a519-96830625cc07&fields=id&fields=name HTTP/1.1" status: 200 len: 286 time: 0.0587304
2026-06-02 13:28:09.819 10 INFO neutron.db.ovn_revision_numbers_db [req-38dc3df6-0d2f-468d-9b75-42c5e3096ddf req-7e4d9b40-0988-4d51-bdf2-bd7c38599cf1 8596af14fa624fbe84c1c1079a39e02b 2532fc06c16c45308850faae1ec5dfbe - - 03d0fd4c68764324974e6546d0ac0307 03d0fd4c68764324974e6546d0ac0307] Successfully bumped revision number for resource 242f9470-f8b5-4584-8960-b9673efa4e07 (type: ports) to 2
2026-06-02 13:28:09.858 10 INFO neutron.db.ovn_revision_numbers_db [req-0f7f26b8-b4ed-4995-8801-0bccaaa09589 req-b989279b-69a2-45f6-8185-652212ae2a3b 8596af14fa624fbe84c1c1079a39e02b 2532fc06c16c45308850faae1ec5dfbe - - 03d0fd4c68764324974e6546d0ac0307 03d0fd4c68764324974e6546d0ac0307] Successfully bumped revision number for resource 63242fc3-7813-4c1e-81c5-5583346b8396 (type: ports) to 2
2026-06-02 13:28:09.889 10 INFO neutron.wsgi [req-0f7f26b8-b4ed-4995-8801-0bccaaa09589 req-b989279b-69a2-45f6-8185-652212ae2a3b 8596af14fa624fbe84c1c1079a39e02b 2532fc06c16c45308850faae1ec5dfbe - - 03d0fd4c68764324974e6546d0ac0307 03d0fd4c68764324974e6546d0ac0307] 199.204.45.222 "PUT /v2.0/ports/63242fc3-7813-4c1e-81c5-5583346b8396 HTTP/1.1" status: 200 len: 1376 time: 1.0014846 /var/lib/openstack/lib/python3.10/site-packages/pycadf/identifier.py:71: UserWarning: Invalid uuid: neutron. To ensure interoperability, identifiers should be a valid uuid. warnings.warn(('Invalid uuid: %s. To ensure interoperability, '
2026-06-02 13:28:10.000 10 INFO neutron.wsgi [req-0f7f26b8-b4ed-4995-8801-0bccaaa09589 req-067a0200-912c-49a2-89f2-628696e498a4 8596af14fa624fbe84c1c1079a39e02b 2532fc06c16c45308850faae1ec5dfbe - - 03d0fd4c68764324974e6546d0ac0307 03d0fd4c68764324974e6546d0ac0307] 199.204.45.222 "GET /v2.0/ports?tenant_id=1ec0998461f5410489642c9818d65bf0&device_id=2ac775d9-2f9b-4852-a4b0-b1b44212b3bf HTTP/1.1" status: 200 len: 1407 time: 0.0685110 /var/lib/openstack/lib/python3.10/site-packages/pycadf/identifier.py:71: UserWarning: Invalid uuid: neutron. To ensure interoperability, identifiers should be a valid uuid. warnings.warn(('Invalid uuid: %s. To ensure interoperability, '
2026-06-02 13:28:10.181 10 INFO neutron.wsgi [req-0f7f26b8-b4ed-4995-8801-0bccaaa09589 req-55e069cf-7960-4e93-a722-d538e3c0842f 8596af14fa624fbe84c1c1079a39e02b 2532fc06c16c45308850faae1ec5dfbe - - 03d0fd4c68764324974e6546d0ac0307 03d0fd4c68764324974e6546d0ac0307] 199.204.45.222 "GET /v2.0/floatingips?fixed_ip_address=10.100.0.3&port_id=63242fc3-7813-4c1e-81c5-5583346b8396 HTTP/1.1" status: 200 len: 217 time: 0.1702709
2026-06-02 13:28:10.262 10 INFO neutron.wsgi [req-0f7f26b8-b4ed-4995-8801-0bccaaa09589 req-4d2ce472-3b1a-4f81-bc45-eadfb313386b 8596af14fa624fbe84c1c1079a39e02b 2532fc06c16c45308850faae1ec5dfbe - - 03d0fd4c68764324974e6546d0ac0307 03d0fd4c68764324974e6546d0ac0307] 199.204.45.222 "GET /v2.0/subnets?id=e53b12ce-a6f3-4bfd-b522-46e4b2f86f3f HTTP/1.1" status: 200 len: 871 time: 0.0749385
2026-06-02 13:28:10.276 10 INFO neutron.db.ovn_revision_numbers_db [req-38dc3df6-0d2f-468d-9b75-42c5e3096ddf req-7e4d9b40-0988-4d51-bdf2-bd7c38599cf1 8596af14fa624fbe84c1c1079a39e02b 2532fc06c16c45308850faae1ec5dfbe - - 03d0fd4c68764324974e6546d0ac0307 03d0fd4c68764324974e6546d0ac0307] Successfully bumped revision number for resource 242f9470-f8b5-4584-8960-b9673efa4e07 (type: ports) to 2
2026-06-02 13:28:10.302 10 INFO neutron.wsgi [req-0f7f26b8-b4ed-4995-8801-0bccaaa09589 req-7f74a9d5-1e55-4b42-aa0f-e00821ea505f 8596af14fa624fbe84c1c1079a39e02b 2532fc06c16c45308850faae1ec5dfbe - - 03d0fd4c68764324974e6546d0ac0307 03d0fd4c68764324974e6546d0ac0307] 199.204.45.222 "GET /v2.0/ports?network_id=ea86cad2-87f5-41d5-a9b6-d1875a403f0a&device_owner=network%3Adhcp HTTP/1.1" status: 200 len: 210 time: 0.0305181
2026-06-02 13:28:10.311 10 INFO neutron.wsgi [req-38dc3df6-0d2f-468d-9b75-42c5e3096ddf req-7e4d9b40-0988-4d51-bdf2-bd7c38599cf1 8596af14fa624fbe84c1c1079a39e02b 2532fc06c16c45308850faae1ec5dfbe - - 03d0fd4c68764324974e6546d0ac0307 03d0fd4c68764324974e6546d0ac0307] 199.204.45.222 "PUT /v2.0/ports/242f9470-f8b5-4584-8960-b9673efa4e07 HTTP/1.1" status: 200 len: 1376 time: 1.0816860
2026-06-02 13:28:10.391 10 INFO neutron.wsgi [req-0f7f26b8-b4ed-4995-8801-0bccaaa09589 req-a5598806-7955-45d8-86a6-4e49c4add083 8596af14fa624fbe84c1c1079a39e02b 2532fc06c16c45308850faae1ec5dfbe - - 03d0fd4c68764324974e6546d0ac0307 03d0fd4c68764324974e6546d0ac0307] 199.204.45.222 "GET /v2.0/networks/ea86cad2-87f5-41d5-a9b6-d1875a403f0a?fields=segments HTTP/1.1" status: 200 len: 212 time: 0.0802193
2026-06-02 13:28:10.492 10 INFO neutron.wsgi [req-38dc3df6-0d2f-468d-9b75-42c5e3096ddf req-ae5eeba2-97a3-4f20-b525-045d635dcb9f 8596af14fa624fbe84c1c1079a39e02b 2532fc06c16c45308850faae1ec5dfbe - - 03d0fd4c68764324974e6546d0ac0307 03d0fd4c68764324974e6546d0ac0307] 199.204.45.222 "GET /v2.0/ports?tenant_id=40f2688870b94ca093077fbb12349d1a&device_id=f65d70c9-07e2-4f7e-8cb1-d06ed21a0432 HTTP/1.1" status: 200 len: 1407 time: 0.0676329
2026-06-02 13:28:10.511 10 INFO neutron.wsgi [req-0f7f26b8-b4ed-4995-8801-0bccaaa09589 req-db9053c4-a62b-4515-b183-493a6ed108a6 8596af14fa624fbe84c1c1079a39e02b 2532fc06c16c45308850faae1ec5dfbe - - 03d0fd4c68764324974e6546d0ac0307 03d0fd4c68764324974e6546d0ac0307] 199.204.45.222 "GET /v2.0/networks/ea86cad2-87f5-41d5-a9b6-d1875a403f0a?fields=provider%3Aphysical_network&fields=provider%3Anetwork_type HTTP/1.1" status: 200 len: 277 time: 0.0876558
2026-06-02 13:28:10.585 10 INFO neutron.wsgi [req-38dc3df6-0d2f-468d-9b75-42c5e3096ddf req-c1d4e5c0-d07a-4630-90d8-54c3a5b48009 8596af14fa624fbe84c1c1079a39e02b 2532fc06c16c45308850faae1ec5dfbe - - 03d0fd4c68764324974e6546d0ac0307 03d0fd4c68764324974e6546d0ac0307] 199.204.45.222 "GET /v2.0/floatingips?fixed_ip_address=10.100.0.8&port_id=242f9470-f8b5-4584-8960-b9673efa4e07 HTTP/1.1" status: 200 len: 217 time: 0.0250549
2026-06-02 13:28:10.661 10 INFO neutron.wsgi [req-38dc3df6-0d2f-468d-9b75-42c5e3096ddf req-77936ea8-8091-4e70-b040-d7c16b6868b1 8596af14fa624fbe84c1c1079a39e02b 2532fc06c16c45308850faae1ec5dfbe - - 03d0fd4c68764324974e6546d0ac0307 03d0fd4c68764324974e6546d0ac0307] 199.204.45.222 "GET /v2.0/subnets?id=4146c543-209e-4bca-929e-0250e440d79f HTTP/1.1" status: 200 len: 876 time: 0.0445280
2026-06-02 13:28:10.691 10 INFO neutron.notifiers.nova [-] Nova event matching ['req-4a93e948-2d62-4acc-b2f6-c80cc320abe2'] response: {'name': 'network-changed', 'server_uuid': '2ac775d9-2f9b-4852-a4b0-b1b44212b3bf', 'tag': '63242fc3-7813-4c1e-81c5-5583346b8396', 'status': 'completed', 'code': 200}
2026-06-02 13:28:10.694 10 INFO neutron.wsgi [req-38dc3df6-0d2f-468d-9b75-42c5e3096ddf req-43563e28-6811-43c5-9791-d49b972d237f 8596af14fa624fbe84c1c1079a39e02b 2532fc06c16c45308850faae1ec5dfbe - - 03d0fd4c68764324974e6546d0ac0307 03d0fd4c68764324974e6546d0ac0307] 199.204.45.222 "GET /v2.0/ports?network_id=9fefacf7-1b6f-4c86-9c1d-983672a4585e&device_owner=network%3Adhcp HTTP/1.1" status: 200 len: 210 time: 0.0255208
2026-06-02 13:28:10.820 9 INFO neutron.wsgi [req-0b03ec8f-8454-4493-b3d6-d5162988d4e0 req-68bb8656-ccfd-44e1-bfee-be37d17ae208 cae6f30a715547a0b1ad2c10d344c2a4 40f2688870b94ca093077fbb12349d1a - - default default] 10.0.0.94 "GET /v2.0/ports?device_id=f65d70c9-07e2-4f7e-8cb1-d06ed21a0432 HTTP/1.1" status: 200 len: 1168 time: 0.0524182
2026-06-02 13:28:10.824 9 INFO neutron.wsgi [None req-54a5f2be-8f57-4f0f-b2c1-7b0453b68f70 0c30a91d923b4e87880f8dd9b0a1c882 8d6c285c4463467bafa338385d9d119f - - default default] 10.0.0.158 "DELETE /v2.0/routers/ba7f4bb6-95ff-4d89-927f-d0cd4bbba0a0 HTTP/1.1" status: 204 len: 168 time: 1.3703136
2026-06-02 13:28:10.896 9 INFO neutron.wsgi [req-0b03ec8f-8454-4493-b3d6-d5162988d4e0 req-9cc47675-9857-42fe-9a49-29aca303ac69 cae6f30a715547a0b1ad2c10d344c2a4 40f2688870b94ca093077fbb12349d1a - - default default] 10.0.0.94 "GET /v2.0/security-groups?id=c6dad07d-4475-4441-98cb-d728c1010211&fields=id&fields=name HTTP/1.1" status: 200 len: 311 time: 0.0678885
2026-06-02 13:28:10.899 10 INFO neutron.wsgi [req-ff122a5c-09d4-4e7d-a01b-f819751957bf req-00cb2c27-dad8-4fa2-8e95-82813e024d3f 8596af14fa624fbe84c1c1079a39e02b 2532fc06c16c45308850faae1ec5dfbe - - 03d0fd4c68764324974e6546d0ac0307 03d0fd4c68764324974e6546d0ac0307] 199.204.45.222 "GET /v2.0/ports?tenant_id=1ec0998461f5410489642c9818d65bf0&device_id=2ac775d9-2f9b-4852-a4b0-b1b44212b3bf HTTP/1.1" status: 200 len: 1407 time: 0.0673592
2026-06-02 13:28:10.931 10 INFO neutron.wsgi [req-38dc3df6-0d2f-468d-9b75-42c5e3096ddf req-dc02c78d-a14a-4e74-a6aa-8a618af7147c 8596af14fa624fbe84c1c1079a39e02b 2532fc06c16c45308850faae1ec5dfbe - - 03d0fd4c68764324974e6546d0ac0307 03d0fd4c68764324974e6546d0ac0307] 199.204.45.222 "GET /v2.0/networks/9fefacf7-1b6f-4c86-9c1d-983672a4585e?fields=segments HTTP/1.1" status: 200 len: 212 time: 0.1101618
2026-06-02 13:28:10.934 9 INFO neutron.wsgi [req-c880bc40-8e24-4e73-9f28-d5cfe4a74e17 req-3776ee47-9882-49f5-91bd-869ef89e540c 37ddf375b2ad45648ff010756cc88117 1ec0998461f5410489642c9818d65bf0 - - default default] 10.0.0.94 "GET /v2.0/ports?device_id=2ac775d9-2f9b-4852-a4b0-b1b44212b3bf HTTP/1.1" status: 200 len: 1168 time: 0.1544929
2026-06-02 13:28:10.984 9 INFO neutron.wsgi [req-c880bc40-8e24-4e73-9f28-d5cfe4a74e17 req-accd7b68-1fcb-4ee9-af1c-65eaf6749504 37ddf375b2ad45648ff010756cc88117 1ec0998461f5410489642c9818d65bf0 - - default default] 10.0.0.94 "GET /v2.0/security-groups?id=0ad34f1b-3aa6-4a41-a519-96830625cc07&fields=id&fields=name HTTP/1.1" status: 200 len: 286 time: 0.0418036
2026-06-02 13:28:11.040 10 INFO neutron.wsgi [req-ff122a5c-09d4-4e7d-a01b-f819751957bf req-53f6cd4b-820b-40ff-be3b-513400892563 8596af14fa624fbe84c1c1079a39e02b 2532fc06c16c45308850faae1ec5dfbe - - 03d0fd4c68764324974e6546d0ac0307 03d0fd4c68764324974e6546d0ac0307] 199.204.45.222 "GET /v2.0/networks?id=ea86cad2-87f5-41d5-a9b6-d1875a403f0a HTTP/1.1" status: 200 len: 976 time: 0.1275666
2026-06-02 13:28:11.071 10 INFO neutron.wsgi [req-38dc3df6-0d2f-468d-9b75-42c5e3096ddf req-2a8b48ef-2a90-4154-aacf-e39fe6d88a6a 8596af14fa624fbe84c1c1079a39e02b 2532fc06c16c45308850faae1ec5dfbe - - 03d0fd4c68764324974e6546d0ac0307 03d0fd4c68764324974e6546d0ac0307] 199.204.45.222 "GET /v2.0/networks/9fefacf7-1b6f-4c86-9c1d-983672a4585e?fields=provider%3Aphysical_network&fields=provider%3Anetwork_type HTTP/1.1" status: 200 len: 277 time: 0.1327188
2026-06-02 13:28:11.084 10 INFO neutron.wsgi [req-ff122a5c-09d4-4e7d-a01b-f819751957bf req-8eb6b6d1-e53b-457d-a69e-e70edc1fb521 8596af14fa624fbe84c1c1079a39e02b 2532fc06c16c45308850faae1ec5dfbe - - 03d0fd4c68764324974e6546d0ac0307 03d0fd4c68764324974e6546d0ac0307] 199.204.45.222 "GET /v2.0/floatingips?fixed_ip_address=10.100.0.3&port_id=63242fc3-7813-4c1e-81c5-5583346b8396 HTTP/1.1" status: 200 len: 217 time: 0.0332065
2026-06-02 13:28:11.126 10 INFO neutron.wsgi [req-ff122a5c-09d4-4e7d-a01b-f819751957bf req-fb1b5064-bdd5-4fe3-bce0-aa3d02f1b210 8596af14fa624fbe84c1c1079a39e02b 2532fc06c16c45308850faae1ec5dfbe - - 03d0fd4c68764324974e6546d0ac0307 03d0fd4c68764324974e6546d0ac0307] 199.204.45.222 "GET /v2.0/subnets?id=e53b12ce-a6f3-4bfd-b522-46e4b2f86f3f HTTP/1.1" status: 200 len: 871 time: 0.0351331
2026-06-02 13:28:11.155 10 INFO neutron.wsgi [req-ff122a5c-09d4-4e7d-a01b-f819751957bf req-cdc5e9ff-0a25-4d1a-ba58-89d180da3cbb 8596af14fa624fbe84c1c1079a39e02b 2532fc06c16c45308850faae1ec5dfbe - - 03d0fd4c68764324974e6546d0ac0307 03d0fd4c68764324974e6546d0ac0307] 199.204.45.222 "GET /v2.0/ports?network_id=ea86cad2-87f5-41d5-a9b6-d1875a403f0a&device_owner=network%3Adhcp HTTP/1.1" status: 200 len: 210 time: 0.0239303
2026-06-02 13:28:11.187 10 INFO neutron.wsgi [None req-bfbd3061-8402-436e-9a79-80f76c106690 0c30a91d923b4e87880f8dd9b0a1c882 8d6c285c4463467bafa338385d9d119f - - default default] 10.0.0.158 "DELETE /v2.0/subnets/fb7fdaa9-b5d0-429d-ab9a-8687996545e8 HTTP/1.1" status: 204 len: 168 time: 0.3537617
