2026-06-02 13:08:13.493 9 INFO neutron.wsgi [None req-29298db3-50fe-44f8-b8d0-2b040a9a8357 0c30a91d923b4e87880f8dd9b0a1c882 8d6c285c4463467bafa338385d9d119f - - default default] 199.204.45.222,10.0.0.23 "GET /v2.0/security-groups/63d54b12-50ce-44e9-b11c-e23dcda60350?project_id=2532fc06c16c45308850faae1ec5dfbe HTTP/1.1" status: 200 len: 1736 time: 0.0679488
2026-06-02 13:08:13.540 9 INFO neutron.wsgi [None req-e44c36fa-ccdc-4bbc-9cd2-a658e13033db 0c30a91d923b4e87880f8dd9b0a1c882 8d6c285c4463467bafa338385d9d119f - - default default] 199.204.45.222,10.0.0.23 "GET /v2.0/security-groups/63d54b12-50ce-44e9-b11c-e23dcda60350 HTTP/1.1" status: 200 len: 1736 time: 0.0382702
2026-06-02 13:08:13.659 9 INFO neutron.wsgi [None req-9777e2ad-f9f1-4b44-90d1-a29fccab5da7 0c30a91d923b4e87880f8dd9b0a1c882 8d6c285c4463467bafa338385d9d119f - - default default] 199.204.45.222,10.0.0.23 "GET /v2.0/security-groups/63d54b12-50ce-44e9-b11c-e23dcda60350?project_id=2532fc06c16c45308850faae1ec5dfbe HTTP/1.1" status: 200 len: 1736 time: 0.0281744
2026-06-02 13:08:13.779 9 INFO neutron.db.ovn_revision_numbers_db [None req-905aa48f-f128-4269-8412-22eb21eb57a3 0c30a91d923b4e87880f8dd9b0a1c882 8d6c285c4463467bafa338385d9d119f - - default default] Successfully bumped revision number for resource f5f81ad0-43ee-40fc-b796-379f5dd8b8c0 (type: security_group_rules) to 0
2026-06-02 13:08:13.808 9 INFO neutron.wsgi [None req-905aa48f-f128-4269-8412-22eb21eb57a3 0c30a91d923b4e87880f8dd9b0a1c882 8d6c285c4463467bafa338385d9d119f - - default default] 199.204.45.222,10.0.0.23 "POST /v2.0/security-group-rules HTTP/1.1" status: 201 len: 745 time: 0.1416466
2026-06-02 13:08:14.822 9 INFO neutron.wsgi [None req-7d6b91d9-736d-4acb-99e0-4fe0c03c11ff 0c30a91d923b4e87880f8dd9b0a1c882 8d6c285c4463467bafa338385d9d119f - - default default] 199.204.45.222,10.0.0.23 "GET /v2.0/security-groups/63d54b12-50ce-44e9-b11c-e23dcda60350?project_id=2532fc06c16c45308850faae1ec5dfbe HTTP/1.1" status: 200 len: 2314 time: 0.0706923
2026-06-02 13:08:14.859 9 INFO neutron.wsgi [None req-8b5b4401-21b4-47e8-bbbd-0a212ead1a49 0c30a91d923b4e87880f8dd9b0a1c882 8d6c285c4463467bafa338385d9d119f - - default default] 199.204.45.222,10.0.0.23 "GET /v2.0/security-groups/63d54b12-50ce-44e9-b11c-e23dcda60350 HTTP/1.1" status: 200 len: 2314 time: 0.0297718
2026-06-02 13:08:14.985 9 INFO neutron.wsgi [None req-ef48cbba-f7fb-4c31-b147-6f7f453aaa4c 0c30a91d923b4e87880f8dd9b0a1c882 8d6c285c4463467bafa338385d9d119f - - default default] 199.204.45.222,10.0.0.23 "GET /v2.0/security-groups/63d54b12-50ce-44e9-b11c-e23dcda60350?project_id=2532fc06c16c45308850faae1ec5dfbe HTTP/1.1" status: 200 len: 2314 time: 0.0356269
2026-06-02 13:08:15.123 9 INFO neutron.db.ovn_revision_numbers_db [None req-75e208bb-684b-4087-aebe-1f930b44817c 0c30a91d923b4e87880f8dd9b0a1c882 8d6c285c4463467bafa338385d9d119f - - default default] Successfully bumped revision number for resource d81fb129-d117-4f59-b70f-7cf5830a29fa (type: security_group_rules) to 0
2026-06-02 13:08:15.149 9 INFO neutron.wsgi [None req-75e208bb-684b-4087-aebe-1f930b44817c 0c30a91d923b4e87880f8dd9b0a1c882 8d6c285c4463467bafa338385d9d119f - - default default] 199.204.45.222,10.0.0.23 "POST /v2.0/security-group-rules HTTP/1.1" status: 201 len: 747 time: 0.1577740
2026-06-02 13:08:16.106 9 INFO neutron.wsgi [None req-c86c1afd-eb10-409c-92d8-7abad74912c4 0c30a91d923b4e87880f8dd9b0a1c882 8d6c285c4463467bafa338385d9d119f - - default default] 199.204.45.222,10.0.0.23 "GET /v2.0/security-groups/63d54b12-50ce-44e9-b11c-e23dcda60350?project_id=2532fc06c16c45308850faae1ec5dfbe HTTP/1.1" status: 200 len: 2894 time: 0.0862629
2026-06-02 13:08:16.145 9 INFO neutron.wsgi [None req-7e3eab2f-6319-482c-89f0-66f784ee0bf8 0c30a91d923b4e87880f8dd9b0a1c882 8d6c285c4463467bafa338385d9d119f - - default default] 199.204.45.222,10.0.0.23 "GET /v2.0/security-groups/63d54b12-50ce-44e9-b11c-e23dcda60350 HTTP/1.1" status: 200 len: 2894 time: 0.0323083
2026-06-02 13:08:16.267 9 INFO neutron.wsgi [None req-e9399436-08ed-4797-89f7-5d16454e1ed2 0c30a91d923b4e87880f8dd9b0a1c882 8d6c285c4463467bafa338385d9d119f - - default default] 199.204.45.222,10.0.0.23 "GET /v2.0/security-groups/63d54b12-50ce-44e9-b11c-e23dcda60350?project_id=2532fc06c16c45308850faae1ec5dfbe HTTP/1.1" status: 200 len: 2894 time: 0.0374894
2026-06-02 13:08:16.409 9 INFO neutron.db.ovn_revision_numbers_db [None req-e4dedbc1-00e3-424b-8a90-13722054d6ef 0c30a91d923b4e87880f8dd9b0a1c882 8d6c285c4463467bafa338385d9d119f - - default default] Successfully bumped revision number for resource e898714c-5764-4404-ac9c-6bdf3e05b35a (type: security_group_rules) to 0
2026-06-02 13:08:16.431 9 INFO neutron.wsgi [None req-e4dedbc1-00e3-424b-8a90-13722054d6ef 0c30a91d923b4e87880f8dd9b0a1c882 8d6c285c4463467bafa338385d9d119f - - default default] 199.204.45.222,10.0.0.23 "POST /v2.0/security-group-rules HTTP/1.1" status: 201 len: 749 time: 0.1534891
2026-06-02 13:08:17.565 9 INFO neutron.wsgi [None req-dbd556d4-12df-4850-8504-d94025dd4f6e 0c30a91d923b4e87880f8dd9b0a1c882 8d6c285c4463467bafa338385d9d119f - - default default] 199.204.45.222,10.0.0.23 "GET /v2.0/security-groups/63d54b12-50ce-44e9-b11c-e23dcda60350?project_id=2532fc06c16c45308850faae1ec5dfbe HTTP/1.1" status: 200 len: 3476 time: 0.0885749
2026-06-02 13:08:17.607 9 INFO neutron.wsgi [None req-a29faae3-3034-48ac-b4cb-36b66c06318a 0c30a91d923b4e87880f8dd9b0a1c882 8d6c285c4463467bafa338385d9d119f - - default default] 199.204.45.222,10.0.0.23 "GET /v2.0/security-groups/63d54b12-50ce-44e9-b11c-e23dcda60350 HTTP/1.1" status: 200 len: 3476 time: 0.0335634
2026-06-02 13:08:17.722 9 INFO neutron.wsgi [None req-a7164cb1-0baf-4581-b720-1d59af11bb3c 0c30a91d923b4e87880f8dd9b0a1c882 8d6c285c4463467bafa338385d9d119f - - default default] 199.204.45.222,10.0.0.23 "GET /v2.0/security-groups/63d54b12-50ce-44e9-b11c-e23dcda60350?project_id=2532fc06c16c45308850faae1ec5dfbe HTTP/1.1" status: 200 len: 3476 time: 0.0310595
2026-06-02 13:08:17.862 9 INFO neutron.db.ovn_revision_numbers_db [None req-945910b5-4683-42d4-96b6-a55145161c3a 0c30a91d923b4e87880f8dd9b0a1c882 8d6c285c4463467bafa338385d9d119f - - default default] Successfully bumped revision number for resource 60a0c529-7d49-4c62-b9fd-2471dc3333b2 (type: security_group_rules) to 0
2026-06-02 13:08:17.884 9 INFO neutron.wsgi [None req-945910b5-4683-42d4-96b6-a55145161c3a 0c30a91d923b4e87880f8dd9b0a1c882 8d6c285c4463467bafa338385d9d119f - - default default] 199.204.45.222,10.0.0.23 "POST /v2.0/security-group-rules HTTP/1.1" status: 201 len: 750 time: 0.1552300
2026-06-02 13:08:27.238 9 INFO neutron.wsgi [-] 10.0.0.23 "GET / HTTP/1.1" status: 200 len: 247 time: 0.0066330
2026-06-02 13:08:27.239 10 INFO neutron.wsgi [-] 10.0.0.23 "GET / HTTP/1.1" status: 200 len: 247 time: 0.0065444
2026-06-02 13:08:42.231 9 INFO neutron.wsgi [-] 10.0.0.23 "GET / HTTP/1.1" status: 200 len: 247 time: 0.0023432
2026-06-02 13:08:42.232 10 INFO neutron.wsgi [-] 10.0.0.23 "GET / HTTP/1.1" status: 200 len: 247 time: 0.0028558
2026-06-02 13:08:57.231 10 INFO neutron.wsgi [-] 10.0.0.23 "GET / HTTP/1.1" status: 200 len: 247 time: 0.0026250
2026-06-02 13:08:57.234 10 INFO neutron.wsgi [-] 10.0.0.23 "GET / HTTP/1.1" status: 200 len: 247 time: 0.0022414
2026-06-02 13:09:12.232 10 INFO neutron.wsgi [-] 10.0.0.23 "GET / HTTP/1.1" status: 200 len: 247 time: 0.0026875
2026-06-02 13:09:12.234 9 INFO neutron.wsgi [-] 10.0.0.23 "GET / HTTP/1.1" status: 200 len: 247 time: 0.0048299
2026-06-02 13:09:27.231 10 INFO neutron.wsgi [-] 10.0.0.23 "GET / HTTP/1.1" status: 200 len: 247 time: 0.0026383
2026-06-02 13:09:27.232 9 INFO neutron.wsgi [-] 10.0.0.23 "GET / HTTP/1.1" status: 200 len: 247 time: 0.0025983
2026-06-02 13:09:42.229 10 INFO neutron.wsgi [-] 10.0.0.23 "GET / HTTP/1.1" status: 200 len: 247 time: 0.0012779
2026-06-02 13:09:42.230 10 INFO neutron.wsgi [-] 10.0.0.23 "GET / HTTP/1.1" status: 200 len: 247 time: 0.0009077
2026-06-02 13:09:57.231 10 INFO neutron.wsgi [-] 10.0.0.23 "GET / HTTP/1.1" status: 200 len: 247 time: 0.0023932
2026-06-02 13:09:57.232 9 INFO neutron.wsgi [-] 10.0.0.23 "GET / HTTP/1.1" status: 200 len: 247 time: 0.0030403
2026-06-02 13:10:12.231 10 INFO neutron.wsgi [-] 10.0.0.23 "GET / HTTP/1.1" status: 200 len: 247 time: 0.0021317
2026-06-02 13:10:12.231 9 INFO neutron.wsgi [-] 10.0.0.23 "GET / HTTP/1.1" status: 200 len: 247 time: 0.0025225
2026-06-02 13:10:27.230 10 INFO neutron.wsgi [-] 10.0.0.23 "GET / HTTP/1.1" status: 200 len: 247 time: 0.0016835
2026-06-02 13:10:27.233 9 INFO neutron.wsgi [-] 10.0.0.23 "GET / HTTP/1.1" status: 200 len: 247 time: 0.0017433 /var/lib/openstack/lib/python3.10/site-packages/pycadf/identifier.py:71: UserWarning: Invalid uuid: neutron. To ensure interoperability, identifiers should be a valid uuid. warnings.warn(('Invalid uuid: %s. To ensure interoperability, '
2026-06-02 13:10:39.274 10 INFO neutron.wsgi [None req-0cdeb9a8-6502-4c2e-b62f-e9ffe3ad3fd9 e26308b2f1854df1988dff79411eba55 2532fc06c16c45308850faae1ec5dfbe - - 03d0fd4c68764324974e6546d0ac0307 03d0fd4c68764324974e6546d0ac0307] 199.204.45.222 "GET /v2.0/networks?tenant_id=2532fc06c16c45308850faae1ec5dfbe&shared=False HTTP/1.1" status: 200 len: 213 time: 0.1479769
2026-06-02 13:10:39.367 10 INFO neutron.db.segments_db [None req-80a81ad0-b973-4cdd-a713-322f78deaf2e e26308b2f1854df1988dff79411eba55 2532fc06c16c45308850faae1ec5dfbe - - 03d0fd4c68764324974e6546d0ac0307 03d0fd4c68764324974e6546d0ac0307] Added segment 2ac10a1a-2a76-4cf5-9b71-4422244422fd of type geneve for network 22349feb-3f93-4e39-95b3-77d954489028
2026-06-02 13:10:39.549 10 INFO neutron.db.ovn_revision_numbers_db [None req-80a81ad0-b973-4cdd-a713-322f78deaf2e e26308b2f1854df1988dff79411eba55 2532fc06c16c45308850faae1ec5dfbe - - 03d0fd4c68764324974e6546d0ac0307 03d0fd4c68764324974e6546d0ac0307] Successfully bumped revision number for resource 22349feb-3f93-4e39-95b3-77d954489028 (type: networks) to 1
2026-06-02 13:10:39.708 10 WARNING neutron.scheduler.dhcp_agent_scheduler [None req-80a81ad0-b973-4cdd-a713-322f78deaf2e e26308b2f1854df1988dff79411eba55 2532fc06c16c45308850faae1ec5dfbe - - 03d0fd4c68764324974e6546d0ac0307 03d0fd4c68764324974e6546d0ac0307] No more DHCP agents
2026-06-02 13:10:39.710 10 WARNING neutron.api.rpc.agentnotifiers.dhcp_rpc_agent_api [None req-80a81ad0-b973-4cdd-a713-322f78deaf2e e26308b2f1854df1988dff79411eba55 2532fc06c16c45308850faae1ec5dfbe - - 03d0fd4c68764324974e6546d0ac0307 03d0fd4c68764324974e6546d0ac0307] Unable to schedule network 22349feb-3f93-4e39-95b3-77d954489028: no agents available; will retry on subsequent port and subnet creation events.
2026-06-02 13:10:39.790 10 INFO neutron.db.ovn_revision_numbers_db [None req-80a81ad0-b973-4cdd-a713-322f78deaf2e e26308b2f1854df1988dff79411eba55 2532fc06c16c45308850faae1ec5dfbe - - 03d0fd4c68764324974e6546d0ac0307 03d0fd4c68764324974e6546d0ac0307] Successfully bumped revision number for resource 10192b14-f241-4a64-ae2a-3513500a975e (type: ports) to 1
2026-06-02 13:10:39.812 10 INFO neutron.wsgi [None req-80a81ad0-b973-4cdd-a713-322f78deaf2e e26308b2f1854df1988dff79411eba55 2532fc06c16c45308850faae1ec5dfbe - - 03d0fd4c68764324974e6546d0ac0307 03d0fd4c68764324974e6546d0ac0307] 199.204.45.222 "POST /v2.0/networks HTTP/1.1" status: 201 len: 925 time: 0.5293629
2026-06-02 13:10:39.856 10 INFO neutron.wsgi [None req-a9cb0a2e-2cec-41f1-b40e-3896f0c6a919 e26308b2f1854df1988dff79411eba55 2532fc06c16c45308850faae1ec5dfbe - - 03d0fd4c68764324974e6546d0ac0307 03d0fd4c68764324974e6546d0ac0307] 199.204.45.222 "GET /v2.0/ports?device_id=manila-share&binding%3Ahost_id=instance HTTP/1.1" status: 200 len: 210 time: 0.0343812
2026-06-02 13:10:39.870 10 INFO neutron.wsgi [None req-73f37586-f36e-4540-9332-aed24fc36c33 e26308b2f1854df1988dff79411eba55 2532fc06c16c45308850faae1ec5dfbe - - 03d0fd4c68764324974e6546d0ac0307 03d0fd4c68764324974e6546d0ac0307] 199.204.45.222 "GET /v2.0/extensions HTTP/1.1" status: 200 len: 16980 time: 0.0065262
2026-06-02 13:10:40.141 10 WARNING neutron.scheduler.dhcp_agent_scheduler [None req-7f9c9917-beb5-4c7d-b9e3-ac39e8cb4526 e26308b2f1854df1988dff79411eba55 2532fc06c16c45308850faae1ec5dfbe - - 03d0fd4c68764324974e6546d0ac0307 03d0fd4c68764324974e6546d0ac0307] No more DHCP agents
2026-06-02 13:10:40.143 10 WARNING neutron.api.rpc.agentnotifiers.dhcp_rpc_agent_api [None req-7f9c9917-beb5-4c7d-b9e3-ac39e8cb4526 e26308b2f1854df1988dff79411eba55 2532fc06c16c45308850faae1ec5dfbe - - 03d0fd4c68764324974e6546d0ac0307 03d0fd4c68764324974e6546d0ac0307] Unable to schedule network 22349feb-3f93-4e39-95b3-77d954489028: no agents available; will retry on subsequent port and subnet creation events.
2026-06-02 13:10:40.237 10 INFO neutron.db.ovn_revision_numbers_db [None req-7f9c9917-beb5-4c7d-b9e3-ac39e8cb4526 e26308b2f1854df1988dff79411eba55 2532fc06c16c45308850faae1ec5dfbe - - 03d0fd4c68764324974e6546d0ac0307 03d0fd4c68764324974e6546d0ac0307] Successfully bumped revision number for resource c9c1831e-00c7-49bd-80cc-c3a1179970ef (type: ports) to 1
2026-06-02 13:10:40.433 10 INFO neutron.db.ovn_revision_numbers_db [None req-7f9c9917-beb5-4c7d-b9e3-ac39e8cb4526 e26308b2f1854df1988dff79411eba55 2532fc06c16c45308850faae1ec5dfbe - - 03d0fd4c68764324974e6546d0ac0307 03d0fd4c68764324974e6546d0ac0307] Successfully bumped revision number for resource c9c1831e-00c7-49bd-80cc-c3a1179970ef (type: ports) to 1
2026-06-02 13:10:40.465 10 INFO neutron.wsgi [None req-7f9c9917-beb5-4c7d-b9e3-ac39e8cb4526 e26308b2f1854df1988dff79411eba55 2532fc06c16c45308850faae1ec5dfbe - - 03d0fd4c68764324974e6546d0ac0307 03d0fd4c68764324974e6546d0ac0307] 199.204.45.222 "POST /v2.0/ports HTTP/1.1" status: 201 len: 1144 time: 0.5894907
2026-06-02 13:10:40.525 10 INFO neutron.wsgi [None req-744e0512-84ad-43af-8427-82d50db60077 e26308b2f1854df1988dff79411eba55 2532fc06c16c45308850faae1ec5dfbe - - 03d0fd4c68764324974e6546d0ac0307 03d0fd4c68764324974e6546d0ac0307] 199.204.45.222 "GET /v2.0/networks/22349feb-3f93-4e39-95b3-77d954489028 HTTP/1.1" status: 200 len: 907 time: 0.0501959
2026-06-02 13:10:41.344 10 INFO neutron.plugins.ml2.drivers.ovn.mech_driver.mech_driver [None req-fa7a0459-aa7f-4bb9-b037-665561982b0e - - - - - -] OVN reports status up for port: c9c1831e-00c7-49bd-80cc-c3a1179970ef
2026-06-02 13:10:41.355 10 INFO neutron.plugins.ml2.plugin [None req-fa7a0459-aa7f-4bb9-b037-665561982b0e - - - - - -] Attempt 1 to provision port c9c1831e-00c7-49bd-80cc-c3a1179970ef
2026-06-02 13:10:41.567 10 INFO neutron.db.ovn_revision_numbers_db [None req-fa7a0459-aa7f-4bb9-b037-665561982b0e - - - - - -] Successfully bumped revision number for resource c9c1831e-00c7-49bd-80cc-c3a1179970ef (type: ports) to 3
2026-06-02 13:10:42.231 9 INFO neutron.wsgi [-] 10.0.0.23 "GET / HTTP/1.1" status: 200 len: 247 time: 0.0025132
2026-06-02 13:10:42.234 9 INFO neutron.wsgi [-] 10.0.0.23 "GET / HTTP/1.1" status: 200 len: 247 time: 0.0020874
2026-06-02 13:10:43.155 10 INFO neutron.wsgi [None req-96df9329-b9e1-4e62-b3bd-e8b98750eda6 e26308b2f1854df1988dff79411eba55 2532fc06c16c45308850faae1ec5dfbe - - 03d0fd4c68764324974e6546d0ac0307 03d0fd4c68764324974e6546d0ac0307] 199.204.45.222 "GET /v2.0/ports?device_id=manila-share&binding%3Ahost_id=instance HTTP/1.1" status: 200 len: 1172 time: 0.0631413
2026-06-02 13:10:43.211 10 INFO neutron.wsgi [None req-2c6011c5-bd16-4e25-920c-a53aaff3cfd8 e26308b2f1854df1988dff79411eba55 2532fc06c16c45308850faae1ec5dfbe - - 03d0fd4c68764324974e6546d0ac0307 03d0fd4c68764324974e6546d0ac0307] 199.204.45.222 "GET /v2.0/networks/22349feb-3f93-4e39-95b3-77d954489028 HTTP/1.1" status: 200 len: 907 time: 0.0488660
2026-06-02 13:10:57.230 9 INFO neutron.wsgi [-] 10.0.0.23 "GET / HTTP/1.1" status: 200 len: 247 time: 0.0020454
2026-06-02 13:10:57.232 9 INFO neutron.wsgi [-] 10.0.0.23 "GET / HTTP/1.1" status: 200 len: 247 time: 0.0012832 /var/lib/openstack/lib/python3.10/site-packages/pycadf/identifier.py:71: UserWarning: Invalid uuid: unknown. To ensure interoperability, identifiers should be a valid uuid. warnings.warn(('Invalid uuid: %s. To ensure interoperability, '
2026-06-02 13:10:58.393 10 INFO neutron.wsgi [None req-82bd02ce-e28e-46da-be90-95bd209b8bca 0c30a91d923b4e87880f8dd9b0a1c882 8d6c285c4463467bafa338385d9d119f - - default default] 199.204.45.222,10.0.0.23 "GET /v2.0/quotas/2532fc06c16c45308850faae1ec5dfbe HTTP/1.1" status: 200 len: 362 time: 0.0117102 /var/lib/openstack/lib/python3.10/site-packages/neutron/extensions/quotasv2.py:139: UserWarning: Neutron quota engine will require "--force" parameter to set a quota limit without checking the resource usage. warnings.warn('Neutron quota engine will require "--force" '
2026-06-02 13:10:58.923 10 INFO neutron.wsgi [None req-9f414326-7b23-430c-8acf-3e94f58dbd2b 0c30a91d923b4e87880f8dd9b0a1c882 8d6c285c4463467bafa338385d9d119f - - default default] 199.204.45.222,10.0.0.23 "PUT /v2.0/quotas/2532fc06c16c45308850faae1ec5dfbe HTTP/1.1" status: 200 len: 361 time: 0.0330644
2026-06-02 13:11:12.234 10 INFO neutron.wsgi [-] 10.0.0.23 "GET / HTTP/1.1" status: 200 len: 247 time: 0.0042956
2026-06-02 13:11:12.253 10 INFO neutron.wsgi [-] 10.0.0.23 "GET / HTTP/1.1" status: 200 len: 247 time: 0.0112321
2026-06-02 13:11:27.231 9 INFO neutron.wsgi [-] 10.0.0.23 "GET / HTTP/1.1" status: 200 len: 247 time: 0.0033224
2026-06-02 13:11:27.232 10 INFO neutron.wsgi [-] 10.0.0.23 "GET / HTTP/1.1" status: 200 len: 247 time: 0.0028346
2026-06-02 13:11:42.232 9 INFO neutron.wsgi [-] 10.0.0.23 "GET / HTTP/1.1" status: 200 len: 247 time: 0.0031753
2026-06-02 13:11:42.236 9 INFO neutron.wsgi [-] 10.0.0.23 "GET / HTTP/1.1" status: 200 len: 247 time: 0.0025852
2026-06-02 13:11:57.232 9 INFO neutron.wsgi [-] 10.0.0.23 "GET / HTTP/1.1" status: 200 len: 247 time: 0.0031176
2026-06-02 13:11:57.235 9 INFO neutron.wsgi [-] 10.0.0.23 "GET / HTTP/1.1" status: 200 len: 247 time: 0.0019276
2026-06-02 13:12:12.231 9 INFO neutron.wsgi [-] 10.0.0.23 "GET / HTTP/1.1" status: 200 len: 247 time: 0.0031555
2026-06-02 13:12:12.248 10 INFO neutron.wsgi [-] 10.0.0.23 "GET / HTTP/1.1" status: 200 len: 247 time: 0.0199025
2026-06-02 13:12:25.581 9 INFO neutron.wsgi [None req-74ab3191-4fc5-4e2b-8c46-25b51d7fc75e 0c30a91d923b4e87880f8dd9b0a1c882 8d6c285c4463467bafa338385d9d119f - - default default] 10.0.0.245 "GET /v2.0/subnets HTTP/1.1" status: 200 len: 1437 time: 0.1233170
2026-06-02 13:12:25.675 9 INFO neutron.wsgi [None req-fce32291-c1b0-43d3-a8bd-bb3227392876 0c30a91d923b4e87880f8dd9b0a1c882 8d6c285c4463467bafa338385d9d119f - - default default] 10.0.0.245 "GET /v2.0/networks HTTP/1.1" status: 200 len: 2350 time: 0.0915697
2026-06-02 13:12:25.715 9 INFO neutron.wsgi [None req-3603c839-a88a-4c00-baaf-e9fc2130dda7 0c30a91d923b4e87880f8dd9b0a1c882 8d6c285c4463467bafa338385d9d119f - - default default] 10.0.0.245 "GET /v2.0/routers HTTP/1.1" status: 200 len: 189 time: 0.0355608
2026-06-02 13:12:25.750 9 INFO neutron.wsgi [None req-6fbd2926-5d35-487c-9451-b50c6f6f1e68 0c30a91d923b4e87880f8dd9b0a1c882 8d6c285c4463467bafa338385d9d119f - - default default] 10.0.0.245 "GET /v2.0/agents?binary=ovn-controller HTTP/1.1" status: 200 len: 591 time: 0.0343511
2026-06-02 13:12:25.764 9 INFO neutron.wsgi [None req-4a6f89f2-9456-4245-9f51-8898a25508fb 0c30a91d923b4e87880f8dd9b0a1c882 8d6c285c4463467bafa338385d9d119f - - default default] 10.0.0.245 "GET /v2.0/network-ip-availabilities HTTP/1.1" status: 200 len: 1280 time: 0.0131505
2026-06-02 13:12:25.798 9 INFO neutron.wsgi [None req-9af75798-625d-4a92-8200-de76c08f6da9 0c30a91d923b4e87880f8dd9b0a1c882 8d6c285c4463467bafa338385d9d119f - - default default] 10.0.0.245 "GET /v2.0/subnets HTTP/1.1" status: 200 len: 1437 time: 0.0328968
2026-06-02 13:12:25.810 9 INFO neutron.wsgi [None req-7b5c4de0-fb13-4029-b5d6-a5dfa29c23de 0c30a91d923b4e87880f8dd9b0a1c882 8d6c285c4463467bafa338385d9d119f - - default default] 10.0.0.245 "GET /v2.0/subnetpools HTTP/1.1" status: 200 len: 193 time: 0.0101399
2026-06-02 13:12:25.867 9 INFO neutron.wsgi [None req-00798b5f-760b-4fb7-8369-c207c5bdc5a7 0c30a91d923b4e87880f8dd9b0a1c882 8d6c285c4463467bafa338385d9d119f - - default default] 10.0.0.245 "GET /v2.0/security-groups HTTP/1.1" status: 200 len: 16799 time: 0.0564053
2026-06-02 13:12:26.016 9 INFO neutron.wsgi [None req-5761c694-5048-4b32-9350-0f66aa6d29b8 0c30a91d923b4e87880f8dd9b0a1c882 8d6c285c4463467bafa338385d9d119f - - default default] 10.0.0.245 "GET /v2.0/ports HTTP/1.1" status: 200 len: 5347 time: 0.1431212
2026-06-02 13:12:26.040 9 INFO neutron.wsgi [None req-96762fe5-46ad-42f5-81e3-34248b9fe345 0c30a91d923b4e87880f8dd9b0a1c882 8d6c285c4463467bafa338385d9d119f - - default default] 10.0.0.245 "GET /v2.0/agents HTTP/1.1" status: 200 len: 997 time: 0.0186327
2026-06-02 13:12:26.082 9 INFO neutron.wsgi [None req-a277f636-cb2e-43f6-9db2-d175ffa045c8 0c30a91d923b4e87880f8dd9b0a1c882 8d6c285c4463467bafa338385d9d119f - - default default] 10.0.0.245 "GET /v2.0/floatingips HTTP/1.1" status: 200 len: 193 time: 0.0405169
2026-06-02 13:12:27.231 9 INFO neutron.wsgi [-] 10.0.0.23 "GET / HTTP/1.1" status: 200 len: 247 time: 0.0018930
2026-06-02 13:12:27.232 10 INFO neutron.wsgi [-] 10.0.0.23 "GET / HTTP/1.1" status: 200 len: 247 time: 0.0024738
2026-06-02 13:12:42.231 9 INFO neutron.wsgi [-] 10.0.0.23 "GET / HTTP/1.1" status: 200 len: 247 time: 0.0018923
2026-06-02 13:12:42.233 9 INFO neutron.wsgi [-] 10.0.0.23 "GET / HTTP/1.1" status: 200 len: 247 time: 0.0012836
2026-06-02 13:12:57.230 10 INFO neutron.wsgi [-] 10.0.0.23 "GET / HTTP/1.1" status: 200 len: 247 time: 0.0018644
2026-06-02 13:12:57.231 9 INFO neutron.wsgi [-] 10.0.0.23 "GET / HTTP/1.1" status: 200 len: 247 time: 0.0028183
2026-06-02 13:13:12.231 9 INFO neutron.wsgi [-] 10.0.0.23 "GET / HTTP/1.1" status: 200 len: 247 time: 0.0025117
2026-06-02 13:13:12.232 10 INFO neutron.wsgi [-] 10.0.0.23 "GET / HTTP/1.1" status: 200 len: 247 time: 0.0043664
2026-06-02 13:13:25.492 9 INFO neutron.wsgi [None req-c7a19821-b000-40f6-9156-226dc51e43e5 0c30a91d923b4e87880f8dd9b0a1c882 8d6c285c4463467bafa338385d9d119f - - default default] 10.0.0.245 "GET /v2.0/subnets HTTP/1.1" status: 200 len: 1437 time: 0.0850837
2026-06-02 13:13:25.549 9 INFO neutron.wsgi [None req-9becd0f0-9c30-4393-8bdb-e22064e09dd9 0c30a91d923b4e87880f8dd9b0a1c882 8d6c285c4463467bafa338385d9d119f - - default default] 10.0.0.245 "GET /v2.0/ports HTTP/1.1" status: 200 len: 5347 time: 0.0545776
2026-06-02 13:13:25.605 9 INFO neutron.wsgi [None req-b1e68f61-bee3-4392-ad1c-7ae262e3c80d 0c30a91d923b4e87880f8dd9b0a1c882 8d6c285c4463467bafa338385d9d119f - - default default] 10.0.0.245 "GET /v2.0/security-groups HTTP/1.1" status: 200 len: 16799 time: 0.0529294
2026-06-02 13:13:25.632 9 INFO neutron.wsgi [None req-974e6c2a-5e64-46cf-ab59-330882f82f67 0c30a91d923b4e87880f8dd9b0a1c882 8d6c285c4463467bafa338385d9d119f - - default default] 10.0.0.245 "GET /v2.0/floatingips HTTP/1.1" status: 200 len: 193 time: 0.0211096
2026-06-02 13:13:25.700 9 INFO neutron.wsgi [None req-271f5431-91e8-4a9e-a5b4-83cc671d9ccc 0c30a91d923b4e87880f8dd9b0a1c882 8d6c285c4463467bafa338385d9d119f - - default default] 10.0.0.245 "GET /v2.0/networks HTTP/1.1" status: 200 len: 2350 time: 0.0668652
2026-06-02 13:13:25.732 9 INFO neutron.wsgi [None req-ff6c3b42-649e-4f72-8715-c4c3cc91080b 0c30a91d923b4e87880f8dd9b0a1c882 8d6c285c4463467bafa338385d9d119f - - default default] 10.0.0.245 "GET /v2.0/agents HTTP/1.1" status: 200 len: 997 time: 0.0292468
2026-06-02 13:13:25.757 9 INFO neutron.wsgi [None req-a8573e33-99d9-4bc0-97f6-b0e26fd7340d 0c30a91d923b4e87880f8dd9b0a1c882 8d6c285c4463467bafa338385d9d119f - - default default] 10.0.0.245 "GET /v2.0/routers HTTP/1.1" status: 200 len: 189 time: 0.0240901
2026-06-02 13:13:25.771 9 INFO neutron.wsgi [None req-badefdbb-8556-4bd7-b972-b61c4bb67d76 0c30a91d923b4e87880f8dd9b0a1c882 8d6c285c4463467bafa338385d9d119f - - default default] 10.0.0.245 "GET /v2.0/agents?binary=ovn-controller HTTP/1.1" status: 200 len: 591 time: 0.0127273
2026-06-02 13:13:25.785 9 INFO neutron.wsgi [None req-162a2924-341f-4970-abad-155f3f8fc02b 0c30a91d923b4e87880f8dd9b0a1c882 8d6c285c4463467bafa338385d9d119f - - default default] 10.0.0.245 "GET /v2.0/network-ip-availabilities HTTP/1.1" status: 200 len: 1280 time: 0.0136373
2026-06-02 13:13:25.834 9 INFO neutron.wsgi [None req-393dc96e-d0e0-4cef-be5f-2d7a59207d4a 0c30a91d923b4e87880f8dd9b0a1c882 8d6c285c4463467bafa338385d9d119f - - default default] 10.0.0.245 "GET /v2.0/subnets HTTP/1.1" status: 200 len: 1437 time: 0.0465562
2026-06-02 13:13:25.853 9 INFO neutron.wsgi [None req-45db5d17-19d2-44bf-810e-21bc4e2bccdd 0c30a91d923b4e87880f8dd9b0a1c882 8d6c285c4463467bafa338385d9d119f - - default default] 10.0.0.245 "GET /v2.0/subnetpools HTTP/1.1" status: 200 len: 193 time: 0.0183346
2026-06-02 13:13:27.232 9 INFO neutron.wsgi [-] 10.0.0.23 "GET / HTTP/1.1" status: 200 len: 247 time: 0.0031779
2026-06-02 13:13:27.234 9 INFO neutron.wsgi [-] 10.0.0.23 "GET / HTTP/1.1" status: 200 len: 247 time: 0.0012844
2026-06-02 13:13:40.753 15 INFO neutron.db.ovn_revision_numbers_db [None req-2734a744-656b-4601-8270-0b9c28d9f02f - - - - - -] Successfully bumped revision number for resource 63d54b12-50ce-44e9-b11c-e23dcda60350 (type: security_groups) to 5
2026-06-02 13:13:40.753 15 INFO neutron.plugins.ml2.drivers.ovn.mech_driver.ovsdb.maintenance [None req-2734a744-656b-4601-8270-0b9c28d9f02f - - - - - -] Maintenance task: Synchronization finished (took 0.05 seconds)
2026-06-02 13:13:42.233 9 INFO neutron.wsgi [-] 10.0.0.23 "GET / HTTP/1.1" status: 200 len: 247 time: 0.0043473
2026-06-02 13:13:42.237 9 INFO neutron.wsgi [-] 10.0.0.23 "GET / HTTP/1.1" status: 200 len: 247 time: 0.0027864
2026-06-02 13:13:57.231 9 INFO neutron.wsgi [-] 10.0.0.23 "GET / HTTP/1.1" status: 200 len: 247 time: 0.0024555
2026-06-02 13:13:57.235 9 INFO neutron.wsgi [-] 10.0.0.23 "GET / HTTP/1.1" status: 200 len: 247 time: 0.0031350
2026-06-02 13:14:12.230 10 INFO neutron.wsgi [-] 10.0.0.23 "GET / HTTP/1.1" status: 200 len: 247 time: 0.0021601
2026-06-02 13:14:12.238 10 INFO neutron.wsgi [-] 10.0.0.23 "GET / HTTP/1.1" status: 200 len: 247 time: 0.0035508
2026-06-02 13:14:25.526 9 INFO neutron.wsgi [None req-63693de5-1ef2-4623-a2a9-cce28ecf5174 0c30a91d923b4e87880f8dd9b0a1c882 8d6c285c4463467bafa338385d9d119f - - default default] 10.0.0.245 "GET /v2.0/networks HTTP/1.1" status: 200 len: 2350 time: 0.1099668
2026-06-02 13:14:25.563 9 INFO neutron.wsgi [None req-5bcce5d8-faa4-474d-8d0e-ee3d6fbabe45 0c30a91d923b4e87880f8dd9b0a1c882 8d6c285c4463467bafa338385d9d119f - - default default] 10.0.0.245 "GET /v2.0/subnets HTTP/1.1" status: 200 len: 1437 time: 0.0344748
2026-06-02 13:14:25.608 9 INFO neutron.wsgi [None req-a031c385-eafa-47c4-a944-33eadff0dea8 0c30a91d923b4e87880f8dd9b0a1c882 8d6c285c4463467bafa338385d9d119f - - default default] 10.0.0.245 "GET /v2.0/ports HTTP/1.1" status: 200 len: 5347 time: 0.0444996
2026-06-02 13:14:25.657 9 INFO neutron.wsgi [None req-ae9b8146-ca10-4a71-a36f-5e696ba72085 0c30a91d923b4e87880f8dd9b0a1c882 8d6c285c4463467bafa338385d9d119f - - default default] 10.0.0.245 "GET /v2.0/agents HTTP/1.1" status: 200 len: 997 time: 0.0457897
2026-06-02 13:14:25.677 9 INFO neutron.wsgi [None req-f82cebeb-d52a-4a17-a58d-efdf0af1aeca 0c30a91d923b4e87880f8dd9b0a1c882 8d6c285c4463467bafa338385d9d119f - - default default] 10.0.0.245 "GET /v2.0/network-ip-availabilities HTTP/1.1" status: 200 len: 1280 time: 0.0180078
2026-06-02 13:14:25.721 9 INFO neutron.wsgi [None req-bf01f36e-229d-4056-8064-516800035810 0c30a91d923b4e87880f8dd9b0a1c882 8d6c285c4463467bafa338385d9d119f - - default default] 10.0.0.245 "GET /v2.0/subnets HTTP/1.1" status: 200 len: 1437 time: 0.0423377
2026-06-02 13:14:25.738 9 INFO neutron.wsgi [None req-bbf74f5f-7f17-4a4e-bdea-172696020bfc 0c30a91d923b4e87880f8dd9b0a1c882 8d6c285c4463467bafa338385d9d119f - - default default] 10.0.0.245 "GET /v2.0/subnetpools HTTP/1.1" status: 200 len: 193 time: 0.0158908
2026-06-02 13:14:25.764 9 INFO neutron.wsgi [None req-f13c2d41-b93c-40e0-8025-438f1707db19 0c30a91d923b4e87880f8dd9b0a1c882 8d6c285c4463467bafa338385d9d119f - - default default] 10.0.0.245 "GET /v2.0/floatingips HTTP/1.1" status: 200 len: 193 time: 0.0254245
2026-06-02 13:14:25.816 9 INFO neutron.wsgi [None req-2c2624e7-d16c-4f27-8975-af3fb46a46f4 0c30a91d923b4e87880f8dd9b0a1c882 8d6c285c4463467bafa338385d9d119f - - default default] 10.0.0.245 "GET /v2.0/security-groups HTTP/1.1" status: 200 len: 16799 time: 0.0512967
2026-06-02 13:14:25.843 9 INFO neutron.wsgi [None req-1f659b6c-1437-45c5-a8b5-ebed20768864 0c30a91d923b4e87880f8dd9b0a1c882 8d6c285c4463467bafa338385d9d119f - - default default] 10.0.0.245 "GET /v2.0/routers HTTP/1.1" status: 200 len: 189 time: 0.0228922
2026-06-02 13:14:25.853 9 INFO neutron.wsgi [None req-914e2cf5-a302-4ab9-943f-5cf6cd6ea903 0c30a91d923b4e87880f8dd9b0a1c882 8d6c285c4463467bafa338385d9d119f - - default default] 10.0.0.245 "GET /v2.0/agents?binary=ovn-controller HTTP/1.1" status: 200 len: 591 time: 0.0096371
2026-06-02 13:14:27.231 9 INFO neutron.wsgi [-] 10.0.0.23 "GET / HTTP/1.1" status: 200 len: 247 time: 0.0027678
2026-06-02 13:14:27.232 10 INFO neutron.wsgi [-] 10.0.0.23 "GET / HTTP/1.1" status: 200 len: 247 time: 0.0033941
2026-06-02 13:14:42.230 10 INFO neutron.wsgi [-] 10.0.0.23 "GET / HTTP/1.1" status: 200 len: 247 time: 0.0016172
2026-06-02 13:14:42.234 9 INFO neutron.wsgi [-] 10.0.0.23 "GET / HTTP/1.1" status: 200 len: 247 time: 0.0050075
2026-06-02 13:14:57.232 10 INFO neutron.wsgi [-] 10.0.0.23 "GET / HTTP/1.1" status: 200 len: 247 time: 0.0034955
2026-06-02 13:14:57.234 9 INFO neutron.wsgi [-] 10.0.0.23 "GET / HTTP/1.1" status: 200 len: 247 time: 0.0054500
2026-06-02 13:15:12.231 10 INFO neutron.wsgi [-] 10.0.0.23 "GET / HTTP/1.1" status: 200 len: 247 time: 0.0025485
2026-06-02 13:15:12.232 9 INFO neutron.wsgi [-] 10.0.0.23 "GET / HTTP/1.1" status: 200 len: 247 time: 0.0037148
2026-06-02 13:15:25.665 9 INFO neutron.wsgi [None req-1a83e854-437b-4531-8a16-81562fd10067 0c30a91d923b4e87880f8dd9b0a1c882 8d6c285c4463467bafa338385d9d119f - - default default] 10.0.0.245 "GET /v2.0/ports HTTP/1.1" status: 200 len: 5347 time: 0.1088462
2026-06-02 13:15:25.694 9 INFO neutron.wsgi [None req-3dc371a1-8c57-49a5-a4ad-66571128052f 0c30a91d923b4e87880f8dd9b0a1c882 8d6c285c4463467bafa338385d9d119f - - default default] 10.0.0.245 "GET /v2.0/agents HTTP/1.1" status: 200 len: 997 time: 0.0253451
2026-06-02 13:15:25.717 9 INFO neutron.wsgi [None req-df9dcfc7-1d4b-4b1e-92f6-bcf2ea125761 0c30a91d923b4e87880f8dd9b0a1c882 8d6c285c4463467bafa338385d9d119f - - default default] 10.0.0.245 "GET /v2.0/floatingips HTTP/1.1" status: 200 len: 193 time: 0.0193975
2026-06-02 13:15:25.761 9 INFO neutron.wsgi [None req-cd00e9ba-d7e4-4854-ae08-2fcea3e0e17a 0c30a91d923b4e87880f8dd9b0a1c882 8d6c285c4463467bafa338385d9d119f - - default default] 10.0.0.245 "GET /v2.0/security-groups HTTP/1.1" status: 200 len: 16799 time: 0.0431342
2026-06-02 13:15:25.799 9 INFO neutron.wsgi [None req-96e2b31f-331e-4aca-b1a2-70c187b0768d 0c30a91d923b4e87880f8dd9b0a1c882 8d6c285c4463467bafa338385d9d119f - - default default] 10.0.0.245 "GET /v2.0/subnets HTTP/1.1" status: 200 len: 1437 time: 0.0322137
2026-06-02 13:15:25.808 9 INFO neutron.wsgi [None req-d5515051-b1d7-4a7f-8e00-71cbcd714421 0c30a91d923b4e87880f8dd9b0a1c882 8d6c285c4463467bafa338385d9d119f - - default default] 10.0.0.245 "GET /v2.0/subnetpools HTTP/1.1" status: 200 len: 193 time: 0.0080435
2026-06-02 13:15:25.822 9 INFO neutron.wsgi [None req-f67113ca-2420-48e9-98e5-567faf1fe8fe 0c30a91d923b4e87880f8dd9b0a1c882 8d6c285c4463467bafa338385d9d119f - - default default] 10.0.0.245 "GET /v2.0/network-ip-availabilities HTTP/1.1" status: 200 len: 1280 time: 0.0122817
2026-06-02 13:15:25.866 9 INFO neutron.wsgi [None req-98f3d8f1-8e3e-4661-9129-606e8535cafe 0c30a91d923b4e87880f8dd9b0a1c882 8d6c285c4463467bafa338385d9d119f - - default default] 10.0.0.245 "GET /v2.0/subnets HTTP/1.1" status: 200 len: 1437 time: 0.0423400
2026-06-02 13:15:25.934 9 INFO neutron.wsgi [None req-b218f979-493a-4893-b010-e60c8eb04d41 0c30a91d923b4e87880f8dd9b0a1c882 8d6c285c4463467bafa338385d9d119f - - default default] 10.0.0.245 "GET /v2.0/networks HTTP/1.1" status: 200 len: 2350 time: 0.0668583
2026-06-02 13:15:25.968 9 INFO neutron.wsgi [None req-02d7786c-7d0f-465a-b007-94c63e6178bb 0c30a91d923b4e87880f8dd9b0a1c882 8d6c285c4463467bafa338385d9d119f - - default default] 10.0.0.245 "GET /v2.0/routers HTTP/1.1" status: 200 len: 189 time: 0.0302403
2026-06-02 13:15:25.979 9 INFO neutron.wsgi [None req-205f77e5-c8d0-4869-9d52-402a34ec4082 0c30a91d923b4e87880f8dd9b0a1c882 8d6c285c4463467bafa338385d9d119f - - default default] 10.0.0.245 "GET /v2.0/agents?binary=ovn-controller HTTP/1.1" status: 200 len: 591 time: 0.0104907
2026-06-02 13:15:27.234 10 INFO neutron.wsgi [-] 10.0.0.23 "GET / HTTP/1.1" status: 200 len: 247 time: 0.0050242
2026-06-02 13:15:27.239 10 INFO neutron.wsgi [-] 10.0.0.23 "GET / HTTP/1.1" status: 200 len: 247 time: 0.0023429
2026-06-02 13:15:42.232 9 INFO neutron.wsgi [-] 10.0.0.23 "GET / HTTP/1.1" status: 200 len: 247 time: 0.0032339
2026-06-02 13:15:42.234 10 INFO neutron.wsgi [-] 10.0.0.23 "GET / HTTP/1.1" status: 200 len: 247 time: 0.0055733
2026-06-02 13:15:57.237 10 INFO neutron.wsgi [-] 10.0.0.23 "GET / HTTP/1.1" status: 200 len: 247 time: 0.0033448
2026-06-02 13:15:57.241 9 INFO neutron.wsgi [-] 10.0.0.23 "GET / HTTP/1.1" status: 200 len: 247 time: 0.0071366
2026-06-02 13:16:12.231 9 INFO neutron.wsgi [-] 10.0.0.23 "GET / HTTP/1.1" status: 200 len: 247 time: 0.0029280
2026-06-02 13:16:12.234 9 INFO neutron.wsgi [-] 10.0.0.23 "GET / HTTP/1.1" status: 200 len: 247 time: 0.0019186
2026-06-02 13:16:25.550 9 INFO neutron.wsgi [None req-edddde02-e708-498b-89c3-cd065199d2d6 0c30a91d923b4e87880f8dd9b0a1c882 8d6c285c4463467bafa338385d9d119f - - default default] 10.0.0.245 "GET /v2.0/subnets HTTP/1.1" status: 200 len: 1437 time: 0.1101437
2026-06-02 13:16:25.563 9 INFO neutron.wsgi [None req-272ec479-c1fc-4c98-bf94-837f32680689 0c30a91d923b4e87880f8dd9b0a1c882 8d6c285c4463467bafa338385d9d119f - - default default] 10.0.0.245 "GET /v2.0/subnetpools HTTP/1.1" status: 200 len: 193 time: 0.0111749
2026-06-02 13:16:25.612 9 INFO neutron.wsgi [None req-6a6f5b6c-b57c-4740-9cde-3678419136e3 0c30a91d923b4e87880f8dd9b0a1c882 8d6c285c4463467bafa338385d9d119f - - default default] 10.0.0.245 "GET /v2.0/ports HTTP/1.1" status: 200 len: 5347 time: 0.0485380
2026-06-02 13:16:25.659 9 INFO neutron.wsgi [None req-a14cc6c6-9b9c-4a5c-a3ce-689f6efff6fc 0c30a91d923b4e87880f8dd9b0a1c882 8d6c285c4463467bafa338385d9d119f - - default default] 10.0.0.245 "GET /v2.0/agents HTTP/1.1" status: 200 len: 997 time: 0.0402582
2026-06-02 13:16:25.741 9 INFO neutron.wsgi [None req-b021a7b3-3ae9-473c-a303-de2b2cab407c 0c30a91d923b4e87880f8dd9b0a1c882 8d6c285c4463467bafa338385d9d119f - - default default] 10.0.0.245 "GET /v2.0/networks HTTP/1.1" status: 200 len: 2350 time: 0.0816424
2026-06-02 13:16:25.776 9 INFO neutron.wsgi [None req-8ac44408-7231-41de-b6cd-54d70e9312ce 0c30a91d923b4e87880f8dd9b0a1c882 8d6c285c4463467bafa338385d9d119f - - default default] 10.0.0.245 "GET /v2.0/subnets HTTP/1.1" status: 200 len: 1437 time: 0.0323806
2026-06-02 13:16:25.798 9 INFO neutron.wsgi [None req-9ace8bab-2387-4eab-a297-645a42f52ca9 0c30a91d923b4e87880f8dd9b0a1c882 8d6c285c4463467bafa338385d9d119f - - default default] 10.0.0.245 "GET /v2.0/routers HTTP/1.1" status: 200 len: 189 time: 0.0205150
2026-06-02 13:16:25.814 9 INFO neutron.wsgi [None req-1f611f7d-8b72-467d-8e6e-6e7406746dbf 0c30a91d923b4e87880f8dd9b0a1c882 8d6c285c4463467bafa338385d9d119f - - default default] 10.0.0.245 "GET /v2.0/agents?binary=ovn-controller HTTP/1.1" status: 200 len: 591 time: 0.0146785
2026-06-02 13:16:25.829 9 INFO neutron.wsgi [None req-78ec598d-19ea-4898-b419-840625cde9ae 0c30a91d923b4e87880f8dd9b0a1c882 8d6c285c4463467bafa338385d9d119f - - default default] 10.0.0.245 "GET /v2.0/network-ip-availabilities HTTP/1.1" status: 200 len: 1280 time: 0.0143833
2026-06-02 13:16:25.853 9 INFO neutron.wsgi [None req-4da8cb6e-f334-40d6-8649-f0eb4254a61a 0c30a91d923b4e87880f8dd9b0a1c882 8d6c285c4463467bafa338385d9d119f - - default default] 10.0.0.245 "GET /v2.0/floatingips HTTP/1.1" status: 200 len: 193 time: 0.0223892
2026-06-02 13:16:25.899 9 INFO neutron.wsgi [None req-c96aa687-07ea-4e49-9b91-dac75d99614d 0c30a91d923b4e87880f8dd9b0a1c882 8d6c285c4463467bafa338385d9d119f - - default default] 10.0.0.245 "GET /v2.0/security-groups HTTP/1.1" status: 200 len: 16799 time: 0.0455866
2026-06-02 13:16:27.232 10 INFO neutron.wsgi [-] 10.0.0.23 "GET / HTTP/1.1" status: 200 len: 247 time: 0.0027058
2026-06-02 13:16:27.236 10 INFO neutron.wsgi [-] 10.0.0.23 "GET / HTTP/1.1" status: 200 len: 247 time: 0.0028441
2026-06-02 13:16:42.230 10 INFO neutron.wsgi [-] 10.0.0.23 "GET / HTTP/1.1" status: 200 len: 247 time: 0.0018587
2026-06-02 13:16:42.231 9 INFO neutron.wsgi [-] 10.0.0.23 "GET / HTTP/1.1" status: 200 len: 247 time: 0.0021172
2026-06-02 13:16:57.233 9 INFO neutron.wsgi [-] 10.0.0.23 "GET / HTTP/1.1" status: 200 len: 247 time: 0.0031776
2026-06-02 13:16:57.236 10 INFO neutron.wsgi [-] 10.0.0.23 "GET / HTTP/1.1" status: 200 len: 247 time: 0.0075126
2026-06-02 13:17:12.232 10 INFO neutron.wsgi [-] 10.0.0.23 "GET / HTTP/1.1" status: 200 len: 247 time: 0.0030079
2026-06-02 13:17:12.234 9 INFO neutron.wsgi [-] 10.0.0.23 "GET / HTTP/1.1" status: 200 len: 247 time: 0.0049763
2026-06-02 13:17:25.534 9 INFO neutron.wsgi [None req-b6057d8d-bb80-4924-af57-b847427c5b44 0c30a91d923b4e87880f8dd9b0a1c882 8d6c285c4463467bafa338385d9d119f - - default default] 10.0.0.245 "GET /v2.0/networks HTTP/1.1" status: 200 len: 2350 time: 0.1146801
2026-06-02 13:17:25.573 9 INFO neutron.wsgi [None req-59c34ea6-80f1-4446-8723-f14c02a79664 0c30a91d923b4e87880f8dd9b0a1c882 8d6c285c4463467bafa338385d9d119f - - default default] 10.0.0.245 "GET /v2.0/subnets HTTP/1.1" status: 200 len: 1437 time: 0.0353582
2026-06-02 13:17:25.600 9 INFO neutron.wsgi [None req-54b0f1c6-0702-497c-ae34-e88cad4a6e9c 0c30a91d923b4e87880f8dd9b0a1c882 8d6c285c4463467bafa338385d9d119f - - default default] 10.0.0.245 "GET /v2.0/agents HTTP/1.1" status: 200 len: 997 time: 0.0256281
2026-06-02 13:17:25.634 9 INFO neutron.wsgi [None req-ad1e8983-bb13-4c5e-bd00-5dcefc05767f 0c30a91d923b4e87880f8dd9b0a1c882 8d6c285c4463467bafa338385d9d119f - - default default] 10.0.0.245 "GET /v2.0/subnets HTTP/1.1" status: 200 len: 1437 time: 0.0328035
2026-06-02 13:17:25.645 9 INFO neutron.wsgi [None req-3772bb46-3472-4259-8229-86da948b8950 0c30a91d923b4e87880f8dd9b0a1c882 8d6c285c4463467bafa338385d9d119f - - default default] 10.0.0.245 "GET /v2.0/subnetpools HTTP/1.1" status: 200 len: 193 time: 0.0093751
2026-06-02 13:17:25.660 9 INFO neutron.wsgi [None req-1792be71-7203-4dd4-bc0b-6ef8bc878cb8 0c30a91d923b4e87880f8dd9b0a1c882 8d6c285c4463467bafa338385d9d119f - - default default] 10.0.0.245 "GET /v2.0/network-ip-availabilities HTTP/1.1" status: 200 len: 1280 time: 0.0139127
2026-06-02 13:17:25.687 9 INFO neutron.wsgi [None req-4c31cbb0-669c-4478-bcfc-6ef25343002b 0c30a91d923b4e87880f8dd9b0a1c882 8d6c285c4463467bafa338385d9d119f - - default default] 10.0.0.245 "GET /v2.0/routers HTTP/1.1" status: 200 len: 189 time: 0.0261703
2026-06-02 13:17:25.699 9 INFO neutron.wsgi [None req-928ce73a-5fff-4422-8ac3-53e693d3e049 0c30a91d923b4e87880f8dd9b0a1c882 8d6c285c4463467bafa338385d9d119f - - default default] 10.0.0.245 "GET /v2.0/agents?binary=ovn-controller HTTP/1.1" status: 200 len: 591 time: 0.0109711
2026-06-02 13:17:25.722 9 INFO neutron.wsgi [None req-23ac9c9e-6fa0-44e0-83b1-4770a082ef8b 0c30a91d923b4e87880f8dd9b0a1c882 8d6c285c4463467bafa338385d9d119f - - default default] 10.0.0.245 "GET /v2.0/floatingips HTTP/1.1" status: 200 len: 193 time: 0.0208888
2026-06-02 13:17:25.779 9 INFO neutron.wsgi [None req-db7a01e7-8163-4ed9-9c13-247de908d834 0c30a91d923b4e87880f8dd9b0a1c882 8d6c285c4463467bafa338385d9d119f - - default default] 10.0.0.245 "GET /v2.0/security-groups HTTP/1.1" status: 200 len: 16799 time: 0.0553310
2026-06-02 13:17:25.842 9 INFO neutron.wsgi [None req-9c48109c-1b0f-4247-a061-12c07c7c26de 0c30a91d923b4e87880f8dd9b0a1c882 8d6c285c4463467bafa338385d9d119f - - default default] 10.0.0.245 "GET /v2.0/ports HTTP/1.1" status: 200 len: 5347 time: 0.0571680
2026-06-02 13:17:27.232 9 INFO neutron.wsgi [-] 10.0.0.23 "GET / HTTP/1.1" status: 200 len: 247 time: 0.0029409
2026-06-02 13:17:27.234 9 INFO neutron.wsgi [-] 10.0.0.23 "GET / HTTP/1.1" status: 200 len: 247 time: 0.0016239
2026-06-02 13:17:42.230 9 INFO neutron.wsgi [-] 10.0.0.23 "GET / HTTP/1.1" status: 200 len: 247 time: 0.0023415
2026-06-02 13:17:42.231 10 INFO neutron.wsgi [-] 10.0.0.23 "GET / HTTP/1.1" status: 200 len: 247 time: 0.0026131
2026-06-02 13:17:57.231 10 INFO neutron.wsgi [-] 10.0.0.23 "GET / HTTP/1.1" status: 200 len: 247 time: 0.0025160
2026-06-02 13:17:57.234 10 INFO neutron.wsgi [-] 10.0.0.23 "GET / HTTP/1.1" status: 200 len: 247 time: 0.0022078
2026-06-02 13:18:12.232 10 INFO neutron.wsgi [-] 10.0.0.23 "GET / HTTP/1.1" status: 200 len: 247 time: 0.0038512
2026-06-02 13:18:12.232 9 INFO neutron.wsgi [-] 10.0.0.23 "GET / HTTP/1.1" status: 200 len: 247 time: 0.0034750
2026-06-02 13:18:25.527 9 INFO neutron.wsgi [None req-b5738316-f678-45b9-aeb6-2a1a6c1b3f4b 0c30a91d923b4e87880f8dd9b0a1c882 8d6c285c4463467bafa338385d9d119f - - default default] 10.0.0.245 "GET /v2.0/subnets HTTP/1.1" status: 200 len: 1437 time: 0.1000385
2026-06-02 13:18:25.559 9 INFO neutron.wsgi [None req-e8a53ecc-1ebc-47e3-ac72-3d793ed46079 0c30a91d923b4e87880f8dd9b0a1c882 8d6c285c4463467bafa338385d9d119f - - default default] 10.0.0.245 "GET /v2.0/routers HTTP/1.1" status: 200 len: 189 time: 0.0303469
2026-06-02 13:18:25.602 9 INFO neutron.wsgi [None req-00bdb648-bdcc-43d8-a3b3-1abd6168381e 0c30a91d923b4e87880f8dd9b0a1c882 8d6c285c4463467bafa338385d9d119f - - default default] 10.0.0.245 "GET /v2.0/agents?binary=ovn-controller HTTP/1.1" status: 200 len: 591 time: 0.0429006
2026-06-02 13:18:25.626 9 INFO neutron.wsgi [None req-d7cc02ef-602e-42c9-b3ac-e45fed8bcda1 0c30a91d923b4e87880f8dd9b0a1c882 8d6c285c4463467bafa338385d9d119f - - default default] 10.0.0.245 "GET /v2.0/floatingips HTTP/1.1" status: 200 len: 193 time: 0.0229206
2026-06-02 13:18:25.755 9 INFO neutron.wsgi [None req-ef13a9a2-f8e4-4e3f-abc6-9f8fd84d890c 0c30a91d923b4e87880f8dd9b0a1c882 8d6c285c4463467bafa338385d9d119f - - default default] 10.0.0.245 "GET /v2.0/networks HTTP/1.1" status: 200 len: 2350 time: 0.1280725
2026-06-02 13:18:25.814 9 INFO neutron.wsgi [None req-5a098f0e-4d45-4d40-8a51-a57ebb5143c9 0c30a91d923b4e87880f8dd9b0a1c882 8d6c285c4463467bafa338385d9d119f - - default default] 10.0.0.245 "GET /v2.0/security-groups HTTP/1.1" status: 200 len: 16799 time: 0.0572691
2026-06-02 13:18:25.860 9 INFO neutron.wsgi [None req-a1f310f2-e5e7-4cf9-9f26-f83380295f43 0c30a91d923b4e87880f8dd9b0a1c882 8d6c285c4463467bafa338385d9d119f - - default default] 10.0.0.245 "GET /v2.0/subnets HTTP/1.1" status: 200 len: 1437 time: 0.0405235
2026-06-02 13:18:25.870 9 INFO neutron.wsgi [None req-0cac8fa8-5c35-415e-b580-b883a2f45d28 0c30a91d923b4e87880f8dd9b0a1c882 8d6c285c4463467bafa338385d9d119f - - default default] 10.0.0.245 "GET /v2.0/subnetpools HTTP/1.1" status: 200 len: 193 time: 0.0090353
2026-06-02 13:18:25.926 9 INFO neutron.wsgi [None req-a83281dc-b765-4260-9f26-c5312119811c 0c30a91d923b4e87880f8dd9b0a1c882 8d6c285c4463467bafa338385d9d119f - - default default] 10.0.0.245 "GET /v2.0/ports HTTP/1.1" status: 200 len: 5347 time: 0.0553191
2026-06-02 13:18:25.953 9 INFO neutron.wsgi [None req-3bbdf46c-5847-421f-960b-ad4a58afc96a 0c30a91d923b4e87880f8dd9b0a1c882 8d6c285c4463467bafa338385d9d119f - - default default] 10.0.0.245 "GET /v2.0/network-ip-availabilities HTTP/1.1" status: 200 len: 1280 time: 0.0240052
2026-06-02 13:18:25.974 9 INFO neutron.wsgi [None req-1a338eb1-c7ac-4b24-a69d-396b344d6dd5 0c30a91d923b4e87880f8dd9b0a1c882 8d6c285c4463467bafa338385d9d119f - - default default] 10.0.0.245 "GET /v2.0/agents HTTP/1.1" status: 200 len: 997 time: 0.0170085
2026-06-02 13:18:27.232 9 INFO neutron.wsgi [-] 10.0.0.23 "GET / HTTP/1.1" status: 200 len: 247 time: 0.0027604
2026-06-02 13:18:27.234 10 INFO neutron.wsgi [-] 10.0.0.23 "GET / HTTP/1.1" status: 200 len: 247 time: 0.0023985
2026-06-02 13:18:42.231 9 INFO neutron.wsgi [-] 10.0.0.23 "GET / HTTP/1.1" status: 200 len: 247 time: 0.0024145
2026-06-02 13:18:42.232 10 INFO neutron.wsgi [-] 10.0.0.23 "GET / HTTP/1.1" status: 200 len: 247 time: 0.0032346
2026-06-02 13:18:57.231 9 INFO neutron.wsgi [-] 10.0.0.23 "GET / HTTP/1.1" status: 200 len: 247 time: 0.0022452
2026-06-02 13:18:57.236 10 INFO neutron.wsgi [-] 10.0.0.23 "GET / HTTP/1.1" status: 200 len: 247 time: 0.0024300
2026-06-02 13:19:12.232 9 INFO neutron.wsgi [-] 10.0.0.23 "GET / HTTP/1.1" status: 200 len: 247 time: 0.0039406
2026-06-02 13:19:12.235 9 INFO neutron.wsgi [-] 10.0.0.23 "GET / HTTP/1.1" status: 200 len: 247 time: 0.0024014
2026-06-02 13:19:25.541 9 INFO neutron.wsgi [None req-8da54952-9178-4178-a02a-06202eae53b3 0c30a91d923b4e87880f8dd9b0a1c882 8d6c285c4463467bafa338385d9d119f - - default default] 10.0.0.245 "GET /v2.0/networks HTTP/1.1" status: 200 len: 2350 time: 0.1197557
2026-06-02 13:19:25.573 9 INFO neutron.wsgi [None req-e09f0dda-a25e-450b-b22e-41a28bf6904d 0c30a91d923b4e87880f8dd9b0a1c882 8d6c285c4463467bafa338385d9d119f - - default default] 10.0.0.245 "GET /v2.0/subnets HTTP/1.1" status: 200 len: 1437 time: 0.0280573
2026-06-02 13:19:25.594 9 INFO neutron.wsgi [None req-29259b3a-aed7-4dde-956f-43e984ab6d97 0c30a91d923b4e87880f8dd9b0a1c882 8d6c285c4463467bafa338385d9d119f - - default default] 10.0.0.245 "GET /v2.0/routers HTTP/1.1" status: 200 len: 189 time: 0.0194581
2026-06-02 13:19:25.627 9 INFO neutron.wsgi [None req-792ae880-602a-40da-a528-4e22d8d4b02d 0c30a91d923b4e87880f8dd9b0a1c882 8d6c285c4463467bafa338385d9d119f - - default default] 10.0.0.245 "GET /v2.0/agents?binary=ovn-controller HTTP/1.1" status: 200 len: 591 time: 0.0320752
2026-06-02 13:19:25.639 9 INFO neutron.wsgi [None req-f6c16c69-b7e5-4ba5-b5cc-f1c449795005 0c30a91d923b4e87880f8dd9b0a1c882 8d6c285c4463467bafa338385d9d119f - - default default] 10.0.0.245 "GET /v2.0/network-ip-availabilities HTTP/1.1" status: 200 len: 1280 time: 0.0112481
2026-06-02 13:19:25.661 9 INFO neutron.wsgi [None req-67429674-6e74-4e86-855d-5828fb15a7c8 0c30a91d923b4e87880f8dd9b0a1c882 8d6c285c4463467bafa338385d9d119f - - default default] 10.0.0.245 "GET /v2.0/floatingips HTTP/1.1" status: 200 len: 193 time: 0.0207450
2026-06-02 13:19:25.695 9 INFO neutron.wsgi [None req-a62bd23d-d655-4331-8ba5-759e1ef9baef 0c30a91d923b4e87880f8dd9b0a1c882 8d6c285c4463467bafa338385d9d119f - - default default] 10.0.0.245 "GET /v2.0/subnets HTTP/1.1" status: 200 len: 1437 time: 0.0336506
2026-06-02 13:19:25.706 9 INFO neutron.wsgi [None req-47a1ae33-e306-4882-b71b-d82c77a30f59 0c30a91d923b4e87880f8dd9b0a1c882 8d6c285c4463467bafa338385d9d119f - - default default] 10.0.0.245 "GET /v2.0/subnetpools HTTP/1.1" status: 200 len: 193 time: 0.0100815
2026-06-02 13:19:25.757 9 INFO neutron.wsgi [None req-cb009aec-7776-4d2e-acfc-a908fa0160d1 0c30a91d923b4e87880f8dd9b0a1c882 8d6c285c4463467bafa338385d9d119f - - default default] 10.0.0.245 "GET /v2.0/security-groups HTTP/1.1" status: 200 len: 16799 time: 0.0498102
2026-06-02 13:19:25.808 9 INFO neutron.wsgi [None req-36c58b1c-661c-40c7-b2c7-5779aa8ca0c9 0c30a91d923b4e87880f8dd9b0a1c882 8d6c285c4463467bafa338385d9d119f - - default default] 10.0.0.245 "GET /v2.0/ports HTTP/1.1" status: 200 len: 5347 time: 0.0451591
2026-06-02 13:19:25.831 9 INFO neutron.wsgi [None req-decf19f6-0c03-4189-8906-1472ee36869a 0c30a91d923b4e87880f8dd9b0a1c882 8d6c285c4463467bafa338385d9d119f - - default default] 10.0.0.245 "GET /v2.0/agents HTTP/1.1" status: 200 len: 997 time: 0.0159261
2026-06-02 13:19:27.233 9 INFO neutron.wsgi [-] 10.0.0.23 "GET / HTTP/1.1" status: 200 len: 247 time: 0.0028248
2026-06-02 13:19:27.236 9 INFO neutron.wsgi [-] 10.0.0.23 "GET / HTTP/1.1" status: 200 len: 247 time: 0.0018535
2026-06-02 13:19:42.231 10 INFO neutron.wsgi [-] 10.0.0.23 "GET / HTTP/1.1" status: 200 len: 247 time: 0.0021803
2026-06-02 13:19:42.239 9 INFO neutron.wsgi [-] 10.0.0.23 "GET / HTTP/1.1" status: 200 len: 247 time: 0.0101678
2026-06-02 13:19:57.230 9 INFO neutron.wsgi [-] 10.0.0.23 "GET / HTTP/1.1" status: 200 len: 247 time: 0.0019104
2026-06-02 13:19:57.232 9 INFO neutron.wsgi [-] 10.0.0.23 "GET / HTTP/1.1" status: 200 len: 247 time: 0.0013692
2026-06-02 13:20:12.230 10 INFO neutron.wsgi [-] 10.0.0.23 "GET / HTTP/1.1" status: 200 len: 247 time: 0.0018275
2026-06-02 13:20:12.234 10 INFO neutron.wsgi [-] 10.0.0.23 "GET / HTTP/1.1" status: 200 len: 247 time: 0.0027497
2026-06-02 13:20:25.466 9 INFO neutron.wsgi [None req-da391c70-7428-41c4-bfdd-71a3cdc634d3 0c30a91d923b4e87880f8dd9b0a1c882 8d6c285c4463467bafa338385d9d119f - - default default] 10.0.0.245 "GET /v2.0/routers HTTP/1.1" status: 200 len: 189 time: 0.0595825
2026-06-02 13:20:25.492 9 INFO neutron.wsgi [None req-8f3aa56c-c16b-481c-a316-ad6c3259e1fc 0c30a91d923b4e87880f8dd9b0a1c882 8d6c285c4463467bafa338385d9d119f - - default default] 10.0.0.245 "GET /v2.0/agents?binary=ovn-controller HTTP/1.1" status: 200 len: 591 time: 0.0252211
2026-06-02 13:20:25.502 9 INFO neutron.wsgi [None req-10c648e0-e31a-4648-8248-18caa7652683 0c30a91d923b4e87880f8dd9b0a1c882 8d6c285c4463467bafa338385d9d119f - - default default] 10.0.0.245 "GET /v2.0/agents HTTP/1.1" status: 200 len: 997 time: 0.0091922
2026-06-02 13:20:25.513 9 INFO neutron.wsgi [None req-0c4c1b6d-bde6-4521-9cd0-0401b90c6096 0c30a91d923b4e87880f8dd9b0a1c882 8d6c285c4463467bafa338385d9d119f - - default default] 10.0.0.245 "GET /v2.0/network-ip-availabilities HTTP/1.1" status: 200 len: 1280 time: 0.0100307
2026-06-02 13:20:25.534 9 INFO neutron.wsgi [None req-34c43e5d-aba8-498e-b6a6-4d5060a712e5 0c30a91d923b4e87880f8dd9b0a1c882 8d6c285c4463467bafa338385d9d119f - - default default] 10.0.0.245 "GET /v2.0/floatingips HTTP/1.1" status: 200 len: 193 time: 0.0200624
