2026-06-02 13:33:19.902 10 INFO neutron.db.ovn_revision_numbers_db [req-f9a3a908-2f8a-43b9-bcd6-f424261487cf req-8ba64c58-bd05-4b84-a2df-8c9a12f0adb3 8596af14fa624fbe84c1c1079a39e02b 2532fc06c16c45308850faae1ec5dfbe - - 03d0fd4c68764324974e6546d0ac0307 03d0fd4c68764324974e6546d0ac0307] Successfully bumped revision number for resource 390c3968-4762-4619-b728-ce35789d0e0e (type: ports) to 8
2026-06-02 13:33:19.923 10 INFO neutron.wsgi [req-f9a3a908-2f8a-43b9-bcd6-f424261487cf req-8ba64c58-bd05-4b84-a2df-8c9a12f0adb3 8596af14fa624fbe84c1c1079a39e02b 2532fc06c16c45308850faae1ec5dfbe - - 03d0fd4c68764324974e6546d0ac0307 03d0fd4c68764324974e6546d0ac0307] 199.204.45.222 "PUT /v2.0/ports/390c3968-4762-4619-b728-ce35789d0e0e HTTP/1.1" status: 200 len: 1350 time: 0.4576659 /var/lib/openstack/lib/python3.10/site-packages/pycadf/identifier.py:71: UserWarning: Invalid uuid: neutron. To ensure interoperability, identifiers should be a valid uuid. warnings.warn(('Invalid uuid: %s. To ensure interoperability, '
2026-06-02 13:33:20.026 10 INFO neutron.wsgi [req-f9a3a908-2f8a-43b9-bcd6-f424261487cf req-1e330a16-77a1-4f0f-8940-b2c87ae84d90 8596af14fa624fbe84c1c1079a39e02b 2532fc06c16c45308850faae1ec5dfbe - - 03d0fd4c68764324974e6546d0ac0307 03d0fd4c68764324974e6546d0ac0307] 199.204.45.222 "GET /v2.0/ports?tenant_id=8d6c285c4463467bafa338385d9d119f&device_id=81124438-4012-4302-8ddd-3be407109709 HTTP/1.1" status: 200 len: 1417 time: 0.0470006
2026-06-02 13:33:20.089 10 INFO neutron.wsgi [req-f9a3a908-2f8a-43b9-bcd6-f424261487cf req-39c5c7aa-049d-4b84-a9a4-1045d597a8be 8596af14fa624fbe84c1c1079a39e02b 2532fc06c16c45308850faae1ec5dfbe - - 03d0fd4c68764324974e6546d0ac0307 03d0fd4c68764324974e6546d0ac0307] 199.204.45.222 "GET /v2.0/networks?id=ab4f2344-1006-420f-bf16-14a329aff7f1&id=3db8e99d-b124-457b-b2ba-e1bbe908ea4d HTTP/1.1" status: 200 len: 1728 time: 0.0566704
2026-06-02 13:33:20.119 10 INFO neutron.wsgi [req-f9a3a908-2f8a-43b9-bcd6-f424261487cf req-1f12f9e7-4c77-41d7-9b94-8dbcec73082d 8596af14fa624fbe84c1c1079a39e02b 2532fc06c16c45308850faae1ec5dfbe - - 03d0fd4c68764324974e6546d0ac0307 03d0fd4c68764324974e6546d0ac0307] 199.204.45.222 "GET /v2.0/floatingips?fixed_ip_address=172.24.1.245&port_id=df0515bc-55a2-494c-9b01-8d6527aa764f HTTP/1.1" status: 200 len: 217 time: 0.0228908
2026-06-02 13:33:20.166 10 INFO neutron.wsgi [req-f9a3a908-2f8a-43b9-bcd6-f424261487cf req-c0551581-b537-466f-a330-ac884018805d 8596af14fa624fbe84c1c1079a39e02b 2532fc06c16c45308850faae1ec5dfbe - - 03d0fd4c68764324974e6546d0ac0307 03d0fd4c68764324974e6546d0ac0307] 199.204.45.222 "GET /v2.0/subnets?id=356397f8-e926-4c28-bf0c-3b9f7d552604 HTTP/1.1" status: 200 len: 829 time: 0.0406263
2026-06-02 13:33:20.197 10 INFO neutron.wsgi [req-f9a3a908-2f8a-43b9-bcd6-f424261487cf req-6c318476-1df6-41e0-9a04-7fb0717cbc12 8596af14fa624fbe84c1c1079a39e02b 2532fc06c16c45308850faae1ec5dfbe - - 03d0fd4c68764324974e6546d0ac0307 03d0fd4c68764324974e6546d0ac0307] 199.204.45.222 "GET /v2.0/ports?network_id=ab4f2344-1006-420f-bf16-14a329aff7f1&device_owner=network%3Adhcp HTTP/1.1" status: 200 len: 210 time: 0.0218961
2026-06-02 13:33:20.266 10 INFO neutron.wsgi [req-f9a3a908-2f8a-43b9-bcd6-f424261487cf req-35175ead-1a57-44dd-806f-d2ccbe2db7b6 8596af14fa624fbe84c1c1079a39e02b 2532fc06c16c45308850faae1ec5dfbe - - 03d0fd4c68764324974e6546d0ac0307 03d0fd4c68764324974e6546d0ac0307] 199.204.45.222 "GET /v2.0/networks/ab4f2344-1006-420f-bf16-14a329aff7f1?fields=segments HTTP/1.1" status: 200 len: 212 time: 0.0620499
2026-06-02 13:33:20.792 10 INFO neutron.wsgi [None req-050203ed-5c38-4047-8bb4-8af1516214f3 0c30a91d923b4e87880f8dd9b0a1c882 8d6c285c4463467bafa338385d9d119f - - default default] 199.204.45.222 "GET /v2.0/ports?device_id=81124438-4012-4302-8ddd-3be407109709 HTTP/1.1" status: 200 len: 1417 time: 0.0427334
2026-06-02 13:33:20.795 10 INFO neutron.wsgi [req-f9a3a908-2f8a-43b9-bcd6-f424261487cf req-8b9072c7-13cd-4a99-a62d-80b2ec847972 8596af14fa624fbe84c1c1079a39e02b 2532fc06c16c45308850faae1ec5dfbe - - 03d0fd4c68764324974e6546d0ac0307 03d0fd4c68764324974e6546d0ac0307] 199.204.45.222 "GET /v2.0/networks/ab4f2344-1006-420f-bf16-14a329aff7f1?fields=provider%3Aphysical_network&fields=provider%3Anetwork_type HTTP/1.1" status: 200 len: 277 time: 0.5191703
2026-06-02 13:33:21.115 9 INFO neutron.wsgi [None req-1be4f218-955b-4162-b7a2-9c35c6319bb1 6e8a413a298d49e8ae98ccb8c76d4f07 dec10d5a25ed49ddac090911e9f4a0c9 - - default default] 10.0.0.158 "POST /v2.0/qos/policies HTTP/1.1" status: 201 len: 558 time: 0.2316380
2026-06-02 13:33:21.174 9 INFO neutron.wsgi [None req-cfed1ce5-3772-4ea1-b56a-6f1ac9e1d2db 6e8a413a298d49e8ae98ccb8c76d4f07 dec10d5a25ed49ddac090911e9f4a0c9 - - default default] 10.0.0.158 "POST /v2.0/qos/policies HTTP/1.1" status: 201 len: 558 time: 0.0515268
2026-06-02 13:33:21.213 10 INFO neutron.db.ovn_revision_numbers_db [None req-70c99ebf-71db-4de0-aa14-e276cb18473f 0c30a91d923b4e87880f8dd9b0a1c882 8d6c285c4463467bafa338385d9d119f - - default default] Successfully bumped revision number for resource 390c3968-4762-4619-b728-ce35789d0e0e (type: ports) to 9
2026-06-02 13:33:21.231 10 INFO neutron.wsgi [None req-70c99ebf-71db-4de0-aa14-e276cb18473f 0c30a91d923b4e87880f8dd9b0a1c882 8d6c285c4463467bafa338385d9d119f - - default default] 199.204.45.222 "PUT /v2.0/ports/390c3968-4762-4619-b728-ce35789d0e0e HTTP/1.1" status: 200 len: 1290 time: 0.4297950 /var/lib/openstack/lib/python3.10/site-packages/pycadf/identifier.py:71: UserWarning: Invalid uuid: neutron. To ensure interoperability, identifiers should be a valid uuid. warnings.warn(('Invalid uuid: %s. To ensure interoperability, '
2026-06-02 13:33:21.251 9 INFO neutron.wsgi [None req-a7ed9ed9-9d22-445b-b461-fbdb48cd728f 6e8a413a298d49e8ae98ccb8c76d4f07 dec10d5a25ed49ddac090911e9f4a0c9 - - default default] 10.0.0.158 "POST /v2.0/qos/policies HTTP/1.1" status: 201 len: 558 time: 0.0709875
2026-06-02 13:33:21.278 10 INFO neutron.wsgi [None req-2a3ab55b-dd7e-461c-b373-8c872b71e4a0 0c30a91d923b4e87880f8dd9b0a1c882 8d6c285c4463467bafa338385d9d119f - - default default] 199.204.45.222 "GET /v2.0/ports/390c3968-4762-4619-b728-ce35789d0e0e HTTP/1.1" status: 200 len: 1290 time: 0.0409477
2026-06-02 13:33:21.285 10 INFO neutron.notifiers.nova [-] Nova event matching ['req-49d6e186-b82e-472d-953b-84c0811aa82f'] response: {'server_uuid': '81124438-4012-4302-8ddd-3be407109709', 'name': 'network-vif-plugged', 'status': 'completed', 'tag': '390c3968-4762-4619-b728-ce35789d0e0e', 'code': 200}
2026-06-02 13:33:21.318 9 INFO neutron.wsgi [None req-3be0d700-619b-4784-a0f4-dca679ee110c 6e8a413a298d49e8ae98ccb8c76d4f07 dec10d5a25ed49ddac090911e9f4a0c9 - - default default] 10.0.0.158 "POST /v2.0/qos/policies HTTP/1.1" status: 201 len: 558 time: 0.0604410
2026-06-02 13:33:21.375 9 INFO neutron.db.ovn_revision_numbers_db [None req-33ccf797-2fde-48e5-9b99-fd25ef4788b1 - - - - - -] Successfully bumped revision number for resource 30844262-edbf-44bf-8d2a-94fdaffb73b8 (type: ports) to 8
2026-06-02 13:33:21.389 9 INFO neutron.wsgi [None req-f85156be-d976-47a1-93f1-8d38580397b2 6e8a413a298d49e8ae98ccb8c76d4f07 dec10d5a25ed49ddac090911e9f4a0c9 - - default default] 10.0.0.158 "POST /v2.0/qos/policies HTTP/1.1" status: 201 len: 558 time: 0.0637438
2026-06-02 13:33:21.432 9 INFO neutron.wsgi [None req-08740917-7672-4788-ba11-0e010ec442d9 6e8a413a298d49e8ae98ccb8c76d4f07 dec10d5a25ed49ddac090911e9f4a0c9 - - default default] 10.0.0.158 "PUT /v2.0/policies/4fc42d87-bb18-40d8-9c9f-737931f57f3c/tags HTTP/1.1" status: 200 len: 210 time: 0.0361626
2026-06-02 13:33:21.482 9 INFO neutron.wsgi [None req-9528b0ce-97cd-42ba-a6fb-566b5fe9011b 6e8a413a298d49e8ae98ccb8c76d4f07 dec10d5a25ed49ddac090911e9f4a0c9 - - default default] 10.0.0.158 "PUT /v2.0/policies/d8deefa0-bd37-4f9a-b28f-a9dfcd1d97d9/tags HTTP/1.1" status: 200 len: 218 time: 0.0434146
2026-06-02 13:33:21.520 9 INFO neutron.wsgi [None req-e56d2430-a93d-4be4-bb78-8964bfc3aea1 6e8a413a298d49e8ae98ccb8c76d4f07 dec10d5a25ed49ddac090911e9f4a0c9 - - default default] 10.0.0.158 "PUT /v2.0/policies/07f6ac50-fb7a-405b-8238-04b089d9928a/tags HTTP/1.1" status: 200 len: 227 time: 0.0324035
2026-06-02 13:33:21.554 9 INFO neutron.wsgi [None req-983ad7ca-a649-4a7a-8c61-b5b4e904c131 6e8a413a298d49e8ae98ccb8c76d4f07 dec10d5a25ed49ddac090911e9f4a0c9 - - default default] 10.0.0.158 "PUT /v2.0/policies/363acdb1-cc9f-43bb-84b5-64342ea7ef2a/tags HTTP/1.1" status: 200 len: 212 time: 0.0292237
2026-06-02 13:33:21.625 10 INFO neutron.wsgi [None req-e80d4688-d7a0-4513-86f7-f71eca758fdc 0c30a91d923b4e87880f8dd9b0a1c882 8d6c285c4463467bafa338385d9d119f - - default default] 199.204.45.222 "DELETE /v2.0/ports/390c3968-4762-4619-b728-ce35789d0e0e HTTP/1.1" status: 204 len: 173 time: 0.3332615
2026-06-02 13:33:21.716 10 INFO neutron.wsgi [None req-49549816-1bca-4216-8694-778a74e00621 0c30a91d923b4e87880f8dd9b0a1c882 8d6c285c4463467bafa338385d9d119f - - default default] 199.204.45.222 "GET /v2.0/extensions/security-group HTTP/1.1" status: 200 len: 369 time: 0.0085766
2026-06-02 13:33:21.727 10 INFO neutron.wsgi [None req-640672f3-617a-4102-8cc5-e8dfa0e1d61f 0c30a91d923b4e87880f8dd9b0a1c882 8d6c285c4463467bafa338385d9d119f - - default default] 199.204.45.222 "GET /v2.0/extensions/dns-integration HTTP/1.1" status: 200 len: 371 time: 0.0040526
2026-06-02 13:33:21.756 10 INFO neutron.wsgi [None req-00dbbc1c-d5f0-4f5a-8921-16d711167bc6 0c30a91d923b4e87880f8dd9b0a1c882 8d6c285c4463467bafa338385d9d119f - - default default] 199.204.45.222 "GET /v2.0/extensions/qos HTTP/1.1" status: 200 len: 365 time: 0.0246224
2026-06-02 13:33:21.767 10 INFO neutron.wsgi [None req-14c6ebc1-3227-44fb-9657-b89bce90d2d3 0c30a91d923b4e87880f8dd9b0a1c882 8d6c285c4463467bafa338385d9d119f - - default default] 199.204.45.222 "GET /v2.0/extensions/allowed-address-pairs HTTP/1.1" status: 200 len: 383 time: 0.0046375
2026-06-02 13:33:21.790 10 INFO neutron.pecan_wsgi.hooks.translation [None req-1b56d82e-4b63-4a1b-934b-beef89e166e3 0c30a91d923b4e87880f8dd9b0a1c882 8d6c285c4463467bafa338385d9d119f - - default default] DELETE failed (client error): The resource could not be found.
2026-06-02 13:33:21.793 10 INFO neutron.wsgi [None req-1b56d82e-4b63-4a1b-934b-beef89e166e3 0c30a91d923b4e87880f8dd9b0a1c882 8d6c285c4463467bafa338385d9d119f - - default default] 199.204.45.222 "DELETE /v2.0/ports/390c3968-4762-4619-b728-ce35789d0e0e HTTP/1.1" status: 404 len: 338 time: 0.0221071
2026-06-02 13:33:21.834 10 INFO neutron.wsgi [None req-25a945d8-882f-49af-b5e8-c2946ec1573d 0c30a91d923b4e87880f8dd9b0a1c882 8d6c285c4463467bafa338385d9d119f - - default default] 199.204.45.222 "GET /v2.0/ports/30844262-edbf-44bf-8d2a-94fdaffb73b8 HTTP/1.1" status: 200 len: 1328 time: 0.0351062
2026-06-02 13:33:21.855 10 INFO neutron.api.v2.resource [None req-91f85147-be0c-4163-881e-681ceb807baa 0c30a91d923b4e87880f8dd9b0a1c882 8d6c285c4463467bafa338385d9d119f - - default default] show failed (client error): The resource could not be found.
2026-06-02 13:33:21.856 10 INFO neutron.wsgi [None req-91f85147-be0c-4163-881e-681ceb807baa 0c30a91d923b4e87880f8dd9b0a1c882 8d6c285c4463467bafa338385d9d119f - - default default] 199.204.45.222 "GET /v2.0/security-groups/lb-baf53a19-7ca4-43b6-98fe-41176b34d3ff HTTP/1.1" status: 404 len: 355 time: 0.0148001
2026-06-02 13:33:21.897 10 INFO neutron.wsgi [None req-9aaca441-e5c6-4efe-8e76-89dd10526753 0c30a91d923b4e87880f8dd9b0a1c882 8d6c285c4463467bafa338385d9d119f - - default default] 199.204.45.222 "GET /v2.0/security-groups?name=lb-baf53a19-7ca4-43b6-98fe-41176b34d3ff HTTP/1.1" status: 200 len: 1775 time: 0.0377386
2026-06-02 13:33:21.949 10 INFO neutron.wsgi [None req-872595fa-df08-497b-bb71-a81552f54852 0c30a91d923b4e87880f8dd9b0a1c882 8d6c285c4463467bafa338385d9d119f - - default default] 199.204.45.222 "GET /v2.0/ports/30844262-edbf-44bf-8d2a-94fdaffb73b8 HTTP/1.1" status: 200 len: 1328 time: 0.0438719
2026-06-02 13:33:22.066 9 INFO neutron.wsgi [None req-aba783ac-d1ce-4ab6-b584-2848bd314b80 06104226417743aba1e48721df8933be 01d20f511f1d405bba7c97130f26f699 - - default default] 10.0.0.158 "GET /v2.0/qos/policies?tags=red HTTP/1.1" status: 200 len: 1296 time: 0.1291742
2026-06-02 13:33:22.124 9 INFO neutron.wsgi [None req-e2ddeea5-3ec7-4d3b-9342-0e0d7f6ad57f 06104226417743aba1e48721df8933be 01d20f511f1d405bba7c97130f26f699 - - default default] 10.0.0.158 "GET /v2.0/qos/policies?tags=red%2Cblue HTTP/1.1" status: 200 len: 941 time: 0.0523348
2026-06-02 13:33:22.185 9 INFO neutron.wsgi [None req-5b604757-bfa3-454e-b552-39aca62cdfb4 06104226417743aba1e48721df8933be 01d20f511f1d405bba7c97130f26f699 - - default default] 10.0.0.158 "GET /v2.0/qos/policies?tags-any=blue HTTP/1.1" status: 200 len: 941 time: 0.0536566
2026-06-02 13:33:22.262 9 INFO neutron.wsgi [None req-ca5c222a-4677-4529-bf9e-36ae4f5eaa9e 06104226417743aba1e48721df8933be 01d20f511f1d405bba7c97130f26f699 - - default default] 10.0.0.158 "GET /v2.0/qos/policies?tags-any=red%2Cblue HTTP/1.1" status: 200 len: 1296 time: 0.0728612
2026-06-02 13:33:22.329 9 INFO neutron.wsgi [None req-9d44e2b9-6e90-4099-bd39-123031b450b7 06104226417743aba1e48721df8933be 01d20f511f1d405bba7c97130f26f699 - - default default] 10.0.0.158 "GET /v2.0/qos/policies?not-tags=red HTTP/1.1" status: 200 len: 913 time: 0.0623693
2026-06-02 13:33:22.434 10 INFO neutron.db.ovn_revision_numbers_db [None req-9f4873a2-72db-4c57-afa1-6c7f80e3b717 0c30a91d923b4e87880f8dd9b0a1c882 8d6c285c4463467bafa338385d9d119f - - default default] Successfully bumped revision number for resource 30844262-edbf-44bf-8d2a-94fdaffb73b8 (type: ports) to 9
2026-06-02 13:33:22.455 10 INFO neutron.wsgi [None req-9f4873a2-72db-4c57-afa1-6c7f80e3b717 0c30a91d923b4e87880f8dd9b0a1c882 8d6c285c4463467bafa338385d9d119f - - default default] 199.204.45.222 "PUT /v2.0/ports/30844262-edbf-44bf-8d2a-94fdaffb73b8 HTTP/1.1" status: 200 len: 1290 time: 0.4993567
2026-06-02 13:33:22.466 10 INFO neutron.wsgi [None req-62833f6a-53d5-4ded-b7f7-5fdb103ac173 06104226417743aba1e48721df8933be 01d20f511f1d405bba7c97130f26f699 - - default default] 10.0.0.158 "GET /v2.0/qos/policies?not-tags=red%2Cblue HTTP/1.1" status: 200 len: 1268 time: 0.1291728
2026-06-02 13:33:22.548 9 INFO neutron.wsgi [None req-575a831e-d38d-4194-87a0-4ec8bad2b468 06104226417743aba1e48721df8933be 01d20f511f1d405bba7c97130f26f699 - - default default] 10.0.0.158 "GET /v2.0/qos/policies?not-tags-any=blue HTTP/1.1" status: 200 len: 1268 time: 0.0730777
2026-06-02 13:33:22.594 10 INFO neutron.wsgi [None req-2eb33f1d-4e83-4b9a-8b12-c8fc7a303d72 0c30a91d923b4e87880f8dd9b0a1c882 8d6c285c4463467bafa338385d9d119f - - default default] 199.204.45.222 "DELETE /v2.0/security-groups/dd86bb75-8c0e-42c2-86b8-dfba3a6779ae HTTP/1.1" status: 204 len: 173 time: 0.1270592
2026-06-02 13:33:22.611 9 INFO neutron.wsgi [None req-ea439330-de16-4448-a9db-47abc4cd6bbd 06104226417743aba1e48721df8933be 01d20f511f1d405bba7c97130f26f699 - - default default] 10.0.0.158 "GET /v2.0/qos/policies?not-tags-any=red%2Cblue HTTP/1.1" status: 200 len: 913 time: 0.0571568
2026-06-02 13:33:22.691 9 INFO neutron.wsgi [None req-7190920d-4b24-4a7b-9c98-9dedf0f0e9cc 6e8a413a298d49e8ae98ccb8c76d4f07 dec10d5a25ed49ddac090911e9f4a0c9 - - default default] 10.0.0.158 "DELETE /v2.0/qos/policies/4fc42d87-bb18-40d8-9c9f-737931f57f3c HTTP/1.1" status: 204 len: 168 time: 0.0609171
2026-06-02 13:33:22.757 9 INFO neutron.wsgi [None req-9b57d16d-1314-41ec-aecb-5b54fb96299a 6e8a413a298d49e8ae98ccb8c76d4f07 dec10d5a25ed49ddac090911e9f4a0c9 - - default default] 10.0.0.158 "DELETE /v2.0/qos/policies/d8deefa0-bd37-4f9a-b28f-a9dfcd1d97d9 HTTP/1.1" status: 204 len: 168 time: 0.0610304
2026-06-02 13:33:22.850 10 INFO neutron.wsgi [None req-aa03ff06-d292-4033-a1f6-c242dc98a17c 6e8a413a298d49e8ae98ccb8c76d4f07 dec10d5a25ed49ddac090911e9f4a0c9 - - default default] 10.0.0.158 "DELETE /v2.0/qos/policies/07f6ac50-fb7a-405b-8238-04b089d9928a HTTP/1.1" status: 204 len: 168 time: 0.0890932
2026-06-02 13:33:22.925 9 INFO neutron.wsgi [None req-a66c58e2-1ab4-4806-bb50-4ffdde56dda0 6e8a413a298d49e8ae98ccb8c76d4f07 dec10d5a25ed49ddac090911e9f4a0c9 - - default default] 10.0.0.158 "DELETE /v2.0/qos/policies/363acdb1-cc9f-43bb-84b5-64342ea7ef2a HTTP/1.1" status: 204 len: 168 time: 0.0606370
2026-06-02 13:33:22.932 10 INFO neutron.wsgi [None req-ee5a6d38-d943-49cf-b4a0-021602fb6469 0c30a91d923b4e87880f8dd9b0a1c882 8d6c285c4463467bafa338385d9d119f - - default default] 199.204.45.222 "DELETE /v2.0/ports/30844262-edbf-44bf-8d2a-94fdaffb73b8 HTTP/1.1" status: 204 len: 173 time: 0.3305736
2026-06-02 13:33:22.985 9 INFO neutron.wsgi [None req-9187bcfe-c836-4e16-a5ab-ef1b30fb7c8e 6e8a413a298d49e8ae98ccb8c76d4f07 dec10d5a25ed49ddac090911e9f4a0c9 - - default default] 10.0.0.158 "DELETE /v2.0/qos/policies/c2e78754-ecda-4941-bb99-616fe37cf618 HTTP/1.1" status: 204 len: 168 time: 0.0548532
2026-06-02 13:33:23.286 9 INFO neutron.plugins.ml2.drivers.ovn.mech_driver.mech_driver [None req-a75d0197-3311-46b9-a8ae-5e5b60bac344 - - - - - -] OVN reports status down for port: df0515bc-55a2-494c-9b01-8d6527aa764f
2026-06-02 13:33:23.607 10 INFO neutron.wsgi [req-e1765f46-4071-4f69-bc6d-3f67e7e2569c req-34d0e30a-39e0-4550-9d43-4a4428005021 0c30a91d923b4e87880f8dd9b0a1c882 8d6c285c4463467bafa338385d9d119f - - default default] 199.204.45.222 "GET /v2.0/ports?device_id=81124438-4012-4302-8ddd-3be407109709 HTTP/1.1" status: 200 len: 1415 time: 0.0519273
2026-06-02 13:33:23.655 9 INFO neutron.db.ovn_revision_numbers_db [None req-a75d0197-3311-46b9-a8ae-5e5b60bac344 - - - - - -] Successfully bumped revision number for resource df0515bc-55a2-494c-9b01-8d6527aa764f (type: ports) to 5
2026-06-02 13:33:23.689 9 INFO neutron.notifiers.nova [-] Nova event matching ['req-26ddac5b-5797-4271-b484-bbb991a16b20'] response: {'server_uuid': '81124438-4012-4302-8ddd-3be407109709', 'name': 'network-vif-unplugged', 'status': 'completed', 'tag': 'df0515bc-55a2-494c-9b01-8d6527aa764f', 'code': 200}
2026-06-02 13:33:23.929 10 INFO neutron.wsgi [req-e1765f46-4071-4f69-bc6d-3f67e7e2569c req-87f9f77a-5c9c-4534-a259-4b1960b1418b 0c30a91d923b4e87880f8dd9b0a1c882 8d6c285c4463467bafa338385d9d119f - - default default] 199.204.45.222 "DELETE /v2.0/ports/df0515bc-55a2-494c-9b01-8d6527aa764f HTTP/1.1" status: 204 len: 173 time: 0.3107421
2026-06-02 13:33:23.974 10 INFO neutron.notifiers.nova [-] Nova event matching ['req-e2b8ecbc-b55d-44fc-a80f-a48ecf6c0aba'] response: {'server_uuid': '81124438-4012-4302-8ddd-3be407109709', 'name': 'network-vif-deleted', 'tag': 'df0515bc-55a2-494c-9b01-8d6527aa764f', 'status': 'completed', 'code': 200} /var/lib/openstack/lib/python3.10/site-packages/pycadf/identifier.py:71: UserWarning: Invalid uuid: neutron. To ensure interoperability, identifiers should be a valid uuid. warnings.warn(('Invalid uuid: %s. To ensure interoperability, '
2026-06-02 13:33:24.233 9 INFO neutron.db.ovn_revision_numbers_db [None req-6d432c74-3dfc-4e90-9632-d9a35f251e69 0c30a91d923b4e87880f8dd9b0a1c882 8d6c285c4463467bafa338385d9d119f - - default default] Successfully bumped revision number for resource a7980bf4-a759-41ef-ac30-7e113df9badb (type: security_groups) to 1
2026-06-02 13:33:24.250 9 INFO neutron.db.ovn_revision_numbers_db [None req-6d432c74-3dfc-4e90-9632-d9a35f251e69 0c30a91d923b4e87880f8dd9b0a1c882 8d6c285c4463467bafa338385d9d119f - - default default] Successfully bumped revision number for resource 09e4eef5-01c9-4a78-9591-3764e1cc0541 (type: security_group_rules) to 0
2026-06-02 13:33:24.272 9 INFO neutron.db.ovn_revision_numbers_db [None req-6d432c74-3dfc-4e90-9632-d9a35f251e69 0c30a91d923b4e87880f8dd9b0a1c882 8d6c285c4463467bafa338385d9d119f - - default default] Successfully bumped revision number for resource 49bc270e-edd3-48b6-a98e-f00227201fa7 (type: security_group_rules) to 0
2026-06-02 13:33:24.289 9 INFO neutron.db.ovn_revision_numbers_db [None req-6d432c74-3dfc-4e90-9632-d9a35f251e69 0c30a91d923b4e87880f8dd9b0a1c882 8d6c285c4463467bafa338385d9d119f - - default default] Successfully bumped revision number for resource 4b0d3e69-16c1-494e-8fcb-f64026f76145 (type: security_group_rules) to 0
2026-06-02 13:33:24.304 9 INFO neutron.db.ovn_revision_numbers_db [None req-6d432c74-3dfc-4e90-9632-d9a35f251e69 0c30a91d923b4e87880f8dd9b0a1c882 8d6c285c4463467bafa338385d9d119f - - default default] Successfully bumped revision number for resource 4eea886f-3d50-4fb3-be9a-a5b3380f63d9 (type: security_group_rules) to 0
2026-06-02 13:33:24.329 9 INFO neutron.wsgi [None req-6d432c74-3dfc-4e90-9632-d9a35f251e69 0c30a91d923b4e87880f8dd9b0a1c882 8d6c285c4463467bafa338385d9d119f - - default default] 10.0.0.158 "GET /v2.0/security-groups?tenant_id=315b8ec9fa3e4ba5a4175b7d548e2ff1&name=default HTTP/1.1" status: 200 len: 3000 time: 0.4173360
2026-06-02 13:33:24.569 9 INFO neutron.wsgi [None req-0b41e090-285b-4b60-8ce4-dc4cf3824347 0c30a91d923b4e87880f8dd9b0a1c882 8d6c285c4463467bafa338385d9d119f - - default default] 10.0.0.158 "DELETE /v2.0/security-groups/a7980bf4-a759-41ef-ac30-7e113df9badb HTTP/1.1" status: 204 len: 168 time: 0.2352912
2026-06-02 13:33:24.859 9 INFO neutron.db.ovn_revision_numbers_db [None req-697be0b2-7e09-422b-83f0-fe3c60cb1788 0c30a91d923b4e87880f8dd9b0a1c882 8d6c285c4463467bafa338385d9d119f - - default default] Successfully bumped revision number for resource db979212-b2ff-46c9-b0a1-ef90b59eb6f5 (type: security_groups) to 1
2026-06-02 13:33:24.876 9 INFO neutron.db.ovn_revision_numbers_db [None req-697be0b2-7e09-422b-83f0-fe3c60cb1788 0c30a91d923b4e87880f8dd9b0a1c882 8d6c285c4463467bafa338385d9d119f - - default default] Successfully bumped revision number for resource 54d02678-0ab2-4e30-956b-920c2ad226ec (type: security_group_rules) to 0
2026-06-02 13:33:24.892 9 INFO neutron.db.ovn_revision_numbers_db [None req-697be0b2-7e09-422b-83f0-fe3c60cb1788 0c30a91d923b4e87880f8dd9b0a1c882 8d6c285c4463467bafa338385d9d119f - - default default] Successfully bumped revision number for resource 658c59c8-b95f-432b-8826-55a5b964e020 (type: security_group_rules) to 0
2026-06-02 13:33:24.916 9 INFO neutron.db.ovn_revision_numbers_db [None req-697be0b2-7e09-422b-83f0-fe3c60cb1788 0c30a91d923b4e87880f8dd9b0a1c882 8d6c285c4463467bafa338385d9d119f - - default default] Successfully bumped revision number for resource cdd90b33-0d5b-4478-8f68-f7f13fcbbb7f (type: security_group_rules) to 0
2026-06-02 13:33:24.932 9 INFO neutron.db.ovn_revision_numbers_db [None req-697be0b2-7e09-422b-83f0-fe3c60cb1788 0c30a91d923b4e87880f8dd9b0a1c882 8d6c285c4463467bafa338385d9d119f - - default default] Successfully bumped revision number for resource de79c010-5c0f-4c9e-97e9-4e46d9711fd6 (type: security_group_rules) to 0
2026-06-02 13:33:24.958 9 INFO neutron.wsgi [None req-697be0b2-7e09-422b-83f0-fe3c60cb1788 0c30a91d923b4e87880f8dd9b0a1c882 8d6c285c4463467bafa338385d9d119f - - default default] 10.0.0.158 "GET /v2.0/security-groups?tenant_id=dec10d5a25ed49ddac090911e9f4a0c9&name=default HTTP/1.1" status: 200 len: 3000 time: 0.2316923
2026-06-02 13:33:25.196 10 INFO neutron.wsgi [None req-27b946dc-6bbe-4850-8785-7adf6ac3dd7c 0c30a91d923b4e87880f8dd9b0a1c882 8d6c285c4463467bafa338385d9d119f - - default default] 10.0.0.158 "DELETE /v2.0/security-groups/db979212-b2ff-46c9-b0a1-ef90b59eb6f5 HTTP/1.1" status: 204 len: 168 time: 0.2315364
2026-06-02 13:33:25.428 10 INFO neutron.db.ovn_revision_numbers_db [None req-1ab705e5-f3de-45e2-91ba-69a817b25c60 0c30a91d923b4e87880f8dd9b0a1c882 8d6c285c4463467bafa338385d9d119f - - default default] Successfully bumped revision number for resource 227addbf-9292-48c7-bc35-3a9de7c1bcd7 (type: security_groups) to 1
2026-06-02 13:33:25.443 10 INFO neutron.db.ovn_revision_numbers_db [None req-1ab705e5-f3de-45e2-91ba-69a817b25c60 0c30a91d923b4e87880f8dd9b0a1c882 8d6c285c4463467bafa338385d9d119f - - default default] Successfully bumped revision number for resource 1ab95286-9441-4db5-a86b-249eb328acca (type: security_group_rules) to 0
2026-06-02 13:33:25.457 10 INFO neutron.db.ovn_revision_numbers_db [None req-1ab705e5-f3de-45e2-91ba-69a817b25c60 0c30a91d923b4e87880f8dd9b0a1c882 8d6c285c4463467bafa338385d9d119f - - default default] Successfully bumped revision number for resource 2bd4b000-39ee-49fa-bd90-7e14ac6848b6 (type: security_group_rules) to 0
2026-06-02 13:33:25.473 10 INFO neutron.db.ovn_revision_numbers_db [None req-1ab705e5-f3de-45e2-91ba-69a817b25c60 0c30a91d923b4e87880f8dd9b0a1c882 8d6c285c4463467bafa338385d9d119f - - default default] Successfully bumped revision number for resource 445badb0-20ea-4c1f-aed8-b5c149f55252 (type: security_group_rules) to 0
2026-06-02 13:33:25.486 10 INFO neutron.db.ovn_revision_numbers_db [None req-1ab705e5-f3de-45e2-91ba-69a817b25c60 0c30a91d923b4e87880f8dd9b0a1c882 8d6c285c4463467bafa338385d9d119f - - default default] Successfully bumped revision number for resource 99af64bb-48bd-4837-b9d3-39cd69d06e26 (type: security_group_rules) to 0
2026-06-02 13:33:25.510 10 INFO neutron.wsgi [None req-1ab705e5-f3de-45e2-91ba-69a817b25c60 0c30a91d923b4e87880f8dd9b0a1c882 8d6c285c4463467bafa338385d9d119f - - default default] 10.0.0.158 "GET /v2.0/security-groups?tenant_id=01d20f511f1d405bba7c97130f26f699&name=default HTTP/1.1" status: 200 len: 3000 time: 0.2009230
2026-06-02 13:33:25.737 9 INFO neutron.notifiers.nova [-] Nova event matching ['req-2d8c6871-dc2f-4a06-821e-ccecdf864457'] response: {'server_uuid': '81124438-4012-4302-8ddd-3be407109709', 'name': 'network-vif-plugged', 'status': 'completed', 'tag': 'df0515bc-55a2-494c-9b01-8d6527aa764f', 'code': 200}
2026-06-02 13:33:25.765 10 INFO neutron.wsgi [None req-3f09327c-ade4-47fa-8234-07c6ddb9766d 0c30a91d923b4e87880f8dd9b0a1c882 8d6c285c4463467bafa338385d9d119f - - default default] 10.0.0.158 "DELETE /v2.0/security-groups/227addbf-9292-48c7-bc35-3a9de7c1bcd7 HTTP/1.1" status: 204 len: 168 time: 0.2488127
2026-06-02 13:33:25.849 9 INFO neutron.wsgi [None req-3ada9260-1659-4b21-b8af-314e4ab77a49 0c30a91d923b4e87880f8dd9b0a1c882 8d6c285c4463467bafa338385d9d119f - - default default] 10.0.0.245 "GET /v2.0/ports HTTP/1.1" status: 200 len: 17579 time: 0.2796757
2026-06-02 13:33:25.879 9 INFO neutron.wsgi [None req-677cade8-f59e-4b29-b941-6c06d1beadea 0c30a91d923b4e87880f8dd9b0a1c882 8d6c285c4463467bafa338385d9d119f - - default default] 10.0.0.245 "GET /v2.0/agents HTTP/1.1" status: 200 len: 997 time: 0.0182998
2026-06-02 13:33:25.945 9 INFO neutron.wsgi [None req-a7578ba5-9b48-4af8-a512-df585d50de35 0c30a91d923b4e87880f8dd9b0a1c882 8d6c285c4463467bafa338385d9d119f - - default default] 10.0.0.245 "GET /v2.0/security-groups HTTP/1.1" status: 200 len: 27510 time: 0.0638325
2026-06-02 13:33:26.035 9 INFO neutron.wsgi [None req-dde99b9f-32ef-41d5-b718-56e899872705 0c30a91d923b4e87880f8dd9b0a1c882 8d6c285c4463467bafa338385d9d119f - - default default] 10.0.0.245 "GET /v2.0/networks HTTP/1.1" status: 200 len: 4718 time: 0.0833588
2026-06-02 13:33:26.165 9 INFO neutron.wsgi [None req-2d30c2f8-aecf-44ce-b77b-348cc22cde49 0c30a91d923b4e87880f8dd9b0a1c882 8d6c285c4463467bafa338385d9d119f - - default default] 10.0.0.245 "GET /v2.0/routers HTTP/1.1" status: 200 len: 850 time: 0.1276338
2026-06-02 13:33:26.184 9 INFO neutron.wsgi [None req-b01f80ec-32bc-4935-b79b-691cfed68e7a 0c30a91d923b4e87880f8dd9b0a1c882 8d6c285c4463467bafa338385d9d119f - - default default] 10.0.0.245 "GET /v2.0/agents?binary=ovn-controller HTTP/1.1" status: 200 len: 591 time: 0.0179849
2026-06-02 13:33:26.206 9 INFO neutron.wsgi [None req-6cd5467d-b7a8-4594-aeb4-649affd39799 0c30a91d923b4e87880f8dd9b0a1c882 8d6c285c4463467bafa338385d9d119f - - default default] 10.0.0.245 "GET /v2.0/network-ip-availabilities HTTP/1.1" status: 200 len: 3361 time: 0.0213366
2026-06-02 13:33:26.256 9 INFO neutron.wsgi [None req-98418c5b-8bc3-4469-a0c2-9001d1305358 0c30a91d923b4e87880f8dd9b0a1c882 8d6c285c4463467bafa338385d9d119f - - default default] 10.0.0.245 "GET /v2.0/subnets HTTP/1.1" status: 200 len: 5495 time: 0.0470698
2026-06-02 13:33:26.310 9 INFO neutron.wsgi [None req-441b77d3-0a92-48ee-b1fc-7f37b02db70c 0c30a91d923b4e87880f8dd9b0a1c882 8d6c285c4463467bafa338385d9d119f - - default default] 10.0.0.245 "GET /v2.0/subnets HTTP/1.1" status: 200 len: 5495 time: 0.0519314
2026-06-02 13:33:26.326 9 INFO neutron.wsgi [None req-195eae8a-7e79-4909-ac38-d623142859f4 0c30a91d923b4e87880f8dd9b0a1c882 8d6c285c4463467bafa338385d9d119f - - default default] 10.0.0.245 "GET /v2.0/subnetpools HTTP/1.1" status: 200 len: 193 time: 0.0133152
2026-06-02 13:33:26.389 9 INFO neutron.wsgi [None req-9dd908d0-7320-476d-8b89-55f699e8a035 0c30a91d923b4e87880f8dd9b0a1c882 8d6c285c4463467bafa338385d9d119f - - default default] 10.0.0.245 "GET /v2.0/floatingips HTTP/1.1" status: 200 len: 1878 time: 0.0623810
2026-06-02 13:33:27.231 9 INFO neutron.wsgi [-] 10.0.0.23 "GET / HTTP/1.1" status: 200 len: 247 time: 0.0022528
2026-06-02 13:33:27.234 9 INFO neutron.wsgi [-] 10.0.0.23 "GET / HTTP/1.1" status: 200 len: 247 time: 0.0018773
2026-06-02 13:33:27.745 9 INFO neutron.db.l3_db [None req-6cea86da-68a1-49ce-b960-286ea6ef5e13 cf97476b4f9247d985f50fad056700a8 0fc492128c8c4bba9c9e6410e25bb331 - - default default] Floating IP 9244a9e6-0666-4780-af41-f20f9e54a248 disassociated (deleted). External IP: 10.96.250.220, port: 601feeb8-b9aa-434e-94e4-93823ed2f21c.
2026-06-02 13:33:27.835 9 INFO neutron.wsgi [None req-6cea86da-68a1-49ce-b960-286ea6ef5e13 cf97476b4f9247d985f50fad056700a8 0fc492128c8c4bba9c9e6410e25bb331 - - default default] 10.0.0.158 "DELETE /v2.0/floatingips/9244a9e6-0666-4780-af41-f20f9e54a248 HTTP/1.1" status: 204 len: 168 time: 0.4981277
2026-06-02 13:33:27.868 10 INFO neutron.api.v2.resource [None req-22c2c5ff-5cba-478c-a2ef-f3ef4c2cff35 cf97476b4f9247d985f50fad056700a8 0fc492128c8c4bba9c9e6410e25bb331 - - default default] show failed (client error): The resource could not be found.
2026-06-02 13:33:27.870 10 INFO neutron.wsgi [None req-22c2c5ff-5cba-478c-a2ef-f3ef4c2cff35 cf97476b4f9247d985f50fad056700a8 0fc492128c8c4bba9c9e6410e25bb331 - - default default] 10.0.0.158 "GET /v2.0/floatingips/9244a9e6-0666-4780-af41-f20f9e54a248 HTTP/1.1" status: 404 len: 345 time: 0.0280058
2026-06-02 13:33:27.878 9 INFO neutron.notifiers.nova [-] Nova event matching ['req-df65bae6-7c3b-40cf-98ff-c3372a57b5d3'] response: {'name': 'network-changed', 'server_uuid': 'eec10adf-d3d0-455d-b214-657bbc868b0c', 'tag': '601feeb8-b9aa-434e-94e4-93823ed2f21c', 'status': 'completed', 'code': 200}
2026-06-02 13:33:27.952 10 INFO neutron.wsgi [req-07638653-68ff-4cba-a281-51d6df1a7f8a req-ee46f637-adb8-4efc-8b4d-906cf96036aa 8596af14fa624fbe84c1c1079a39e02b 2532fc06c16c45308850faae1ec5dfbe - - 03d0fd4c68764324974e6546d0ac0307 03d0fd4c68764324974e6546d0ac0307] 199.204.45.222 "GET /v2.0/ports?tenant_id=0fc492128c8c4bba9c9e6410e25bb331&device_id=eec10adf-d3d0-455d-b214-657bbc868b0c HTTP/1.1" status: 200 len: 1642 time: 0.0524137
2026-06-02 13:33:28.032 10 INFO neutron.wsgi [req-07638653-68ff-4cba-a281-51d6df1a7f8a req-08aafa16-60ae-49e9-bad4-f9178a8306e0 8596af14fa624fbe84c1c1079a39e02b 2532fc06c16c45308850faae1ec5dfbe - - 03d0fd4c68764324974e6546d0ac0307 03d0fd4c68764324974e6546d0ac0307] 199.204.45.222 "GET /v2.0/networks?id=56d08a60-f445-4a32-b449-1c171f183f68 HTTP/1.1" status: 200 len: 1002 time: 0.0748279
2026-06-02 13:33:28.065 10 INFO neutron.wsgi [req-07638653-68ff-4cba-a281-51d6df1a7f8a req-8d336978-99b0-44cc-bbc9-73fa08e4e363 8596af14fa624fbe84c1c1079a39e02b 2532fc06c16c45308850faae1ec5dfbe - - 03d0fd4c68764324974e6546d0ac0307 03d0fd4c68764324974e6546d0ac0307] 199.204.45.222 "GET /v2.0/floatingips?fixed_ip_address=10.2.2.109&port_id=601feeb8-b9aa-434e-94e4-93823ed2f21c HTTP/1.1" status: 200 len: 217 time: 0.0262265
2026-06-02 13:33:28.114 10 INFO neutron.wsgi [req-07638653-68ff-4cba-a281-51d6df1a7f8a req-7429a826-002d-4e6c-8eb7-8509cea5f7ea 8596af14fa624fbe84c1c1079a39e02b 2532fc06c16c45308850faae1ec5dfbe - - 03d0fd4c68764324974e6546d0ac0307 03d0fd4c68764324974e6546d0ac0307] 199.204.45.222 "GET /v2.0/floatingips?fixed_ip_address=fd77%3A1457%3A4cf0%3A26a8%3A%3A3af&port_id=601feeb8-b9aa-434e-94e4-93823ed2f21c HTTP/1.1" status: 200 len: 217 time: 0.0389559
2026-06-02 13:33:28.143 10 INFO neutron.plugins.ml2.drivers.ovn.mech_driver.mech_driver [None req-fa7a0459-aa7f-4bb9-b037-665561982b0e - - - - - -] OVN reports status down for port: 601feeb8-b9aa-434e-94e4-93823ed2f21c
2026-06-02 13:33:28.170 10 INFO neutron.wsgi [req-07638653-68ff-4cba-a281-51d6df1a7f8a req-b1d778ab-6353-487b-a9d7-c3d75995c40d 8596af14fa624fbe84c1c1079a39e02b 2532fc06c16c45308850faae1ec5dfbe - - 03d0fd4c68764324974e6546d0ac0307 03d0fd4c68764324974e6546d0ac0307] 199.204.45.222 "GET /v2.0/subnets?id=d1804eb5-f6f1-4449-8b90-e868c80a3b45&id=7443c403-81e1-40c3-8171-3ca122a9fba7 HTTP/1.1" status: 200 len: 1565 time: 0.0481405
2026-06-02 13:33:28.200 10 INFO neutron.wsgi [req-07638653-68ff-4cba-a281-51d6df1a7f8a req-634103d4-e117-48a1-a431-52a9da4f2197 8596af14fa624fbe84c1c1079a39e02b 2532fc06c16c45308850faae1ec5dfbe - - 03d0fd4c68764324974e6546d0ac0307 03d0fd4c68764324974e6546d0ac0307] 199.204.45.222 "GET /v2.0/ports?network_id=56d08a60-f445-4a32-b449-1c171f183f68&device_owner=network%3Adhcp HTTP/1.1" status: 200 len: 210 time: 0.0202246
2026-06-02 13:33:28.241 10 INFO neutron.wsgi [req-07638653-68ff-4cba-a281-51d6df1a7f8a req-68d37189-48b3-4cc9-a495-fdabdeb66eb2 8596af14fa624fbe84c1c1079a39e02b 2532fc06c16c45308850faae1ec5dfbe - - 03d0fd4c68764324974e6546d0ac0307 03d0fd4c68764324974e6546d0ac0307] 199.204.45.222 "GET /v2.0/ports?network_id=56d08a60-f445-4a32-b449-1c171f183f68&device_owner=network%3Adhcp HTTP/1.1" status: 200 len: 210 time: 0.0263674 /var/lib/openstack/lib/python3.10/site-packages/pycadf/identifier.py:71: UserWarning: Invalid uuid: neutron. To ensure interoperability, identifiers should be a valid uuid. warnings.warn(('Invalid uuid: %s. To ensure interoperability, '
2026-06-02 13:33:28.345 10 INFO neutron.wsgi [req-07638653-68ff-4cba-a281-51d6df1a7f8a req-e55a6b26-2556-4996-b0c2-f557a555d83b 8596af14fa624fbe84c1c1079a39e02b 2532fc06c16c45308850faae1ec5dfbe - - 03d0fd4c68764324974e6546d0ac0307 03d0fd4c68764324974e6546d0ac0307] 199.204.45.222 "GET /v2.0/networks/56d08a60-f445-4a32-b449-1c171f183f68?fields=segments HTTP/1.1" status: 200 len: 212 time: 0.0961721
2026-06-02 13:33:28.346 10 INFO neutron.notifiers.nova [-] Nova event matching ['req-71722d56-c8b9-49e5-b357-d55aa59dfbd9'] response: {'server_uuid': 'eec10adf-d3d0-455d-b214-657bbc868b0c', 'name': 'network-vif-unplugged', 'status': 'completed', 'tag': '601feeb8-b9aa-434e-94e4-93823ed2f21c', 'code': 200}
2026-06-02 13:33:28.415 9 INFO neutron.wsgi [req-58cd2366-3443-4cd1-99f6-ca8fbadf16d3 req-b5ffae64-d13c-4b74-a6c5-96917b011271 cf97476b4f9247d985f50fad056700a8 0fc492128c8c4bba9c9e6410e25bb331 - - default default] 10.0.0.94 "GET /v2.0/ports?device_id=eec10adf-d3d0-455d-b214-657bbc868b0c HTTP/1.1" status: 200 len: 1404 time: 0.3783395
2026-06-02 13:33:28.438 10 INFO neutron.wsgi [req-07638653-68ff-4cba-a281-51d6df1a7f8a req-86c81de3-b0b4-4f4f-845d-5ccf859a851f 8596af14fa624fbe84c1c1079a39e02b 2532fc06c16c45308850faae1ec5dfbe - - 03d0fd4c68764324974e6546d0ac0307 03d0fd4c68764324974e6546d0ac0307] 199.204.45.222 "GET /v2.0/networks/56d08a60-f445-4a32-b449-1c171f183f68?fields=provider%3Aphysical_network&fields=provider%3Anetwork_type HTTP/1.1" status: 200 len: 277 time: 0.0781336
2026-06-02 13:33:28.450 9 INFO neutron.wsgi [req-ff652884-e799-41b6-adcd-a81b3d732a54 req-9587d545-b555-4def-a761-06703e5561d2 cf97476b4f9247d985f50fad056700a8 0fc492128c8c4bba9c9e6410e25bb331 - - default default] 199.204.45.222 "GET /v2.0/ports?device_id=eec10adf-d3d0-455d-b214-657bbc868b0c HTTP/1.1" status: 200 len: 1402 time: 0.0763543
2026-06-02 13:33:28.488 9 INFO neutron.wsgi [req-58cd2366-3443-4cd1-99f6-ca8fbadf16d3 req-e82533ac-1ccc-470c-a13e-2e878b085858 cf97476b4f9247d985f50fad056700a8 0fc492128c8c4bba9c9e6410e25bb331 - - default default] 10.0.0.94 "GET /v2.0/security-groups?id=78d5d599-0f11-4021-9c60-914e0a9428d1&fields=id&fields=name HTTP/1.1" status: 200 len: 310 time: 0.0653124
2026-06-02 13:33:28.544 10 INFO neutron.db.ovn_revision_numbers_db [None req-fa7a0459-aa7f-4bb9-b037-665561982b0e - - - - - -] Successfully bumped revision number for resource 601feeb8-b9aa-434e-94e4-93823ed2f21c (type: ports) to 5
2026-06-02 13:33:28.846 9 INFO neutron.wsgi [req-ff652884-e799-41b6-adcd-a81b3d732a54 req-242c34fd-2561-4dbe-8e59-5918feb0a49c cf97476b4f9247d985f50fad056700a8 0fc492128c8c4bba9c9e6410e25bb331 - - default default] 199.204.45.222 "DELETE /v2.0/ports/601feeb8-b9aa-434e-94e4-93823ed2f21c HTTP/1.1" status: 204 len: 173 time: 0.3907714
2026-06-02 13:33:29.924 9 INFO neutron.notifiers.nova [-] Nova event matching ['req-ca1e3543-d3e7-488a-80d9-3161f9595a99'] response: {'server_uuid': 'eec10adf-d3d0-455d-b214-657bbc868b0c', 'name': 'network-vif-deleted', 'tag': '601feeb8-b9aa-434e-94e4-93823ed2f21c', 'status': 'completed', 'code': 200}
2026-06-02 13:33:30.389 10 INFO neutron.notifiers.nova [-] Nova event matching ['req-76c98f33-18ba-4039-93c6-a037c65a1efa'] response: {'server_uuid': 'eec10adf-d3d0-455d-b214-657bbc868b0c', 'name': 'network-vif-plugged', 'status': 'completed', 'tag': '601feeb8-b9aa-434e-94e4-93823ed2f21c', 'code': 200}
2026-06-02 13:33:33.925 9 INFO neutron.db.l3_db [None req-729eb618-f92a-4cfb-b476-7c896c7d1921 cf97476b4f9247d985f50fad056700a8 0fc492128c8c4bba9c9e6410e25bb331 - - default default] Floating IP 78f01852-f59e-47ec-8ccd-814c8b80d782 disassociated (deleted). External IP: 10.96.250.219, port: 47ddc4ba-9df1-45b6-a776-577c21774d52.
2026-06-02 13:33:33.976 9 INFO neutron.wsgi [None req-729eb618-f92a-4cfb-b476-7c896c7d1921 cf97476b4f9247d985f50fad056700a8 0fc492128c8c4bba9c9e6410e25bb331 - - default default] 10.0.0.158 "DELETE /v2.0/floatingips/78f01852-f59e-47ec-8ccd-814c8b80d782 HTTP/1.1" status: 204 len: 168 time: 0.4158497 /var/lib/openstack/lib/python3.10/site-packages/pycadf/identifier.py:71: UserWarning: Invalid uuid: neutron. To ensure interoperability, identifiers should be a valid uuid. warnings.warn(('Invalid uuid: %s. To ensure interoperability, '
2026-06-02 13:33:34.006 10 INFO neutron.api.v2.resource [None req-94a9d59b-871a-440b-924e-345b92ad59a7 cf97476b4f9247d985f50fad056700a8 0fc492128c8c4bba9c9e6410e25bb331 - - default default] show failed (client error): The resource could not be found.
2026-06-02 13:33:34.008 10 INFO neutron.wsgi [None req-94a9d59b-871a-440b-924e-345b92ad59a7 cf97476b4f9247d985f50fad056700a8 0fc492128c8c4bba9c9e6410e25bb331 - - default default] 10.0.0.158 "GET /v2.0/floatingips/78f01852-f59e-47ec-8ccd-814c8b80d782 HTTP/1.1" status: 404 len: 345 time: 0.0258133
2026-06-02 13:33:34.014 9 INFO neutron.notifiers.nova [-] Nova event matching ['req-39e588a0-3e55-4c8b-9945-56fb65c65e7d'] response: {'name': 'network-changed', 'server_uuid': '091a39cd-bfd7-430b-8c41-efe14170c07f', 'tag': '47ddc4ba-9df1-45b6-a776-577c21774d52', 'status': 'completed', 'code': 200}
2026-06-02 13:33:34.085 9 INFO neutron.wsgi [req-aa3e19f4-c7e3-40e5-9356-1c99c971df8d req-a0782306-7825-47ea-9b5a-624a206bdfb0 8596af14fa624fbe84c1c1079a39e02b 2532fc06c16c45308850faae1ec5dfbe - - 03d0fd4c68764324974e6546d0ac0307 03d0fd4c68764324974e6546d0ac0307] 199.204.45.222 "GET /v2.0/ports?tenant_id=0fc492128c8c4bba9c9e6410e25bb331&device_id=091a39cd-bfd7-430b-8c41-efe14170c07f HTTP/1.1" status: 200 len: 1634 time: 0.0467565
2026-06-02 13:33:34.178 9 INFO neutron.wsgi [req-aa3e19f4-c7e3-40e5-9356-1c99c971df8d req-efc16b32-f290-4b46-8a86-c4f7bacb3157 8596af14fa624fbe84c1c1079a39e02b 2532fc06c16c45308850faae1ec5dfbe - - 03d0fd4c68764324974e6546d0ac0307 03d0fd4c68764324974e6546d0ac0307] 199.204.45.222 "GET /v2.0/networks?id=a13635a4-9db4-463b-8a13-86d04bab04b5 HTTP/1.1" status: 200 len: 1002 time: 0.0834801
2026-06-02 13:33:34.229 9 INFO neutron.wsgi [req-aa3e19f4-c7e3-40e5-9356-1c99c971df8d req-3e6f4cab-c2a0-4b14-85db-05977c092d75 8596af14fa624fbe84c1c1079a39e02b 2532fc06c16c45308850faae1ec5dfbe - - 03d0fd4c68764324974e6546d0ac0307 03d0fd4c68764324974e6546d0ac0307] 199.204.45.222 "GET /v2.0/floatingips?fixed_ip_address=10.2.1.46&port_id=47ddc4ba-9df1-45b6-a776-577c21774d52 HTTP/1.1" status: 200 len: 217 time: 0.0347228
2026-06-02 13:33:34.252 9 INFO neutron.plugins.ml2.drivers.ovn.mech_driver.mech_driver [None req-a75d0197-3311-46b9-a8ae-5e5b60bac344 - - - - - -] OVN reports status down for port: 47ddc4ba-9df1-45b6-a776-577c21774d52
2026-06-02 13:33:34.287 9 INFO neutron.wsgi [req-aa3e19f4-c7e3-40e5-9356-1c99c971df8d req-6ea981cc-9b23-4673-a814-25839c518a77 8596af14fa624fbe84c1c1079a39e02b 2532fc06c16c45308850faae1ec5dfbe - - 03d0fd4c68764324974e6546d0ac0307 03d0fd4c68764324974e6546d0ac0307] 199.204.45.222 "GET /v2.0/floatingips?fixed_ip_address=fd7b%3Af9f7%3Afff%3A4eca%3A%3A384&port_id=47ddc4ba-9df1-45b6-a776-577c21774d52 HTTP/1.1" status: 200 len: 217 time: 0.0441742
2026-06-02 13:33:34.649 10 INFO neutron.wsgi [req-c595bed6-e109-4257-9cfc-4c491be3597f req-2439bb56-ca93-4435-a773-cbdeee226d16 cf97476b4f9247d985f50fad056700a8 0fc492128c8c4bba9c9e6410e25bb331 - - default default] 199.204.45.222 "GET /v2.0/ports?device_id=091a39cd-bfd7-430b-8c41-efe14170c07f HTTP/1.1" status: 200 len: 1396 time: 0.1026502
2026-06-02 13:33:34.679 9 INFO neutron.wsgi [req-aa3e19f4-c7e3-40e5-9356-1c99c971df8d req-81892f28-3579-4852-8cd3-e0e1608bed28 8596af14fa624fbe84c1c1079a39e02b 2532fc06c16c45308850faae1ec5dfbe - - 03d0fd4c68764324974e6546d0ac0307 03d0fd4c68764324974e6546d0ac0307] 199.204.45.222 "GET /v2.0/subnets?id=f4641a0a-4d16-40dd-8902-d4fa045c7b69&id=7f951691-69c9-4468-83de-921dc94b9b49 HTTP/1.1" status: 200 len: 1562 time: 0.3782396
2026-06-02 13:33:34.684 9 INFO neutron.wsgi [req-9b81d9af-1e3c-492b-a018-3351de03a6bd req-096af5e0-5f08-460a-a620-dbd061f496f9 cf97476b4f9247d985f50fad056700a8 0fc492128c8c4bba9c9e6410e25bb331 - - default default] 10.0.0.94 "GET /v2.0/ports?device_id=091a39cd-bfd7-430b-8c41-efe14170c07f HTTP/1.1" status: 200 len: 1396 time: 0.5015025
2026-06-02 13:33:34.714 9 INFO neutron.wsgi [req-aa3e19f4-c7e3-40e5-9356-1c99c971df8d req-cc424c63-b206-4390-8f39-f18a4eb1909c 8596af14fa624fbe84c1c1079a39e02b 2532fc06c16c45308850faae1ec5dfbe - - 03d0fd4c68764324974e6546d0ac0307 03d0fd4c68764324974e6546d0ac0307] 199.204.45.222 "GET /v2.0/ports?network_id=a13635a4-9db4-463b-8a13-86d04bab04b5&device_owner=network%3Adhcp HTTP/1.1" status: 200 len: 210 time: 0.0279925
2026-06-02 13:33:34.746 9 INFO neutron.wsgi [req-aa3e19f4-c7e3-40e5-9356-1c99c971df8d req-aa0d82c3-ddfa-4d52-a109-f86e134d4b6c 8596af14fa624fbe84c1c1079a39e02b 2532fc06c16c45308850faae1ec5dfbe - - 03d0fd4c68764324974e6546d0ac0307 03d0fd4c68764324974e6546d0ac0307] 199.204.45.222 "GET /v2.0/ports?network_id=a13635a4-9db4-463b-8a13-86d04bab04b5&device_owner=network%3Adhcp HTTP/1.1" status: 200 len: 210 time: 0.0251412
2026-06-02 13:33:34.776 9 INFO neutron.wsgi [req-9b81d9af-1e3c-492b-a018-3351de03a6bd req-61f2f501-f5c2-49ba-a4b6-e7e1cf346063 cf97476b4f9247d985f50fad056700a8 0fc492128c8c4bba9c9e6410e25bb331 - - default default] 10.0.0.94 "GET /v2.0/security-groups?id=78d5d599-0f11-4021-9c60-914e0a9428d1&fields=id&fields=name HTTP/1.1" status: 200 len: 310 time: 0.0794797
2026-06-02 13:33:34.867 9 INFO neutron.wsgi [req-aa3e19f4-c7e3-40e5-9356-1c99c971df8d req-1768c36b-deee-421e-b95a-98b119ad1276 8596af14fa624fbe84c1c1079a39e02b 2532fc06c16c45308850faae1ec5dfbe - - 03d0fd4c68764324974e6546d0ac0307 03d0fd4c68764324974e6546d0ac0307] 199.204.45.222 "GET /v2.0/networks/a13635a4-9db4-463b-8a13-86d04bab04b5?fields=segments HTTP/1.1" status: 200 len: 212 time: 0.1145489
2026-06-02 13:33:34.974 9 INFO neutron.wsgi [req-aa3e19f4-c7e3-40e5-9356-1c99c971df8d req-6ca80e56-a049-4ee6-bc39-72635ac9d324 8596af14fa624fbe84c1c1079a39e02b 2532fc06c16c45308850faae1ec5dfbe - - 03d0fd4c68764324974e6546d0ac0307 03d0fd4c68764324974e6546d0ac0307] 199.204.45.222 "GET /v2.0/networks/a13635a4-9db4-463b-8a13-86d04bab04b5?fields=provider%3Aphysical_network&fields=provider%3Anetwork_type HTTP/1.1" status: 200 len: 277 time: 0.0962369
2026-06-02 13:33:35.025 9 INFO neutron.db.ovn_revision_numbers_db [None req-a75d0197-3311-46b9-a8ae-5e5b60bac344 - - - - - -] Successfully bumped revision number for resource 47ddc4ba-9df1-45b6-a776-577c21774d52 (type: ports) to 5
2026-06-02 13:33:35.048 10 INFO neutron.wsgi [req-c595bed6-e109-4257-9cfc-4c491be3597f req-8ea7ab27-0dfa-43ad-a6fd-97eae07f82b7 cf97476b4f9247d985f50fad056700a8 0fc492128c8c4bba9c9e6410e25bb331 - - default default] 199.204.45.222 "DELETE /v2.0/ports/47ddc4ba-9df1-45b6-a776-577c21774d52 HTTP/1.1" status: 204 len: 173 time: 0.3944714
2026-06-02 13:33:35.093 10 INFO neutron.notifiers.nova [-] Nova event matching ['req-8c7d378f-e471-42a4-8ca2-80215fd8e8d5'] response: {'server_uuid': '091a39cd-bfd7-430b-8c41-efe14170c07f', 'name': 'network-vif-deleted', 'tag': '47ddc4ba-9df1-45b6-a776-577c21774d52', 'status': 'completed', 'code': 200}
2026-06-02 13:33:36.053 9 INFO neutron.notifiers.nova [-] Nova event matching ['req-25c52326-e303-4b5a-84c7-8c4a600a6be8'] response: {'server_uuid': '091a39cd-bfd7-430b-8c41-efe14170c07f', 'name': 'network-vif-unplugged', 'status': 'completed', 'tag': '47ddc4ba-9df1-45b6-a776-577c21774d52', 'code': 200}
2026-06-02 13:33:36.054 9 INFO neutron.notifiers.nova [-] Nova event matching ['req-25c52326-e303-4b5a-84c7-8c4a600a6be8'] response: {'server_uuid': '091a39cd-bfd7-430b-8c41-efe14170c07f', 'name': 'network-vif-plugged', 'status': 'completed', 'tag': '47ddc4ba-9df1-45b6-a776-577c21774d52', 'code': 200}
2026-06-02 13:33:39.994 10 INFO neutron.wsgi [None req-2be772c0-1caa-4aa5-901b-75c5aa6ff127 cf97476b4f9247d985f50fad056700a8 0fc492128c8c4bba9c9e6410e25bb331 - - default default] 10.0.0.158 "DELETE /v2.0/security-group-rules/dfa317d5-c154-404e-9162-2b98c8704ef7 HTTP/1.1" status: 204 len: 168 time: 0.1541340
2026-06-02 13:33:40.011 10 INFO neutron.api.v2.resource [None req-8c4e83de-83ac-4f8b-95ff-3de18bf74736 cf97476b4f9247d985f50fad056700a8 0fc492128c8c4bba9c9e6410e25bb331 - - default default] show failed (client error): The resource could not be found.
2026-06-02 13:33:40.013 10 INFO neutron.wsgi [None req-8c4e83de-83ac-4f8b-95ff-3de18bf74736 cf97476b4f9247d985f50fad056700a8 0fc492128c8c4bba9c9e6410e25bb331 - - default default] 10.0.0.158 "GET /v2.0/security-group-rules/dfa317d5-c154-404e-9162-2b98c8704ef7 HTTP/1.1" status: 404 len: 356 time: 0.0139227
2026-06-02 13:33:40.153 10 INFO neutron.wsgi [None req-a482e178-60dc-4578-9453-ed71f6f905a5 cf97476b4f9247d985f50fad056700a8 0fc492128c8c4bba9c9e6410e25bb331 - - default default] 10.0.0.158 "DELETE /v2.0/security-group-rules/ebb48842-f51a-4a35-850d-901386e8e199 HTTP/1.1" status: 204 len: 168 time: 0.1346338
2026-06-02 13:33:40.168 10 INFO neutron.api.v2.resource [None req-8fbe4f0c-4dcb-4a9f-88ea-4c2fce95563f cf97476b4f9247d985f50fad056700a8 0fc492128c8c4bba9c9e6410e25bb331 - - default default] show failed (client error): The resource could not be found.
2026-06-02 13:33:40.169 10 INFO neutron.wsgi [None req-8fbe4f0c-4dcb-4a9f-88ea-4c2fce95563f cf97476b4f9247d985f50fad056700a8 0fc492128c8c4bba9c9e6410e25bb331 - - default default] 10.0.0.158 "GET /v2.0/security-group-rules/ebb48842-f51a-4a35-850d-901386e8e199 HTTP/1.1" status: 404 len: 356 time: 0.0101840
2026-06-02 13:33:40.298 10 INFO neutron.wsgi [None req-285ff985-c5de-4a1c-aa5f-1e1366fa93e7 cf97476b4f9247d985f50fad056700a8 0fc492128c8c4bba9c9e6410e25bb331 - - default default] 10.0.0.158 "DELETE /v2.0/security-group-rules/98b327f8-886b-4651-a603-716df4b6498f HTTP/1.1" status: 204 len: 168 time: 0.1247501
2026-06-02 13:33:40.314 10 INFO neutron.api.v2.resource [None req-53eec4fb-5e1a-4ce1-8a6f-dbb854e483a8 cf97476b4f9247d985f50fad056700a8 0fc492128c8c4bba9c9e6410e25bb331 - - default default] show failed (client error): The resource could not be found.
2026-06-02 13:33:40.316 10 INFO neutron.wsgi [None req-53eec4fb-5e1a-4ce1-8a6f-dbb854e483a8 cf97476b4f9247d985f50fad056700a8 0fc492128c8c4bba9c9e6410e25bb331 - - default default] 10.0.0.158 "GET /v2.0/security-group-rules/98b327f8-886b-4651-a603-716df4b6498f HTTP/1.1" status: 404 len: 356 time: 0.0117722
2026-06-02 13:33:40.480 9 INFO neutron.wsgi [None req-d2bbb864-80ea-41c3-97b6-ca02e11093a4 cf97476b4f9247d985f50fad056700a8 0fc492128c8c4bba9c9e6410e25bb331 - - default default] 10.0.0.158 "DELETE /v2.0/security-group-rules/47b14e63-c15a-4e86-bf3f-f44e2110ca9d HTTP/1.1" status: 204 len: 168 time: 0.1596115
2026-06-02 13:33:40.501 9 INFO neutron.api.v2.resource [None req-e7b12456-17db-4e6a-ad45-e373597458b6 cf97476b4f9247d985f50fad056700a8 0fc492128c8c4bba9c9e6410e25bb331 - - default default] show failed (client error): The resource could not be found.
2026-06-02 13:33:40.502 9 INFO neutron.wsgi [None req-e7b12456-17db-4e6a-ad45-e373597458b6 cf97476b4f9247d985f50fad056700a8 0fc492128c8c4bba9c9e6410e25bb331 - - default default] 10.0.0.158 "GET /v2.0/security-group-rules/47b14e63-c15a-4e86-bf3f-f44e2110ca9d HTTP/1.1" status: 404 len: 356 time: 0.0158362
2026-06-02 13:33:40.622 9 INFO neutron.wsgi [None req-41098600-588f-4427-8761-4012cdf01f38 cf97476b4f9247d985f50fad056700a8 0fc492128c8c4bba9c9e6410e25bb331 - - default default] 10.0.0.158 "DELETE /v2.0/security-group-rules/72cd769c-9403-44ef-8eab-54f624e72fa1 HTTP/1.1" status: 204 len: 168 time: 0.1145895
2026-06-02 13:33:40.636 9 INFO neutron.api.v2.resource [None req-a5d343f5-7899-40ac-a055-b2857fe1771b cf97476b4f9247d985f50fad056700a8 0fc492128c8c4bba9c9e6410e25bb331 - - default default] show failed (client error): The resource could not be found.
2026-06-02 13:33:40.638 9 INFO neutron.wsgi [None req-a5d343f5-7899-40ac-a055-b2857fe1771b cf97476b4f9247d985f50fad056700a8 0fc492128c8c4bba9c9e6410e25bb331 - - default default] 10.0.0.158 "GET /v2.0/security-group-rules/72cd769c-9403-44ef-8eab-54f624e72fa1 HTTP/1.1" status: 404 len: 356 time: 0.0099516
2026-06-02 13:33:40.769 9 INFO neutron.wsgi [None req-4ca4f3fd-19b9-42f7-aa66-a626aecd2d00 cf97476b4f9247d985f50fad056700a8 0fc492128c8c4bba9c9e6410e25bb331 - - default default] 10.0.0.158 "DELETE /v2.0/security-group-rules/fa6010ac-da05-450e-8d1b-0cb9de8bbf44 HTTP/1.1" status: 204 len: 168 time: 0.1261065
