2026-06-02 13:28:47.740 9 INFO neutron.wsgi [None req-c6d0847f-d8d8-45af-97e3-f60cc962945f 0c30a91d923b4e87880f8dd9b0a1c882 8d6c285c4463467bafa338385d9d119f - - default default] 10.0.0.158 "GET /v2.0/security-groups?tenant_id=1eaba9e5789e4e87971320fcdb685e0c&name=default HTTP/1.1" status: 200 len: 2996 time: 0.4019279
2026-06-02 13:28:47.873 9 INFO neutron.plugins.ml2.drivers.ovn.mech_driver.mech_driver [None req-a75d0197-3311-46b9-a8ae-5e5b60bac344 - - - - - -] OVN reports status up for port: 48fd730f-cdee-49d6-a2c9-bdfb7c700aa3
2026-06-02 13:28:47.891 9 INFO neutron.plugins.ml2.plugin [None req-a75d0197-3311-46b9-a8ae-5e5b60bac344 - - - - - -] Attempt 1 to provision port 48fd730f-cdee-49d6-a2c9-bdfb7c700aa3
2026-06-02 13:28:47.892 10 INFO neutron.db.ovn_revision_numbers_db [None req-fe1dbe7f-17ff-4fee-b3f2-dd90894436ba 7c5f2b4d0cd94d36907267b97cb12f92 7565f04a401642068b5234edeebe3872 - - default default] Successfully bumped revision number for resource f0465ba5-b4c4-4840-a341-863b6161f3cc (type: networks) to 1
2026-06-02 13:28:48.056 9 INFO neutron.wsgi [None req-23e21c3e-cf2a-4460-8261-16c4a885b504 0c30a91d923b4e87880f8dd9b0a1c882 8d6c285c4463467bafa338385d9d119f - - default default] 10.0.0.158 "DELETE /v2.0/security-groups/ce698c0f-cc23-4741-936b-27c09f26aec4 HTTP/1.1" status: 204 len: 168 time: 0.3014071
2026-06-02 13:28:48.123 10 WARNING neutron.scheduler.dhcp_agent_scheduler [None req-fe1dbe7f-17ff-4fee-b3f2-dd90894436ba 7c5f2b4d0cd94d36907267b97cb12f92 7565f04a401642068b5234edeebe3872 - - default default] No more DHCP agents
2026-06-02 13:28:48.125 10 WARNING neutron.api.rpc.agentnotifiers.dhcp_rpc_agent_api [None req-fe1dbe7f-17ff-4fee-b3f2-dd90894436ba 7c5f2b4d0cd94d36907267b97cb12f92 7565f04a401642068b5234edeebe3872 - - default default] Unable to schedule network f0465ba5-b4c4-4840-a341-863b6161f3cc: no agents available; will retry on subsequent port and subnet creation events.
2026-06-02 13:28:48.227 10 INFO neutron.db.ovn_revision_numbers_db [None req-fe1dbe7f-17ff-4fee-b3f2-dd90894436ba 7c5f2b4d0cd94d36907267b97cb12f92 7565f04a401642068b5234edeebe3872 - - default default] Successfully bumped revision number for resource be88d6f8-28f0-4869-853d-546069ef5ded (type: ports) to 1
2026-06-02 13:28:48.298 9 INFO neutron.db.ovn_revision_numbers_db [None req-a20b4c69-434a-4b98-a629-0613f64a1446 0c30a91d923b4e87880f8dd9b0a1c882 8d6c285c4463467bafa338385d9d119f - - default default] Successfully bumped revision number for resource c1f13fa6-b8cc-431b-89ac-ceb2a4ead975 (type: security_groups) to 1
2026-06-02 13:28:48.307 9 INFO neutron.db.ovn_revision_numbers_db [None req-a75d0197-3311-46b9-a8ae-5e5b60bac344 - - - - - -] Successfully bumped revision number for resource 48fd730f-cdee-49d6-a2c9-bdfb7c700aa3 (type: ports) to 4
2026-06-02 13:28:48.340 10 INFO neutron.db.ovn_revision_numbers_db [None req-fe1dbe7f-17ff-4fee-b3f2-dd90894436ba 7c5f2b4d0cd94d36907267b97cb12f92 7565f04a401642068b5234edeebe3872 - - default default] Successfully bumped revision number for resource 45d6b3c8-ea58-4f69-a180-bd9e919e83ca (type: networks) to 1
2026-06-02 13:28:48.341 9 INFO neutron.db.ovn_revision_numbers_db [None req-a20b4c69-434a-4b98-a629-0613f64a1446 0c30a91d923b4e87880f8dd9b0a1c882 8d6c285c4463467bafa338385d9d119f - - default default] Successfully bumped revision number for resource 5e34c57c-9682-4b2a-ae1c-7a5f5f0da315 (type: security_group_rules) to 0
2026-06-02 13:28:48.366 9 INFO neutron.db.ovn_revision_numbers_db [None req-a20b4c69-434a-4b98-a629-0613f64a1446 0c30a91d923b4e87880f8dd9b0a1c882 8d6c285c4463467bafa338385d9d119f - - default default] Successfully bumped revision number for resource 6f6291bf-c515-48c7-8325-88481608e04b (type: security_group_rules) to 0
2026-06-02 13:28:48.394 9 INFO neutron.db.ovn_revision_numbers_db [None req-a20b4c69-434a-4b98-a629-0613f64a1446 0c30a91d923b4e87880f8dd9b0a1c882 8d6c285c4463467bafa338385d9d119f - - default default] Successfully bumped revision number for resource cc4f2acf-03e8-49f6-9f47-2edeaea055e2 (type: security_group_rules) to 0
2026-06-02 13:28:48.412 9 INFO neutron.db.ovn_revision_numbers_db [None req-a20b4c69-434a-4b98-a629-0613f64a1446 0c30a91d923b4e87880f8dd9b0a1c882 8d6c285c4463467bafa338385d9d119f - - default default] Successfully bumped revision number for resource dc4fae12-60b0-4da6-83b2-86a50ba2bb45 (type: security_group_rules) to 0
2026-06-02 13:28:48.465 9 INFO neutron.db.segments_db [None req-a20b4c69-434a-4b98-a629-0613f64a1446 0c30a91d923b4e87880f8dd9b0a1c882 8d6c285c4463467bafa338385d9d119f - - default default] Added segment ff1d45b1-c776-4225-b806-39d0b74a166c of type geneve for network 8e95c5fe-ff2d-4406-b124-c09eccce9b09
2026-06-02 13:28:48.605 10 WARNING neutron.scheduler.dhcp_agent_scheduler [None req-fe1dbe7f-17ff-4fee-b3f2-dd90894436ba 7c5f2b4d0cd94d36907267b97cb12f92 7565f04a401642068b5234edeebe3872 - - default default] No more DHCP agents
2026-06-02 13:28:48.608 10 WARNING neutron.api.rpc.agentnotifiers.dhcp_rpc_agent_api [None req-fe1dbe7f-17ff-4fee-b3f2-dd90894436ba 7c5f2b4d0cd94d36907267b97cb12f92 7565f04a401642068b5234edeebe3872 - - default default] Unable to schedule network 45d6b3c8-ea58-4f69-a180-bd9e919e83ca: no agents available; will retry on subsequent port and subnet creation events.
2026-06-02 13:28:48.622 9 INFO neutron.notifiers.nova [-] Nova event matching ['req-c9bf8ae8-30b3-480c-8177-980f5d8b64aa'] response: {'server_uuid': '93a5617d-65d3-4c8e-ba82-85ee2b84030f', 'name': 'network-vif-plugged', 'status': 'completed', 'tag': '48fd730f-cdee-49d6-a2c9-bdfb7c700aa3', 'code': 200}
2026-06-02 13:28:48.622 9 INFO neutron.notifiers.nova [-] Nova event matching ['req-c9bf8ae8-30b3-480c-8177-980f5d8b64aa'] response: {'server_uuid': '93a5617d-65d3-4c8e-ba82-85ee2b84030f', 'name': 'network-vif-plugged', 'status': 'completed', 'tag': '48fd730f-cdee-49d6-a2c9-bdfb7c700aa3', 'code': 200}
2026-06-02 13:28:48.634 9 INFO neutron.db.ovn_revision_numbers_db [None req-a20b4c69-434a-4b98-a629-0613f64a1446 0c30a91d923b4e87880f8dd9b0a1c882 8d6c285c4463467bafa338385d9d119f - - default default] Successfully bumped revision number for resource 8e95c5fe-ff2d-4406-b124-c09eccce9b09 (type: networks) to 1 /var/lib/openstack/lib/python3.10/site-packages/pycadf/identifier.py:71: UserWarning: Invalid uuid: neutron. To ensure interoperability, identifiers should be a valid uuid. warnings.warn(('Invalid uuid: %s. To ensure interoperability, '
2026-06-02 13:28:48.720 10 INFO neutron.db.ovn_revision_numbers_db [None req-fe1dbe7f-17ff-4fee-b3f2-dd90894436ba 7c5f2b4d0cd94d36907267b97cb12f92 7565f04a401642068b5234edeebe3872 - - default default] Successfully bumped revision number for resource a0642fa6-6e12-4f01-86b8-4369671ec4cd (type: ports) to 1
2026-06-02 13:28:48.743 10 INFO neutron.wsgi [None req-fe1dbe7f-17ff-4fee-b3f2-dd90894436ba 7c5f2b4d0cd94d36907267b97cb12f92 7565f04a401642068b5234edeebe3872 - - default default] 10.0.0.158 "POST /v2.0/networks HTTP/1.1" status: 201 len: 1444 time: 1.7314911
2026-06-02 13:28:48.822 9 INFO neutron.wsgi [req-44136b6a-dddc-4a70-b4a9-539f4f327e22 req-5725f3a8-64dc-4fe9-8639-04194aa58fbc 29ff7ff484414030a16887f5b9b6711e 0fcebe2a571c42e88ebb55c886b0caf9 - - default default] 10.0.0.94 "GET /v2.0/ports?device_id=93a5617d-65d3-4c8e-ba82-85ee2b84030f HTTP/1.1" status: 200 len: 1174 time: 0.1589012
2026-06-02 13:28:48.910 10 INFO neutron.wsgi [None req-0b282f14-2c1d-4fcc-aaf8-321c8fca31cf 7c5f2b4d0cd94d36907267b97cb12f92 7565f04a401642068b5234edeebe3872 - - default default] 10.0.0.158 "GET /v2.0/networks HTTP/1.1" status: 200 len: 2050 time: 0.1608930
2026-06-02 13:28:48.930 9 INFO neutron.wsgi [req-44136b6a-dddc-4a70-b4a9-539f4f327e22 req-bb303569-1e52-4047-b0f6-36e59217777f 29ff7ff484414030a16887f5b9b6711e 0fcebe2a571c42e88ebb55c886b0caf9 - - default default] 10.0.0.94 "GET /v2.0/security-groups?id=e6d830fc-b5f4-40d1-90f9-cfc681d790ce&fields=id&fields=name HTTP/1.1" status: 200 len: 313 time: 0.0982420
2026-06-02 13:28:48.953 9 WARNING neutron.scheduler.dhcp_agent_scheduler [None req-a20b4c69-434a-4b98-a629-0613f64a1446 0c30a91d923b4e87880f8dd9b0a1c882 8d6c285c4463467bafa338385d9d119f - - default default] No more DHCP agents
2026-06-02 13:28:48.962 9 WARNING neutron.api.rpc.agentnotifiers.dhcp_rpc_agent_api [None req-a20b4c69-434a-4b98-a629-0613f64a1446 0c30a91d923b4e87880f8dd9b0a1c882 8d6c285c4463467bafa338385d9d119f - - default default] Unable to schedule network 8e95c5fe-ff2d-4406-b124-c09eccce9b09: no agents available; will retry on subsequent port and subnet creation events.
2026-06-02 13:28:49.106 9 INFO neutron.db.ovn_revision_numbers_db [None req-a20b4c69-434a-4b98-a629-0613f64a1446 0c30a91d923b4e87880f8dd9b0a1c882 8d6c285c4463467bafa338385d9d119f - - default default] Successfully bumped revision number for resource 3863c8a5-8a59-41ba-99c7-55c42f9244b4 (type: ports) to 1
2026-06-02 13:28:49.165 9 INFO neutron.wsgi [None req-a20b4c69-434a-4b98-a629-0613f64a1446 0c30a91d923b4e87880f8dd9b0a1c882 8d6c285c4463467bafa338385d9d119f - - default default] 10.0.0.158 "POST /v2.0/networks HTTP/1.1" status: 201 len: 939 time: 1.2335787
2026-06-02 13:28:49.336 10 WARNING neutron.scheduler.dhcp_agent_scheduler [None req-38b01ec1-a8a6-44d1-ae7e-2775c3a721b9 0c30a91d923b4e87880f8dd9b0a1c882 8d6c285c4463467bafa338385d9d119f - - default default] No more DHCP agents
2026-06-02 13:28:49.340 10 WARNING neutron.api.rpc.agentnotifiers.dhcp_rpc_agent_api [None req-38b01ec1-a8a6-44d1-ae7e-2775c3a721b9 0c30a91d923b4e87880f8dd9b0a1c882 8d6c285c4463467bafa338385d9d119f - - default default] Unable to schedule network 8e95c5fe-ff2d-4406-b124-c09eccce9b09: no agents available; will retry on subsequent port and subnet creation events.
2026-06-02 13:28:49.428 9 INFO neutron.services.segments.plugin [-] Segment cd0f9e6e-a8ff-46c4-ae97-c4d274d98838 resource provider aggregate not found
2026-06-02 13:28:49.433 9 INFO neutron.services.segments.plugin [-] Segment cd0f9e6e-a8ff-46c4-ae97-c4d274d98838 resource provider aggregate not found
2026-06-02 13:28:49.452 9 INFO neutron.services.segments.plugin [-] Segment cd0f9e6e-a8ff-46c4-ae97-c4d274d98838 resource provider not found; error: Placement Client Error (4xx): {"errors": [{"status": 404, "title": "Not Found", "detail": "The resource could not be found.\n\n No resource provider with uuid cd0f9e6e-a8ff-46c4-ae97-c4d274d98838 found for delete ", "request_id": "req-8dbbba66-a399-48e0-bd70-b35dbe7b161b"}]}
2026-06-02 13:28:49.457 9 INFO neutron.services.segments.plugin [-] Segment cd0f9e6e-a8ff-46c4-ae97-c4d274d98838 resource provider not found; error: Placement Client Error (4xx): {"errors": [{"status": 404, "title": "Not Found", "detail": "The resource could not be found.\n\n No resource provider with uuid cd0f9e6e-a8ff-46c4-ae97-c4d274d98838 found for delete ", "request_id": "req-4f8aaf0b-e441-4bea-bc90-a8c69b1da564"}]}
2026-06-02 13:28:49.485 9 INFO neutron.wsgi [None req-4b30f4f7-4911-477f-8d07-dbd67da330cb 7c5f2b4d0cd94d36907267b97cb12f92 7565f04a401642068b5234edeebe3872 - - default default] 10.0.0.158 "DELETE /v2.0/networks/f0465ba5-b4c4-4840-a341-863b6161f3cc HTTP/1.1" status: 204 len: 168 time: 0.5676496
2026-06-02 13:28:49.936 10 INFO neutron.services.segments.plugin [-] Segment 9df355d2-2dcd-4bdc-a481-352931285660 resource provider aggregate not found
2026-06-02 13:28:49.943 10 INFO neutron.services.segments.plugin [-] Segment 9df355d2-2dcd-4bdc-a481-352931285660 resource provider aggregate not found
2026-06-02 13:28:49.958 10 INFO neutron.services.segments.plugin [-] Segment 9df355d2-2dcd-4bdc-a481-352931285660 resource provider not found; error: Placement Client Error (4xx): {"errors": [{"status": 404, "title": "Not Found", "detail": "The resource could not be found.\n\n No resource provider with uuid 9df355d2-2dcd-4bdc-a481-352931285660 found for delete ", "request_id": "req-bda58d07-9cb7-49b5-afb9-33d9fee34989"}]}
2026-06-02 13:28:49.978 10 INFO neutron.services.segments.plugin [-] Segment 9df355d2-2dcd-4bdc-a481-352931285660 resource provider not found; error: Placement Client Error (4xx): {"errors": [{"status": 404, "title": "Not Found", "detail": "The resource could not be found.\n\n No resource provider with uuid 9df355d2-2dcd-4bdc-a481-352931285660 found for delete ", "request_id": "req-2d4ff761-6407-48ac-9bbd-39d77d9a5c68"}]}
2026-06-02 13:28:50.000 10 INFO neutron.wsgi [None req-9f3d81ce-1037-4c57-ab6f-c7548f2538a8 7c5f2b4d0cd94d36907267b97cb12f92 7565f04a401642068b5234edeebe3872 - - default default] 10.0.0.158 "DELETE /v2.0/networks/45d6b3c8-ea58-4f69-a180-bd9e919e83ca HTTP/1.1" status: 204 len: 168 time: 0.5070577
2026-06-02 13:28:50.001 10 INFO neutron.db.ovn_revision_numbers_db [None req-38b01ec1-a8a6-44d1-ae7e-2775c3a721b9 0c30a91d923b4e87880f8dd9b0a1c882 8d6c285c4463467bafa338385d9d119f - - default default] Successfully bumped revision number for resource 3863c8a5-8a59-41ba-99c7-55c42f9244b4 (type: ports) to 2
2026-06-02 13:28:50.056 9 INFO neutron.wsgi [req-f83fbdc0-2b83-46cd-8427-60eb7cb6a06d req-062e1215-da2d-4285-b819-c416256d586e 29ff7ff484414030a16887f5b9b6711e 0fcebe2a571c42e88ebb55c886b0caf9 - - default default] 10.0.0.94 "GET /v2.0/ports?device_id=93a5617d-65d3-4c8e-ba82-85ee2b84030f HTTP/1.1" status: 200 len: 1174 time: 0.0378973
2026-06-02 13:28:50.063 10 INFO neutron.db.ovn_revision_numbers_db [None req-38b01ec1-a8a6-44d1-ae7e-2775c3a721b9 0c30a91d923b4e87880f8dd9b0a1c882 8d6c285c4463467bafa338385d9d119f - - default default] Successfully bumped revision number for resource 75fd931b-0f8f-43ff-b880-cec127ea0d59 (type: subnets) to 0
2026-06-02 13:28:50.080 10 INFO neutron.wsgi [None req-7370e560-cc5d-4228-809b-df20bd4149e2 7c5f2b4d0cd94d36907267b97cb12f92 7565f04a401642068b5234edeebe3872 - - default default] 10.0.0.158 "GET /v2.0/networks HTTP/1.1" status: 200 len: 845 time: 0.0732486
2026-06-02 13:28:50.083 10 INFO neutron.wsgi [None req-38b01ec1-a8a6-44d1-ae7e-2775c3a721b9 0c30a91d923b4e87880f8dd9b0a1c882 8d6c285c4463467bafa338385d9d119f - - default default] 10.0.0.158 "POST /v2.0/subnets HTTP/1.1" status: 201 len: 859 time: 0.9105282
2026-06-02 13:28:50.098 9 WARNING neutron_lib.context [None req-332ecc87-98a7-4cdb-9396-032f4cb8bf32 7c5f2b4d0cd94d36907267b97cb12f92 7565f04a401642068b5234edeebe3872 - - default default] Method 'is_advsvc' is deprecated since 2023.2 release (neutron-lib 3.8.0) and will be removed once support for the old RBAC API policies will be removed from Neutron. Please use method 'is_service_role' instead.
2026-06-02 13:28:50.109 9 INFO neutron.wsgi [req-f83fbdc0-2b83-46cd-8427-60eb7cb6a06d req-704aadb3-ec2c-4288-86eb-b8d6dd6b5cbc 29ff7ff484414030a16887f5b9b6711e 0fcebe2a571c42e88ebb55c886b0caf9 - - default default] 10.0.0.94 "GET /v2.0/security-groups?id=e6d830fc-b5f4-40d1-90f9-cfc681d790ce&fields=id&fields=name HTTP/1.1" status: 200 len: 313 time: 0.0450146
2026-06-02 13:28:50.205 9 INFO neutron.db.segments_db [None req-332ecc87-98a7-4cdb-9396-032f4cb8bf32 7c5f2b4d0cd94d36907267b97cb12f92 7565f04a401642068b5234edeebe3872 - - default default] Added segment 083eb3c4-0a20-4528-82f1-47af3debfe93 of type geneve for network e790ba00-1bdd-44f1-ac95-9fe4a7a5045e
2026-06-02 13:28:50.214 9 INFO neutron.wsgi [req-a7e0f090-370d-40a2-8df2-28095698cdc8 req-112bdedc-28f1-4093-a769-c8da0e7bddb5 29ff7ff484414030a16887f5b9b6711e 0fcebe2a571c42e88ebb55c886b0caf9 - - default default] 10.0.0.94 "GET /v2.0/ports?device_id=93a5617d-65d3-4c8e-ba82-85ee2b84030f HTTP/1.1" status: 200 len: 1174 time: 0.0431511
2026-06-02 13:28:50.496 9 INFO neutron.db.ovn_revision_numbers_db [None req-332ecc87-98a7-4cdb-9396-032f4cb8bf32 7c5f2b4d0cd94d36907267b97cb12f92 7565f04a401642068b5234edeebe3872 - - default default] Successfully bumped revision number for resource e790ba00-1bdd-44f1-ac95-9fe4a7a5045e (type: networks) to 1
2026-06-02 13:28:50.678 9 INFO neutron.db.l3_db [None req-3da5c04a-82e6-40f4-abf3-69d0bcef592b 29ff7ff484414030a16887f5b9b6711e 0fcebe2a571c42e88ebb55c886b0caf9 - - default default] Floating IP 9f48b9e5-0a9a-42c3-8249-e8742bc0d5d2 associated. External IP: 10.96.250.204, port: 48fd730f-cdee-49d6-a2c9-bdfb7c700aa3.
2026-06-02 13:28:50.778 10 WARNING neutron.scheduler.dhcp_agent_scheduler [None req-e8b8cca3-d836-469b-b4f3-eecbda2328b6 0c30a91d923b4e87880f8dd9b0a1c882 8d6c285c4463467bafa338385d9d119f - - default default] No more DHCP agents
2026-06-02 13:28:50.781 10 WARNING neutron.api.rpc.agentnotifiers.dhcp_rpc_agent_api [None req-e8b8cca3-d836-469b-b4f3-eecbda2328b6 0c30a91d923b4e87880f8dd9b0a1c882 8d6c285c4463467bafa338385d9d119f - - default default] Unable to schedule network d3336c6d-238f-48fb-bd6f-42aff5bd8ae5: no agents available; will retry on subsequent port and subnet creation events.
2026-06-02 13:28:50.835 9 WARNING neutron.scheduler.dhcp_agent_scheduler [None req-332ecc87-98a7-4cdb-9396-032f4cb8bf32 7c5f2b4d0cd94d36907267b97cb12f92 7565f04a401642068b5234edeebe3872 - - default default] No more DHCP agents
2026-06-02 13:28:50.845 9 WARNING neutron.api.rpc.agentnotifiers.dhcp_rpc_agent_api [None req-332ecc87-98a7-4cdb-9396-032f4cb8bf32 7c5f2b4d0cd94d36907267b97cb12f92 7565f04a401642068b5234edeebe3872 - - default default] Unable to schedule network e790ba00-1bdd-44f1-ac95-9fe4a7a5045e: no agents available; will retry on subsequent port and subnet creation events.
2026-06-02 13:28:50.946 10 INFO neutron.db.ovn_revision_numbers_db [None req-e8b8cca3-d836-469b-b4f3-eecbda2328b6 0c30a91d923b4e87880f8dd9b0a1c882 8d6c285c4463467bafa338385d9d119f - - default default] Successfully bumped revision number for resource 4d3e28fb-7a09-4a35-89bb-c9e6e7ab70f1 (type: ports) to 1
2026-06-02 13:28:51.156 9 INFO neutron.db.ovn_revision_numbers_db [None req-2831fbc9-00ff-4158-ac70-dc347afb26cd 0c30a91d923b4e87880f8dd9b0a1c882 8d6c285c4463467bafa338385d9d119f - - default default] Successfully bumped revision number for resource 40baaa2d-650e-45c4-9144-08a20bd3bddf (type: security_groups) to 1
2026-06-02 13:28:51.185 9 INFO neutron.db.ovn_revision_numbers_db [None req-2831fbc9-00ff-4158-ac70-dc347afb26cd 0c30a91d923b4e87880f8dd9b0a1c882 8d6c285c4463467bafa338385d9d119f - - default default] Successfully bumped revision number for resource 3255f408-29fc-4b7c-850c-c2b1e85850f6 (type: security_group_rules) to 0
2026-06-02 13:28:51.229 9 INFO neutron.db.ovn_revision_numbers_db [None req-2831fbc9-00ff-4158-ac70-dc347afb26cd 0c30a91d923b4e87880f8dd9b0a1c882 8d6c285c4463467bafa338385d9d119f - - default default] Successfully bumped revision number for resource 6eef9079-b1b9-4c3e-8558-2153ee720a38 (type: security_group_rules) to 0
2026-06-02 13:28:51.252 9 INFO neutron.db.ovn_revision_numbers_db [None req-2831fbc9-00ff-4158-ac70-dc347afb26cd 0c30a91d923b4e87880f8dd9b0a1c882 8d6c285c4463467bafa338385d9d119f - - default default] Successfully bumped revision number for resource 88a97c4f-7b26-42b7-af4e-220cf278f369 (type: security_group_rules) to 0
2026-06-02 13:28:51.261 9 INFO neutron.db.ovn_revision_numbers_db [None req-332ecc87-98a7-4cdb-9396-032f4cb8bf32 7c5f2b4d0cd94d36907267b97cb12f92 7565f04a401642068b5234edeebe3872 - - default default] Successfully bumped revision number for resource 61572c9f-6a05-46bb-8057-acdf571290a4 (type: ports) to 1
2026-06-02 13:28:51.322 9 INFO neutron.db.ovn_revision_numbers_db [None req-2831fbc9-00ff-4158-ac70-dc347afb26cd 0c30a91d923b4e87880f8dd9b0a1c882 8d6c285c4463467bafa338385d9d119f - - default default] Successfully bumped revision number for resource f4aeccfb-1b23-4a75-ae92-8d6c6c4e0497 (type: security_group_rules) to 0
2026-06-02 13:28:51.350 9 INFO neutron.wsgi [None req-332ecc87-98a7-4cdb-9396-032f4cb8bf32 7c5f2b4d0cd94d36907267b97cb12f92 7565f04a401642068b5234edeebe3872 - - default default] 10.0.0.158 "POST /v2.0/networks HTTP/1.1" status: 201 len: 849 time: 1.2584035
2026-06-02 13:28:51.361 9 INFO neutron.wsgi [None req-2831fbc9-00ff-4158-ac70-dc347afb26cd 0c30a91d923b4e87880f8dd9b0a1c882 8d6c285c4463467bafa338385d9d119f - - default default] 10.0.0.158 "GET /v2.0/security-groups?tenant_id=207e4b02412b4528af99b7aa2358be5c&name=default HTTP/1.1" status: 200 len: 2996 time: 0.9369860 /var/lib/openstack/lib/python3.10/site-packages/pycadf/identifier.py:71: UserWarning: Invalid uuid: neutron. To ensure interoperability, identifiers should be a valid uuid. warnings.warn(('Invalid uuid: %s. To ensure interoperability, '
2026-06-02 13:28:51.370 9 WARNING neutron_lib.context [None req-5ad73559-2f6d-4276-823e-cbe815b1df1d 7c5f2b4d0cd94d36907267b97cb12f92 7565f04a401642068b5234edeebe3872 - - default default] Method 'is_advsvc' is deprecated since 2023.2 release (neutron-lib 3.8.0) and will be removed once support for the old RBAC API policies will be removed from Neutron. Please use method 'is_service_role' instead.
2026-06-02 13:28:51.377 9 INFO neutron.db.ovn_revision_numbers_db [None req-3da5c04a-82e6-40f4-abf3-69d0bcef592b 29ff7ff484414030a16887f5b9b6711e 0fcebe2a571c42e88ebb55c886b0caf9 - - default default] Successfully bumped revision number for resource 9f48b9e5-0a9a-42c3-8249-e8742bc0d5d2 (type: floatingips) to 1
2026-06-02 13:28:51.492 9 INFO neutron.db.segments_db [None req-5ad73559-2f6d-4276-823e-cbe815b1df1d 7c5f2b4d0cd94d36907267b97cb12f92 7565f04a401642068b5234edeebe3872 - - default default] Added segment d2750172-161d-434b-bc76-bf717da70b1f of type geneve for network 825c4e4c-762d-49da-8866-04161d98a085
2026-06-02 13:28:51.522 9 INFO neutron.db.ovn_revision_numbers_db [None req-3da5c04a-82e6-40f4-abf3-69d0bcef592b 29ff7ff484414030a16887f5b9b6711e 0fcebe2a571c42e88ebb55c886b0caf9 - - default default] Successfully bumped revision number for resource 9f48b9e5-0a9a-42c3-8249-e8742bc0d5d2 (type: floatingips) to 2
2026-06-02 13:28:51.561 9 INFO neutron.wsgi [None req-3da5c04a-82e6-40f4-abf3-69d0bcef592b 29ff7ff484414030a16887f5b9b6711e 0fcebe2a571c42e88ebb55c886b0caf9 - - default default] 10.0.0.158 "PUT /v2.0/floatingips/9f48b9e5-0a9a-42c3-8249-e8742bc0d5d2 HTTP/1.1" status: 200 len: 1050 time: 1.3350625
2026-06-02 13:28:51.607 9 INFO neutron.notifiers.nova [-] Nova event matching ['req-f64bdb0f-b049-4155-81cc-57250368db26'] response: {'name': 'network-changed', 'server_uuid': '93a5617d-65d3-4c8e-ba82-85ee2b84030f', 'tag': '48fd730f-cdee-49d6-a2c9-bdfb7c700aa3', 'status': 'completed', 'code': 200}
2026-06-02 13:28:51.631 10 INFO neutron.plugins.ml2.drivers.ovn.mech_driver.mech_driver [None req-fa7a0459-aa7f-4bb9-b037-665561982b0e - - - - - -] OVN reports status up for port: 4d3e28fb-7a09-4a35-89bb-c9e6e7ab70f1
2026-06-02 13:28:51.656 10 INFO neutron.plugins.ml2.drivers.ovn.mech_driver.ovsdb.ovsdb_monitor [None req-9d4e2ef2-0040-4888-a444-a2d85e755add - - - - - -] Router ceb2e54b-a0b0-44fa-95c9-910996ca99c1 is bound to host instance
2026-06-02 13:28:51.668 10 INFO neutron.plugins.ml2.plugin [None req-fa7a0459-aa7f-4bb9-b037-665561982b0e - - - - - -] Attempt 1 to provision port 4d3e28fb-7a09-4a35-89bb-c9e6e7ab70f1
2026-06-02 13:28:51.687 10 INFO neutron.db.ovn_revision_numbers_db [None req-e8b8cca3-d836-469b-b4f3-eecbda2328b6 0c30a91d923b4e87880f8dd9b0a1c882 8d6c285c4463467bafa338385d9d119f - - default default] Successfully bumped revision number for resource 4d3e28fb-7a09-4a35-89bb-c9e6e7ab70f1 (type: router_ports) to 1
2026-06-02 13:28:51.699 9 INFO neutron.wsgi [req-3c30b5d9-5b61-4405-b624-6efdb80928f4 req-ccf1aa66-3a32-4f4c-80ac-16bfeadb7c9f 8596af14fa624fbe84c1c1079a39e02b 2532fc06c16c45308850faae1ec5dfbe - - 03d0fd4c68764324974e6546d0ac0307 03d0fd4c68764324974e6546d0ac0307] 199.204.45.222 "GET /v2.0/ports?tenant_id=0fcebe2a571c42e88ebb55c886b0caf9&device_id=93a5617d-65d3-4c8e-ba82-85ee2b84030f HTTP/1.1" status: 200 len: 1413 time: 0.0692477
2026-06-02 13:28:51.703 9 INFO neutron.wsgi [req-b23c7743-22d3-45bc-9131-ee26e2f31e5e req-c489a85f-14b0-4a8f-91a0-50b480e549d4 29ff7ff484414030a16887f5b9b6711e 0fcebe2a571c42e88ebb55c886b0caf9 - - default default] 10.0.0.94 "GET /v2.0/ports?device_id=93a5617d-65d3-4c8e-ba82-85ee2b84030f HTTP/1.1" status: 200 len: 1174 time: 0.0766521
2026-06-02 13:28:51.761 10 INFO neutron.wsgi [None req-0a081824-476d-452f-ab19-d9057b4a45d1 0c30a91d923b4e87880f8dd9b0a1c882 8d6c285c4463467bafa338385d9d119f - - default default] 10.0.0.158 "DELETE /v2.0/security-groups/40baaa2d-650e-45c4-9144-08a20bd3bddf HTTP/1.1" status: 204 len: 168 time: 0.3936050
2026-06-02 13:28:51.763 9 INFO neutron.db.ovn_revision_numbers_db [None req-5ad73559-2f6d-4276-823e-cbe815b1df1d 7c5f2b4d0cd94d36907267b97cb12f92 7565f04a401642068b5234edeebe3872 - - default default] Successfully bumped revision number for resource 825c4e4c-762d-49da-8866-04161d98a085 (type: networks) to 1
2026-06-02 13:28:51.797 9 INFO neutron.wsgi [req-b23c7743-22d3-45bc-9131-ee26e2f31e5e req-6eb8eb1f-479b-4cec-997e-f33fd15d6059 29ff7ff484414030a16887f5b9b6711e 0fcebe2a571c42e88ebb55c886b0caf9 - - default default] 10.0.0.94 "GET /v2.0/security-groups?id=e6d830fc-b5f4-40d1-90f9-cfc681d790ce&fields=id&fields=name HTTP/1.1" status: 200 len: 313 time: 0.0799654
2026-06-02 13:28:51.814 9 INFO neutron.wsgi [req-3c30b5d9-5b61-4405-b624-6efdb80928f4 req-f5ef3361-7f25-42e7-b654-56165333ebd7 8596af14fa624fbe84c1c1079a39e02b 2532fc06c16c45308850faae1ec5dfbe - - 03d0fd4c68764324974e6546d0ac0307 03d0fd4c68764324974e6546d0ac0307] 199.204.45.222 "GET /v2.0/networks?id=651b7874-9b74-48a9-80a2-528f6b0e24d3 HTTP/1.1" status: 200 len: 972 time: 0.1053963
2026-06-02 13:28:51.818 10 INFO neutron.db.ovn_revision_numbers_db [None req-e8b8cca3-d836-469b-b4f3-eecbda2328b6 0c30a91d923b4e87880f8dd9b0a1c882 8d6c285c4463467bafa338385d9d119f - - default default] Successfully bumped revision number for resource ceb2e54b-a0b0-44fa-95c9-910996ca99c1 (type: routers) to 2
2026-06-02 13:28:51.838 10 INFO neutron.wsgi [None req-e8b8cca3-d836-469b-b4f3-eecbda2328b6 0c30a91d923b4e87880f8dd9b0a1c882 8d6c285c4463467bafa338385d9d119f - - default default] 10.0.0.158 "POST /v2.0/routers HTTP/1.1" status: 201 len: 870 time: 1.7494073
2026-06-02 13:28:51.908 9 INFO neutron.wsgi [req-3c30b5d9-5b61-4405-b624-6efdb80928f4 req-579b1efe-aa12-4d50-bee7-ae092f9201cd 8596af14fa624fbe84c1c1079a39e02b 2532fc06c16c45308850faae1ec5dfbe - - 03d0fd4c68764324974e6546d0ac0307 03d0fd4c68764324974e6546d0ac0307] 199.204.45.222 "GET /v2.0/floatingips?fixed_ip_address=10.100.0.13&port_id=48fd730f-cdee-49d6-a2c9-bdfb7c700aa3 HTTP/1.1" status: 200 len: 1060 time: 0.0813322
2026-06-02 13:28:51.970 9 INFO neutron.wsgi [req-3c30b5d9-5b61-4405-b624-6efdb80928f4 req-8656c682-55b3-46cd-bdc5-19f809b2c365 8596af14fa624fbe84c1c1079a39e02b 2532fc06c16c45308850faae1ec5dfbe - - 03d0fd4c68764324974e6546d0ac0307 03d0fd4c68764324974e6546d0ac0307] 199.204.45.222 "GET /v2.0/subnets?id=b578ddc2-9bc2-4b39-bfdf-c06d6a688bc4 HTTP/1.1" status: 200 len: 868 time: 0.0543766
2026-06-02 13:28:51.998 9 INFO neutron.wsgi [req-3c30b5d9-5b61-4405-b624-6efdb80928f4 req-5537c0c4-f4e4-4595-a583-928e15f2a733 8596af14fa624fbe84c1c1079a39e02b 2532fc06c16c45308850faae1ec5dfbe - - 03d0fd4c68764324974e6546d0ac0307 03d0fd4c68764324974e6546d0ac0307] 199.204.45.222 "GET /v2.0/ports?network_id=651b7874-9b74-48a9-80a2-528f6b0e24d3&device_owner=network%3Adhcp HTTP/1.1" status: 200 len: 210 time: 0.0195074
2026-06-02 13:28:52.032 9 WARNING neutron.scheduler.dhcp_agent_scheduler [None req-5ad73559-2f6d-4276-823e-cbe815b1df1d 7c5f2b4d0cd94d36907267b97cb12f92 7565f04a401642068b5234edeebe3872 - - default default] No more DHCP agents
2026-06-02 13:28:52.039 9 WARNING neutron.api.rpc.agentnotifiers.dhcp_rpc_agent_api [None req-5ad73559-2f6d-4276-823e-cbe815b1df1d 7c5f2b4d0cd94d36907267b97cb12f92 7565f04a401642068b5234edeebe3872 - - default default] Unable to schedule network 825c4e4c-762d-49da-8866-04161d98a085: no agents available; will retry on subsequent port and subnet creation events.
2026-06-02 13:28:52.146 9 INFO neutron.plugins.ml2.drivers.ovn.mech_driver.mech_driver [None req-a75d0197-3311-46b9-a8ae-5e5b60bac344 - - - - - -] OVN reports status down for port: 48fd730f-cdee-49d6-a2c9-bdfb7c700aa3
2026-06-02 13:28:52.154 9 INFO neutron.wsgi [req-087d4389-f191-4cdb-ab89-4267ee550efe req-068da672-04a0-438b-90af-2313169f4ff2 29ff7ff484414030a16887f5b9b6711e 0fcebe2a571c42e88ebb55c886b0caf9 - - default default] 10.0.0.94 "GET /v2.0/ports?device_id=93a5617d-65d3-4c8e-ba82-85ee2b84030f HTTP/1.1" status: 200 len: 1174 time: 0.0523009
2026-06-02 13:28:52.191 9 INFO neutron.wsgi [req-3c30b5d9-5b61-4405-b624-6efdb80928f4 req-dd33e882-a71b-44a3-9652-2f442b28fb9d 8596af14fa624fbe84c1c1079a39e02b 2532fc06c16c45308850faae1ec5dfbe - - 03d0fd4c68764324974e6546d0ac0307 03d0fd4c68764324974e6546d0ac0307] 199.204.45.222 "GET /v2.0/networks/651b7874-9b74-48a9-80a2-528f6b0e24d3?fields=segments HTTP/1.1" status: 200 len: 212 time: 0.1855977
2026-06-02 13:28:52.317 9 INFO neutron.db.ovn_revision_numbers_db [None req-5ad73559-2f6d-4276-823e-cbe815b1df1d 7c5f2b4d0cd94d36907267b97cb12f92 7565f04a401642068b5234edeebe3872 - - default default] Successfully bumped revision number for resource 2d1819b5-959c-4fbe-b414-16a43664b02a (type: ports) to 1
2026-06-02 13:28:52.366 9 INFO neutron.wsgi [req-3c30b5d9-5b61-4405-b624-6efdb80928f4 req-8beae556-27d2-4a5a-81f3-857c3a5e4620 8596af14fa624fbe84c1c1079a39e02b 2532fc06c16c45308850faae1ec5dfbe - - 03d0fd4c68764324974e6546d0ac0307 03d0fd4c68764324974e6546d0ac0307] 199.204.45.222 "GET /v2.0/networks/651b7874-9b74-48a9-80a2-528f6b0e24d3?fields=provider%3Aphysical_network&fields=provider%3Anetwork_type HTTP/1.1" status: 200 len: 277 time: 0.1661966
2026-06-02 13:28:52.369 9 INFO neutron.wsgi [req-087d4389-f191-4cdb-ab89-4267ee550efe req-8259a9dc-86ea-45f3-a3b4-9a0f12407020 29ff7ff484414030a16887f5b9b6711e 0fcebe2a571c42e88ebb55c886b0caf9 - - default default] 10.0.0.94 "GET /v2.0/security-groups?id=e6d830fc-b5f4-40d1-90f9-cfc681d790ce&fields=id&fields=name HTTP/1.1" status: 200 len: 313 time: 0.1920409
2026-06-02 13:28:52.384 9 INFO neutron.wsgi [None req-5ad73559-2f6d-4276-823e-cbe815b1df1d 7c5f2b4d0cd94d36907267b97cb12f92 7565f04a401642068b5234edeebe3872 - - default default] 10.0.0.158 "POST /v2.0/networks HTTP/1.1" status: 201 len: 849 time: 1.0182943
2026-06-02 13:28:52.400 10 WARNING neutron_lib.context [None req-cb8de9c0-34bb-4ca4-92de-9f459c4fb58d 7c5f2b4d0cd94d36907267b97cb12f92 7565f04a401642068b5234edeebe3872 - - default default] Method 'is_advsvc' is deprecated since 2023.2 release (neutron-lib 3.8.0) and will be removed once support for the old RBAC API policies will be removed from Neutron. Please use method 'is_service_role' instead.
2026-06-02 13:28:52.482 10 WARNING neutron_lib.context [None req-cb8de9c0-34bb-4ca4-92de-9f459c4fb58d 7c5f2b4d0cd94d36907267b97cb12f92 7565f04a401642068b5234edeebe3872 - - default default] Method 'is_advsvc' is deprecated since 2023.2 release (neutron-lib 3.8.0) and will be removed once support for the old RBAC API policies will be removed from Neutron. Please use method 'is_service_role' instead.
2026-06-02 13:28:52.498 9 INFO neutron.wsgi [req-5f159eee-4c35-4179-a463-6d42e63e2493 req-138df018-ceaa-433e-984e-9d0dc1386d03 29ff7ff484414030a16887f5b9b6711e 0fcebe2a571c42e88ebb55c886b0caf9 - - default default] 199.204.45.222 "GET /v2.0/ports?device_id=93a5617d-65d3-4c8e-ba82-85ee2b84030f HTTP/1.1" status: 200 len: 1172 time: 0.0531034
2026-06-02 13:28:52.535 10 INFO neutron.db.ovn_revision_numbers_db [None req-9d4e2ef2-0040-4888-a444-a2d85e755add - - - - - -] Successfully bumped revision number for resource 4d3e28fb-7a09-4a35-89bb-c9e6e7ab70f1 (type: ports) to 1
2026-06-02 13:28:52.676 9 INFO neutron.db.ovn_revision_numbers_db [None req-a75d0197-3311-46b9-a8ae-5e5b60bac344 - - - - - -] Successfully bumped revision number for resource 48fd730f-cdee-49d6-a2c9-bdfb7c700aa3 (type: ports) to 5
2026-06-02 13:28:52.695 10 WARNING neutron.scheduler.dhcp_agent_scheduler [None req-96469c35-f98f-4b93-9f6d-6c3e642b3907 0c30a91d923b4e87880f8dd9b0a1c882 8d6c285c4463467bafa338385d9d119f - - default default] No more DHCP agents
2026-06-02 13:28:52.704 10 WARNING neutron.api.rpc.agentnotifiers.dhcp_rpc_agent_api [None req-96469c35-f98f-4b93-9f6d-6c3e642b3907 0c30a91d923b4e87880f8dd9b0a1c882 8d6c285c4463467bafa338385d9d119f - - default default] Unable to schedule network 8e95c5fe-ff2d-4406-b124-c09eccce9b09: no agents available; will retry on subsequent port and subnet creation events.
2026-06-02 13:28:52.891 9 INFO neutron.db.l3_db [req-5f159eee-4c35-4179-a463-6d42e63e2493 req-9b7b90c1-a6bf-4f62-98a9-67bbac5da64c 29ff7ff484414030a16887f5b9b6711e 0fcebe2a571c42e88ebb55c886b0caf9 - - default default] Floating IP 9f48b9e5-0a9a-42c3-8249-e8742bc0d5d2 disassociated. External IP: 10.96.250.204, port: 48fd730f-cdee-49d6-a2c9-bdfb7c700aa3.
2026-06-02 13:28:53.136 9 INFO neutron.wsgi [req-5f159eee-4c35-4179-a463-6d42e63e2493 req-9b7b90c1-a6bf-4f62-98a9-67bbac5da64c 29ff7ff484414030a16887f5b9b6711e 0fcebe2a571c42e88ebb55c886b0caf9 - - default default] 199.204.45.222 "DELETE /v2.0/ports/48fd730f-cdee-49d6-a2c9-bdfb7c700aa3 HTTP/1.1" status: 204 len: 173 time: 0.6316872
2026-06-02 13:28:53.304 10 INFO neutron.db.ovn_revision_numbers_db [None req-9d4e2ef2-0040-4888-a444-a2d85e755add - - - - - -] Successfully bumped revision number for resource 4d3e28fb-7a09-4a35-89bb-c9e6e7ab70f1 (type: router_ports) to 3
2026-06-02 13:28:53.372 10 INFO neutron.db.ovn_revision_numbers_db [None req-96469c35-f98f-4b93-9f6d-6c3e642b3907 0c30a91d923b4e87880f8dd9b0a1c882 8d6c285c4463467bafa338385d9d119f - - default default] Successfully bumped revision number for resource dedc693f-9381-4c2e-a5d3-cd30dc26a3e4 (type: ports) to 1 /var/lib/openstack/lib/python3.10/site-packages/pycadf/identifier.py:71: UserWarning: Invalid uuid: neutron. To ensure interoperability, identifiers should be a valid uuid. warnings.warn(('Invalid uuid: %s. To ensure interoperability, '
2026-06-02 13:28:53.500 9 INFO neutron.wsgi [req-8844609f-03a2-42c7-bb86-0fcff24fc611 req-d3477245-fa29-47cb-b37f-c55ca2d1c444 29ff7ff484414030a16887f5b9b6711e 0fcebe2a571c42e88ebb55c886b0caf9 - - default default] 10.0.0.94 "GET /v2.0/ports?device_id=93a5617d-65d3-4c8e-ba82-85ee2b84030f HTTP/1.1" status: 200 len: 210 time: 0.0366549
2026-06-02 13:28:53.657 9 INFO neutron.notifiers.nova [-] Nova event matching ['req-9d52040c-521a-4a76-a9b0-7a1a93f59303'] response: {'server_uuid': '93a5617d-65d3-4c8e-ba82-85ee2b84030f', 'name': 'network-vif-unplugged', 'status': 'completed', 'tag': '48fd730f-cdee-49d6-a2c9-bdfb7c700aa3', 'code': 200}
2026-06-02 13:28:53.658 10 INFO neutron.db.ovn_revision_numbers_db [None req-9d4e2ef2-0040-4888-a444-a2d85e755add - - - - - -] Successfully bumped revision number for resource 4d3e28fb-7a09-4a35-89bb-c9e6e7ab70f1 (type: ports) to 2
2026-06-02 13:28:53.658 9 INFO neutron.notifiers.nova [-] Nova event matching ['req-9d52040c-521a-4a76-a9b0-7a1a93f59303'] response: {'server_uuid': '93a5617d-65d3-4c8e-ba82-85ee2b84030f', 'name': 'network-vif-plugged', 'status': 'completed', 'tag': '48fd730f-cdee-49d6-a2c9-bdfb7c700aa3', 'code': 200}
2026-06-02 13:28:53.658 9 INFO neutron.notifiers.nova [-] Nova event matching ['req-9d52040c-521a-4a76-a9b0-7a1a93f59303'] response: {'server_uuid': '93a5617d-65d3-4c8e-ba82-85ee2b84030f', 'name': 'network-vif-deleted', 'tag': '48fd730f-cdee-49d6-a2c9-bdfb7c700aa3', 'status': 'completed', 'code': 200}
2026-06-02 13:28:53.745 10 WARNING neutron.scheduler.dhcp_agent_scheduler [None req-cb8de9c0-34bb-4ca4-92de-9f459c4fb58d 7c5f2b4d0cd94d36907267b97cb12f92 7565f04a401642068b5234edeebe3872 - - default default] No more DHCP agents
2026-06-02 13:28:53.750 10 WARNING neutron.api.rpc.agentnotifiers.dhcp_rpc_agent_api [None req-cb8de9c0-34bb-4ca4-92de-9f459c4fb58d 7c5f2b4d0cd94d36907267b97cb12f92 7565f04a401642068b5234edeebe3872 - - default default] Unable to schedule network e790ba00-1bdd-44f1-ac95-9fe4a7a5045e: no agents available; will retry on subsequent port and subnet creation events.
2026-06-02 13:28:53.839 9 WARNING neutron_lib.context [None req-2fb6a685-4fe2-4f51-9858-3105d29eb6b6 140991e665e64e35b6cae4611fd5118e 729282fbaba74ebcbef27ce0b996f8b5 - - default default] Method 'is_advsvc' is deprecated since 2023.2 release (neutron-lib 3.8.0) and will be removed once support for the old RBAC API policies will be removed from Neutron. Please use method 'is_service_role' instead.
2026-06-02 13:28:53.944 10 INFO neutron.db.ovn_revision_numbers_db [None req-cb8de9c0-34bb-4ca4-92de-9f459c4fb58d 7c5f2b4d0cd94d36907267b97cb12f92 7565f04a401642068b5234edeebe3872 - - default default] Successfully bumped revision number for resource ce5ecdb5-0b93-497f-b526-edd65b8e2bcc (type: ports) to 1
2026-06-02 13:28:53.981 9 INFO neutron.db.ovn_revision_numbers_db [None req-2fb6a685-4fe2-4f51-9858-3105d29eb6b6 140991e665e64e35b6cae4611fd5118e 729282fbaba74ebcbef27ce0b996f8b5 - - default default] Successfully bumped revision number for resource 876d21d8-4bb2-4111-98da-a645ecb3c1dc (type: security_groups) to 1
2026-06-02 13:28:53.999 9 INFO neutron.db.ovn_revision_numbers_db [None req-2fb6a685-4fe2-4f51-9858-3105d29eb6b6 140991e665e64e35b6cae4611fd5118e 729282fbaba74ebcbef27ce0b996f8b5 - - default default] Successfully bumped revision number for resource 1d0653ac-daf9-4e04-93f4-4c88203dcb58 (type: security_group_rules) to 0
2026-06-02 13:28:54.014 9 INFO neutron.db.ovn_revision_numbers_db [None req-2fb6a685-4fe2-4f51-9858-3105d29eb6b6 140991e665e64e35b6cae4611fd5118e 729282fbaba74ebcbef27ce0b996f8b5 - - default default] Successfully bumped revision number for resource 42dbe9bd-7675-40f7-b231-59056dc030e7 (type: security_group_rules) to 0
2026-06-02 13:28:54.021 10 WARNING neutron.scheduler.dhcp_agent_scheduler [None req-cb8de9c0-34bb-4ca4-92de-9f459c4fb58d 7c5f2b4d0cd94d36907267b97cb12f92 7565f04a401642068b5234edeebe3872 - - default default] No more DHCP agents
2026-06-02 13:28:54.026 9 INFO neutron.db.ovn_revision_numbers_db [None req-2fb6a685-4fe2-4f51-9858-3105d29eb6b6 140991e665e64e35b6cae4611fd5118e 729282fbaba74ebcbef27ce0b996f8b5 - - default default] Successfully bumped revision number for resource 7b8b80d8-6162-4abb-8e30-6d6a03311973 (type: security_group_rules) to 0
2026-06-02 13:28:54.030 10 WARNING neutron.api.rpc.agentnotifiers.dhcp_rpc_agent_api [None req-cb8de9c0-34bb-4ca4-92de-9f459c4fb58d 7c5f2b4d0cd94d36907267b97cb12f92 7565f04a401642068b5234edeebe3872 - - default default] Unable to schedule network 825c4e4c-762d-49da-8866-04161d98a085: no agents available; will retry on subsequent port and subnet creation events.
2026-06-02 13:28:54.037 9 INFO neutron.db.ovn_revision_numbers_db [None req-2fb6a685-4fe2-4f51-9858-3105d29eb6b6 140991e665e64e35b6cae4611fd5118e 729282fbaba74ebcbef27ce0b996f8b5 - - default default] Successfully bumped revision number for resource e835d8b1-f910-416f-874e-3df5b7dbba30 (type: security_group_rules) to 0
2026-06-02 13:28:54.093 9 INFO neutron.db.segments_db [None req-2fb6a685-4fe2-4f51-9858-3105d29eb6b6 140991e665e64e35b6cae4611fd5118e 729282fbaba74ebcbef27ce0b996f8b5 - - default default] Added segment 82dfddb9-ff27-48c7-b73d-f34336b3fdf6 of type geneve for network a2cec2ca-d6c1-4f4e-b9a5-f8b485ef07f7
2026-06-02 13:28:54.179 9 INFO neutron.plugins.ml2.drivers.ovn.mech_driver.mech_driver [None req-a75d0197-3311-46b9-a8ae-5e5b60bac344 - - - - - -] OVN reports status up for port: dedc693f-9381-4c2e-a5d3-cd30dc26a3e4
2026-06-02 13:28:54.189 9 INFO neutron.plugins.ml2.plugin [None req-a75d0197-3311-46b9-a8ae-5e5b60bac344 - - - - - -] Attempt 1 to provision port dedc693f-9381-4c2e-a5d3-cd30dc26a3e4
2026-06-02 13:28:54.229 10 INFO neutron.db.ovn_revision_numbers_db [None req-cb8de9c0-34bb-4ca4-92de-9f459c4fb58d 7c5f2b4d0cd94d36907267b97cb12f92 7565f04a401642068b5234edeebe3872 - - default default] Successfully bumped revision number for resource 00f1a3df-3651-4b18-b77c-09a3aa609ada (type: ports) to 1
2026-06-02 13:28:54.233 10 INFO neutron.db.ovn_revision_numbers_db [None req-96469c35-f98f-4b93-9f6d-6c3e642b3907 0c30a91d923b4e87880f8dd9b0a1c882 8d6c285c4463467bafa338385d9d119f - - default default] Successfully bumped revision number for resource dedc693f-9381-4c2e-a5d3-cd30dc26a3e4 (type: router_ports) to 1
2026-06-02 13:28:54.276 10 INFO neutron.db.ovn_revision_numbers_db [None req-9d4e2ef2-0040-4888-a444-a2d85e755add - - - - - -] Successfully bumped revision number for resource 4d3e28fb-7a09-4a35-89bb-c9e6e7ab70f1 (type: ports) to 4
2026-06-02 13:28:54.284 10 INFO neutron.wsgi [None req-cb8de9c0-34bb-4ca4-92de-9f459c4fb58d 7c5f2b4d0cd94d36907267b97cb12f92 7565f04a401642068b5234edeebe3872 - - default default] 10.0.0.158 "POST /v2.0/ports HTTP/1.1" status: 201 len: 1706 time: 1.8909698
2026-06-02 13:28:54.309 9 INFO neutron.db.ovn_revision_numbers_db [None req-2fb6a685-4fe2-4f51-9858-3105d29eb6b6 140991e665e64e35b6cae4611fd5118e 729282fbaba74ebcbef27ce0b996f8b5 - - default default] Successfully bumped revision number for resource a2cec2ca-d6c1-4f4e-b9a5-f8b485ef07f7 (type: networks) to 1
2026-06-02 13:28:54.497 10 INFO neutron.db.ovn_revision_numbers_db [None req-96469c35-f98f-4b93-9f6d-6c3e642b3907 0c30a91d923b4e87880f8dd9b0a1c882 8d6c285c4463467bafa338385d9d119f - - default default] Successfully bumped revision number for resource dedc693f-9381-4c2e-a5d3-cd30dc26a3e4 (type: ports) to 1
2026-06-02 13:28:54.566 10 INFO neutron.db.ovn_revision_numbers_db [None req-9d4e2ef2-0040-4888-a444-a2d85e755add - - - - - -] Successfully bumped revision number for resource 4d3e28fb-7a09-4a35-89bb-c9e6e7ab70f1 (type: router_ports) to 4 /var/lib/openstack/lib/python3.10/site-packages/pycadf/identifier.py:71: UserWarning: Invalid uuid: neutron. To ensure interoperability, identifiers should be a valid uuid. warnings.warn(('Invalid uuid: %s. To ensure interoperability, '
2026-06-02 13:28:54.611 10 WARNING neutron.scheduler.dhcp_agent_scheduler [None req-96469c35-f98f-4b93-9f6d-6c3e642b3907 0c30a91d923b4e87880f8dd9b0a1c882 8d6c285c4463467bafa338385d9d119f - - default default] No more DHCP agents
2026-06-02 13:28:54.617 10 WARNING neutron.api.rpc.agentnotifiers.dhcp_rpc_agent_api [None req-96469c35-f98f-4b93-9f6d-6c3e642b3907 0c30a91d923b4e87880f8dd9b0a1c882 8d6c285c4463467bafa338385d9d119f - - default default] Unable to schedule network 8e95c5fe-ff2d-4406-b124-c09eccce9b09: no agents available; will retry on subsequent port and subnet creation events.
2026-06-02 13:28:54.802 10 INFO neutron.wsgi [None req-1e466dff-b957-42ba-aac5-2fccf1235053 29ff7ff484414030a16887f5b9b6711e 0fcebe2a571c42e88ebb55c886b0caf9 - - default default] 10.0.0.158 "DELETE /v2.0/security-groups/e6d830fc-b5f4-40d1-90f9-cfc681d790ce HTTP/1.1" status: 204 len: 168 time: 0.2058992
2026-06-02 13:28:54.830 10 INFO neutron.api.v2.resource [None req-4f6ea21d-7582-4322-8e0d-d36dc458473b 29ff7ff484414030a16887f5b9b6711e 0fcebe2a571c42e88ebb55c886b0caf9 - - default default] show failed (client error): The resource could not be found.
2026-06-02 13:28:54.832 10 INFO neutron.wsgi [None req-4f6ea21d-7582-4322-8e0d-d36dc458473b 29ff7ff484414030a16887f5b9b6711e 0fcebe2a571c42e88ebb55c886b0caf9 - - default default] 10.0.0.158 "GET /v2.0/security-groups/e6d830fc-b5f4-40d1-90f9-cfc681d790ce HTTP/1.1" status: 404 len: 347 time: 0.0235746
2026-06-02 13:28:54.883 9 INFO neutron.wsgi [None req-f5c753f1-7a51-434b-82bc-e1da14c0ff6a 7c5f2b4d0cd94d36907267b97cb12f92 7565f04a401642068b5234edeebe3872 - - default default] 10.0.0.158 "GET /v2.0/ports HTTP/1.1" status: 200 len: 3213 time: 0.5917847
2026-06-02 13:28:55.013 9 WARNING neutron.scheduler.dhcp_agent_scheduler [None req-2fb6a685-4fe2-4f51-9858-3105d29eb6b6 140991e665e64e35b6cae4611fd5118e 729282fbaba74ebcbef27ce0b996f8b5 - - default default] No more DHCP agents
2026-06-02 13:28:55.017 9 WARNING neutron.api.rpc.agentnotifiers.dhcp_rpc_agent_api [None req-2fb6a685-4fe2-4f51-9858-3105d29eb6b6 140991e665e64e35b6cae4611fd5118e 729282fbaba74ebcbef27ce0b996f8b5 - - default default] Unable to schedule network a2cec2ca-d6c1-4f4e-b9a5-f8b485ef07f7: no agents available; will retry on subsequent port and subnet creation events.
2026-06-02 13:28:55.190 9 INFO neutron.db.ovn_revision_numbers_db [None req-2fb6a685-4fe2-4f51-9858-3105d29eb6b6 140991e665e64e35b6cae4611fd5118e 729282fbaba74ebcbef27ce0b996f8b5 - - default default] Successfully bumped revision number for resource b43d21e2-060a-4d97-aa94-87cd8b7b91e2 (type: ports) to 1
2026-06-02 13:28:55.192 9 INFO neutron.db.ovn_revision_numbers_db [None req-a75d0197-3311-46b9-a8ae-5e5b60bac344 - - - - - -] Successfully bumped revision number for resource dedc693f-9381-4c2e-a5d3-cd30dc26a3e4 (type: ports) to 2
2026-06-02 13:28:55.267 9 INFO neutron.wsgi [None req-2fb6a685-4fe2-4f51-9858-3105d29eb6b6 140991e665e64e35b6cae4611fd5118e 729282fbaba74ebcbef27ce0b996f8b5 - - default default] 10.0.0.158 "POST /v2.0/networks HTTP/1.1" status: 201 len: 849 time: 1.6069791
2026-06-02 13:28:55.277 9 WARNING neutron_lib.context [None req-e0d19d2a-5828-404b-8858-00655ce28482 140991e665e64e35b6cae4611fd5118e 729282fbaba74ebcbef27ce0b996f8b5 - - default default] Method 'is_advsvc' is deprecated since 2023.2 release (neutron-lib 3.8.0) and will be removed once support for the old RBAC API policies will be removed from Neutron. Please use method 'is_service_role' instead.
2026-06-02 13:28:55.345 9 INFO neutron.db.ovn_revision_numbers_db [None req-a75d0197-3311-46b9-a8ae-5e5b60bac344 - - - - - -] Successfully bumped revision number for resource dedc693f-9381-4c2e-a5d3-cd30dc26a3e4 (type: router_ports) to 2
2026-06-02 13:28:55.372 9 INFO neutron.wsgi [None req-536a93ef-1ece-460e-a28a-d848c6e553fc 7c5f2b4d0cd94d36907267b97cb12f92 7565f04a401642068b5234edeebe3872 - - default default] 10.0.0.158 "DELETE /v2.0/ports/ce5ecdb5-0b93-497f-b526-edd65b8e2bcc HTTP/1.1" status: 204 len: 168 time: 0.4812863
2026-06-02 13:28:55.534 10 INFO neutron.wsgi [None req-2d350beb-906c-43e2-804d-b9b7ba420102 29ff7ff484414030a16887f5b9b6711e 0fcebe2a571c42e88ebb55c886b0caf9 - - default default] 10.0.0.158 "DELETE /v2.0/floatingips/9f48b9e5-0a9a-42c3-8249-e8742bc0d5d2 HTTP/1.1" status: 204 len: 168 time: 0.6954522
2026-06-02 13:28:55.603 10 INFO neutron.wsgi [None req-96469c35-f98f-4b93-9f6d-6c3e642b3907 0c30a91d923b4e87880f8dd9b0a1c882 8d6c285c4463467bafa338385d9d119f - - default default] 10.0.0.158 "PUT /v2.0/routers/ceb2e54b-a0b0-44fa-95c9-910996ca99c1/add_router_interface HTTP/1.1" status: 200 len: 503 time: 3.7570469
2026-06-02 13:28:55.695 9 WARNING neutron.scheduler.dhcp_agent_scheduler [None req-e0d19d2a-5828-404b-8858-00655ce28482 140991e665e64e35b6cae4611fd5118e 729282fbaba74ebcbef27ce0b996f8b5 - - default default] No more DHCP agents
2026-06-02 13:28:55.699 9 WARNING neutron.api.rpc.agentnotifiers.dhcp_rpc_agent_api [None req-e0d19d2a-5828-404b-8858-00655ce28482 140991e665e64e35b6cae4611fd5118e 729282fbaba74ebcbef27ce0b996f8b5 - - default default] Unable to schedule network a2cec2ca-d6c1-4f4e-b9a5-f8b485ef07f7: no agents available; will retry on subsequent port and subnet creation events.
2026-06-02 13:28:55.759 9 INFO neutron.wsgi [None req-dc2811e4-0855-447f-a97e-b9ab7258703f 7c5f2b4d0cd94d36907267b97cb12f92 7565f04a401642068b5234edeebe3872 - - default default] 10.0.0.158 "DELETE /v2.0/ports/00f1a3df-3651-4b18-b77c-09a3aa609ada HTTP/1.1" status: 204 len: 168 time: 0.3766484
2026-06-02 13:28:55.760 9 INFO neutron.db.ovn_revision_numbers_db [None req-e0d19d2a-5828-404b-8858-00655ce28482 140991e665e64e35b6cae4611fd5118e 729282fbaba74ebcbef27ce0b996f8b5 - - default default] Successfully bumped revision number for resource 147436a1-39c3-4b44-81c5-13ffcfc3f2b3 (type: subnets) to 0
2026-06-02 13:28:55.786 9 INFO neutron.wsgi [None req-e0d19d2a-5828-404b-8858-00655ce28482 140991e665e64e35b6cae4611fd5118e 729282fbaba74ebcbef27ce0b996f8b5 - - default default] 10.0.0.158 "POST /v2.0/subnets HTTP/1.1" status: 201 len: 802 time: 0.5134118
2026-06-02 13:28:55.800 10 WARNING neutron_lib.context [None req-393f6ee6-ede2-48f4-8cff-ff51bd92c609 140991e665e64e35b6cae4611fd5118e 729282fbaba74ebcbef27ce0b996f8b5 - - default default] Method 'is_advsvc' is deprecated since 2023.2 release (neutron-lib 3.8.0) and will be removed once support for the old RBAC API policies will be removed from Neutron. Please use method 'is_service_role' instead.
2026-06-02 13:28:55.809 9 INFO neutron.wsgi [None req-68ced80b-d488-43c3-9307-effa2cb6f718 7c5f2b4d0cd94d36907267b97cb12f92 7565f04a401642068b5234edeebe3872 - - default default] 10.0.0.158 "GET /v2.0/ports HTTP/1.1" status: 200 len: 1718 time: 0.0440824
2026-06-02 13:28:55.820 9 WARNING neutron_lib.context [None req-95083441-3adf-4aca-b3e7-d08d6b582415 7c5f2b4d0cd94d36907267b97cb12f92 7565f04a401642068b5234edeebe3872 - - default default] Method 'is_advsvc' is deprecated since 2023.2 release (neutron-lib 3.8.0) and will be removed once support for the old RBAC API policies will be removed from Neutron. Please use method 'is_service_role' instead.
2026-06-02 13:28:55.899 9 INFO neutron.db.segments_db [None req-95083441-3adf-4aca-b3e7-d08d6b582415 7c5f2b4d0cd94d36907267b97cb12f92 7565f04a401642068b5234edeebe3872 - - default default] Added segment 0bb0f0cb-5d0c-41b9-bf93-526c0d23d982 of type geneve for network a5c9c328-8648-4026-aa5c-bb92471d84db
2026-06-02 13:28:56.055 9 INFO neutron.db.ovn_revision_numbers_db [None req-95083441-3adf-4aca-b3e7-d08d6b582415 7c5f2b4d0cd94d36907267b97cb12f92 7565f04a401642068b5234edeebe3872 - - default default] Successfully bumped revision number for resource a5c9c328-8648-4026-aa5c-bb92471d84db (type: networks) to 1
2026-06-02 13:28:56.217 9 WARNING neutron_lib.context [None req-db1ec163-0952-471f-b757-e360c53ee2a6 eac910f3d20d400b9eeb857f77a7dbb3 52a63e6054c5459ea7af78ecf96c9580 - - default default] Method 'is_advsvc' is deprecated since 2023.2 release (neutron-lib 3.8.0) and will be removed once support for the old RBAC API policies will be removed from Neutron. Please use method 'is_service_role' instead.
2026-06-02 13:28:56.279 9 WARNING neutron.scheduler.dhcp_agent_scheduler [None req-95083441-3adf-4aca-b3e7-d08d6b582415 7c5f2b4d0cd94d36907267b97cb12f92 7565f04a401642068b5234edeebe3872 - - default default] No more DHCP agents
