2026-06-02 13:33:05.192 10 INFO neutron.db.segments_db [None req-ab9231bc-32f8-4a38-81d7-ceebbd414f29 91b7e5a3aee942bfa387b9f23f740421 b3c7d360b3844d34b3ffca52b7e6cd0f - - default default] Added segment 8d81ff60-cd36-47e4-bca9-10e373efcef4 of type geneve for network e628fc64-7e78-4a14-a929-e1ce1a3d2511
2026-06-02 13:33:05.212 10 INFO neutron.wsgi [None req-f0792655-14af-42d2-b068-2f5dd6196763 272614ec0348414290aca7c48e60ba84 6eb50546e4844df39146903b093c9686 - - default default] 10.0.0.158 "GET /v2.0/routers/a22fc169-1071-4a5e-a76f-4e2c53f6906d/tags HTTP/1.1" status: 200 len: 218 time: 0.0601909
2026-06-02 13:33:05.286 9 INFO neutron.wsgi [None req-f75e0704-d8bc-4bdd-969a-2f483fb30d5e 272614ec0348414290aca7c48e60ba84 6eb50546e4844df39146903b093c9686 - - default default] 10.0.0.158 "PUT /v2.0/routers/a22fc169-1071-4a5e-a76f-4e2c53f6906d/tags/green HTTP/1.1" status: 201 len: 201 time: 0.0653651
2026-06-02 13:33:05.341 9 INFO neutron.wsgi [None req-c483243f-ad66-412e-a78b-610fb1ba34fc 272614ec0348414290aca7c48e60ba84 6eb50546e4844df39146903b093c9686 - - default default] 10.0.0.158 "GET /v2.0/routers/a22fc169-1071-4a5e-a76f-4e2c53f6906d/tags HTTP/1.1" status: 200 len: 227 time: 0.0493846
2026-06-02 13:33:05.354 10 INFO neutron.db.ovn_revision_numbers_db [None req-ab9231bc-32f8-4a38-81d7-ceebbd414f29 91b7e5a3aee942bfa387b9f23f740421 b3c7d360b3844d34b3ffca52b7e6cd0f - - default default] Successfully bumped revision number for resource e628fc64-7e78-4a14-a929-e1ce1a3d2511 (type: networks) to 1
2026-06-02 13:33:05.400 9 INFO neutron.wsgi [None req-982ce091-30bd-4cc6-bc3b-aefc6d2bf453 272614ec0348414290aca7c48e60ba84 6eb50546e4844df39146903b093c9686 - - default default] 10.0.0.158 "PUT /v2.0/routers/a22fc169-1071-4a5e-a76f-4e2c53f6906d/tags/red HTTP/1.1" status: 201 len: 201 time: 0.0528255
2026-06-02 13:33:05.453 9 INFO neutron.wsgi [None req-108d5f21-f1f3-473e-8494-101c51120880 272614ec0348414290aca7c48e60ba84 6eb50546e4844df39146903b093c9686 - - default default] 10.0.0.158 "GET /v2.0/routers/a22fc169-1071-4a5e-a76f-4e2c53f6906d/tags HTTP/1.1" status: 200 len: 227 time: 0.0467670
2026-06-02 13:33:05.530 9 INFO neutron.wsgi [None req-4352aab6-eb77-4a55-ab0b-de0da903e030 272614ec0348414290aca7c48e60ba84 6eb50546e4844df39146903b093c9686 - - default default] 10.0.0.158 "PUT /v2.0/routers/a22fc169-1071-4a5e-a76f-4e2c53f6906d/tags/black.or.white HTTP/1.1" status: 201 len: 201 time: 0.0709436
2026-06-02 13:33:05.554 10 WARNING neutron.scheduler.dhcp_agent_scheduler [None req-ab9231bc-32f8-4a38-81d7-ceebbd414f29 91b7e5a3aee942bfa387b9f23f740421 b3c7d360b3844d34b3ffca52b7e6cd0f - - default default] No more DHCP agents
2026-06-02 13:33:05.555 10 WARNING neutron.api.rpc.agentnotifiers.dhcp_rpc_agent_api [None req-ab9231bc-32f8-4a38-81d7-ceebbd414f29 91b7e5a3aee942bfa387b9f23f740421 b3c7d360b3844d34b3ffca52b7e6cd0f - - default default] Unable to schedule network e628fc64-7e78-4a14-a929-e1ce1a3d2511: no agents available; will retry on subsequent port and subnet creation events.
2026-06-02 13:33:05.586 9 INFO neutron.wsgi [None req-467d2305-28dc-42e3-8ded-c83bbaf7a7ca 272614ec0348414290aca7c48e60ba84 6eb50546e4844df39146903b093c9686 - - default default] 10.0.0.158 "GET /v2.0/routers/a22fc169-1071-4a5e-a76f-4e2c53f6906d/tags HTTP/1.1" status: 200 len: 245 time: 0.0504606
2026-06-02 13:33:05.652 10 INFO neutron.db.ovn_revision_numbers_db [None req-ab9231bc-32f8-4a38-81d7-ceebbd414f29 91b7e5a3aee942bfa387b9f23f740421 b3c7d360b3844d34b3ffca52b7e6cd0f - - default default] Successfully bumped revision number for resource 1334762e-32c7-43f3-8418-ee92cec0e81e (type: ports) to 1
2026-06-02 13:33:05.656 9 INFO neutron.wsgi [None req-343c573d-6cc6-42b1-9133-566b440a70ad 272614ec0348414290aca7c48e60ba84 6eb50546e4844df39146903b093c9686 - - default default] 10.0.0.158 "PUT /v2.0/routers/a22fc169-1071-4a5e-a76f-4e2c53f6906d/tags HTTP/1.1" status: 200 len: 230 time: 0.0652561
2026-06-02 13:33:05.681 10 INFO neutron.wsgi [None req-ab9231bc-32f8-4a38-81d7-ceebbd414f29 91b7e5a3aee942bfa387b9f23f740421 b3c7d360b3844d34b3ffca52b7e6cd0f - - default default] 10.0.0.158 "POST /v2.0/networks HTTP/1.1" status: 201 len: 830 time: 0.6097953
2026-06-02 13:33:05.693 10 WARNING neutron_lib.context [None req-14a19115-b1da-4009-9627-687709e2fe8f 91b7e5a3aee942bfa387b9f23f740421 b3c7d360b3844d34b3ffca52b7e6cd0f - - default default] Method 'is_advsvc' is deprecated since 2023.2 release (neutron-lib 3.8.0) and will be removed once support for the old RBAC API policies will be removed from Neutron. Please use method 'is_service_role' instead.
2026-06-02 13:33:05.718 9 INFO neutron.wsgi [None req-420980ee-78eb-4ada-b66a-d87ef99ce23f 272614ec0348414290aca7c48e60ba84 6eb50546e4844df39146903b093c9686 - - default default] 10.0.0.158 "GET /v2.0/routers/a22fc169-1071-4a5e-a76f-4e2c53f6906d/tags HTTP/1.1" status: 200 len: 230 time: 0.0570936
2026-06-02 13:33:05.784 9 INFO neutron.wsgi [None req-21132195-81e6-427e-890a-532337d6f05e 272614ec0348414290aca7c48e60ba84 6eb50546e4844df39146903b093c9686 - - default default] 10.0.0.158 "GET /v2.0/routers/a22fc169-1071-4a5e-a76f-4e2c53f6906d/tags/red HTTP/1.1" status: 204 len: 168 time: 0.0610240
2026-06-02 13:33:05.844 9 INFO neutron.api.v2.resource [None req-5ff2f692-a1c4-426c-bc54-abd1241c9621 272614ec0348414290aca7c48e60ba84 6eb50546e4844df39146903b093c9686 - - default default] show failed (client error): The resource could not be found.
2026-06-02 13:33:05.845 9 INFO neutron.wsgi [None req-5ff2f692-a1c4-426c-bc54-abd1241c9621 272614ec0348414290aca7c48e60ba84 6eb50546e4844df39146903b093c9686 - - default default] 10.0.0.158 "GET /v2.0/routers/a22fc169-1071-4a5e-a76f-4e2c53f6906d/tags/green HTTP/1.1" status: 404 len: 299 time: 0.0562594
2026-06-02 13:33:05.928 9 INFO neutron.wsgi [None req-c3772ac5-7ab0-4f6d-af15-10235a0cc212 272614ec0348414290aca7c48e60ba84 6eb50546e4844df39146903b093c9686 - - default default] 10.0.0.158 "DELETE /v2.0/routers/a22fc169-1071-4a5e-a76f-4e2c53f6906d/tags/red HTTP/1.1" status: 204 len: 168 time: 0.0763555
2026-06-02 13:33:05.950 10 WARNING neutron.scheduler.dhcp_agent_scheduler [None req-14a19115-b1da-4009-9627-687709e2fe8f 91b7e5a3aee942bfa387b9f23f740421 b3c7d360b3844d34b3ffca52b7e6cd0f - - default default] No more DHCP agents
2026-06-02 13:33:05.953 10 WARNING neutron.api.rpc.agentnotifiers.dhcp_rpc_agent_api [None req-14a19115-b1da-4009-9627-687709e2fe8f 91b7e5a3aee942bfa387b9f23f740421 b3c7d360b3844d34b3ffca52b7e6cd0f - - default default] Unable to schedule network e628fc64-7e78-4a14-a929-e1ce1a3d2511: no agents available; will retry on subsequent port and subnet creation events.
2026-06-02 13:33:05.999 9 INFO neutron.wsgi [None req-81119a84-de84-43f2-a1ab-b71318676838 272614ec0348414290aca7c48e60ba84 6eb50546e4844df39146903b093c9686 - - default default] 10.0.0.158 "GET /v2.0/routers/a22fc169-1071-4a5e-a76f-4e2c53f6906d/tags HTTP/1.1" status: 200 len: 223 time: 0.0654335 /var/lib/openstack/lib/python3.10/site-packages/pycadf/identifier.py:71: UserWarning: Invalid uuid: neutron. To ensure interoperability, identifiers should be a valid uuid. warnings.warn(('Invalid uuid: %s. To ensure interoperability, '
2026-06-02 13:33:06.067 10 INFO neutron.api.v2.resource [None req-da957e77-179b-4d5c-936a-0de5e2663857 272614ec0348414290aca7c48e60ba84 6eb50546e4844df39146903b093c9686 - - default default] delete failed (client error): The resource could not be found.
2026-06-02 13:33:06.068 10 INFO neutron.wsgi [None req-da957e77-179b-4d5c-936a-0de5e2663857 272614ec0348414290aca7c48e60ba84 6eb50546e4844df39146903b093c9686 - - default default] 10.0.0.158 "DELETE /v2.0/routers/a22fc169-1071-4a5e-a76f-4e2c53f6906d/tags/green HTTP/1.1" status: 404 len: 299 time: 0.0623753
2026-06-02 13:33:06.070 10 INFO neutron.db.ovn_revision_numbers_db [None req-14a19115-b1da-4009-9627-687709e2fe8f 91b7e5a3aee942bfa387b9f23f740421 b3c7d360b3844d34b3ffca52b7e6cd0f - - default default] Successfully bumped revision number for resource e8fe83db-93ac-4ce4-882f-29c15e62ea21 (type: ports) to 1
2026-06-02 13:33:06.098 10 INFO neutron.wsgi [None req-14a19115-b1da-4009-9627-687709e2fe8f 91b7e5a3aee942bfa387b9f23f740421 b3c7d360b3844d34b3ffca52b7e6cd0f - - default default] 10.0.0.158 "POST /v2.0/ports HTTP/1.1" status: 201 len: 942 time: 0.4107392
2026-06-02 13:33:06.110 10 WARNING neutron_lib.context [None req-c3db6a74-bcc4-410f-b62c-595a91d09bb3 91b7e5a3aee942bfa387b9f23f740421 b3c7d360b3844d34b3ffca52b7e6cd0f - - default default] Method 'is_advsvc' is deprecated since 2023.2 release (neutron-lib 3.8.0) and will be removed once support for the old RBAC API policies will be removed from Neutron. Please use method 'is_service_role' instead.
2026-06-02 13:33:06.143 9 INFO neutron.wsgi [None req-366443de-1102-4965-94fa-7098c49ba1b5 272614ec0348414290aca7c48e60ba84 6eb50546e4844df39146903b093c9686 - - default default] 10.0.0.158 "DELETE /v2.0/routers/a22fc169-1071-4a5e-a76f-4e2c53f6906d/tags HTTP/1.1" status: 204 len: 168 time: 0.0683141
2026-06-02 13:33:06.203 10 INFO neutron.db.segments_db [None req-c3db6a74-bcc4-410f-b62c-595a91d09bb3 91b7e5a3aee942bfa387b9f23f740421 b3c7d360b3844d34b3ffca52b7e6cd0f - - default default] Added segment 2815acef-e780-48fa-98d7-2976e2f4a5a1 of type geneve for network e3472e3f-c525-4158-9f1f-e1a3f0957f4a
2026-06-02 13:33:06.211 10 INFO neutron.wsgi [None req-d96a3e86-4cb5-4f40-94c7-b4fda2652288 272614ec0348414290aca7c48e60ba84 6eb50546e4844df39146903b093c9686 - - default default] 10.0.0.158 "GET /v2.0/routers/a22fc169-1071-4a5e-a76f-4e2c53f6906d/tags HTTP/1.1" status: 200 len: 205 time: 0.0604174
2026-06-02 13:33:06.286 9 INFO neutron.wsgi [None req-8cff6e26-28f9-4671-92c7-65988d80c15b 272614ec0348414290aca7c48e60ba84 6eb50546e4844df39146903b093c9686 - - default default] 10.0.0.158 "GET /v2.0/routers/a22fc169-1071-4a5e-a76f-4e2c53f6906d HTTP/1.1" status: 200 len: 655 time: 0.0598195
2026-06-02 13:33:06.394 10 INFO neutron.db.ovn_revision_numbers_db [None req-c3db6a74-bcc4-410f-b62c-595a91d09bb3 91b7e5a3aee942bfa387b9f23f740421 b3c7d360b3844d34b3ffca52b7e6cd0f - - default default] Successfully bumped revision number for resource e3472e3f-c525-4158-9f1f-e1a3f0957f4a (type: networks) to 1
2026-06-02 13:33:06.579 10 WARNING neutron.scheduler.dhcp_agent_scheduler [None req-c3db6a74-bcc4-410f-b62c-595a91d09bb3 91b7e5a3aee942bfa387b9f23f740421 b3c7d360b3844d34b3ffca52b7e6cd0f - - default default] No more DHCP agents
2026-06-02 13:33:06.582 10 WARNING neutron.api.rpc.agentnotifiers.dhcp_rpc_agent_api [None req-c3db6a74-bcc4-410f-b62c-595a91d09bb3 91b7e5a3aee942bfa387b9f23f740421 b3c7d360b3844d34b3ffca52b7e6cd0f - - default default] Unable to schedule network e3472e3f-c525-4158-9f1f-e1a3f0957f4a: no agents available; will retry on subsequent port and subnet creation events.
2026-06-02 13:33:06.673 10 INFO neutron.db.ovn_revision_numbers_db [None req-c3db6a74-bcc4-410f-b62c-595a91d09bb3 91b7e5a3aee942bfa387b9f23f740421 b3c7d360b3844d34b3ffca52b7e6cd0f - - default default] Successfully bumped revision number for resource a50585b6-3d97-4d74-a3cb-2c021f9205e5 (type: ports) to 1
2026-06-02 13:33:06.698 10 INFO neutron.wsgi [None req-c3db6a74-bcc4-410f-b62c-595a91d09bb3 91b7e5a3aee942bfa387b9f23f740421 b3c7d360b3844d34b3ffca52b7e6cd0f - - default default] 10.0.0.158 "POST /v2.0/networks HTTP/1.1" status: 201 len: 831 time: 0.5931926
2026-06-02 13:33:06.714 10 WARNING neutron_lib.context [None req-d6cb3cb8-4edc-4ae3-b555-8cddd6febf7c 91b7e5a3aee942bfa387b9f23f740421 b3c7d360b3844d34b3ffca52b7e6cd0f - - default default] Method 'is_advsvc' is deprecated since 2023.2 release (neutron-lib 3.8.0) and will be removed once support for the old RBAC API policies will be removed from Neutron. Please use method 'is_service_role' instead.
2026-06-02 13:33:06.793 9 INFO neutron.db.ovn_revision_numbers_db [None req-ee71d6f7-d5c1-49ca-8d58-8fdfd8100c64 272614ec0348414290aca7c48e60ba84 6eb50546e4844df39146903b093c9686 - - default default] Successfully bumped revision number for resource a22fc169-1071-4a5e-a76f-4e2c53f6906d (type: routers) to 7
2026-06-02 13:33:06.797 9 INFO neutron.wsgi [None req-ee71d6f7-d5c1-49ca-8d58-8fdfd8100c64 272614ec0348414290aca7c48e60ba84 6eb50546e4844df39146903b093c9686 - - default default] 10.0.0.158 "PUT /v2.0/routers/a22fc169-1071-4a5e-a76f-4e2c53f6906d HTTP/1.1" status: 200 len: 655 time: 0.5040162
2026-06-02 13:33:06.837 9 INFO neutron.wsgi [None req-dc8270c9-e4bf-481b-b7af-c4fee6a814a2 272614ec0348414290aca7c48e60ba84 6eb50546e4844df39146903b093c9686 - - default default] 10.0.0.158 "GET /v2.0/ports?device_id=a22fc169-1071-4a5e-a76f-4e2c53f6906d HTTP/1.1" status: 200 len: 205 time: 0.0335169
2026-06-02 13:33:07.424 10 WARNING neutron.scheduler.dhcp_agent_scheduler [None req-d6cb3cb8-4edc-4ae3-b555-8cddd6febf7c 91b7e5a3aee942bfa387b9f23f740421 b3c7d360b3844d34b3ffca52b7e6cd0f - - default default] No more DHCP agents
2026-06-02 13:33:07.429 10 WARNING neutron.api.rpc.agentnotifiers.dhcp_rpc_agent_api [None req-d6cb3cb8-4edc-4ae3-b555-8cddd6febf7c 91b7e5a3aee942bfa387b9f23f740421 b3c7d360b3844d34b3ffca52b7e6cd0f - - default default] Unable to schedule network e3472e3f-c525-4158-9f1f-e1a3f0957f4a: no agents available; will retry on subsequent port and subnet creation events.
2026-06-02 13:33:07.532 10 INFO neutron.wsgi [None req-f1126aad-a759-48d9-8ec2-b090ea0ccf47 272614ec0348414290aca7c48e60ba84 6eb50546e4844df39146903b093c9686 - - default default] 10.0.0.158 "DELETE /v2.0/routers/a22fc169-1071-4a5e-a76f-4e2c53f6906d HTTP/1.1" status: 204 len: 168 time: 0.6885030
2026-06-02 13:33:07.578 10 INFO neutron.db.ovn_revision_numbers_db [None req-d6cb3cb8-4edc-4ae3-b555-8cddd6febf7c 91b7e5a3aee942bfa387b9f23f740421 b3c7d360b3844d34b3ffca52b7e6cd0f - - default default] Successfully bumped revision number for resource ed6e884e-8ba6-40b9-b1c9-8541c54acc2d (type: ports) to 1
2026-06-02 13:33:07.620 10 INFO neutron.wsgi [None req-d6cb3cb8-4edc-4ae3-b555-8cddd6febf7c 91b7e5a3aee942bfa387b9f23f740421 b3c7d360b3844d34b3ffca52b7e6cd0f - - default default] 10.0.0.158 "POST /v2.0/ports HTTP/1.1" status: 201 len: 942 time: 0.9154129 /var/lib/openstack/lib/python3.10/site-packages/pycadf/identifier.py:71: UserWarning: Invalid uuid: neutron. To ensure interoperability, identifiers should be a valid uuid. warnings.warn(('Invalid uuid: %s. To ensure interoperability, '
2026-06-02 13:33:07.637 10 WARNING neutron_lib.context [None req-6e5053b2-8739-4116-8017-152072e82427 91b7e5a3aee942bfa387b9f23f740421 b3c7d360b3844d34b3ffca52b7e6cd0f - - default default] Method 'is_advsvc' is deprecated since 2023.2 release (neutron-lib 3.8.0) and will be removed once support for the old RBAC API policies will be removed from Neutron. Please use method 'is_service_role' instead.
2026-06-02 13:33:07.743 10 INFO neutron.db.segments_db [None req-6e5053b2-8739-4116-8017-152072e82427 91b7e5a3aee942bfa387b9f23f740421 b3c7d360b3844d34b3ffca52b7e6cd0f - - default default] Added segment 0489b710-c16c-46fb-81b7-c1274cbffe76 of type geneve for network f9178d33-650e-4471-9b76-816ee228b519
2026-06-02 13:33:07.938 10 INFO neutron.db.ovn_revision_numbers_db [None req-6e5053b2-8739-4116-8017-152072e82427 91b7e5a3aee942bfa387b9f23f740421 b3c7d360b3844d34b3ffca52b7e6cd0f - - default default] Successfully bumped revision number for resource f9178d33-650e-4471-9b76-816ee228b519 (type: networks) to 1
2026-06-02 13:33:08.125 10 WARNING neutron.scheduler.dhcp_agent_scheduler [None req-6e5053b2-8739-4116-8017-152072e82427 91b7e5a3aee942bfa387b9f23f740421 b3c7d360b3844d34b3ffca52b7e6cd0f - - default default] No more DHCP agents
2026-06-02 13:33:08.129 10 WARNING neutron.api.rpc.agentnotifiers.dhcp_rpc_agent_api [None req-6e5053b2-8739-4116-8017-152072e82427 91b7e5a3aee942bfa387b9f23f740421 b3c7d360b3844d34b3ffca52b7e6cd0f - - default default] Unable to schedule network f9178d33-650e-4471-9b76-816ee228b519: no agents available; will retry on subsequent port and subnet creation events.
2026-06-02 13:33:08.249 10 INFO neutron.db.ovn_revision_numbers_db [None req-6e5053b2-8739-4116-8017-152072e82427 91b7e5a3aee942bfa387b9f23f740421 b3c7d360b3844d34b3ffca52b7e6cd0f - - default default] Successfully bumped revision number for resource 2d073ef9-6031-4aa1-91db-721e2366d041 (type: ports) to 1
2026-06-02 13:33:08.277 10 INFO neutron.wsgi [None req-6e5053b2-8739-4116-8017-152072e82427 91b7e5a3aee942bfa387b9f23f740421 b3c7d360b3844d34b3ffca52b7e6cd0f - - default default] 10.0.0.158 "POST /v2.0/networks HTTP/1.1" status: 201 len: 831 time: 0.6474149
2026-06-02 13:33:08.291 10 WARNING neutron_lib.context [None req-cb5a7631-d866-4605-b096-76cfd567b764 91b7e5a3aee942bfa387b9f23f740421 b3c7d360b3844d34b3ffca52b7e6cd0f - - default default] Method 'is_advsvc' is deprecated since 2023.2 release (neutron-lib 3.8.0) and will be removed once support for the old RBAC API policies will be removed from Neutron. Please use method 'is_service_role' instead. /var/lib/openstack/lib/python3.10/site-packages/pycadf/identifier.py:71: UserWarning: Invalid uuid: neutron. To ensure interoperability, identifiers should be a valid uuid. warnings.warn(('Invalid uuid: %s. To ensure interoperability, '
2026-06-02 13:33:08.593 10 WARNING neutron.scheduler.dhcp_agent_scheduler [None req-cb5a7631-d866-4605-b096-76cfd567b764 91b7e5a3aee942bfa387b9f23f740421 b3c7d360b3844d34b3ffca52b7e6cd0f - - default default] No more DHCP agents
2026-06-02 13:33:08.596 10 WARNING neutron.api.rpc.agentnotifiers.dhcp_rpc_agent_api [None req-cb5a7631-d866-4605-b096-76cfd567b764 91b7e5a3aee942bfa387b9f23f740421 b3c7d360b3844d34b3ffca52b7e6cd0f - - default default] Unable to schedule network f9178d33-650e-4471-9b76-816ee228b519: no agents available; will retry on subsequent port and subnet creation events.
2026-06-02 13:33:08.700 10 INFO neutron.db.ovn_revision_numbers_db [None req-cb5a7631-d866-4605-b096-76cfd567b764 91b7e5a3aee942bfa387b9f23f740421 b3c7d360b3844d34b3ffca52b7e6cd0f - - default default] Successfully bumped revision number for resource 8462d76f-5fff-4078-81f5-2f34dc1af6f9 (type: ports) to 1
2026-06-02 13:33:08.732 10 INFO neutron.wsgi [None req-cb5a7631-d866-4605-b096-76cfd567b764 91b7e5a3aee942bfa387b9f23f740421 b3c7d360b3844d34b3ffca52b7e6cd0f - - default default] 10.0.0.158 "POST /v2.0/ports HTTP/1.1" status: 201 len: 942 time: 0.4480593
2026-06-02 13:33:08.761 10 INFO neutron.db.ovn_revision_numbers_db [None req-c4ac61d2-0824-4a9e-a0c2-c72699900f71 0c30a91d923b4e87880f8dd9b0a1c882 8d6c285c4463467bafa338385d9d119f - - default default] Successfully bumped revision number for resource 28e25683-77f1-4ba5-9973-0ffd520b19fd (type: security_groups) to 1
2026-06-02 13:33:08.793 10 INFO neutron.db.ovn_revision_numbers_db [None req-c4ac61d2-0824-4a9e-a0c2-c72699900f71 0c30a91d923b4e87880f8dd9b0a1c882 8d6c285c4463467bafa338385d9d119f - - default default] Successfully bumped revision number for resource 1ed6f456-b343-4259-acb7-8fe8f72f546f (type: security_group_rules) to 0
2026-06-02 13:33:08.813 10 INFO neutron.db.ovn_revision_numbers_db [None req-c4ac61d2-0824-4a9e-a0c2-c72699900f71 0c30a91d923b4e87880f8dd9b0a1c882 8d6c285c4463467bafa338385d9d119f - - default default] Successfully bumped revision number for resource 63ab70f9-e164-49d2-96b2-f7197f085372 (type: security_group_rules) to 0
2026-06-02 13:33:08.828 9 INFO neutron.wsgi [None req-ce341f44-4840-46a9-a426-46467eeacc2f 91b7e5a3aee942bfa387b9f23f740421 b3c7d360b3844d34b3ffca52b7e6cd0f - - default default] 10.0.0.158 "PUT /v2.0/ports/fa73a5fb-9bd4-4182-a9b9-9465aab0fee7/tags HTTP/1.1" status: 200 len: 210 time: 0.0871754 /var/lib/openstack/lib/python3.10/site-packages/pycadf/identifier.py:71: UserWarning: Invalid uuid: neutron. To ensure interoperability, identifiers should be a valid uuid. warnings.warn(('Invalid uuid: %s. To ensure interoperability, '
2026-06-02 13:33:08.844 10 INFO neutron.db.ovn_revision_numbers_db [None req-c4ac61d2-0824-4a9e-a0c2-c72699900f71 0c30a91d923b4e87880f8dd9b0a1c882 8d6c285c4463467bafa338385d9d119f - - default default] Successfully bumped revision number for resource 97f0e7f2-a72d-4ed9-b06e-c8815ec44b5c (type: security_group_rules) to 0
2026-06-02 13:33:08.875 10 INFO neutron.db.ovn_revision_numbers_db [None req-c4ac61d2-0824-4a9e-a0c2-c72699900f71 0c30a91d923b4e87880f8dd9b0a1c882 8d6c285c4463467bafa338385d9d119f - - default default] Successfully bumped revision number for resource d8a48e05-13f2-45c6-9888-e5542bbd584d (type: security_group_rules) to 0
2026-06-02 13:33:08.899 10 INFO neutron.wsgi [None req-1cc4aaab-a398-44a1-b9f2-e2b44ba32e7a 91b7e5a3aee942bfa387b9f23f740421 b3c7d360b3844d34b3ffca52b7e6cd0f - - default default] 10.0.0.158 "PUT /v2.0/ports/b233cb4a-95b4-4350-b58c-690b608d98d4/tags HTTP/1.1" status: 200 len: 218 time: 0.0636482
2026-06-02 13:33:08.903 10 INFO neutron.wsgi [None req-c4ac61d2-0824-4a9e-a0c2-c72699900f71 0c30a91d923b4e87880f8dd9b0a1c882 8d6c285c4463467bafa338385d9d119f - - default default] 10.0.0.158 "GET /v2.0/security-groups?tenant_id=7445707d907d49508b4fce1b29d9bd93&name=default HTTP/1.1" status: 200 len: 2996 time: 0.4918003
2026-06-02 13:33:08.951 10 INFO neutron.wsgi [None req-3373fc65-9ee2-4d40-9fda-fd0fe97337a9 91b7e5a3aee942bfa387b9f23f740421 b3c7d360b3844d34b3ffca52b7e6cd0f - - default default] 10.0.0.158 "PUT /v2.0/ports/e8fe83db-93ac-4ce4-882f-29c15e62ea21/tags HTTP/1.1" status: 200 len: 227 time: 0.0449252
2026-06-02 13:33:09.004 10 INFO neutron.wsgi [None req-df00cac8-9810-47a1-baa0-edb557c43944 91b7e5a3aee942bfa387b9f23f740421 b3c7d360b3844d34b3ffca52b7e6cd0f - - default default] 10.0.0.158 "PUT /v2.0/ports/ed6e884e-8ba6-40b9-b1c9-8541c54acc2d/tags HTTP/1.1" status: 200 len: 212 time: 0.0458920
2026-06-02 13:33:09.140 9 INFO neutron.wsgi [None req-d7f36ef2-6efd-4d0a-9f6f-0748c04732b4 0c30a91d923b4e87880f8dd9b0a1c882 8d6c285c4463467bafa338385d9d119f - - default default] 10.0.0.158 "DELETE /v2.0/security-groups/28e25683-77f1-4ba5-9973-0ffd520b19fd HTTP/1.1" status: 204 len: 168 time: 0.2312291
2026-06-02 13:33:09.214 10 INFO neutron.wsgi [None req-3913a493-00f4-45d7-b633-04747c6bf762 91b7e5a3aee942bfa387b9f23f740421 b3c7d360b3844d34b3ffca52b7e6cd0f - - default default] 10.0.0.158 "GET /v2.0/ports?tags=red HTTP/1.1" status: 200 len: 2448 time: 0.2037199
2026-06-02 13:33:09.390 10 INFO neutron.db.ovn_revision_numbers_db [None req-31521457-f67c-48e5-b377-cc7bc2543990 0c30a91d923b4e87880f8dd9b0a1c882 8d6c285c4463467bafa338385d9d119f - - default default] Successfully bumped revision number for resource b8abca70-d71f-44e7-8103-2418422e124f (type: security_groups) to 1
2026-06-02 13:33:09.410 10 INFO neutron.db.ovn_revision_numbers_db [None req-31521457-f67c-48e5-b377-cc7bc2543990 0c30a91d923b4e87880f8dd9b0a1c882 8d6c285c4463467bafa338385d9d119f - - default default] Successfully bumped revision number for resource 0f7fe614-ac3a-48ca-a718-53041555bb68 (type: security_group_rules) to 0
2026-06-02 13:33:09.426 10 INFO neutron.db.ovn_revision_numbers_db [None req-31521457-f67c-48e5-b377-cc7bc2543990 0c30a91d923b4e87880f8dd9b0a1c882 8d6c285c4463467bafa338385d9d119f - - default default] Successfully bumped revision number for resource 66a1f79a-ff68-41d7-89f5-0e7138f83e03 (type: security_group_rules) to 0
2026-06-02 13:33:09.446 10 INFO neutron.db.ovn_revision_numbers_db [None req-31521457-f67c-48e5-b377-cc7bc2543990 0c30a91d923b4e87880f8dd9b0a1c882 8d6c285c4463467bafa338385d9d119f - - default default] Successfully bumped revision number for resource c3de4e17-7246-4da0-91a5-4a15d7cb3a50 (type: security_group_rules) to 0
2026-06-02 13:33:09.464 10 INFO neutron.db.ovn_revision_numbers_db [None req-31521457-f67c-48e5-b377-cc7bc2543990 0c30a91d923b4e87880f8dd9b0a1c882 8d6c285c4463467bafa338385d9d119f - - default default] Successfully bumped revision number for resource f1cfd661-6793-4ce1-abb9-f22a01e95a65 (type: security_group_rules) to 0
2026-06-02 13:33:09.499 10 INFO neutron.wsgi [None req-31521457-f67c-48e5-b377-cc7bc2543990 0c30a91d923b4e87880f8dd9b0a1c882 8d6c285c4463467bafa338385d9d119f - - default default] 10.0.0.158 "GET /v2.0/security-groups?tenant_id=6eb50546e4844df39146903b093c9686&name=default HTTP/1.1" status: 200 len: 2999 time: 0.2278841
2026-06-02 13:33:09.596 9 INFO neutron.wsgi [None req-9477c4fe-68bc-44b5-be5e-afd086384b53 91b7e5a3aee942bfa387b9f23f740421 b3c7d360b3844d34b3ffca52b7e6cd0f - - default default] 10.0.0.158 "GET /v2.0/ports?tags=red%2Cblue HTTP/1.1" status: 200 len: 1708 time: 0.3755615
2026-06-02 13:33:09.653 9 INFO neutron.wsgi [None req-2ef1fbd6-e6a1-4a17-9ac4-2e98163126e1 91b7e5a3aee942bfa387b9f23f740421 b3c7d360b3844d34b3ffca52b7e6cd0f - - default default] 10.0.0.158 "GET /v2.0/ports?tags-any=blue HTTP/1.1" status: 200 len: 1708 time: 0.0514786
2026-06-02 13:33:09.715 10 INFO neutron.wsgi [None req-355221f8-d0d8-41d7-aa05-d16d22733da5 0c30a91d923b4e87880f8dd9b0a1c882 8d6c285c4463467bafa338385d9d119f - - default default] 10.0.0.158 "DELETE /v2.0/security-groups/b8abca70-d71f-44e7-8103-2418422e124f HTTP/1.1" status: 204 len: 168 time: 0.2081227
2026-06-02 13:33:09.755 9 INFO neutron.wsgi [None req-aeac4010-acb8-4b5f-90d0-ad23026bd5b0 91b7e5a3aee942bfa387b9f23f740421 b3c7d360b3844d34b3ffca52b7e6cd0f - - default default] 10.0.0.158 "GET /v2.0/ports?tags-any=red%2Cblue HTTP/1.1" status: 200 len: 2448 time: 0.0939879
2026-06-02 13:33:09.933 9 INFO neutron.wsgi [None req-f2216bd4-d43b-4513-82f0-aa38b4f6c135 91b7e5a3aee942bfa387b9f23f740421 b3c7d360b3844d34b3ffca52b7e6cd0f - - default default] 10.0.0.158 "GET /v2.0/ports?not-tags=red HTTP/1.1" status: 200 len: 5463 time: 0.1720638
2026-06-02 13:33:10.043 9 INFO neutron.wsgi [None req-0a46f82e-6834-4067-a331-e2b2600d6ed1 91b7e5a3aee942bfa387b9f23f740421 b3c7d360b3844d34b3ffca52b7e6cd0f - - default default] 10.0.0.158 "GET /v2.0/ports?not-tags=red%2Cblue HTTP/1.1" status: 200 len: 6203 time: 0.1033154
2026-06-02 13:33:10.143 9 INFO neutron.wsgi [None req-c874ab52-df75-45d5-95f5-1d3b488ed45d 91b7e5a3aee942bfa387b9f23f740421 b3c7d360b3844d34b3ffca52b7e6cd0f - - default default] 10.0.0.158 "GET /v2.0/ports?not-tags-any=blue HTTP/1.1" status: 200 len: 6203 time: 0.0929582
2026-06-02 13:33:10.216 9 INFO neutron.wsgi [None req-b62f3952-796a-4449-84a8-a86c3a058362 91b7e5a3aee942bfa387b9f23f740421 b3c7d360b3844d34b3ffca52b7e6cd0f - - default default] 10.0.0.158 "GET /v2.0/ports?not-tags-any=red%2Cblue HTTP/1.1" status: 200 len: 5463 time: 0.0662537
2026-06-02 13:33:10.512 9 INFO neutron.wsgi [None req-0c9de784-d369-4da4-8e05-0d7ad6ec29a7 91b7e5a3aee942bfa387b9f23f740421 b3c7d360b3844d34b3ffca52b7e6cd0f - - default default] 10.0.0.158 "DELETE /v2.0/ports/fa73a5fb-9bd4-4182-a9b9-9465aab0fee7 HTTP/1.1" status: 204 len: 168 time: 0.2897608
2026-06-02 13:33:10.765 9 INFO neutron.wsgi [None req-9685060f-f676-48ac-989a-b5f4a53e4f63 91b7e5a3aee942bfa387b9f23f740421 b3c7d360b3844d34b3ffca52b7e6cd0f - - default default] 10.0.0.158 "DELETE /v2.0/ports/b233cb4a-95b4-4350-b58c-690b608d98d4 HTTP/1.1" status: 204 len: 168 time: 0.2471533
2026-06-02 13:33:11.012 9 INFO neutron.wsgi [None req-f3eb312c-31bf-4889-ba60-05c88c6e608d 91b7e5a3aee942bfa387b9f23f740421 b3c7d360b3844d34b3ffca52b7e6cd0f - - default default] 10.0.0.158 "DELETE /v2.0/ports/e8fe83db-93ac-4ce4-882f-29c15e62ea21 HTTP/1.1" status: 204 len: 168 time: 0.2410038
2026-06-02 13:33:11.315 9 INFO neutron.wsgi [None req-50081ee9-22e4-4f85-b761-82c3d258605c 91b7e5a3aee942bfa387b9f23f740421 b3c7d360b3844d34b3ffca52b7e6cd0f - - default default] 10.0.0.158 "DELETE /v2.0/ports/ed6e884e-8ba6-40b9-b1c9-8541c54acc2d HTTP/1.1" status: 204 len: 168 time: 0.2970374
2026-06-02 13:33:11.569 9 INFO neutron.wsgi [None req-21e6b713-1dc7-47bb-816b-5162f2b6c5da 91b7e5a3aee942bfa387b9f23f740421 b3c7d360b3844d34b3ffca52b7e6cd0f - - default default] 10.0.0.158 "DELETE /v2.0/ports/8462d76f-5fff-4078-81f5-2f34dc1af6f9 HTTP/1.1" status: 204 len: 168 time: 0.2482610
2026-06-02 13:33:11.905 9 INFO neutron.services.segments.plugin [-] Segment ec21e6bf-e4a8-4a85-9ce0-a2f4e57ec726 resource provider aggregate not found
2026-06-02 13:33:11.910 9 INFO neutron.services.segments.plugin [-] Segment ec21e6bf-e4a8-4a85-9ce0-a2f4e57ec726 resource provider aggregate not found
2026-06-02 13:33:11.926 9 INFO neutron.services.segments.plugin [-] Segment ec21e6bf-e4a8-4a85-9ce0-a2f4e57ec726 resource provider not found; error: Placement Client Error (4xx): {"errors": [{"status": 404, "title": "Not Found", "detail": "The resource could not be found.\n\n No resource provider with uuid ec21e6bf-e4a8-4a85-9ce0-a2f4e57ec726 found for delete ", "request_id": "req-8ec83f84-65a5-45c7-92ed-053684854685"}]}
2026-06-02 13:33:11.927 9 INFO neutron.services.segments.plugin [-] Segment ec21e6bf-e4a8-4a85-9ce0-a2f4e57ec726 resource provider not found; error: Placement Client Error (4xx): {"errors": [{"status": 404, "title": "Not Found", "detail": "The resource could not be found.\n\n No resource provider with uuid ec21e6bf-e4a8-4a85-9ce0-a2f4e57ec726 found for delete ", "request_id": "req-07e490eb-cfe2-4ec8-bf46-a4457b29b746"}]}
2026-06-02 13:33:11.952 9 INFO neutron.wsgi [None req-4e4b61d7-1235-463d-adf9-7d574423078d 91b7e5a3aee942bfa387b9f23f740421 b3c7d360b3844d34b3ffca52b7e6cd0f - - default default] 10.0.0.158 "DELETE /v2.0/networks/31fa994e-a191-41ce-8e62-e7ebedecab41 HTTP/1.1" status: 204 len: 168 time: 0.3776762
2026-06-02 13:33:12.232 9 INFO neutron.wsgi [-] 10.0.0.23 "GET / HTTP/1.1" status: 200 len: 247 time: 0.0020852
2026-06-02 13:33:12.234 9 INFO neutron.wsgi [-] 10.0.0.23 "GET / HTTP/1.1" status: 200 len: 247 time: 0.0017972
2026-06-02 13:33:12.456 10 INFO neutron.wsgi [None req-4db4a76e-8864-4347-b5ae-24819d09675d 91b7e5a3aee942bfa387b9f23f740421 b3c7d360b3844d34b3ffca52b7e6cd0f - - default default] 10.0.0.158 "DELETE /v2.0/networks/cc04416e-f254-4011-807d-dc70fab160a6 HTTP/1.1" status: 204 len: 168 time: 0.4983349
2026-06-02 13:33:12.524 9 INFO neutron.wsgi [None req-a6bd9e06-8e24-425e-9c3a-427c020e6e6e 0c30a91d923b4e87880f8dd9b0a1c882 8d6c285c4463467bafa338385d9d119f - - default default] 199.204.45.222 "GET /v2.0/extensions/security-group HTTP/1.1" status: 200 len: 369 time: 0.0079117
2026-06-02 13:33:12.536 9 INFO neutron.wsgi [None req-469d708b-1c02-4f83-a4da-3bec5c5a1c24 0c30a91d923b4e87880f8dd9b0a1c882 8d6c285c4463467bafa338385d9d119f - - default default] 199.204.45.222 "GET /v2.0/extensions/dns-integration HTTP/1.1" status: 200 len: 371 time: 0.0062132
2026-06-02 13:33:12.544 9 INFO neutron.wsgi [None req-02826724-261f-4662-a27a-27fbc5f6b9fe 0c30a91d923b4e87880f8dd9b0a1c882 8d6c285c4463467bafa338385d9d119f - - default default] 199.204.45.222 "GET /v2.0/extensions/qos HTTP/1.1" status: 200 len: 365 time: 0.0041385
2026-06-02 13:33:12.554 9 INFO neutron.wsgi [None req-f4c6e327-18df-44c2-ac0c-67a1bf38ec99 0c30a91d923b4e87880f8dd9b0a1c882 8d6c285c4463467bafa338385d9d119f - - default default] 199.204.45.222 "GET /v2.0/extensions/allowed-address-pairs HTTP/1.1" status: 200 len: 383 time: 0.0054476
2026-06-02 13:33:12.586 9 INFO neutron.api.v2.resource [None req-4c126a50-4ca7-4e36-91f3-54acc06d0975 0c30a91d923b4e87880f8dd9b0a1c882 8d6c285c4463467bafa338385d9d119f - - default default] show failed (client error): The resource could not be found.
2026-06-02 13:33:12.587 9 INFO neutron.wsgi [None req-4c126a50-4ca7-4e36-91f3-54acc06d0975 0c30a91d923b4e87880f8dd9b0a1c882 8d6c285c4463467bafa338385d9d119f - - default default] 199.204.45.222 "GET /v2.0/security-groups/lb-baf53a19-7ca4-43b6-98fe-41176b34d3ff HTTP/1.1" status: 404 len: 355 time: 0.0148776
2026-06-02 13:33:12.645 9 INFO neutron.wsgi [None req-861596ac-92e3-4fb6-bc04-ffd2613b700f 0c30a91d923b4e87880f8dd9b0a1c882 8d6c285c4463467bafa338385d9d119f - - default default] 199.204.45.222 "GET /v2.0/security-groups?name=lb-baf53a19-7ca4-43b6-98fe-41176b34d3ff HTTP/1.1" status: 200 len: 2937 time: 0.0520895
2026-06-02 13:33:12.684 10 INFO neutron.services.segments.plugin [-] Segment 222e066f-5191-4b2a-9601-b0d9d251bca9 resource provider aggregate not found
2026-06-02 13:33:12.690 10 INFO neutron.services.segments.plugin [-] Segment 222e066f-5191-4b2a-9601-b0d9d251bca9 resource provider aggregate not found
2026-06-02 13:33:12.701 10 INFO neutron.services.segments.plugin [-] Segment 222e066f-5191-4b2a-9601-b0d9d251bca9 resource provider not found; error: Placement Client Error (4xx): {"errors": [{"status": 404, "title": "Not Found", "detail": "The resource could not be found.\n\n No resource provider with uuid 222e066f-5191-4b2a-9601-b0d9d251bca9 found for delete ", "request_id": "req-abe42d7c-25a1-4d59-8efa-a1b0525d5fa7"}]}
2026-06-02 13:33:12.710 10 INFO neutron.services.segments.plugin [-] Segment 222e066f-5191-4b2a-9601-b0d9d251bca9 resource provider not found; error: Placement Client Error (4xx): {"errors": [{"status": 404, "title": "Not Found", "detail": "The resource could not be found.\n\n No resource provider with uuid 222e066f-5191-4b2a-9601-b0d9d251bca9 found for delete ", "request_id": "req-827cec7d-2957-4cda-a1c6-7ecd5aaee316"}]}
2026-06-02 13:33:12.718 9 INFO neutron.wsgi [None req-6356a9ed-8604-423d-96d2-aa91bd120783 0c30a91d923b4e87880f8dd9b0a1c882 8d6c285c4463467bafa338385d9d119f - - default default] 199.204.45.222 "GET /v2.0/security-group-rules?security_group_id=dd86bb75-8c0e-42c2-86b8-dfba3a6779ae HTTP/1.1" status: 200 len: 2406 time: 0.0677438
2026-06-02 13:33:12.909 9 INFO neutron.wsgi [None req-92d4ea5c-32b5-455f-a7a2-10657f8010d3 0c30a91d923b4e87880f8dd9b0a1c882 8d6c285c4463467bafa338385d9d119f - - default default] 199.204.45.222 "DELETE /v2.0/security-group-rules/50633e24-52c2-4c0b-9e6f-f8f4fb6edebd HTTP/1.1" status: 204 len: 173 time: 0.1772287
2026-06-02 13:33:13.026 9 INFO neutron.wsgi [None req-43bd9026-8d2b-4711-9875-c9405f3911d6 91b7e5a3aee942bfa387b9f23f740421 b3c7d360b3844d34b3ffca52b7e6cd0f - - default default] 10.0.0.158 "DELETE /v2.0/networks/e628fc64-7e78-4a14-a929-e1ce1a3d2511 HTTP/1.1" status: 204 len: 168 time: 0.5634627
2026-06-02 13:33:13.088 9 INFO neutron.wsgi [None req-ba603f89-c824-4d58-ba85-ec81ad1068ac 0c30a91d923b4e87880f8dd9b0a1c882 8d6c285c4463467bafa338385d9d119f - - default default] 199.204.45.222 "DELETE /v2.0/security-group-rules/6411524e-c969-4009-ab78-f1a97fcfbea6 HTTP/1.1" status: 204 len: 173 time: 0.1700823
2026-06-02 13:33:13.406 10 INFO neutron.wsgi [None req-3a9aca5c-874f-459b-a474-51d1ce45f998 91b7e5a3aee942bfa387b9f23f740421 b3c7d360b3844d34b3ffca52b7e6cd0f - - default default] 10.0.0.158 "DELETE /v2.0/networks/e3472e3f-c525-4158-9f1f-e1a3f0957f4a HTTP/1.1" status: 204 len: 168 time: 0.3734701
2026-06-02 13:33:13.828 9 INFO neutron.wsgi [None req-62a7128e-2ce5-497a-ab02-b3cc11e2e495 91b7e5a3aee942bfa387b9f23f740421 b3c7d360b3844d34b3ffca52b7e6cd0f - - default default] 10.0.0.158 "DELETE /v2.0/networks/f9178d33-650e-4471-9b76-816ee228b519 HTTP/1.1" status: 204 len: 168 time: 0.4153881
2026-06-02 13:33:13.944 9 INFO neutron.services.segments.plugin [-] Segment 8d81ff60-cd36-47e4-bca9-10e373efcef4 resource provider aggregate not found
2026-06-02 13:33:13.957 9 INFO neutron.services.segments.plugin [-] Segment 8d81ff60-cd36-47e4-bca9-10e373efcef4 resource provider aggregate not found
2026-06-02 13:33:13.962 9 INFO neutron.services.segments.plugin [-] Segment 8d81ff60-cd36-47e4-bca9-10e373efcef4 resource provider not found; error: Placement Client Error (4xx): {"errors": [{"status": 404, "title": "Not Found", "detail": "The resource could not be found.\n\n No resource provider with uuid 8d81ff60-cd36-47e4-bca9-10e373efcef4 found for delete ", "request_id": "req-a3e3a7a7-4422-42f3-9729-1aadc862afc9"}]}
2026-06-02 13:33:13.971 9 INFO neutron.services.segments.plugin [-] Segment 8d81ff60-cd36-47e4-bca9-10e373efcef4 resource provider not found; error: Placement Client Error (4xx): {"errors": [{"status": 404, "title": "Not Found", "detail": "The resource could not be found.\n\n No resource provider with uuid 8d81ff60-cd36-47e4-bca9-10e373efcef4 found for delete ", "request_id": "req-35349558-44a8-4218-9b59-72b173d5ef1b"}]}
2026-06-02 13:33:13.976 9 INFO neutron.services.segments.plugin [-] Segment 0489b710-c16c-46fb-81b7-c1274cbffe76 resource provider aggregate not found
2026-06-02 13:33:13.984 9 INFO neutron.services.segments.plugin [-] Segment 0489b710-c16c-46fb-81b7-c1274cbffe76 resource provider aggregate not found
2026-06-02 13:33:13.989 9 INFO neutron.services.segments.plugin [-] Segment 0489b710-c16c-46fb-81b7-c1274cbffe76 resource provider not found; error: Placement Client Error (4xx): {"errors": [{"status": 404, "title": "Not Found", "detail": "The resource could not be found.\n\n No resource provider with uuid 0489b710-c16c-46fb-81b7-c1274cbffe76 found for delete ", "request_id": "req-bdfc8c48-e357-4056-b743-19f13dd5f407"}]}
2026-06-02 13:33:13.998 9 INFO neutron.services.segments.plugin [-] Segment 0489b710-c16c-46fb-81b7-c1274cbffe76 resource provider not found; error: Placement Client Error (4xx): {"errors": [{"status": 404, "title": "Not Found", "detail": "The resource could not be found.\n\n No resource provider with uuid 0489b710-c16c-46fb-81b7-c1274cbffe76 found for delete ", "request_id": "req-1e3b1cd6-22a9-4658-b145-ccce37c5fe29"}]}
2026-06-02 13:33:14.722 10 INFO neutron.services.segments.plugin [-] Segment 2815acef-e780-48fa-98d7-2976e2f4a5a1 resource provider aggregate not found
2026-06-02 13:33:14.735 10 INFO neutron.services.segments.plugin [-] Segment 2815acef-e780-48fa-98d7-2976e2f4a5a1 resource provider aggregate not found
2026-06-02 13:33:14.741 10 INFO neutron.services.segments.plugin [-] Segment 2815acef-e780-48fa-98d7-2976e2f4a5a1 resource provider not found; error: Placement Client Error (4xx): {"errors": [{"status": 404, "title": "Not Found", "detail": "The resource could not be found.\n\n No resource provider with uuid 2815acef-e780-48fa-98d7-2976e2f4a5a1 found for delete ", "request_id": "req-610e125e-07b8-44e4-b1b3-0ce7b581acde"}]}
2026-06-02 13:33:14.750 10 INFO neutron.services.segments.plugin [-] Segment 2815acef-e780-48fa-98d7-2976e2f4a5a1 resource provider not found; error: Placement Client Error (4xx): {"errors": [{"status": 404, "title": "Not Found", "detail": "The resource could not be found.\n\n No resource provider with uuid 2815acef-e780-48fa-98d7-2976e2f4a5a1 found for delete ", "request_id": "req-1aa2355b-f71d-46f3-8138-6ff91d76512d"}]}
2026-06-02 13:33:14.941 9 INFO neutron.wsgi [None req-98e11035-b31f-4a80-a38d-9f72cc73ee61 0c30a91d923b4e87880f8dd9b0a1c882 8d6c285c4463467bafa338385d9d119f - - default default] 10.0.0.158 "GET /v2.0/security-groups?tenant_id=b3c7d360b3844d34b3ffca52b7e6cd0f&name=default HTTP/1.1" status: 200 len: 2996 time: 0.2270620
2026-06-02 13:33:15.179 9 INFO neutron.wsgi [None req-0c24210f-bd54-49df-96a2-e2bf29e66a9d 0c30a91d923b4e87880f8dd9b0a1c882 8d6c285c4463467bafa338385d9d119f - - default default] 10.0.0.158 "DELETE /v2.0/security-groups/a8705c7b-c010-4a9a-957e-786278840ee3 HTTP/1.1" status: 204 len: 168 time: 0.2324679
2026-06-02 13:33:15.438 10 INFO neutron.db.ovn_revision_numbers_db [None req-220982a6-aa3d-4984-a1c0-3df2e8d468cf 0c30a91d923b4e87880f8dd9b0a1c882 8d6c285c4463467bafa338385d9d119f - - default default] Successfully bumped revision number for resource 25ca6a87-c2ad-416d-93b5-c64d6809e67a (type: security_groups) to 1
2026-06-02 13:33:15.453 10 INFO neutron.db.ovn_revision_numbers_db [None req-220982a6-aa3d-4984-a1c0-3df2e8d468cf 0c30a91d923b4e87880f8dd9b0a1c882 8d6c285c4463467bafa338385d9d119f - - default default] Successfully bumped revision number for resource 6ed0646b-94b9-48b1-ab80-1e5670a70123 (type: security_group_rules) to 0
2026-06-02 13:33:15.467 10 INFO neutron.db.ovn_revision_numbers_db [None req-220982a6-aa3d-4984-a1c0-3df2e8d468cf 0c30a91d923b4e87880f8dd9b0a1c882 8d6c285c4463467bafa338385d9d119f - - default default] Successfully bumped revision number for resource 8ae8ef64-547b-4867-a91b-73b7dfdc5b11 (type: security_group_rules) to 0
2026-06-02 13:33:15.484 10 INFO neutron.db.ovn_revision_numbers_db [None req-220982a6-aa3d-4984-a1c0-3df2e8d468cf 0c30a91d923b4e87880f8dd9b0a1c882 8d6c285c4463467bafa338385d9d119f - - default default] Successfully bumped revision number for resource e2f843e2-342f-4dbd-8a24-06ddd2ba8ef5 (type: security_group_rules) to 0
2026-06-02 13:33:15.497 10 INFO neutron.db.ovn_revision_numbers_db [None req-220982a6-aa3d-4984-a1c0-3df2e8d468cf 0c30a91d923b4e87880f8dd9b0a1c882 8d6c285c4463467bafa338385d9d119f - - default default] Successfully bumped revision number for resource f95048aa-a753-4e95-b6ee-7f1520bc959f (type: security_group_rules) to 0
2026-06-02 13:33:15.523 10 INFO neutron.wsgi [None req-220982a6-aa3d-4984-a1c0-3df2e8d468cf 0c30a91d923b4e87880f8dd9b0a1c882 8d6c285c4463467bafa338385d9d119f - - default default] 10.0.0.158 "GET /v2.0/security-groups?tenant_id=ba5af433819f4a7a8ffe2b4869180591&name=default HTTP/1.1" status: 200 len: 3000 time: 0.2280414
2026-06-02 13:33:15.753 10 INFO neutron.wsgi [None req-cbf31499-19ca-421c-bb62-755209379937 0c30a91d923b4e87880f8dd9b0a1c882 8d6c285c4463467bafa338385d9d119f - - default default] 10.0.0.158 "DELETE /v2.0/security-groups/25ca6a87-c2ad-416d-93b5-c64d6809e67a HTTP/1.1" status: 204 len: 168 time: 0.2207267
2026-06-02 13:33:16.035 10 INFO neutron.db.ovn_revision_numbers_db [None req-3c96730f-d88e-44bb-a389-35cb8d3326d6 0c30a91d923b4e87880f8dd9b0a1c882 8d6c285c4463467bafa338385d9d119f - - default default] Successfully bumped revision number for resource e97b42b0-68eb-4395-a70b-a88e2f46995a (type: security_groups) to 1
2026-06-02 13:33:16.049 10 INFO neutron.db.ovn_revision_numbers_db [None req-3c96730f-d88e-44bb-a389-35cb8d3326d6 0c30a91d923b4e87880f8dd9b0a1c882 8d6c285c4463467bafa338385d9d119f - - default default] Successfully bumped revision number for resource 032542b9-777c-487a-a8d1-aca2208b0adc (type: security_group_rules) to 0
2026-06-02 13:33:16.065 10 INFO neutron.db.ovn_revision_numbers_db [None req-3c96730f-d88e-44bb-a389-35cb8d3326d6 0c30a91d923b4e87880f8dd9b0a1c882 8d6c285c4463467bafa338385d9d119f - - default default] Successfully bumped revision number for resource 3179d035-f376-4596-895d-c10ef0eda073 (type: security_group_rules) to 0
2026-06-02 13:33:16.081 10 INFO neutron.db.ovn_revision_numbers_db [None req-3c96730f-d88e-44bb-a389-35cb8d3326d6 0c30a91d923b4e87880f8dd9b0a1c882 8d6c285c4463467bafa338385d9d119f - - default default] Successfully bumped revision number for resource 8e59c94f-8eb9-4682-9c17-83b14b793fa3 (type: security_group_rules) to 0
2026-06-02 13:33:16.100 10 INFO neutron.db.ovn_revision_numbers_db [None req-3c96730f-d88e-44bb-a389-35cb8d3326d6 0c30a91d923b4e87880f8dd9b0a1c882 8d6c285c4463467bafa338385d9d119f - - default default] Successfully bumped revision number for resource cb85a0f7-0bcb-4113-b50e-72c1a70f6232 (type: security_group_rules) to 0
2026-06-02 13:33:16.129 10 INFO neutron.wsgi [None req-3c96730f-d88e-44bb-a389-35cb8d3326d6 0c30a91d923b4e87880f8dd9b0a1c882 8d6c285c4463467bafa338385d9d119f - - default default] 10.0.0.158 "GET /v2.0/security-groups?tenant_id=3d28dac79a90466c98a75154a9c58874&name=default HTTP/1.1" status: 200 len: 3000 time: 0.2096257
2026-06-02 13:33:16.365 10 INFO neutron.wsgi [None req-22bd1be4-ecc7-4d48-929a-f376b8672c13 0c30a91d923b4e87880f8dd9b0a1c882 8d6c285c4463467bafa338385d9d119f - - default default] 10.0.0.158 "DELETE /v2.0/security-groups/e97b42b0-68eb-4395-a70b-a88e2f46995a HTTP/1.1" status: 204 len: 168 time: 0.2295649
2026-06-02 13:33:16.971 10 INFO neutron.db.l3_db [None req-2a5eb93b-5e26-413b-bd65-011f20209ada cf97476b4f9247d985f50fad056700a8 0fc492128c8c4bba9c9e6410e25bb331 - - default default] Floating IP 1256e923-37ac-4f52-a2c8-9df9e7fce62e disassociated (deleted). External IP: 10.96.250.218, port: 30844262-edbf-44bf-8d2a-94fdaffb73b8.
2026-06-02 13:33:17.050 10 INFO neutron.wsgi [None req-2a5eb93b-5e26-413b-bd65-011f20209ada cf97476b4f9247d985f50fad056700a8 0fc492128c8c4bba9c9e6410e25bb331 - - default default] 10.0.0.158 "DELETE /v2.0/floatingips/1256e923-37ac-4f52-a2c8-9df9e7fce62e HTTP/1.1" status: 204 len: 168 time: 0.5339003 /var/lib/openstack/lib/python3.10/site-packages/pycadf/identifier.py:71: UserWarning: Invalid uuid: neutron. To ensure interoperability, identifiers should be a valid uuid. warnings.warn(('Invalid uuid: %s. To ensure interoperability, '
2026-06-02 13:33:17.081 10 INFO neutron.api.v2.resource [None req-3823b4ca-ffed-4489-a78d-e73f911c8331 cf97476b4f9247d985f50fad056700a8 0fc492128c8c4bba9c9e6410e25bb331 - - default default] show failed (client error): The resource could not be found.
2026-06-02 13:33:17.082 10 INFO neutron.wsgi [None req-3823b4ca-ffed-4489-a78d-e73f911c8331 cf97476b4f9247d985f50fad056700a8 0fc492128c8c4bba9c9e6410e25bb331 - - default default] 10.0.0.158 "GET /v2.0/floatingips/1256e923-37ac-4f52-a2c8-9df9e7fce62e HTTP/1.1" status: 404 len: 345 time: 0.0262940
2026-06-02 13:33:18.171 10 INFO neutron.wsgi [None req-92636089-5d05-47df-8e27-e93431855061 0c30a91d923b4e87880f8dd9b0a1c882 8d6c285c4463467bafa338385d9d119f - - default default] 199.204.45.222 "GET /v2.0/extensions/security-group HTTP/1.1" status: 200 len: 369 time: 0.0092123
2026-06-02 13:33:18.178 10 INFO neutron.wsgi [None req-c099b686-a495-4e5d-a13f-a88b451e5de7 0c30a91d923b4e87880f8dd9b0a1c882 8d6c285c4463467bafa338385d9d119f - - default default] 199.204.45.222 "GET /v2.0/extensions/dns-integration HTTP/1.1" status: 200 len: 371 time: 0.0032887
2026-06-02 13:33:18.186 10 INFO neutron.wsgi [None req-382c54c9-c009-4b53-8690-5cbcd58be616 0c30a91d923b4e87880f8dd9b0a1c882 8d6c285c4463467bafa338385d9d119f - - default default] 199.204.45.222 "GET /v2.0/extensions/qos HTTP/1.1" status: 200 len: 365 time: 0.0044706
2026-06-02 13:33:18.197 10 INFO neutron.wsgi [None req-887cf0f1-6807-4bff-ad48-88456932c7fd 0c30a91d923b4e87880f8dd9b0a1c882 8d6c285c4463467bafa338385d9d119f - - default default] 199.204.45.222 "GET /v2.0/extensions/allowed-address-pairs HTTP/1.1" status: 200 len: 383 time: 0.0073705
2026-06-02 13:33:18.257 10 INFO neutron.wsgi [None req-10c4e81e-7892-4a06-9141-a6a42234535a 0c30a91d923b4e87880f8dd9b0a1c882 8d6c285c4463467bafa338385d9d119f - - default default] 199.204.45.222 "GET /v2.0/subnets/ee09bc6f-da3a-466f-9f8f-4b176e0356ed HTTP/1.1" status: 200 len: 851 time: 0.0540373
2026-06-02 13:33:18.304 10 INFO neutron.wsgi [None req-79964c39-b2a2-4be3-b17d-496b55a5bc5c 0c30a91d923b4e87880f8dd9b0a1c882 8d6c285c4463467bafa338385d9d119f - - default default] 199.204.45.222 "GET /v2.0/ports?device_id=81124438-4012-4302-8ddd-3be407109709 HTTP/1.1" status: 200 len: 2727 time: 0.0403094
2026-06-02 13:33:18.352 10 INFO neutron.wsgi [None req-c014390b-d31b-4c83-a306-bee9522d4975 0c30a91d923b4e87880f8dd9b0a1c882 8d6c285c4463467bafa338385d9d119f - - default default] 199.204.45.222 "GET /v2.0/ports?device_id=81124438-4012-4302-8ddd-3be407109709 HTTP/1.1" status: 200 len: 2727 time: 0.0393665
2026-06-02 13:33:18.475 10 INFO neutron.wsgi [None req-761b0b3c-aedc-4f50-a120-5e9c43e095ae 0c30a91d923b4e87880f8dd9b0a1c882 8d6c285c4463467bafa338385d9d119f - - default default] 199.204.45.222 "GET /v2.0/ports?device_id=81124438-4012-4302-8ddd-3be407109709 HTTP/1.1" status: 200 len: 2727 time: 0.0538468
2026-06-02 13:33:18.778 9 INFO neutron.plugins.ml2.drivers.ovn.mech_driver.mech_driver [None req-a75d0197-3311-46b9-a8ae-5e5b60bac344 - - - - - -] OVN reports status down for port: 30844262-edbf-44bf-8d2a-94fdaffb73b8
2026-06-02 13:33:18.778 10 INFO neutron.plugins.ml2.drivers.ovn.mech_driver.mech_driver [None req-fa7a0459-aa7f-4bb9-b037-665561982b0e - - - - - -] OVN reports status down for port: 390c3968-4762-4619-b728-ce35789d0e0e
2026-06-02 13:33:19.178 10 INFO neutron.db.ovn_revision_numbers_db [None req-fa7a0459-aa7f-4bb9-b037-665561982b0e - - - - - -] Successfully bumped revision number for resource 390c3968-4762-4619-b728-ce35789d0e0e (type: ports) to 7
2026-06-02 13:33:19.238 10 INFO neutron.notifiers.nova [-] Nova event matching ['req-35c3e1e5-b795-4879-beac-a251055035e4'] response: {'server_uuid': '81124438-4012-4302-8ddd-3be407109709', 'name': 'network-vif-unplugged', 'status': 'completed', 'tag': '390c3968-4762-4619-b728-ce35789d0e0e', 'code': 200} /var/lib/openstack/lib/python3.10/site-packages/pycadf/identifier.py:71: UserWarning: Invalid uuid: neutron. To ensure interoperability, identifiers should be a valid uuid. warnings.warn(('Invalid uuid: %s. To ensure interoperability, '
2026-06-02 13:33:19.273 9 INFO neutron.db.ovn_revision_numbers_db [None req-33ccf797-2fde-48e5-9b99-fd25ef4788b1 - - - - - -] Successfully bumped revision number for resource 30844262-edbf-44bf-8d2a-94fdaffb73b8 (type: ports) to 6
2026-06-02 13:33:19.326 10 INFO neutron.wsgi [req-f9a3a908-2f8a-43b9-bcd6-f424261487cf req-0460e44a-d844-4b38-a685-7cd749ad9683 8596af14fa624fbe84c1c1079a39e02b 2532fc06c16c45308850faae1ec5dfbe - - 03d0fd4c68764324974e6546d0ac0307 03d0fd4c68764324974e6546d0ac0307] 199.204.45.222 "GET /v2.0/ports/390c3968-4762-4619-b728-ce35789d0e0e HTTP/1.1" status: 200 len: 1516 time: 0.4751344
2026-06-02 13:33:19.371 10 INFO neutron.wsgi [req-f9a3a908-2f8a-43b9-bcd6-f424261487cf req-40e6479c-db76-46eb-a663-3b88008ea152 0c30a91d923b4e87880f8dd9b0a1c882 8d6c285c4463467bafa338385d9d119f - - default default] 199.204.45.222 "GET /v2.0/ports/390c3968-4762-4619-b728-ce35789d0e0e?fields=binding%3Aprofile&fields=network_id HTTP/1.1" status: 200 len: 281 time: 0.0389197
2026-06-02 13:33:19.456 10 INFO neutron.wsgi [req-f9a3a908-2f8a-43b9-bcd6-f424261487cf req-dd03607c-798c-4656-b33f-f2e4fdef633c 0c30a91d923b4e87880f8dd9b0a1c882 8d6c285c4463467bafa338385d9d119f - - default default] 199.204.45.222 "GET /v2.0/networks/3db8e99d-b124-457b-b2ba-e1bbe908ea4d?fields=dns_domain HTTP/1.1" status: 200 len: 227 time: 0.0791302
2026-06-02 13:33:19.545 10 INFO neutron.wsgi [None req-bb0fa602-20e8-4d04-92d9-3852137ca02e 0c30a91d923b4e87880f8dd9b0a1c882 8d6c285c4463467bafa338385d9d119f - - default default] 199.204.45.222 "GET /v2.0/ports?device_id=81124438-4012-4302-8ddd-3be407109709 HTTP/1.1" status: 200 len: 2725 time: 0.0582495
