2026-06-02 13:30:25.550 10 INFO neutron.wsgi [req-747e7b2c-7b19-404c-ace8-009e674a379c req-ce7a7af6-f74f-4457-84d8-3fbbb887687e 8596af14fa624fbe84c1c1079a39e02b 2532fc06c16c45308850faae1ec5dfbe - - 03d0fd4c68764324974e6546d0ac0307 03d0fd4c68764324974e6546d0ac0307] 10.0.0.134 "GET /v2.0/security-groups?id=78d5d599-0f11-4021-9c60-914e0a9428d1&fields=id&fields=name HTTP/1.1" status: 200 len: 310 time: 0.0761802
2026-06-02 13:30:25.564 9 INFO neutron.db.ovn_revision_numbers_db [None req-b440efb9-84c2-4f35-b056-9b813c0aedd8 0c30a91d923b4e87880f8dd9b0a1c882 8d6c285c4463467bafa338385d9d119f - - default default] Successfully bumped revision number for resource 8315171e-d4ca-40c6-aa7c-a71ccb2b20b0 (type: security_groups) to 1
2026-06-02 13:30:25.579 10 INFO neutron.db.ovn_revision_numbers_db [None req-fa7a0459-aa7f-4bb9-b037-665561982b0e - - - - - -] Successfully bumped revision number for resource 601feeb8-b9aa-434e-94e4-93823ed2f21c (type: ports) to 4
2026-06-02 13:30:25.596 9 INFO neutron.db.ovn_revision_numbers_db [None req-b440efb9-84c2-4f35-b056-9b813c0aedd8 0c30a91d923b4e87880f8dd9b0a1c882 8d6c285c4463467bafa338385d9d119f - - default default] Successfully bumped revision number for resource 62dbbeb6-bbb5-4aec-b3ad-3b2e084135f2 (type: security_group_rules) to 0
2026-06-02 13:30:25.627 9 INFO neutron.db.ovn_revision_numbers_db [None req-b440efb9-84c2-4f35-b056-9b813c0aedd8 0c30a91d923b4e87880f8dd9b0a1c882 8d6c285c4463467bafa338385d9d119f - - default default] Successfully bumped revision number for resource a8dbf959-1289-4ce5-b3ae-e860ac59d041 (type: security_group_rules) to 0
2026-06-02 13:30:25.653 9 INFO neutron.wsgi [None req-4c01e614-6d98-498c-bb2e-036312e5a3c0 0c30a91d923b4e87880f8dd9b0a1c882 8d6c285c4463467bafa338385d9d119f - - default default] 10.0.0.245 "GET /v2.0/security-groups HTTP/1.1" status: 200 len: 33070 time: 0.1650283
2026-06-02 13:30:25.671 9 INFO neutron.db.ovn_revision_numbers_db [None req-b440efb9-84c2-4f35-b056-9b813c0aedd8 0c30a91d923b4e87880f8dd9b0a1c882 8d6c285c4463467bafa338385d9d119f - - default default] Successfully bumped revision number for resource d0d52ec3-6c29-4a04-b0e6-e0e0f8988da3 (type: security_group_rules) to 0
2026-06-02 13:30:25.732 9 INFO neutron.db.ovn_revision_numbers_db [None req-b440efb9-84c2-4f35-b056-9b813c0aedd8 0c30a91d923b4e87880f8dd9b0a1c882 8d6c285c4463467bafa338385d9d119f - - default default] Successfully bumped revision number for resource fbdade3b-f5c3-4b20-ba83-ab4e93852775 (type: security_group_rules) to 0
2026-06-02 13:30:25.782 9 INFO neutron.wsgi [None req-b440efb9-84c2-4f35-b056-9b813c0aedd8 0c30a91d923b4e87880f8dd9b0a1c882 8d6c285c4463467bafa338385d9d119f - - default default] 10.0.0.158 "GET /v2.0/security-groups?tenant_id=493fe4077a5f47d0b94c6bd74c44a44c&name=default HTTP/1.1" status: 200 len: 2996 time: 0.6498208
2026-06-02 13:30:25.821 9 INFO neutron.wsgi [None req-f88cef8f-a06b-442f-9d0d-00c341bc44ad 0c30a91d923b4e87880f8dd9b0a1c882 8d6c285c4463467bafa338385d9d119f - - default default] 10.0.0.245 "GET /v2.0/networks HTTP/1.1" status: 200 len: 5423 time: 0.1507065
2026-06-02 13:30:25.916 9 INFO neutron.wsgi [None req-a348dee0-f1d4-4082-82e7-43c98bb2f003 0c30a91d923b4e87880f8dd9b0a1c882 8d6c285c4463467bafa338385d9d119f - - default default] 10.0.0.245 "GET /v2.0/ports HTTP/1.1" status: 200 len: 16585 time: 0.0910771
2026-06-02 13:30:26.072 9 INFO neutron.wsgi [None req-df13d4c2-4ac7-41c4-8aca-c2112449b384 0c30a91d923b4e87880f8dd9b0a1c882 8d6c285c4463467bafa338385d9d119f - - default default] 10.0.0.245 "GET /v2.0/routers HTTP/1.1" status: 200 len: 850 time: 0.1386263
2026-06-02 13:30:26.112 9 INFO neutron.wsgi [None req-d3696799-f513-49d8-8d23-5e329ec0a24d 0c30a91d923b4e87880f8dd9b0a1c882 8d6c285c4463467bafa338385d9d119f - - default default] 10.0.0.245 "GET /v2.0/agents?binary=ovn-controller HTTP/1.1" status: 200 len: 591 time: 0.0373008
2026-06-02 13:30:26.134 9 INFO neutron.wsgi [None req-eebe42af-003e-4da3-883a-ea7f6c82fdbe 0c30a91d923b4e87880f8dd9b0a1c882 8d6c285c4463467bafa338385d9d119f - - default default] 10.0.0.245 "GET /v2.0/agents HTTP/1.1" status: 200 len: 997 time: 0.0188003
2026-06-02 13:30:26.167 9 INFO neutron.services.segments.plugin [-] Segment 4b74dd7a-be8e-4618-84bd-2304118523ad resource provider aggregate not found
2026-06-02 13:30:26.173 9 INFO neutron.services.segments.plugin [-] Segment 4b74dd7a-be8e-4618-84bd-2304118523ad resource provider aggregate not found
2026-06-02 13:30:26.197 9 INFO neutron.wsgi [None req-d69a8acc-dc38-40a3-b63c-ad09ab3b1f10 0c30a91d923b4e87880f8dd9b0a1c882 8d6c285c4463467bafa338385d9d119f - - default default] 10.0.0.245 "GET /v2.0/network-ip-availabilities HTTP/1.1" status: 200 len: 3627 time: 0.0590360
2026-06-02 13:30:26.204 9 INFO neutron.services.segments.plugin [-] Segment 4b74dd7a-be8e-4618-84bd-2304118523ad resource provider not found; error: Placement Client Error (4xx): {"errors": [{"status": 404, "title": "Not Found", "detail": "The resource could not be found.\n\n No resource provider with uuid 4b74dd7a-be8e-4618-84bd-2304118523ad found for delete ", "request_id": "req-82d7fed5-eed1-417c-8789-9f2bb56c7e53"}]}
2026-06-02 13:30:26.213 9 INFO neutron.services.segments.plugin [-] Segment 4b74dd7a-be8e-4618-84bd-2304118523ad resource provider not found; error: Placement Client Error (4xx): {"errors": [{"status": 404, "title": "Not Found", "detail": "The resource could not be found.\n\n No resource provider with uuid 4b74dd7a-be8e-4618-84bd-2304118523ad found for delete ", "request_id": "req-64289e73-d72b-4fbc-bd86-26515b40e368"}]}
2026-06-02 13:30:26.256 9 INFO neutron.wsgi [None req-c5112960-edeb-4506-9880-bad7d80c3f63 0c30a91d923b4e87880f8dd9b0a1c882 8d6c285c4463467bafa338385d9d119f - - default default] 10.0.0.245 "GET /v2.0/subnets HTTP/1.1" status: 200 len: 5495 time: 0.0551553
2026-06-02 13:30:26.274 9 INFO neutron.wsgi [None req-cc7d95e8-c725-4455-a75c-d916a2fdc854 0c30a91d923b4e87880f8dd9b0a1c882 8d6c285c4463467bafa338385d9d119f - - default default] 10.0.0.245 "GET /v2.0/subnetpools HTTP/1.1" status: 200 len: 193 time: 0.0157390
2026-06-02 13:30:26.283 9 INFO neutron.wsgi [None req-93dcf478-cce6-445d-93a5-7d65fcbe1ad6 1a5f2d1f251f4f16beb3dfa098b47210 24e601d9abef4d3fbb83ce6802f1199c - - default default] 10.0.0.158 "DELETE /v2.0/networks/6aa39821-e06a-44ed-aa08-9a6f1a7d6b69 HTTP/1.1" status: 204 len: 168 time: 0.8589621 /var/lib/openstack/lib/python3.10/site-packages/pycadf/identifier.py:71: UserWarning: Invalid uuid: neutron. To ensure interoperability, identifiers should be a valid uuid. warnings.warn(('Invalid uuid: %s. To ensure interoperability, '
2026-06-02 13:30:26.300 10 WARNING neutron_lib.context [None req-95642b43-0378-4886-9eef-27ef55e152b2 1a5f2d1f251f4f16beb3dfa098b47210 24e601d9abef4d3fbb83ce6802f1199c - - default default] Method 'is_advsvc' is deprecated since 2023.2 release (neutron-lib 3.8.0) and will be removed once support for the old RBAC API policies will be removed from Neutron. Please use method 'is_service_role' instead.
2026-06-02 13:30:26.333 9 INFO neutron.wsgi [None req-d586c5e8-92d6-4a9c-98d0-5b859e1c6383 0c30a91d923b4e87880f8dd9b0a1c882 8d6c285c4463467bafa338385d9d119f - - default default] 10.0.0.245 "GET /v2.0/floatingips HTTP/1.1" status: 200 len: 1034 time: 0.0562105
2026-06-02 13:30:26.376 9 INFO neutron.wsgi [None req-e0900fef-f9c7-42d6-ada9-d10118ef69f9 0c30a91d923b4e87880f8dd9b0a1c882 8d6c285c4463467bafa338385d9d119f - - default default] 10.0.0.158 "DELETE /v2.0/security-groups/8315171e-d4ca-40c6-aa7c-a71ccb2b20b0 HTTP/1.1" status: 204 len: 168 time: 0.5876644
2026-06-02 13:30:26.397 9 INFO neutron.wsgi [None req-ad815451-306c-4224-b92e-721adc1281c1 0c30a91d923b4e87880f8dd9b0a1c882 8d6c285c4463467bafa338385d9d119f - - default default] 10.0.0.245 "GET /v2.0/subnets HTTP/1.1" status: 200 len: 5495 time: 0.0625348
2026-06-02 13:30:26.409 10 INFO neutron.db.segments_db [None req-95642b43-0378-4886-9eef-27ef55e152b2 1a5f2d1f251f4f16beb3dfa098b47210 24e601d9abef4d3fbb83ce6802f1199c - - default default] Added segment 35cfcc79-e118-49df-8dec-6e790c182422 of type geneve for network 33368017-cbe9-4eaa-80fe-c960749b938d
2026-06-02 13:30:26.599 10 INFO neutron.db.ovn_revision_numbers_db [None req-95642b43-0378-4886-9eef-27ef55e152b2 1a5f2d1f251f4f16beb3dfa098b47210 24e601d9abef4d3fbb83ce6802f1199c - - default default] Successfully bumped revision number for resource 33368017-cbe9-4eaa-80fe-c960749b938d (type: networks) to 1
2026-06-02 13:30:26.811 10 INFO neutron.db.ovn_revision_numbers_db [None req-3f24aea6-97f9-4d62-b638-45c43509b9a6 0c30a91d923b4e87880f8dd9b0a1c882 8d6c285c4463467bafa338385d9d119f - - default default] Successfully bumped revision number for resource c1c18246-a87e-4cc9-80cd-88c6d685abdd (type: security_groups) to 1
2026-06-02 13:30:26.819 10 WARNING neutron.scheduler.dhcp_agent_scheduler [None req-95642b43-0378-4886-9eef-27ef55e152b2 1a5f2d1f251f4f16beb3dfa098b47210 24e601d9abef4d3fbb83ce6802f1199c - - default default] No more DHCP agents
2026-06-02 13:30:26.823 10 WARNING neutron.api.rpc.agentnotifiers.dhcp_rpc_agent_api [None req-95642b43-0378-4886-9eef-27ef55e152b2 1a5f2d1f251f4f16beb3dfa098b47210 24e601d9abef4d3fbb83ce6802f1199c - - default default] Unable to schedule network 33368017-cbe9-4eaa-80fe-c960749b938d: no agents available; will retry on subsequent port and subnet creation events.
2026-06-02 13:30:26.839 10 INFO neutron.db.ovn_revision_numbers_db [None req-3f24aea6-97f9-4d62-b638-45c43509b9a6 0c30a91d923b4e87880f8dd9b0a1c882 8d6c285c4463467bafa338385d9d119f - - default default] Successfully bumped revision number for resource 1ee540bd-11dd-4cf0-8f1c-20ef5c4b26fc (type: security_group_rules) to 0
2026-06-02 13:30:26.863 10 INFO neutron.db.ovn_revision_numbers_db [None req-3f24aea6-97f9-4d62-b638-45c43509b9a6 0c30a91d923b4e87880f8dd9b0a1c882 8d6c285c4463467bafa338385d9d119f - - default default] Successfully bumped revision number for resource 71d9e68a-0ad6-480d-9bc4-dfc221a5962b (type: security_group_rules) to 0
2026-06-02 13:30:26.900 10 INFO neutron.db.ovn_revision_numbers_db [None req-3f24aea6-97f9-4d62-b638-45c43509b9a6 0c30a91d923b4e87880f8dd9b0a1c882 8d6c285c4463467bafa338385d9d119f - - default default] Successfully bumped revision number for resource b1bf32cb-7036-46e8-88f6-a382d77e6aa5 (type: security_group_rules) to 0
2026-06-02 13:30:26.906 10 INFO neutron.db.ovn_revision_numbers_db [None req-95642b43-0378-4886-9eef-27ef55e152b2 1a5f2d1f251f4f16beb3dfa098b47210 24e601d9abef4d3fbb83ce6802f1199c - - default default] Successfully bumped revision number for resource 7053c9bd-5b3a-4351-8fbb-843a0f331c17 (type: ports) to 1
2026-06-02 13:30:26.924 10 INFO neutron.db.ovn_revision_numbers_db [None req-3f24aea6-97f9-4d62-b638-45c43509b9a6 0c30a91d923b4e87880f8dd9b0a1c882 8d6c285c4463467bafa338385d9d119f - - default default] Successfully bumped revision number for resource b480edf7-7200-4b4e-ad8d-087d2e062eb2 (type: security_group_rules) to 0
2026-06-02 13:30:26.937 10 INFO neutron.wsgi [None req-95642b43-0378-4886-9eef-27ef55e152b2 1a5f2d1f251f4f16beb3dfa098b47210 24e601d9abef4d3fbb83ce6802f1199c - - default default] 10.0.0.158 "POST /v2.0/networks HTTP/1.1" status: 201 len: 829 time: 0.6447818
2026-06-02 13:30:26.945 10 INFO neutron.wsgi [None req-3f24aea6-97f9-4d62-b638-45c43509b9a6 0c30a91d923b4e87880f8dd9b0a1c882 8d6c285c4463467bafa338385d9d119f - - default default] 10.0.0.158 "GET /v2.0/security-groups?tenant_id=5c3abd2a445f442c9429f79354134a67&name=default HTTP/1.1" status: 200 len: 2996 time: 0.3636966
2026-06-02 13:30:26.953 9 WARNING neutron_lib.context [None req-9271133c-88fb-48f0-ae8c-2aa3d47f915a 1a5f2d1f251f4f16beb3dfa098b47210 24e601d9abef4d3fbb83ce6802f1199c - - default default] Method 'is_advsvc' is deprecated since 2023.2 release (neutron-lib 3.8.0) and will be removed once support for the old RBAC API policies will be removed from Neutron. Please use method 'is_service_role' instead.
2026-06-02 13:30:27.136 10 INFO neutron.wsgi [None req-a3f30148-5035-4b0a-9add-f36650f6ae92 0c30a91d923b4e87880f8dd9b0a1c882 8d6c285c4463467bafa338385d9d119f - - default default] 10.0.0.158 "DELETE /v2.0/security-groups/c1c18246-a87e-4cc9-80cd-88c6d685abdd HTTP/1.1" status: 204 len: 168 time: 0.1849456
2026-06-02 13:30:27.233 10 INFO neutron.wsgi [-] 10.0.0.23 "GET / HTTP/1.1" status: 200 len: 247 time: 0.0042512
2026-06-02 13:30:27.235 10 INFO neutron.wsgi [-] 10.0.0.23 "GET / HTTP/1.1" status: 200 len: 247 time: 0.0014703
2026-06-02 13:30:27.286 10 INFO neutron.notifiers.nova [-] Nova event matching ['req-39b23cdb-8169-443b-9126-5932c1b43c41'] response: {'server_uuid': 'eec10adf-d3d0-455d-b214-657bbc868b0c', 'name': 'network-vif-plugged', 'status': 'completed', 'tag': '601feeb8-b9aa-434e-94e4-93823ed2f21c', 'code': 200}
2026-06-02 13:30:27.551 9 WARNING neutron.plugins.ml2.drivers.ovn.mech_driver.ovsdb.ovn_client [None req-a75d0197-3311-46b9-a8ae-5e5b60bac344 - - - - - -] No port found with ID 1726f870-4ba5-4f0e-a008-e1e583969595: RuntimeError: No port found with ID 1726f870-4ba5-4f0e-a008-e1e583969595
2026-06-02 13:30:27.610 9 WARNING neutron.scheduler.dhcp_agent_scheduler [None req-9271133c-88fb-48f0-ae8c-2aa3d47f915a 1a5f2d1f251f4f16beb3dfa098b47210 24e601d9abef4d3fbb83ce6802f1199c - - default default] No more DHCP agents
2026-06-02 13:30:27.612 9 WARNING neutron.api.rpc.agentnotifiers.dhcp_rpc_agent_api [None req-9271133c-88fb-48f0-ae8c-2aa3d47f915a 1a5f2d1f251f4f16beb3dfa098b47210 24e601d9abef4d3fbb83ce6802f1199c - - default default] Unable to schedule network 33368017-cbe9-4eaa-80fe-c960749b938d: no agents available; will retry on subsequent port and subnet creation events.
2026-06-02 13:30:28.068 9 INFO neutron.db.ovn_revision_numbers_db [None req-9271133c-88fb-48f0-ae8c-2aa3d47f915a 1a5f2d1f251f4f16beb3dfa098b47210 24e601d9abef4d3fbb83ce6802f1199c - - default default] Successfully bumped revision number for resource 7053c9bd-5b3a-4351-8fbb-843a0f331c17 (type: ports) to 2
2026-06-02 13:30:28.107 9 INFO neutron.db.ovn_revision_numbers_db [None req-9271133c-88fb-48f0-ae8c-2aa3d47f915a 1a5f2d1f251f4f16beb3dfa098b47210 24e601d9abef4d3fbb83ce6802f1199c - - default default] Successfully bumped revision number for resource 228c630a-7185-4bdd-87cf-448463021e68 (type: subnets) to 0
2026-06-02 13:30:28.123 9 INFO neutron.wsgi [None req-9271133c-88fb-48f0-ae8c-2aa3d47f915a 1a5f2d1f251f4f16beb3dfa098b47210 24e601d9abef4d3fbb83ce6802f1199c - - default default] 10.0.0.158 "POST /v2.0/subnets HTTP/1.1" status: 201 len: 801 time: 1.1787150
2026-06-02 13:30:28.135 9 WARNING neutron_lib.context [None req-9fe20404-34e4-4113-bf3d-c711beea5352 1a5f2d1f251f4f16beb3dfa098b47210 24e601d9abef4d3fbb83ce6802f1199c - - default default] Method 'is_advsvc' is deprecated since 2023.2 release (neutron-lib 3.8.0) and will be removed once support for the old RBAC API policies will be removed from Neutron. Please use method 'is_service_role' instead.
2026-06-02 13:30:28.318 9 INFO neutron.db.ovn_revision_numbers_db [None req-9fe20404-34e4-4113-bf3d-c711beea5352 1a5f2d1f251f4f16beb3dfa098b47210 24e601d9abef4d3fbb83ce6802f1199c - - default default] Successfully bumped revision number for resource 43191b88-2118-4f95-a6f4-f555201d9351 (type: routers) to 1
2026-06-02 13:30:28.331 9 INFO neutron.wsgi [None req-9fe20404-34e4-4113-bf3d-c711beea5352 1a5f2d1f251f4f16beb3dfa098b47210 24e601d9abef4d3fbb83ce6802f1199c - - default default] 10.0.0.158 "POST /v2.0/routers HTTP/1.1" status: 201 len: 686 time: 0.2013891
2026-06-02 13:30:28.348 9 WARNING neutron_lib.context [None req-685f8a99-c4d6-4268-860d-7302e994a88d 1a5f2d1f251f4f16beb3dfa098b47210 24e601d9abef4d3fbb83ce6802f1199c - - default default] Method 'is_advsvc' is deprecated since 2023.2 release (neutron-lib 3.8.0) and will be removed once support for the old RBAC API policies will be removed from Neutron. Please use method 'is_service_role' instead.
2026-06-02 13:30:28.556 9 INFO neutron.db.ovn_revision_numbers_db [None req-4c35d492-7994-4d02-b02e-f1d0763f913e 0c30a91d923b4e87880f8dd9b0a1c882 8d6c285c4463467bafa338385d9d119f - - default default] Successfully bumped revision number for resource 8bbd72de-06c4-4efb-b93b-f8ef2988e3f0 (type: security_groups) to 1
2026-06-02 13:30:28.584 9 INFO neutron.db.ovn_revision_numbers_db [None req-4c35d492-7994-4d02-b02e-f1d0763f913e 0c30a91d923b4e87880f8dd9b0a1c882 8d6c285c4463467bafa338385d9d119f - - default default] Successfully bumped revision number for resource 249486e8-65f1-4a3e-b5b0-81cf4442e680 (type: security_group_rules) to 0
2026-06-02 13:30:28.601 9 INFO neutron.db.ovn_revision_numbers_db [None req-4c35d492-7994-4d02-b02e-f1d0763f913e 0c30a91d923b4e87880f8dd9b0a1c882 8d6c285c4463467bafa338385d9d119f - - default default] Successfully bumped revision number for resource 92eac599-c61c-4249-b5ab-5b74926e279d (type: security_group_rules) to 0
2026-06-02 13:30:28.637 9 INFO neutron.db.ovn_revision_numbers_db [None req-4c35d492-7994-4d02-b02e-f1d0763f913e 0c30a91d923b4e87880f8dd9b0a1c882 8d6c285c4463467bafa338385d9d119f - - default default] Successfully bumped revision number for resource 96209730-01d7-40b6-a823-6d219c9c744c (type: security_group_rules) to 0
2026-06-02 13:30:28.671 9 INFO neutron.db.ovn_revision_numbers_db [None req-4c35d492-7994-4d02-b02e-f1d0763f913e 0c30a91d923b4e87880f8dd9b0a1c882 8d6c285c4463467bafa338385d9d119f - - default default] Successfully bumped revision number for resource bf6d557d-7c00-4fd9-936b-f646896f61df (type: security_group_rules) to 0
2026-06-02 13:30:28.710 9 INFO neutron.wsgi [None req-4c35d492-7994-4d02-b02e-f1d0763f913e 0c30a91d923b4e87880f8dd9b0a1c882 8d6c285c4463467bafa338385d9d119f - - default default] 10.0.0.158 "GET /v2.0/security-groups?tenant_id=daa7ce12ad2c4e3e813899bff3447692&name=default HTTP/1.1" status: 200 len: 2996 time: 0.5394840
2026-06-02 13:30:28.775 9 WARNING neutron.scheduler.dhcp_agent_scheduler [None req-685f8a99-c4d6-4268-860d-7302e994a88d 1a5f2d1f251f4f16beb3dfa098b47210 24e601d9abef4d3fbb83ce6802f1199c - - default default] No more DHCP agents
2026-06-02 13:30:28.779 9 WARNING neutron.api.rpc.agentnotifiers.dhcp_rpc_agent_api [None req-685f8a99-c4d6-4268-860d-7302e994a88d 1a5f2d1f251f4f16beb3dfa098b47210 24e601d9abef4d3fbb83ce6802f1199c - - default default] Unable to schedule network 33368017-cbe9-4eaa-80fe-c960749b938d: no agents available; will retry on subsequent port and subnet creation events.
2026-06-02 13:30:28.946 10 INFO neutron.wsgi [None req-d8904348-98b6-4aa2-9ecc-deffce046150 0c30a91d923b4e87880f8dd9b0a1c882 8d6c285c4463467bafa338385d9d119f - - default default] 10.0.0.158 "DELETE /v2.0/security-groups/8bbd72de-06c4-4efb-b93b-f8ef2988e3f0 HTTP/1.1" status: 204 len: 168 time: 0.2237763
2026-06-02 13:30:29.018 9 INFO neutron.db.ovn_revision_numbers_db [None req-685f8a99-c4d6-4268-860d-7302e994a88d 1a5f2d1f251f4f16beb3dfa098b47210 24e601d9abef4d3fbb83ce6802f1199c - - default default] Successfully bumped revision number for resource fc422aa5-60f2-4bd2-8e1c-9b6385cc26a0 (type: ports) to 1
2026-06-02 13:30:29.050 9 INFO neutron.wsgi [None req-685f8a99-c4d6-4268-860d-7302e994a88d 1a5f2d1f251f4f16beb3dfa098b47210 24e601d9abef4d3fbb83ce6802f1199c - - default default] 10.0.0.158 "POST /v2.0/ports HTTP/1.1" status: 201 len: 1150 time: 0.7098253 /var/lib/openstack/lib/python3.10/site-packages/pycadf/identifier.py:71: UserWarning: Invalid uuid: neutron. To ensure interoperability, identifiers should be a valid uuid. warnings.warn(('Invalid uuid: %s. To ensure interoperability, '
2026-06-02 13:30:29.485 9 INFO neutron.wsgi [req-ffabab4e-45f2-4bab-b81d-423452e4605b req-dfa2ebf3-7b2a-45ba-aebb-954378a8e02c cf97476b4f9247d985f50fad056700a8 0fc492128c8c4bba9c9e6410e25bb331 - - default default] 10.0.0.94 "GET /v2.0/ports?device_id=eec10adf-d3d0-455d-b214-657bbc868b0c HTTP/1.1" status: 200 len: 1404 time: 0.1762917
2026-06-02 13:30:29.564 9 INFO neutron.plugins.ml2.drivers.ovn.mech_driver.mech_driver [None req-a75d0197-3311-46b9-a8ae-5e5b60bac344 - - - - - -] OVN reports status up for port: fc422aa5-60f2-4bd2-8e1c-9b6385cc26a0
2026-06-02 13:30:29.582 9 INFO neutron.wsgi [req-ffabab4e-45f2-4bab-b81d-423452e4605b req-5a39aab8-d177-4633-b3c6-2313c02f60fc cf97476b4f9247d985f50fad056700a8 0fc492128c8c4bba9c9e6410e25bb331 - - default default] 10.0.0.94 "GET /v2.0/security-groups?id=78d5d599-0f11-4021-9c60-914e0a9428d1&fields=id&fields=name HTTP/1.1" status: 200 len: 310 time: 0.0870385
2026-06-02 13:30:29.589 9 INFO neutron.plugins.ml2.plugin [None req-a75d0197-3311-46b9-a8ae-5e5b60bac344 - - - - - -] Attempt 1 to provision port fc422aa5-60f2-4bd2-8e1c-9b6385cc26a0
2026-06-02 13:30:29.606 9 INFO neutron.db.ovn_revision_numbers_db [None req-060a503a-7ffb-4e08-b8b2-a2ef9335db90 1a5f2d1f251f4f16beb3dfa098b47210 24e601d9abef4d3fbb83ce6802f1199c - - default default] Successfully bumped revision number for resource fc422aa5-60f2-4bd2-8e1c-9b6385cc26a0 (type: router_ports) to 2
2026-06-02 13:30:29.791 10 INFO neutron.wsgi [None req-0fb5994d-67b5-474a-8669-6cc456852cf0 cf97476b4f9247d985f50fad056700a8 0fc492128c8c4bba9c9e6410e25bb331 - - default default] 10.0.0.158 "GET /v2.0/ports?network_id=56d08a60-f445-4a32-b449-1c171f183f68&mac_address=fa%3A16%3A3e%3A2e%3Afb%3Ae8 HTTP/1.1" status: 200 len: 1399 time: 0.1697838
2026-06-02 13:30:29.805 10 WARNING neutron_lib.context [None req-a565510e-b6bf-44ca-8ace-3bbc61939ab9 cf97476b4f9247d985f50fad056700a8 0fc492128c8c4bba9c9e6410e25bb331 - - default default] Method 'is_advsvc' is deprecated since 2023.2 release (neutron-lib 3.8.0) and will be removed once support for the old RBAC API policies will be removed from Neutron. Please use method 'is_service_role' instead.
2026-06-02 13:30:29.926 9 INFO neutron.db.ovn_revision_numbers_db [None req-060a503a-7ffb-4e08-b8b2-a2ef9335db90 1a5f2d1f251f4f16beb3dfa098b47210 24e601d9abef4d3fbb83ce6802f1199c - - default default] Successfully bumped revision number for resource fc422aa5-60f2-4bd2-8e1c-9b6385cc26a0 (type: ports) to 2
2026-06-02 13:30:30.046 9 INFO neutron.db.ovn_revision_numbers_db [None req-a75d0197-3311-46b9-a8ae-5e5b60bac344 - - - - - -] Successfully bumped revision number for resource fc422aa5-60f2-4bd2-8e1c-9b6385cc26a0 (type: ports) to 3
2026-06-02 13:30:30.117 10 WARNING neutron.scheduler.dhcp_agent_scheduler [None req-a565510e-b6bf-44ca-8ace-3bbc61939ab9 cf97476b4f9247d985f50fad056700a8 0fc492128c8c4bba9c9e6410e25bb331 - - default default] No more DHCP agents
2026-06-02 13:30:30.119 10 WARNING neutron.api.rpc.agentnotifiers.dhcp_rpc_agent_api [None req-a565510e-b6bf-44ca-8ace-3bbc61939ab9 cf97476b4f9247d985f50fad056700a8 0fc492128c8c4bba9c9e6410e25bb331 - - default default] Unable to schedule network d3336c6d-238f-48fb-bd6f-42aff5bd8ae5: no agents available; will retry on subsequent port and subnet creation events.
2026-06-02 13:30:30.154 9 INFO neutron.db.ovn_revision_numbers_db [None req-a75d0197-3311-46b9-a8ae-5e5b60bac344 - - - - - -] Successfully bumped revision number for resource fc422aa5-60f2-4bd2-8e1c-9b6385cc26a0 (type: router_ports) to 3
2026-06-02 13:30:30.621 9 INFO neutron.db.ovn_revision_numbers_db [None req-060a503a-7ffb-4e08-b8b2-a2ef9335db90 1a5f2d1f251f4f16beb3dfa098b47210 24e601d9abef4d3fbb83ce6802f1199c - - default default] Successfully bumped revision number for resource fc422aa5-60f2-4bd2-8e1c-9b6385cc26a0 (type: ports) to 3
2026-06-02 13:30:30.637 10 INFO neutron.db.l3_db [None req-a565510e-b6bf-44ca-8ace-3bbc61939ab9 cf97476b4f9247d985f50fad056700a8 0fc492128c8c4bba9c9e6410e25bb331 - - default default] Floating IP 9244a9e6-0666-4780-af41-f20f9e54a248 associated. External IP: 10.96.250.220, port: 601feeb8-b9aa-434e-94e4-93823ed2f21c.
2026-06-02 13:30:30.688 9 WARNING neutron.scheduler.dhcp_agent_scheduler [None req-060a503a-7ffb-4e08-b8b2-a2ef9335db90 1a5f2d1f251f4f16beb3dfa098b47210 24e601d9abef4d3fbb83ce6802f1199c - - default default] No more DHCP agents
2026-06-02 13:30:30.689 9 WARNING neutron.api.rpc.agentnotifiers.dhcp_rpc_agent_api [None req-060a503a-7ffb-4e08-b8b2-a2ef9335db90 1a5f2d1f251f4f16beb3dfa098b47210 24e601d9abef4d3fbb83ce6802f1199c - - default default] Unable to schedule network 33368017-cbe9-4eaa-80fe-c960749b938d: no agents available; will retry on subsequent port and subnet creation events.
2026-06-02 13:30:30.843 10 INFO neutron.db.ovn_revision_numbers_db [None req-a565510e-b6bf-44ca-8ace-3bbc61939ab9 cf97476b4f9247d985f50fad056700a8 0fc492128c8c4bba9c9e6410e25bb331 - - default default] Successfully bumped revision number for resource 9244a9e6-0666-4780-af41-f20f9e54a248 (type: floatingips) to 0
2026-06-02 13:30:30.848 9 INFO neutron.db.ovn_revision_numbers_db [None req-060a503a-7ffb-4e08-b8b2-a2ef9335db90 1a5f2d1f251f4f16beb3dfa098b47210 24e601d9abef4d3fbb83ce6802f1199c - - default default] Successfully bumped revision number for resource fc422aa5-60f2-4bd2-8e1c-9b6385cc26a0 (type: router_ports) to 3
2026-06-02 13:30:30.852 9 INFO neutron.wsgi [None req-060a503a-7ffb-4e08-b8b2-a2ef9335db90 1a5f2d1f251f4f16beb3dfa098b47210 24e601d9abef4d3fbb83ce6802f1199c - - default default] 10.0.0.158 "PUT /v2.0/routers/43191b88-2118-4f95-a6f4-f555201d9351/add_router_interface HTTP/1.1" status: 200 len: 503 time: 1.7952716 /var/lib/openstack/lib/python3.10/site-packages/pycadf/identifier.py:71: UserWarning: Invalid uuid: neutron. To ensure interoperability, identifiers should be a valid uuid. warnings.warn(('Invalid uuid: %s. To ensure interoperability, '
2026-06-02 13:30:30.910 9 INFO neutron.wsgi [None req-e5a764ea-c0c3-41d1-8fa6-38384659bb60 1a5f2d1f251f4f16beb3dfa098b47210 24e601d9abef4d3fbb83ce6802f1199c - - default default] 10.0.0.158 "GET /v2.0/ports/fc422aa5-60f2-4bd2-8e1c-9b6385cc26a0 HTTP/1.1" status: 200 len: 1208 time: 0.0528512
2026-06-02 13:30:30.960 10 INFO neutron.db.ovn_revision_numbers_db [None req-a565510e-b6bf-44ca-8ace-3bbc61939ab9 cf97476b4f9247d985f50fad056700a8 0fc492128c8c4bba9c9e6410e25bb331 - - default default] Successfully bumped revision number for resource 9244a9e6-0666-4780-af41-f20f9e54a248 (type: floatingips) to 1
2026-06-02 13:30:31.005 10 INFO neutron.wsgi [None req-a565510e-b6bf-44ca-8ace-3bbc61939ab9 cf97476b4f9247d985f50fad056700a8 0fc492128c8c4bba9c9e6410e25bb331 - - default default] 10.0.0.158 "POST /v2.0/floatingips HTTP/1.1" status: 201 len: 1054 time: 1.2087357
2026-06-02 13:30:31.047 10 INFO neutron.notifiers.nova [-] Nova event matching ['req-7d79c8dc-9b5b-480b-b5ca-5ae71167c838'] response: {'name': 'network-changed', 'server_uuid': 'eec10adf-d3d0-455d-b214-657bbc868b0c', 'tag': '601feeb8-b9aa-434e-94e4-93823ed2f21c', 'status': 'completed', 'code': 200} /var/lib/openstack/lib/python3.10/site-packages/pycadf/identifier.py:71: UserWarning: Invalid uuid: neutron. To ensure interoperability, identifiers should be a valid uuid. warnings.warn(('Invalid uuid: %s. To ensure interoperability, '
2026-06-02 13:30:31.443 9 INFO neutron.wsgi [req-f20506ed-b606-40cb-a7b8-7a81ee1488b7 req-8f2e9b21-b782-4385-ad69-637ab7bdc207 8596af14fa624fbe84c1c1079a39e02b 2532fc06c16c45308850faae1ec5dfbe - - 03d0fd4c68764324974e6546d0ac0307 03d0fd4c68764324974e6546d0ac0307] 199.204.45.222 "GET /v2.0/ports?tenant_id=0fc492128c8c4bba9c9e6410e25bb331&device_id=eec10adf-d3d0-455d-b214-657bbc868b0c HTTP/1.1" status: 200 len: 1642 time: 0.3643851 /var/lib/openstack/lib/python3.10/site-packages/pycadf/identifier.py:71: UserWarning: Invalid uuid: neutron. To ensure interoperability, identifiers should be a valid uuid. warnings.warn(('Invalid uuid: %s. To ensure interoperability, '
2026-06-02 13:30:31.539 9 INFO neutron.wsgi [req-f20506ed-b606-40cb-a7b8-7a81ee1488b7 req-89d95bfa-02cd-4ca5-9992-6fd3a1e6ce9f 8596af14fa624fbe84c1c1079a39e02b 2532fc06c16c45308850faae1ec5dfbe - - 03d0fd4c68764324974e6546d0ac0307 03d0fd4c68764324974e6546d0ac0307] 199.204.45.222 "GET /v2.0/networks?id=56d08a60-f445-4a32-b449-1c171f183f68 HTTP/1.1" status: 200 len: 1002 time: 0.0885451
2026-06-02 13:30:31.606 9 INFO neutron.wsgi [req-f20506ed-b606-40cb-a7b8-7a81ee1488b7 req-c85bd27d-6f34-4ae6-8f7e-702744a8aef4 8596af14fa624fbe84c1c1079a39e02b 2532fc06c16c45308850faae1ec5dfbe - - 03d0fd4c68764324974e6546d0ac0307 03d0fd4c68764324974e6546d0ac0307] 199.204.45.222 "GET /v2.0/floatingips?fixed_ip_address=10.2.2.109&port_id=601feeb8-b9aa-434e-94e4-93823ed2f21c HTTP/1.1" status: 200 len: 1059 time: 0.0584028
2026-06-02 13:30:31.637 9 INFO neutron.wsgi [req-f20506ed-b606-40cb-a7b8-7a81ee1488b7 req-333196da-da07-4af4-b256-5e988605d879 8596af14fa624fbe84c1c1079a39e02b 2532fc06c16c45308850faae1ec5dfbe - - 03d0fd4c68764324974e6546d0ac0307 03d0fd4c68764324974e6546d0ac0307] 199.204.45.222 "GET /v2.0/floatingips?fixed_ip_address=fd77%3A1457%3A4cf0%3A26a8%3A%3A3af&port_id=601feeb8-b9aa-434e-94e4-93823ed2f21c HTTP/1.1" status: 200 len: 217 time: 0.0250843
2026-06-02 13:30:31.701 9 INFO neutron.wsgi [req-f20506ed-b606-40cb-a7b8-7a81ee1488b7 req-6b1158ec-1963-4a13-a482-f303dfde2f21 8596af14fa624fbe84c1c1079a39e02b 2532fc06c16c45308850faae1ec5dfbe - - 03d0fd4c68764324974e6546d0ac0307 03d0fd4c68764324974e6546d0ac0307] 199.204.45.222 "GET /v2.0/subnets?id=d1804eb5-f6f1-4449-8b90-e868c80a3b45&id=7443c403-81e1-40c3-8171-3ca122a9fba7 HTTP/1.1" status: 200 len: 1565 time: 0.0600166
2026-06-02 13:30:31.727 9 INFO neutron.wsgi [req-f20506ed-b606-40cb-a7b8-7a81ee1488b7 req-94b95b96-b16c-4e2d-b4d6-51aaa4ed5ab3 8596af14fa624fbe84c1c1079a39e02b 2532fc06c16c45308850faae1ec5dfbe - - 03d0fd4c68764324974e6546d0ac0307 03d0fd4c68764324974e6546d0ac0307] 199.204.45.222 "GET /v2.0/ports?network_id=56d08a60-f445-4a32-b449-1c171f183f68&device_owner=network%3Adhcp HTTP/1.1" status: 200 len: 210 time: 0.0202403
2026-06-02 13:30:31.767 9 INFO neutron.wsgi [req-f20506ed-b606-40cb-a7b8-7a81ee1488b7 req-b4127948-a61b-4511-833b-5bfec5ea69a3 8596af14fa624fbe84c1c1079a39e02b 2532fc06c16c45308850faae1ec5dfbe - - 03d0fd4c68764324974e6546d0ac0307 03d0fd4c68764324974e6546d0ac0307] 199.204.45.222 "GET /v2.0/ports?network_id=56d08a60-f445-4a32-b449-1c171f183f68&device_owner=network%3Adhcp HTTP/1.1" status: 200 len: 210 time: 0.0333946
2026-06-02 13:30:31.858 9 INFO neutron.wsgi [req-f20506ed-b606-40cb-a7b8-7a81ee1488b7 req-f4dfecc8-5628-4308-bedb-80258f90bd6e 8596af14fa624fbe84c1c1079a39e02b 2532fc06c16c45308850faae1ec5dfbe - - 03d0fd4c68764324974e6546d0ac0307 03d0fd4c68764324974e6546d0ac0307] 199.204.45.222 "GET /v2.0/networks/56d08a60-f445-4a32-b449-1c171f183f68?fields=segments HTTP/1.1" status: 200 len: 212 time: 0.0853403
2026-06-02 13:30:31.932 9 INFO neutron.wsgi [req-f20506ed-b606-40cb-a7b8-7a81ee1488b7 req-43e87446-c6dd-48b2-b5d2-0f7dd1d1473f 8596af14fa624fbe84c1c1079a39e02b 2532fc06c16c45308850faae1ec5dfbe - - 03d0fd4c68764324974e6546d0ac0307 03d0fd4c68764324974e6546d0ac0307] 199.204.45.222 "GET /v2.0/networks/56d08a60-f445-4a32-b449-1c171f183f68?fields=provider%3Aphysical_network&fields=provider%3Anetwork_type HTTP/1.1" status: 200 len: 277 time: 0.0687711
2026-06-02 13:30:32.125 9 INFO neutron.wsgi [None req-552f2114-c71b-481c-ac42-08d2f65db6cd 1a5f2d1f251f4f16beb3dfa098b47210 24e601d9abef4d3fbb83ce6802f1199c - - default default] 10.0.0.158 "PUT /v2.0/routers/43191b88-2118-4f95-a6f4-f555201d9351/remove_router_interface HTTP/1.1" status: 200 len: 503 time: 1.2090216 /var/lib/openstack/lib/python3.10/site-packages/pycadf/identifier.py:71: UserWarning: Invalid uuid: neutron. To ensure interoperability, identifiers should be a valid uuid. warnings.warn(('Invalid uuid: %s. To ensure interoperability, '
2026-06-02 13:30:32.218 9 INFO neutron.api.v2.resource [None req-4989954d-9285-408a-9945-b56bba8a8b23 1a5f2d1f251f4f16beb3dfa098b47210 24e601d9abef4d3fbb83ce6802f1199c - - default default] remove_router_interface failed (client error): The resource could not be found.
2026-06-02 13:30:32.220 9 INFO neutron.wsgi [None req-4989954d-9285-408a-9945-b56bba8a8b23 1a5f2d1f251f4f16beb3dfa098b47210 24e601d9abef4d3fbb83ce6802f1199c - - default default] 10.0.0.158 "PUT /v2.0/routers/43191b88-2118-4f95-a6f4-f555201d9351/remove_router_interface HTTP/1.1" status: 404 len: 398 time: 0.0883794
2026-06-02 13:30:32.251 9 INFO neutron.wsgi [None req-8658dd4a-2a09-47dd-918e-cc59623450ef 1a5f2d1f251f4f16beb3dfa098b47210 24e601d9abef4d3fbb83ce6802f1199c - - default default] 10.0.0.158 "GET /v2.0/ports?device_id=43191b88-2118-4f95-a6f4-f555201d9351 HTTP/1.1" status: 200 len: 205 time: 0.0242398
2026-06-02 13:30:33.075 10 INFO neutron.wsgi [None req-5856b573-cdf1-40d9-bb5c-540c7b690584 1a5f2d1f251f4f16beb3dfa098b47210 24e601d9abef4d3fbb83ce6802f1199c - - default default] 10.0.0.158 "DELETE /v2.0/routers/43191b88-2118-4f95-a6f4-f555201d9351 HTTP/1.1" status: 204 len: 168 time: 0.8175495
2026-06-02 13:30:33.348 9 INFO neutron.wsgi [None req-e6926a19-1d6e-49e0-a7dd-543475b64db5 1a5f2d1f251f4f16beb3dfa098b47210 24e601d9abef4d3fbb83ce6802f1199c - - default default] 10.0.0.158 "DELETE /v2.0/subnets/228c630a-7185-4bdd-87cf-448463021e68 HTTP/1.1" status: 204 len: 168 time: 0.2647934
2026-06-02 13:30:33.700 9 INFO neutron.services.segments.plugin [-] Segment 35cfcc79-e118-49df-8dec-6e790c182422 resource provider aggregate not found
2026-06-02 13:30:33.705 9 INFO neutron.services.segments.plugin [-] Segment 35cfcc79-e118-49df-8dec-6e790c182422 resource provider aggregate not found
2026-06-02 13:30:33.722 9 INFO neutron.services.segments.plugin [-] Segment 35cfcc79-e118-49df-8dec-6e790c182422 resource provider not found; error: Placement Client Error (4xx): {"errors": [{"status": 404, "title": "Not Found", "detail": "The resource could not be found.\n\n No resource provider with uuid 35cfcc79-e118-49df-8dec-6e790c182422 found for delete ", "request_id": "req-4816f50a-3e36-4cd7-bc20-d5262f81daf5"}]}
2026-06-02 13:30:33.729 9 INFO neutron.services.segments.plugin [-] Segment 35cfcc79-e118-49df-8dec-6e790c182422 resource provider not found; error: Placement Client Error (4xx): {"errors": [{"status": 404, "title": "Not Found", "detail": "The resource could not be found.\n\n No resource provider with uuid 35cfcc79-e118-49df-8dec-6e790c182422 found for delete ", "request_id": "req-0a95526a-3776-48d4-a8fb-3b80de9a2fee"}]}
2026-06-02 13:30:33.752 9 INFO neutron.wsgi [None req-500ec9c9-4088-46c1-99e0-b4c4372dc271 1a5f2d1f251f4f16beb3dfa098b47210 24e601d9abef4d3fbb83ce6802f1199c - - default default] 10.0.0.158 "DELETE /v2.0/networks/33368017-cbe9-4eaa-80fe-c960749b938d HTTP/1.1" status: 204 len: 168 time: 0.3976653
2026-06-02 13:30:33.763 9 WARNING neutron_lib.context [None req-d1c5ce55-0f5e-4344-a957-872647c4b8b0 1a5f2d1f251f4f16beb3dfa098b47210 24e601d9abef4d3fbb83ce6802f1199c - - default default] Method 'is_advsvc' is deprecated since 2023.2 release (neutron-lib 3.8.0) and will be removed once support for the old RBAC API policies will be removed from Neutron. Please use method 'is_service_role' instead.
2026-06-02 13:30:33.839 9 INFO neutron.db.segments_db [None req-d1c5ce55-0f5e-4344-a957-872647c4b8b0 1a5f2d1f251f4f16beb3dfa098b47210 24e601d9abef4d3fbb83ce6802f1199c - - default default] Added segment fd04b8b6-8207-4027-b468-f04317f2d5b1 of type geneve for network 9b575208-a79f-47ee-9f4d-3cc67b3b8892
2026-06-02 13:30:33.971 9 INFO neutron.db.ovn_revision_numbers_db [None req-d1c5ce55-0f5e-4344-a957-872647c4b8b0 1a5f2d1f251f4f16beb3dfa098b47210 24e601d9abef4d3fbb83ce6802f1199c - - default default] Successfully bumped revision number for resource 9b575208-a79f-47ee-9f4d-3cc67b3b8892 (type: networks) to 1
2026-06-02 13:30:34.165 9 INFO neutron.db.ovn_revision_numbers_db [None req-b84a5956-967d-453f-91ad-2e02a9b830de 0c30a91d923b4e87880f8dd9b0a1c882 8d6c285c4463467bafa338385d9d119f - - default default] Successfully bumped revision number for resource d2416afd-16d0-48b2-8fba-e395834be59f (type: security_groups) to 1
2026-06-02 13:30:34.173 9 WARNING neutron.scheduler.dhcp_agent_scheduler [None req-d1c5ce55-0f5e-4344-a957-872647c4b8b0 1a5f2d1f251f4f16beb3dfa098b47210 24e601d9abef4d3fbb83ce6802f1199c - - default default] No more DHCP agents
2026-06-02 13:30:34.177 9 WARNING neutron.api.rpc.agentnotifiers.dhcp_rpc_agent_api [None req-d1c5ce55-0f5e-4344-a957-872647c4b8b0 1a5f2d1f251f4f16beb3dfa098b47210 24e601d9abef4d3fbb83ce6802f1199c - - default default] Unable to schedule network 9b575208-a79f-47ee-9f4d-3cc67b3b8892: no agents available; will retry on subsequent port and subnet creation events.
2026-06-02 13:30:34.186 9 INFO neutron.db.ovn_revision_numbers_db [None req-b84a5956-967d-453f-91ad-2e02a9b830de 0c30a91d923b4e87880f8dd9b0a1c882 8d6c285c4463467bafa338385d9d119f - - default default] Successfully bumped revision number for resource 1b601f27-6be5-4b14-a8d6-1266c91526a3 (type: security_group_rules) to 0
2026-06-02 13:30:34.201 9 WARNING neutron_lib.context [None req-1ae5f20b-5903-4701-be8c-b5147ddff150 4df823c4305e4b8db4ecceb052cf142c 5af5aa37bb9c47c0bb708e5778119e68 - - default default] Method 'is_advsvc' is deprecated since 2023.2 release (neutron-lib 3.8.0) and will be removed once support for the old RBAC API policies will be removed from Neutron. Please use method 'is_service_role' instead.
2026-06-02 13:30:34.221 9 INFO neutron.db.ovn_revision_numbers_db [None req-b84a5956-967d-453f-91ad-2e02a9b830de 0c30a91d923b4e87880f8dd9b0a1c882 8d6c285c4463467bafa338385d9d119f - - default default] Successfully bumped revision number for resource 36251016-1b7d-429b-a322-c303f9301180 (type: security_group_rules) to 0
2026-06-02 13:30:34.249 9 INFO neutron.db.ovn_revision_numbers_db [None req-b84a5956-967d-453f-91ad-2e02a9b830de 0c30a91d923b4e87880f8dd9b0a1c882 8d6c285c4463467bafa338385d9d119f - - default default] Successfully bumped revision number for resource 3db55c4b-b5fe-4264-8a0c-c013e2d96b9a (type: security_group_rules) to 0
2026-06-02 13:30:34.277 9 INFO neutron.db.ovn_revision_numbers_db [None req-b84a5956-967d-453f-91ad-2e02a9b830de 0c30a91d923b4e87880f8dd9b0a1c882 8d6c285c4463467bafa338385d9d119f - - default default] Successfully bumped revision number for resource 7fb94d9a-09d7-467c-a388-5e6ff5339edc (type: security_group_rules) to 0
2026-06-02 13:30:34.283 9 INFO neutron.db.ovn_revision_numbers_db [None req-d1c5ce55-0f5e-4344-a957-872647c4b8b0 1a5f2d1f251f4f16beb3dfa098b47210 24e601d9abef4d3fbb83ce6802f1199c - - default default] Successfully bumped revision number for resource 337fc8f6-a7ba-4ee4-9067-507aac26fcae (type: ports) to 1
2026-06-02 13:30:34.308 9 INFO neutron.wsgi [None req-b84a5956-967d-453f-91ad-2e02a9b830de 0c30a91d923b4e87880f8dd9b0a1c882 8d6c285c4463467bafa338385d9d119f - - default default] 10.0.0.158 "GET /v2.0/security-groups?tenant_id=9a41beecfd28480f80468508b14ba48e&name=default HTTP/1.1" status: 200 len: 2996 time: 0.4953101
2026-06-02 13:30:34.324 9 INFO neutron.wsgi [None req-d1c5ce55-0f5e-4344-a957-872647c4b8b0 1a5f2d1f251f4f16beb3dfa098b47210 24e601d9abef4d3fbb83ce6802f1199c - - default default] 10.0.0.158 "POST /v2.0/networks HTTP/1.1" status: 201 len: 829 time: 0.5656924
2026-06-02 13:30:34.335 9 WARNING neutron_lib.context [None req-56b5c6c9-8efe-4c9c-ae52-c881d384df8c 1a5f2d1f251f4f16beb3dfa098b47210 24e601d9abef4d3fbb83ce6802f1199c - - default default] Method 'is_advsvc' is deprecated since 2023.2 release (neutron-lib 3.8.0) and will be removed once support for the old RBAC API policies will be removed from Neutron. Please use method 'is_service_role' instead.
2026-06-02 13:30:34.585 9 INFO neutron.db.ovn_revision_numbers_db [None req-1ae5f20b-5903-4701-be8c-b5147ddff150 4df823c4305e4b8db4ecceb052cf142c 5af5aa37bb9c47c0bb708e5778119e68 - - default default] Successfully bumped revision number for resource 4b131808-3dc6-463c-b4ae-3764558333f0 (type: security_groups) to 1
2026-06-02 13:30:34.610 9 INFO neutron.db.ovn_revision_numbers_db [None req-1ae5f20b-5903-4701-be8c-b5147ddff150 4df823c4305e4b8db4ecceb052cf142c 5af5aa37bb9c47c0bb708e5778119e68 - - default default] Successfully bumped revision number for resource 1fdf269f-f59c-4e4c-86e8-fb5a96e80b58 (type: security_group_rules) to 0
2026-06-02 13:30:34.662 9 INFO neutron.db.ovn_revision_numbers_db [None req-1ae5f20b-5903-4701-be8c-b5147ddff150 4df823c4305e4b8db4ecceb052cf142c 5af5aa37bb9c47c0bb708e5778119e68 - - default default] Successfully bumped revision number for resource 64bf0d9e-d846-4ed2-9354-52d2b8675779 (type: security_group_rules) to 0
2026-06-02 13:30:34.679 9 INFO neutron.db.ovn_revision_numbers_db [None req-1ae5f20b-5903-4701-be8c-b5147ddff150 4df823c4305e4b8db4ecceb052cf142c 5af5aa37bb9c47c0bb708e5778119e68 - - default default] Successfully bumped revision number for resource 71fd511a-79da-4ffb-a296-8acb69d4b5ce (type: security_group_rules) to 0
2026-06-02 13:30:34.682 10 INFO neutron.wsgi [None req-74499288-e2bc-4c80-ad07-b6914401d1e1 0c30a91d923b4e87880f8dd9b0a1c882 8d6c285c4463467bafa338385d9d119f - - default default] 10.0.0.158 "DELETE /v2.0/security-groups/d2416afd-16d0-48b2-8fba-e395834be59f HTTP/1.1" status: 204 len: 168 time: 0.3611512
2026-06-02 13:30:34.702 9 INFO neutron.db.ovn_revision_numbers_db [None req-1ae5f20b-5903-4701-be8c-b5147ddff150 4df823c4305e4b8db4ecceb052cf142c 5af5aa37bb9c47c0bb708e5778119e68 - - default default] Successfully bumped revision number for resource f33dc1df-4974-4dc8-8c34-0574121139cd (type: security_group_rules) to 0
2026-06-02 13:30:34.762 9 WARNING neutron.scheduler.dhcp_agent_scheduler [None req-56b5c6c9-8efe-4c9c-ae52-c881d384df8c 1a5f2d1f251f4f16beb3dfa098b47210 24e601d9abef4d3fbb83ce6802f1199c - - default default] No more DHCP agents
2026-06-02 13:30:34.765 9 WARNING neutron.api.rpc.agentnotifiers.dhcp_rpc_agent_api [None req-56b5c6c9-8efe-4c9c-ae52-c881d384df8c 1a5f2d1f251f4f16beb3dfa098b47210 24e601d9abef4d3fbb83ce6802f1199c - - default default] Unable to schedule network 9b575208-a79f-47ee-9f4d-3cc67b3b8892: no agents available; will retry on subsequent port and subnet creation events.
2026-06-02 13:30:34.767 9 INFO neutron.db.segments_db [None req-1ae5f20b-5903-4701-be8c-b5147ddff150 4df823c4305e4b8db4ecceb052cf142c 5af5aa37bb9c47c0bb708e5778119e68 - - default default] Added segment 8c720773-488c-46a3-b105-ebc0e66f7ace of type geneve for network 44be883b-68d5-49b1-bec4-6fc1b9cd39d5
2026-06-02 13:30:34.883 9 WARNING neutron.plugins.ml2.drivers.ovn.mech_driver.ovsdb.ovn_client [None req-a75d0197-3311-46b9-a8ae-5e5b60bac344 - - - - - -] No port found with ID fc422aa5-60f2-4bd2-8e1c-9b6385cc26a0: RuntimeError: No port found with ID fc422aa5-60f2-4bd2-8e1c-9b6385cc26a0
2026-06-02 13:30:34.895 10 INFO neutron.db.ovn_revision_numbers_db [None req-1c1c2add-66b1-4544-b9dd-b0464ec2c462 0c30a91d923b4e87880f8dd9b0a1c882 8d6c285c4463467bafa338385d9d119f - - default default] Successfully bumped revision number for resource c9caed4e-d38b-4707-bd13-2fd428203180 (type: security_groups) to 1
2026-06-02 13:30:34.909 10 INFO neutron.db.ovn_revision_numbers_db [None req-1c1c2add-66b1-4544-b9dd-b0464ec2c462 0c30a91d923b4e87880f8dd9b0a1c882 8d6c285c4463467bafa338385d9d119f - - default default] Successfully bumped revision number for resource 0c1fb028-b004-425b-bf52-dd1a1a8f4737 (type: security_group_rules) to 0
2026-06-02 13:30:34.921 10 INFO neutron.db.ovn_revision_numbers_db [None req-1c1c2add-66b1-4544-b9dd-b0464ec2c462 0c30a91d923b4e87880f8dd9b0a1c882 8d6c285c4463467bafa338385d9d119f - - default default] Successfully bumped revision number for resource 64837b5e-1371-47b6-8743-d4a7e0ff87bb (type: security_group_rules) to 0
2026-06-02 13:30:34.936 10 INFO neutron.db.ovn_revision_numbers_db [None req-1c1c2add-66b1-4544-b9dd-b0464ec2c462 0c30a91d923b4e87880f8dd9b0a1c882 8d6c285c4463467bafa338385d9d119f - - default default] Successfully bumped revision number for resource a48bc14d-0050-49b8-86ae-d2b13cc8c820 (type: security_group_rules) to 0
2026-06-02 13:30:34.952 10 INFO neutron.db.ovn_revision_numbers_db [None req-1c1c2add-66b1-4544-b9dd-b0464ec2c462 0c30a91d923b4e87880f8dd9b0a1c882 8d6c285c4463467bafa338385d9d119f - - default default] Successfully bumped revision number for resource e4b33297-47af-4f58-838a-acc48163f457 (type: security_group_rules) to 0
2026-06-02 13:30:34.982 10 INFO neutron.wsgi [None req-1c1c2add-66b1-4544-b9dd-b0464ec2c462 0c30a91d923b4e87880f8dd9b0a1c882 8d6c285c4463467bafa338385d9d119f - - default default] 10.0.0.158 "GET /v2.0/security-groups?tenant_id=b7b4ee3c7415455ba4683356ec32f23a&name=default HTTP/1.1" status: 200 len: 2996 time: 0.2043691
2026-06-02 13:30:35.026 9 INFO neutron.db.ovn_revision_numbers_db [None req-1ae5f20b-5903-4701-be8c-b5147ddff150 4df823c4305e4b8db4ecceb052cf142c 5af5aa37bb9c47c0bb708e5778119e68 - - default default] Successfully bumped revision number for resource 44be883b-68d5-49b1-bec4-6fc1b9cd39d5 (type: networks) to 1
2026-06-02 13:30:35.202 10 INFO neutron.wsgi [None req-e98f08ae-6e7d-4334-892c-9809d1c68fae 0c30a91d923b4e87880f8dd9b0a1c882 8d6c285c4463467bafa338385d9d119f - - default default] 10.0.0.158 "DELETE /v2.0/security-groups/c9caed4e-d38b-4707-bd13-2fd428203180 HTTP/1.1" status: 204 len: 168 time: 0.2135675
2026-06-02 13:30:35.260 9 WARNING neutron.scheduler.dhcp_agent_scheduler [None req-1ae5f20b-5903-4701-be8c-b5147ddff150 4df823c4305e4b8db4ecceb052cf142c 5af5aa37bb9c47c0bb708e5778119e68 - - default default] No more DHCP agents
2026-06-02 13:30:35.262 9 WARNING neutron.api.rpc.agentnotifiers.dhcp_rpc_agent_api [None req-1ae5f20b-5903-4701-be8c-b5147ddff150 4df823c4305e4b8db4ecceb052cf142c 5af5aa37bb9c47c0bb708e5778119e68 - - default default] Unable to schedule network 44be883b-68d5-49b1-bec4-6fc1b9cd39d5: no agents available; will retry on subsequent port and subnet creation events.
2026-06-02 13:30:35.401 9 INFO neutron.db.ovn_revision_numbers_db [None req-1ae5f20b-5903-4701-be8c-b5147ddff150 4df823c4305e4b8db4ecceb052cf142c 5af5aa37bb9c47c0bb708e5778119e68 - - default default] Successfully bumped revision number for resource 07e59db4-56ac-480f-8e15-358fa26cf532 (type: ports) to 1
2026-06-02 13:30:35.437 9 INFO neutron.wsgi [None req-1ae5f20b-5903-4701-be8c-b5147ddff150 4df823c4305e4b8db4ecceb052cf142c 5af5aa37bb9c47c0bb708e5778119e68 - - default default] 10.0.0.158 "POST /v2.0/networks HTTP/1.1" status: 201 len: 831 time: 1.3900695
2026-06-02 13:30:35.450 10 WARNING neutron_lib.context [None req-cb8592ac-9d75-4f33-a68c-461e045405d6 4df823c4305e4b8db4ecceb052cf142c 5af5aa37bb9c47c0bb708e5778119e68 - - default default] Method 'is_advsvc' is deprecated since 2023.2 release (neutron-lib 3.8.0) and will be removed once support for the old RBAC API policies will be removed from Neutron. Please use method 'is_service_role' instead.
2026-06-02 13:30:35.511 9 INFO neutron.db.ovn_revision_numbers_db [None req-56b5c6c9-8efe-4c9c-ae52-c881d384df8c 1a5f2d1f251f4f16beb3dfa098b47210 24e601d9abef4d3fbb83ce6802f1199c - - default default] Successfully bumped revision number for resource 337fc8f6-a7ba-4ee4-9067-507aac26fcae (type: ports) to 2
2026-06-02 13:30:35.553 9 INFO neutron.db.ovn_revision_numbers_db [None req-56b5c6c9-8efe-4c9c-ae52-c881d384df8c 1a5f2d1f251f4f16beb3dfa098b47210 24e601d9abef4d3fbb83ce6802f1199c - - default default] Successfully bumped revision number for resource f3441893-b076-41f2-82b9-481b18636ff1 (type: subnets) to 0
2026-06-02 13:30:35.569 9 INFO neutron.wsgi [None req-56b5c6c9-8efe-4c9c-ae52-c881d384df8c 1a5f2d1f251f4f16beb3dfa098b47210 24e601d9abef4d3fbb83ce6802f1199c - - default default] 10.0.0.158 "POST /v2.0/subnets HTTP/1.1" status: 201 len: 801 time: 1.2395732 /var/lib/openstack/lib/python3.10/site-packages/pycadf/identifier.py:71: UserWarning: Invalid uuid: neutron. To ensure interoperability, identifiers should be a valid uuid. warnings.warn(('Invalid uuid: %s. To ensure interoperability, '
2026-06-02 13:30:35.587 9 WARNING neutron_lib.context [None req-891fb536-68c2-4f70-b3df-dc06992c4bfc 1a5f2d1f251f4f16beb3dfa098b47210 24e601d9abef4d3fbb83ce6802f1199c - - default default] Method 'is_advsvc' is deprecated since 2023.2 release (neutron-lib 3.8.0) and will be removed once support for the old RBAC API policies will be removed from Neutron. Please use method 'is_service_role' instead.
2026-06-02 13:30:35.683 10 WARNING neutron.scheduler.dhcp_agent_scheduler [None req-cb8592ac-9d75-4f33-a68c-461e045405d6 4df823c4305e4b8db4ecceb052cf142c 5af5aa37bb9c47c0bb708e5778119e68 - - default default] No more DHCP agents
2026-06-02 13:30:35.687 10 WARNING neutron.api.rpc.agentnotifiers.dhcp_rpc_agent_api [None req-cb8592ac-9d75-4f33-a68c-461e045405d6 4df823c4305e4b8db4ecceb052cf142c 5af5aa37bb9c47c0bb708e5778119e68 - - default default] Unable to schedule network 44be883b-68d5-49b1-bec4-6fc1b9cd39d5: no agents available; will retry on subsequent port and subnet creation events.
2026-06-02 13:30:35.736 9 INFO neutron.db.ovn_revision_numbers_db [None req-891fb536-68c2-4f70-b3df-dc06992c4bfc 1a5f2d1f251f4f16beb3dfa098b47210 24e601d9abef4d3fbb83ce6802f1199c - - default default] Successfully bumped revision number for resource 642d3529-b68c-4665-a5a9-09dc06577a5f (type: routers) to 1
2026-06-02 13:30:35.751 9 INFO neutron.wsgi [None req-891fb536-68c2-4f70-b3df-dc06992c4bfc 1a5f2d1f251f4f16beb3dfa098b47210 24e601d9abef4d3fbb83ce6802f1199c - - default default] 10.0.0.158 "POST /v2.0/routers HTTP/1.1" status: 201 len: 686 time: 0.1730745
2026-06-02 13:30:36.185 10 INFO neutron.db.ovn_revision_numbers_db [None req-cb8592ac-9d75-4f33-a68c-461e045405d6 4df823c4305e4b8db4ecceb052cf142c 5af5aa37bb9c47c0bb708e5778119e68 - - default default] Successfully bumped revision number for resource 07e59db4-56ac-480f-8e15-358fa26cf532 (type: ports) to 2
2026-06-02 13:30:36.240 10 INFO neutron.db.ovn_revision_numbers_db [None req-cb8592ac-9d75-4f33-a68c-461e045405d6 4df823c4305e4b8db4ecceb052cf142c 5af5aa37bb9c47c0bb708e5778119e68 - - default default] Successfully bumped revision number for resource 117558af-f8d4-4b29-b6c6-fab2ebc38704 (type: subnets) to 0
2026-06-02 13:30:36.263 10 INFO neutron.wsgi [None req-cb8592ac-9d75-4f33-a68c-461e045405d6 4df823c4305e4b8db4ecceb052cf142c 5af5aa37bb9c47c0bb708e5778119e68 - - default default] 10.0.0.158 "POST /v2.0/subnets HTTP/1.1" status: 201 len: 801 time: 0.8210185
